2024-04-25T00:22:57.489 INFO:teuthology.orchestra.run.smithi032.stdout:/usr/bin/ceph: stderr
2024-04-25T00:22:53.724+0000 7ffb4353d700 1 -- 172.21.15.32:0/4166933318 --> [v2:172.21.15.32:3300/0,v1:172.21.15.32:6789/0] -- mon_subscribe({osdmap=0}) -- 0x7ffb3c19eff0 con 0x7ffb3c108720
2024-04-25T00:22:57.489 INFO:teuthology.orchestra.run.smithi032.stdout:/usr/bin/ceph: stderr
2024-04-25T00:22:53.724+0000 7ffb327fc700 1 -- 172.21.15.32:0/4166933318 <== mon.0 v2:172.21.15.32:3300/0 4 ==== mgrmap(e 1) ==== 807+0+0 (secure 0 0 0) 0x7ffb3801ac00 con 0x7ffb3c108720
2024-04-25T00:22:57.489 INFO:teuthology.orchestra.run.smithi032.stdout:/usr/bin/ceph: stderr
2024-04-25T00:22:53.724+0000 7ffb327fc700 1 -- 172.21.15.32:0/4166933318 <== mon.0 v2:172.21.15.32:3300/0 5 ==== osd_map(1..1 src has 1..1) ==== 725+0+0 (secure 0 0 0) 0x7ffb38019700 con 0x7ffb3c108720
2024-04-25T00:22:57.489 INFO:teuthology.orchestra.run.smithi032.stdout:/usr/bin/ceph: stderr
2024-04-25T00:22:53.724+0000 7ffb4353d700 1 -- 172.21.15.32:0/4166933318 --> [v2:172.21.15.32:3300/0,v1:172.21.15.32:6789/0] -- mon_command({"prefix": "get_command_descriptions"} v 0) -- 0x7ffb3c063890 con 0x7ffb3c108720
2024-04-25T00:22:57.489 INFO:teuthology.orchestra.run.smithi032.stdout:/usr/bin/ceph: stderr
2024-04-25T00:22:53.727+0000 7ffb327fc700 1 -- 172.21.15.32:0/4166933318 <== mon.0 v2:172.21.15.32:3300/0 6 ==== mon_command_ack([{"prefix": "get_command_descriptions"}]=0 v0) ==== 72+0+73141 (secure 0 0 0) 0x7ffb38003b60 con 0x7ffb3c108720
2024-04-25T00:22:57.489 INFO:teuthology.orchestra.run.smithi032.stdout:/usr/bin/ceph: stderr
2024-04-25T00:22:53.800+0000 7ffb4353d700 1 -- 172.21.15.32:0/4166933318 --> [v2:172.21.15.32:3300/0,v1:172.21.15.32:6789/0] -- mon_command({"prefix": "status", "format": "json-pretty"} v 0) -- 0x7ffb3c19f1c0 con 0x7ffb3c108720
2024-04-25T00:22:57.489 INFO:teuthology.orchestra.run.smithi032.stdout:/usr/bin/ceph: stderr
2024-04-25T00:22:53.800+0000 7ffb327fc700 1 -- 172.21.15.32:0/4166933318 <== mon.0 v2:172.21.15.32:3300/0 7 ==== mon_command_ack([{"prefix": "status", "format": "json-pretty"}]=0 v0) ==== 79+0+1239 (secure 0 0 0) 0x7ffb3c19f1c0 con 0x7ffb3c108720
2024-04-25T00:22:57.489 INFO:teuthology.orchestra.run.smithi032.stdout:/usr/bin/ceph: stderr
2024-04-25T00:22:53.801+0000 7ffb4353d700 1 -- 172.21.15.32:0/4166933318 >> [v2:172.21.15.32:3300/0,v1:172.21.15.32:6789/0] conn(0x7ffb3c108720 msgr2=0x7ffb3c19bb30 secure :-1 s=STATE_CONNECTION_ESTABLISHED l=1).mark_down
2024-04-25T00:22:57.489 INFO:teuthology.orchestra.run.smithi032.stdout:/usr/bin/ceph: stderr
2024-04-25T00:22:53.801+0000 7ffb4353d700 1 --2- 172.21.15.32:0/4166933318 >> [v2:172.21.15.32:3300/0,v1:172.21.15.32:6789/0] conn(0x7ffb3c108720 0x7ffb3c19bb30 secure :-1 s=READY pgs=6 cs=0 l=1 rev1=1 crypto rx=0x7ffb38011670 tx=0x7ffb38011b60 comp rx=0 tx=0).stop
2024-04-25T00:22:57.489 INFO:teuthology.orchestra.run.smithi032.stdout:/usr/bin/ceph: stderr
2024-04-25T00:22:53.801+0000 7ffb4353d700 1 -- 172.21.15.32:0/4166933318 shutdown_connections
2024-04-25T00:22:57.490 INFO:teuthology.orchestra.run.smithi032.stdout:/usr/bin/ceph: stderr
2024-04-25T00:22:53.801+0000 7ffb4353d700 1 --2- 172.21.15.32:0/4166933318 >> [v2:172.21.15.32:3300/0,v1:172.21.15.32:6789/0] conn(0x7ffb3c108720 0x7ffb3c19bb30 unknown :-1 s=CLOSED pgs=6 cs=0 l=1 rev1=1 crypto rx=0 tx=0 comp rx=0 tx=0).stop
2024-04-25T00:22:57.490 INFO:teuthology.orchestra.run.smithi032.stdout:/usr/bin/ceph: stderr
2024-04-25T00:22:53.801+0000 7ffb4353d700 1 -- 172.21.15.32:0/4166933318 >> 172.21.15.32:0/4166933318 conn(0x7ffb3c1020d0 msgr2=0x7ffb3c102b70 unknown :-1 s=STATE_NONE l=0).mark_down
2024-04-25T00:22:57.490 INFO:teuthology.orchestra.run.smithi032.stdout:/usr/bin/ceph: stderr
2024-04-25T00:22:53.802+0000 7ffb4353d700 1 -- 172.21.15.32:0/4166933318 shutdown_connections
2024-04-25T00:22:57.490 INFO:teuthology.orchestra.run.smithi032.stdout:/usr/bin/ceph: stderr
2024-04-25T00:22:53.802+0000 7ffb4353d700 1 -- 172.21.15.32:0/4166933318 wait complete.
2024-04-25T00:22:57.490 INFO:teuthology.orchestra.run.smithi032.stdout:mgr not available, waiting (1/15)...
2024-04-25T00:22:57.748 INFO:journalctl@ceph.mgr.x.smithi032.stdout:Apr 25 00:22:57 smithi032 ceph-cb997156-0299-11ef-bc93-c7b262605968-mgr-x[29591]:
2024-04-25T00:22:57.586+0000 7f7d4190b200 -1 mgr[py] Module volumes has missing NOTIFY_TYPES member
2024-04-25T00:22:57.748 INFO:journalctl@ceph.mgr.x.smithi032.stdout:Apr 25 00:22:57 smithi032 ceph-cb997156-0299-11ef-bc93-c7b262605968-mgr-x[29591]:
2024-04-25T00:22:57.687+0000 7f7d4190b200 -1 mgr[py] Module crash has missing NOTIFY_TYPES member
2024-04-25T00:22:58.248 INFO:journalctl@ceph.mgr.x.smithi032.stdout:Apr 25 00:22:57 smithi032 ceph-cb997156-0299-11ef-bc93-c7b262605968-mgr-x[29591]:
2024-04-25T00:22:57.895+0000 7f7d4190b200 -1 mgr[py] Module rgw has missing NOTIFY_TYPES member
2024-04-25T00:22:58.748 INFO:journalctl@ceph.mgr.x.smithi032.stdout:Apr 25 00:22:58 smithi032 ceph-cb997156-0299-11ef-bc93-c7b262605968-mgr-x[29591]:
2024-04-25T00:22:58.440+0000 7f7d4190b200 -1 mgr[py] Module prometheus has missing NOTIFY_TYPES member
2024-04-25T00:22:58.748 INFO:journalctl@ceph.mgr.x.smithi032.stdout:Apr 25 00:22:58 smithi032 ceph-cb997156-0299-11ef-bc93-c7b262605968-mgr-x[29591]:
2024-04-25T00:22:58.535+0000 7f7d4190b200 -1 mgr[py] Module devicehealth has missing NOTIFY_TYPES member
2024-04-25T00:22:59.148 INFO:journalctl@ceph.mgr.x.smithi032.stdout:Apr 25 00:22:58 smithi032 ceph-cb997156-0299-11ef-bc93-c7b262605968-mgr-x[29591]:
2024-04-25T00:22:58.789+0000 7f7d4190b200 -1 mgr[py] Module telemetry has missing NOTIFY_TYPES member
2024-04-25T00:22:59.148 INFO:journalctl@ceph.mgr.x.smithi032.stdout:Apr 25 00:22:58 smithi032 ceph-cb997156-0299-11ef-bc93-c7b262605968-mgr-x[29591]:
2024-04-25T00:22:58.928+0000 7f7d4190b200 -1 mgr[py] Module diskprediction_local has missing NOTIFY_TYPES member
2024-04-25T00:22:59.148 INFO:journalctl@ceph.mgr.x.smithi032.stdout:Apr 25 00:22:59 smithi032 ceph-cb997156-0299-11ef-bc93-c7b262605968-mgr-x[29591]:
2024-04-25T00:22:59.027+0000 7f7d4190b200 -1 mgr[py] Module osd_perf_query has missing NOTIFY_TYPES member
2024-04-25T00:22:59.148 INFO:journalctl@ceph.mgr.x.smithi032.stdout:Apr 25 00:22:59 smithi032 ceph-cb997156-0299-11ef-bc93-c7b262605968-mgr-x[29591]:
2024-04-25T00:22:59.147+0000 7f7d4190b200 -1 mgr[py] Module rbd_support has missing NOTIFY_TYPES member
2024-04-25T00:22:59.498 INFO:journalctl@ceph.mgr.x.smithi032.stdout:Apr 25 00:22:59 smithi032 ceph-cb997156-0299-11ef-bc93-c7b262605968-mgr-x[29591]:
2024-04-25T00:22:59.242+0000 7f7d4190b200 -1 mgr[py] Module zabbix has missing NOTIFY_TYPES member
2024-04-25T00:23:00.371 INFO:journalctl@ceph.mgr.x.smithi032.stdout:Apr 25 00:23:00 smithi032 ceph-cb997156-0299-11ef-bc93-c7b262605968-mgr-x[29591]:
2024-04-25T00:23:00.095+0000 7f7d4190b200 -1 mgr[py] Module status has missing NOTIFY_TYPES member
2024-04-25T00:23:00.372 INFO:journalctl@ceph.mgr.x.smithi032.stdout:Apr 25 00:23:00 smithi032 ceph-cb997156-0299-11ef-bc93-c7b262605968-mgr-x[29591]:
2024-04-25T00:23:00.318+0000 7f7d4190b200 -1 mgr[py] Module nfs has missing NOTIFY_TYPES member
2024-04-25T00:23:00.748 INFO:journalctl@ceph.mon.a.smithi032.stdout:Apr 25 00:23:00 smithi032 ceph-mon[29357]: Activating manager daemon x
2024-04-25T00:23:00.748 INFO:journalctl@ceph.mon.a.smithi032.stdout:Apr 25 00:23:00 smithi032 ceph-mon[29357]: mgrmap e2: x(active, starting, since 0.00334884s)
2024-04-25T00:23:00.748 INFO:journalctl@ceph.mon.a.smithi032.stdout:Apr 25 00:23:00 smithi032 ceph-mon[29357]: from='mgr.14100 172.21.15.32:0/1098972696' entity='mgr.x' cmd=[{"prefix": "mds metadata"}]: dispatch
2024-04-25T00:23:00.748 INFO:journalctl@ceph.mon.a.smithi032.stdout:Apr 25 00:23:00 smithi032 ceph-mon[29357]: from='mgr.14100 172.21.15.32:0/1098972696' entity='mgr.x' cmd=[{"prefix": "osd metadata"}]: dispatch
2024-04-25T00:23:00.749 INFO:journalctl@ceph.mon.a.smithi032.stdout:Apr 25 00:23:00 smithi032 ceph-mon[29357]: from='mgr.14100 172.21.15.32:0/1098972696' entity='mgr.x' cmd=[{"prefix": "mon metadata"}]: dispatch
2024-04-25T00:23:00.749 INFO:journalctl@ceph.mon.a.smithi032.stdout:Apr 25 00:23:00 smithi032 ceph-mon[29357]: from='mgr.14100 172.21.15.32:0/1098972696' entity='mgr.x' cmd=[{"prefix": "mon metadata", "id": "a"}]: dispatch
2024-04-25T00:23:00.749 INFO:journalctl@ceph.mon.a.smithi032.stdout:Apr 25 00:23:00 smithi032 ceph-mon[29357]: from='mgr.14100 172.21.15.32:0/1098972696' entity='mgr.x' cmd=[{"prefix": "mgr metadata", "who": "x", "id": "x"}]: dispatch
2024-04-25T00:23:00.749 INFO:journalctl@ceph.mon.a.smithi032.stdout:Apr 25 00:23:00 smithi032 ceph-mon[29357]: Manager daemon x is now available
2024-04-25T00:23:00.749 INFO:journalctl@ceph.mon.a.smithi032.stdout:Apr 25 00:23:00 smithi032 ceph-mon[29357]: from='mgr.14100 172.21.15.32:0/1098972696' entity='mgr.x' cmd=[{"prefix":"config rm","who":"mgr","name":"mgr/rbd_support/x/mirror_snapshot_schedule"}]: dispatch
2024-04-25T00:23:00.749 INFO:journalctl@ceph.mon.a.smithi032.stdout:Apr 25 00:23:00 smithi032 ceph-mon[29357]: from='mgr.14100 172.21.15.32:0/1098972696' entity='mgr.x' cmd=[{"prefix":"config rm","who":"mgr","name":"mgr/rbd_support/x/trash_purge_schedule"}]: dispatch
2024-04-25T00:23:00.749 INFO:journalctl@ceph.mon.a.smithi032.stdout:Apr 25 00:23:00 smithi032 ceph-mon[29357]: from='mgr.14100 172.21.15.32:0/1098972696' entity='mgr.x'
2024-04-25T00:23:00.749 INFO:journalctl@ceph.mon.a.smithi032.stdout:Apr 25 00:23:00 smithi032 ceph-mon[29357]: from='mgr.14100 172.21.15.32:0/1098972696' entity='mgr.x'
2024-04-25T00:23:00.749 INFO:journalctl@ceph.mon.a.smithi032.stdout:Apr 25 00:23:00 smithi032 ceph-mon[29357]: from='mgr.14100 172.21.15.32:0/1098972696' entity='mgr.x'
2024-04-25T00:23:02.748 INFO:journalctl@ceph.mon.a.smithi032.stdout:Apr 25 00:23:02 smithi032 ceph-mon[29357]: mgrmap e3: x(active, since 1.00745s)
2024-04-25T00:23:03.748 INFO:journalctl@ceph.mon.a.smithi032.stdout:Apr 25 00:23:03 smithi032 ceph-mon[29357]: mgrmap e4: x(active, since 2s)
2024-04-25T00:23:03.748 INFO:journalctl@ceph.mon.a.smithi032.stdout:Apr 25 00:23:03 smithi032 ceph-mon[29357]: from='client.? 172.21.15.32:0/1573564542' entity='client.admin' cmd=[{"prefix": "status", "format": "json-pretty"}]: dispatch
2024-04-25T00:23:05.505 INFO:teuthology.orchestra.run.smithi032.stdout:/usr/bin/ceph: stdout
2024-04-25T00:23:05.505 INFO:teuthology.orchestra.run.smithi032.stdout:/usr/bin/ceph: stdout {
2024-04-25T00:23:05.505 INFO:teuthology.orchestra.run.smithi032.stdout:/usr/bin/ceph: stdout "fsid": "cb997156-0299-11ef-bc93-c7b262605968",
2024-04-25T00:23:05.505 INFO:teuthology.orchestra.run.smithi032.stdout:/usr/bin/ceph: stdout "health": {
2024-04-25T00:23:05.505 INFO:teuthology.orchestra.run.smithi032.stdout:/usr/bin/ceph: stdout "status": "HEALTH_OK",
2024-04-25T00:23:05.505 INFO:teuthology.orchestra.run.smithi032.stdout:/usr/bin/ceph: stdout "checks": {},
2024-04-25T00:23:05.505 INFO:teuthology.orchestra.run.smithi032.stdout:/usr/bin/ceph: stdout "mutes": []
2024-04-25T00:23:05.505 INFO:teuthology.orchestra.run.smithi032.stdout:/usr/bin/ceph: stdout },
2024-04-25T00:23:05.505 INFO:teuthology.orchestra.run.smithi032.stdout:/usr/bin/ceph: stdout "election_epoch": 5,
2024-04-25T00:23:05.505 INFO:teuthology.orchestra.run.smithi032.stdout:/usr/bin/ceph: stdout "quorum": [
2024-04-25T00:23:05.506 INFO:teuthology.orchestra.run.smithi032.stdout:/usr/bin/ceph: stdout 0
2024-04-25T00:23:05.506 INFO:teuthology.orchestra.run.smithi032.stdout:/usr/bin/ceph: stdout ],
2024-04-25T00:23:05.506 INFO:teuthology.orchestra.run.smithi032.stdout:/usr/bin/ceph: stdout "quorum_names": [
2024-04-25T00:23:05.506 INFO:teuthology.orchestra.run.smithi032.stdout:/usr/bin/ceph: stdout "a"
2024-04-25T00:23:05.506 INFO:teuthology.orchestra.run.smithi032.stdout:/usr/bin/ceph: stdout ],
2024-04-25T00:23:05.506 INFO:teuthology.orchestra.run.smithi032.stdout:/usr/bin/ceph: stdout "quorum_age": 11,
2024-04-25T00:23:05.506 INFO:teuthology.orchestra.run.smithi032.stdout:/usr/bin/ceph: stdout "monmap": {
2024-04-25T00:23:05.506 INFO:teuthology.orchestra.run.smithi032.stdout:/usr/bin/ceph: stdout "epoch": 1,
2024-04-25T00:23:05.506 INFO:teuthology.orchestra.run.smithi032.stdout:/usr/bin/ceph: stdout "min_mon_release_name": "squid",
2024-04-25T00:23:05.506 INFO:teuthology.orchestra.run.smithi032.stdout:/usr/bin/ceph: stdout "num_mons": 1
2024-04-25T00:23:05.506 INFO:teuthology.orchestra.run.smithi032.stdout:/usr/bin/ceph: stdout },
2024-04-25T00:23:05.506 INFO:teuthology.orchestra.run.smithi032.stdout:/usr/bin/ceph: stdout "osdmap": {
2024-04-25T00:23:05.506 INFO:teuthology.orchestra.run.smithi032.stdout:/usr/bin/ceph: stdout "epoch": 1,
2024-04-25T00:23:05.506 INFO:teuthology.orchestra.run.smithi032.stdout:/usr/bin/ceph: stdout "num_osds": 0,
2024-04-25T00:23:05.507 INFO:teuthology.orchestra.run.smithi032.stdout:/usr/bin/ceph: stdout "num_up_osds": 0,
2024-04-25T00:23:05.507 INFO:teuthology.orchestra.run.smithi032.stdout:/usr/bin/ceph: stdout "osd_up_since": 0,
2024-04-25T00:23:05.507 INFO:teuthology.orchestra.run.smithi032.stdout:/usr/bin/ceph: stdout "num_in_osds": 0,
2024-04-25T00:23:05.507 INFO:teuthology.orchestra.run.smithi032.stdout:/usr/bin/ceph: stdout "osd_in_since": 0,
2024-04-25T00:23:05.507 INFO:teuthology.orchestra.run.smithi032.stdout:/usr/bin/ceph: stdout "num_remapped_pgs": 0
2024-04-25T00:23:05.507 INFO:teuthology.orchestra.run.smithi032.stdout:/usr/bin/ceph: stdout },
2024-04-25T00:23:05.507 INFO:teuthology.orchestra.run.smithi032.stdout:/usr/bin/ceph: stdout "pgmap": {
2024-04-25T00:23:05.507 INFO:teuthology.orchestra.run.smithi032.stdout:/usr/bin/ceph: stdout "pgs_by_state": [],
2024-04-25T00:23:05.507 INFO:teuthology.orchestra.run.smithi032.stdout:/usr/bin/ceph: stdout "num_pgs": 0,
2024-04-25T00:23:05.507 INFO:teuthology.orchestra.run.smithi032.stdout:/usr/bin/ceph: stdout "num_pools": 0,
2024-04-25T00:23:05.507 INFO:teuthology.orchestra.run.smithi032.stdout:/usr/bin/ceph: stdout "num_objects": 0,
2024-04-25T00:23:05.507 INFO:teuthology.orchestra.run.smithi032.stdout:/usr/bin/ceph: stdout "data_bytes": 0,
2024-04-25T00:23:05.507 INFO:teuthology.orchestra.run.smithi032.stdout:/usr/bin/ceph: stdout "bytes_used": 0,
2024-04-25T00:23:05.507 INFO:teuthology.orchestra.run.smithi032.stdout:/usr/bin/ceph: stdout "bytes_avail": 0,
2024-04-25T00:23:05.508 INFO:teuthology.orchestra.run.smithi032.stdout:/usr/bin/ceph: stdout "bytes_total": 0
2024-04-25T00:23:05.508 INFO:teuthology.orchestra.run.smithi032.stdout:/usr/bin/ceph: stdout },
2024-04-25T00:23:05.508 INFO:teuthology.orchestra.run.smithi032.stdout:/usr/bin/ceph: stdout "fsmap": {
2024-04-25T00:23:05.508 INFO:teuthology.orchestra.run.smithi032.stdout:/usr/bin/ceph: stdout "epoch": 1,
2024-04-25T00:23:05.508 INFO:teuthology.orchestra.run.smithi032.stdout:/usr/bin/ceph: stdout "by_rank": [],
2024-04-25T00:23:05.508 INFO:teuthology.orchestra.run.smithi032.stdout:/usr/bin/ceph: stdout "up:standby": 0
2024-04-25T00:23:05.508 INFO:teuthology.orchestra.run.smithi032.stdout:/usr/bin/ceph: stdout },
2024-04-25T00:23:05.508 INFO:teuthology.orchestra.run.smithi032.stdout:/usr/bin/ceph: stdout "mgrmap": {
2024-04-25T00:23:05.508 INFO:teuthology.orchestra.run.smithi032.stdout:/usr/bin/ceph: stdout "available": true,
2024-04-25T00:23:05.508 INFO:teuthology.orchestra.run.smithi032.stdout:/usr/bin/ceph: stdout "num_standbys": 0,
2024-04-25T00:23:05.508 INFO:teuthology.orchestra.run.smithi032.stdout:/usr/bin/ceph: stdout "modules": [
2024-04-25T00:23:05.508 INFO:teuthology.orchestra.run.smithi032.stdout:/usr/bin/ceph: stdout "iostat",
2024-04-25T00:23:05.508 INFO:teuthology.orchestra.run.smithi032.stdout:/usr/bin/ceph: stdout "nfs",
2024-04-25T00:23:05.508 INFO:teuthology.orchestra.run.smithi032.stdout:/usr/bin/ceph: stdout "restful"
2024-04-25T00:23:05.508 INFO:teuthology.orchestra.run.smithi032.stdout:/usr/bin/ceph: stdout ],
2024-04-25T00:23:05.509 INFO:teuthology.orchestra.run.smithi032.stdout:/usr/bin/ceph: stdout "services": {}
2024-04-25T00:23:05.509 INFO:teuthology.orchestra.run.smithi032.stdout:/usr/bin/ceph: stdout },
2024-04-25T00:23:05.509 INFO:teuthology.orchestra.run.smithi032.stdout:/usr/bin/ceph: stdout "servicemap": {
2024-04-25T00:23:05.509 INFO:teuthology.orchestra.run.smithi032.stdout:/usr/bin/ceph: stdout "epoch": 1,
2024-04-25T00:23:05.509 INFO:teuthology.orchestra.run.smithi032.stdout:/usr/bin/ceph: stdout "modified": "2024-04-25T00:22:46.105890+0000",
2024-04-25T00:23:05.509 INFO:teuthology.orchestra.run.smithi032.stdout:/usr/bin/ceph: stdout "services": {}
2024-04-25T00:23:05.509 INFO:teuthology.orchestra.run.smithi032.stdout:/usr/bin/ceph: stdout },
2024-04-25T00:23:05.509 INFO:teuthology.orchestra.run.smithi032.stdout:/usr/bin/ceph: stdout "progress_events": {}
2024-04-25T00:23:05.509 INFO:teuthology.orchestra.run.smithi032.stdout:/usr/bin/ceph: stdout }
2024-04-25T00:23:05.509 INFO:teuthology.orchestra.run.smithi032.stdout:/usr/bin/ceph: stderr
2024-04-25T00:23:02.541+0000 7f19b3ebb700 1 Processor -- start
2024-04-25T00:23:05.509 INFO:teuthology.orchestra.run.smithi032.stdout:/usr/bin/ceph: stderr
2024-04-25T00:23:02.541+0000 7f19b3ebb700 1 -- start start
2024-04-25T00:23:05.509 INFO:teuthology.orchestra.run.smithi032.stdout:/usr/bin/ceph: stderr
2024-04-25T00:23:02.541+0000 7f19b3ebb700 1 --2- >> [v2:172.21.15.32:3300/0,v1:172.21.15.32:6789/0] conn(0x7f19ac106490 0x7f19ac1068b0 unknown :-1 s=NONE pgs=0 cs=0 l=0 rev1=0 crypto rx=0 tx=0 comp rx=0 tx=0).connect
2024-04-25T00:23:05.509 INFO:teuthology.orchestra.run.smithi032.stdout:/usr/bin/ceph: stderr
2024-04-25T00:23:02.541+0000 7f19b3ebb700 1 -- --> [v2:172.21.15.32:3300/0,v1:172.21.15.32:6789/0] -- mon_getmap magic: 0 -- 0x7f19ac07be50 con 0x7f19ac106490
2024-04-25T00:23:05.509 INFO:teuthology.orchestra.run.smithi032.stdout:/usr/bin/ceph: stderr
2024-04-25T00:23:02.541+0000 7f19b1c57700 1 --2- >> [v2:172.21.15.32:3300/0,v1:172.21.15.32:6789/0] conn(0x7f19ac106490 0x7f19ac1068b0 unknown :-1 s=BANNER_CONNECTING pgs=0 cs=0 l=0 rev1=0 crypto rx=0 tx=0 comp rx=0 tx=0)._handle_peer_banner_payload supported=3 required=0
2024-04-25T00:23:05.510 INFO:teuthology.orchestra.run.smithi032.stdout:/usr/bin/ceph: stderr
2024-04-25T00:23:02.541+0000 7f19b1c57700 1 --2- >> [v2:172.21.15.32:3300/0,v1:172.21.15.32:6789/0] conn(0x7f19ac106490 0x7f19ac1068b0 unknown :-1 s=HELLO_CONNECTING pgs=0 cs=0 l=0 rev1=1 crypto rx=0 tx=0 comp rx=0 tx=0).handle_hello peer v2:172.21.15.32:3300/0 says I am v2:172.21.15.32:51914/0 (socket says 172.21.15.32:51914)
2024-04-25T00:23:05.510 INFO:teuthology.orchestra.run.smithi032.stdout:/usr/bin/ceph: stderr
2024-04-25T00:23:02.541+0000 7f19b1c57700 1 -- 172.21.15.32:0/1021717015 learned_addr learned my addr 172.21.15.32:0/1021717015 (peer_addr_for_me v2:172.21.15.32:0/0)
2024-04-25T00:23:05.510 INFO:teuthology.orchestra.run.smithi032.stdout:/usr/bin/ceph: stderr
2024-04-25T00:23:02.542+0000 7f19b1c57700 1 -- 172.21.15.32:0/1021717015 --> [v2:172.21.15.32:3300/0,v1:172.21.15.32:6789/0] -- mon_subscribe({config=0+,monmap=0+}) -- 0x7f19ac106df0 con 0x7f19ac106490
2024-04-25T00:23:05.510 INFO:teuthology.orchestra.run.smithi032.stdout:/usr/bin/ceph: stderr
2024-04-25T00:23:02.542+0000 7f19b1c57700 1 --2- 172.21.15.32:0/1021717015 >> [v2:172.21.15.32:3300/0,v1:172.21.15.32:6789/0] conn(0x7f19ac106490 0x7f19ac1068b0 secure :-1 s=READY pgs=14 cs=0 l=1 rev1=1 crypto rx=0x7f19a80098a0 tx=0x7f19a8009bb0 comp rx=0 tx=0).ready entity=mon.0 client_cookie=57bb97015a80cb86 server_cookie=0 in_seq=0 out_seq=0
2024-04-25T00:23:05.510 INFO:teuthology.orchestra.run.smithi032.stdout:/usr/bin/ceph: stderr
2024-04-25T00:23:02.542+0000 7f19b0c55700 1 -- 172.21.15.32:0/1021717015 <== mon.0 v2:172.21.15.32:3300/0 1 ==== mon_map magic: 0 ==== 205+0+0 (secure 0 0 0) 0x7f19a8004160 con 0x7f19ac106490
2024-04-25T00:23:05.510 INFO:teuthology.orchestra.run.smithi032.stdout:/usr/bin/ceph: stderr
2024-04-25T00:23:02.542+0000 7f19b0c55700 1 -- 172.21.15.32:0/1021717015 <== mon.0 v2:172.21.15.32:3300/0 2 ==== config(27 keys) ==== 1109+0+0 (secure 0 0 0) 0x7f19a8004300 con 0x7f19ac106490
2024-04-25T00:23:05.510 INFO:teuthology.orchestra.run.smithi032.stdout:/usr/bin/ceph: stderr
2024-04-25T00:23:02.542+0000 7f19b0c55700 1 -- 172.21.15.32:0/1021717015 <== mon.0 v2:172.21.15.32:3300/0 3 ==== mon_map magic: 0 ==== 205+0+0 (secure 0 0 0) 0x7f19a8011b50 con 0x7f19ac106490
2024-04-25T00:23:05.510 INFO:teuthology.orchestra.run.smithi032.stdout:/usr/bin/ceph: stderr
2024-04-25T00:23:02.542+0000 7f19b3ebb700 1 -- 172.21.15.32:0/1021717015 >> [v2:172.21.15.32:3300/0,v1:172.21.15.32:6789/0] conn(0x7f19ac106490 msgr2=0x7f19ac1068b0 secure :-1 s=STATE_CONNECTION_ESTABLISHED l=1).mark_down
2024-04-25T00:23:05.510 INFO:teuthology.orchestra.run.smithi032.stdout:/usr/bin/ceph: stderr
2024-04-25T00:23:02.542+0000 7f19b3ebb700 1 --2- 172.21.15.32:0/1021717015 >> [v2:172.21.15.32:3300/0,v1:172.21.15.32:6789/0] conn(0x7f19ac106490 0x7f19ac1068b0 secure :-1 s=READY pgs=14 cs=0 l=1 rev1=1 crypto rx=0x7f19a80098a0 tx=0x7f19a8009bb0 comp rx=0 tx=0).stop
2024-04-25T00:23:05.510 INFO:teuthology.orchestra.run.smithi032.stdout:/usr/bin/ceph: stderr
2024-04-25T00:23:02.542+0000 7f19b3ebb700 1 -- 172.21.15.32:0/1021717015 shutdown_connections
2024-04-25T00:23:05.510 INFO:teuthology.orchestra.run.smithi032.stdout:/usr/bin/ceph: stderr
2024-04-25T00:23:02.542+0000 7f19b3ebb700 1 --2- 172.21.15.32:0/1021717015 >> [v2:172.21.15.32:3300/0,v1:172.21.15.32:6789/0] conn(0x7f19ac106490 0x7f19ac1068b0 unknown :-1 s=CLOSED pgs=14 cs=0 l=1 rev1=1 crypto rx=0 tx=0 comp rx=0 tx=0).stop
2024-04-25T00:23:05.510 INFO:teuthology.orchestra.run.smithi032.stdout:/usr/bin/ceph: stderr
2024-04-25T00:23:02.542+0000 7f19b3ebb700 1 -- 172.21.15.32:0/1021717015 >> 172.21.15.32:0/1021717015 conn(0x7f19ac102070 msgr2=0x7f19ac104490 unknown :-1 s=STATE_NONE l=0).mark_down
2024-04-25T00:23:05.510 INFO:teuthology.orchestra.run.smithi032.stdout:/usr/bin/ceph: stderr
2024-04-25T00:23:02.543+0000 7f19b3ebb700 1 -- 172.21.15.32:0/1021717015 shutdown_connections
2024-04-25T00:23:05.510 INFO:teuthology.orchestra.run.smithi032.stdout:/usr/bin/ceph: stderr
2024-04-25T00:23:02.543+0000 7f19b3ebb700 1 -- 172.21.15.32:0/1021717015 wait complete.
2024-04-25T00:23:05.511 INFO:teuthology.orchestra.run.smithi032.stdout:/usr/bin/ceph: stderr
2024-04-25T00:23:02.543+0000 7f19b3ebb700 1 Processor -- start
2024-04-25T00:23:05.511 INFO:teuthology.orchestra.run.smithi032.stdout:/usr/bin/ceph: stderr
2024-04-25T00:23:02.543+0000 7f19b3ebb700 1 -- start start
2024-04-25T00:23:05.511 INFO:teuthology.orchestra.run.smithi032.stdout:/usr/bin/ceph: stderr
2024-04-25T00:23:02.543+0000 7f19b3ebb700 1 --2- >> [v2:172.21.15.32:3300/0,v1:172.21.15.32:6789/0] conn(0x7f19ac106490 0x7f19ac19dd60 unknown :-1 s=NONE pgs=0 cs=0 l=1 rev1=0 crypto rx=0 tx=0 comp rx=0 tx=0).connect
2024-04-25T00:23:05.511 INFO:teuthology.orchestra.run.smithi032.stdout:/usr/bin/ceph: stderr
2024-04-25T00:23:02.544+0000 7f19b3ebb700 1 -- --> [v2:172.21.15.32:3300/0,v1:172.21.15.32:6789/0] -- mon_getmap magic: 0 -- 0x7f19ac107e80 con 0x7f19ac106490
2024-04-25T00:23:05.511 INFO:teuthology.orchestra.run.smithi032.stdout:/usr/bin/ceph: stderr
2024-04-25T00:23:02.544+0000 7f19b1c57700 1 --2- >> [v2:172.21.15.32:3300/0,v1:172.21.15.32:6789/0] conn(0x7f19ac106490 0x7f19ac19dd60 unknown :-1 s=BANNER_CONNECTING pgs=0 cs=0 l=1 rev1=0 crypto rx=0 tx=0 comp rx=0 tx=0)._handle_peer_banner_payload supported=3 required=0
2024-04-25T00:23:05.511 INFO:teuthology.orchestra.run.smithi032.stdout:/usr/bin/ceph: stderr
2024-04-25T00:23:02.544+0000 7f19b1c57700 1 --2- >> [v2:172.21.15.32:3300/0,v1:172.21.15.32:6789/0] conn(0x7f19ac106490 0x7f19ac19dd60 unknown :-1 s=HELLO_CONNECTING pgs=0 cs=0 l=1 rev1=1 crypto rx=0 tx=0 comp rx=0 tx=0).handle_hello peer v2:172.21.15.32:3300/0 says I am v2:172.21.15.32:51928/0 (socket says 172.21.15.32:51928)
2024-04-25T00:23:05.511 INFO:teuthology.orchestra.run.smithi032.stdout:/usr/bin/ceph: stderr
2024-04-25T00:23:02.544+0000 7f19b1c57700 1 -- 172.21.15.32:0/1573564542 learned_addr learned my addr 172.21.15.32:0/1573564542 (peer_addr_for_me v2:172.21.15.32:0/0)
2024-04-25T00:23:05.511 INFO:teuthology.orchestra.run.smithi032.stdout:/usr/bin/ceph: stderr
2024-04-25T00:23:02.544+0000 7f19b1c57700 1 -- 172.21.15.32:0/1573564542 --> [v2:172.21.15.32:3300/0,v1:172.21.15.32:6789/0] -- mon_subscribe({config=0+,monmap=0+}) -- 0x7f19ac19e2a0 con 0x7f19ac106490
2024-04-25T00:23:05.511 INFO:teuthology.orchestra.run.smithi032.stdout:/usr/bin/ceph: stderr
2024-04-25T00:23:02.544+0000 7f19b1c57700 1 --2- 172.21.15.32:0/1573564542 >> [v2:172.21.15.32:3300/0,v1:172.21.15.32:6789/0] conn(0x7f19ac106490 0x7f19ac19dd60 secure :-1 s=READY pgs=15 cs=0 l=1 rev1=1 crypto rx=0x7f19a8011670 tx=0x7f19a8011b60 comp rx=0 tx=0).ready entity=mon.0 client_cookie=0 server_cookie=0 in_seq=0 out_seq=0
2024-04-25T00:23:05.511 INFO:teuthology.orchestra.run.smithi032.stdout:/usr/bin/ceph: stderr
2024-04-25T00:23:02.544+0000 7f19a2ffd700 1 -- 172.21.15.32:0/1573564542 <== mon.0 v2:172.21.15.32:3300/0 1 ==== mon_map magic: 0 ==== 205+0+0 (secure 0 0 0) 0x7f19a80039c0 con 0x7f19ac106490
2024-04-25T00:23:05.511 INFO:teuthology.orchestra.run.smithi032.stdout:/usr/bin/ceph: stderr
2024-04-25T00:23:02.544+0000 7f19a2ffd700 1 -- 172.21.15.32:0/1573564542 <== mon.0 v2:172.21.15.32:3300/0 2 ==== config(27 keys) ==== 1109+0+0 (secure 0 0 0) 0x7f19a8011e50 con 0x7f19ac106490
2024-04-25T00:23:05.511 INFO:teuthology.orchestra.run.smithi032.stdout:/usr/bin/ceph: stderr
2024-04-25T00:23:02.544+0000 7f19b3ebb700 1 -- 172.21.15.32:0/1573564542 --> [v2:172.21.15.32:3300/0,v1:172.21.15.32:6789/0] -- mon_subscribe({mgrmap=0+}) -- 0x7f19ac19e530 con 0x7f19ac106490
2024-04-25T00:23:05.511 INFO:teuthology.orchestra.run.smithi032.stdout:/usr/bin/ceph: stderr
2024-04-25T00:23:02.544+0000 7f19a2ffd700 1 -- 172.21.15.32:0/1573564542 <== mon.0 v2:172.21.15.32:3300/0 3 ==== mon_map magic: 0 ==== 205+0+0 (secure 0 0 0) 0x7f19a801a5c0 con 0x7f19ac106490
2024-04-25T00:23:05.511 INFO:teuthology.orchestra.run.smithi032.stdout:/usr/bin/ceph: stderr
2024-04-25T00:23:02.544+0000 7f19b3ebb700 1 -- 172.21.15.32:0/1573564542 --> [v2:172.21.15.32:3300/0,v1:172.21.15.32:6789/0] -- mon_subscribe({osdmap=0}) -- 0x7f19ac1a1220 con 0x7f19ac106490
2024-04-25T00:23:05.512 INFO:teuthology.orchestra.run.smithi032.stdout:/usr/bin/ceph: stderr
2024-04-25T00:23:02.545+0000 7f19a2ffd700 1 -- 172.21.15.32:0/1573564542 <== mon.0 v2:172.21.15.32:3300/0 4 ==== mgrmap(e 4) ==== 46276+0+0 (secure 0 0 0) 0x7f19a801a8c0 con 0x7f19ac106490
2024-04-25T00:23:05.512 INFO:teuthology.orchestra.run.smithi032.stdout:/usr/bin/ceph: stderr
2024-04-25T00:23:02.545+0000 7f19a2ffd700 1 --2- 172.21.15.32:0/1573564542 >> [v2:172.21.15.32:6800/1637256323,v1:172.21.15.32:6801/1637256323] conn(0x7f1998038fb0 0x7f199803b470 unknown :-1 s=NONE pgs=0 cs=0 l=1 rev1=0 crypto rx=0 tx=0 comp rx=0 tx=0).connect
2024-04-25T00:23:05.512 INFO:teuthology.orchestra.run.smithi032.stdout:/usr/bin/ceph: stderr
2024-04-25T00:23:02.545+0000 7f19a2ffd700 1 -- 172.21.15.32:0/1573564542 <== mon.0 v2:172.21.15.32:3300/0 5 ==== osd_map(1..1 src has 1..1) ==== 725+0+0 (secure 0 0 0) 0x7f19a804d480 con 0x7f19ac106490
2024-04-25T00:23:05.512 INFO:teuthology.orchestra.run.smithi032.stdout:/usr/bin/ceph: stderr
2024-04-25T00:23:02.545+0000 7f19b3ebb700 1 -- 172.21.15.32:0/1573564542 --> [v2:172.21.15.32:3300/0,v1:172.21.15.32:6789/0] -- mon_command({"prefix": "get_command_descriptions"} v 0) -- 0x7f19ac063890 con 0x7f19ac106490
2024-04-25T00:23:05.512 INFO:teuthology.orchestra.run.smithi032.stdout:/usr/bin/ceph: stderr
2024-04-25T00:23:02.545+0000 7f19b1456700 1 --2- 172.21.15.32:0/1573564542 >> [v2:172.21.15.32:6800/1637256323,v1:172.21.15.32:6801/1637256323] conn(0x7f1998038fb0 0x7f199803b470 unknown :-1 s=BANNER_CONNECTING pgs=0 cs=0 l=1 rev1=0 crypto rx=0 tx=0 comp rx=0 tx=0)._handle_peer_banner_payload supported=3 required=0
2024-04-25T00:23:05.512 INFO:teuthology.orchestra.run.smithi032.stdout:/usr/bin/ceph: stderr
2024-04-25T00:23:02.546+0000 7f19b1456700 1 --2- 172.21.15.32:0/1573564542 >> [v2:172.21.15.32:6800/1637256323,v1:172.21.15.32:6801/1637256323] conn(0x7f1998038fb0 0x7f199803b470 secure :-1 s=READY pgs=6 cs=0 l=1 rev1=1 crypto rx=0x7f199c006fd0 tx=0x7f199c006e40 comp rx=0 tx=0).ready entity=mgr.14100 client_cookie=0 server_cookie=0 in_seq=0 out_seq=0
2024-04-25T00:23:05.512 INFO:teuthology.orchestra.run.smithi032.stdout:/usr/bin/ceph: stderr
2024-04-25T00:23:02.551+0000 7f19a2ffd700 1 -- 172.21.15.32:0/1573564542 <== mon.0 v2:172.21.15.32:3300/0 6 ==== mon_command_ack([{"prefix": "get_command_descriptions"}]=0 v0) ==== 72+0+186147 (secure 0 0 0) 0x7f19a8019c70 con 0x7f19ac106490
2024-04-25T00:23:05.512 INFO:teuthology.orchestra.run.smithi032.stdout:/usr/bin/ceph: stderr
2024-04-25T00:23:02.841+0000 7f19b3ebb700 1 -- 172.21.15.32:0/1573564542 --> [v2:172.21.15.32:3300/0,v1:172.21.15.32:6789/0] -- mon_command({"prefix": "status", "format": "json-pretty"} v 0) -- 0x7f19ac02dd30 con 0x7f19ac106490
2024-04-25T00:23:05.512 INFO:teuthology.orchestra.run.smithi032.stdout:/usr/bin/ceph: stderr
2024-04-25T00:23:02.842+0000 7f19a2ffd700 1 -- 172.21.15.32:0/1573564542 <== mon.0 v2:172.21.15.32:3300/0 7 ==== mon_command_ack([{"prefix": "status", "format": "json-pretty"}]=0 v0) ==== 79+0+1239 (secure 0 0 0) 0x7f19a8032030 con 0x7f19ac106490
2024-04-25T00:23:05.512 INFO:teuthology.orchestra.run.smithi032.stdout:/usr/bin/ceph: stderr
2024-04-25T00:23:02.844+0000 7f19b3ebb700 1 -- 172.21.15.32:0/1573564542 >> [v2:172.21.15.32:6800/1637256323,v1:172.21.15.32:6801/1637256323] conn(0x7f1998038fb0 msgr2=0x7f199803b470 secure :-1 s=STATE_CONNECTION_ESTABLISHED l=1).mark_down
2024-04-25T00:23:05.512 INFO:teuthology.orchestra.run.smithi032.stdout:/usr/bin/ceph: stderr
2024-04-25T00:23:02.844+0000 7f19b3ebb700 1 --2- 172.21.15.32:0/1573564542 >> [v2:172.21.15.32:6800/1637256323,v1:172.21.15.32:6801/1637256323] conn(0x7f1998038fb0 0x7f199803b470 secure :-1 s=READY pgs=6 cs=0 l=1 rev1=1 crypto rx=0x7f199c006fd0 tx=0x7f199c006e40 comp rx=0 tx=0).stop
2024-04-25T00:23:05.512 INFO:teuthology.orchestra.run.smithi032.stdout:/usr/bin/ceph: stderr
2024-04-25T00:23:02.844+0000 7f19b3ebb700 1 -- 172.21.15.32:0/1573564542 >> [v2:172.21.15.32:3300/0,v1:172.21.15.32:6789/0] conn(0x7f19ac106490 msgr2=0x7f19ac19dd60 secure :-1 s=STATE_CONNECTION_ESTABLISHED l=1).mark_down
2024-04-25T00:23:05.512 INFO:teuthology.orchestra.run.smithi032.stdout:/usr/bin/ceph: stderr
2024-04-25T00:23:02.844+0000 7f19b3ebb700 1 --2- 172.21.15.32:0/1573564542 >> [v2:172.21.15.32:3300/0,v1:172.21.15.32:6789/0] conn(0x7f19ac106490 0x7f19ac19dd60 secure :-1 s=READY pgs=15 cs=0 l=1 rev1=1 crypto rx=0x7f19a8011670 tx=0x7f19a8011b60 comp rx=0 tx=0).stop
2024-04-25T00:23:05.512 INFO:teuthology.orchestra.run.smithi032.stdout:/usr/bin/ceph: stderr
2024-04-25T00:23:02.844+0000 7f19b3ebb700 1 -- 172.21.15.32:0/1573564542 shutdown_connections
2024-04-25T00:23:05.513 INFO:teuthology.orchestra.run.smithi032.stdout:/usr/bin/ceph: stderr
2024-04-25T00:23:02.844+0000 7f19b3ebb700 1 --2- 172.21.15.32:0/1573564542 >> [v2:172.21.15.32:6800/1637256323,v1:172.21.15.32:6801/1637256323] conn(0x7f1998038fb0 0x7f199803b470 unknown :-1 s=CLOSED pgs=6 cs=0 l=1 rev1=1 crypto rx=0 tx=0 comp rx=0 tx=0).stop
2024-04-25T00:23:05.513 INFO:teuthology.orchestra.run.smithi032.stdout:/usr/bin/ceph: stderr
2024-04-25T00:23:02.844+0000 7f19b3ebb700 1 --2- 172.21.15.32:0/1573564542 >> [v2:172.21.15.32:3300/0,v1:172.21.15.32:6789/0] conn(0x7f19ac106490 0x7f19ac19dd60 unknown :-1 s=CLOSED pgs=15 cs=0 l=1 rev1=1 crypto rx=0 tx=0 comp rx=0 tx=0).stop
2024-04-25T00:23:05.513 INFO:teuthology.orchestra.run.smithi032.stdout:/usr/bin/ceph: stderr
2024-04-25T00:23:02.844+0000 7f19b3ebb700 1 -- 172.21.15.32:0/1573564542 >> 172.21.15.32:0/1573564542 conn(0x7f19ac102070 msgr2=0x7f19ac194940 unknown :-1 s=STATE_NONE l=0).mark_down
2024-04-25T00:23:05.513 INFO:teuthology.orchestra.run.smithi032.stdout:/usr/bin/ceph: stderr
2024-04-25T00:23:02.844+0000 7f19b3ebb700 1 -- 172.21.15.32:0/1573564542 shutdown_connections
2024-04-25T00:23:05.513 INFO:teuthology.orchestra.run.smithi032.stdout:/usr/bin/ceph: stderr
2024-04-25T00:23:02.844+0000 7f19b3ebb700 1 -- 172.21.15.32:0/1573564542 wait complete.
2024-04-25T00:23:05.513 INFO:teuthology.orchestra.run.smithi032.stdout:mgr is available
2024-04-25T00:23:06.498 INFO:journalctl@ceph.mon.a.smithi032.stdout:Apr 25 00:23:06 smithi032 ceph-mon[29357]: from='client.? 172.21.15.32:0/1172794532' entity='client.admin' cmd=[{"prefix": "config assimilate-conf"}]: dispatch
2024-04-25T00:23:06.789 INFO:teuthology.orchestra.run.smithi032.stdout:/usr/bin/ceph: stdout
2024-04-25T00:23:06.789 INFO:teuthology.orchestra.run.smithi032.stdout:/usr/bin/ceph: stdout [global]
2024-04-25T00:23:06.790 INFO:teuthology.orchestra.run.smithi032.stdout:/usr/bin/ceph: stdout fsid = cb997156-0299-11ef-bc93-c7b262605968
2024-04-25T00:23:06.790 INFO:teuthology.orchestra.run.smithi032.stdout:/usr/bin/ceph: stdout mon_osd_allow_pg_remap = true
2024-04-25T00:23:06.790 INFO:teuthology.orchestra.run.smithi032.stdout:/usr/bin/ceph: stdout mon_osd_allow_primary_affinity = true
2024-04-25T00:23:06.790 INFO:teuthology.orchestra.run.smithi032.stdout:/usr/bin/ceph: stdout mon_warn_on_no_sortbitwise = false
2024-04-25T00:23:06.790 INFO:teuthology.orchestra.run.smithi032.stdout:/usr/bin/ceph: stdout osd_crush_chooseleaf_type = 0
2024-04-25T00:23:06.790 INFO:teuthology.orchestra.run.smithi032.stdout:/usr/bin/ceph: stdout
2024-04-25T00:23:06.790 INFO:teuthology.orchestra.run.smithi032.stdout:/usr/bin/ceph: stdout [mgr]
2024-04-25T00:23:06.790 INFO:teuthology.orchestra.run.smithi032.stdout:/usr/bin/ceph: stdout mgr/telemetry/nag = false
2024-04-25T00:23:06.790 INFO:teuthology.orchestra.run.smithi032.stdout:/usr/bin/ceph: stdout
2024-04-25T00:23:06.790 INFO:teuthology.orchestra.run.smithi032.stdout:/usr/bin/ceph: stdout [osd]
2024-04-25T00:23:06.790 INFO:teuthology.orchestra.run.smithi032.stdout:/usr/bin/ceph: stdout mon_osd_backfillfull_ratio = 0.85
2024-04-25T00:23:06.790 INFO:teuthology.orchestra.run.smithi032.stdout:/usr/bin/ceph: stdout mon_osd_full_ratio = 0.9
2024-04-25T00:23:06.790 INFO:teuthology.orchestra.run.smithi032.stdout:/usr/bin/ceph: stdout mon_osd_nearfull_ratio = 0.8
2024-04-25T00:23:06.790 INFO:teuthology.orchestra.run.smithi032.stdout:/usr/bin/ceph: stdout osd_map_max_advance = 10
2024-04-25T00:23:06.791 INFO:teuthology.orchestra.run.smithi032.stdout:/usr/bin/ceph: stdout osd_sloppy_crc = true
2024-04-25T00:23:06.791 INFO:teuthology.orchestra.run.smithi032.stdout:/usr/bin/ceph: stderr
2024-04-25T00:23:05.971+0000 7f37ac42f700 1 Processor -- start
2024-04-25T00:23:06.791 INFO:teuthology.orchestra.run.smithi032.stdout:/usr/bin/ceph: stderr
2024-04-25T00:23:05.972+0000 7f37ac42f700 1 -- start start
2024-04-25T00:23:06.791 INFO:teuthology.orchestra.run.smithi032.stdout:/usr/bin/ceph: stderr
2024-04-25T00:23:05.972+0000 7f37ac42f700 1 --2- >> [v2:172.21.15.32:3300/0,v1:172.21.15.32:6789/0] conn(0x7f37a4108650 0x7f37a410aa40 unknown :-1 s=NONE pgs=0 cs=0 l=0 rev1=0 crypto rx=0 tx=0 comp rx=0 tx=0).connect
2024-04-25T00:23:06.791 INFO:teuthology.orchestra.run.smithi032.stdout:/usr/bin/ceph: stderr
2024-04-25T00:23:05.972+0000 7f37ac42f700 1 -- --> [v2:172.21.15.32:3300/0,v1:172.21.15.32:6789/0] -- mon_getmap magic: 0 -- 0x7f37a407bed0 con 0x7f37a4108650
2024-04-25T00:23:06.791 INFO:teuthology.orchestra.run.smithi032.stdout:/usr/bin/ceph: stderr
2024-04-25T00:23:05.972+0000 7f37aa1cb700 1 --2- >> [v2:172.21.15.32:3300/0,v1:172.21.15.32:6789/0] conn(0x7f37a4108650 0x7f37a410aa40 unknown :-1 s=BANNER_CONNECTING pgs=0 cs=0 l=0 rev1=0 crypto rx=0 tx=0 comp rx=0 tx=0)._handle_peer_banner_payload supported=3 required=0
2024-04-25T00:23:06.791 INFO:teuthology.orchestra.run.smithi032.stdout:/usr/bin/ceph: stderr
2024-04-25T00:23:05.972+0000 7f37aa1cb700 1 --2- >> [v2:172.21.15.32:3300/0,v1:172.21.15.32:6789/0] conn(0x7f37a4108650 0x7f37a410aa40 unknown :-1 s=HELLO_CONNECTING pgs=0 cs=0 l=0 rev1=1 crypto rx=0 tx=0 comp rx=0 tx=0).handle_hello peer v2:172.21.15.32:3300/0 says I am v2:172.21.15.32:51934/0 (socket says 172.21.15.32:51934)
2024-04-25T00:23:06.791 INFO:teuthology.orchestra.run.smithi032.stdout:/usr/bin/ceph: stderr
2024-04-25T00:23:05.972+0000 7f37aa1cb700 1 -- 172.21.15.32:0/1152253177 learned_addr learned my addr 172.21.15.32:0/1152253177 (peer_addr_for_me v2:172.21.15.32:0/0)
2024-04-25T00:23:06.791 INFO:teuthology.orchestra.run.smithi032.stdout:/usr/bin/ceph: stderr
2024-04-25T00:23:05.972+0000 7f37aa1cb700 1 -- 172.21.15.32:0/1152253177 --> [v2:172.21.15.32:3300/0,v1:172.21.15.32:6789/0] -- mon_subscribe({config=0+,monmap=0+}) -- 0x7f37a410af80 con 0x7f37a4108650
2024-04-25T00:23:06.791 INFO:teuthology.orchestra.run.smithi032.stdout:/usr/bin/ceph: stderr
2024-04-25T00:23:05.973+0000 7f37aa1cb700 1 --2- 172.21.15.32:0/1152253177 >> [v2:172.21.15.32:3300/0,v1:172.21.15.32:6789/0] conn(0x7f37a4108650 0x7f37a410aa40 secure :-1 s=READY pgs=16 cs=0 l=1 rev1=1 crypto rx=0x7f37a00098a0 tx=0x7f37a0009bb0 comp rx=0 tx=0).ready entity=mon.0 client_cookie=853ec3d4225c6b80 server_cookie=0 in_seq=0 out_seq=0
2024-04-25T00:23:06.791 INFO:teuthology.orchestra.run.smithi032.stdout:/usr/bin/ceph: stderr
2024-04-25T00:23:05.973+0000 7f37a91c9700 1 -- 172.21.15.32:0/1152253177 <== mon.0 v2:172.21.15.32:3300/0 1 ==== mon_map magic: 0 ==== 205+0+0 (secure 0 0 0) 0x7f37a0004160 con 0x7f37a4108650
2024-04-25T00:23:06.791 INFO:teuthology.orchestra.run.smithi032.stdout:/usr/bin/ceph: stderr
2024-04-25T00:23:05.973+0000 7f37a91c9700 1 -- 172.21.15.32:0/1152253177 <== mon.0 v2:172.21.15.32:3300/0 2 ==== config(27 keys) ==== 1109+0+0 (secure 0 0 0) 0x7f37a0004300 con 0x7f37a4108650
2024-04-25T00:23:06.792 INFO:teuthology.orchestra.run.smithi032.stdout:/usr/bin/ceph: stderr
2024-04-25T00:23:05.973+0000 7f37a91c9700 1 -- 172.21.15.32:0/1152253177 <== mon.0 v2:172.21.15.32:3300/0 3 ==== mon_map magic: 0 ==== 205+0+0 (secure 0 0 0) 0x7f37a0011b50 con 0x7f37a4108650
2024-04-25T00:23:06.792 INFO:teuthology.orchestra.run.smithi032.stdout:/usr/bin/ceph: stderr
2024-04-25T00:23:05.974+0000 7f37ac42f700 1 -- 172.21.15.32:0/1152253177 >> [v2:172.21.15.32:3300/0,v1:172.21.15.32:6789/0] conn(0x7f37a4108650 msgr2=0x7f37a410aa40 secure :-1 s=STATE_CONNECTION_ESTABLISHED l=1).mark_down
2024-04-25T00:23:06.792 INFO:teuthology.orchestra.run.smithi032.stdout:/usr/bin/ceph: stderr
2024-04-25T00:23:05.974+0000 7f37ac42f700 1 --2- 172.21.15.32:0/1152253177 >> [v2:172.21.15.32:3300/0,v1:172.21.15.32:6789/0] conn(0x7f37a4108650 0x7f37a410aa40 secure :-1 s=READY pgs=16 cs=0 l=1 rev1=1 crypto rx=0x7f37a00098a0 tx=0x7f37a0009bb0 comp rx=0 tx=0).stop
2024-04-25T00:23:06.792 INFO:teuthology.orchestra.run.smithi032.stdout:/usr/bin/ceph: stderr
2024-04-25T00:23:05.974+0000 7f37ac42f700 1 -- 172.21.15.32:0/1152253177 shutdown_connections
2024-04-25T00:23:06.792 INFO:teuthology.orchestra.run.smithi032.stdout:/usr/bin/ceph: stderr
2024-04-25T00:23:05.974+0000 7f37ac42f700 1 --2- 172.21.15.32:0/1152253177 >> [v2:172.21.15.32:3300/0,v1:172.21.15.32:6789/0] conn(0x7f37a4108650 0x7f37a410aa40 unknown :-1 s=CLOSED pgs=16 cs=0 l=1 rev1=1 crypto rx=0 tx=0 comp rx=0 tx=0).stop
2024-04-25T00:23:06.792 INFO:teuthology.orchestra.run.smithi032.stdout:/usr/bin/ceph: stderr
2024-04-25T00:23:05.974+0000 7f37ac42f700 1 -- 172.21.15.32:0/1152253177 >> 172.21.15.32:0/1152253177 conn(0x7f37a41020a0 msgr2=0x7f37a41044c0 unknown :-1 s=STATE_NONE l=0).mark_down
2024-04-25T00:23:06.792 INFO:teuthology.orchestra.run.smithi032.stdout:/usr/bin/ceph: stderr
2024-04-25T00:23:05.974+0000 7f37ac42f700 1 -- 172.21.15.32:0/1152253177 shutdown_connections
2024-04-25T00:23:06.792 INFO:teuthology.orchestra.run.smithi032.stdout:/usr/bin/ceph: stderr
2024-04-25T00:23:05.974+0000 7f37ac42f700 1 -- 172.21.15.32:0/1152253177 wait complete.
2024-04-25T00:23:06.792 INFO:teuthology.orchestra.run.smithi032.stdout:/usr/bin/ceph: stderr
2024-04-25T00:23:05.974+0000 7f37ac42f700 1 Processor -- start
2024-04-25T00:23:06.792 INFO:teuthology.orchestra.run.smithi032.stdout:/usr/bin/ceph: stderr
2024-04-25T00:23:05.974+0000 7f37ac42f700 1 -- start start
2024-04-25T00:23:06.792 INFO:teuthology.orchestra.run.smithi032.stdout:/usr/bin/ceph: stderr
2024-04-25T00:23:05.975+0000 7f37ac42f700 1 --2- >> [v2:172.21.15.32:3300/0,v1:172.21.15.32:6789/0] conn(0x7f37a4108650 0x7f37a4107ed0 unknown :-1 s=NONE pgs=0 cs=0 l=1 rev1=0 crypto rx=0 tx=0 comp rx=0 tx=0).connect
2024-04-25T00:23:06.792 INFO:teuthology.orchestra.run.smithi032.stdout:/usr/bin/ceph: stderr
2024-04-25T00:23:05.975+0000 7f37ac42f700 1 -- --> [v2:172.21.15.32:3300/0,v1:172.21.15.32:6789/0] -- mon_getmap magic: 0 -- 0x7f37a410bfb0 con 0x7f37a4108650
2024-04-25T00:23:06.792 INFO:teuthology.orchestra.run.smithi032.stdout:/usr/bin/ceph: stderr
2024-04-25T00:23:05.975+0000 7f37aa1cb700 1 --2- >> [v2:172.21.15.32:3300/0,v1:172.21.15.32:6789/0] conn(0x7f37a4108650 0x7f37a4107ed0 unknown :-1 s=BANNER_CONNECTING pgs=0 cs=0 l=1 rev1=0 crypto rx=0 tx=0 comp rx=0 tx=0)._handle_peer_banner_payload supported=3 required=0
2024-04-25T00:23:06.793 INFO:teuthology.orchestra.run.smithi032.stdout:/usr/bin/ceph: stderr
2024-04-25T00:23:05.975+0000 7f37aa1cb700 1 --2- >> [v2:172.21.15.32:3300/0,v1:172.21.15.32:6789/0] conn(0x7f37a4108650 0x7f37a4107ed0 unknown :-1 s=HELLO_CONNECTING pgs=0 cs=0 l=1 rev1=1 crypto rx=0 tx=0 comp rx=0 tx=0).handle_hello peer v2:172.21.15.32:3300/0 says I am v2:172.21.15.32:51946/0 (socket says 172.21.15.32:51946)
2024-04-25T00:23:06.793 INFO:teuthology.orchestra.run.smithi032.stdout:/usr/bin/ceph: stderr
2024-04-25T00:23:05.975+0000 7f37aa1cb700 1 -- 172.21.15.32:0/1172794532 learned_addr learned my addr 172.21.15.32:0/1172794532 (peer_addr_for_me v2:172.21.15.32:0/0)
2024-04-25T00:23:06.793 INFO:teuthology.orchestra.run.smithi032.stdout:/usr/bin/ceph: stderr
2024-04-25T00:23:05.975+0000 7f37aa1cb700 1 -- 172.21.15.32:0/1172794532 --> [v2:172.21.15.32:3300/0,v1:172.21.15.32:6789/0] -- mon_subscribe({config=0+,monmap=0+}) -- 0x7f37a4108410 con 0x7f37a4108650
2024-04-25T00:23:06.793 INFO:teuthology.orchestra.run.smithi032.stdout:/usr/bin/ceph: stderr
2024-04-25T00:23:05.975+0000 7f37aa1cb700 1 --2- 172.21.15.32:0/1172794532 >> [v2:172.21.15.32:3300/0,v1:172.21.15.32:6789/0] conn(0x7f37a4108650 0x7f37a4107ed0 secure :-1 s=READY pgs=17 cs=0 l=1 rev1=1 crypto rx=0x7f37a0011b60 tx=0x7f37a0011c40 comp rx=0 tx=0).ready entity=mon.0 client_cookie=0 server_cookie=0 in_seq=0 out_seq=0
2024-04-25T00:23:06.793 INFO:teuthology.orchestra.run.smithi032.stdout:/usr/bin/ceph: stderr
2024-04-25T00:23:05.975+0000 7f379b7fe700 1 -- 172.21.15.32:0/1172794532 <== mon.0 v2:172.21.15.32:3300/0 1 ==== mon_map magic: 0 ==== 205+0+0 (secure 0 0 0) 0x7f37a0003b20 con 0x7f37a4108650
2024-04-25T00:23:06.793 INFO:teuthology.orchestra.run.smithi032.stdout:/usr/bin/ceph: stderr
2024-04-25T00:23:05.975+0000 7f37ac42f700 1 -- 172.21.15.32:0/1172794532 --> [v2:172.21.15.32:3300/0,v1:172.21.15.32:6789/0] -- mon_subscribe({mgrmap=0+}) -- 0x7f37a4106600 con 0x7f37a4108650
2024-04-25T00:23:06.793 INFO:teuthology.orchestra.run.smithi032.stdout:/usr/bin/ceph: stderr
2024-04-25T00:23:05.975+0000 7f379b7fe700 1 -- 172.21.15.32:0/1172794532 <== mon.0 v2:172.21.15.32:3300/0 2 ==== config(27 keys) ==== 1109+0+0 (secure 0 0 0) 0x7f37a0003cc0 con 0x7f37a4108650
2024-04-25T00:23:06.793 INFO:teuthology.orchestra.run.smithi032.stdout:/usr/bin/ceph: stderr
2024-04-25T00:23:05.975+0000 7f379b7fe700 1 -- 172.21.15.32:0/1172794532 <== mon.0 v2:172.21.15.32:3300/0 3 ==== mon_map magic: 0 ==== 205+0+0 (secure 0 0 0) 0x7f37a0024840 con 0x7f37a4108650
2024-04-25T00:23:06.793 INFO:teuthology.orchestra.run.smithi032.stdout:/usr/bin/ceph: stderr
2024-04-25T00:23:05.975+0000 7f37ac42f700 1 -- 172.21.15.32:0/1172794532 --> [v2:172.21.15.32:3300/0,v1:172.21.15.32:6789/0] -- mon_subscribe({osdmap=0}) -- 0x7f37a4106b40 con 0x7f37a4108650
2024-04-25T00:23:06.793 INFO:teuthology.orchestra.run.smithi032.stdout:/usr/bin/ceph: stderr
2024-04-25T00:23:05.976+0000 7f37ac42f700 1 -- 172.21.15.32:0/1172794532 --> [v2:172.21.15.32:3300/0,v1:172.21.15.32:6789/0] -- mon_command({"prefix": "get_command_descriptions"} v 0) -- 0x7f37a4063890 con 0x7f37a4108650
2024-04-25T00:23:06.793 INFO:teuthology.orchestra.run.smithi032.stdout:/usr/bin/ceph: stderr
2024-04-25T00:23:05.977+0000 7f379b7fe700 1 -- 172.21.15.32:0/1172794532 <== mon.0 v2:172.21.15.32:3300/0 4 ==== mgrmap(e 4) ==== 46276+0+0 (secure 0 0 0) 0x7f37a0022020 con 0x7f37a4108650
2024-04-25T00:23:06.793 INFO:teuthology.orchestra.run.smithi032.stdout:/usr/bin/ceph: stderr
2024-04-25T00:23:05.977+0000 7f379b7fe700 1 --2- 172.21.15.32:0/1172794532 >> [v2:172.21.15.32:6800/1637256323,v1:172.21.15.32:6801/1637256323] conn(0x7f3790039000 0x7f379003b4c0 unknown :-1 s=NONE pgs=0 cs=0 l=1 rev1=0 crypto rx=0 tx=0 comp rx=0 tx=0).connect
2024-04-25T00:23:06.794 INFO:teuthology.orchestra.run.smithi032.stdout:/usr/bin/ceph: stderr
2024-04-25T00:23:05.977+0000 7f379b7fe700 1 -- 172.21.15.32:0/1172794532 <== mon.0 v2:172.21.15.32:3300/0 5 ==== osd_map(1..1 src has 1..1) ==== 725+0+0 (secure 0 0 0) 0x7f37a0011e00 con 0x7f37a4108650
2024-04-25T00:23:06.794 INFO:teuthology.orchestra.run.smithi032.stdout:/usr/bin/ceph: stderr
2024-04-25T00:23:05.977+0000 7f37a99ca700 1 --2- 172.21.15.32:0/1172794532 >> [v2:172.21.15.32:6800/1637256323,v1:172.21.15.32:6801/1637256323] conn(0x7f3790039000 0x7f379003b4c0 unknown :-1 s=BANNER_CONNECTING pgs=0 cs=0 l=1 rev1=0 crypto rx=0 tx=0 comp rx=0 tx=0)._handle_peer_banner_payload supported=3 required=0
2024-04-25T00:23:06.794 INFO:teuthology.orchestra.run.smithi032.stdout:/usr/bin/ceph: stderr
2024-04-25T00:23:05.977+0000 7f37a99ca700 1 --2- 172.21.15.32:0/1172794532 >> [v2:172.21.15.32:6800/1637256323,v1:172.21.15.32:6801/1637256323] conn(0x7f3790039000 0x7f379003b4c0 secure :-1 s=READY pgs=7 cs=0 l=1 rev1=1 crypto rx=0x7f3794006fd0 tx=0x7f3794006e40 comp rx=0 tx=0).ready entity=mgr.14100 client_cookie=0 server_cookie=0 in_seq=0 out_seq=0
2024-04-25T00:23:06.794 INFO:teuthology.orchestra.run.smithi032.stdout:/usr/bin/ceph: stderr
2024-04-25T00:23:05.982+0000 7f379b7fe700 1 -- 172.21.15.32:0/1172794532 <== mon.0 v2:172.21.15.32:3300/0 6 ==== mon_command_ack([{"prefix": "get_command_descriptions"}]=0 v0) ==== 72+0+186147 (secure 0 0 0) 0x7f37a0052020 con 0x7f37a4108650
2024-04-25T00:23:06.794 INFO:teuthology.orchestra.run.smithi032.stdout:/usr/bin/ceph: stderr
2024-04-25T00:23:06.190+0000 7f37ac42f700 1 -- 172.21.15.32:0/1172794532 --> [v2:172.21.15.32:3300/0,v1:172.21.15.32:6789/0] -- mon_command({"prefix": "config assimilate-conf"} v 0) -- 0x7f37a4107330 con 0x7f37a4108650
2024-04-25T00:23:06.794 INFO:teuthology.orchestra.run.smithi032.stdout:/usr/bin/ceph: stderr
2024-04-25T00:23:06.191+0000 7f379b7fe700 1 -- 172.21.15.32:0/1172794532 <== mon.0 v2:172.21.15.32:3300/0 7 ==== mon_command_ack([{"prefix": "config assimilate-conf"}]=0 v3) ==== 70+0+373 (secure 0 0 0) 0x7f37a000bc70 con 0x7f37a4108650
2024-04-25T00:23:06.794 INFO:teuthology.orchestra.run.smithi032.stdout:/usr/bin/ceph: stderr
2024-04-25T00:23:06.193+0000 7f37ac42f700 1 -- 172.21.15.32:0/1172794532 >> [v2:172.21.15.32:6800/1637256323,v1:172.21.15.32:6801/1637256323] conn(0x7f3790039000 msgr2=0x7f379003b4c0 secure :-1 s=STATE_CONNECTION_ESTABLISHED l=1).mark_down
2024-04-25T00:23:06.794 INFO:teuthology.orchestra.run.smithi032.stdout:/usr/bin/ceph: stderr
2024-04-25T00:23:06.193+0000 7f37ac42f700 1 --2- 172.21.15.32:0/1172794532 >> [v2:172.21.15.32:6800/1637256323,v1:172.21.15.32:6801/1637256323] conn(0x7f3790039000 0x7f379003b4c0 secure :-1 s=READY pgs=7 cs=0 l=1 rev1=1 crypto rx=0x7f3794006fd0 tx=0x7f3794006e40 comp rx=0 tx=0).stop
2024-04-25T00:23:06.794 INFO:teuthology.orchestra.run.smithi032.stdout:/usr/bin/ceph: stderr
2024-04-25T00:23:06.193+0000 7f37ac42f700 1 -- 172.21.15.32:0/1172794532 >> [v2:172.21.15.32:3300/0,v1:172.21.15.32:6789/0] conn(0x7f37a4108650 msgr2=0x7f37a4107ed0 secure :-1 s=STATE_CONNECTION_ESTABLISHED l=1).mark_down
2024-04-25T00:23:06.794 INFO:teuthology.orchestra.run.smithi032.stdout:/usr/bin/ceph: stderr
2024-04-25T00:23:06.193+0000 7f37ac42f700 1 --2- 172.21.15.32:0/1172794532 >> [v2:172.21.15.32:3300/0,v1:172.21.15.32:6789/0] conn(0x7f37a4108650 0x7f37a4107ed0 secure :-1 s=READY pgs=17 cs=0 l=1 rev1=1 crypto rx=0x7f37a0011b60 tx=0x7f37a0011c40 comp rx=0 tx=0).stop
2024-04-25T00:23:06.794 INFO:teuthology.orchestra.run.smithi032.stdout:/usr/bin/ceph: stderr
2024-04-25T00:23:06.194+0000 7f37ac42f700 1 -- 172.21.15.32:0/1172794532 shutdown_connections
2024-04-25T00:23:06.794 INFO:teuthology.orchestra.run.smithi032.stdout:/usr/bin/ceph: stderr
2024-04-25T00:23:06.194+0000 7f37ac42f700 1 --2- 172.21.15.32:0/1172794532 >> [v2:172.21.15.32:6800/1637256323,v1:172.21.15.32:6801/1637256323] conn(0x7f3790039000 0x7f379003b4c0 unknown :-1 s=CLOSED pgs=7 cs=0 l=1 rev1=1 crypto rx=0 tx=0 comp rx=0 tx=0).stop
2024-04-25T00:23:06.794 INFO:teuthology.orchestra.run.smithi032.stdout:/usr/bin/ceph: stderr
2024-04-25T00:23:06.194+0000 7f37ac42f700 1 --2- 172.21.15.32:0/1172794532 >> [v2:172.21.15.32:3300/0,v1:172.21.15.32:6789/0] conn(0x7f37a4108650 0x7f37a4107ed0 unknown :-1 s=CLOSED pgs=17 cs=0 l=1 rev1=1 crypto rx=0 tx=0 comp rx=0 tx=0).stop
2024-04-25T00:23:06.795 INFO:teuthology.orchestra.run.smithi032.stdout:/usr/bin/ceph: stderr
2024-04-25T00:23:06.194+0000 7f37ac42f700 1 -- 172.21.15.32:0/1172794532 >> 172.21.15.32:0/1172794532 conn(0x7f37a41020a0 msgr2=0x7f37a4102b90 unknown :-1 s=STATE_NONE l=0).mark_down
2024-04-25T00:23:06.795 INFO:teuthology.orchestra.run.smithi032.stdout:/usr/bin/ceph: stderr
2024-04-25T00:23:06.194+0000 7f37ac42f700 1 -- 172.21.15.32:0/1172794532 shutdown_connections
2024-04-25T00:23:06.795 INFO:teuthology.orchestra.run.smithi032.stdout:/usr/bin/ceph: stderr
2024-04-25T00:23:06.194+0000 7f37ac42f700 1 -- 172.21.15.32:0/1172794532 wait complete.
