2024-04-25T00:23:32.765 INFO:teuthology.orchestra.run.smithi032.stdout:/usr/bin/ceph: stderr
2024-04-25T00:23:31.661+0000 7f0b7be1f700 1 --2- 172.21.15.32:0/3269189145 >> [v2:172.21.15.32:3300/0,v1:172.21.15.32:6789/0] conn(0x7f0b741064c0 0x7f0b7419dcd0 unknown :-1 s=CLOSED pgs=48 cs=0 l=1 rev1=1 crypto rx=0 tx=0 comp rx=0 tx=0).stop
2024-04-25T00:23:32.765 INFO:teuthology.orchestra.run.smithi032.stdout:/usr/bin/ceph: stderr
2024-04-25T00:23:31.661+0000 7f0b7be1f700 1 -- 172.21.15.32:0/3269189145 >> 172.21.15.32:0/3269189145 conn(0x7f0b741020a0 msgr2=0x7f0b74194930 unknown :-1 s=STATE_NONE l=0).mark_down
2024-04-25T00:23:32.765 INFO:teuthology.orchestra.run.smithi032.stdout:/usr/bin/ceph: stderr
2024-04-25T00:23:31.661+0000 7f0b7be1f700 1 -- 172.21.15.32:0/3269189145 shutdown_connections
2024-04-25T00:23:32.766 INFO:teuthology.orchestra.run.smithi032.stdout:/usr/bin/ceph: stderr
2024-04-25T00:23:31.661+0000 7f0b7be1f700 1 -- 172.21.15.32:0/3269189145 wait complete.
2024-04-25T00:23:34.050 INFO:teuthology.orchestra.run.smithi032.stdout:/usr/bin/ceph: stderr
2024-04-25T00:23:33.244+0000 7f0c874c9700 1 Processor -- start
2024-04-25T00:23:34.050 INFO:teuthology.orchestra.run.smithi032.stdout:/usr/bin/ceph: stderr
2024-04-25T00:23:33.244+0000 7f0c874c9700 1 -- start start
2024-04-25T00:23:34.050 INFO:teuthology.orchestra.run.smithi032.stdout:/usr/bin/ceph: stderr
2024-04-25T00:23:33.244+0000 7f0c874c9700 1 --2- >> [v2:172.21.15.32:3300/0,v1:172.21.15.32:6789/0] conn(0x7f0c80106ab0 0x7f0c80106ed0 unknown :-1 s=NONE pgs=0 cs=0 l=0 rev1=0 crypto rx=0 tx=0 comp rx=0 tx=0).connect
2024-04-25T00:23:34.050 INFO:teuthology.orchestra.run.smithi032.stdout:/usr/bin/ceph: stderr
2024-04-25T00:23:33.244+0000 7f0c874c9700 1 -- --> [v2:172.21.15.32:3300/0,v1:172.21.15.32:6789/0] -- mon_getmap magic: 0 -- 0x7f0c801074a0 con 0x7f0c80106ab0
2024-04-25T00:23:34.051 INFO:teuthology.orchestra.run.smithi032.stdout:/usr/bin/ceph: stderr
2024-04-25T00:23:33.245+0000 7f0c85265700 1 --2- >> [v2:172.21.15.32:3300/0,v1:172.21.15.32:6789/0] conn(0x7f0c80106ab0 0x7f0c80106ed0 unknown :-1 s=BANNER_CONNECTING pgs=0 cs=0 l=0 rev1=0 crypto rx=0 tx=0 comp rx=0 tx=0)._handle_peer_banner_payload supported=3 required=0
2024-04-25T00:23:34.051 INFO:teuthology.orchestra.run.smithi032.stdout:/usr/bin/ceph: stderr
2024-04-25T00:23:33.245+0000 7f0c85265700 1 --2- >> [v2:172.21.15.32:3300/0,v1:172.21.15.32:6789/0] conn(0x7f0c80106ab0 0x7f0c80106ed0 unknown :-1 s=HELLO_CONNECTING pgs=0 cs=0 l=0 rev1=1 crypto rx=0 tx=0 comp rx=0 tx=0).handle_hello peer v2:172.21.15.32:3300/0 says I am v2:172.21.15.32:40698/0 (socket says 172.21.15.32:40698)
2024-04-25T00:23:34.051 INFO:teuthology.orchestra.run.smithi032.stdout:/usr/bin/ceph: stderr
2024-04-25T00:23:33.245+0000 7f0c85265700 1 -- 172.21.15.32:0/4275646688 learned_addr learned my addr 172.21.15.32:0/4275646688 (peer_addr_for_me v2:172.21.15.32:0/0)
2024-04-25T00:23:34.051 INFO:teuthology.orchestra.run.smithi032.stdout:/usr/bin/ceph: stderr
2024-04-25T00:23:33.245+0000 7f0c85265700 1 -- 172.21.15.32:0/4275646688 --> [v2:172.21.15.32:3300/0,v1:172.21.15.32:6789/0] -- mon_subscribe({config=0+,monmap=0+}) -- 0x7f0c80107cb0 con 0x7f0c80106ab0
2024-04-25T00:23:34.051 INFO:teuthology.orchestra.run.smithi032.stdout:/usr/bin/ceph: stderr
2024-04-25T00:23:33.245+0000 7f0c85265700 1 --2- 172.21.15.32:0/4275646688 >> [v2:172.21.15.32:3300/0,v1:172.21.15.32:6789/0] conn(0x7f0c80106ab0 0x7f0c80106ed0 secure :-1 s=READY pgs=49 cs=0 l=1 rev1=1 crypto rx=0x7f0c78009e80 tx=0x7f0c7800b330 comp rx=0 tx=0).ready entity=mon.0 client_cookie=f97248619616a2b0 server_cookie=0 in_seq=0 out_seq=0
2024-04-25T00:23:34.051 INFO:teuthology.orchestra.run.smithi032.stdout:/usr/bin/ceph: stderr
2024-04-25T00:23:33.245+0000 7f0c7ffff700 1 -- 172.21.15.32:0/4275646688 <== mon.0 v2:172.21.15.32:3300/0 1 ==== mon_map magic: 0 ==== 205+0+0 (secure 0 0 0) 0x7f0c78017070 con 0x7f0c80106ab0
2024-04-25T00:23:34.051 INFO:teuthology.orchestra.run.smithi032.stdout:/usr/bin/ceph: stderr
2024-04-25T00:23:33.245+0000 7f0c7ffff700 1 -- 172.21.15.32:0/4275646688 <== mon.0 v2:172.21.15.32:3300/0 2 ==== config(27 keys) ==== 1140+0+0 (secure 0 0 0) 0x7f0c7800b8c0 con 0x7f0c80106ab0
2024-04-25T00:23:34.051 INFO:teuthology.orchestra.run.smithi032.stdout:/usr/bin/ceph: stderr
2024-04-25T00:23:33.245+0000 7f0c7ffff700 1 -- 172.21.15.32:0/4275646688 <== mon.0 v2:172.21.15.32:3300/0 3 ==== mon_map magic: 0 ==== 205+0+0 (secure 0 0 0) 0x7f0c780045c0 con 0x7f0c80106ab0
2024-04-25T00:23:34.051 INFO:teuthology.orchestra.run.smithi032.stdout:/usr/bin/ceph: stderr
2024-04-25T00:23:33.246+0000 7f0c874c9700 1 -- 172.21.15.32:0/4275646688 >> [v2:172.21.15.32:3300/0,v1:172.21.15.32:6789/0] conn(0x7f0c80106ab0 msgr2=0x7f0c80106ed0 secure :-1 s=STATE_CONNECTION_ESTABLISHED l=1).mark_down
2024-04-25T00:23:34.051 INFO:teuthology.orchestra.run.smithi032.stdout:/usr/bin/ceph: stderr
2024-04-25T00:23:33.246+0000 7f0c874c9700 1 --2- 172.21.15.32:0/4275646688 >> [v2:172.21.15.32:3300/0,v1:172.21.15.32:6789/0] conn(0x7f0c80106ab0 0x7f0c80106ed0 secure :-1 s=READY pgs=49 cs=0 l=1 rev1=1 crypto rx=0x7f0c78009e80 tx=0x7f0c7800b330 comp rx=0 tx=0).stop
2024-04-25T00:23:34.051 INFO:teuthology.orchestra.run.smithi032.stdout:/usr/bin/ceph: stderr
2024-04-25T00:23:33.246+0000 7f0c874c9700 1 -- 172.21.15.32:0/4275646688 shutdown_connections
2024-04-25T00:23:34.051 INFO:teuthology.orchestra.run.smithi032.stdout:/usr/bin/ceph: stderr
2024-04-25T00:23:33.246+0000 7f0c874c9700 1 --2- 172.21.15.32:0/4275646688 >> [v2:172.21.15.32:3300/0,v1:172.21.15.32:6789/0] conn(0x7f0c80106ab0 0x7f0c80106ed0 unknown :-1 s=CLOSED pgs=49 cs=0 l=1 rev1=1 crypto rx=0 tx=0 comp rx=0 tx=0).stop
2024-04-25T00:23:34.051 INFO:teuthology.orchestra.run.smithi032.stdout:/usr/bin/ceph: stderr
2024-04-25T00:23:33.246+0000 7f0c874c9700 1 -- 172.21.15.32:0/4275646688 >> 172.21.15.32:0/4275646688 conn(0x7f0c80102070 msgr2=0x7f0c80104490 unknown :-1 s=STATE_NONE l=0).mark_down
2024-04-25T00:23:34.051 INFO:teuthology.orchestra.run.smithi032.stdout:/usr/bin/ceph: stderr
2024-04-25T00:23:33.246+0000 7f0c874c9700 1 -- 172.21.15.32:0/4275646688 shutdown_connections
2024-04-25T00:23:34.052 INFO:teuthology.orchestra.run.smithi032.stdout:/usr/bin/ceph: stderr
2024-04-25T00:23:33.246+0000 7f0c874c9700 1 -- 172.21.15.32:0/4275646688 wait complete.
2024-04-25T00:23:34.052 INFO:teuthology.orchestra.run.smithi032.stdout:/usr/bin/ceph: stderr
2024-04-25T00:23:33.247+0000 7f0c874c9700 1 Processor -- start
2024-04-25T00:23:34.052 INFO:teuthology.orchestra.run.smithi032.stdout:/usr/bin/ceph: stderr
2024-04-25T00:23:33.247+0000 7f0c874c9700 1 -- start start
2024-04-25T00:23:34.052 INFO:teuthology.orchestra.run.smithi032.stdout:/usr/bin/ceph: stderr
2024-04-25T00:23:33.247+0000 7f0c874c9700 1 --2- >> [v2:172.21.15.32:3300/0,v1:172.21.15.32:6789/0] conn(0x7f0c80106ab0 0x7f0c8019bb80 unknown :-1 s=NONE pgs=0 cs=0 l=1 rev1=0 crypto rx=0 tx=0 comp rx=0 tx=0).connect
2024-04-25T00:23:34.052 INFO:teuthology.orchestra.run.smithi032.stdout:/usr/bin/ceph: stderr
2024-04-25T00:23:33.247+0000 7f0c874c9700 1 -- --> [v2:172.21.15.32:3300/0,v1:172.21.15.32:6789/0] -- mon_getmap magic: 0 -- 0x7f0c8010b060 con 0x7f0c80106ab0
2024-04-25T00:23:34.052 INFO:teuthology.orchestra.run.smithi032.stdout:/usr/bin/ceph: stderr
2024-04-25T00:23:33.247+0000 7f0c85265700 1 --2- >> [v2:172.21.15.32:3300/0,v1:172.21.15.32:6789/0] conn(0x7f0c80106ab0 0x7f0c8019bb80 unknown :-1 s=BANNER_CONNECTING pgs=0 cs=0 l=1 rev1=0 crypto rx=0 tx=0 comp rx=0 tx=0)._handle_peer_banner_payload supported=3 required=0
2024-04-25T00:23:34.052 INFO:teuthology.orchestra.run.smithi032.stdout:/usr/bin/ceph: stderr
2024-04-25T00:23:33.247+0000 7f0c85265700 1 --2- >> [v2:172.21.15.32:3300/0,v1:172.21.15.32:6789/0] conn(0x7f0c80106ab0 0x7f0c8019bb80 unknown :-1 s=HELLO_CONNECTING pgs=0 cs=0 l=1 rev1=1 crypto rx=0 tx=0 comp rx=0 tx=0).handle_hello peer v2:172.21.15.32:3300/0 says I am v2:172.21.15.32:40708/0 (socket says 172.21.15.32:40708)
2024-04-25T00:23:34.052 INFO:teuthology.orchestra.run.smithi032.stdout:/usr/bin/ceph: stderr
2024-04-25T00:23:33.247+0000 7f0c85265700 1 -- 172.21.15.32:0/453339905 learned_addr learned my addr 172.21.15.32:0/453339905 (peer_addr_for_me v2:172.21.15.32:0/0)
2024-04-25T00:23:34.052 INFO:teuthology.orchestra.run.smithi032.stdout:/usr/bin/ceph: stderr
2024-04-25T00:23:33.247+0000 7f0c85265700 1 -- 172.21.15.32:0/453339905 --> [v2:172.21.15.32:3300/0,v1:172.21.15.32:6789/0] -- mon_subscribe({config=0+,monmap=0+}) -- 0x7f0c8019c0c0 con 0x7f0c80106ab0
2024-04-25T00:23:34.052 INFO:teuthology.orchestra.run.smithi032.stdout:/usr/bin/ceph: stderr
2024-04-25T00:23:33.247+0000 7f0c85265700 1 --2- 172.21.15.32:0/453339905 >> [v2:172.21.15.32:3300/0,v1:172.21.15.32:6789/0] conn(0x7f0c80106ab0 0x7f0c8019bb80 secure :-1 s=READY pgs=50 cs=0 l=1 rev1=1 crypto rx=0x7f0c7800bca0 tx=0x7f0c7800bd80 comp rx=0 tx=0).ready entity=mon.0 client_cookie=0 server_cookie=0 in_seq=0 out_seq=0
2024-04-25T00:23:34.052 INFO:teuthology.orchestra.run.smithi032.stdout:/usr/bin/ceph: stderr
2024-04-25T00:23:33.247+0000 7f0c7e7fc700 1 -- 172.21.15.32:0/453339905 <== mon.0 v2:172.21.15.32:3300/0 1 ==== mon_map magic: 0 ==== 205+0+0 (secure 0 0 0) 0x7f0c78020020 con 0x7f0c80106ab0
2024-04-25T00:23:34.052 INFO:teuthology.orchestra.run.smithi032.stdout:/usr/bin/ceph: stderr
2024-04-25T00:23:33.248+0000 7f0c7e7fc700 1 -- 172.21.15.32:0/453339905 <== mon.0 v2:172.21.15.32:3300/0 2 ==== config(27 keys) ==== 1140+0+0 (secure 0 0 0) 0x7f0c78003d90 con 0x7f0c80106ab0
2024-04-25T00:23:34.052 INFO:teuthology.orchestra.run.smithi032.stdout:/usr/bin/ceph: stderr
2024-04-25T00:23:33.248+0000 7f0c874c9700 1 -- 172.21.15.32:0/453339905 --> [v2:172.21.15.32:3300/0,v1:172.21.15.32:6789/0] -- mon_subscribe({mgrmap=0+}) -- 0x7f0c8019c350 con 0x7f0c80106ab0
2024-04-25T00:23:34.052 INFO:teuthology.orchestra.run.smithi032.stdout:/usr/bin/ceph: stderr
2024-04-25T00:23:33.248+0000 7f0c7e7fc700 1 -- 172.21.15.32:0/453339905 <== mon.0 v2:172.21.15.32:3300/0 3 ==== mon_map magic: 0 ==== 205+0+0 (secure 0 0 0) 0x7f0c78017040 con 0x7f0c80106ab0
2024-04-25T00:23:34.053 INFO:teuthology.orchestra.run.smithi032.stdout:/usr/bin/ceph: stderr
2024-04-25T00:23:33.248+0000 7f0c874c9700 1 -- 172.21.15.32:0/453339905 --> [v2:172.21.15.32:3300/0,v1:172.21.15.32:6789/0] -- mon_subscribe({osdmap=0}) -- 0x7f0c8019f040 con 0x7f0c80106ab0
2024-04-25T00:23:34.053 INFO:teuthology.orchestra.run.smithi032.stdout:/usr/bin/ceph: stderr
2024-04-25T00:23:33.248+0000 7f0c7e7fc700 1 -- 172.21.15.32:0/453339905 <== mon.0 v2:172.21.15.32:3300/0 4 ==== mgrmap(e 8) ==== 46287+0+0 (secure 0 0 0) 0x7f0c78023020 con 0x7f0c80106ab0
2024-04-25T00:23:34.053 INFO:teuthology.orchestra.run.smithi032.stdout:/usr/bin/ceph: stderr
2024-04-25T00:23:33.249+0000 7f0c7e7fc700 1 --2- 172.21.15.32:0/453339905 >> [v2:172.21.15.32:6800/4160192081,v1:172.21.15.32:6801/4160192081] conn(0x7f0c68039000 0x7f0c6803b4c0 unknown :-1 s=NONE pgs=0 cs=0 l=1 rev1=0 crypto rx=0 tx=0 comp rx=0 tx=0).connect
2024-04-25T00:23:34.053 INFO:teuthology.orchestra.run.smithi032.stdout:/usr/bin/ceph: stderr
2024-04-25T00:23:33.249+0000 7f0c874c9700 1 -- 172.21.15.32:0/453339905 --> [v2:172.21.15.32:3300/0,v1:172.21.15.32:6789/0] -- mon_command({"prefix": "get_command_descriptions"} v 0) -- 0x7f0c80063890 con 0x7f0c80106ab0
2024-04-25T00:23:34.053 INFO:teuthology.orchestra.run.smithi032.stdout:/usr/bin/ceph: stderr
2024-04-25T00:23:33.249+0000 7f0c7e7fc700 1 -- 172.21.15.32:0/453339905 <== mon.0 v2:172.21.15.32:3300/0 5 ==== osd_map(2..2 src has 1..2) ==== 940+0+0 (secure 0 0 0) 0x7f0c7800f050 con 0x7f0c80106ab0
2024-04-25T00:23:34.053 INFO:teuthology.orchestra.run.smithi032.stdout:/usr/bin/ceph: stderr
2024-04-25T00:23:33.249+0000 7f0c84a64700 1 --2- 172.21.15.32:0/453339905 >> [v2:172.21.15.32:6800/4160192081,v1:172.21.15.32:6801/4160192081] conn(0x7f0c68039000 0x7f0c6803b4c0 unknown :-1 s=BANNER_CONNECTING pgs=0 cs=0 l=1 rev1=0 crypto rx=0 tx=0 comp rx=0 tx=0)._handle_peer_banner_payload supported=3 required=0
2024-04-25T00:23:34.053 INFO:teuthology.orchestra.run.smithi032.stdout:/usr/bin/ceph: stderr
2024-04-25T00:23:33.249+0000 7f0c84a64700 1 --2- 172.21.15.32:0/453339905 >> [v2:172.21.15.32:6800/4160192081,v1:172.21.15.32:6801/4160192081] conn(0x7f0c68039000 0x7f0c6803b4c0 secure :-1 s=READY pgs=15 cs=0 l=1 rev1=1 crypto rx=0x7f0c74006fd0 tx=0x7f0c74006e40 comp rx=0 tx=0).ready entity=mgr.14116 client_cookie=0 server_cookie=0 in_seq=0 out_seq=0
2024-04-25T00:23:34.053 INFO:teuthology.orchestra.run.smithi032.stdout:/usr/bin/ceph: stderr
2024-04-25T00:23:33.254+0000 7f0c7e7fc700 1 -- 172.21.15.32:0/453339905 <== mon.0 v2:172.21.15.32:3300/0 6 ==== mon_command_ack([{"prefix": "get_command_descriptions"}]=0 v0) ==== 72+0+186147 (secure 0 0 0) 0x7f0c7802a020 con 0x7f0c80106ab0
2024-04-25T00:23:34.053 INFO:teuthology.orchestra.run.smithi032.stdout:/usr/bin/ceph: stderr
2024-04-25T00:23:33.465+0000 7f0c874c9700 1 -- 172.21.15.32:0/453339905 --> [v2:172.21.15.32:3300/0,v1:172.21.15.32:6789/0] -- mon_command([{prefix=config set, name=mgr/dashboard/ssl_server_port}] v 0) -- 0x7f0c8002ddf0 con 0x7f0c80106ab0
2024-04-25T00:23:34.053 INFO:teuthology.orchestra.run.smithi032.stdout:/usr/bin/ceph: stderr
2024-04-25T00:23:33.468+0000 7f0c7e7fc700 1 -- 172.21.15.32:0/453339905 <== mon.0 v2:172.21.15.32:3300/0 7 ==== mon_command_ack([{prefix=config set, name=mgr/dashboard/ssl_server_port}]=0 v8)=0 v8) ==== 130+0+0 (secure 0 0 0) 0x7f0c7802d350 con 0x7f0c80106ab0
2024-04-25T00:23:34.053 INFO:teuthology.orchestra.run.smithi032.stdout:/usr/bin/ceph: stderr
2024-04-25T00:23:33.471+0000 7f0c874c9700 1 -- 172.21.15.32:0/453339905 >> [v2:172.21.15.32:6800/4160192081,v1:172.21.15.32:6801/4160192081] conn(0x7f0c68039000 msgr2=0x7f0c6803b4c0 secure :-1 s=STATE_CONNECTION_ESTABLISHED l=1).mark_down
2024-04-25T00:23:34.053 INFO:teuthology.orchestra.run.smithi032.stdout:/usr/bin/ceph: stderr
2024-04-25T00:23:33.471+0000 7f0c874c9700 1 --2- 172.21.15.32:0/453339905 >> [v2:172.21.15.32:6800/4160192081,v1:172.21.15.32:6801/4160192081] conn(0x7f0c68039000 0x7f0c6803b4c0 secure :-1 s=READY pgs=15 cs=0 l=1 rev1=1 crypto rx=0x7f0c74006fd0 tx=0x7f0c74006e40 comp rx=0 tx=0).stop
2024-04-25T00:23:34.053 INFO:teuthology.orchestra.run.smithi032.stdout:/usr/bin/ceph: stderr
2024-04-25T00:23:33.471+0000 7f0c874c9700 1 -- 172.21.15.32:0/453339905 >> [v2:172.21.15.32:3300/0,v1:172.21.15.32:6789/0] conn(0x7f0c80106ab0 msgr2=0x7f0c8019bb80 secure :-1 s=STATE_CONNECTION_ESTABLISHED l=1).mark_down
2024-04-25T00:23:34.053 INFO:teuthology.orchestra.run.smithi032.stdout:/usr/bin/ceph: stderr
2024-04-25T00:23:33.471+0000 7f0c874c9700 1 --2- 172.21.15.32:0/453339905 >> [v2:172.21.15.32:3300/0,v1:172.21.15.32:6789/0] conn(0x7f0c80106ab0 0x7f0c8019bb80 secure :-1 s=READY pgs=50 cs=0 l=1 rev1=1 crypto rx=0x7f0c7800bca0 tx=0x7f0c7800bd80 comp rx=0 tx=0).stop
2024-04-25T00:23:34.054 INFO:teuthology.orchestra.run.smithi032.stdout:/usr/bin/ceph: stderr
2024-04-25T00:23:33.471+0000 7f0c874c9700 1 -- 172.21.15.32:0/453339905 shutdown_connections
2024-04-25T00:23:34.054 INFO:teuthology.orchestra.run.smithi032.stdout:/usr/bin/ceph: stderr
2024-04-25T00:23:33.471+0000 7f0c874c9700 1 --2- 172.21.15.32:0/453339905 >> [v2:172.21.15.32:6800/4160192081,v1:172.21.15.32:6801/4160192081] conn(0x7f0c68039000 0x7f0c6803b4c0 unknown :-1 s=CLOSED pgs=15 cs=0 l=1 rev1=1 crypto rx=0 tx=0 comp rx=0 tx=0).stop
2024-04-25T00:23:34.054 INFO:teuthology.orchestra.run.smithi032.stdout:/usr/bin/ceph: stderr
2024-04-25T00:23:33.471+0000 7f0c874c9700 1 --2- 172.21.15.32:0/453339905 >> [v2:172.21.15.32:3300/0,v1:172.21.15.32:6789/0] conn(0x7f0c80106ab0 0x7f0c8019bb80 unknown :-1 s=CLOSED pgs=50 cs=0 l=1 rev1=1 crypto rx=0 tx=0 comp rx=0 tx=0).stop
2024-04-25T00:23:34.054 INFO:teuthology.orchestra.run.smithi032.stdout:/usr/bin/ceph: stderr
2024-04-25T00:23:33.471+0000 7f0c874c9700 1 -- 172.21.15.32:0/453339905 >> 172.21.15.32:0/453339905 conn(0x7f0c80102070 msgr2=0x7f0c80102ef0 unknown :-1 s=STATE_NONE l=0).mark_down
2024-04-25T00:23:34.054 INFO:teuthology.orchestra.run.smithi032.stdout:/usr/bin/ceph: stderr
2024-04-25T00:23:33.471+0000 7f0c874c9700 1 -- 172.21.15.32:0/453339905 shutdown_connections
2024-04-25T00:23:34.054 INFO:teuthology.orchestra.run.smithi032.stdout:/usr/bin/ceph: stderr
2024-04-25T00:23:33.471+0000 7f0c874c9700 1 -- 172.21.15.32:0/453339905 wait complete.
2024-04-25T00:23:34.054 INFO:teuthology.orchestra.run.smithi032.stdout:Enabling the dashboard module...
2024-04-25T00:23:34.679 INFO:journalctl@ceph.mon.a.smithi032.stdout:Apr 25 00:23:34 smithi032 ceph-mon[29357]: from='mgr.14116 172.21.15.32:0/3540459056' entity='mgr.x'
2024-04-25T00:23:34.679 INFO:journalctl@ceph.mon.a.smithi032.stdout:Apr 25 00:23:34 smithi032 ceph-mon[29357]: from='client.? 172.21.15.32:0/453339905' entity='client.admin'
2024-04-25T00:23:35.963 INFO:journalctl@ceph.mon.a.smithi032.stdout:Apr 25 00:23:35 smithi032 ceph-mon[29357]: pgmap v3: 0 pgs: ; 0 B data, 0 B used, 0 B / 0 B avail
2024-04-25T00:23:35.963 INFO:journalctl@ceph.mon.a.smithi032.stdout:Apr 25 00:23:35 smithi032 ceph-mon[29357]: from='client.? 172.21.15.32:0/845393168' entity='client.admin' cmd=[{"prefix": "mgr module enable", "module": "dashboard"}]: dispatch
2024-04-25T00:23:35.963 INFO:journalctl@ceph.mgr.x.smithi032.stdout:Apr 25 00:23:35 smithi032 ceph-cb997156-0299-11ef-bc93-c7b262605968-mgr-x[29591]: ignoring --setuser ceph since I am not root
2024-04-25T00:23:35.963 INFO:journalctl@ceph.mgr.x.smithi032.stdout:Apr 25 00:23:35 smithi032 ceph-cb997156-0299-11ef-bc93-c7b262605968-mgr-x[29591]: ignoring --setgroup ceph since I am not root
2024-04-25T00:23:35.963 INFO:journalctl@ceph.mgr.x.smithi032.stdout:Apr 25 00:23:35 smithi032 ceph-cb997156-0299-11ef-bc93-c7b262605968-mgr-x[29591]:
2024-04-25T00:23:35.808+0000 7f97a48ad200 -1 mgr[py] Module balancer has missing NOTIFY_TYPES member
2024-04-25T00:23:36.248 INFO:journalctl@ceph.mgr.x.smithi032.stdout:Apr 25 00:23:36 smithi032 ceph-cb997156-0299-11ef-bc93-c7b262605968-mgr-x[29591]:
2024-04-25T00:23:36.002+0000 7f97a48ad200 -1 mgr[py] Module orchestrator has missing NOTIFY_TYPES member
2024-04-25T00:23:36.248 INFO:journalctl@ceph.mgr.x.smithi032.stdout:Apr 25 00:23:36 smithi032 ceph-cb997156-0299-11ef-bc93-c7b262605968-mgr-x[29591]:
2024-04-25T00:23:36.109+0000 7f97a48ad200 -1 mgr[py] Module snap_schedule has missing NOTIFY_TYPES member
2024-04-25T00:23:36.296 INFO:teuthology.orchestra.run.smithi032.stdout:/usr/bin/ceph: stderr
2024-04-25T00:23:34.439+0000 7f11767bf700 1 Processor -- start
2024-04-25T00:23:36.296 INFO:teuthology.orchestra.run.smithi032.stdout:/usr/bin/ceph: stderr
2024-04-25T00:23:34.439+0000 7f11767bf700 1 -- start start
2024-04-25T00:23:36.297 INFO:teuthology.orchestra.run.smithi032.stdout:/usr/bin/ceph: stderr
2024-04-25T00:23:34.439+0000 7f11767bf700 1 --2- >> [v2:172.21.15.32:3300/0,v1:172.21.15.32:6789/0] conn(0x7f1170105e90 0x7f11701062b0 unknown :-1 s=NONE pgs=0 cs=0 l=0 rev1=0 crypto rx=0 tx=0 comp rx=0 tx=0).connect
2024-04-25T00:23:36.297 INFO:teuthology.orchestra.run.smithi032.stdout:/usr/bin/ceph: stderr
2024-04-25T00:23:34.439+0000 7f11767bf700 1 -- --> [v2:172.21.15.32:3300/0,v1:172.21.15.32:6789/0] -- mon_getmap magic: 0 -- 0x7f1170106880 con 0x7f1170105e90
2024-04-25T00:23:36.297 INFO:teuthology.orchestra.run.smithi032.stdout:/usr/bin/ceph: stderr
2024-04-25T00:23:34.440+0000 7f116ffff700 1 --2- >> [v2:172.21.15.32:3300/0,v1:172.21.15.32:6789/0] conn(0x7f1170105e90 0x7f11701062b0 unknown :-1 s=BANNER_CONNECTING pgs=0 cs=0 l=0 rev1=0 crypto rx=0 tx=0 comp rx=0 tx=0)._handle_peer_banner_payload supported=3 required=0
2024-04-25T00:23:36.297 INFO:teuthology.orchestra.run.smithi032.stdout:/usr/bin/ceph: stderr
2024-04-25T00:23:34.440+0000 7f116ffff700 1 --2- >> [v2:172.21.15.32:3300/0,v1:172.21.15.32:6789/0] conn(0x7f1170105e90 0x7f11701062b0 unknown :-1 s=HELLO_CONNECTING pgs=0 cs=0 l=0 rev1=1 crypto rx=0 tx=0 comp rx=0 tx=0).handle_hello peer v2:172.21.15.32:3300/0 says I am v2:172.21.15.32:40712/0 (socket says 172.21.15.32:40712)
2024-04-25T00:23:36.297 INFO:teuthology.orchestra.run.smithi032.stdout:/usr/bin/ceph: stderr
2024-04-25T00:23:34.440+0000 7f116ffff700 1 -- 172.21.15.32:0/2672118330 learned_addr learned my addr 172.21.15.32:0/2672118330 (peer_addr_for_me v2:172.21.15.32:0/0)
2024-04-25T00:23:36.297 INFO:teuthology.orchestra.run.smithi032.stdout:/usr/bin/ceph: stderr
2024-04-25T00:23:34.440+0000 7f116ffff700 1 -- 172.21.15.32:0/2672118330 --> [v2:172.21.15.32:3300/0,v1:172.21.15.32:6789/0] -- mon_subscribe({config=0+,monmap=0+}) -- 0x7f1170106a00 con 0x7f1170105e90
2024-04-25T00:23:36.297 INFO:teuthology.orchestra.run.smithi032.stdout:/usr/bin/ceph: stderr
2024-04-25T00:23:34.440+0000 7f116ffff700 1 --2- 172.21.15.32:0/2672118330 >> [v2:172.21.15.32:3300/0,v1:172.21.15.32:6789/0] conn(0x7f1170105e90 0x7f11701062b0 secure :-1 s=READY pgs=51 cs=0 l=1 rev1=1 crypto rx=0x7f11600098a0 tx=0x7f1160009bb0 comp rx=0 tx=0).ready entity=mon.0 client_cookie=3e3d3e7c54ae88a1 server_cookie=0 in_seq=0 out_seq=0
2024-04-25T00:23:36.297 INFO:teuthology.orchestra.run.smithi032.stdout:/usr/bin/ceph: stderr
2024-04-25T00:23:34.440+0000 7f116effd700 1 -- 172.21.15.32:0/2672118330 <== mon.0 v2:172.21.15.32:3300/0 1 ==== mon_map magic: 0 ==== 205+0+0 (secure 0 0 0) 0x7f1160004160 con 0x7f1170105e90
2024-04-25T00:23:36.297 INFO:teuthology.orchestra.run.smithi032.stdout:/usr/bin/ceph: stderr
2024-04-25T00:23:34.440+0000 7f116effd700 1 -- 172.21.15.32:0/2672118330 <== mon.0 v2:172.21.15.32:3300/0 2 ==== config(27 keys) ==== 1140+0+0 (secure 0 0 0) 0x7f1160004300 con 0x7f1170105e90
2024-04-25T00:23:36.297 INFO:teuthology.orchestra.run.smithi032.stdout:/usr/bin/ceph: stderr
2024-04-25T00:23:34.441+0000 7f116effd700 1 -- 172.21.15.32:0/2672118330 <== mon.0 v2:172.21.15.32:3300/0 3 ==== mon_map magic: 0 ==== 205+0+0 (secure 0 0 0) 0x7f1160011b20 con 0x7f1170105e90
2024-04-25T00:23:36.297 INFO:teuthology.orchestra.run.smithi032.stdout:/usr/bin/ceph: stderr
2024-04-25T00:23:34.441+0000 7f11767bf700 1 -- 172.21.15.32:0/2672118330 >> [v2:172.21.15.32:3300/0,v1:172.21.15.32:6789/0] conn(0x7f1170105e90 msgr2=0x7f11701062b0 secure :-1 s=STATE_CONNECTION_ESTABLISHED l=1).mark_down
2024-04-25T00:23:36.297 INFO:teuthology.orchestra.run.smithi032.stdout:/usr/bin/ceph: stderr
2024-04-25T00:23:34.441+0000 7f11767bf700 1 --2- 172.21.15.32:0/2672118330 >> [v2:172.21.15.32:3300/0,v1:172.21.15.32:6789/0] conn(0x7f1170105e90 0x7f11701062b0 secure :-1 s=READY pgs=51 cs=0 l=1 rev1=1 crypto rx=0x7f11600098a0 tx=0x7f1160009bb0 comp rx=0 tx=0).stop
2024-04-25T00:23:36.297 INFO:teuthology.orchestra.run.smithi032.stdout:/usr/bin/ceph: stderr
2024-04-25T00:23:34.441+0000 7f11767bf700 1 -- 172.21.15.32:0/2672118330 shutdown_connections
2024-04-25T00:23:36.297 INFO:teuthology.orchestra.run.smithi032.stdout:/usr/bin/ceph: stderr
2024-04-25T00:23:34.441+0000 7f11767bf700 1 --2- 172.21.15.32:0/2672118330 >> [v2:172.21.15.32:3300/0,v1:172.21.15.32:6789/0] conn(0x7f1170105e90 0x7f11701062b0 unknown :-1 s=CLOSED pgs=51 cs=0 l=1 rev1=1 crypto rx=0 tx=0 comp rx=0 tx=0).stop
2024-04-25T00:23:36.298 INFO:teuthology.orchestra.run.smithi032.stdout:/usr/bin/ceph: stderr
2024-04-25T00:23:34.441+0000 7f11767bf700 1 -- 172.21.15.32:0/2672118330 >> 172.21.15.32:0/2672118330 conn(0x7f1170101830 msgr2=0x7f1170103c50 unknown :-1 s=STATE_NONE l=0).mark_down
2024-04-25T00:23:36.298 INFO:teuthology.orchestra.run.smithi032.stdout:/usr/bin/ceph: stderr
2024-04-25T00:23:34.441+0000 7f11767bf700 1 -- 172.21.15.32:0/2672118330 shutdown_connections
2024-04-25T00:23:36.298 INFO:teuthology.orchestra.run.smithi032.stdout:/usr/bin/ceph: stderr
2024-04-25T00:23:34.441+0000 7f11767bf700 1 -- 172.21.15.32:0/2672118330 wait complete.
2024-04-25T00:23:36.298 INFO:teuthology.orchestra.run.smithi032.stdout:/usr/bin/ceph: stderr
2024-04-25T00:23:34.442+0000 7f11767bf700 1 Processor -- start
2024-04-25T00:23:36.298 INFO:teuthology.orchestra.run.smithi032.stdout:/usr/bin/ceph: stderr
2024-04-25T00:23:34.442+0000 7f11767bf700 1 -- start start
2024-04-25T00:23:36.298 INFO:teuthology.orchestra.run.smithi032.stdout:/usr/bin/ceph: stderr
2024-04-25T00:23:34.442+0000 7f11767bf700 1 --2- >> [v2:172.21.15.32:3300/0,v1:172.21.15.32:6789/0] conn(0x7f1170105e90 0x7f117019bb90 unknown :-1 s=NONE pgs=0 cs=0 l=1 rev1=0 crypto rx=0 tx=0 comp rx=0 tx=0).connect
2024-04-25T00:23:36.298 INFO:teuthology.orchestra.run.smithi032.stdout:/usr/bin/ceph: stderr
2024-04-25T00:23:34.442+0000 7f11767bf700 1 -- --> [v2:172.21.15.32:3300/0,v1:172.21.15.32:6789/0] -- mon_getmap magic: 0 -- 0x7f117010c140 con 0x7f1170105e90
2024-04-25T00:23:36.298 INFO:teuthology.orchestra.run.smithi032.stdout:/usr/bin/ceph: stderr
2024-04-25T00:23:34.442+0000 7f116ffff700 1 --2- >> [v2:172.21.15.32:3300/0,v1:172.21.15.32:6789/0] conn(0x7f1170105e90 0x7f117019bb90 unknown :-1 s=BANNER_CONNECTING pgs=0 cs=0 l=1 rev1=0 crypto rx=0 tx=0 comp rx=0 tx=0)._handle_peer_banner_payload supported=3 required=0
2024-04-25T00:23:36.298 INFO:teuthology.orchestra.run.smithi032.stdout:/usr/bin/ceph: stderr
2024-04-25T00:23:34.442+0000 7f116ffff700 1 --2- >> [v2:172.21.15.32:3300/0,v1:172.21.15.32:6789/0] conn(0x7f1170105e90 0x7f117019bb90 unknown :-1 s=HELLO_CONNECTING pgs=0 cs=0 l=1 rev1=1 crypto rx=0 tx=0 comp rx=0 tx=0).handle_hello peer v2:172.21.15.32:3300/0 says I am v2:172.21.15.32:40716/0 (socket says 172.21.15.32:40716)
2024-04-25T00:23:36.298 INFO:teuthology.orchestra.run.smithi032.stdout:/usr/bin/ceph: stderr
2024-04-25T00:23:34.442+0000 7f116ffff700 1 -- 172.21.15.32:0/845393168 learned_addr learned my addr 172.21.15.32:0/845393168 (peer_addr_for_me v2:172.21.15.32:0/0)
2024-04-25T00:23:36.298 INFO:teuthology.orchestra.run.smithi032.stdout:/usr/bin/ceph: stderr
2024-04-25T00:23:34.442+0000 7f116ffff700 1 -- 172.21.15.32:0/845393168 --> [v2:172.21.15.32:3300/0,v1:172.21.15.32:6789/0] -- mon_subscribe({config=0+,monmap=0+}) -- 0x7f117019c0d0 con 0x7f1170105e90
2024-04-25T00:23:36.298 INFO:teuthology.orchestra.run.smithi032.stdout:/usr/bin/ceph: stderr
2024-04-25T00:23:34.443+0000 7f116ffff700 1 --2- 172.21.15.32:0/845393168 >> [v2:172.21.15.32:3300/0,v1:172.21.15.32:6789/0] conn(0x7f1170105e90 0x7f117019bb90 secure :-1 s=READY pgs=52 cs=0 l=1 rev1=1 crypto rx=0x7f11600117e0 tx=0x7f1160011c10 comp rx=0 tx=0).ready entity=mon.0 client_cookie=0 server_cookie=0 in_seq=0 out_seq=0
2024-04-25T00:23:36.298 INFO:teuthology.orchestra.run.smithi032.stdout:/usr/bin/ceph: stderr
2024-04-25T00:23:34.443+0000 7f116d7fa700 1 -- 172.21.15.32:0/845393168 <== mon.0 v2:172.21.15.32:3300/0 1 ==== mon_map magic: 0 ==== 205+0+0 (secure 0 0 0) 0x7f1160003bf0 con 0x7f1170105e90
2024-04-25T00:23:36.298 INFO:teuthology.orchestra.run.smithi032.stdout:/usr/bin/ceph: stderr
2024-04-25T00:23:34.443+0000 7f116d7fa700 1 -- 172.21.15.32:0/845393168 <== mon.0 v2:172.21.15.32:3300/0 2 ==== config(27 keys) ==== 1140+0+0 (secure 0 0 0) 0x7f116001a910 con 0x7f1170105e90
2024-04-25T00:23:36.299 INFO:teuthology.orchestra.run.smithi032.stdout:/usr/bin/ceph: stderr
2024-04-25T00:23:34.443+0000 7f11767bf700 1 -- 172.21.15.32:0/845393168 --> [v2:172.21.15.32:3300/0,v1:172.21.15.32:6789/0] -- mon_subscribe({mgrmap=0+}) -- 0x7f117019c360 con 0x7f1170105e90
2024-04-25T00:23:36.299 INFO:teuthology.orchestra.run.smithi032.stdout:/usr/bin/ceph: stderr
2024-04-25T00:23:34.443+0000 7f116d7fa700 1 -- 172.21.15.32:0/845393168 <== mon.0 v2:172.21.15.32:3300/0 3 ==== mon_map magic: 0 ==== 205+0+0 (secure 0 0 0) 0x7f11600249a0 con 0x7f1170105e90
2024-04-25T00:23:36.299 INFO:teuthology.orchestra.run.smithi032.stdout:/usr/bin/ceph: stderr
2024-04-25T00:23:34.443+0000 7f11767bf700 1 -- 172.21.15.32:0/845393168 --> [v2:172.21.15.32:3300/0,v1:172.21.15.32:6789/0] -- mon_subscribe({osdmap=0}) -- 0x7f117019c7c0 con 0x7f1170105e90
2024-04-25T00:23:36.299 INFO:teuthology.orchestra.run.smithi032.stdout:/usr/bin/ceph: stderr
2024-04-25T00:23:34.444+0000 7f116d7fa700 1 -- 172.21.15.32:0/845393168 <== mon.0 v2:172.21.15.32:3300/0 4 ==== mgrmap(e 8) ==== 46287+0+0 (secure 0 0 0) 0x7f1160022020 con 0x7f1170105e90
2024-04-25T00:23:36.299 INFO:teuthology.orchestra.run.smithi032.stdout:/usr/bin/ceph: stderr
2024-04-25T00:23:34.444+0000 7f116d7fa700 1 --2- 172.21.15.32:0/845393168 >> [v2:172.21.15.32:6800/4160192081,v1:172.21.15.32:6801/4160192081] conn(0x7f1158039050 0x7f115803b510 unknown :-1 s=NONE pgs=0 cs=0 l=1 rev1=0 crypto rx=0 tx=0 comp rx=0 tx=0).connect
2024-04-25T00:23:36.299 INFO:teuthology.orchestra.run.smithi032.stdout:/usr/bin/ceph: stderr
2024-04-25T00:23:34.444+0000 7f116d7fa700 1 -- 172.21.15.32:0/845393168 <== mon.0 v2:172.21.15.32:3300/0 5 ==== osd_map(2..2 src has 1..2) ==== 940+0+0 (secure 0 0 0) 0x7f116001a600 con 0x7f1170105e90
2024-04-25T00:23:36.299 INFO:teuthology.orchestra.run.smithi032.stdout:/usr/bin/ceph: stderr
2024-04-25T00:23:34.444+0000 7f11767bf700 1 -- 172.21.15.32:0/845393168 --> [v2:172.21.15.32:3300/0,v1:172.21.15.32:6789/0] -- mon_command({"prefix": "get_command_descriptions"} v 0) -- 0x7f1170063890 con 0x7f1170105e90
2024-04-25T00:23:36.299 INFO:teuthology.orchestra.run.smithi032.stdout:/usr/bin/ceph: stderr
2024-04-25T00:23:34.444+0000 7f116f7fe700 1 --2- 172.21.15.32:0/845393168 >> [v2:172.21.15.32:6800/4160192081,v1:172.21.15.32:6801/4160192081] conn(0x7f1158039050 0x7f115803b510 unknown :-1 s=BANNER_CONNECTING pgs=0 cs=0 l=1 rev1=0 crypto rx=0 tx=0 comp rx=0 tx=0)._handle_peer_banner_payload supported=3 required=0
2024-04-25T00:23:36.299 INFO:teuthology.orchestra.run.smithi032.stdout:/usr/bin/ceph: stderr
2024-04-25T00:23:34.444+0000 7f116f7fe700 1 --2- 172.21.15.32:0/845393168 >> [v2:172.21.15.32:6800/4160192081,v1:172.21.15.32:6801/4160192081] conn(0x7f1158039050 0x7f115803b510 secure :-1 s=READY pgs=16 cs=0 l=1 rev1=1 crypto rx=0x7f1164006fd0 tx=0x7f1164006e40 comp rx=0 tx=0).ready entity=mgr.14116 client_cookie=0 server_cookie=0 in_seq=0 out_seq=0
2024-04-25T00:23:36.299 INFO:teuthology.orchestra.run.smithi032.stdout:/usr/bin/ceph: stderr
2024-04-25T00:23:34.449+0000 7f116d7fa700 1 -- 172.21.15.32:0/845393168 <== mon.0 v2:172.21.15.32:3300/0 6 ==== mon_command_ack([{"prefix": "get_command_descriptions"}]=0 v0) ==== 72+0+186147 (secure 0 0 0) 0x7f1160011e20 con 0x7f1170105e90
2024-04-25T00:23:36.299 INFO:teuthology.orchestra.run.smithi032.stdout:/usr/bin/ceph: stderr
2024-04-25T00:23:34.731+0000 7f11767bf700 1 -- 172.21.15.32:0/845393168 --> [v2:172.21.15.32:3300/0,v1:172.21.15.32:6789/0] -- mon_command({"prefix": "mgr module enable", "module": "dashboard"} v 0) -- 0x7f117019f170 con 0x7f1170105e90
2024-04-25T00:23:36.299 INFO:teuthology.orchestra.run.smithi032.stdout:/usr/bin/ceph: stderr
2024-04-25T00:23:35.623+0000 7f116d7fa700 1 -- 172.21.15.32:0/845393168 <== mon.0 v2:172.21.15.32:3300/0 7 ==== mon_command_ack([{"prefix": "mgr module enable", "module": "dashboard"}]=0 v9) ==== 88+0+0 (secure 0 0 0) 0x7f11600172b0 con 0x7f1170105e90
2024-04-25T00:23:36.299 INFO:teuthology.orchestra.run.smithi032.stdout:/usr/bin/ceph: stderr
2024-04-25T00:23:35.625+0000 7f116d7fa700 1 -- 172.21.15.32:0/845393168 <== mon.0 v2:172.21.15.32:3300/0 8 ==== mgrmap(e 9) ==== 46300+0+0 (secure 0 0 0) 0x7f116002d910 con 0x7f1170105e90
2024-04-25T00:23:36.299 INFO:teuthology.orchestra.run.smithi032.stdout:/usr/bin/ceph: stderr
2024-04-25T00:23:35.627+0000 7f11767bf700 1 -- 172.21.15.32:0/845393168 >> [v2:172.21.15.32:6800/4160192081,v1:172.21.15.32:6801/4160192081] conn(0x7f1158039050 msgr2=0x7f115803b510 secure :-1 s=STATE_CONNECTION_ESTABLISHED l=1).mark_down
2024-04-25T00:23:36.299 INFO:teuthology.orchestra.run.smithi032.stdout:/usr/bin/ceph: stderr
2024-04-25T00:23:35.627+0000 7f11767bf700 1 --2- 172.21.15.32:0/845393168 >> [v2:172.21.15.32:6800/4160192081,v1:172.21.15.32:6801/4160192081] conn(0x7f1158039050 0x7f115803b510 secure :-1 s=READY pgs=16 cs=0 l=1 rev1=1 crypto rx=0x7f1164006fd0 tx=0x7f1164006e40 comp rx=0 tx=0).stop
2024-04-25T00:23:36.300 INFO:teuthology.orchestra.run.smithi032.stdout:/usr/bin/ceph: stderr
2024-04-25T00:23:35.627+0000 7f11767bf700 1 -- 172.21.15.32:0/845393168 >> [v2:172.21.15.32:3300/0,v1:172.21.15.32:6789/0] conn(0x7f1170105e90 msgr2=0x7f117019bb90 secure :-1 s=STATE_CONNECTION_ESTABLISHED l=1).mark_down
2024-04-25T00:23:36.300 INFO:teuthology.orchestra.run.smithi032.stdout:/usr/bin/ceph: stderr
2024-04-25T00:23:35.627+0000 7f11767bf700 1 --2- 172.21.15.32:0/845393168 >> [v2:172.21.15.32:3300/0,v1:172.21.15.32:6789/0] conn(0x7f1170105e90 0x7f117019bb90 secure :-1 s=READY pgs=52 cs=0 l=1 rev1=1 crypto rx=0x7f11600117e0 tx=0x7f1160011c10 comp rx=0 tx=0).stop
2024-04-25T00:23:36.300 INFO:teuthology.orchestra.run.smithi032.stdout:/usr/bin/ceph: stderr
2024-04-25T00:23:35.627+0000 7f11767bf700 1 -- 172.21.15.32:0/845393168 shutdown_connections
2024-04-25T00:23:36.300 INFO:teuthology.orchestra.run.smithi032.stdout:/usr/bin/ceph: stderr
2024-04-25T00:23:35.627+0000 7f11767bf700 1 --2- 172.21.15.32:0/845393168 >> [v2:172.21.15.32:6800/4160192081,v1:172.21.15.32:6801/4160192081] conn(0x7f1158039050 0x7f115803b510 unknown :-1 s=CLOSED pgs=16 cs=0 l=1 rev1=1 crypto rx=0 tx=0 comp rx=0 tx=0).stop
2024-04-25T00:23:36.300 INFO:teuthology.orchestra.run.smithi032.stdout:/usr/bin/ceph: stderr
2024-04-25T00:23:35.627+0000 7f11767bf700 1 --2- 172.21.15.32:0/845393168 >> [v2:172.21.15.32:3300/0,v1:172.21.15.32:6789/0] conn(0x7f1170105e90 0x7f117019bb90 unknown :-1 s=CLOSED pgs=52 cs=0 l=1 rev1=1 crypto rx=0 tx=0 comp rx=0 tx=0).stop
2024-04-25T00:23:36.300 INFO:teuthology.orchestra.run.smithi032.stdout:/usr/bin/ceph: stderr
2024-04-25T00:23:35.627+0000 7f11767bf700 1 -- 172.21.15.32:0/845393168 >> 172.21.15.32:0/845393168 conn(0x7f1170101830 msgr2=0x7f11701022f0 unknown :-1 s=STATE_NONE l=0).mark_down
2024-04-25T00:23:36.300 INFO:teuthology.orchestra.run.smithi032.stdout:/usr/bin/ceph: stderr
2024-04-25T00:23:35.628+0000 7f11767bf700 1 -- 172.21.15.32:0/845393168 shutdown_connections
2024-04-25T00:23:36.300 INFO:teuthology.orchestra.run.smithi032.stdout:/usr/bin/ceph: stderr
2024-04-25T00:23:35.628+0000 7f11767bf700 1 -- 172.21.15.32:0/845393168 wait complete.
2024-04-25T00:23:36.560 INFO:journalctl@ceph.mgr.x.smithi032.stdout:Apr 25 00:23:36 smithi032 ceph-cb997156-0299-11ef-bc93-c7b262605968-mgr-x[29591]:
2024-04-25T00:23:36.438+0000 7f97a48ad200 -1 mgr[py] Module progress has missing NOTIFY_TYPES member
2024-04-25T00:23:36.560 INFO:journalctl@ceph.mgr.x.smithi032.stdout:Apr 25 00:23:36 smithi032 ceph-cb997156-0299-11ef-bc93-c7b262605968-mgr-x[29591]:
2024-04-25T00:23:36.526+0000 7f97a48ad200 -1 mgr[py] Module influx has missing NOTIFY_TYPES member
2024-04-25T00:23:36.839 INFO:journalctl@ceph.mon.a.smithi032.stdout:Apr 25 00:23:36 smithi032 ceph-mon[29357]: from='client.? 172.21.15.32:0/845393168' entity='client.admin' cmd='[{"prefix": "mgr module enable", "module": "dashboard"}]': finished
2024-04-25T00:23:36.839 INFO:journalctl@ceph.mon.a.smithi032.stdout:Apr 25 00:23:36 smithi032 ceph-mon[29357]: mgrmap e9: x(active, since 21s)
2024-04-25T00:23:37.645 INFO:teuthology.orchestra.run.smithi032.stdout:/usr/bin/ceph: stdout {
2024-04-25T00:23:37.645 INFO:teuthology.orchestra.run.smithi032.stdout:/usr/bin/ceph: stdout "epoch": 9,
2024-04-25T00:23:37.646 INFO:teuthology.orchestra.run.smithi032.stdout:/usr/bin/ceph: stdout "available": true,
2024-04-25T00:23:37.646 INFO:teuthology.orchestra.run.smithi032.stdout:/usr/bin/ceph: stdout "active_name": "x",
2024-04-25T00:23:37.646 INFO:teuthology.orchestra.run.smithi032.stdout:/usr/bin/ceph: stdout "num_standby": 0
2024-04-25T00:23:37.646 INFO:teuthology.orchestra.run.smithi032.stdout:/usr/bin/ceph: stdout }
2024-04-25T00:23:37.646 INFO:teuthology.orchestra.run.smithi032.stdout:/usr/bin/ceph: stderr
2024-04-25T00:23:36.771+0000 7f6d25d7c700 1 Processor -- start
2024-04-25T00:23:37.646 INFO:teuthology.orchestra.run.smithi032.stdout:/usr/bin/ceph: stderr
2024-04-25T00:23:36.771+0000 7f6d25d7c700 1 -- start start
2024-04-25T00:23:37.646 INFO:teuthology.orchestra.run.smithi032.stdout:/usr/bin/ceph: stderr
2024-04-25T00:23:36.772+0000 7f6d25d7c700 1 --2- >> [v2:172.21.15.32:3300/0,v1:172.21.15.32:6789/0] conn(0x7f6d2007de00 0x7f6d2007c300 unknown :-1 s=NONE pgs=0 cs=0 l=0 rev1=0 crypto rx=0 tx=0 comp rx=0 tx=0).connect
2024-04-25T00:23:37.646 INFO:teuthology.orchestra.run.smithi032.stdout:/usr/bin/ceph: stderr
2024-04-25T00:23:36.772+0000 7f6d25d7c700 1 -- --> [v2:172.21.15.32:3300/0,v1:172.21.15.32:6789/0] -- mon_getmap magic: 0 -- 0x7f6d2007c840 con 0x7f6d2007de00
2024-04-25T00:23:37.646 INFO:teuthology.orchestra.run.smithi032.stdout:/usr/bin/ceph: stderr
2024-04-25T00:23:36.772+0000 7f6d1f7fe700 1 --2- >> [v2:172.21.15.32:3300/0,v1:172.21.15.32:6789/0] conn(0x7f6d2007de00 0x7f6d2007c300 unknown :-1 s=BANNER_CONNECTING pgs=0 cs=0 l=0 rev1=0 crypto rx=0 tx=0 comp rx=0 tx=0)._handle_peer_banner_payload supported=3 required=0
2024-04-25T00:23:37.646 INFO:teuthology.orchestra.run.smithi032.stdout:/usr/bin/ceph: stderr
2024-04-25T00:23:36.772+0000 7f6d1f7fe700 1 --2- >> [v2:172.21.15.32:3300/0,v1:172.21.15.32:6789/0] conn(0x7f6d2007de00 0x7f6d2007c300 unknown :-1 s=HELLO_CONNECTING pgs=0 cs=0 l=0 rev1=1 crypto rx=0 tx=0 comp rx=0 tx=0).handle_hello peer v2:172.21.15.32:3300/0 says I am v2:172.21.15.32:40740/0 (socket says 172.21.15.32:40740)
2024-04-25T00:23:37.646 INFO:teuthology.orchestra.run.smithi032.stdout:/usr/bin/ceph: stderr
2024-04-25T00:23:36.772+0000 7f6d1f7fe700 1 -- 172.21.15.32:0/2030232614 learned_addr learned my addr 172.21.15.32:0/2030232614 (peer_addr_for_me v2:172.21.15.32:0/0)
2024-04-25T00:23:37.646 INFO:teuthology.orchestra.run.smithi032.stdout:/usr/bin/ceph: stderr
2024-04-25T00:23:36.772+0000 7f6d1f7fe700 1 -- 172.21.15.32:0/2030232614 --> [v2:172.21.15.32:3300/0,v1:172.21.15.32:6789/0] -- mon_subscribe({config=0+,monmap=0+}) -- 0x7f6d2007c9c0 con 0x7f6d2007de00
2024-04-25T00:23:37.646 INFO:teuthology.orchestra.run.smithi032.stdout:/usr/bin/ceph: stderr
2024-04-25T00:23:36.772+0000 7f6d1f7fe700 1 --2- 172.21.15.32:0/2030232614 >> [v2:172.21.15.32:3300/0,v1:172.21.15.32:6789/0] conn(0x7f6d2007de00 0x7f6d2007c300 secure :-1 s=READY pgs=55 cs=0 l=1 rev1=1 crypto rx=0x7f6d100098a0 tx=0x7f6d10009bb0 comp rx=0 tx=0).ready entity=mon.0 client_cookie=1658dc45ee67d6cf server_cookie=0 in_seq=0 out_seq=0
2024-04-25T00:23:37.647 INFO:teuthology.orchestra.run.smithi032.stdout:/usr/bin/ceph: stderr
2024-04-25T00:23:36.773+0000 7f6d1e7fc700 1 -- 172.21.15.32:0/2030232614 <== mon.0 v2:172.21.15.32:3300/0 1 ==== mon_map magic: 0 ==== 205+0+0 (secure 0 0 0) 0x7f6d10004160 con 0x7f6d2007de00
2024-04-25T00:23:37.647 INFO:teuthology.orchestra.run.smithi032.stdout:/usr/bin/ceph: stderr
2024-04-25T00:23:36.773+0000 7f6d1e7fc700 1 -- 172.21.15.32:0/2030232614 <== mon.0 v2:172.21.15.32:3300/0 2 ==== config(27 keys) ==== 1140+0+0 (secure 0 0 0) 0x7f6d10004300 con 0x7f6d2007de00
2024-04-25T00:23:37.647 INFO:teuthology.orchestra.run.smithi032.stdout:/usr/bin/ceph: stderr
2024-04-25T00:23:36.773+0000 7f6d1e7fc700 1 -- 172.21.15.32:0/2030232614 <== mon.0 v2:172.21.15.32:3300/0 3 ==== mon_map magic: 0 ==== 205+0+0 (secure 0 0 0) 0x7f6d10011b20 con 0x7f6d2007de00
2024-04-25T00:23:37.647 INFO:teuthology.orchestra.run.smithi032.stdout:/usr/bin/ceph: stderr
2024-04-25T00:23:36.773+0000 7f6d25d7c700 1 -- 172.21.15.32:0/2030232614 >> [v2:172.21.15.32:3300/0,v1:172.21.15.32:6789/0] conn(0x7f6d2007de00 msgr2=0x7f6d2007c300 secure :-1 s=STATE_CONNECTION_ESTABLISHED l=1).mark_down
2024-04-25T00:23:37.647 INFO:teuthology.orchestra.run.smithi032.stdout:/usr/bin/ceph: stderr
2024-04-25T00:23:36.773+0000 7f6d25d7c700 1 --2- 172.21.15.32:0/2030232614 >> [v2:172.21.15.32:3300/0,v1:172.21.15.32:6789/0] conn(0x7f6d2007de00 0x7f6d2007c300 secure :-1 s=READY pgs=55 cs=0 l=1 rev1=1 crypto rx=0x7f6d100098a0 tx=0x7f6d10009bb0 comp rx=0 tx=0).stop
2024-04-25T00:23:37.647 INFO:teuthology.orchestra.run.smithi032.stdout:/usr/bin/ceph: stderr
2024-04-25T00:23:36.773+0000 7f6d25d7c700 1 -- 172.21.15.32:0/2030232614 shutdown_connections
2024-04-25T00:23:37.647 INFO:teuthology.orchestra.run.smithi032.stdout:/usr/bin/ceph: stderr
2024-04-25T00:23:36.773+0000 7f6d25d7c700 1 --2- 172.21.15.32:0/2030232614 >> [v2:172.21.15.32:3300/0,v1:172.21.15.32:6789/0] conn(0x7f6d2007de00 0x7f6d2007c300 unknown :-1 s=CLOSED pgs=55 cs=0 l=1 rev1=1 crypto rx=0 tx=0 comp rx=0 tx=0).stop
2024-04-25T00:23:37.647 INFO:teuthology.orchestra.run.smithi032.stdout:/usr/bin/ceph: stderr
2024-04-25T00:23:36.773+0000 7f6d25d7c700 1 -- 172.21.15.32:0/2030232614 >> 172.21.15.32:0/2030232614 conn(0x7f6d20103230 msgr2=0x7f6d20105650 unknown :-1 s=STATE_NONE l=0).mark_down
2024-04-25T00:23:37.647 INFO:teuthology.orchestra.run.smithi032.stdout:/usr/bin/ceph: stderr
2024-04-25T00:23:36.774+0000 7f6d25d7c700 1 -- 172.21.15.32:0/2030232614 shutdown_connections
2024-04-25T00:23:37.647 INFO:teuthology.orchestra.run.smithi032.stdout:/usr/bin/ceph: stderr
2024-04-25T00:23:36.774+0000 7f6d25d7c700 1 -- 172.21.15.32:0/2030232614 wait complete.
2024-04-25T00:23:37.647 INFO:teuthology.orchestra.run.smithi032.stdout:/usr/bin/ceph: stderr
2024-04-25T00:23:36.774+0000 7f6d25d7c700 1 Processor -- start
2024-04-25T00:23:37.647 INFO:teuthology.orchestra.run.smithi032.stdout:/usr/bin/ceph: stderr
2024-04-25T00:23:36.775+0000 7f6d25d7c700 1 -- start start
2024-04-25T00:23:37.647 INFO:teuthology.orchestra.run.smithi032.stdout:/usr/bin/ceph: stderr
2024-04-25T00:23:36.775+0000 7f6d25d7c700 1 --2- >> [v2:172.21.15.32:3300/0,v1:172.21.15.32:6789/0] conn(0x7f6d2007de00 0x7f6d2019dce0 unknown :-1 s=NONE pgs=0 cs=0 l=1 rev1=0 crypto rx=0 tx=0 comp rx=0 tx=0).connect
2024-04-25T00:23:37.647 INFO:teuthology.orchestra.run.smithi032.stdout:/usr/bin/ceph: stderr
2024-04-25T00:23:36.775+0000 7f6d25d7c700 1 -- --> [v2:172.21.15.32:3300/0,v1:172.21.15.32:6789/0] -- mon_getmap magic: 0 -- 0x7f6d2010e190 con 0x7f6d2007de00
2024-04-25T00:23:37.648 INFO:teuthology.orchestra.run.smithi032.stdout:/usr/bin/ceph: stderr
2024-04-25T00:23:36.775+0000 7f6d1f7fe700 1 --2- >> [v2:172.21.15.32:3300/0,v1:172.21.15.32:6789/0] conn(0x7f6d2007de00 0x7f6d2019dce0 unknown :-1 s=BANNER_CONNECTING pgs=0 cs=0 l=1 rev1=0 crypto rx=0 tx=0 comp rx=0 tx=0)._handle_peer_banner_payload supported=3 required=0
2024-04-25T00:23:37.648 INFO:teuthology.orchestra.run.smithi032.stdout:/usr/bin/ceph: stderr
2024-04-25T00:23:36.775+0000 7f6d1f7fe700 1 --2- >> [v2:172.21.15.32:3300/0,v1:172.21.15.32:6789/0] conn(0x7f6d2007de00 0x7f6d2019dce0 unknown :-1 s=HELLO_CONNECTING pgs=0 cs=0 l=1 rev1=1 crypto rx=0 tx=0 comp rx=0 tx=0).handle_hello peer v2:172.21.15.32:3300/0 says I am v2:172.21.15.32:40746/0 (socket says 172.21.15.32:40746)
2024-04-25T00:23:37.648 INFO:teuthology.orchestra.run.smithi032.stdout:/usr/bin/ceph: stderr
2024-04-25T00:23:36.775+0000 7f6d1f7fe700 1 -- 172.21.15.32:0/1881799781 learned_addr learned my addr 172.21.15.32:0/1881799781 (peer_addr_for_me v2:172.21.15.32:0/0)
2024-04-25T00:23:37.648 INFO:teuthology.orchestra.run.smithi032.stdout:/usr/bin/ceph: stderr
2024-04-25T00:23:36.775+0000 7f6d1f7fe700 1 -- 172.21.15.32:0/1881799781 --> [v2:172.21.15.32:3300/0,v1:172.21.15.32:6789/0] -- mon_subscribe({config=0+,monmap=0+}) -- 0x7f6d2019e220 con 0x7f6d2007de00
2024-04-25T00:23:37.648 INFO:teuthology.orchestra.run.smithi032.stdout:/usr/bin/ceph: stderr
2024-04-25T00:23:36.775+0000 7f6d1f7fe700 1 --2- 172.21.15.32:0/1881799781 >> [v2:172.21.15.32:3300/0,v1:172.21.15.32:6789/0] conn(0x7f6d2007de00 0x7f6d2019dce0 secure :-1 s=READY pgs=56 cs=0 l=1 rev1=1 crypto rx=0x7f6d100117e0 tx=0x7f6d10011c10 comp rx=0 tx=0).ready entity=mon.0 client_cookie=0 server_cookie=0 in_seq=0 out_seq=0
2024-04-25T00:23:37.648 INFO:teuthology.orchestra.run.smithi032.stdout:/usr/bin/ceph: stderr
2024-04-25T00:23:36.776+0000 7f6d1cff9700 1 -- 172.21.15.32:0/1881799781 <== mon.0 v2:172.21.15.32:3300/0 1 ==== mon_map magic: 0 ==== 205+0+0 (secure 0 0 0) 0x7f6d10003bf0 con 0x7f6d2007de00
2024-04-25T00:23:37.648 INFO:teuthology.orchestra.run.smithi032.stdout:/usr/bin/ceph: stderr
2024-04-25T00:23:36.776+0000 7f6d25d7c700 1 -- 172.21.15.32:0/1881799781 --> [v2:172.21.15.32:3300/0,v1:172.21.15.32:6789/0] -- mon_subscribe({mgrmap=0+}) -- 0x7f6d2019e4b0 con 0x7f6d2007de00
2024-04-25T00:23:37.648 INFO:teuthology.orchestra.run.smithi032.stdout:/usr/bin/ceph: stderr
2024-04-25T00:23:36.776+0000 7f6d25d7c700 1 -- 172.21.15.32:0/1881799781 --> [v2:172.21.15.32:3300/0,v1:172.21.15.32:6789/0] -- mon_subscribe({osdmap=0}) -- 0x7f6d2019e910 con 0x7f6d2007de00
2024-04-25T00:23:37.648 INFO:teuthology.orchestra.run.smithi032.stdout:/usr/bin/ceph: stderr
2024-04-25T00:23:36.776+0000 7f6d1cff9700 1 -- 172.21.15.32:0/1881799781 <== mon.0 v2:172.21.15.32:3300/0 2 ==== config(27 keys) ==== 1140+0+0 (secure 0 0 0) 0x7f6d1001a910 con 0x7f6d2007de00
2024-04-25T00:23:37.648 INFO:teuthology.orchestra.run.smithi032.stdout:/usr/bin/ceph: stderr
2024-04-25T00:23:36.776+0000 7f6d1cff9700 1 -- 172.21.15.32:0/1881799781 <== mon.0 v2:172.21.15.32:3300/0 3 ==== mon_map magic: 0 ==== 205+0+0 (secure 0 0 0) 0x7f6d10024970 con 0x7f6d2007de00
2024-04-25T00:23:37.648 INFO:teuthology.orchestra.run.smithi032.stdout:/usr/bin/ceph: stderr
2024-04-25T00:23:36.777+0000 7f6d25d7c700 1 -- 172.21.15.32:0/1881799781 --> [v2:172.21.15.32:3300/0,v1:172.21.15.32:6789/0] -- mon_command({"prefix": "get_command_descriptions"} v 0) -- 0x7f6d20063890 con 0x7f6d2007de00
2024-04-25T00:23:37.648 INFO:teuthology.orchestra.run.smithi032.stdout:/usr/bin/ceph: stderr
2024-04-25T00:23:36.777+0000 7f6d1cff9700 1 -- 172.21.15.32:0/1881799781 <== mon.0 v2:172.21.15.32:3300/0 4 ==== mgrmap(e 9) ==== 46300+0+0 (secure 0 0 0) 0x7f6d10022020 con 0x7f6d2007de00
2024-04-25T00:23:37.648 INFO:teuthology.orchestra.run.smithi032.stdout:/usr/bin/ceph: stderr
2024-04-25T00:23:36.777+0000 7f6d1cff9700 1 --2- 172.21.15.32:0/1881799781 >> [v2:172.21.15.32:6800/4160192081,v1:172.21.15.32:6801/4160192081] conn(0x7f6d080390b0 0x7f6d0803b570 unknown :-1 s=NONE pgs=0 cs=0 l=1 rev1=0 crypto rx=0 tx=0 comp rx=0 tx=0).connect
2024-04-25T00:23:37.649 INFO:teuthology.orchestra.run.smithi032.stdout:/usr/bin/ceph: stderr
2024-04-25T00:23:36.777+0000 7f6d1cff9700 1 -- 172.21.15.32:0/1881799781 <== mon.0 v2:172.21.15.32:3300/0 5 ==== osd_map(2..2 src has 1..2) ==== 940+0+0 (secure 0 0 0) 0x7f6d1004d3d0 con 0x7f6d2007de00
2024-04-25T00:23:37.649 INFO:teuthology.orchestra.run.smithi032.stdout:/usr/bin/ceph: stderr
2024-04-25T00:23:36.777+0000 7f6d1effd700 1 -- 172.21.15.32:0/1881799781 >> [v2:172.21.15.32:6800/4160192081,v1:172.21.15.32:6801/4160192081] conn(0x7f6d080390b0 msgr2=0x7f6d0803b570 unknown :-1 s=STATE_CONNECTING_RE l=1).process reconnect failed to v2:172.21.15.32:6800/4160192081
2024-04-25T00:23:37.649 INFO:teuthology.orchestra.run.smithi032.stdout:/usr/bin/ceph: stderr
2024-04-25T00:23:36.777+0000 7f6d1effd700 1 --2- 172.21.15.32:0/1881799781 >> [v2:172.21.15.32:6800/4160192081,v1:172.21.15.32:6801/4160192081] conn(0x7f6d080390b0 0x7f6d0803b570 unknown :-1 s=START_CONNECT pgs=0 cs=0 l=1 rev1=0 crypto rx=0 tx=0 comp rx=0 tx=0)._fault waiting 0.200000
2024-04-25T00:23:37.649 INFO:teuthology.orchestra.run.smithi032.stdout:/usr/bin/ceph: stderr
2024-04-25T00:23:36.786+0000 7f6d1cff9700 1 -- 172.21.15.32:0/1881799781 <== mon.0 v2:172.21.15.32:3300/0 6 ==== mon_command_ack([{"prefix": "get_command_descriptions"}]=0 v0) ==== 72+0+186147 (secure 0 0 0) 0x7f6d10011e20 con 0x7f6d2007de00
2024-04-25T00:23:37.649 INFO:teuthology.orchestra.run.smithi032.stdout:/usr/bin/ceph: stderr
2024-04-25T00:23:36.978+0000 7f6d1effd700 1 -- 172.21.15.32:0/1881799781 >> [v2:172.21.15.32:6800/4160192081,v1:172.21.15.32:6801/4160192081] conn(0x7f6d080390b0 msgr2=0x7f6d0803b570 unknown :-1 s=STATE_CONNECTING_RE l=1).process reconnect failed to v2:172.21.15.32:6800/4160192081
2024-04-25T00:23:37.649 INFO:teuthology.orchestra.run.smithi032.stdout:/usr/bin/ceph: stderr
2024-04-25T00:23:36.978+0000 7f6d1effd700 1 --2- 172.21.15.32:0/1881799781 >> [v2:172.21.15.32:6800/4160192081,v1:172.21.15.32:6801/4160192081] conn(0x7f6d080390b0 0x7f6d0803b570 unknown :-1 s=START_CONNECT pgs=0 cs=0 l=1 rev1=0 crypto rx=0 tx=0 comp rx=0 tx=0)._fault waiting 0.400000
2024-04-25T00:23:37.649 INFO:teuthology.orchestra.run.smithi032.stdout:/usr/bin/ceph: stderr
2024-04-25T00:23:37.099+0000 7f6d25d7c700 1 -- 172.21.15.32:0/1881799781 --> [v2:172.21.15.32:3300/0,v1:172.21.15.32:6789/0] -- mon_command({"prefix": "mgr stat"} v 0) -- 0x7f6d201a1740 con 0x7f6d2007de00
2024-04-25T00:23:37.649 INFO:teuthology.orchestra.run.smithi032.stdout:/usr/bin/ceph: stderr
2024-04-25T00:23:37.099+0000 7f6d1cff9700 1 -- 172.21.15.32:0/1881799781 <== mon.0 v2:172.21.15.32:3300/0 7 ==== mon_command_ack([{"prefix": "mgr stat"}]=0 v9) ==== 56+0+88 (secure 0 0 0) 0x7f6d1002ad90 con 0x7f6d2007de00
2024-04-25T00:23:37.649 INFO:teuthology.orchestra.run.smithi032.stdout:/usr/bin/ceph: stderr
2024-04-25T00:23:37.102+0000 7f6d25d7c700 1 -- 172.21.15.32:0/1881799781 >> [v2:172.21.15.32:6800/4160192081,v1:172.21.15.32:6801/4160192081] conn(0x7f6d080390b0 msgr2=0x7f6d0803b570 unknown :-1 s=STATE_CONNECTING l=1).mark_down
2024-04-25T00:23:37.649 INFO:teuthology.orchestra.run.smithi032.stdout:/usr/bin/ceph: stderr
2024-04-25T00:23:37.102+0000 7f6d25d7c700 1 --2- 172.21.15.32:0/1881799781 >> [v2:172.21.15.32:6800/4160192081,v1:172.21.15.32:6801/4160192081] conn(0x7f6d080390b0 0x7f6d0803b570 unknown :-1 s=START_CONNECT pgs=0 cs=0 l=1 rev1=0 crypto rx=0 tx=0 comp rx=0 tx=0).stop
2024-04-25T00:23:37.649 INFO:teuthology.orchestra.run.smithi032.stdout:/usr/bin/ceph: stderr
2024-04-25T00:23:37.102+0000 7f6d25d7c700 1 -- 172.21.15.32:0/1881799781 >> [v2:172.21.15.32:3300/0,v1:172.21.15.32:6789/0] conn(0x7f6d2007de00 msgr2=0x7f6d2019dce0 secure :-1 s=STATE_CONNECTION_ESTABLISHED l=1).mark_down
2024-04-25T00:23:37.649 INFO:teuthology.orchestra.run.smithi032.stdout:/usr/bin/ceph: stderr
