2024-04-25T00:23:19.998 INFO:journalctl@ceph.mon.a.smithi032.stdout:Apr 25 00:23:19 smithi032 ceph-mon[29357]: Generating ssh key...
2024-04-25T00:23:20.418 INFO:journalctl@ceph.mgr.x.smithi032.stdout:Apr 25 00:23:20 smithi032 ceph-cb997156-0299-11ef-bc93-c7b262605968-mgr-x[29591]: Generating public/private rsa key pair.
2024-04-25T00:23:20.418 INFO:journalctl@ceph.mgr.x.smithi032.stdout:Apr 25 00:23:20 smithi032 ceph-cb997156-0299-11ef-bc93-c7b262605968-mgr-x[29591]: Your identification has been saved in /tmp/tmpd3tlr6s8/key.
2024-04-25T00:23:20.418 INFO:journalctl@ceph.mgr.x.smithi032.stdout:Apr 25 00:23:20 smithi032 ceph-cb997156-0299-11ef-bc93-c7b262605968-mgr-x[29591]: Your public key has been saved in /tmp/tmpd3tlr6s8/key.pub.
2024-04-25T00:23:20.418 INFO:journalctl@ceph.mgr.x.smithi032.stdout:Apr 25 00:23:20 smithi032 ceph-cb997156-0299-11ef-bc93-c7b262605968-mgr-x[29591]: The key fingerprint is:
2024-04-25T00:23:20.419 INFO:journalctl@ceph.mgr.x.smithi032.stdout:Apr 25 00:23:20 smithi032 ceph-cb997156-0299-11ef-bc93-c7b262605968-mgr-x[29591]: SHA256:D6hoGtyqDUqmrLvVEmHhAXZV7ECwLTYz+kx1lPAfW8k ceph-cb997156-0299-11ef-bc93-c7b262605968
2024-04-25T00:23:20.419 INFO:journalctl@ceph.mgr.x.smithi032.stdout:Apr 25 00:23:20 smithi032 ceph-cb997156-0299-11ef-bc93-c7b262605968-mgr-x[29591]: The key's randomart image is:
2024-04-25T00:23:20.419 INFO:journalctl@ceph.mgr.x.smithi032.stdout:Apr 25 00:23:20 smithi032 ceph-cb997156-0299-11ef-bc93-c7b262605968-mgr-x[29591]: +---[RSA 3072]----+
2024-04-25T00:23:20.419 INFO:journalctl@ceph.mgr.x.smithi032.stdout:Apr 25 00:23:20 smithi032 ceph-cb997156-0299-11ef-bc93-c7b262605968-mgr-x[29591]: |.ooo+++o. |
2024-04-25T00:23:20.419 INFO:journalctl@ceph.mgr.x.smithi032.stdout:Apr 25 00:23:20 smithi032 ceph-cb997156-0299-11ef-bc93-c7b262605968-mgr-x[29591]: |...oo.oo . . |
2024-04-25T00:23:20.419 INFO:journalctl@ceph.mgr.x.smithi032.stdout:Apr 25 00:23:20 smithi032 ceph-cb997156-0299-11ef-bc93-c7b262605968-mgr-x[29591]: | +B ooo . E |
2024-04-25T00:23:20.419 INFO:journalctl@ceph.mgr.x.smithi032.stdout:Apr 25 00:23:20 smithi032 ceph-cb997156-0299-11ef-bc93-c7b262605968-mgr-x[29591]: | .o.* .o. + |
2024-04-25T00:23:20.419 INFO:journalctl@ceph.mgr.x.smithi032.stdout:Apr 25 00:23:20 smithi032 ceph-cb997156-0299-11ef-bc93-c7b262605968-mgr-x[29591]: | ... . So |
2024-04-25T00:23:20.419 INFO:journalctl@ceph.mgr.x.smithi032.stdout:Apr 25 00:23:20 smithi032 ceph-cb997156-0299-11ef-bc93-c7b262605968-mgr-x[29591]: |. =+ . o |
2024-04-25T00:23:20.419 INFO:journalctl@ceph.mgr.x.smithi032.stdout:Apr 25 00:23:20 smithi032 ceph-cb997156-0299-11ef-bc93-c7b262605968-mgr-x[29591]: |o+=+o . |
2024-04-25T00:23:20.419 INFO:journalctl@ceph.mgr.x.smithi032.stdout:Apr 25 00:23:20 smithi032 ceph-cb997156-0299-11ef-bc93-c7b262605968-mgr-x[29591]: |*B.. |
2024-04-25T00:23:20.419 INFO:journalctl@ceph.mgr.x.smithi032.stdout:Apr 25 00:23:20 smithi032 ceph-cb997156-0299-11ef-bc93-c7b262605968-mgr-x[29591]: |@=. |
2024-04-25T00:23:20.420 INFO:journalctl@ceph.mgr.x.smithi032.stdout:Apr 25 00:23:20 smithi032 ceph-cb997156-0299-11ef-bc93-c7b262605968-mgr-x[29591]: +----[SHA256]-----+
2024-04-25T00:23:20.686 INFO:teuthology.orchestra.run.smithi032.stdout:/usr/bin/ceph: stderr
2024-04-25T00:23:19.047+0000 7f8152ef3700 1 Processor -- start
2024-04-25T00:23:20.686 INFO:teuthology.orchestra.run.smithi032.stdout:/usr/bin/ceph: stderr
2024-04-25T00:23:19.047+0000 7f8152ef3700 1 -- start start
2024-04-25T00:23:20.686 INFO:teuthology.orchestra.run.smithi032.stdout:/usr/bin/ceph: stderr
2024-04-25T00:23:19.048+0000 7f8152ef3700 1 --2- >> [v2:172.21.15.32:3300/0,v1:172.21.15.32:6789/0] conn(0x7f814c106ae0 0x7f814c106f00 unknown :-1 s=NONE pgs=0 cs=0 l=0 rev1=0 crypto rx=0 tx=0 comp rx=0 tx=0).connect
2024-04-25T00:23:20.686 INFO:teuthology.orchestra.run.smithi032.stdout:/usr/bin/ceph: stderr
2024-04-25T00:23:19.048+0000 7f8152ef3700 1 -- --> [v2:172.21.15.32:3300/0,v1:172.21.15.32:6789/0] -- mon_getmap magic: 0 -- 0x7f814c1074d0 con 0x7f814c106ae0
2024-04-25T00:23:20.686 INFO:teuthology.orchestra.run.smithi032.stdout:/usr/bin/ceph: stderr
2024-04-25T00:23:19.048+0000 7f8150c8f700 1 --2- >> [v2:172.21.15.32:3300/0,v1:172.21.15.32:6789/0] conn(0x7f814c106ae0 0x7f814c106f00 unknown :-1 s=BANNER_CONNECTING pgs=0 cs=0 l=0 rev1=0 crypto rx=0 tx=0 comp rx=0 tx=0)._handle_peer_banner_payload supported=3 required=0
2024-04-25T00:23:20.686 INFO:teuthology.orchestra.run.smithi032.stdout:/usr/bin/ceph: stderr
2024-04-25T00:23:19.048+0000 7f8150c8f700 1 --2- >> [v2:172.21.15.32:3300/0,v1:172.21.15.32:6789/0] conn(0x7f814c106ae0 0x7f814c106f00 unknown :-1 s=HELLO_CONNECTING pgs=0 cs=0 l=0 rev1=1 crypto rx=0 tx=0 comp rx=0 tx=0).handle_hello peer v2:172.21.15.32:3300/0 says I am v2:172.21.15.32:40106/0 (socket says 172.21.15.32:40106)
2024-04-25T00:23:20.686 INFO:teuthology.orchestra.run.smithi032.stdout:/usr/bin/ceph: stderr
2024-04-25T00:23:19.048+0000 7f8150c8f700 1 -- 172.21.15.32:0/2327702510 learned_addr learned my addr 172.21.15.32:0/2327702510 (peer_addr_for_me v2:172.21.15.32:0/0)
2024-04-25T00:23:20.686 INFO:teuthology.orchestra.run.smithi032.stdout:/usr/bin/ceph: stderr
2024-04-25T00:23:19.048+0000 7f8150c8f700 1 -- 172.21.15.32:0/2327702510 --> [v2:172.21.15.32:3300/0,v1:172.21.15.32:6789/0] -- mon_subscribe({config=0+,monmap=0+}) -- 0x7f814c107ce0 con 0x7f814c106ae0
2024-04-25T00:23:20.686 INFO:teuthology.orchestra.run.smithi032.stdout:/usr/bin/ceph: stderr
2024-04-25T00:23:19.048+0000 7f8150c8f700 1 --2- 172.21.15.32:0/2327702510 >> [v2:172.21.15.32:3300/0,v1:172.21.15.32:6789/0] conn(0x7f814c106ae0 0x7f814c106f00 secure :-1 s=READY pgs=37 cs=0 l=1 rev1=1 crypto rx=0x7f81400098a0 tx=0x7f8140009bb0 comp rx=0 tx=0).ready entity=mon.0 client_cookie=cef78bc600181e05 server_cookie=0 in_seq=0 out_seq=0
2024-04-25T00:23:20.687 INFO:teuthology.orchestra.run.smithi032.stdout:/usr/bin/ceph: stderr
2024-04-25T00:23:19.049+0000 7f814b7fe700 1 -- 172.21.15.32:0/2327702510 <== mon.0 v2:172.21.15.32:3300/0 1 ==== mon_map magic: 0 ==== 205+0+0 (secure 0 0 0) 0x7f8140004160 con 0x7f814c106ae0
2024-04-25T00:23:20.687 INFO:teuthology.orchestra.run.smithi032.stdout:/usr/bin/ceph: stderr
2024-04-25T00:23:19.049+0000 7f814b7fe700 1 -- 172.21.15.32:0/2327702510 <== mon.0 v2:172.21.15.32:3300/0 2 ==== config(27 keys) ==== 1109+0+0 (secure 0 0 0) 0x7f8140004300 con 0x7f814c106ae0
2024-04-25T00:23:20.687 INFO:teuthology.orchestra.run.smithi032.stdout:/usr/bin/ceph: stderr
2024-04-25T00:23:19.049+0000 7f814b7fe700 1 -- 172.21.15.32:0/2327702510 <== mon.0 v2:172.21.15.32:3300/0 3 ==== mon_map magic: 0 ==== 205+0+0 (secure 0 0 0) 0x7f8140011b50 con 0x7f814c106ae0
2024-04-25T00:23:20.687 INFO:teuthology.orchestra.run.smithi032.stdout:/usr/bin/ceph: stderr
2024-04-25T00:23:19.049+0000 7f8152ef3700 1 -- 172.21.15.32:0/2327702510 >> [v2:172.21.15.32:3300/0,v1:172.21.15.32:6789/0] conn(0x7f814c106ae0 msgr2=0x7f814c106f00 secure :-1 s=STATE_CONNECTION_ESTABLISHED l=1).mark_down
2024-04-25T00:23:20.687 INFO:teuthology.orchestra.run.smithi032.stdout:/usr/bin/ceph: stderr
2024-04-25T00:23:19.049+0000 7f8152ef3700 1 --2- 172.21.15.32:0/2327702510 >> [v2:172.21.15.32:3300/0,v1:172.21.15.32:6789/0] conn(0x7f814c106ae0 0x7f814c106f00 secure :-1 s=READY pgs=37 cs=0 l=1 rev1=1 crypto rx=0x7f81400098a0 tx=0x7f8140009bb0 comp rx=0 tx=0).stop
2024-04-25T00:23:20.687 INFO:teuthology.orchestra.run.smithi032.stdout:/usr/bin/ceph: stderr
2024-04-25T00:23:19.049+0000 7f8152ef3700 1 -- 172.21.15.32:0/2327702510 shutdown_connections
2024-04-25T00:23:20.687 INFO:teuthology.orchestra.run.smithi032.stdout:/usr/bin/ceph: stderr
2024-04-25T00:23:19.049+0000 7f8152ef3700 1 --2- 172.21.15.32:0/2327702510 >> [v2:172.21.15.32:3300/0,v1:172.21.15.32:6789/0] conn(0x7f814c106ae0 0x7f814c106f00 unknown :-1 s=CLOSED pgs=37 cs=0 l=1 rev1=1 crypto rx=0 tx=0 comp rx=0 tx=0).stop
2024-04-25T00:23:20.687 INFO:teuthology.orchestra.run.smithi032.stdout:/usr/bin/ceph: stderr
2024-04-25T00:23:19.049+0000 7f8152ef3700 1 -- 172.21.15.32:0/2327702510 >> 172.21.15.32:0/2327702510 conn(0x7f814c1020a0 msgr2=0x7f814c1044c0 unknown :-1 s=STATE_NONE l=0).mark_down
2024-04-25T00:23:20.687 INFO:teuthology.orchestra.run.smithi032.stdout:/usr/bin/ceph: stderr
2024-04-25T00:23:19.049+0000 7f8152ef3700 1 -- 172.21.15.32:0/2327702510 shutdown_connections
2024-04-25T00:23:20.687 INFO:teuthology.orchestra.run.smithi032.stdout:/usr/bin/ceph: stderr
2024-04-25T00:23:19.049+0000 7f8152ef3700 1 -- 172.21.15.32:0/2327702510 wait complete.
2024-04-25T00:23:20.687 INFO:teuthology.orchestra.run.smithi032.stdout:/usr/bin/ceph: stderr
2024-04-25T00:23:19.050+0000 7f8152ef3700 1 Processor -- start
2024-04-25T00:23:20.687 INFO:teuthology.orchestra.run.smithi032.stdout:/usr/bin/ceph: stderr
2024-04-25T00:23:19.050+0000 7f8152ef3700 1 -- start start
2024-04-25T00:23:20.687 INFO:teuthology.orchestra.run.smithi032.stdout:/usr/bin/ceph: stderr
2024-04-25T00:23:19.050+0000 7f8152ef3700 1 --2- >> [v2:172.21.15.32:3300/0,v1:172.21.15.32:6789/0] conn(0x7f814c106ae0 0x7f814c19bba0 unknown :-1 s=NONE pgs=0 cs=0 l=1 rev1=0 crypto rx=0 tx=0 comp rx=0 tx=0).connect
2024-04-25T00:23:20.688 INFO:teuthology.orchestra.run.smithi032.stdout:/usr/bin/ceph: stderr
2024-04-25T00:23:19.050+0000 7f8152ef3700 1 -- --> [v2:172.21.15.32:3300/0,v1:172.21.15.32:6789/0] -- mon_getmap magic: 0 -- 0x7f814c10b090 con 0x7f814c106ae0
2024-04-25T00:23:20.688 INFO:teuthology.orchestra.run.smithi032.stdout:/usr/bin/ceph: stderr
2024-04-25T00:23:19.050+0000 7f8150c8f700 1 --2- >> [v2:172.21.15.32:3300/0,v1:172.21.15.32:6789/0] conn(0x7f814c106ae0 0x7f814c19bba0 unknown :-1 s=BANNER_CONNECTING pgs=0 cs=0 l=1 rev1=0 crypto rx=0 tx=0 comp rx=0 tx=0)._handle_peer_banner_payload supported=3 required=0
2024-04-25T00:23:20.688 INFO:teuthology.orchestra.run.smithi032.stdout:/usr/bin/ceph: stderr
2024-04-25T00:23:19.050+0000 7f8150c8f700 1 --2- >> [v2:172.21.15.32:3300/0,v1:172.21.15.32:6789/0] conn(0x7f814c106ae0 0x7f814c19bba0 unknown :-1 s=HELLO_CONNECTING pgs=0 cs=0 l=1 rev1=1 crypto rx=0 tx=0 comp rx=0 tx=0).handle_hello peer v2:172.21.15.32:3300/0 says I am v2:172.21.15.32:40114/0 (socket says 172.21.15.32:40114)
2024-04-25T00:23:20.688 INFO:teuthology.orchestra.run.smithi032.stdout:/usr/bin/ceph: stderr
2024-04-25T00:23:19.050+0000 7f8150c8f700 1 -- 172.21.15.32:0/3669314515 learned_addr learned my addr 172.21.15.32:0/3669314515 (peer_addr_for_me v2:172.21.15.32:0/0)
2024-04-25T00:23:20.688 INFO:teuthology.orchestra.run.smithi032.stdout:/usr/bin/ceph: stderr
2024-04-25T00:23:19.051+0000 7f8150c8f700 1 -- 172.21.15.32:0/3669314515 --> [v2:172.21.15.32:3300/0,v1:172.21.15.32:6789/0] -- mon_subscribe({config=0+,monmap=0+}) -- 0x7f814c19c0e0 con 0x7f814c106ae0
2024-04-25T00:23:20.688 INFO:teuthology.orchestra.run.smithi032.stdout:/usr/bin/ceph: stderr
2024-04-25T00:23:19.051+0000 7f8150c8f700 1 --2- 172.21.15.32:0/3669314515 >> [v2:172.21.15.32:3300/0,v1:172.21.15.32:6789/0] conn(0x7f814c106ae0 0x7f814c19bba0 secure :-1 s=READY pgs=38 cs=0 l=1 rev1=1 crypto rx=0x7f8140000c00 tx=0x7f8140011c10 comp rx=0 tx=0).ready entity=mon.0 client_cookie=0 server_cookie=0 in_seq=0 out_seq=0
2024-04-25T00:23:20.688 INFO:teuthology.orchestra.run.smithi032.stdout:/usr/bin/ceph: stderr
2024-04-25T00:23:19.051+0000 7f8149ffb700 1 -- 172.21.15.32:0/3669314515 <== mon.0 v2:172.21.15.32:3300/0 1 ==== mon_map magic: 0 ==== 205+0+0 (secure 0 0 0) 0x7f8140003b20 con 0x7f814c106ae0
2024-04-25T00:23:20.688 INFO:teuthology.orchestra.run.smithi032.stdout:/usr/bin/ceph: stderr
2024-04-25T00:23:19.051+0000 7f8149ffb700 1 -- 172.21.15.32:0/3669314515 <== mon.0 v2:172.21.15.32:3300/0 2 ==== config(27 keys) ==== 1109+0+0 (secure 0 0 0) 0x7f8140003cc0 con 0x7f814c106ae0
2024-04-25T00:23:20.688 INFO:teuthology.orchestra.run.smithi032.stdout:/usr/bin/ceph: stderr
2024-04-25T00:23:19.051+0000 7f8152ef3700 1 -- 172.21.15.32:0/3669314515 --> [v2:172.21.15.32:3300/0,v1:172.21.15.32:6789/0] -- mon_subscribe({mgrmap=0+}) -- 0x7f814c19c370 con 0x7f814c106ae0
2024-04-25T00:23:20.688 INFO:teuthology.orchestra.run.smithi032.stdout:/usr/bin/ceph: stderr
2024-04-25T00:23:19.051+0000 7f8149ffb700 1 -- 172.21.15.32:0/3669314515 <== mon.0 v2:172.21.15.32:3300/0 3 ==== mon_map magic: 0 ==== 205+0+0 (secure 0 0 0) 0x7f8140024910 con 0x7f814c106ae0
2024-04-25T00:23:20.688 INFO:teuthology.orchestra.run.smithi032.stdout:/usr/bin/ceph: stderr
2024-04-25T00:23:19.051+0000 7f8152ef3700 1 -- 172.21.15.32:0/3669314515 --> [v2:172.21.15.32:3300/0,v1:172.21.15.32:6789/0] -- mon_subscribe({osdmap=0}) -- 0x7f814c19f060 con 0x7f814c106ae0
2024-04-25T00:23:20.688 INFO:teuthology.orchestra.run.smithi032.stdout:/usr/bin/ceph: stderr
2024-04-25T00:23:19.052+0000 7f8149ffb700 1 -- 172.21.15.32:0/3669314515 <== mon.0 v2:172.21.15.32:3300/0 4 ==== mgrmap(e 8) ==== 46287+0+0 (secure 0 0 0) 0x7f8140022020 con 0x7f814c106ae0
2024-04-25T00:23:20.689 INFO:teuthology.orchestra.run.smithi032.stdout:/usr/bin/ceph: stderr
2024-04-25T00:23:19.052+0000 7f8152ef3700 1 -- 172.21.15.32:0/3669314515 --> [v2:172.21.15.32:3300/0,v1:172.21.15.32:6789/0] -- mon_command({"prefix": "get_command_descriptions"} v 0) -- 0x7f814c063890 con 0x7f814c106ae0
2024-04-25T00:23:20.689 INFO:teuthology.orchestra.run.smithi032.stdout:/usr/bin/ceph: stderr
2024-04-25T00:23:19.052+0000 7f8149ffb700 1 --2- 172.21.15.32:0/3669314515 >> [v2:172.21.15.32:6800/4160192081,v1:172.21.15.32:6801/4160192081] conn(0x7f813c0390a0 0x7f813c03b560 unknown :-1 s=NONE pgs=0 cs=0 l=1 rev1=0 crypto rx=0 tx=0 comp rx=0 tx=0).connect
2024-04-25T00:23:20.689 INFO:teuthology.orchestra.run.smithi032.stdout:/usr/bin/ceph: stderr
2024-04-25T00:23:19.052+0000 7f8149ffb700 1 -- 172.21.15.32:0/3669314515 <== mon.0 v2:172.21.15.32:3300/0 5 ==== osd_map(2..2 src has 1..2) ==== 940+0+0 (secure 0 0 0) 0x7f8140011e00 con 0x7f814c106ae0
2024-04-25T00:23:20.689 INFO:teuthology.orchestra.run.smithi032.stdout:/usr/bin/ceph: stderr
2024-04-25T00:23:19.052+0000 7f814bfff700 1 --2- 172.21.15.32:0/3669314515 >> [v2:172.21.15.32:6800/4160192081,v1:172.21.15.32:6801/4160192081] conn(0x7f813c0390a0 0x7f813c03b560 unknown :-1 s=BANNER_CONNECTING pgs=0 cs=0 l=1 rev1=0 crypto rx=0 tx=0 comp rx=0 tx=0)._handle_peer_banner_payload supported=3 required=0
2024-04-25T00:23:20.689 INFO:teuthology.orchestra.run.smithi032.stdout:/usr/bin/ceph: stderr
2024-04-25T00:23:19.053+0000 7f814bfff700 1 --2- 172.21.15.32:0/3669314515 >> [v2:172.21.15.32:6800/4160192081,v1:172.21.15.32:6801/4160192081] conn(0x7f813c0390a0 0x7f813c03b560 secure :-1 s=READY pgs=9 cs=0 l=1 rev1=1 crypto rx=0x7f8138006fd0 tx=0x7f8138006e40 comp rx=0 tx=0).ready entity=mgr.14116 client_cookie=0 server_cookie=0 in_seq=0 out_seq=0
2024-04-25T00:23:20.689 INFO:teuthology.orchestra.run.smithi032.stdout:/usr/bin/ceph: stderr
2024-04-25T00:23:19.057+0000 7f8149ffb700 1 -- 172.21.15.32:0/3669314515 <== mon.0 v2:172.21.15.32:3300/0 6 ==== mon_command_ack([{"prefix": "get_command_descriptions"}]=0 v0) ==== 72+0+186147 (secure 0 0 0) 0x7f8140017ca0 con 0x7f814c106ae0
2024-04-25T00:23:20.689 INFO:teuthology.orchestra.run.smithi032.stdout:/usr/bin/ceph: stderr
2024-04-25T00:23:19.263+0000 7f8152ef3700 1 -- 172.21.15.32:0/3669314515 --> [v2:172.21.15.32:6800/4160192081,v1:172.21.15.32:6801/4160192081] -- mgr_command(tid 0: {"prefix": "cephadm generate-key", "target": ["mon-mgr", ""]}) -- 0x7f814c0008d0 con 0x7f813c0390a0
2024-04-25T00:23:20.689 INFO:teuthology.orchestra.run.smithi032.stdout:/usr/bin/ceph: stderr
2024-04-25T00:23:20.099+0000 7f8149ffb700 1 -- 172.21.15.32:0/3669314515 <== mgr.14116 v2:172.21.15.32:6800/4160192081 1 ==== mgr_command_reply(tid 0: 0 ) ==== 8+0+0 (secure 0 0 0) 0x7f814c0008d0 con 0x7f813c0390a0
2024-04-25T00:23:20.689 INFO:teuthology.orchestra.run.smithi032.stdout:/usr/bin/ceph: stderr
2024-04-25T00:23:20.101+0000 7f8152ef3700 1 -- 172.21.15.32:0/3669314515 >> [v2:172.21.15.32:6800/4160192081,v1:172.21.15.32:6801/4160192081] conn(0x7f813c0390a0 msgr2=0x7f813c03b560 secure :-1 s=STATE_CONNECTION_ESTABLISHED l=1).mark_down
2024-04-25T00:23:20.689 INFO:teuthology.orchestra.run.smithi032.stdout:/usr/bin/ceph: stderr
2024-04-25T00:23:20.101+0000 7f8152ef3700 1 --2- 172.21.15.32:0/3669314515 >> [v2:172.21.15.32:6800/4160192081,v1:172.21.15.32:6801/4160192081] conn(0x7f813c0390a0 0x7f813c03b560 secure :-1 s=READY pgs=9 cs=0 l=1 rev1=1 crypto rx=0x7f8138006fd0 tx=0x7f8138006e40 comp rx=0 tx=0).stop
2024-04-25T00:23:20.689 INFO:teuthology.orchestra.run.smithi032.stdout:/usr/bin/ceph: stderr
2024-04-25T00:23:20.101+0000 7f8152ef3700 1 -- 172.21.15.32:0/3669314515 >> [v2:172.21.15.32:3300/0,v1:172.21.15.32:6789/0] conn(0x7f814c106ae0 msgr2=0x7f814c19bba0 secure :-1 s=STATE_CONNECTION_ESTABLISHED l=1).mark_down
2024-04-25T00:23:20.690 INFO:teuthology.orchestra.run.smithi032.stdout:/usr/bin/ceph: stderr
2024-04-25T00:23:20.101+0000 7f8152ef3700 1 --2- 172.21.15.32:0/3669314515 >> [v2:172.21.15.32:3300/0,v1:172.21.15.32:6789/0] conn(0x7f814c106ae0 0x7f814c19bba0 secure :-1 s=READY pgs=38 cs=0 l=1 rev1=1 crypto rx=0x7f8140000c00 tx=0x7f8140011c10 comp rx=0 tx=0).stop
2024-04-25T00:23:20.690 INFO:teuthology.orchestra.run.smithi032.stdout:/usr/bin/ceph: stderr
2024-04-25T00:23:20.101+0000 7f8152ef3700 1 -- 172.21.15.32:0/3669314515 shutdown_connections
2024-04-25T00:23:20.690 INFO:teuthology.orchestra.run.smithi032.stdout:/usr/bin/ceph: stderr
2024-04-25T00:23:20.101+0000 7f8152ef3700 1 --2- 172.21.15.32:0/3669314515 >> [v2:172.21.15.32:6800/4160192081,v1:172.21.15.32:6801/4160192081] conn(0x7f813c0390a0 0x7f813c03b560 unknown :-1 s=CLOSED pgs=9 cs=0 l=1 rev1=1 crypto rx=0 tx=0 comp rx=0 tx=0).stop
2024-04-25T00:23:20.690 INFO:teuthology.orchestra.run.smithi032.stdout:/usr/bin/ceph: stderr
2024-04-25T00:23:20.101+0000 7f8152ef3700 1 --2- 172.21.15.32:0/3669314515 >> [v2:172.21.15.32:3300/0,v1:172.21.15.32:6789/0] conn(0x7f814c106ae0 0x7f814c19bba0 unknown :-1 s=CLOSED pgs=38 cs=0 l=1 rev1=1 crypto rx=0 tx=0 comp rx=0 tx=0).stop
2024-04-25T00:23:20.690 INFO:teuthology.orchestra.run.smithi032.stdout:/usr/bin/ceph: stderr
2024-04-25T00:23:20.101+0000 7f8152ef3700 1 -- 172.21.15.32:0/3669314515 >> 172.21.15.32:0/3669314515 conn(0x7f814c1020a0 msgr2=0x7f814c102f20 unknown :-1 s=STATE_NONE l=0).mark_down
2024-04-25T00:23:20.690 INFO:teuthology.orchestra.run.smithi032.stdout:/usr/bin/ceph: stderr
2024-04-25T00:23:20.101+0000 7f8152ef3700 1 -- 172.21.15.32:0/3669314515 shutdown_connections
2024-04-25T00:23:20.690 INFO:teuthology.orchestra.run.smithi032.stdout:/usr/bin/ceph: stderr
2024-04-25T00:23:20.101+0000 7f8152ef3700 1 -- 172.21.15.32:0/3669314515 wait complete.
2024-04-25T00:23:21.248 INFO:journalctl@ceph.mon.a.smithi032.stdout:Apr 25 00:23:21 smithi032 ceph-mon[29357]: from='mgr.14116 172.21.15.32:0/3540459056' entity='mgr.x'
2024-04-25T00:23:21.248 INFO:journalctl@ceph.mon.a.smithi032.stdout:Apr 25 00:23:21 smithi032 ceph-mon[29357]: from='mgr.14116 172.21.15.32:0/3540459056' entity='mgr.x'
2024-04-25T00:23:21.885 INFO:teuthology.orchestra.run.smithi032.stdout:/usr/bin/ceph: stdout ssh-rsa AAAAB3NzaC1yc2EAAAADAQABAAABgQDbpksuQENO7qVQyOf4/NPXGtN/S59yLoR/VLuJhl6gtPW2+mwrirhW3lOvbVCzMhpcBOeyLdEBmEri3c8xP4rb1vp4KXDAOjBcMdHSIxvf677Q1276d/ouFeaCwDvMx1GQ4KjCs6XPjMMWf1FyKp5But6ES6iZ3dmNYpEQCdX7UPhTPFuLZ7HihF88x5vTGM9Dz7W1js3lU+dlHb6gY4LrQPiElUF885/JYfG8MmG/8WULjzmPTsvi5o249ihqbGgjOZyhl5K4uUdA3U+M/LxrnkpCsT2pEF7Iq+3gpfSzkxrU6ZT6yK/gPXY2yMfLcEVintsCrxhT5W3ueFBXUCcaLgAoORDod/GleFgV+K1VZ89z0vCEKw8zucIqhTtWxgsgKaNdu7uesusu5rigVVAE8y9RlLj0WQquE4G/x/Wg+MfRZptvlTbq7xlsqhOZVTpW0ZWewipALhTaq9vT17jdWnhIOzGSDscg0Enz4MiLRcWbr7ICEeUxBzQapchBj0c= ceph-cb997156-0299-11ef-bc93-c7b262605968
2024-04-25T00:23:21.885 INFO:teuthology.orchestra.run.smithi032.stdout:/usr/bin/ceph: stderr
2024-04-25T00:23:21.099+0000 7f23256f2700 1 Processor -- start
2024-04-25T00:23:21.885 INFO:teuthology.orchestra.run.smithi032.stdout:/usr/bin/ceph: stderr
2024-04-25T00:23:21.099+0000 7f23256f2700 1 -- start start
2024-04-25T00:23:21.885 INFO:teuthology.orchestra.run.smithi032.stdout:/usr/bin/ceph: stderr
2024-04-25T00:23:21.099+0000 7f23256f2700 1 --2- >> [v2:172.21.15.32:3300/0,v1:172.21.15.32:6789/0] conn(0x7f2320108690 0x7f232010aa80 unknown :-1 s=NONE pgs=0 cs=0 l=0 rev1=0 crypto rx=0 tx=0 comp rx=0 tx=0).connect
2024-04-25T00:23:21.885 INFO:teuthology.orchestra.run.smithi032.stdout:/usr/bin/ceph: stderr
2024-04-25T00:23:21.099+0000 7f23256f2700 1 -- --> [v2:172.21.15.32:3300/0,v1:172.21.15.32:6789/0] -- mon_getmap magic: 0 -- 0x7f232007be90 con 0x7f2320108690
2024-04-25T00:23:21.885 INFO:teuthology.orchestra.run.smithi032.stdout:/usr/bin/ceph: stderr
2024-04-25T00:23:21.099+0000 7f231effd700 1 --2- >> [v2:172.21.15.32:3300/0,v1:172.21.15.32:6789/0] conn(0x7f2320108690 0x7f232010aa80 unknown :-1 s=BANNER_CONNECTING pgs=0 cs=0 l=0 rev1=0 crypto rx=0 tx=0 comp rx=0 tx=0)._handle_peer_banner_payload supported=3 required=0
2024-04-25T00:23:21.885 INFO:teuthology.orchestra.run.smithi032.stdout:/usr/bin/ceph: stderr
2024-04-25T00:23:21.100+0000 7f231effd700 1 --2- >> [v2:172.21.15.32:3300/0,v1:172.21.15.32:6789/0] conn(0x7f2320108690 0x7f232010aa80 unknown :-1 s=HELLO_CONNECTING pgs=0 cs=0 l=0 rev1=1 crypto rx=0 tx=0 comp rx=0 tx=0).handle_hello peer v2:172.21.15.32:3300/0 says I am v2:172.21.15.32:40124/0 (socket says 172.21.15.32:40124)
2024-04-25T00:23:21.885 INFO:teuthology.orchestra.run.smithi032.stdout:/usr/bin/ceph: stderr
2024-04-25T00:23:21.100+0000 7f231effd700 1 -- 172.21.15.32:0/909835386 learned_addr learned my addr 172.21.15.32:0/909835386 (peer_addr_for_me v2:172.21.15.32:0/0)
2024-04-25T00:23:21.885 INFO:teuthology.orchestra.run.smithi032.stdout:/usr/bin/ceph: stderr
2024-04-25T00:23:21.100+0000 7f231effd700 1 -- 172.21.15.32:0/909835386 --> [v2:172.21.15.32:3300/0,v1:172.21.15.32:6789/0] -- mon_subscribe({config=0+,monmap=0+}) -- 0x7f232010afc0 con 0x7f2320108690
2024-04-25T00:23:21.886 INFO:teuthology.orchestra.run.smithi032.stdout:/usr/bin/ceph: stderr
2024-04-25T00:23:21.100+0000 7f231effd700 1 --2- 172.21.15.32:0/909835386 >> [v2:172.21.15.32:3300/0,v1:172.21.15.32:6789/0] conn(0x7f2320108690 0x7f232010aa80 secure :-1 s=READY pgs=39 cs=0 l=1 rev1=1 crypto rx=0x7f23100098a0 tx=0x7f2310009bb0 comp rx=0 tx=0).ready entity=mon.0 client_cookie=7f26a6ae0879449d server_cookie=0 in_seq=0 out_seq=0
2024-04-25T00:23:21.886 INFO:teuthology.orchestra.run.smithi032.stdout:/usr/bin/ceph: stderr
2024-04-25T00:23:21.100+0000 7f231dffb700 1 -- 172.21.15.32:0/909835386 <== mon.0 v2:172.21.15.32:3300/0 1 ==== mon_map magic: 0 ==== 205+0+0 (secure 0 0 0) 0x7f2310004160 con 0x7f2320108690
2024-04-25T00:23:21.886 INFO:teuthology.orchestra.run.smithi032.stdout:/usr/bin/ceph: stderr
2024-04-25T00:23:21.100+0000 7f231dffb700 1 -- 172.21.15.32:0/909835386 <== mon.0 v2:172.21.15.32:3300/0 2 ==== config(27 keys) ==== 1109+0+0 (secure 0 0 0) 0x7f2310004300 con 0x7f2320108690
2024-04-25T00:23:21.886 INFO:teuthology.orchestra.run.smithi032.stdout:/usr/bin/ceph: stderr
2024-04-25T00:23:21.100+0000 7f231dffb700 1 -- 172.21.15.32:0/909835386 <== mon.0 v2:172.21.15.32:3300/0 3 ==== mon_map magic: 0 ==== 205+0+0 (secure 0 0 0) 0x7f2310011b50 con 0x7f2320108690
2024-04-25T00:23:21.886 INFO:teuthology.orchestra.run.smithi032.stdout:/usr/bin/ceph: stderr
2024-04-25T00:23:21.101+0000 7f23256f2700 1 -- 172.21.15.32:0/909835386 >> [v2:172.21.15.32:3300/0,v1:172.21.15.32:6789/0] conn(0x7f2320108690 msgr2=0x7f232010aa80 secure :-1 s=STATE_CONNECTION_ESTABLISHED l=1).mark_down
2024-04-25T00:23:21.886 INFO:teuthology.orchestra.run.smithi032.stdout:/usr/bin/ceph: stderr
2024-04-25T00:23:21.101+0000 7f23256f2700 1 --2- 172.21.15.32:0/909835386 >> [v2:172.21.15.32:3300/0,v1:172.21.15.32:6789/0] conn(0x7f2320108690 0x7f232010aa80 secure :-1 s=READY pgs=39 cs=0 l=1 rev1=1 crypto rx=0x7f23100098a0 tx=0x7f2310009bb0 comp rx=0 tx=0).stop
2024-04-25T00:23:21.886 INFO:teuthology.orchestra.run.smithi032.stdout:/usr/bin/ceph: stderr
2024-04-25T00:23:21.101+0000 7f23256f2700 1 -- 172.21.15.32:0/909835386 shutdown_connections
2024-04-25T00:23:21.886 INFO:teuthology.orchestra.run.smithi032.stdout:/usr/bin/ceph: stderr
2024-04-25T00:23:21.101+0000 7f23256f2700 1 --2- 172.21.15.32:0/909835386 >> [v2:172.21.15.32:3300/0,v1:172.21.15.32:6789/0] conn(0x7f2320108690 0x7f232010aa80 unknown :-1 s=CLOSED pgs=39 cs=0 l=1 rev1=1 crypto rx=0 tx=0 comp rx=0 tx=0).stop
2024-04-25T00:23:21.886 INFO:teuthology.orchestra.run.smithi032.stdout:/usr/bin/ceph: stderr
2024-04-25T00:23:21.101+0000 7f23256f2700 1 -- 172.21.15.32:0/909835386 >> 172.21.15.32:0/909835386 conn(0x7f23201020a0 msgr2=0x7f23201044c0 unknown :-1 s=STATE_NONE l=0).mark_down
2024-04-25T00:23:21.886 INFO:teuthology.orchestra.run.smithi032.stdout:/usr/bin/ceph: stderr
2024-04-25T00:23:21.101+0000 7f23256f2700 1 -- 172.21.15.32:0/909835386 shutdown_connections
2024-04-25T00:23:21.886 INFO:teuthology.orchestra.run.smithi032.stdout:/usr/bin/ceph: stderr
2024-04-25T00:23:21.101+0000 7f23256f2700 1 -- 172.21.15.32:0/909835386 wait complete.
2024-04-25T00:23:21.886 INFO:teuthology.orchestra.run.smithi032.stdout:/usr/bin/ceph: stderr
2024-04-25T00:23:21.101+0000 7f23256f2700 1 Processor -- start
2024-04-25T00:23:21.886 INFO:teuthology.orchestra.run.smithi032.stdout:/usr/bin/ceph: stderr
2024-04-25T00:23:21.102+0000 7f23256f2700 1 -- start start
2024-04-25T00:23:21.887 INFO:teuthology.orchestra.run.smithi032.stdout:/usr/bin/ceph: stderr
2024-04-25T00:23:21.102+0000 7f23256f2700 1 --2- >> [v2:172.21.15.32:3300/0,v1:172.21.15.32:6789/0] conn(0x7f2320108690 0x7f232019bb70 unknown :-1 s=NONE pgs=0 cs=0 l=1 rev1=0 crypto rx=0 tx=0 comp rx=0 tx=0).connect
2024-04-25T00:23:21.887 INFO:teuthology.orchestra.run.smithi032.stdout:/usr/bin/ceph: stderr
2024-04-25T00:23:21.102+0000 7f23256f2700 1 -- --> [v2:172.21.15.32:3300/0,v1:172.21.15.32:6789/0] -- mon_getmap magic: 0 -- 0x7f232010bfe0 con 0x7f2320108690
2024-04-25T00:23:21.887 INFO:teuthology.orchestra.run.smithi032.stdout:/usr/bin/ceph: stderr
2024-04-25T00:23:21.102+0000 7f231effd700 1 --2- >> [v2:172.21.15.32:3300/0,v1:172.21.15.32:6789/0] conn(0x7f2320108690 0x7f232019bb70 unknown :-1 s=BANNER_CONNECTING pgs=0 cs=0 l=1 rev1=0 crypto rx=0 tx=0 comp rx=0 tx=0)._handle_peer_banner_payload supported=3 required=0
2024-04-25T00:23:21.887 INFO:teuthology.orchestra.run.smithi032.stdout:/usr/bin/ceph: stderr
2024-04-25T00:23:21.102+0000 7f231effd700 1 --2- >> [v2:172.21.15.32:3300/0,v1:172.21.15.32:6789/0] conn(0x7f2320108690 0x7f232019bb70 unknown :-1 s=HELLO_CONNECTING pgs=0 cs=0 l=1 rev1=1 crypto rx=0 tx=0 comp rx=0 tx=0).handle_hello peer v2:172.21.15.32:3300/0 says I am v2:172.21.15.32:40128/0 (socket says 172.21.15.32:40128)
2024-04-25T00:23:21.887 INFO:teuthology.orchestra.run.smithi032.stdout:/usr/bin/ceph: stderr
2024-04-25T00:23:21.102+0000 7f231effd700 1 -- 172.21.15.32:0/2519171274 learned_addr learned my addr 172.21.15.32:0/2519171274 (peer_addr_for_me v2:172.21.15.32:0/0)
2024-04-25T00:23:21.887 INFO:teuthology.orchestra.run.smithi032.stdout:/usr/bin/ceph: stderr
2024-04-25T00:23:21.102+0000 7f231effd700 1 -- 172.21.15.32:0/2519171274 --> [v2:172.21.15.32:3300/0,v1:172.21.15.32:6789/0] -- mon_subscribe({config=0+,monmap=0+}) -- 0x7f232019c0b0 con 0x7f2320108690
2024-04-25T00:23:21.887 INFO:teuthology.orchestra.run.smithi032.stdout:/usr/bin/ceph: stderr
2024-04-25T00:23:21.102+0000 7f231effd700 1 --2- 172.21.15.32:0/2519171274 >> [v2:172.21.15.32:3300/0,v1:172.21.15.32:6789/0] conn(0x7f2320108690 0x7f232019bb70 secure :-1 s=READY pgs=40 cs=0 l=1 rev1=1 crypto rx=0x7f2310011670 tx=0x7f2310011b60 comp rx=0 tx=0).ready entity=mon.0 client_cookie=0 server_cookie=0 in_seq=0 out_seq=0
2024-04-25T00:23:21.887 INFO:teuthology.orchestra.run.smithi032.stdout:/usr/bin/ceph: stderr
2024-04-25T00:23:21.102+0000 7f2307fff700 1 -- 172.21.15.32:0/2519171274 <== mon.0 v2:172.21.15.32:3300/0 1 ==== mon_map magic: 0 ==== 205+0+0 (secure 0 0 0) 0x7f23100039c0 con 0x7f2320108690
2024-04-25T00:23:21.887 INFO:teuthology.orchestra.run.smithi032.stdout:/usr/bin/ceph: stderr
2024-04-25T00:23:21.103+0000 7f2307fff700 1 -- 172.21.15.32:0/2519171274 <== mon.0 v2:172.21.15.32:3300/0 2 ==== config(27 keys) ==== 1109+0+0 (secure 0 0 0) 0x7f2310011e50 con 0x7f2320108690
2024-04-25T00:23:21.887 INFO:teuthology.orchestra.run.smithi032.stdout:/usr/bin/ceph: stderr
2024-04-25T00:23:21.103+0000 7f23256f2700 1 -- 172.21.15.32:0/2519171274 --> [v2:172.21.15.32:3300/0,v1:172.21.15.32:6789/0] -- mon_subscribe({mgrmap=0+}) -- 0x7f232019c340 con 0x7f2320108690
2024-04-25T00:23:21.887 INFO:teuthology.orchestra.run.smithi032.stdout:/usr/bin/ceph: stderr
2024-04-25T00:23:21.103+0000 7f2307fff700 1 -- 172.21.15.32:0/2519171274 <== mon.0 v2:172.21.15.32:3300/0 3 ==== mon_map magic: 0 ==== 205+0+0 (secure 0 0 0) 0x7f231001a5c0 con 0x7f2320108690
2024-04-25T00:23:21.887 INFO:teuthology.orchestra.run.smithi032.stdout:/usr/bin/ceph: stderr
2024-04-25T00:23:21.103+0000 7f23256f2700 1 -- 172.21.15.32:0/2519171274 --> [v2:172.21.15.32:3300/0,v1:172.21.15.32:6789/0] -- mon_subscribe({osdmap=0}) -- 0x7f232019f030 con 0x7f2320108690
2024-04-25T00:23:21.887 INFO:teuthology.orchestra.run.smithi032.stdout:/usr/bin/ceph: stderr
2024-04-25T00:23:21.103+0000 7f2307fff700 1 -- 172.21.15.32:0/2519171274 <== mon.0 v2:172.21.15.32:3300/0 4 ==== mgrmap(e 8) ==== 46287+0+0 (secure 0 0 0) 0x7f231001a870 con 0x7f2320108690
2024-04-25T00:23:21.887 INFO:teuthology.orchestra.run.smithi032.stdout:/usr/bin/ceph: stderr
2024-04-25T00:23:21.104+0000 7f23256f2700 1 -- 172.21.15.32:0/2519171274 --> [v2:172.21.15.32:3300/0,v1:172.21.15.32:6789/0] -- mon_command({"prefix": "get_command_descriptions"} v 0) -- 0x7f2320063890 con 0x7f2320108690
2024-04-25T00:23:21.888 INFO:teuthology.orchestra.run.smithi032.stdout:/usr/bin/ceph: stderr
2024-04-25T00:23:21.104+0000 7f2307fff700 1 --2- 172.21.15.32:0/2519171274 >> [v2:172.21.15.32:6800/4160192081,v1:172.21.15.32:6801/4160192081] conn(0x7f2308039050 0x7f230803b510 unknown :-1 s=NONE pgs=0 cs=0 l=1 rev1=0 crypto rx=0 tx=0 comp rx=0 tx=0).connect
2024-04-25T00:23:21.888 INFO:teuthology.orchestra.run.smithi032.stdout:/usr/bin/ceph: stderr
2024-04-25T00:23:21.104+0000 7f2307fff700 1 -- 172.21.15.32:0/2519171274 <== mon.0 v2:172.21.15.32:3300/0 5 ==== osd_map(2..2 src has 1..2) ==== 940+0+0 (secure 0 0 0) 0x7f231004d310 con 0x7f2320108690
2024-04-25T00:23:21.888 INFO:teuthology.orchestra.run.smithi032.stdout:/usr/bin/ceph: stderr
2024-04-25T00:23:21.104+0000 7f231e7fc700 1 --2- 172.21.15.32:0/2519171274 >> [v2:172.21.15.32:6800/4160192081,v1:172.21.15.32:6801/4160192081] conn(0x7f2308039050 0x7f230803b510 unknown :-1 s=BANNER_CONNECTING pgs=0 cs=0 l=1 rev1=0 crypto rx=0 tx=0 comp rx=0 tx=0)._handle_peer_banner_payload supported=3 required=0
2024-04-25T00:23:21.888 INFO:teuthology.orchestra.run.smithi032.stdout:/usr/bin/ceph: stderr
2024-04-25T00:23:21.104+0000 7f231e7fc700 1 --2- 172.21.15.32:0/2519171274 >> [v2:172.21.15.32:6800/4160192081,v1:172.21.15.32:6801/4160192081] conn(0x7f2308039050 0x7f230803b510 secure :-1 s=READY pgs=10 cs=0 l=1 rev1=1 crypto rx=0x7f2314006fd0 tx=0x7f2314006e40 comp rx=0 tx=0).ready entity=mgr.14116 client_cookie=0 server_cookie=0 in_seq=0 out_seq=0
2024-04-25T00:23:21.888 INFO:teuthology.orchestra.run.smithi032.stdout:/usr/bin/ceph: stderr
2024-04-25T00:23:21.109+0000 7f2307fff700 1 -- 172.21.15.32:0/2519171274 <== mon.0 v2:172.21.15.32:3300/0 6 ==== mon_command_ack([{"prefix": "get_command_descriptions"}]=0 v0) ==== 72+0+186147 (secure 0 0 0) 0x7f2310019c70 con 0x7f2320108690
2024-04-25T00:23:21.888 INFO:teuthology.orchestra.run.smithi032.stdout:/usr/bin/ceph: stderr
2024-04-25T00:23:21.318+0000 7f23256f2700 1 -- 172.21.15.32:0/2519171274 --> [v2:172.21.15.32:6800/4160192081,v1:172.21.15.32:6801/4160192081] -- mgr_command(tid 0: {"prefix": "cephadm get-pub-key", "target": ["mon-mgr", ""]}) -- 0x7f23201032c0 con 0x7f2308039050
2024-04-25T00:23:21.888 INFO:teuthology.orchestra.run.smithi032.stdout:/usr/bin/ceph: stderr
2024-04-25T00:23:21.319+0000 7f2307fff700 1 -- 172.21.15.32:0/2519171274 <== mgr.14116 v2:172.21.15.32:6800/4160192081 1 ==== mgr_command_reply(tid 0: 0 ) ==== 8+0+595 (secure 0 0 0) 0x7f23201032c0 con 0x7f2308039050
2024-04-25T00:23:21.888 INFO:teuthology.orchestra.run.smithi032.stdout:/usr/bin/ceph: stderr
2024-04-25T00:23:21.321+0000 7f23256f2700 1 -- 172.21.15.32:0/2519171274 >> [v2:172.21.15.32:6800/4160192081,v1:172.21.15.32:6801/4160192081] conn(0x7f2308039050 msgr2=0x7f230803b510 secure :-1 s=STATE_CONNECTION_ESTABLISHED l=1).mark_down
2024-04-25T00:23:21.888 INFO:teuthology.orchestra.run.smithi032.stdout:/usr/bin/ceph: stderr
2024-04-25T00:23:21.321+0000 7f23256f2700 1 --2- 172.21.15.32:0/2519171274 >> [v2:172.21.15.32:6800/4160192081,v1:172.21.15.32:6801/4160192081] conn(0x7f2308039050 0x7f230803b510 secure :-1 s=READY pgs=10 cs=0 l=1 rev1=1 crypto rx=0x7f2314006fd0 tx=0x7f2314006e40 comp rx=0 tx=0).stop
2024-04-25T00:23:21.888 INFO:teuthology.orchestra.run.smithi032.stdout:/usr/bin/ceph: stderr
2024-04-25T00:23:21.321+0000 7f23256f2700 1 -- 172.21.15.32:0/2519171274 >> [v2:172.21.15.32:3300/0,v1:172.21.15.32:6789/0] conn(0x7f2320108690 msgr2=0x7f232019bb70 secure :-1 s=STATE_CONNECTION_ESTABLISHED l=1).mark_down
2024-04-25T00:23:21.888 INFO:teuthology.orchestra.run.smithi032.stdout:/usr/bin/ceph: stderr
2024-04-25T00:23:21.321+0000 7f23256f2700 1 --2- 172.21.15.32:0/2519171274 >> [v2:172.21.15.32:3300/0,v1:172.21.15.32:6789/0] conn(0x7f2320108690 0x7f232019bb70 secure :-1 s=READY pgs=40 cs=0 l=1 rev1=1 crypto rx=0x7f2310011670 tx=0x7f2310011b60 comp rx=0 tx=0).stop
2024-04-25T00:23:21.888 INFO:teuthology.orchestra.run.smithi032.stdout:/usr/bin/ceph: stderr
2024-04-25T00:23:21.321+0000 7f23256f2700 1 -- 172.21.15.32:0/2519171274 shutdown_connections
2024-04-25T00:23:21.888 INFO:teuthology.orchestra.run.smithi032.stdout:/usr/bin/ceph: stderr
2024-04-25T00:23:21.321+0000 7f23256f2700 1 --2- 172.21.15.32:0/2519171274 >> [v2:172.21.15.32:6800/4160192081,v1:172.21.15.32:6801/4160192081] conn(0x7f2308039050 0x7f230803b510 unknown :-1 s=CLOSED pgs=10 cs=0 l=1 rev1=1 crypto rx=0 tx=0 comp rx=0 tx=0).stop
2024-04-25T00:23:21.889 INFO:teuthology.orchestra.run.smithi032.stdout:/usr/bin/ceph: stderr
2024-04-25T00:23:21.321+0000 7f23256f2700 1 --2- 172.21.15.32:0/2519171274 >> [v2:172.21.15.32:3300/0,v1:172.21.15.32:6789/0] conn(0x7f2320108690 0x7f232019bb70 unknown :-1 s=CLOSED pgs=40 cs=0 l=1 rev1=1 crypto rx=0 tx=0 comp rx=0 tx=0).stop
2024-04-25T00:23:21.889 INFO:teuthology.orchestra.run.smithi032.stdout:/usr/bin/ceph: stderr
2024-04-25T00:23:21.321+0000 7f23256f2700 1 -- 172.21.15.32:0/2519171274 >> 172.21.15.32:0/2519171274 conn(0x7f23201020a0 msgr2=0x7f2320102bb0 unknown :-1 s=STATE_NONE l=0).mark_down
2024-04-25T00:23:21.889 INFO:teuthology.orchestra.run.smithi032.stdout:/usr/bin/ceph: stderr
2024-04-25T00:23:21.321+0000 7f23256f2700 1 -- 172.21.15.32:0/2519171274 shutdown_connections
2024-04-25T00:23:21.889 INFO:teuthology.orchestra.run.smithi032.stdout:/usr/bin/ceph: stderr
2024-04-25T00:23:21.321+0000 7f23256f2700 1 -- 172.21.15.32:0/2519171274 wait complete.
2024-04-25T00:23:21.889 INFO:teuthology.orchestra.run.smithi032.stdout:Wrote public SSH key to /home/ubuntu/cephtest/ceph.pub
2024-04-25T00:23:21.889 INFO:teuthology.orchestra.run.smithi032.stdout:Adding key to root@localhost authorized_keys...
2024-04-25T00:23:21.889 INFO:teuthology.orchestra.run.smithi032.stdout:Adding host smithi032...
2024-04-25T00:23:22.227 INFO:journalctl@ceph.mon.a.smithi032.stdout:Apr 25 00:23:22 smithi032 ceph-mon[29357]: from='client.14134 -' entity='client.admin' cmd=[{"prefix": "cephadm get-pub-key", "target": ["mon-mgr", ""]}]: dispatch
2024-04-25T00:23:23.174 INFO:journalctl@ceph.mon.a.smithi032.stdout:Apr 25 00:23:23 smithi032 ceph-mon[29357]: from='client.14136 -' entity='client.admin' cmd=[{"prefix": "orch host add", "hostname": "smithi032", "addr": "172.21.15.32", "target": ["mon-mgr", ""]}]: dispatch
2024-04-25T00:23:24.498 INFO:journalctl@ceph.mon.a.smithi032.stdout:Apr 25 00:23:24 smithi032 ceph-mon[29357]: Deploying cephadm binary to smithi032
2024-04-25T00:23:27.348 INFO:teuthology.orchestra.run.smithi032.stdout:/usr/bin/ceph: stdout Added host 'smithi032' with addr '172.21.15.32'
2024-04-25T00:23:27.349 INFO:teuthology.orchestra.run.smithi032.stdout:/usr/bin/ceph: stderr
2024-04-25T00:23:22.343+0000 7f97ac148700 1 Processor -- start
2024-04-25T00:23:27.349 INFO:teuthology.orchestra.run.smithi032.stdout:/usr/bin/ceph: stderr
2024-04-25T00:23:22.343+0000 7f97ac148700 1 -- start start
2024-04-25T00:23:27.349 INFO:teuthology.orchestra.run.smithi032.stdout:/usr/bin/ceph: stderr
2024-04-25T00:23:22.344+0000 7f97ac148700 1 --2- >> [v2:172.21.15.32:3300/0,v1:172.21.15.32:6789/0] conn(0x7f97a407de00 0x7f97a407c300 unknown :-1 s=NONE pgs=0 cs=0 l=0 rev1=0 crypto rx=0 tx=0 comp rx=0 tx=0).connect
2024-04-25T00:23:27.349 INFO:teuthology.orchestra.run.smithi032.stdout:/usr/bin/ceph: stderr
2024-04-25T00:23:22.344+0000 7f97ac148700 1 -- --> [v2:172.21.15.32:3300/0,v1:172.21.15.32:6789/0] -- mon_getmap magic: 0 -- 0x7f97a407c840 con 0x7f97a407de00
2024-04-25T00:23:27.349 INFO:teuthology.orchestra.run.smithi032.stdout:/usr/bin/ceph: stderr
2024-04-25T00:23:22.344+0000 7f97a9ee4700 1 --2- >> [v2:172.21.15.32:3300/0,v1:172.21.15.32:6789/0] conn(0x7f97a407de00 0x7f97a407c300 unknown :-1 s=BANNER_CONNECTING pgs=0 cs=0 l=0 rev1=0 crypto rx=0 tx=0 comp rx=0 tx=0)._handle_peer_banner_payload supported=3 required=0
2024-04-25T00:23:27.349 INFO:teuthology.orchestra.run.smithi032.stdout:/usr/bin/ceph: stderr
2024-04-25T00:23:22.344+0000 7f97a9ee4700 1 --2- >> [v2:172.21.15.32:3300/0,v1:172.21.15.32:6789/0] conn(0x7f97a407de00 0x7f97a407c300 unknown :-1 s=HELLO_CONNECTING pgs=0 cs=0 l=0 rev1=1 crypto rx=0 tx=0 comp rx=0 tx=0).handle_hello peer v2:172.21.15.32:3300/0 says I am v2:172.21.15.32:59630/0 (socket says 172.21.15.32:59630)
2024-04-25T00:23:27.349 INFO:teuthology.orchestra.run.smithi032.stdout:/usr/bin/ceph: stderr
2024-04-25T00:23:22.344+0000 7f97a9ee4700 1 -- 172.21.15.32:0/3023748197 learned_addr learned my addr 172.21.15.32:0/3023748197 (peer_addr_for_me v2:172.21.15.32:0/0)
2024-04-25T00:23:27.349 INFO:teuthology.orchestra.run.smithi032.stdout:/usr/bin/ceph: stderr
2024-04-25T00:23:22.344+0000 7f97a9ee4700 1 -- 172.21.15.32:0/3023748197 --> [v2:172.21.15.32:3300/0,v1:172.21.15.32:6789/0] -- mon_subscribe({config=0+,monmap=0+}) -- 0x7f97a407c9c0 con 0x7f97a407de00
2024-04-25T00:23:27.349 INFO:teuthology.orchestra.run.smithi032.stdout:/usr/bin/ceph: stderr
2024-04-25T00:23:22.344+0000 7f97a9ee4700 1 --2- 172.21.15.32:0/3023748197 >> [v2:172.21.15.32:3300/0,v1:172.21.15.32:6789/0] conn(0x7f97a407de00 0x7f97a407c300 secure :-1 s=READY pgs=41 cs=0 l=1 rev1=1 crypto rx=0x7f9794009e80 tx=0x7f979400b330 comp rx=0 tx=0).ready entity=mon.0 client_cookie=f5ed68889321df5a server_cookie=0 in_seq=0 out_seq=0
2024-04-25T00:23:27.349 INFO:teuthology.orchestra.run.smithi032.stdout:/usr/bin/ceph: stderr
2024-04-25T00:23:22.344+0000 7f97a8ee2700 1 -- 172.21.15.32:0/3023748197 <== mon.0 v2:172.21.15.32:3300/0 1 ==== mon_map magic: 0 ==== 205+0+0 (secure 0 0 0) 0x7f9794017070 con 0x7f97a407de00
2024-04-25T00:23:27.349 INFO:teuthology.orchestra.run.smithi032.stdout:/usr/bin/ceph: stderr
2024-04-25T00:23:22.344+0000 7f97a8ee2700 1 -- 172.21.15.32:0/3023748197 <== mon.0 v2:172.21.15.32:3300/0 2 ==== config(27 keys) ==== 1109+0+0 (secure 0 0 0) 0x7f979400b8c0 con 0x7f97a407de00
2024-04-25T00:23:27.349 INFO:teuthology.orchestra.run.smithi032.stdout:/usr/bin/ceph: stderr
2024-04-25T00:23:22.344+0000 7f97a8ee2700 1 -- 172.21.15.32:0/3023748197 <== mon.0 v2:172.21.15.32:3300/0 3 ==== mon_map magic: 0 ==== 205+0+0 (secure 0 0 0) 0x7f97940045c0 con 0x7f97a407de00
2024-04-25T00:23:27.350 INFO:teuthology.orchestra.run.smithi032.stdout:/usr/bin/ceph: stderr
2024-04-25T00:23:22.345+0000 7f97ac148700 1 -- 172.21.15.32:0/3023748197 >> [v2:172.21.15.32:3300/0,v1:172.21.15.32:6789/0] conn(0x7f97a407de00 msgr2=0x7f97a407c300 secure :-1 s=STATE_CONNECTION_ESTABLISHED l=1).mark_down
2024-04-25T00:23:27.350 INFO:teuthology.orchestra.run.smithi032.stdout:/usr/bin/ceph: stderr
2024-04-25T00:23:22.345+0000 7f97ac148700 1 --2- 172.21.15.32:0/3023748197 >> [v2:172.21.15.32:3300/0,v1:172.21.15.32:6789/0] conn(0x7f97a407de00 0x7f97a407c300 secure :-1 s=READY pgs=41 cs=0 l=1 rev1=1 crypto rx=0x7f9794009e80 tx=0x7f979400b330 comp rx=0 tx=0).stop
2024-04-25T00:23:27.350 INFO:teuthology.orchestra.run.smithi032.stdout:/usr/bin/ceph: stderr
2024-04-25T00:23:22.345+0000 7f97ac148700 1 -- 172.21.15.32:0/3023748197 shutdown_connections
2024-04-25T00:23:27.350 INFO:teuthology.orchestra.run.smithi032.stdout:/usr/bin/ceph: stderr
2024-04-25T00:23:22.345+0000 7f97ac148700 1 --2- 172.21.15.32:0/3023748197 >> [v2:172.21.15.32:3300/0,v1:172.21.15.32:6789/0] conn(0x7f97a407de00 0x7f97a407c300 unknown :-1 s=CLOSED pgs=41 cs=0 l=1 rev1=1 crypto rx=0 tx=0 comp rx=0 tx=0).stop
2024-04-25T00:23:27.350 INFO:teuthology.orchestra.run.smithi032.stdout:/usr/bin/ceph: stderr
2024-04-25T00:23:22.345+0000 7f97ac148700 1 -- 172.21.15.32:0/3023748197 >> 172.21.15.32:0/3023748197 conn(0x7f97a4103230 msgr2=0x7f97a4105650 unknown :-1 s=STATE_NONE l=0).mark_down
2024-04-25T00:23:27.350 INFO:teuthology.orchestra.run.smithi032.stdout:/usr/bin/ceph: stderr
2024-04-25T00:23:22.345+0000 7f97ac148700 1 -- 172.21.15.32:0/3023748197 shutdown_connections
2024-04-25T00:23:27.350 INFO:teuthology.orchestra.run.smithi032.stdout:/usr/bin/ceph: stderr
2024-04-25T00:23:22.345+0000 7f97ac148700 1 -- 172.21.15.32:0/3023748197 wait complete.
2024-04-25T00:23:27.350 INFO:teuthology.orchestra.run.smithi032.stdout:/usr/bin/ceph: stderr
2024-04-25T00:23:22.346+0000 7f97ac148700 1 Processor -- start
2024-04-25T00:23:27.350 INFO:teuthology.orchestra.run.smithi032.stdout:/usr/bin/ceph: stderr
2024-04-25T00:23:22.346+0000 7f97ac148700 1 -- start start
2024-04-25T00:23:27.350 INFO:teuthology.orchestra.run.smithi032.stdout:/usr/bin/ceph: stderr
2024-04-25T00:23:22.346+0000 7f97ac148700 1 --2- >> [v2:172.21.15.32:3300/0,v1:172.21.15.32:6789/0] conn(0x7f97a407de00 0x7f97a419dd50 unknown :-1 s=NONE pgs=0 cs=0 l=1 rev1=0 crypto rx=0 tx=0 comp rx=0 tx=0).connect
2024-04-25T00:23:27.350 INFO:teuthology.orchestra.run.smithi032.stdout:/usr/bin/ceph: stderr
2024-04-25T00:23:22.346+0000 7f97ac148700 1 -- --> [v2:172.21.15.32:3300/0,v1:172.21.15.32:6789/0] -- mon_getmap magic: 0 -- 0x7f97a410e1c0 con 0x7f97a407de00
2024-04-25T00:23:27.350 INFO:teuthology.orchestra.run.smithi032.stdout:/usr/bin/ceph: stderr
2024-04-25T00:23:22.346+0000 7f97a9ee4700 1 --2- >> [v2:172.21.15.32:3300/0,v1:172.21.15.32:6789/0] conn(0x7f97a407de00 0x7f97a419dd50 unknown :-1 s=BANNER_CONNECTING pgs=0 cs=0 l=1 rev1=0 crypto rx=0 tx=0 comp rx=0 tx=0)._handle_peer_banner_payload supported=3 required=0
2024-04-25T00:23:27.350 INFO:teuthology.orchestra.run.smithi032.stdout:/usr/bin/ceph: stderr
2024-04-25T00:23:22.346+0000 7f97a9ee4700 1 --2- >> [v2:172.21.15.32:3300/0,v1:172.21.15.32:6789/0] conn(0x7f97a407de00 0x7f97a419dd50 unknown :-1 s=HELLO_CONNECTING pgs=0 cs=0 l=1 rev1=1 crypto rx=0 tx=0 comp rx=0 tx=0).handle_hello peer v2:172.21.15.32:3300/0 says I am v2:172.21.15.32:59646/0 (socket says 172.21.15.32:59646)
2024-04-25T00:23:27.351 INFO:teuthology.orchestra.run.smithi032.stdout:/usr/bin/ceph: stderr
2024-04-25T00:23:22.346+0000 7f97a9ee4700 1 -- 172.21.15.32:0/637278596 learned_addr learned my addr 172.21.15.32:0/637278596 (peer_addr_for_me v2:172.21.15.32:0/0)
2024-04-25T00:23:27.351 INFO:teuthology.orchestra.run.smithi032.stdout:/usr/bin/ceph: stderr
2024-04-25T00:23:22.346+0000 7f97a9ee4700 1 -- 172.21.15.32:0/637278596 --> [v2:172.21.15.32:3300/0,v1:172.21.15.32:6789/0] -- mon_subscribe({config=0+,monmap=0+}) -- 0x7f97a419e290 con 0x7f97a407de00
2024-04-25T00:23:27.351 INFO:teuthology.orchestra.run.smithi032.stdout:/usr/bin/ceph: stderr
2024-04-25T00:23:22.347+0000 7f97a9ee4700 1 --2- 172.21.15.32:0/637278596 >> [v2:172.21.15.32:3300/0,v1:172.21.15.32:6789/0] conn(0x7f97a407de00 0x7f97a419dd50 secure :-1 s=READY pgs=42 cs=0 l=1 rev1=1 crypto rx=0x7f9794009e50 tx=0x7f979400bd30 comp rx=0 tx=0).ready entity=mon.0 client_cookie=0 server_cookie=0 in_seq=0 out_seq=0
2024-04-25T00:23:27.351 INFO:teuthology.orchestra.run.smithi032.stdout:/usr/bin/ceph: stderr
2024-04-25T00:23:22.347+0000 7f97a2ffd700 1 -- 172.21.15.32:0/637278596 <== mon.0 v2:172.21.15.32:3300/0 1 ==== mon_map magic: 0 ==== 205+0+0 (secure 0 0 0) 0x7f9794020020 con 0x7f97a407de00
2024-04-25T00:23:27.351 INFO:teuthology.orchestra.run.smithi032.stdout:/usr/bin/ceph: stderr
2024-04-25T00:23:22.347+0000 7f97a2ffd700 1 -- 172.21.15.32:0/637278596 <== mon.0 v2:172.21.15.32:3300/0 2 ==== config(27 keys) ==== 1109+0+0 (secure 0 0 0) 0x7f9794003b50 con 0x7f97a407de00
2024-04-25T00:23:27.351 INFO:teuthology.orchestra.run.smithi032.stdout:/usr/bin/ceph: stderr
2024-04-25T00:23:22.347+0000 7f97ac148700 1 -- 172.21.15.32:0/637278596 --> [v2:172.21.15.32:3300/0,v1:172.21.15.32:6789/0] -- mon_subscribe({mgrmap=0+}) -- 0x7f97a419e520 con 0x7f97a407de00
2024-04-25T00:23:27.351 INFO:teuthology.orchestra.run.smithi032.stdout:/usr/bin/ceph: stderr
2024-04-25T00:23:22.347+0000 7f97a2ffd700 1 -- 172.21.15.32:0/637278596 <== mon.0 v2:172.21.15.32:3300/0 3 ==== mon_map magic: 0 ==== 205+0+0 (secure 0 0 0) 0x7f9794017040 con 0x7f97a407de00
2024-04-25T00:23:27.351 INFO:teuthology.orchestra.run.smithi032.stdout:/usr/bin/ceph: stderr
2024-04-25T00:23:22.347+0000 7f97ac148700 1 -- 172.21.15.32:0/637278596 --> [v2:172.21.15.32:3300/0,v1:172.21.15.32:6789/0] -- mon_subscribe({osdmap=0}) -- 0x7f97a41a11b0 con 0x7f97a407de00
2024-04-25T00:23:27.351 INFO:teuthology.orchestra.run.smithi032.stdout:/usr/bin/ceph: stderr
2024-04-25T00:23:22.348+0000 7f97a2ffd700 1 -- 172.21.15.32:0/637278596 <== mon.0 v2:172.21.15.32:3300/0 4 ==== mgrmap(e 8) ==== 46287+0+0 (secure 0 0 0) 0x7f9794023020 con 0x7f97a407de00
2024-04-25T00:23:27.351 INFO:teuthology.orchestra.run.smithi032.stdout:/usr/bin/ceph: stderr
2024-04-25T00:23:22.348+0000 7f97a2ffd700 1 --2- 172.21.15.32:0/637278596 >> [v2:172.21.15.32:6800/4160192081,v1:172.21.15.32:6801/4160192081] conn(0x7f978c039050 0x7f978c03b510 unknown :-1 s=NONE pgs=0 cs=0 l=1 rev1=0 crypto rx=0 tx=0 comp rx=0 tx=0).connect
2024-04-25T00:23:27.351 INFO:teuthology.orchestra.run.smithi032.stdout:/usr/bin/ceph: stderr
2024-04-25T00:23:22.348+0000 7f97a2ffd700 1 -- 172.21.15.32:0/637278596 <== mon.0 v2:172.21.15.32:3300/0 5 ==== osd_map(2..2 src has 1..2) ==== 940+0+0 (secure 0 0 0) 0x7f979400f050 con 0x7f97a407de00
2024-04-25T00:23:27.351 INFO:teuthology.orchestra.run.smithi032.stdout:/usr/bin/ceph: stderr
2024-04-25T00:23:22.348+0000 7f97a96e3700 1 --2- 172.21.15.32:0/637278596 >> [v2:172.21.15.32:6800/4160192081,v1:172.21.15.32:6801/4160192081] conn(0x7f978c039050 0x7f978c03b510 unknown :-1 s=BANNER_CONNECTING pgs=0 cs=0 l=1 rev1=0 crypto rx=0 tx=0 comp rx=0 tx=0)._handle_peer_banner_payload supported=3 required=0
2024-04-25T00:23:27.351 INFO:teuthology.orchestra.run.smithi032.stdout:/usr/bin/ceph: stderr
2024-04-25T00:23:22.348+0000 7f97ac148700 1 -- 172.21.15.32:0/637278596 --> [v2:172.21.15.32:3300/0,v1:172.21.15.32:6789/0] -- mon_command({"prefix": "get_command_descriptions"} v 0) -- 0x7f97a4063890 con 0x7f97a407de00
2024-04-25T00:23:27.351 INFO:teuthology.orchestra.run.smithi032.stdout:/usr/bin/ceph: stderr
2024-04-25T00:23:22.349+0000 7f97a96e3700 1 --2- 172.21.15.32:0/637278596 >> [v2:172.21.15.32:6800/4160192081,v1:172.21.15.32:6801/4160192081] conn(0x7f978c039050 0x7f978c03b510 secure :-1 s=READY pgs=11 cs=0 l=1 rev1=1 crypto rx=0x7f9798006fd0 tx=0x7f9798006e40 comp rx=0 tx=0).ready entity=mgr.14116 client_cookie=0 server_cookie=0 in_seq=0 out_seq=0
2024-04-25T00:23:27.352 INFO:teuthology.orchestra.run.smithi032.stdout:/usr/bin/ceph: stderr
2024-04-25T00:23:22.353+0000 7f97a2ffd700 1 -- 172.21.15.32:0/637278596 <== mon.0 v2:172.21.15.32:3300/0 6 ==== mon_command_ack([{"prefix": "get_command_descriptions"}]=0 v0) ==== 72+0+186147 (secure 0 0 0) 0x7f979402a020 con 0x7f97a407de00
2024-04-25T00:23:27.352 INFO:teuthology.orchestra.run.smithi032.stdout:/usr/bin/ceph: stderr
2024-04-25T00:23:22.566+0000 7f97ac148700 1 -- 172.21.15.32:0/637278596 --> [v2:172.21.15.32:6800/4160192081,v1:172.21.15.32:6801/4160192081] -- mgr_command(tid 0: {"prefix": "orch host add", "hostname": "smithi032", "addr": "172.21.15.32", "target": ["mon-mgr", ""]}) -- 0x7f97a4104440 con 0x7f978c039050
2024-04-25T00:23:27.352 INFO:teuthology.orchestra.run.smithi032.stdout:/usr/bin/ceph: stderr
2024-04-25T00:23:26.777+0000 7f97a2ffd700 1 -- 172.21.15.32:0/637278596 <== mgr.14116 v2:172.21.15.32:6800/4160192081 1 ==== mgr_command_reply(tid 0: 0 ) ==== 8+0+48 (secure 0 0 0) 0x7f97a4104440 con 0x7f978c039050
2024-04-25T00:23:27.352 INFO:teuthology.orchestra.run.smithi032.stdout:/usr/bin/ceph: stderr
2024-04-25T00:23:26.780+0000 7f97ac148700 1 -- 172.21.15.32:0/637278596 >> [v2:172.21.15.32:6800/4160192081,v1:172.21.15.32:6801/4160192081] conn(0x7f978c039050 msgr2=0x7f978c03b510 secure :-1 s=STATE_CONNECTION_ESTABLISHED l=1).mark_down
2024-04-25T00:23:27.352 INFO:teuthology.orchestra.run.smithi032.stdout:/usr/bin/ceph: stderr
2024-04-25T00:23:26.780+0000 7f97ac148700 1 --2- 172.21.15.32:0/637278596 >> [v2:172.21.15.32:6800/4160192081,v1:172.21.15.32:6801/4160192081] conn(0x7f978c039050 0x7f978c03b510 secure :-1 s=READY pgs=11 cs=0 l=1 rev1=1 crypto rx=0x7f9798006fd0 tx=0x7f9798006e40 comp rx=0 tx=0).stop
2024-04-25T00:23:27.352 INFO:teuthology.orchestra.run.smithi032.stdout:/usr/bin/ceph: stderr
2024-04-25T00:23:26.780+0000 7f97ac148700 1 -- 172.21.15.32:0/637278596 >> [v2:172.21.15.32:3300/0,v1:172.21.15.32:6789/0] conn(0x7f97a407de00 msgr2=0x7f97a419dd50 secure :-1 s=STATE_CONNECTION_ESTABLISHED l=1).mark_down
2024-04-25T00:23:27.352 INFO:teuthology.orchestra.run.smithi032.stdout:/usr/bin/ceph: stderr
