2024-04-25T00:34:16.036 INFO:teuthology.orchestra.run.smithi047.stdout:/usr/bin/ceph: stderr
2024-04-25T00:34:14.896+0000 7faed4ed6700 1 -- 172.21.15.47:0/1567059639 >> [v2:172.21.15.47:6800/225834446,v1:172.21.15.47:6801/225834446] conn(0x7faeb80368a0 msgr2=0x7faeb8038d50 secure :-1 s=STATE_CONNECTION_ESTABLISHED l=1).mark_down
2024-04-25T00:34:16.036 INFO:teuthology.orchestra.run.smithi047.stdout:/usr/bin/ceph: stderr
2024-04-25T00:34:14.896+0000 7faed4ed6700 1 --2- 172.21.15.47:0/1567059639 >> [v2:172.21.15.47:6800/225834446,v1:172.21.15.47:6801/225834446] conn(0x7faeb80368a0 0x7faeb8038d50 secure :-1 s=READY pgs=13 cs=0 l=1 rev1=1 crypto rx=0x7faec4009990 tx=0x7faec4006e40 comp rx=0 tx=0).stop
2024-04-25T00:34:16.036 INFO:teuthology.orchestra.run.smithi047.stdout:/usr/bin/ceph: stderr
2024-04-25T00:34:14.896+0000 7faed4ed6700 1 -- 172.21.15.47:0/1567059639 >> [v2:172.21.15.47:3300/0,v1:172.21.15.47:6789/0] conn(0x7faed0102890 msgr2=0x7faed0078c20 secure :-1 s=STATE_CONNECTION_ESTABLISHED l=1).mark_down
2024-04-25T00:34:16.036 INFO:teuthology.orchestra.run.smithi047.stdout:/usr/bin/ceph: stderr
2024-04-25T00:34:14.896+0000 7faed4ed6700 1 --2- 172.21.15.47:0/1567059639 >> [v2:172.21.15.47:3300/0,v1:172.21.15.47:6789/0] conn(0x7faed0102890 0x7faed0078c20 secure :-1 s=READY pgs=50 cs=0 l=1 rev1=1 crypto rx=0x7faec0000c00 tx=0x7faec0009250 comp rx=0 tx=0).stop
2024-04-25T00:34:16.036 INFO:teuthology.orchestra.run.smithi047.stdout:/usr/bin/ceph: stderr
2024-04-25T00:34:14.896+0000 7faed4ed6700 1 -- 172.21.15.47:0/1567059639 shutdown_connections
2024-04-25T00:34:16.036 INFO:teuthology.orchestra.run.smithi047.stdout:/usr/bin/ceph: stderr
2024-04-25T00:34:14.896+0000 7faed4ed6700 1 --2- 172.21.15.47:0/1567059639 >> [v2:172.21.15.47:6800/225834446,v1:172.21.15.47:6801/225834446] conn(0x7faeb80368a0 0x7faeb8038d50 unknown :-1 s=CLOSED pgs=13 cs=0 l=1 rev1=1 crypto rx=0 tx=0 comp rx=0 tx=0).stop
2024-04-25T00:34:16.036 INFO:teuthology.orchestra.run.smithi047.stdout:/usr/bin/ceph: stderr
2024-04-25T00:34:14.896+0000 7faed4ed6700 1 --2- 172.21.15.47:0/1567059639 >> [v2:172.21.15.47:3300/0,v1:172.21.15.47:6789/0] conn(0x7faed0102890 0x7faed0078c20 unknown :-1 s=CLOSED pgs=50 cs=0 l=1 rev1=1 crypto rx=0 tx=0 comp rx=0 tx=0).stop
2024-04-25T00:34:16.037 INFO:teuthology.orchestra.run.smithi047.stdout:/usr/bin/ceph: stderr
2024-04-25T00:34:14.896+0000 7faed4ed6700 1 -- 172.21.15.47:0/1567059639 >> 172.21.15.47:0/1567059639 conn(0x7faed00fe010 msgr2=0x7faed00fea80 unknown :-1 s=STATE_NONE l=0).mark_down
2024-04-25T00:34:16.037 INFO:teuthology.orchestra.run.smithi047.stdout:/usr/bin/ceph: stderr
2024-04-25T00:34:14.897+0000 7faed4ed6700 1 -- 172.21.15.47:0/1567059639 shutdown_connections
2024-04-25T00:34:16.037 INFO:teuthology.orchestra.run.smithi047.stdout:/usr/bin/ceph: stderr
2024-04-25T00:34:14.897+0000 7faed4ed6700 1 -- 172.21.15.47:0/1567059639 wait complete.
2024-04-25T00:34:16.037 INFO:teuthology.orchestra.run.smithi047.stdout:Deploying crash service with default placement...
2024-04-25T00:34:17.287 INFO:teuthology.orchestra.run.smithi047.stdout:/usr/bin/ceph: stdout Scheduled crash update...
2024-04-25T00:34:17.287 INFO:teuthology.orchestra.run.smithi047.stdout:/usr/bin/ceph: stderr
2024-04-25T00:34:16.452+0000 7fcde57f0700 1 Processor -- start
2024-04-25T00:34:17.287 INFO:teuthology.orchestra.run.smithi047.stdout:/usr/bin/ceph: stderr
2024-04-25T00:34:16.452+0000 7fcde57f0700 1 -- start start
2024-04-25T00:34:17.287 INFO:teuthology.orchestra.run.smithi047.stdout:/usr/bin/ceph: stderr
2024-04-25T00:34:16.452+0000 7fcde57f0700 1 --2- >> [v2:172.21.15.47:3300/0,v1:172.21.15.47:6789/0] conn(0x7fcde0102810 0x7fcde0102c20 unknown :-1 s=NONE pgs=0 cs=0 l=0 rev1=0 crypto rx=0 tx=0 comp rx=0 tx=0).connect
2024-04-25T00:34:17.287 INFO:teuthology.orchestra.run.smithi047.stdout:/usr/bin/ceph: stderr
2024-04-25T00:34:16.452+0000 7fcde57f0700 1 -- --> [v2:172.21.15.47:3300/0,v1:172.21.15.47:6789/0] -- mon_getmap magic: 0 v1 -- 0x7fcde0103160 con 0x7fcde0102810
2024-04-25T00:34:17.288 INFO:teuthology.orchestra.run.smithi047.stdout:/usr/bin/ceph: stderr
2024-04-25T00:34:16.452+0000 7fcddeffd700 1 --2- >> [v2:172.21.15.47:3300/0,v1:172.21.15.47:6789/0] conn(0x7fcde0102810 0x7fcde0102c20 unknown :-1 s=BANNER_CONNECTING pgs=0 cs=0 l=0 rev1=0 crypto rx=0 tx=0 comp rx=0 tx=0)._handle_peer_banner_payload supported=3 required=0
2024-04-25T00:34:17.288 INFO:teuthology.orchestra.run.smithi047.stdout:/usr/bin/ceph: stderr
2024-04-25T00:34:16.452+0000 7fcddeffd700 1 --2- >> [v2:172.21.15.47:3300/0,v1:172.21.15.47:6789/0] conn(0x7fcde0102810 0x7fcde0102c20 unknown :-1 s=HELLO_CONNECTING pgs=0 cs=0 l=0 rev1=1 crypto rx=0 tx=0 comp rx=0 tx=0).handle_hello peer v2:172.21.15.47:3300/0 says I am v2:172.21.15.47:38520/0 (socket says 172.21.15.47:38520)
2024-04-25T00:34:17.288 INFO:teuthology.orchestra.run.smithi047.stdout:/usr/bin/ceph: stderr
2024-04-25T00:34:16.452+0000 7fcddeffd700 1 -- 172.21.15.47:0/882681065 learned_addr learned my addr 172.21.15.47:0/882681065 (peer_addr_for_me v2:172.21.15.47:0/0)
2024-04-25T00:34:17.288 INFO:teuthology.orchestra.run.smithi047.stdout:/usr/bin/ceph: stderr
2024-04-25T00:34:16.452+0000 7fcddeffd700 1 -- 172.21.15.47:0/882681065 --> [v2:172.21.15.47:3300/0,v1:172.21.15.47:6789/0] -- mon_subscribe({config=0+,monmap=0+}) v3 -- 0x7fcde01032a0 con 0x7fcde0102810
2024-04-25T00:34:17.288 INFO:teuthology.orchestra.run.smithi047.stdout:/usr/bin/ceph: stderr
2024-04-25T00:34:16.453+0000 7fcddeffd700 1 --2- 172.21.15.47:0/882681065 >> [v2:172.21.15.47:3300/0,v1:172.21.15.47:6789/0] conn(0x7fcde0102810 0x7fcde0102c20 secure :-1 s=READY pgs=51 cs=0 l=1 rev1=1 crypto rx=0x7fcdd00098e0 tx=0x7fcdd0009250 comp rx=0 tx=0).ready entity=mon.0 client_cookie=cd42e9cf93002784 server_cookie=0 in_seq=0 out_seq=0
2024-04-25T00:34:17.288 INFO:teuthology.orchestra.run.smithi047.stdout:/usr/bin/ceph: stderr
2024-04-25T00:34:16.453+0000 7fcdddffb700 1 -- 172.21.15.47:0/882681065 <== mon.0 v2:172.21.15.47:3300/0 1 ==== mon_map magic: 0 v1 ==== 229+0+0 (secure 0 0 0) 0x7fcdd000b860 con 0x7fcde0102810
2024-04-25T00:34:17.288 INFO:teuthology.orchestra.run.smithi047.stdout:/usr/bin/ceph: stderr
2024-04-25T00:34:16.453+0000 7fcdddffb700 1 -- 172.21.15.47:0/882681065 <== mon.0 v2:172.21.15.47:3300/0 2 ==== config(27 keys) v1 ==== 1109+0+0 (secure 0 0 0) 0x7fcdd000be90 con 0x7fcde0102810
2024-04-25T00:34:17.288 INFO:teuthology.orchestra.run.smithi047.stdout:/usr/bin/ceph: stderr
2024-04-25T00:34:16.453+0000 7fcdddffb700 1 -- 172.21.15.47:0/882681065 <== mon.0 v2:172.21.15.47:3300/0 3 ==== mon_map magic: 0 v1 ==== 229+0+0 (secure 0 0 0) 0x7fcdd00103c0 con 0x7fcde0102810
2024-04-25T00:34:17.288 INFO:teuthology.orchestra.run.smithi047.stdout:/usr/bin/ceph: stderr
2024-04-25T00:34:16.453+0000 7fcde57f0700 1 -- 172.21.15.47:0/882681065 >> [v2:172.21.15.47:3300/0,v1:172.21.15.47:6789/0] conn(0x7fcde0102810 msgr2=0x7fcde0102c20 secure :-1 s=STATE_CONNECTION_ESTABLISHED l=1).mark_down
2024-04-25T00:34:17.288 INFO:teuthology.orchestra.run.smithi047.stdout:/usr/bin/ceph: stderr
2024-04-25T00:34:16.453+0000 7fcde57f0700 1 --2- 172.21.15.47:0/882681065 >> [v2:172.21.15.47:3300/0,v1:172.21.15.47:6789/0] conn(0x7fcde0102810 0x7fcde0102c20 secure :-1 s=READY pgs=51 cs=0 l=1 rev1=1 crypto rx=0x7fcdd00098e0 tx=0x7fcdd0009250 comp rx=0 tx=0).stop
2024-04-25T00:34:17.288 INFO:teuthology.orchestra.run.smithi047.stdout:/usr/bin/ceph: stderr
2024-04-25T00:34:16.453+0000 7fcde57f0700 1 -- 172.21.15.47:0/882681065 shutdown_connections
2024-04-25T00:34:17.288 INFO:teuthology.orchestra.run.smithi047.stdout:/usr/bin/ceph: stderr
2024-04-25T00:34:16.453+0000 7fcde57f0700 1 --2- 172.21.15.47:0/882681065 >> [v2:172.21.15.47:3300/0,v1:172.21.15.47:6789/0] conn(0x7fcde0102810 0x7fcde0102c20 unknown :-1 s=CLOSED pgs=51 cs=0 l=1 rev1=1 crypto rx=0 tx=0 comp rx=0 tx=0).stop
2024-04-25T00:34:17.289 INFO:teuthology.orchestra.run.smithi047.stdout:/usr/bin/ceph: stderr
2024-04-25T00:34:16.453+0000 7fcde57f0700 1 -- 172.21.15.47:0/882681065 >> 172.21.15.47:0/882681065 conn(0x7fcde00fdfd0 msgr2=0x7fcde01003e0 unknown :-1 s=STATE_NONE l=0).mark_down
2024-04-25T00:34:17.289 INFO:teuthology.orchestra.run.smithi047.stdout:/usr/bin/ceph: stderr
2024-04-25T00:34:16.453+0000 7fcde57f0700 1 -- 172.21.15.47:0/882681065 shutdown_connections
2024-04-25T00:34:17.289 INFO:teuthology.orchestra.run.smithi047.stdout:/usr/bin/ceph: stderr
2024-04-25T00:34:16.453+0000 7fcde57f0700 1 -- 172.21.15.47:0/882681065 wait complete.
2024-04-25T00:34:17.289 INFO:teuthology.orchestra.run.smithi047.stdout:/usr/bin/ceph: stderr
2024-04-25T00:34:16.454+0000 7fcde57f0700 1 Processor -- start
2024-04-25T00:34:17.289 INFO:teuthology.orchestra.run.smithi047.stdout:/usr/bin/ceph: stderr
2024-04-25T00:34:16.454+0000 7fcde57f0700 1 -- start start
2024-04-25T00:34:17.289 INFO:teuthology.orchestra.run.smithi047.stdout:/usr/bin/ceph: stderr
2024-04-25T00:34:16.454+0000 7fcde57f0700 1 --2- >> [v2:172.21.15.47:3300/0,v1:172.21.15.47:6789/0] conn(0x7fcde0102810 0x7fcde01116c0 unknown :-1 s=NONE pgs=0 cs=0 l=1 rev1=0 crypto rx=0 tx=0 comp rx=0 tx=0).connect
2024-04-25T00:34:17.289 INFO:teuthology.orchestra.run.smithi047.stdout:/usr/bin/ceph: stderr
2024-04-25T00:34:16.454+0000 7fcde57f0700 1 -- --> [v2:172.21.15.47:3300/0,v1:172.21.15.47:6789/0] -- mon_getmap magic: 0 v1 -- 0x7fcde0111c00 con 0x7fcde0102810
2024-04-25T00:34:17.289 INFO:teuthology.orchestra.run.smithi047.stdout:/usr/bin/ceph: stderr
2024-04-25T00:34:16.454+0000 7fcddeffd700 1 --2- >> [v2:172.21.15.47:3300/0,v1:172.21.15.47:6789/0] conn(0x7fcde0102810 0x7fcde01116c0 unknown :-1 s=BANNER_CONNECTING pgs=0 cs=0 l=1 rev1=0 crypto rx=0 tx=0 comp rx=0 tx=0)._handle_peer_banner_payload supported=3 required=0
2024-04-25T00:34:17.289 INFO:teuthology.orchestra.run.smithi047.stdout:/usr/bin/ceph: stderr
2024-04-25T00:34:16.454+0000 7fcddeffd700 1 --2- >> [v2:172.21.15.47:3300/0,v1:172.21.15.47:6789/0] conn(0x7fcde0102810 0x7fcde01116c0 unknown :-1 s=HELLO_CONNECTING pgs=0 cs=0 l=1 rev1=1 crypto rx=0 tx=0 comp rx=0 tx=0).handle_hello peer v2:172.21.15.47:3300/0 says I am v2:172.21.15.47:38536/0 (socket says 172.21.15.47:38536)
2024-04-25T00:34:17.289 INFO:teuthology.orchestra.run.smithi047.stdout:/usr/bin/ceph: stderr
2024-04-25T00:34:16.454+0000 7fcddeffd700 1 -- 172.21.15.47:0/3836932046 learned_addr learned my addr 172.21.15.47:0/3836932046 (peer_addr_for_me v2:172.21.15.47:0/0)
2024-04-25T00:34:17.289 INFO:teuthology.orchestra.run.smithi047.stdout:/usr/bin/ceph: stderr
2024-04-25T00:34:16.455+0000 7fcddeffd700 1 -- 172.21.15.47:0/3836932046 --> [v2:172.21.15.47:3300/0,v1:172.21.15.47:6789/0] -- mon_subscribe({config=0+,monmap=0+}) v3 -- 0x7fcdd00094f0 con 0x7fcde0102810
2024-04-25T00:34:17.289 INFO:teuthology.orchestra.run.smithi047.stdout:/usr/bin/ceph: stderr
2024-04-25T00:34:16.455+0000 7fcddeffd700 1 --2- 172.21.15.47:0/3836932046 >> [v2:172.21.15.47:3300/0,v1:172.21.15.47:6789/0] conn(0x7fcde0102810 0x7fcde01116c0 secure :-1 s=READY pgs=52 cs=0 l=1 rev1=1 crypto rx=0x7fcdd0006b00 tx=0x7fcdd0009250 comp rx=0 tx=0).ready entity=mon.0 client_cookie=0 server_cookie=0 in_seq=0 out_seq=0
2024-04-25T00:34:17.290 INFO:teuthology.orchestra.run.smithi047.stdout:/usr/bin/ceph: stderr
2024-04-25T00:34:16.455+0000 7fcdc77fe700 1 -- 172.21.15.47:0/3836932046 <== mon.0 v2:172.21.15.47:3300/0 1 ==== mon_map magic: 0 v1 ==== 229+0+0 (secure 0 0 0) 0x7fcdd0010840 con 0x7fcde0102810
2024-04-25T00:34:17.290 INFO:teuthology.orchestra.run.smithi047.stdout:/usr/bin/ceph: stderr
2024-04-25T00:34:16.455+0000 7fcdc77fe700 1 -- 172.21.15.47:0/3836932046 <== mon.0 v2:172.21.15.47:3300/0 2 ==== config(27 keys) v1 ==== 1109+0+0 (secure 0 0 0) 0x7fcdd0010e70 con 0x7fcde0102810
2024-04-25T00:34:17.290 INFO:teuthology.orchestra.run.smithi047.stdout:/usr/bin/ceph: stderr
2024-04-25T00:34:16.455+0000 7fcdc77fe700 1 -- 172.21.15.47:0/3836932046 <== mon.0 v2:172.21.15.47:3300/0 3 ==== mon_map magic: 0 v1 ==== 229+0+0 (secure 0 0 0) 0x7fcdd001ae70 con 0x7fcde0102810
2024-04-25T00:34:17.290 INFO:teuthology.orchestra.run.smithi047.stdout:/usr/bin/ceph: stderr
2024-04-25T00:34:16.455+0000 7fcde57f0700 1 -- 172.21.15.47:0/3836932046 --> [v2:172.21.15.47:3300/0,v1:172.21.15.47:6789/0] -- mon_subscribe({mgrmap=0+}) v3 -- 0x7fcde0111e00 con 0x7fcde0102810
2024-04-25T00:34:17.290 INFO:teuthology.orchestra.run.smithi047.stdout:/usr/bin/ceph: stderr
2024-04-25T00:34:16.455+0000 7fcde57f0700 1 -- 172.21.15.47:0/3836932046 --> [v2:172.21.15.47:3300/0,v1:172.21.15.47:6789/0] -- mon_subscribe({osdmap=0}) v3 -- 0x7fcde0112970 con 0x7fcde0102810
2024-04-25T00:34:17.290 INFO:teuthology.orchestra.run.smithi047.stdout:/usr/bin/ceph: stderr
2024-04-25T00:34:16.456+0000 7fcdc77fe700 1 -- 172.21.15.47:0/3836932046 <== mon.0 v2:172.21.15.47:3300/0 4 ==== mgrmap(e 8) v1 ==== 43376+0+0 (secure 0 0 0) 0x7fcdd00109a0 con 0x7fcde0102810
2024-04-25T00:34:17.290 INFO:teuthology.orchestra.run.smithi047.stdout:/usr/bin/ceph: stderr
2024-04-25T00:34:16.456+0000 7fcde57f0700 1 -- 172.21.15.47:0/3836932046 --> [v2:172.21.15.47:3300/0,v1:172.21.15.47:6789/0] -- mon_command({"prefix": "get_command_descriptions"} v 0) v1 -- 0x7fcde005f5c0 con 0x7fcde0102810
2024-04-25T00:34:17.290 INFO:teuthology.orchestra.run.smithi047.stdout:/usr/bin/ceph: stderr
2024-04-25T00:34:16.456+0000 7fcdc77fe700 1 --2- 172.21.15.47:0/3836932046 >> [v2:172.21.15.47:6800/225834446,v1:172.21.15.47:6801/225834446] conn(0x7fcdc80368a0 0x7fcdc8038d50 unknown :-1 s=NONE pgs=0 cs=0 l=1 rev1=0 crypto rx=0 tx=0 comp rx=0 tx=0).connect
2024-04-25T00:34:17.290 INFO:teuthology.orchestra.run.smithi047.stdout:/usr/bin/ceph: stderr
2024-04-25T00:34:16.456+0000 7fcdc77fe700 1 -- 172.21.15.47:0/3836932046 <== mon.0 v2:172.21.15.47:3300/0 5 ==== osd_map(2..2 src has 1..2) v4 ==== 936+0+0 (secure 0 0 0) 0x7fcdd004aac0 con 0x7fcde0102810
2024-04-25T00:34:17.290 INFO:teuthology.orchestra.run.smithi047.stdout:/usr/bin/ceph: stderr
2024-04-25T00:34:16.456+0000 7fcdde7fc700 1 --2- 172.21.15.47:0/3836932046 >> [v2:172.21.15.47:6800/225834446,v1:172.21.15.47:6801/225834446] conn(0x7fcdc80368a0 0x7fcdc8038d50 unknown :-1 s=BANNER_CONNECTING pgs=0 cs=0 l=1 rev1=0 crypto rx=0 tx=0 comp rx=0 tx=0)._handle_peer_banner_payload supported=3 required=0
2024-04-25T00:34:17.290 INFO:teuthology.orchestra.run.smithi047.stdout:/usr/bin/ceph: stderr
2024-04-25T00:34:16.457+0000 7fcdde7fc700 1 --2- 172.21.15.47:0/3836932046 >> [v2:172.21.15.47:6800/225834446,v1:172.21.15.47:6801/225834446] conn(0x7fcdc80368a0 0x7fcdc8038d50 secure :-1 s=READY pgs=14 cs=0 l=1 rev1=1 crypto rx=0x7fcdd4009990 tx=0x7fcdd4006e40 comp rx=0 tx=0).ready entity=mgr.14120 client_cookie=0 server_cookie=0 in_seq=0 out_seq=0
2024-04-25T00:34:17.290 INFO:teuthology.orchestra.run.smithi047.stdout:/usr/bin/ceph: stderr
2024-04-25T00:34:16.461+0000 7fcdc77fe700 1 -- 172.21.15.47:0/3836932046 <== mon.0 v2:172.21.15.47:3300/0 6 ==== mon_command_ack([{"prefix": "get_command_descriptions"}]=0 v0) v1 ==== 72+0+176702 (secure 0 0 0) 0x7fcdd004ce60 con 0x7fcde0102810
2024-04-25T00:34:17.291 INFO:teuthology.orchestra.run.smithi047.stdout:/usr/bin/ceph: stderr
2024-04-25T00:34:16.671+0000 7fcde57f0700 1 -- 172.21.15.47:0/3836932046 --> [v2:172.21.15.47:6800/225834446,v1:172.21.15.47:6801/225834446] -- mgr_command(tid 0: {"prefix": "orch apply", "service_type": "crash", "target": ["mon-mgr", ""]}) v1 -- 0x7fcde00ff230 con 0x7fcdc80368a0
2024-04-25T00:34:17.291 INFO:teuthology.orchestra.run.smithi047.stdout:/usr/bin/ceph: stderr
2024-04-25T00:34:16.675+0000 7fcdc77fe700 1 -- 172.21.15.47:0/3836932046 <== mgr.14120 v2:172.21.15.47:6800/225834446 1 ==== mgr_command_reply(tid 0: 0 ) v1 ==== 8+0+26 (secure 0 0 0) 0x7fcde00ff230 con 0x7fcdc80368a0
2024-04-25T00:34:17.291 INFO:teuthology.orchestra.run.smithi047.stdout:/usr/bin/ceph: stderr
2024-04-25T00:34:16.678+0000 7fcde57f0700 1 -- 172.21.15.47:0/3836932046 >> [v2:172.21.15.47:6800/225834446,v1:172.21.15.47:6801/225834446] conn(0x7fcdc80368a0 msgr2=0x7fcdc8038d50 secure :-1 s=STATE_CONNECTION_ESTABLISHED l=1).mark_down
2024-04-25T00:34:17.291 INFO:teuthology.orchestra.run.smithi047.stdout:/usr/bin/ceph: stderr
2024-04-25T00:34:16.678+0000 7fcde57f0700 1 --2- 172.21.15.47:0/3836932046 >> [v2:172.21.15.47:6800/225834446,v1:172.21.15.47:6801/225834446] conn(0x7fcdc80368a0 0x7fcdc8038d50 secure :-1 s=READY pgs=14 cs=0 l=1 rev1=1 crypto rx=0x7fcdd4009990 tx=0x7fcdd4006e40 comp rx=0 tx=0).stop
2024-04-25T00:34:17.291 INFO:teuthology.orchestra.run.smithi047.stdout:/usr/bin/ceph: stderr
2024-04-25T00:34:16.678+0000 7fcde57f0700 1 -- 172.21.15.47:0/3836932046 >> [v2:172.21.15.47:3300/0,v1:172.21.15.47:6789/0] conn(0x7fcde0102810 msgr2=0x7fcde01116c0 secure :-1 s=STATE_CONNECTION_ESTABLISHED l=1).mark_down
2024-04-25T00:34:17.291 INFO:teuthology.orchestra.run.smithi047.stdout:/usr/bin/ceph: stderr
2024-04-25T00:34:16.678+0000 7fcde57f0700 1 --2- 172.21.15.47:0/3836932046 >> [v2:172.21.15.47:3300/0,v1:172.21.15.47:6789/0] conn(0x7fcde0102810 0x7fcde01116c0 secure :-1 s=READY pgs=52 cs=0 l=1 rev1=1 crypto rx=0x7fcdd0006b00 tx=0x7fcdd0009250 comp rx=0 tx=0).stop
2024-04-25T00:34:17.291 INFO:teuthology.orchestra.run.smithi047.stdout:/usr/bin/ceph: stderr
2024-04-25T00:34:16.678+0000 7fcde57f0700 1 -- 172.21.15.47:0/3836932046 shutdown_connections
2024-04-25T00:34:17.291 INFO:teuthology.orchestra.run.smithi047.stdout:/usr/bin/ceph: stderr
2024-04-25T00:34:16.678+0000 7fcde57f0700 1 --2- 172.21.15.47:0/3836932046 >> [v2:172.21.15.47:6800/225834446,v1:172.21.15.47:6801/225834446] conn(0x7fcdc80368a0 0x7fcdc8038d50 unknown :-1 s=CLOSED pgs=14 cs=0 l=1 rev1=1 crypto rx=0 tx=0 comp rx=0 tx=0).stop
2024-04-25T00:34:17.291 INFO:teuthology.orchestra.run.smithi047.stdout:/usr/bin/ceph: stderr
2024-04-25T00:34:16.678+0000 7fcde57f0700 1 --2- 172.21.15.47:0/3836932046 >> [v2:172.21.15.47:3300/0,v1:172.21.15.47:6789/0] conn(0x7fcde0102810 0x7fcde01116c0 unknown :-1 s=CLOSED pgs=52 cs=0 l=1 rev1=1 crypto rx=0 tx=0 comp rx=0 tx=0).stop
2024-04-25T00:34:17.291 INFO:teuthology.orchestra.run.smithi047.stdout:/usr/bin/ceph: stderr
2024-04-25T00:34:16.678+0000 7fcde57f0700 1 -- 172.21.15.47:0/3836932046 >> 172.21.15.47:0/3836932046 conn(0x7fcde00fdfd0 msgr2=0x7fcde00feb20 unknown :-1 s=STATE_NONE l=0).mark_down
2024-04-25T00:34:17.291 INFO:teuthology.orchestra.run.smithi047.stdout:/usr/bin/ceph: stderr
2024-04-25T00:34:16.678+0000 7fcde57f0700 1 -- 172.21.15.47:0/3836932046 shutdown_connections
2024-04-25T00:34:17.291 INFO:teuthology.orchestra.run.smithi047.stdout:/usr/bin/ceph: stderr
2024-04-25T00:34:16.678+0000 7fcde57f0700 1 -- 172.21.15.47:0/3836932046 wait complete.
2024-04-25T00:34:17.292 INFO:teuthology.orchestra.run.smithi047.stdout:Deploying prometheus service with default placement...
2024-04-25T00:34:17.690 INFO:journalctl@ceph.mon.smithi047.smithi047.stdout:Apr 25 00:34:17 smithi047 ceph-mon[26432]: from='mgr.14120 172.21.15.47:0/3236173415' entity='mgr.smithi047.xbgehu'
2024-04-25T00:34:17.690 INFO:journalctl@ceph.mon.smithi047.smithi047.stdout:Apr 25 00:34:17 smithi047 ceph-mon[26432]: from='client.14146 -' entity='client.admin' cmd=[{"prefix": "orch apply", "service_type": "crash", "target": ["mon-mgr", ""]}]: dispatch
2024-04-25T00:34:17.690 INFO:journalctl@ceph.mon.smithi047.smithi047.stdout:Apr 25 00:34:17 smithi047 ceph-mon[26432]: Saving service crash spec with placement *
2024-04-25T00:34:17.690 INFO:journalctl@ceph.mon.smithi047.smithi047.stdout:Apr 25 00:34:17 smithi047 ceph-mon[26432]: from='mgr.14120 172.21.15.47:0/3236173415' entity='mgr.smithi047.xbgehu'
2024-04-25T00:34:18.503 INFO:teuthology.orchestra.run.smithi047.stdout:/usr/bin/ceph: stdout Scheduled prometheus update...
2024-04-25T00:34:18.503 INFO:teuthology.orchestra.run.smithi047.stdout:/usr/bin/ceph: stderr
2024-04-25T00:34:17.709+0000 7fc4712c4700 1 Processor -- start
2024-04-25T00:34:18.503 INFO:teuthology.orchestra.run.smithi047.stdout:/usr/bin/ceph: stderr
2024-04-25T00:34:17.709+0000 7fc4712c4700 1 -- start start
2024-04-25T00:34:18.503 INFO:teuthology.orchestra.run.smithi047.stdout:/usr/bin/ceph: stderr
2024-04-25T00:34:17.709+0000 7fc4712c4700 1 --2- >> [v2:172.21.15.47:3300/0,v1:172.21.15.47:6789/0] conn(0x7fc46c102810 0x7fc46c102c20 unknown :-1 s=NONE pgs=0 cs=0 l=0 rev1=0 crypto rx=0 tx=0 comp rx=0 tx=0).connect
2024-04-25T00:34:18.504 INFO:teuthology.orchestra.run.smithi047.stdout:/usr/bin/ceph: stderr
2024-04-25T00:34:17.709+0000 7fc4712c4700 1 -- --> [v2:172.21.15.47:3300/0,v1:172.21.15.47:6789/0] -- mon_getmap magic: 0 v1 -- 0x7fc46c103160 con 0x7fc46c102810
2024-04-25T00:34:18.504 INFO:teuthology.orchestra.run.smithi047.stdout:/usr/bin/ceph: stderr
2024-04-25T00:34:17.709+0000 7fc46affd700 1 --2- >> [v2:172.21.15.47:3300/0,v1:172.21.15.47:6789/0] conn(0x7fc46c102810 0x7fc46c102c20 unknown :-1 s=BANNER_CONNECTING pgs=0 cs=0 l=0 rev1=0 crypto rx=0 tx=0 comp rx=0 tx=0)._handle_peer_banner_payload supported=3 required=0
2024-04-25T00:34:18.504 INFO:teuthology.orchestra.run.smithi047.stdout:/usr/bin/ceph: stderr
2024-04-25T00:34:17.709+0000 7fc46affd700 1 --2- >> [v2:172.21.15.47:3300/0,v1:172.21.15.47:6789/0] conn(0x7fc46c102810 0x7fc46c102c20 unknown :-1 s=HELLO_CONNECTING pgs=0 cs=0 l=0 rev1=1 crypto rx=0 tx=0 comp rx=0 tx=0).handle_hello peer v2:172.21.15.47:3300/0 says I am v2:172.21.15.47:38548/0 (socket says 172.21.15.47:38548)
2024-04-25T00:34:18.504 INFO:teuthology.orchestra.run.smithi047.stdout:/usr/bin/ceph: stderr
2024-04-25T00:34:17.709+0000 7fc46affd700 1 -- 172.21.15.47:0/3639848471 learned_addr learned my addr 172.21.15.47:0/3639848471 (peer_addr_for_me v2:172.21.15.47:0/0)
2024-04-25T00:34:18.504 INFO:teuthology.orchestra.run.smithi047.stdout:/usr/bin/ceph: stderr
2024-04-25T00:34:17.709+0000 7fc46affd700 1 -- 172.21.15.47:0/3639848471 --> [v2:172.21.15.47:3300/0,v1:172.21.15.47:6789/0] -- mon_subscribe({config=0+,monmap=0+}) v3 -- 0x7fc46c1032a0 con 0x7fc46c102810
2024-04-25T00:34:18.504 INFO:teuthology.orchestra.run.smithi047.stdout:/usr/bin/ceph: stderr
2024-04-25T00:34:17.709+0000 7fc46affd700 1 --2- 172.21.15.47:0/3639848471 >> [v2:172.21.15.47:3300/0,v1:172.21.15.47:6789/0] conn(0x7fc46c102810 0x7fc46c102c20 secure :-1 s=READY pgs=53 cs=0 l=1 rev1=1 crypto rx=0x7fc45c0098e0 tx=0x7fc45c009250 comp rx=0 tx=0).ready entity=mon.0 client_cookie=c01aee85cfda98a1 server_cookie=0 in_seq=0 out_seq=0
2024-04-25T00:34:18.504 INFO:teuthology.orchestra.run.smithi047.stdout:/usr/bin/ceph: stderr
2024-04-25T00:34:17.709+0000 7fc469ffb700 1 -- 172.21.15.47:0/3639848471 <== mon.0 v2:172.21.15.47:3300/0 1 ==== mon_map magic: 0 v1 ==== 229+0+0 (secure 0 0 0) 0x7fc45c00b860 con 0x7fc46c102810
2024-04-25T00:34:18.504 INFO:teuthology.orchestra.run.smithi047.stdout:/usr/bin/ceph: stderr
2024-04-25T00:34:17.709+0000 7fc469ffb700 1 -- 172.21.15.47:0/3639848471 <== mon.0 v2:172.21.15.47:3300/0 2 ==== config(27 keys) v1 ==== 1109+0+0 (secure 0 0 0) 0x7fc45c00be90 con 0x7fc46c102810
2024-04-25T00:34:18.504 INFO:teuthology.orchestra.run.smithi047.stdout:/usr/bin/ceph: stderr
2024-04-25T00:34:17.709+0000 7fc469ffb700 1 -- 172.21.15.47:0/3639848471 <== mon.0 v2:172.21.15.47:3300/0 3 ==== mon_map magic: 0 v1 ==== 229+0+0 (secure 0 0 0) 0x7fc45c0103c0 con 0x7fc46c102810
2024-04-25T00:34:18.504 INFO:teuthology.orchestra.run.smithi047.stdout:/usr/bin/ceph: stderr
2024-04-25T00:34:17.709+0000 7fc4712c4700 1 -- 172.21.15.47:0/3639848471 >> [v2:172.21.15.47:3300/0,v1:172.21.15.47:6789/0] conn(0x7fc46c102810 msgr2=0x7fc46c102c20 secure :-1 s=STATE_CONNECTION_ESTABLISHED l=1).mark_down
2024-04-25T00:34:18.504 INFO:teuthology.orchestra.run.smithi047.stdout:/usr/bin/ceph: stderr
2024-04-25T00:34:17.709+0000 7fc4712c4700 1 --2- 172.21.15.47:0/3639848471 >> [v2:172.21.15.47:3300/0,v1:172.21.15.47:6789/0] conn(0x7fc46c102810 0x7fc46c102c20 secure :-1 s=READY pgs=53 cs=0 l=1 rev1=1 crypto rx=0x7fc45c0098e0 tx=0x7fc45c009250 comp rx=0 tx=0).stop
2024-04-25T00:34:18.504 INFO:teuthology.orchestra.run.smithi047.stdout:/usr/bin/ceph: stderr
2024-04-25T00:34:17.710+0000 7fc4712c4700 1 -- 172.21.15.47:0/3639848471 shutdown_connections
2024-04-25T00:34:18.504 INFO:teuthology.orchestra.run.smithi047.stdout:/usr/bin/ceph: stderr
2024-04-25T00:34:17.710+0000 7fc4712c4700 1 --2- 172.21.15.47:0/3639848471 >> [v2:172.21.15.47:3300/0,v1:172.21.15.47:6789/0] conn(0x7fc46c102810 0x7fc46c102c20 unknown :-1 s=CLOSED pgs=53 cs=0 l=1 rev1=1 crypto rx=0 tx=0 comp rx=0 tx=0).stop
2024-04-25T00:34:18.504 INFO:teuthology.orchestra.run.smithi047.stdout:/usr/bin/ceph: stderr
2024-04-25T00:34:17.710+0000 7fc4712c4700 1 -- 172.21.15.47:0/3639848471 >> 172.21.15.47:0/3639848471 conn(0x7fc46c0fdfd0 msgr2=0x7fc46c1003e0 unknown :-1 s=STATE_NONE l=0).mark_down
2024-04-25T00:34:18.504 INFO:teuthology.orchestra.run.smithi047.stdout:/usr/bin/ceph: stderr
2024-04-25T00:34:17.710+0000 7fc4712c4700 1 -- 172.21.15.47:0/3639848471 shutdown_connections
2024-04-25T00:34:18.505 INFO:teuthology.orchestra.run.smithi047.stdout:/usr/bin/ceph: stderr
2024-04-25T00:34:17.710+0000 7fc4712c4700 1 -- 172.21.15.47:0/3639848471 wait complete.
2024-04-25T00:34:18.505 INFO:teuthology.orchestra.run.smithi047.stdout:/usr/bin/ceph: stderr
2024-04-25T00:34:17.710+0000 7fc4712c4700 1 Processor -- start
2024-04-25T00:34:18.505 INFO:teuthology.orchestra.run.smithi047.stdout:/usr/bin/ceph: stderr
2024-04-25T00:34:17.710+0000 7fc4712c4700 1 -- start start
2024-04-25T00:34:18.505 INFO:teuthology.orchestra.run.smithi047.stdout:/usr/bin/ceph: stderr
2024-04-25T00:34:17.711+0000 7fc4712c4700 1 --2- >> [v2:172.21.15.47:3300/0,v1:172.21.15.47:6789/0] conn(0x7fc46c102810 0x7fc46c078c20 unknown :-1 s=NONE pgs=0 cs=0 l=1 rev1=0 crypto rx=0 tx=0 comp rx=0 tx=0).connect
2024-04-25T00:34:18.505 INFO:teuthology.orchestra.run.smithi047.stdout:/usr/bin/ceph: stderr
2024-04-25T00:34:17.711+0000 7fc4712c4700 1 -- --> [v2:172.21.15.47:3300/0,v1:172.21.15.47:6789/0] -- mon_getmap magic: 0 v1 -- 0x7fc46c079160 con 0x7fc46c102810
2024-04-25T00:34:18.505 INFO:teuthology.orchestra.run.smithi047.stdout:/usr/bin/ceph: stderr
2024-04-25T00:34:17.711+0000 7fc46affd700 1 --2- >> [v2:172.21.15.47:3300/0,v1:172.21.15.47:6789/0] conn(0x7fc46c102810 0x7fc46c078c20 unknown :-1 s=BANNER_CONNECTING pgs=0 cs=0 l=1 rev1=0 crypto rx=0 tx=0 comp rx=0 tx=0)._handle_peer_banner_payload supported=3 required=0
2024-04-25T00:34:18.505 INFO:teuthology.orchestra.run.smithi047.stdout:/usr/bin/ceph: stderr
2024-04-25T00:34:17.711+0000 7fc46affd700 1 --2- >> [v2:172.21.15.47:3300/0,v1:172.21.15.47:6789/0] conn(0x7fc46c102810 0x7fc46c078c20 unknown :-1 s=HELLO_CONNECTING pgs=0 cs=0 l=1 rev1=1 crypto rx=0 tx=0 comp rx=0 tx=0).handle_hello peer v2:172.21.15.47:3300/0 says I am v2:172.21.15.47:38556/0 (socket says 172.21.15.47:38556)
2024-04-25T00:34:18.505 INFO:teuthology.orchestra.run.smithi047.stdout:/usr/bin/ceph: stderr
2024-04-25T00:34:17.711+0000 7fc46affd700 1 -- 172.21.15.47:0/3788606705 learned_addr learned my addr 172.21.15.47:0/3788606705 (peer_addr_for_me v2:172.21.15.47:0/0)
2024-04-25T00:34:18.505 INFO:teuthology.orchestra.run.smithi047.stdout:/usr/bin/ceph: stderr
2024-04-25T00:34:17.711+0000 7fc46affd700 1 -- 172.21.15.47:0/3788606705 --> [v2:172.21.15.47:3300/0,v1:172.21.15.47:6789/0] -- mon_subscribe({config=0+,monmap=0+}) v3 -- 0x7fc45c0094f0 con 0x7fc46c102810
2024-04-25T00:34:18.505 INFO:teuthology.orchestra.run.smithi047.stdout:/usr/bin/ceph: stderr
2024-04-25T00:34:17.711+0000 7fc46affd700 1 --2- 172.21.15.47:0/3788606705 >> [v2:172.21.15.47:3300/0,v1:172.21.15.47:6789/0] conn(0x7fc46c102810 0x7fc46c078c20 secure :-1 s=READY pgs=54 cs=0 l=1 rev1=1 crypto rx=0x7fc45c011c10 tx=0x7fc45c009250 comp rx=0 tx=0).ready entity=mon.0 client_cookie=0 server_cookie=0 in_seq=0 out_seq=0
2024-04-25T00:34:18.505 INFO:teuthology.orchestra.run.smithi047.stdout:/usr/bin/ceph: stderr
2024-04-25T00:34:17.711+0000 7fc4537fe700 1 -- 172.21.15.47:0/3788606705 <== mon.0 v2:172.21.15.47:3300/0 1 ==== mon_map magic: 0 v1 ==== 229+0+0 (secure 0 0 0) 0x7fc45c010890 con 0x7fc46c102810
2024-04-25T00:34:18.505 INFO:teuthology.orchestra.run.smithi047.stdout:/usr/bin/ceph: stderr
2024-04-25T00:34:17.711+0000 7fc4537fe700 1 -- 172.21.15.47:0/3788606705 <== mon.0 v2:172.21.15.47:3300/0 2 ==== config(27 keys) v1 ==== 1109+0+0 (secure 0 0 0) 0x7fc45c010ec0 con 0x7fc46c102810
2024-04-25T00:34:18.505 INFO:teuthology.orchestra.run.smithi047.stdout:/usr/bin/ceph: stderr
2024-04-25T00:34:17.711+0000 7fc4712c4700 1 -- 172.21.15.47:0/3788606705 --> [v2:172.21.15.47:3300/0,v1:172.21.15.47:6789/0] -- mon_subscribe({mgrmap=0+}) v3 -- 0x7fc46c0771d0 con 0x7fc46c102810
2024-04-25T00:34:18.505 INFO:teuthology.orchestra.run.smithi047.stdout:/usr/bin/ceph: stderr
2024-04-25T00:34:17.711+0000 7fc4537fe700 1 -- 172.21.15.47:0/3788606705 <== mon.0 v2:172.21.15.47:3300/0 3 ==== mon_map magic: 0 v1 ==== 229+0+0 (secure 0 0 0) 0x7fc45c0243f0 con 0x7fc46c102810
2024-04-25T00:34:18.506 INFO:teuthology.orchestra.run.smithi047.stdout:/usr/bin/ceph: stderr
2024-04-25T00:34:17.711+0000 7fc4712c4700 1 -- 172.21.15.47:0/3788606705 --> [v2:172.21.15.47:3300/0,v1:172.21.15.47:6789/0] -- mon_subscribe({osdmap=0}) v3 -- 0x7fc46c0776c0 con 0x7fc46c102810
2024-04-25T00:34:18.506 INFO:teuthology.orchestra.run.smithi047.stdout:/usr/bin/ceph: stderr
2024-04-25T00:34:17.712+0000 7fc4537fe700 1 -- 172.21.15.47:0/3788606705 <== mon.0 v2:172.21.15.47:3300/0 4 ==== mgrmap(e 8) v1 ==== 43376+0+0 (secure 0 0 0) 0x7fc45c02d3f0 con 0x7fc46c102810
2024-04-25T00:34:18.506 INFO:teuthology.orchestra.run.smithi047.stdout:/usr/bin/ceph: stderr
2024-04-25T00:34:17.712+0000 7fc4712c4700 1 -- 172.21.15.47:0/3788606705 --> [v2:172.21.15.47:3300/0,v1:172.21.15.47:6789/0] -- mon_command({"prefix": "get_command_descriptions"} v 0) v1 -- 0x7fc46c04bed0 con 0x7fc46c102810
2024-04-25T00:34:18.506 INFO:teuthology.orchestra.run.smithi047.stdout:/usr/bin/ceph: stderr
2024-04-25T00:34:17.712+0000 7fc4537fe700 1 --2- 172.21.15.47:0/3788606705 >> [v2:172.21.15.47:6800/225834446,v1:172.21.15.47:6801/225834446] conn(0x7fc4540368a0 0x7fc454038d50 unknown :-1 s=NONE pgs=0 cs=0 l=1 rev1=0 crypto rx=0 tx=0 comp rx=0 tx=0).connect
2024-04-25T00:34:18.506 INFO:teuthology.orchestra.run.smithi047.stdout:/usr/bin/ceph: stderr
2024-04-25T00:34:17.712+0000 7fc4537fe700 1 -- 172.21.15.47:0/3788606705 <== mon.0 v2:172.21.15.47:3300/0 5 ==== osd_map(2..2 src has 1..2) v4 ==== 936+0+0 (secure 0 0 0) 0x7fc45c04a360 con 0x7fc46c102810
2024-04-25T00:34:18.506 INFO:teuthology.orchestra.run.smithi047.stdout:/usr/bin/ceph: stderr
2024-04-25T00:34:17.712+0000 7fc46a7fc700 1 --2- 172.21.15.47:0/3788606705 >> [v2:172.21.15.47:6800/225834446,v1:172.21.15.47:6801/225834446] conn(0x7fc4540368a0 0x7fc454038d50 unknown :-1 s=BANNER_CONNECTING pgs=0 cs=0 l=1 rev1=0 crypto rx=0 tx=0 comp rx=0 tx=0)._handle_peer_banner_payload supported=3 required=0
2024-04-25T00:34:18.506 INFO:teuthology.orchestra.run.smithi047.stdout:/usr/bin/ceph: stderr
2024-04-25T00:34:17.713+0000 7fc46a7fc700 1 --2- 172.21.15.47:0/3788606705 >> [v2:172.21.15.47:6800/225834446,v1:172.21.15.47:6801/225834446] conn(0x7fc4540368a0 0x7fc454038d50 secure :-1 s=READY pgs=15 cs=0 l=1 rev1=1 crypto rx=0x7fc460009990 tx=0x7fc460006e40 comp rx=0 tx=0).ready entity=mgr.14120 client_cookie=0 server_cookie=0 in_seq=0 out_seq=0
2024-04-25T00:34:18.506 INFO:teuthology.orchestra.run.smithi047.stdout:/usr/bin/ceph: stderr
2024-04-25T00:34:17.718+0000 7fc4537fe700 1 -- 172.21.15.47:0/3788606705 <== mon.0 v2:172.21.15.47:3300/0 6 ==== mon_command_ack([{"prefix": "get_command_descriptions"}]=0 v0) v1 ==== 72+0+176702 (secure 0 0 0) 0x7fc45c02b8e0 con 0x7fc46c102810
2024-04-25T00:34:18.506 INFO:teuthology.orchestra.run.smithi047.stdout:/usr/bin/ceph: stderr
2024-04-25T00:34:17.928+0000 7fc4712c4700 1 -- 172.21.15.47:0/3788606705 --> [v2:172.21.15.47:6800/225834446,v1:172.21.15.47:6801/225834446] -- mgr_command(tid 0: {"prefix": "orch apply", "service_type": "prometheus", "target": ["mon-mgr", ""]}) v1 -- 0x7fc46c077dd0 con 0x7fc4540368a0
2024-04-25T00:34:18.506 INFO:teuthology.orchestra.run.smithi047.stdout:/usr/bin/ceph: stderr
2024-04-25T00:34:17.932+0000 7fc4537fe700 1 -- 172.21.15.47:0/3788606705 <== mgr.14120 v2:172.21.15.47:6800/225834446 1 ==== mgr_command_reply(tid 0: 0 ) v1 ==== 8+0+31 (secure 0 0 0) 0x7fc46c077dd0 con 0x7fc4540368a0
2024-04-25T00:34:18.506 INFO:teuthology.orchestra.run.smithi047.stdout:/usr/bin/ceph: stderr
2024-04-25T00:34:17.934+0000 7fc4712c4700 1 -- 172.21.15.47:0/3788606705 >> [v2:172.21.15.47:6800/225834446,v1:172.21.15.47:6801/225834446] conn(0x7fc4540368a0 msgr2=0x7fc454038d50 secure :-1 s=STATE_CONNECTION_ESTABLISHED l=1).mark_down
2024-04-25T00:34:18.506 INFO:teuthology.orchestra.run.smithi047.stdout:/usr/bin/ceph: stderr
2024-04-25T00:34:17.934+0000 7fc4712c4700 1 --2- 172.21.15.47:0/3788606705 >> [v2:172.21.15.47:6800/225834446,v1:172.21.15.47:6801/225834446] conn(0x7fc4540368a0 0x7fc454038d50 secure :-1 s=READY pgs=15 cs=0 l=1 rev1=1 crypto rx=0x7fc460009990 tx=0x7fc460006e40 comp rx=0 tx=0).stop
2024-04-25T00:34:18.506 INFO:teuthology.orchestra.run.smithi047.stdout:/usr/bin/ceph: stderr
2024-04-25T00:34:17.934+0000 7fc4712c4700 1 -- 172.21.15.47:0/3788606705 >> [v2:172.21.15.47:3300/0,v1:172.21.15.47:6789/0] conn(0x7fc46c102810 msgr2=0x7fc46c078c20 secure :-1 s=STATE_CONNECTION_ESTABLISHED l=1).mark_down
2024-04-25T00:34:18.506 INFO:teuthology.orchestra.run.smithi047.stdout:/usr/bin/ceph: stderr
2024-04-25T00:34:17.934+0000 7fc4712c4700 1 --2- 172.21.15.47:0/3788606705 >> [v2:172.21.15.47:3300/0,v1:172.21.15.47:6789/0] conn(0x7fc46c102810 0x7fc46c078c20 secure :-1 s=READY pgs=54 cs=0 l=1 rev1=1 crypto rx=0x7fc45c011c10 tx=0x7fc45c009250 comp rx=0 tx=0).stop
2024-04-25T00:34:18.507 INFO:teuthology.orchestra.run.smithi047.stdout:/usr/bin/ceph: stderr
2024-04-25T00:34:17.934+0000 7fc4712c4700 1 -- 172.21.15.47:0/3788606705 shutdown_connections
2024-04-25T00:34:18.507 INFO:teuthology.orchestra.run.smithi047.stdout:/usr/bin/ceph: stderr
2024-04-25T00:34:17.934+0000 7fc4712c4700 1 --2- 172.21.15.47:0/3788606705 >> [v2:172.21.15.47:6800/225834446,v1:172.21.15.47:6801/225834446] conn(0x7fc4540368a0 0x7fc454038d50 unknown :-1 s=CLOSED pgs=15 cs=0 l=1 rev1=1 crypto rx=0 tx=0 comp rx=0 tx=0).stop
2024-04-25T00:34:18.507 INFO:teuthology.orchestra.run.smithi047.stdout:/usr/bin/ceph: stderr
2024-04-25T00:34:17.934+0000 7fc4712c4700 1 --2- 172.21.15.47:0/3788606705 >> [v2:172.21.15.47:3300/0,v1:172.21.15.47:6789/0] conn(0x7fc46c102810 0x7fc46c078c20 unknown :-1 s=CLOSED pgs=54 cs=0 l=1 rev1=1 crypto rx=0 tx=0 comp rx=0 tx=0).stop
2024-04-25T00:34:18.507 INFO:teuthology.orchestra.run.smithi047.stdout:/usr/bin/ceph: stderr
2024-04-25T00:34:17.934+0000 7fc4712c4700 1 -- 172.21.15.47:0/3788606705 >> 172.21.15.47:0/3788606705 conn(0x7fc46c0fdfd0 msgr2=0x7fc46c0feb20 unknown :-1 s=STATE_NONE l=0).mark_down
2024-04-25T00:34:18.507 INFO:teuthology.orchestra.run.smithi047.stdout:/usr/bin/ceph: stderr
2024-04-25T00:34:17.934+0000 7fc4712c4700 1 -- 172.21.15.47:0/3788606705 shutdown_connections
2024-04-25T00:34:18.507 INFO:teuthology.orchestra.run.smithi047.stdout:/usr/bin/ceph: stderr
2024-04-25T00:34:17.934+0000 7fc4712c4700 1 -- 172.21.15.47:0/3788606705 wait complete.
2024-04-25T00:34:18.507 INFO:teuthology.orchestra.run.smithi047.stdout:Deploying grafana service with default placement...
2024-04-25T00:34:19.069 INFO:journalctl@ceph.mon.smithi047.smithi047.stdout:Apr 25 00:34:18 smithi047 ceph-mon[26432]: from='client.14148 -' entity='client.admin' cmd=[{"prefix": "orch apply", "service_type": "prometheus", "target": ["mon-mgr", ""]}]: dispatch
2024-04-25T00:34:19.069 INFO:journalctl@ceph.mon.smithi047.smithi047.stdout:Apr 25 00:34:18 smithi047 ceph-mon[26432]: Saving service prometheus spec with placement count:1
2024-04-25T00:34:19.069 INFO:journalctl@ceph.mon.smithi047.smithi047.stdout:Apr 25 00:34:18 smithi047 ceph-mon[26432]: from='mgr.14120 172.21.15.47:0/3236173415' entity='mgr.smithi047.xbgehu'
2024-04-25T00:34:19.962 INFO:teuthology.orchestra.run.smithi047.stdout:/usr/bin/ceph: stdout Scheduled grafana update...
2024-04-25T00:34:19.962 INFO:teuthology.orchestra.run.smithi047.stdout:/usr/bin/ceph: stderr
2024-04-25T00:34:18.941+0000 7f62bed7a700 1 Processor -- start
2024-04-25T00:34:19.962 INFO:teuthology.orchestra.run.smithi047.stdout:/usr/bin/ceph: stderr
2024-04-25T00:34:18.941+0000 7f62bed7a700 1 -- start start
2024-04-25T00:34:19.963 INFO:teuthology.orchestra.run.smithi047.stdout:/usr/bin/ceph: stderr
2024-04-25T00:34:18.941+0000 7f62bed7a700 1 --2- >> [v2:172.21.15.47:3300/0,v1:172.21.15.47:6789/0] conn(0x7f62b8102c90 0x7f62b81030a0 unknown :-1 s=NONE pgs=0 cs=0 l=0 rev1=0 crypto rx=0 tx=0 comp rx=0 tx=0).connect
2024-04-25T00:34:19.963 INFO:teuthology.orchestra.run.smithi047.stdout:/usr/bin/ceph: stderr
2024-04-25T00:34:18.941+0000 7f62bed7a700 1 -- --> [v2:172.21.15.47:3300/0,v1:172.21.15.47:6789/0] -- mon_getmap magic: 0 v1 -- 0x7f62b8103670 con 0x7f62b8102c90
2024-04-25T00:34:19.963 INFO:teuthology.orchestra.run.smithi047.stdout:/usr/bin/ceph: stderr
2024-04-25T00:34:18.941+0000 7f62bcb16700 1 --2- >> [v2:172.21.15.47:3300/0,v1:172.21.15.47:6789/0] conn(0x7f62b8102c90 0x7f62b81030a0 unknown :-1 s=BANNER_CONNECTING pgs=0 cs=0 l=0 rev1=0 crypto rx=0 tx=0 comp rx=0 tx=0)._handle_peer_banner_payload supported=3 required=0
2024-04-25T00:34:19.963 INFO:teuthology.orchestra.run.smithi047.stdout:/usr/bin/ceph: stderr
2024-04-25T00:34:18.942+0000 7f62bcb16700 1 --2- >> [v2:172.21.15.47:3300/0,v1:172.21.15.47:6789/0] conn(0x7f62b8102c90 0x7f62b81030a0 unknown :-1 s=HELLO_CONNECTING pgs=0 cs=0 l=0 rev1=1 crypto rx=0 tx=0 comp rx=0 tx=0).handle_hello peer v2:172.21.15.47:3300/0 says I am v2:172.21.15.47:38566/0 (socket says 172.21.15.47:38566)
2024-04-25T00:34:19.963 INFO:teuthology.orchestra.run.smithi047.stdout:/usr/bin/ceph: stderr
2024-04-25T00:34:18.942+0000 7f62bcb16700 1 -- 172.21.15.47:0/1314351625 learned_addr learned my addr 172.21.15.47:0/1314351625 (peer_addr_for_me v2:172.21.15.47:0/0)
2024-04-25T00:34:19.963 INFO:teuthology.orchestra.run.smithi047.stdout:/usr/bin/ceph: stderr
2024-04-25T00:34:18.942+0000 7f62bcb16700 1 -- 172.21.15.47:0/1314351625 --> [v2:172.21.15.47:3300/0,v1:172.21.15.47:6789/0] -- mon_subscribe({config=0+,monmap=0+}) v3 -- 0x7f62b81037b0 con 0x7f62b8102c90
2024-04-25T00:34:19.963 INFO:teuthology.orchestra.run.smithi047.stdout:/usr/bin/ceph: stderr
2024-04-25T00:34:18.942+0000 7f62bcb16700 1 --2- 172.21.15.47:0/1314351625 >> [v2:172.21.15.47:3300/0,v1:172.21.15.47:6789/0] conn(0x7f62b8102c90 0x7f62b81030a0 secure :-1 s=READY pgs=55 cs=0 l=1 rev1=1 crypto rx=0x7f62ac0098e0 tx=0x7f62ac009250 comp rx=0 tx=0).ready entity=mon.0 client_cookie=e87f4297d3e086e9 server_cookie=0 in_seq=0 out_seq=0
2024-04-25T00:34:19.963 INFO:teuthology.orchestra.run.smithi047.stdout:/usr/bin/ceph: stderr
2024-04-25T00:34:18.942+0000 7f62b77fe700 1 -- 172.21.15.47:0/1314351625 <== mon.0 v2:172.21.15.47:3300/0 1 ==== mon_map magic: 0 v1 ==== 229+0+0 (secure 0 0 0) 0x7f62ac00b860 con 0x7f62b8102c90
2024-04-25T00:34:19.963 INFO:teuthology.orchestra.run.smithi047.stdout:/usr/bin/ceph: stderr
2024-04-25T00:34:18.942+0000 7f62b77fe700 1 -- 172.21.15.47:0/1314351625 <== mon.0 v2:172.21.15.47:3300/0 2 ==== config(27 keys) v1 ==== 1109+0+0 (secure 0 0 0) 0x7f62ac00be90 con 0x7f62b8102c90
2024-04-25T00:34:19.963 INFO:teuthology.orchestra.run.smithi047.stdout:/usr/bin/ceph: stderr
2024-04-25T00:34:18.942+0000 7f62b77fe700 1 -- 172.21.15.47:0/1314351625 <== mon.0 v2:172.21.15.47:3300/0 3 ==== mon_map magic: 0 v1 ==== 229+0+0 (secure 0 0 0) 0x7f62ac0103c0 con 0x7f62b8102c90
2024-04-25T00:34:19.963 INFO:teuthology.orchestra.run.smithi047.stdout:/usr/bin/ceph: stderr
2024-04-25T00:34:18.943+0000 7f62bed7a700 1 -- 172.21.15.47:0/1314351625 >> [v2:172.21.15.47:3300/0,v1:172.21.15.47:6789/0] conn(0x7f62b8102c90 msgr2=0x7f62b81030a0 secure :-1 s=STATE_CONNECTION_ESTABLISHED l=1).mark_down
2024-04-25T00:34:19.963 INFO:teuthology.orchestra.run.smithi047.stdout:/usr/bin/ceph: stderr
2024-04-25T00:34:18.943+0000 7f62bed7a700 1 --2- 172.21.15.47:0/1314351625 >> [v2:172.21.15.47:3300/0,v1:172.21.15.47:6789/0] conn(0x7f62b8102c90 0x7f62b81030a0 secure :-1 s=READY pgs=55 cs=0 l=1 rev1=1 crypto rx=0x7f62ac0098e0 tx=0x7f62ac009250 comp rx=0 tx=0).stop
2024-04-25T00:34:19.963 INFO:teuthology.orchestra.run.smithi047.stdout:/usr/bin/ceph: stderr
2024-04-25T00:34:18.943+0000 7f62bed7a700 1 -- 172.21.15.47:0/1314351625 shutdown_connections
2024-04-25T00:34:19.963 INFO:teuthology.orchestra.run.smithi047.stdout:/usr/bin/ceph: stderr
2024-04-25T00:34:18.943+0000 7f62bed7a700 1 --2- 172.21.15.47:0/1314351625 >> [v2:172.21.15.47:3300/0,v1:172.21.15.47:6789/0] conn(0x7f62b8102c90 0x7f62b81030a0 unknown :-1 s=CLOSED pgs=55 cs=0 l=1 rev1=1 crypto rx=0 tx=0 comp rx=0 tx=0).stop
2024-04-25T00:34:19.964 INFO:teuthology.orchestra.run.smithi047.stdout:/usr/bin/ceph: stderr
2024-04-25T00:34:18.943+0000 7f62bed7a700 1 -- 172.21.15.47:0/1314351625 >> 172.21.15.47:0/1314351625 conn(0x7f62b80fc6f0 msgr2=0x7f62b80feb00 unknown :-1 s=STATE_NONE l=0).mark_down
2024-04-25T00:34:19.964 INFO:teuthology.orchestra.run.smithi047.stdout:/usr/bin/ceph: stderr
2024-04-25T00:34:18.943+0000 7f62bed7a700 1 -- 172.21.15.47:0/1314351625 shutdown_connections
2024-04-25T00:34:19.964 INFO:teuthology.orchestra.run.smithi047.stdout:/usr/bin/ceph: stderr
2024-04-25T00:34:18.943+0000 7f62bed7a700 1 -- 172.21.15.47:0/1314351625 wait complete.
2024-04-25T00:34:19.964 INFO:teuthology.orchestra.run.smithi047.stdout:/usr/bin/ceph: stderr
2024-04-25T00:34:18.943+0000 7f62bed7a700 1 Processor -- start
2024-04-25T00:34:19.964 INFO:teuthology.orchestra.run.smithi047.stdout:/usr/bin/ceph: stderr
2024-04-25T00:34:18.943+0000 7f62bed7a700 1 -- start start
2024-04-25T00:34:19.964 INFO:teuthology.orchestra.run.smithi047.stdout:/usr/bin/ceph: stderr
2024-04-25T00:34:18.944+0000 7f62bed7a700 1 --2- >> [v2:172.21.15.47:3300/0,v1:172.21.15.47:6789/0] conn(0x7f62b8102c90 0x7f62b8113810 unknown :-1 s=NONE pgs=0 cs=0 l=1 rev1=0 crypto rx=0 tx=0 comp rx=0 tx=0).connect
2024-04-25T00:34:19.964 INFO:teuthology.orchestra.run.smithi047.stdout:/usr/bin/ceph: stderr
2024-04-25T00:34:18.944+0000 7f62bed7a700 1 -- --> [v2:172.21.15.47:3300/0,v1:172.21.15.47:6789/0] -- mon_getmap magic: 0 v1 -- 0x7f62b8113d50 con 0x7f62b8102c90
2024-04-25T00:34:19.964 INFO:teuthology.orchestra.run.smithi047.stdout:/usr/bin/ceph: stderr
2024-04-25T00:34:18.944+0000 7f62bcb16700 1 --2- >> [v2:172.21.15.47:3300/0,v1:172.21.15.47:6789/0] conn(0x7f62b8102c90 0x7f62b8113810 unknown :-1 s=BANNER_CONNECTING pgs=0 cs=0 l=1 rev1=0 crypto rx=0 tx=0 comp rx=0 tx=0)._handle_peer_banner_payload supported=3 required=0
2024-04-25T00:34:19.964 INFO:teuthology.orchestra.run.smithi047.stdout:/usr/bin/ceph: stderr
2024-04-25T00:34:18.944+0000 7f62bcb16700 1 --2- >> [v2:172.21.15.47:3300/0,v1:172.21.15.47:6789/0] conn(0x7f62b8102c90 0x7f62b8113810 unknown :-1 s=HELLO_CONNECTING pgs=0 cs=0 l=1 rev1=1 crypto rx=0 tx=0 comp rx=0 tx=0).handle_hello peer v2:172.21.15.47:3300/0 says I am v2:172.21.15.47:38572/0 (socket says 172.21.15.47:38572)
2024-04-25T00:34:19.964 INFO:teuthology.orchestra.run.smithi047.stdout:/usr/bin/ceph: stderr
2024-04-25T00:34:18.944+0000 7f62bcb16700 1 -- 172.21.15.47:0/373470890 learned_addr learned my addr 172.21.15.47:0/373470890 (peer_addr_for_me v2:172.21.15.47:0/0)
2024-04-25T00:34:19.964 INFO:teuthology.orchestra.run.smithi047.stdout:/usr/bin/ceph: stderr
2024-04-25T00:34:18.944+0000 7f62bcb16700 1 -- 172.21.15.47:0/373470890 --> [v2:172.21.15.47:3300/0,v1:172.21.15.47:6789/0] -- mon_subscribe({config=0+,monmap=0+}) v3 -- 0x7f62ac0094f0 con 0x7f62b8102c90
2024-04-25T00:34:19.964 INFO:teuthology.orchestra.run.smithi047.stdout:/usr/bin/ceph: stderr
2024-04-25T00:34:18.944+0000 7f62bcb16700 1 --2- 172.21.15.47:0/373470890 >> [v2:172.21.15.47:3300/0,v1:172.21.15.47:6789/0] conn(0x7f62b8102c90 0x7f62b8113810 secure :-1 s=READY pgs=56 cs=0 l=1 rev1=1 crypto rx=0x7f62ac0090b0 tx=0x7f62ac009250 comp rx=0 tx=0).ready entity=mon.0 client_cookie=0 server_cookie=0 in_seq=0 out_seq=0
2024-04-25T00:34:19.964 INFO:teuthology.orchestra.run.smithi047.stdout:/usr/bin/ceph: stderr
2024-04-25T00:34:18.944+0000 7f62b57fa700 1 -- 172.21.15.47:0/373470890 <== mon.0 v2:172.21.15.47:3300/0 1 ==== mon_map magic: 0 v1 ==== 229+0+0 (secure 0 0 0) 0x7f62ac010840 con 0x7f62b8102c90
2024-04-25T00:34:19.964 INFO:teuthology.orchestra.run.smithi047.stdout:/usr/bin/ceph: stderr
2024-04-25T00:34:18.944+0000 7f62b57fa700 1 -- 172.21.15.47:0/373470890 <== mon.0 v2:172.21.15.47:3300/0 2 ==== config(27 keys) v1 ==== 1109+0+0 (secure 0 0 0) 0x7f62ac010e70 con 0x7f62b8102c90
2024-04-25T00:34:19.964 INFO:teuthology.orchestra.run.smithi047.stdout:/usr/bin/ceph: stderr
2024-04-25T00:34:18.944+0000 7f62bed7a700 1 -- 172.21.15.47:0/373470890 --> [v2:172.21.15.47:3300/0,v1:172.21.15.47:6789/0] -- mon_subscribe({mgrmap=0+}) v3 -- 0x7f62b8113f50 con 0x7f62b8102c90
2024-04-25T00:34:19.965 INFO:teuthology.orchestra.run.smithi047.stdout:/usr/bin/ceph: stderr
2024-04-25T00:34:18.944+0000 7f62b57fa700 1 -- 172.21.15.47:0/373470890 <== mon.0 v2:172.21.15.47:3300/0 3 ==== mon_map magic: 0 v1 ==== 229+0+0 (secure 0 0 0) 0x7f62ac024e40 con 0x7f62b8102c90
2024-04-25T00:34:19.965 INFO:teuthology.orchestra.run.smithi047.stdout:/usr/bin/ceph: stderr
2024-04-25T00:34:18.945+0000 7f62bed7a700 1 -- 172.21.15.47:0/373470890 --> [v2:172.21.15.47:3300/0,v1:172.21.15.47:6789/0] -- mon_subscribe({osdmap=0}) v3 -- 0x7f62b8114ac0 con 0x7f62b8102c90
2024-04-25T00:34:19.965 INFO:teuthology.orchestra.run.smithi047.stdout:/usr/bin/ceph: stderr
2024-04-25T00:34:18.945+0000 7f62b57fa700 1 -- 172.21.15.47:0/373470890 <== mon.0 v2:172.21.15.47:3300/0 4 ==== mgrmap(e 8) v1 ==== 43376+0+0 (secure 0 0 0) 0x7f62ac01a520 con 0x7f62b8102c90
2024-04-25T00:34:19.965 INFO:teuthology.orchestra.run.smithi047.stdout:/usr/bin/ceph: stderr
2024-04-25T00:34:18.945+0000 7f62bed7a700 1 -- 172.21.15.47:0/373470890 --> [v2:172.21.15.47:3300/0,v1:172.21.15.47:6789/0] -- mon_command({"prefix": "get_command_descriptions"} v 0) v1 -- 0x7f62b805f5c0 con 0x7f62b8102c90
2024-04-25T00:34:19.965 INFO:teuthology.orchestra.run.smithi047.stdout:/usr/bin/ceph: stderr
2024-04-25T00:34:18.945+0000 7f62b57fa700 1 --2- 172.21.15.47:0/373470890 >> [v2:172.21.15.47:6800/225834446,v1:172.21.15.47:6801/225834446] conn(0x7f62a8036850 0x7f62a8038d00 unknown :-1 s=NONE pgs=0 cs=0 l=1 rev1=0 crypto rx=0 tx=0 comp rx=0 tx=0).connect
2024-04-25T00:34:19.965 INFO:teuthology.orchestra.run.smithi047.stdout:/usr/bin/ceph: stderr
2024-04-25T00:34:18.946+0000 7f62b57fa700 1 -- 172.21.15.47:0/373470890 <== mon.0 v2:172.21.15.47:3300/0 5 ==== osd_map(2..2 src has 1..2) v4 ==== 936+0+0 (secure 0 0 0) 0x7f62ac04a8c0 con 0x7f62b8102c90
2024-04-25T00:34:19.965 INFO:teuthology.orchestra.run.smithi047.stdout:/usr/bin/ceph: stderr
2024-04-25T00:34:18.946+0000 7f62b7fff700 1 --2- 172.21.15.47:0/373470890 >> [v2:172.21.15.47:6800/225834446,v1:172.21.15.47:6801/225834446] conn(0x7f62a8036850 0x7f62a8038d00 unknown :-1 s=BANNER_CONNECTING pgs=0 cs=0 l=1 rev1=0 crypto rx=0 tx=0 comp rx=0 tx=0)._handle_peer_banner_payload supported=3 required=0
2024-04-25T00:34:19.965 INFO:teuthology.orchestra.run.smithi047.stdout:/usr/bin/ceph: stderr
2024-04-25T00:34:18.946+0000 7f62b7fff700 1 --2- 172.21.15.47:0/373470890 >> [v2:172.21.15.47:6800/225834446,v1:172.21.15.47:6801/225834446] conn(0x7f62a8036850 0x7f62a8038d00 secure :-1 s=READY pgs=16 cs=0 l=1 rev1=1 crypto rx=0x7f62a4009990 tx=0x7f62a4006e40 comp rx=0 tx=0).ready entity=mgr.14120 client_cookie=0 server_cookie=0 in_seq=0 out_seq=0
2024-04-25T00:34:19.965 INFO:teuthology.orchestra.run.smithi047.stdout:/usr/bin/ceph: stderr
2024-04-25T00:34:18.950+0000 7f62b57fa700 1 -- 172.21.15.47:0/373470890 <== mon.0 v2:172.21.15.47:3300/0 6 ==== mon_command_ack([{"prefix": "get_command_descriptions"}]=0 v0) v1 ==== 72+0+176702 (secure 0 0 0) 0x7f62ac018940 con 0x7f62b8102c90
2024-04-25T00:34:19.965 INFO:teuthology.orchestra.run.smithi047.stdout:/usr/bin/ceph: stderr
2024-04-25T00:34:19.158+0000 7f62bed7a700 1 -- 172.21.15.47:0/373470890 --> [v2:172.21.15.47:6800/225834446,v1:172.21.15.47:6801/225834446] -- mgr_command(tid 0: {"prefix": "orch apply", "service_type": "grafana", "target": ["mon-mgr", ""]}) v1 -- 0x7f62b80fd8b0 con 0x7f62a8036850
2024-04-25T00:34:19.965 INFO:teuthology.orchestra.run.smithi047.stdout:/usr/bin/ceph: stderr
2024-04-25T00:34:19.162+0000 7f62b57fa700 1 -- 172.21.15.47:0/373470890 <== mgr.14120 v2:172.21.15.47:6800/225834446 1 ==== mgr_command_reply(tid 0: 0 ) v1 ==== 8+0+28 (secure 0 0 0) 0x7f62b80fd8b0 con 0x7f62a8036850
2024-04-25T00:34:19.965 INFO:teuthology.orchestra.run.smithi047.stdout:/usr/bin/ceph: stderr
2024-04-25T00:34:19.164+0000 7f62bed7a700 1 -- 172.21.15.47:0/373470890 >> [v2:172.21.15.47:6800/225834446,v1:172.21.15.47:6801/225834446] conn(0x7f62a8036850 msgr2=0x7f62a8038d00 secure :-1 s=STATE_CONNECTION_ESTABLISHED l=1).mark_down
2024-04-25T00:34:19.965 INFO:teuthology.orchestra.run.smithi047.stdout:/usr/bin/ceph: stderr
2024-04-25T00:34:19.164+0000 7f62bed7a700 1 --2- 172.21.15.47:0/373470890 >> [v2:172.21.15.47:6800/225834446,v1:172.21.15.47:6801/225834446] conn(0x7f62a8036850 0x7f62a8038d00 secure :-1 s=READY pgs=16 cs=0 l=1 rev1=1 crypto rx=0x7f62a4009990 tx=0x7f62a4006e40 comp rx=0 tx=0).stop
2024-04-25T00:34:19.965 INFO:teuthology.orchestra.run.smithi047.stdout:/usr/bin/ceph: stderr
2024-04-25T00:34:19.164+0000 7f62bed7a700 1 -- 172.21.15.47:0/373470890 >> [v2:172.21.15.47:3300/0,v1:172.21.15.47:6789/0] conn(0x7f62b8102c90 msgr2=0x7f62b8113810 secure :-1 s=STATE_CONNECTION_ESTABLISHED l=1).mark_down
2024-04-25T00:34:19.966 INFO:teuthology.orchestra.run.smithi047.stdout:/usr/bin/ceph: stderr
2024-04-25T00:34:19.164+0000 7f62bed7a700 1 --2- 172.21.15.47:0/373470890 >> [v2:172.21.15.47:3300/0,v1:172.21.15.47:6789/0] conn(0x7f62b8102c90 0x7f62b8113810 secure :-1 s=READY pgs=56 cs=0 l=1 rev1=1 crypto rx=0x7f62ac0090b0 tx=0x7f62ac009250 comp rx=0 tx=0).stop
