2024-04-25T00:34:08.864+0000 7f3c4ef58700 1 -- 172.21.15.47:0/3602527784 >> [v2:172.21.15.47:6800/225834446,v1:172.21.15.47:6801/225834446] conn(0x7f3c380368a0 msgr2=0x7f3c38038d50 secure :-1 s=STATE_CONNECTION_ESTABLISHED l=1).mark_down
2024-04-25T00:34:09.476 INFO:teuthology.orchestra.run.smithi047.stdout:/usr/bin/ceph: stderr
2024-04-25T00:34:08.864+0000 7f3c4ef58700 1 --2- 172.21.15.47:0/3602527784 >> [v2:172.21.15.47:6800/225834446,v1:172.21.15.47:6801/225834446] conn(0x7f3c380368a0 0x7f3c38038d50 secure :-1 s=READY pgs=10 cs=0 l=1 rev1=1 crypto rx=0x7f3c34009990 tx=0x7f3c34006e40 comp rx=0 tx=0).stop
2024-04-25T00:34:09.476 INFO:teuthology.orchestra.run.smithi047.stdout:/usr/bin/ceph: stderr
2024-04-25T00:34:08.864+0000 7f3c4ef58700 1 -- 172.21.15.47:0/3602527784 >> [v2:172.21.15.47:3300/0,v1:172.21.15.47:6789/0] conn(0x7f3c48078ca0 msgr2=0x7f3c48113860 secure :-1 s=STATE_CONNECTION_ESTABLISHED l=1).mark_down
2024-04-25T00:34:09.476 INFO:teuthology.orchestra.run.smithi047.stdout:/usr/bin/ceph: stderr
2024-04-25T00:34:08.864+0000 7f3c4ef58700 1 --2- 172.21.15.47:0/3602527784 >> [v2:172.21.15.47:3300/0,v1:172.21.15.47:6789/0] conn(0x7f3c48078ca0 0x7f3c48113860 secure :-1 s=READY pgs=44 cs=0 l=1 rev1=1 crypto rx=0x7f3c3c006fd0 tx=0x7f3c3c009250 comp rx=0 tx=0).stop
2024-04-25T00:34:09.477 INFO:teuthology.orchestra.run.smithi047.stdout:/usr/bin/ceph: stderr
2024-04-25T00:34:08.864+0000 7f3c4ef58700 1 -- 172.21.15.47:0/3602527784 shutdown_connections
2024-04-25T00:34:09.477 INFO:teuthology.orchestra.run.smithi047.stdout:/usr/bin/ceph: stderr
2024-04-25T00:34:08.864+0000 7f3c4ef58700 1 --2- 172.21.15.47:0/3602527784 >> [v2:172.21.15.47:6800/225834446,v1:172.21.15.47:6801/225834446] conn(0x7f3c380368a0 0x7f3c38038d50 unknown :-1 s=CLOSED pgs=10 cs=0 l=1 rev1=1 crypto rx=0 tx=0 comp rx=0 tx=0).stop
2024-04-25T00:34:09.477 INFO:teuthology.orchestra.run.smithi047.stdout:/usr/bin/ceph: stderr
2024-04-25T00:34:08.864+0000 7f3c4ef58700 1 --2- 172.21.15.47:0/3602527784 >> [v2:172.21.15.47:3300/0,v1:172.21.15.47:6789/0] conn(0x7f3c48078ca0 0x7f3c48113860 unknown :-1 s=CLOSED pgs=44 cs=0 l=1 rev1=1 crypto rx=0 tx=0 comp rx=0 tx=0).stop
2024-04-25T00:34:09.477 INFO:teuthology.orchestra.run.smithi047.stdout:/usr/bin/ceph: stderr
2024-04-25T00:34:08.864+0000 7f3c4ef58700 1 -- 172.21.15.47:0/3602527784 >> 172.21.15.47:0/3602527784 conn(0x7f3c480fe060 msgr2=0x7f3c480febe0 unknown :-1 s=STATE_NONE l=0).mark_down
2024-04-25T00:34:09.477 INFO:teuthology.orchestra.run.smithi047.stdout:/usr/bin/ceph: stderr
2024-04-25T00:34:08.864+0000 7f3c4ef58700 1 -- 172.21.15.47:0/3602527784 shutdown_connections
2024-04-25T00:34:09.477 INFO:teuthology.orchestra.run.smithi047.stdout:/usr/bin/ceph: stderr
2024-04-25T00:34:08.864+0000 7f3c4ef58700 1 -- 172.21.15.47:0/3602527784 wait complete.
2024-04-25T00:34:09.477 INFO:teuthology.orchestra.run.smithi047.stdout:Wrote public SSH key to /home/ubuntu/cephtest/ceph.pub
2024-04-25T00:34:09.477 INFO:teuthology.orchestra.run.smithi047.stdout:Adding key to root@localhost authorized_keys...
2024-04-25T00:34:09.477 INFO:teuthology.orchestra.run.smithi047.stdout:Adding host smithi047...
2024-04-25T00:34:09.715 INFO:journalctl@ceph.mon.smithi047.smithi047.stdout:Apr 25 00:34:09 smithi047 ceph-mon[26432]: from='client.14138 -' entity='client.admin' cmd=[{"prefix": "cephadm get-pub-key", "target": ["mon-mgr", ""]}]: dispatch
2024-04-25T00:34:10.715 INFO:journalctl@ceph.mon.smithi047.smithi047.stdout:Apr 25 00:34:10 smithi047 ceph-mon[26432]: from='client.14140 -' entity='client.admin' cmd=[{"prefix": "orch host add", "hostname": "smithi047", "addr": "172.21.15.47", "target": ["mon-mgr", ""]}]: dispatch
2024-04-25T00:34:11.715 INFO:journalctl@ceph.mon.smithi047.smithi047.stdout:Apr 25 00:34:11 smithi047 ceph-mon[26432]: Deploying cephadm binary to smithi047
2024-04-25T00:34:12.526 INFO:teuthology.orchestra.run.smithi047.stdout:/usr/bin/ceph: stdout Added host 'smithi047' with addr '172.21.15.47'
2024-04-25T00:34:12.531 INFO:teuthology.orchestra.run.smithi047.stdout:/usr/bin/ceph: stderr
2024-04-25T00:34:09.898+0000 7f41878d3700 1 Processor -- start
2024-04-25T00:34:12.532 INFO:teuthology.orchestra.run.smithi047.stdout:/usr/bin/ceph: stderr
2024-04-25T00:34:09.898+0000 7f41878d3700 1 -- start start
2024-04-25T00:34:12.532 INFO:teuthology.orchestra.run.smithi047.stdout:/usr/bin/ceph: stderr
2024-04-25T00:34:09.898+0000 7f41878d3700 1 --2- >> [v2:172.21.15.47:3300/0,v1:172.21.15.47:6789/0] conn(0x7f4180076bf0 0x7f4180107860 unknown :-1 s=NONE pgs=0 cs=0 l=0 rev1=0 crypto rx=0 tx=0 comp rx=0 tx=0).connect
2024-04-25T00:34:12.532 INFO:teuthology.orchestra.run.smithi047.stdout:/usr/bin/ceph: stderr
2024-04-25T00:34:09.898+0000 7f41878d3700 1 -- --> [v2:172.21.15.47:3300/0,v1:172.21.15.47:6789/0] -- mon_getmap magic: 0 v1 -- 0x7f4180103250 con 0x7f4180076bf0
2024-04-25T00:34:12.532 INFO:teuthology.orchestra.run.smithi047.stdout:/usr/bin/ceph: stderr
2024-04-25T00:34:09.898+0000 7f418566f700 1 --2- >> [v2:172.21.15.47:3300/0,v1:172.21.15.47:6789/0] conn(0x7f4180076bf0 0x7f4180107860 unknown :-1 s=BANNER_CONNECTING pgs=0 cs=0 l=0 rev1=0 crypto rx=0 tx=0 comp rx=0 tx=0)._handle_peer_banner_payload supported=3 required=0
2024-04-25T00:34:12.532 INFO:teuthology.orchestra.run.smithi047.stdout:/usr/bin/ceph: stderr
2024-04-25T00:34:09.898+0000 7f418566f700 1 --2- >> [v2:172.21.15.47:3300/0,v1:172.21.15.47:6789/0] conn(0x7f4180076bf0 0x7f4180107860 unknown :-1 s=HELLO_CONNECTING pgs=0 cs=0 l=0 rev1=1 crypto rx=0 tx=0 comp rx=0 tx=0).handle_hello peer v2:172.21.15.47:3300/0 says I am v2:172.21.15.47:41898/0 (socket says 172.21.15.47:41898)
2024-04-25T00:34:12.532 INFO:teuthology.orchestra.run.smithi047.stdout:/usr/bin/ceph: stderr
2024-04-25T00:34:09.898+0000 7f418566f700 1 -- 172.21.15.47:0/4156493689 learned_addr learned my addr 172.21.15.47:0/4156493689 (peer_addr_for_me v2:172.21.15.47:0/0)
2024-04-25T00:34:12.532 INFO:teuthology.orchestra.run.smithi047.stdout:/usr/bin/ceph: stderr
2024-04-25T00:34:09.899+0000 7f418566f700 1 -- 172.21.15.47:0/4156493689 --> [v2:172.21.15.47:3300/0,v1:172.21.15.47:6789/0] -- mon_subscribe({config=0+,monmap=0+}) v3 -- 0x7f4180107da0 con 0x7f4180076bf0
2024-04-25T00:34:12.532 INFO:teuthology.orchestra.run.smithi047.stdout:/usr/bin/ceph: stderr
2024-04-25T00:34:09.899+0000 7f418566f700 1 --2- 172.21.15.47:0/4156493689 >> [v2:172.21.15.47:3300/0,v1:172.21.15.47:6789/0] conn(0x7f4180076bf0 0x7f4180107860 secure :-1 s=READY pgs=45 cs=0 l=1 rev1=1 crypto rx=0x7f417c0098e0 tx=0x7f417c009250 comp rx=0 tx=0).ready entity=mon.0 client_cookie=2e8bc06577da40e2 server_cookie=0 in_seq=0 out_seq=0
2024-04-25T00:34:12.532 INFO:teuthology.orchestra.run.smithi047.stdout:/usr/bin/ceph: stderr
2024-04-25T00:34:09.899+0000 7f4177fff700 1 -- 172.21.15.47:0/4156493689 <== mon.0 v2:172.21.15.47:3300/0 1 ==== mon_map magic: 0 v1 ==== 229+0+0 (secure 0 0 0) 0x7f417c00b860 con 0x7f4180076bf0
2024-04-25T00:34:12.532 INFO:teuthology.orchestra.run.smithi047.stdout:/usr/bin/ceph: stderr
2024-04-25T00:34:09.899+0000 7f4177fff700 1 -- 172.21.15.47:0/4156493689 <== mon.0 v2:172.21.15.47:3300/0 2 ==== config(27 keys) v1 ==== 1044+0+0 (secure 0 0 0) 0x7f417c00be50 con 0x7f4180076bf0
2024-04-25T00:34:12.532 INFO:teuthology.orchestra.run.smithi047.stdout:/usr/bin/ceph: stderr
2024-04-25T00:34:09.899+0000 7f4177fff700 1 -- 172.21.15.47:0/4156493689 <== mon.0 v2:172.21.15.47:3300/0 3 ==== mon_map magic: 0 v1 ==== 229+0+0 (secure 0 0 0) 0x7f417c010380 con 0x7f4180076bf0
2024-04-25T00:34:12.532 INFO:teuthology.orchestra.run.smithi047.stdout:/usr/bin/ceph: stderr
2024-04-25T00:34:09.899+0000 7f41878d3700 1 -- 172.21.15.47:0/4156493689 >> [v2:172.21.15.47:3300/0,v1:172.21.15.47:6789/0] conn(0x7f4180076bf0 msgr2=0x7f4180107860 secure :-1 s=STATE_CONNECTION_ESTABLISHED l=1).mark_down
2024-04-25T00:34:12.532 INFO:teuthology.orchestra.run.smithi047.stdout:/usr/bin/ceph: stderr
2024-04-25T00:34:09.899+0000 7f41878d3700 1 --2- 172.21.15.47:0/4156493689 >> [v2:172.21.15.47:3300/0,v1:172.21.15.47:6789/0] conn(0x7f4180076bf0 0x7f4180107860 secure :-1 s=READY pgs=45 cs=0 l=1 rev1=1 crypto rx=0x7f417c0098e0 tx=0x7f417c009250 comp rx=0 tx=0).stop
2024-04-25T00:34:12.533 INFO:teuthology.orchestra.run.smithi047.stdout:/usr/bin/ceph: stderr
2024-04-25T00:34:09.900+0000 7f41878d3700 1 -- 172.21.15.47:0/4156493689 shutdown_connections
2024-04-25T00:34:12.533 INFO:teuthology.orchestra.run.smithi047.stdout:/usr/bin/ceph: stderr
2024-04-25T00:34:09.900+0000 7f41878d3700 1 --2- 172.21.15.47:0/4156493689 >> [v2:172.21.15.47:3300/0,v1:172.21.15.47:6789/0] conn(0x7f4180076bf0 0x7f4180107860 unknown :-1 s=CLOSED pgs=45 cs=0 l=1 rev1=1 crypto rx=0 tx=0 comp rx=0 tx=0).stop
2024-04-25T00:34:12.533 INFO:teuthology.orchestra.run.smithi047.stdout:/usr/bin/ceph: stderr
2024-04-25T00:34:09.900+0000 7f41878d3700 1 -- 172.21.15.47:0/4156493689 >> 172.21.15.47:0/4156493689 conn(0x7f41800fcef0 msgr2=0x7f41800ff300 unknown :-1 s=STATE_NONE l=0).mark_down
2024-04-25T00:34:12.533 INFO:teuthology.orchestra.run.smithi047.stdout:/usr/bin/ceph: stderr
2024-04-25T00:34:09.900+0000 7f41878d3700 1 -- 172.21.15.47:0/4156493689 shutdown_connections
2024-04-25T00:34:12.533 INFO:teuthology.orchestra.run.smithi047.stdout:/usr/bin/ceph: stderr
2024-04-25T00:34:09.900+0000 7f41878d3700 1 -- 172.21.15.47:0/4156493689 wait complete.
2024-04-25T00:34:12.533 INFO:teuthology.orchestra.run.smithi047.stdout:/usr/bin/ceph: stderr
2024-04-25T00:34:09.900+0000 7f41878d3700 1 Processor -- start
2024-04-25T00:34:12.533 INFO:teuthology.orchestra.run.smithi047.stdout:/usr/bin/ceph: stderr
2024-04-25T00:34:09.900+0000 7f41878d3700 1 -- start start
2024-04-25T00:34:12.533 INFO:teuthology.orchestra.run.smithi047.stdout:/usr/bin/ceph: stderr
2024-04-25T00:34:09.900+0000 7f41878d3700 1 --2- >> [v2:172.21.15.47:3300/0,v1:172.21.15.47:6789/0] conn(0x7f4180076bf0 0x7f4180113800 unknown :-1 s=NONE pgs=0 cs=0 l=1 rev1=0 crypto rx=0 tx=0 comp rx=0 tx=0).connect
2024-04-25T00:34:12.533 INFO:teuthology.orchestra.run.smithi047.stdout:/usr/bin/ceph: stderr
2024-04-25T00:34:09.900+0000 7f41878d3700 1 -- --> [v2:172.21.15.47:3300/0,v1:172.21.15.47:6789/0] -- mon_getmap magic: 0 v1 -- 0x7f4180113d40 con 0x7f4180076bf0
2024-04-25T00:34:12.533 INFO:teuthology.orchestra.run.smithi047.stdout:/usr/bin/ceph: stderr
2024-04-25T00:34:09.900+0000 7f418566f700 1 --2- >> [v2:172.21.15.47:3300/0,v1:172.21.15.47:6789/0] conn(0x7f4180076bf0 0x7f4180113800 unknown :-1 s=BANNER_CONNECTING pgs=0 cs=0 l=1 rev1=0 crypto rx=0 tx=0 comp rx=0 tx=0)._handle_peer_banner_payload supported=3 required=0
2024-04-25T00:34:12.533 INFO:teuthology.orchestra.run.smithi047.stdout:/usr/bin/ceph: stderr
2024-04-25T00:34:09.900+0000 7f418566f700 1 --2- >> [v2:172.21.15.47:3300/0,v1:172.21.15.47:6789/0] conn(0x7f4180076bf0 0x7f4180113800 unknown :-1 s=HELLO_CONNECTING pgs=0 cs=0 l=1 rev1=1 crypto rx=0 tx=0 comp rx=0 tx=0).handle_hello peer v2:172.21.15.47:3300/0 says I am v2:172.21.15.47:41902/0 (socket says 172.21.15.47:41902)
2024-04-25T00:34:12.533 INFO:teuthology.orchestra.run.smithi047.stdout:/usr/bin/ceph: stderr
2024-04-25T00:34:09.900+0000 7f418566f700 1 -- 172.21.15.47:0/2267841409 learned_addr learned my addr 172.21.15.47:0/2267841409 (peer_addr_for_me v2:172.21.15.47:0/0)
2024-04-25T00:34:12.533 INFO:teuthology.orchestra.run.smithi047.stdout:/usr/bin/ceph: stderr
2024-04-25T00:34:09.901+0000 7f418566f700 1 -- 172.21.15.47:0/2267841409 --> [v2:172.21.15.47:3300/0,v1:172.21.15.47:6789/0] -- mon_subscribe({config=0+,monmap=0+}) v3 -- 0x7f417c0094f0 con 0x7f4180076bf0
2024-04-25T00:34:12.533 INFO:teuthology.orchestra.run.smithi047.stdout:/usr/bin/ceph: stderr
2024-04-25T00:34:09.901+0000 7f418566f700 1 --2- 172.21.15.47:0/2267841409 >> [v2:172.21.15.47:3300/0,v1:172.21.15.47:6789/0] conn(0x7f4180076bf0 0x7f4180113800 secure :-1 s=READY pgs=46 cs=0 l=1 rev1=1 crypto rx=0x7f417c003050 tx=0x7f417c009250 comp rx=0 tx=0).ready entity=mon.0 client_cookie=0 server_cookie=0 in_seq=0 out_seq=0
2024-04-25T00:34:12.534 INFO:teuthology.orchestra.run.smithi047.stdout:/usr/bin/ceph: stderr
2024-04-25T00:34:09.901+0000 7f4175ffb700 1 -- 172.21.15.47:0/2267841409 <== mon.0 v2:172.21.15.47:3300/0 1 ==== mon_map magic: 0 v1 ==== 229+0+0 (secure 0 0 0) 0x7f417c010760 con 0x7f4180076bf0
2024-04-25T00:34:12.534 INFO:teuthology.orchestra.run.smithi047.stdout:/usr/bin/ceph: stderr
2024-04-25T00:34:09.901+0000 7f4175ffb700 1 -- 172.21.15.47:0/2267841409 <== mon.0 v2:172.21.15.47:3300/0 2 ==== config(27 keys) v1 ==== 1044+0+0 (secure 0 0 0) 0x7f417c010d50 con 0x7f4180076bf0
2024-04-25T00:34:12.534 INFO:teuthology.orchestra.run.smithi047.stdout:/usr/bin/ceph: stderr
2024-04-25T00:34:09.901+0000 7f41878d3700 1 -- 172.21.15.47:0/2267841409 --> [v2:172.21.15.47:3300/0,v1:172.21.15.47:6789/0] -- mon_subscribe({mgrmap=0+}) v3 -- 0x7f4180113f40 con 0x7f4180076bf0
2024-04-25T00:34:12.534 INFO:teuthology.orchestra.run.smithi047.stdout:/usr/bin/ceph: stderr
2024-04-25T00:34:09.901+0000 7f4175ffb700 1 -- 172.21.15.47:0/2267841409 <== mon.0 v2:172.21.15.47:3300/0 3 ==== mon_map magic: 0 v1 ==== 229+0+0 (secure 0 0 0) 0x7f417c01ae20 con 0x7f4180076bf0
2024-04-25T00:34:12.534 INFO:teuthology.orchestra.run.smithi047.stdout:/usr/bin/ceph: stderr
2024-04-25T00:34:09.901+0000 7f41878d3700 1 -- 172.21.15.47:0/2267841409 --> [v2:172.21.15.47:3300/0,v1:172.21.15.47:6789/0] -- mon_subscribe({osdmap=0}) v3 -- 0x7f4180114ab0 con 0x7f4180076bf0
2024-04-25T00:34:12.534 INFO:teuthology.orchestra.run.smithi047.stdout:/usr/bin/ceph: stderr
2024-04-25T00:34:09.902+0000 7f4175ffb700 1 -- 172.21.15.47:0/2267841409 <== mon.0 v2:172.21.15.47:3300/0 4 ==== mgrmap(e 8) v1 ==== 43376+0+0 (secure 0 0 0) 0x7f417c02e440 con 0x7f4180076bf0
2024-04-25T00:34:12.534 INFO:teuthology.orchestra.run.smithi047.stdout:/usr/bin/ceph: stderr
2024-04-25T00:34:09.902+0000 7f41878d3700 1 -- 172.21.15.47:0/2267841409 --> [v2:172.21.15.47:3300/0,v1:172.21.15.47:6789/0] -- mon_command({"prefix": "get_command_descriptions"} v 0) v1 -- 0x7f418005f5c0 con 0x7f4180076bf0
2024-04-25T00:34:12.534 INFO:teuthology.orchestra.run.smithi047.stdout:/usr/bin/ceph: stderr
2024-04-25T00:34:09.902+0000 7f4175ffb700 1 --2- 172.21.15.47:0/2267841409 >> [v2:172.21.15.47:6800/225834446,v1:172.21.15.47:6801/225834446] conn(0x7f416c0368a0 0x7f416c038d50 unknown :-1 s=NONE pgs=0 cs=0 l=1 rev1=0 crypto rx=0 tx=0 comp rx=0 tx=0).connect
2024-04-25T00:34:12.534 INFO:teuthology.orchestra.run.smithi047.stdout:/usr/bin/ceph: stderr
2024-04-25T00:34:09.902+0000 7f4175ffb700 1 -- 172.21.15.47:0/2267841409 <== mon.0 v2:172.21.15.47:3300/0 5 ==== osd_map(2..2 src has 1..2) v4 ==== 936+0+0 (secure 0 0 0) 0x7f417c04a600 con 0x7f4180076bf0
2024-04-25T00:34:12.534 INFO:teuthology.orchestra.run.smithi047.stdout:/usr/bin/ceph: stderr
2024-04-25T00:34:09.903+0000 7f4184e6e700 1 --2- 172.21.15.47:0/2267841409 >> [v2:172.21.15.47:6800/225834446,v1:172.21.15.47:6801/225834446] conn(0x7f416c0368a0 0x7f416c038d50 unknown :-1 s=BANNER_CONNECTING pgs=0 cs=0 l=1 rev1=0 crypto rx=0 tx=0 comp rx=0 tx=0)._handle_peer_banner_payload supported=3 required=0
2024-04-25T00:34:12.534 INFO:teuthology.orchestra.run.smithi047.stdout:/usr/bin/ceph: stderr
2024-04-25T00:34:09.903+0000 7f4184e6e700 1 --2- 172.21.15.47:0/2267841409 >> [v2:172.21.15.47:6800/225834446,v1:172.21.15.47:6801/225834446] conn(0x7f416c0368a0 0x7f416c038d50 secure :-1 s=READY pgs=11 cs=0 l=1 rev1=1 crypto rx=0x7f4170009990 tx=0x7f4170006e40 comp rx=0 tx=0).ready entity=mgr.14120 client_cookie=0 server_cookie=0 in_seq=0 out_seq=0
2024-04-25T00:34:12.534 INFO:teuthology.orchestra.run.smithi047.stdout:/usr/bin/ceph: stderr
2024-04-25T00:34:09.907+0000 7f4175ffb700 1 -- 172.21.15.47:0/2267841409 <== mon.0 v2:172.21.15.47:3300/0 6 ==== mon_command_ack([{"prefix": "get_command_descriptions"}]=0 v0) v1 ==== 72+0+176702 (secure 0 0 0) 0x7f417c023b00 con 0x7f4180076bf0
2024-04-25T00:34:12.534 INFO:teuthology.orchestra.run.smithi047.stdout:/usr/bin/ceph: stderr
2024-04-25T00:34:10.106+0000 7f41878d3700 1 -- 172.21.15.47:0/2267841409 --> [v2:172.21.15.47:6800/225834446,v1:172.21.15.47:6801/225834446] -- mgr_command(tid 0: {"prefix": "orch host add", "hostname": "smithi047", "addr": "172.21.15.47", "target": ["mon-mgr", ""]}) v1 -- 0x7f41800fe0e0 con 0x7f416c0368a0
2024-04-25T00:34:12.535 INFO:teuthology.orchestra.run.smithi047.stdout:/usr/bin/ceph: stderr
2024-04-25T00:34:11.985+0000 7f4175ffb700 1 -- 172.21.15.47:0/2267841409 <== mgr.14120 v2:172.21.15.47:6800/225834446 1 ==== mgr_command_reply(tid 0: 0 ) v1 ==== 8+0+48 (secure 0 0 0) 0x7f41800fe0e0 con 0x7f416c0368a0
2024-04-25T00:34:12.535 INFO:teuthology.orchestra.run.smithi047.stdout:/usr/bin/ceph: stderr
2024-04-25T00:34:11.988+0000 7f41878d3700 1 -- 172.21.15.47:0/2267841409 >> [v2:172.21.15.47:6800/225834446,v1:172.21.15.47:6801/225834446] conn(0x7f416c0368a0 msgr2=0x7f416c038d50 secure :-1 s=STATE_CONNECTION_ESTABLISHED l=1).mark_down
2024-04-25T00:34:12.535 INFO:teuthology.orchestra.run.smithi047.stdout:/usr/bin/ceph: stderr
2024-04-25T00:34:11.988+0000 7f41878d3700 1 --2- 172.21.15.47:0/2267841409 >> [v2:172.21.15.47:6800/225834446,v1:172.21.15.47:6801/225834446] conn(0x7f416c0368a0 0x7f416c038d50 secure :-1 s=READY pgs=11 cs=0 l=1 rev1=1 crypto rx=0x7f4170009990 tx=0x7f4170006e40 comp rx=0 tx=0).stop
2024-04-25T00:34:12.535 INFO:teuthology.orchestra.run.smithi047.stdout:/usr/bin/ceph: stderr
2024-04-25T00:34:11.988+0000 7f41878d3700 1 -- 172.21.15.47:0/2267841409 >> [v2:172.21.15.47:3300/0,v1:172.21.15.47:6789/0] conn(0x7f4180076bf0 msgr2=0x7f4180113800 secure :-1 s=STATE_CONNECTION_ESTABLISHED l=1).mark_down
2024-04-25T00:34:12.535 INFO:teuthology.orchestra.run.smithi047.stdout:/usr/bin/ceph: stderr
2024-04-25T00:34:11.988+0000 7f41878d3700 1 --2- 172.21.15.47:0/2267841409 >> [v2:172.21.15.47:3300/0,v1:172.21.15.47:6789/0] conn(0x7f4180076bf0 0x7f4180113800 secure :-1 s=READY pgs=46 cs=0 l=1 rev1=1 crypto rx=0x7f417c003050 tx=0x7f417c009250 comp rx=0 tx=0).stop
2024-04-25T00:34:12.535 INFO:teuthology.orchestra.run.smithi047.stdout:/usr/bin/ceph: stderr
2024-04-25T00:34:11.988+0000 7f41878d3700 1 -- 172.21.15.47:0/2267841409 shutdown_connections
2024-04-25T00:34:12.535 INFO:teuthology.orchestra.run.smithi047.stdout:/usr/bin/ceph: stderr
2024-04-25T00:34:11.988+0000 7f41878d3700 1 --2- 172.21.15.47:0/2267841409 >> [v2:172.21.15.47:6800/225834446,v1:172.21.15.47:6801/225834446] conn(0x7f416c0368a0 0x7f416c038d50 unknown :-1 s=CLOSED pgs=11 cs=0 l=1 rev1=1 crypto rx=0 tx=0 comp rx=0 tx=0).stop
2024-04-25T00:34:12.535 INFO:teuthology.orchestra.run.smithi047.stdout:/usr/bin/ceph: stderr
2024-04-25T00:34:11.988+0000 7f41878d3700 1 --2- 172.21.15.47:0/2267841409 >> [v2:172.21.15.47:3300/0,v1:172.21.15.47:6789/0] conn(0x7f4180076bf0 0x7f4180113800 unknown :-1 s=CLOSED pgs=46 cs=0 l=1 rev1=1 crypto rx=0 tx=0 comp rx=0 tx=0).stop
2024-04-25T00:34:12.535 INFO:teuthology.orchestra.run.smithi047.stdout:/usr/bin/ceph: stderr
2024-04-25T00:34:11.988+0000 7f41878d3700 1 -- 172.21.15.47:0/2267841409 >> 172.21.15.47:0/2267841409 conn(0x7f41800fcef0 msgr2=0x7f41800fd9d0 unknown :-1 s=STATE_NONE l=0).mark_down
2024-04-25T00:34:12.535 INFO:teuthology.orchestra.run.smithi047.stdout:/usr/bin/ceph: stderr
2024-04-25T00:34:11.988+0000 7f41878d3700 1 -- 172.21.15.47:0/2267841409 shutdown_connections
2024-04-25T00:34:12.535 INFO:teuthology.orchestra.run.smithi047.stdout:/usr/bin/ceph: stderr
2024-04-25T00:34:11.988+0000 7f41878d3700 1 -- 172.21.15.47:0/2267841409 wait complete.
2024-04-25T00:34:12.535 INFO:teuthology.orchestra.run.smithi047.stdout:Deploying mon service with default placement...
2024-04-25T00:34:13.176 INFO:journalctl@ceph.mon.smithi047.smithi047.stdout:Apr 25 00:34:12 smithi047 ceph-mon[26432]: from='mgr.14120 172.21.15.47:0/3236173415' entity='mgr.smithi047.xbgehu'
2024-04-25T00:34:13.177 INFO:journalctl@ceph.mon.smithi047.smithi047.stdout:Apr 25 00:34:12 smithi047 ceph-mon[26432]: Added host smithi047
2024-04-25T00:34:13.177 INFO:journalctl@ceph.mon.smithi047.smithi047.stdout:Apr 25 00:34:12 smithi047 ceph-mon[26432]: from='mgr.14120 172.21.15.47:0/3236173415' entity='mgr.smithi047.xbgehu' cmd=[{"prefix": "config dump", "format": "json"}]: dispatch
2024-04-25T00:34:13.965 INFO:teuthology.orchestra.run.smithi047.stdout:/usr/bin/ceph: stdout Scheduled mon update...
2024-04-25T00:34:13.965 INFO:teuthology.orchestra.run.smithi047.stdout:/usr/bin/ceph: stderr
2024-04-25T00:34:12.954+0000 7f62457ff700 1 Processor -- start
2024-04-25T00:34:13.966 INFO:teuthology.orchestra.run.smithi047.stdout:/usr/bin/ceph: stderr
2024-04-25T00:34:12.954+0000 7f62457ff700 1 -- start start
2024-04-25T00:34:13.966 INFO:teuthology.orchestra.run.smithi047.stdout:/usr/bin/ceph: stderr
2024-04-25T00:34:12.954+0000 7f62457ff700 1 --2- >> [v2:172.21.15.47:3300/0,v1:172.21.15.47:6789/0] conn(0x7f6240101630 0x7f6240101a40 unknown :-1 s=NONE pgs=0 cs=0 l=0 rev1=0 crypto rx=0 tx=0 comp rx=0 tx=0).connect
2024-04-25T00:34:13.966 INFO:teuthology.orchestra.run.smithi047.stdout:/usr/bin/ceph: stderr
2024-04-25T00:34:12.954+0000 7f62457ff700 1 -- --> [v2:172.21.15.47:3300/0,v1:172.21.15.47:6789/0] -- mon_getmap magic: 0 v1 -- 0x7f6240101f80 con 0x7f6240101630
2024-04-25T00:34:13.966 INFO:teuthology.orchestra.run.smithi047.stdout:/usr/bin/ceph: stderr
2024-04-25T00:34:12.954+0000 7f623effd700 1 --2- >> [v2:172.21.15.47:3300/0,v1:172.21.15.47:6789/0] conn(0x7f6240101630 0x7f6240101a40 unknown :-1 s=BANNER_CONNECTING pgs=0 cs=0 l=0 rev1=0 crypto rx=0 tx=0 comp rx=0 tx=0)._handle_peer_banner_payload supported=3 required=0
2024-04-25T00:34:13.966 INFO:teuthology.orchestra.run.smithi047.stdout:/usr/bin/ceph: stderr
2024-04-25T00:34:12.954+0000 7f623effd700 1 --2- >> [v2:172.21.15.47:3300/0,v1:172.21.15.47:6789/0] conn(0x7f6240101630 0x7f6240101a40 unknown :-1 s=HELLO_CONNECTING pgs=0 cs=0 l=0 rev1=1 crypto rx=0 tx=0 comp rx=0 tx=0).handle_hello peer v2:172.21.15.47:3300/0 says I am v2:172.21.15.47:38476/0 (socket says 172.21.15.47:38476)
2024-04-25T00:34:13.966 INFO:teuthology.orchestra.run.smithi047.stdout:/usr/bin/ceph: stderr
2024-04-25T00:34:12.954+0000 7f623effd700 1 -- 172.21.15.47:0/3661111836 learned_addr learned my addr 172.21.15.47:0/3661111836 (peer_addr_for_me v2:172.21.15.47:0/0)
2024-04-25T00:34:13.966 INFO:teuthology.orchestra.run.smithi047.stdout:/usr/bin/ceph: stderr
2024-04-25T00:34:12.955+0000 7f623effd700 1 -- 172.21.15.47:0/3661111836 --> [v2:172.21.15.47:3300/0,v1:172.21.15.47:6789/0] -- mon_subscribe({config=0+,monmap=0+}) v3 -- 0x7f62401020c0 con 0x7f6240101630
2024-04-25T00:34:13.966 INFO:teuthology.orchestra.run.smithi047.stdout:/usr/bin/ceph: stderr
2024-04-25T00:34:12.955+0000 7f623effd700 1 --2- 172.21.15.47:0/3661111836 >> [v2:172.21.15.47:3300/0,v1:172.21.15.47:6789/0] conn(0x7f6240101630 0x7f6240101a40 secure :-1 s=READY pgs=47 cs=0 l=1 rev1=1 crypto rx=0x7f623800d0d0 tx=0x7f623800ba50 comp rx=0 tx=0).ready entity=mon.0 client_cookie=2b59815ed513b23a server_cookie=0 in_seq=0 out_seq=0
2024-04-25T00:34:13.966 INFO:teuthology.orchestra.run.smithi047.stdout:/usr/bin/ceph: stderr
2024-04-25T00:34:12.955+0000 7f623dffb700 1 -- 172.21.15.47:0/3661111836 <== mon.0 v2:172.21.15.47:3300/0 1 ==== mon_map magic: 0 v1 ==== 229+0+0 (secure 0 0 0) 0x7f623800ddf0 con 0x7f6240101630
2024-04-25T00:34:13.966 INFO:teuthology.orchestra.run.smithi047.stdout:/usr/bin/ceph: stderr
2024-04-25T00:34:12.955+0000 7f623dffb700 1 -- 172.21.15.47:0/3661111836 <== mon.0 v2:172.21.15.47:3300/0 2 ==== config(27 keys) v1 ==== 1044+0+0 (secure 0 0 0) 0x7f6238009610 con 0x7f6240101630
2024-04-25T00:34:13.966 INFO:teuthology.orchestra.run.smithi047.stdout:/usr/bin/ceph: stderr
2024-04-25T00:34:12.955+0000 7f623dffb700 1 -- 172.21.15.47:0/3661111836 <== mon.0 v2:172.21.15.47:3300/0 3 ==== mon_map magic: 0 v1 ==== 229+0+0 (secure 0 0 0) 0x7f62380145d0 con 0x7f6240101630
2024-04-25T00:34:13.966 INFO:teuthology.orchestra.run.smithi047.stdout:/usr/bin/ceph: stderr
2024-04-25T00:34:12.955+0000 7f62457ff700 1 -- 172.21.15.47:0/3661111836 >> [v2:172.21.15.47:3300/0,v1:172.21.15.47:6789/0] conn(0x7f6240101630 msgr2=0x7f6240101a40 secure :-1 s=STATE_CONNECTION_ESTABLISHED l=1).mark_down
2024-04-25T00:34:13.966 INFO:teuthology.orchestra.run.smithi047.stdout:/usr/bin/ceph: stderr
2024-04-25T00:34:12.956+0000 7f62457ff700 1 --2- 172.21.15.47:0/3661111836 >> [v2:172.21.15.47:3300/0,v1:172.21.15.47:6789/0] conn(0x7f6240101630 0x7f6240101a40 secure :-1 s=READY pgs=47 cs=0 l=1 rev1=1 crypto rx=0x7f623800d0d0 tx=0x7f623800ba50 comp rx=0 tx=0).stop
2024-04-25T00:34:13.966 INFO:teuthology.orchestra.run.smithi047.stdout:/usr/bin/ceph: stderr
2024-04-25T00:34:12.956+0000 7f62457ff700 1 -- 172.21.15.47:0/3661111836 shutdown_connections
2024-04-25T00:34:13.967 INFO:teuthology.orchestra.run.smithi047.stdout:/usr/bin/ceph: stderr
2024-04-25T00:34:12.956+0000 7f62457ff700 1 --2- 172.21.15.47:0/3661111836 >> [v2:172.21.15.47:3300/0,v1:172.21.15.47:6789/0] conn(0x7f6240101630 0x7f6240101a40 unknown :-1 s=CLOSED pgs=47 cs=0 l=1 rev1=1 crypto rx=0 tx=0 comp rx=0 tx=0).stop
2024-04-25T00:34:13.967 INFO:teuthology.orchestra.run.smithi047.stdout:/usr/bin/ceph: stderr
2024-04-25T00:34:12.956+0000 7f62457ff700 1 -- 172.21.15.47:0/3661111836 >> 172.21.15.47:0/3661111836 conn(0x7f62400fcdf0 msgr2=0x7f62400ff200 unknown :-1 s=STATE_NONE l=0).mark_down
2024-04-25T00:34:13.967 INFO:teuthology.orchestra.run.smithi047.stdout:/usr/bin/ceph: stderr
2024-04-25T00:34:12.956+0000 7f62457ff700 1 -- 172.21.15.47:0/3661111836 shutdown_connections
2024-04-25T00:34:13.967 INFO:teuthology.orchestra.run.smithi047.stdout:/usr/bin/ceph: stderr
2024-04-25T00:34:12.956+0000 7f62457ff700 1 -- 172.21.15.47:0/3661111836 wait complete.
2024-04-25T00:34:13.967 INFO:teuthology.orchestra.run.smithi047.stdout:/usr/bin/ceph: stderr
2024-04-25T00:34:12.956+0000 7f62457ff700 1 Processor -- start
2024-04-25T00:34:13.967 INFO:teuthology.orchestra.run.smithi047.stdout:/usr/bin/ceph: stderr
2024-04-25T00:34:12.956+0000 7f62457ff700 1 -- start start
2024-04-25T00:34:13.967 INFO:teuthology.orchestra.run.smithi047.stdout:/usr/bin/ceph: stderr
2024-04-25T00:34:12.957+0000 7f62457ff700 1 --2- >> [v2:172.21.15.47:3300/0,v1:172.21.15.47:6789/0] conn(0x7f6240101630 0x7f62401136a0 unknown :-1 s=NONE pgs=0 cs=0 l=1 rev1=0 crypto rx=0 tx=0 comp rx=0 tx=0).connect
2024-04-25T00:34:13.967 INFO:teuthology.orchestra.run.smithi047.stdout:/usr/bin/ceph: stderr
2024-04-25T00:34:12.957+0000 7f62457ff700 1 -- --> [v2:172.21.15.47:3300/0,v1:172.21.15.47:6789/0] -- mon_getmap magic: 0 v1 -- 0x7f6240113be0 con 0x7f6240101630
2024-04-25T00:34:13.967 INFO:teuthology.orchestra.run.smithi047.stdout:/usr/bin/ceph: stderr
2024-04-25T00:34:12.957+0000 7f623effd700 1 --2- >> [v2:172.21.15.47:3300/0,v1:172.21.15.47:6789/0] conn(0x7f6240101630 0x7f62401136a0 unknown :-1 s=BANNER_CONNECTING pgs=0 cs=0 l=1 rev1=0 crypto rx=0 tx=0 comp rx=0 tx=0)._handle_peer_banner_payload supported=3 required=0
2024-04-25T00:34:13.967 INFO:teuthology.orchestra.run.smithi047.stdout:/usr/bin/ceph: stderr
2024-04-25T00:34:12.957+0000 7f623effd700 1 --2- >> [v2:172.21.15.47:3300/0,v1:172.21.15.47:6789/0] conn(0x7f6240101630 0x7f62401136a0 unknown :-1 s=HELLO_CONNECTING pgs=0 cs=0 l=1 rev1=1 crypto rx=0 tx=0 comp rx=0 tx=0).handle_hello peer v2:172.21.15.47:3300/0 says I am v2:172.21.15.47:38488/0 (socket says 172.21.15.47:38488)
2024-04-25T00:34:13.967 INFO:teuthology.orchestra.run.smithi047.stdout:/usr/bin/ceph: stderr
2024-04-25T00:34:12.957+0000 7f623effd700 1 -- 172.21.15.47:0/260212970 learned_addr learned my addr 172.21.15.47:0/260212970 (peer_addr_for_me v2:172.21.15.47:0/0)
2024-04-25T00:34:13.967 INFO:teuthology.orchestra.run.smithi047.stdout:/usr/bin/ceph: stderr
2024-04-25T00:34:12.957+0000 7f623effd700 1 -- 172.21.15.47:0/260212970 --> [v2:172.21.15.47:3300/0,v1:172.21.15.47:6789/0] -- mon_subscribe({config=0+,monmap=0+}) v3 -- 0x7f623800bcf0 con 0x7f6240101630
2024-04-25T00:34:13.967 INFO:teuthology.orchestra.run.smithi047.stdout:/usr/bin/ceph: stderr
2024-04-25T00:34:12.957+0000 7f623effd700 1 --2- 172.21.15.47:0/260212970 >> [v2:172.21.15.47:3300/0,v1:172.21.15.47:6789/0] conn(0x7f6240101630 0x7f62401136a0 secure :-1 s=READY pgs=48 cs=0 l=1 rev1=1 crypto rx=0x7f6238014660 tx=0x7f623800ba50 comp rx=0 tx=0).ready entity=mon.0 client_cookie=0 server_cookie=0 in_seq=0 out_seq=0
2024-04-25T00:34:13.967 INFO:teuthology.orchestra.run.smithi047.stdout:/usr/bin/ceph: stderr
2024-04-25T00:34:12.957+0000 7f62277fe700 1 -- 172.21.15.47:0/260212970 <== mon.0 v2:172.21.15.47:3300/0 1 ==== mon_map magic: 0 v1 ==== 229+0+0 (secure 0 0 0) 0x7f623800b0d0 con 0x7f6240101630
2024-04-25T00:34:13.968 INFO:teuthology.orchestra.run.smithi047.stdout:/usr/bin/ceph: stderr
2024-04-25T00:34:12.957+0000 7f62277fe700 1 -- 172.21.15.47:0/260212970 <== mon.0 v2:172.21.15.47:3300/0 2 ==== config(27 keys) v1 ==== 1044+0+0 (secure 0 0 0) 0x7f623800b230 con 0x7f6240101630
2024-04-25T00:34:13.968 INFO:teuthology.orchestra.run.smithi047.stdout:/usr/bin/ceph: stderr
2024-04-25T00:34:12.957+0000 7f62457ff700 1 -- 172.21.15.47:0/260212970 --> [v2:172.21.15.47:3300/0,v1:172.21.15.47:6789/0] -- mon_subscribe({mgrmap=0+}) v3 -- 0x7f6240113de0 con 0x7f6240101630
2024-04-25T00:34:13.968 INFO:teuthology.orchestra.run.smithi047.stdout:/usr/bin/ceph: stderr
2024-04-25T00:34:12.957+0000 7f62457ff700 1 -- 172.21.15.47:0/260212970 --> [v2:172.21.15.47:3300/0,v1:172.21.15.47:6789/0] -- mon_subscribe({osdmap=0}) v3 -- 0x7f6240114950 con 0x7f6240101630
2024-04-25T00:34:13.968 INFO:teuthology.orchestra.run.smithi047.stdout:/usr/bin/ceph: stderr
2024-04-25T00:34:12.958+0000 7f62277fe700 1 -- 172.21.15.47:0/260212970 <== mon.0 v2:172.21.15.47:3300/0 3 ==== mon_map magic: 0 v1 ==== 229+0+0 (secure 0 0 0) 0x7f623801d9e0 con 0x7f6240101630
2024-04-25T00:34:13.968 INFO:teuthology.orchestra.run.smithi047.stdout:/usr/bin/ceph: stderr
2024-04-25T00:34:12.958+0000 7f62277fe700 1 -- 172.21.15.47:0/260212970 <== mon.0 v2:172.21.15.47:3300/0 4 ==== mgrmap(e 8) v1 ==== 43376+0+0 (secure 0 0 0) 0x7f623801b070 con 0x7f6240101630
2024-04-25T00:34:13.968 INFO:teuthology.orchestra.run.smithi047.stdout:/usr/bin/ceph: stderr
2024-04-25T00:34:12.958+0000 7f62277fe700 1 --2- 172.21.15.47:0/260212970 >> [v2:172.21.15.47:6800/225834446,v1:172.21.15.47:6801/225834446] conn(0x7f6228036850 0x7f6228038d00 unknown :-1 s=NONE pgs=0 cs=0 l=1 rev1=0 crypto rx=0 tx=0 comp rx=0 tx=0).connect
2024-04-25T00:34:13.968 INFO:teuthology.orchestra.run.smithi047.stdout:/usr/bin/ceph: stderr
2024-04-25T00:34:12.958+0000 7f62457ff700 1 -- 172.21.15.47:0/260212970 --> [v2:172.21.15.47:3300/0,v1:172.21.15.47:6789/0] -- mon_command({"prefix": "get_command_descriptions"} v 0) v1 -- 0x7f622c0052e0 con 0x7f6240101630
2024-04-25T00:34:13.968 INFO:teuthology.orchestra.run.smithi047.stdout:/usr/bin/ceph: stderr
2024-04-25T00:34:12.958+0000 7f62277fe700 1 -- 172.21.15.47:0/260212970 <== mon.0 v2:172.21.15.47:3300/0 5 ==== osd_map(2..2 src has 1..2) v4 ==== 936+0+0 (secure 0 0 0) 0x7f623804a3e0 con 0x7f6240101630
2024-04-25T00:34:13.968 INFO:teuthology.orchestra.run.smithi047.stdout:/usr/bin/ceph: stderr
2024-04-25T00:34:12.959+0000 7f623e7fc700 1 --2- 172.21.15.47:0/260212970 >> [v2:172.21.15.47:6800/225834446,v1:172.21.15.47:6801/225834446] conn(0x7f6228036850 0x7f6228038d00 unknown :-1 s=BANNER_CONNECTING pgs=0 cs=0 l=1 rev1=0 crypto rx=0 tx=0 comp rx=0 tx=0)._handle_peer_banner_payload supported=3 required=0
2024-04-25T00:34:13.968 INFO:teuthology.orchestra.run.smithi047.stdout:/usr/bin/ceph: stderr
2024-04-25T00:34:12.959+0000 7f623e7fc700 1 --2- 172.21.15.47:0/260212970 >> [v2:172.21.15.47:6800/225834446,v1:172.21.15.47:6801/225834446] conn(0x7f6228036850 0x7f6228038d00 secure :-1 s=READY pgs=12 cs=0 l=1 rev1=1 crypto rx=0x7f6234009990 tx=0x7f6234006e40 comp rx=0 tx=0).ready entity=mgr.14120 client_cookie=0 server_cookie=0 in_seq=0 out_seq=0
2024-04-25T00:34:13.968 INFO:teuthology.orchestra.run.smithi047.stdout:/usr/bin/ceph: stderr
2024-04-25T00:34:12.963+0000 7f62277fe700 1 -- 172.21.15.47:0/260212970 <== mon.0 v2:172.21.15.47:3300/0 6 ==== mon_command_ack([{"prefix": "get_command_descriptions"}]=0 v0) v1 ==== 72+0+176702 (secure 0 0 0) 0x7f623802e960 con 0x7f6240101630
2024-04-25T00:34:13.968 INFO:teuthology.orchestra.run.smithi047.stdout:/usr/bin/ceph: stderr
2024-04-25T00:34:13.174+0000 7f62457ff700 1 -- 172.21.15.47:0/260212970 --> [v2:172.21.15.47:6800/225834446,v1:172.21.15.47:6801/225834446] -- mgr_command(tid 0: {"prefix": "orch apply", "service_type": "mon", "target": ["mon-mgr", ""]}) v1 -- 0x7f622c000bf0 con 0x7f6228036850
2024-04-25T00:34:13.968 INFO:teuthology.orchestra.run.smithi047.stdout:/usr/bin/ceph: stderr
2024-04-25T00:34:13.179+0000 7f62277fe700 1 -- 172.21.15.47:0/260212970 <== mgr.14120 v2:172.21.15.47:6800/225834446 1 ==== mgr_command_reply(tid 0: 0 ) v1 ==== 8+0+24 (secure 0 0 0) 0x7f622c000bf0 con 0x7f6228036850
2024-04-25T00:34:13.968 INFO:teuthology.orchestra.run.smithi047.stdout:/usr/bin/ceph: stderr
2024-04-25T00:34:13.181+0000 7f62457ff700 1 -- 172.21.15.47:0/260212970 >> [v2:172.21.15.47:6800/225834446,v1:172.21.15.47:6801/225834446] conn(0x7f6228036850 msgr2=0x7f6228038d00 secure :-1 s=STATE_CONNECTION_ESTABLISHED l=1).mark_down
2024-04-25T00:34:13.968 INFO:teuthology.orchestra.run.smithi047.stdout:/usr/bin/ceph: stderr
2024-04-25T00:34:13.181+0000 7f62457ff700 1 --2- 172.21.15.47:0/260212970 >> [v2:172.21.15.47:6800/225834446,v1:172.21.15.47:6801/225834446] conn(0x7f6228036850 0x7f6228038d00 secure :-1 s=READY pgs=12 cs=0 l=1 rev1=1 crypto rx=0x7f6234009990 tx=0x7f6234006e40 comp rx=0 tx=0).stop
2024-04-25T00:34:13.969 INFO:teuthology.orchestra.run.smithi047.stdout:/usr/bin/ceph: stderr
2024-04-25T00:34:13.181+0000 7f62457ff700 1 -- 172.21.15.47:0/260212970 >> [v2:172.21.15.47:3300/0,v1:172.21.15.47:6789/0] conn(0x7f6240101630 msgr2=0x7f62401136a0 secure :-1 s=STATE_CONNECTION_ESTABLISHED l=1).mark_down
2024-04-25T00:34:13.969 INFO:teuthology.orchestra.run.smithi047.stdout:/usr/bin/ceph: stderr
2024-04-25T00:34:13.181+0000 7f62457ff700 1 --2- 172.21.15.47:0/260212970 >> [v2:172.21.15.47:3300/0,v1:172.21.15.47:6789/0] conn(0x7f6240101630 0x7f62401136a0 secure :-1 s=READY pgs=48 cs=0 l=1 rev1=1 crypto rx=0x7f6238014660 tx=0x7f623800ba50 comp rx=0 tx=0).stop
2024-04-25T00:34:13.969 INFO:teuthology.orchestra.run.smithi047.stdout:/usr/bin/ceph: stderr
2024-04-25T00:34:13.181+0000 7f62457ff700 1 -- 172.21.15.47:0/260212970 shutdown_connections
2024-04-25T00:34:13.969 INFO:teuthology.orchestra.run.smithi047.stdout:/usr/bin/ceph: stderr
2024-04-25T00:34:13.181+0000 7f62457ff700 1 --2- 172.21.15.47:0/260212970 >> [v2:172.21.15.47:6800/225834446,v1:172.21.15.47:6801/225834446] conn(0x7f6228036850 0x7f6228038d00 unknown :-1 s=CLOSED pgs=12 cs=0 l=1 rev1=1 crypto rx=0 tx=0 comp rx=0 tx=0).stop
2024-04-25T00:34:13.969 INFO:teuthology.orchestra.run.smithi047.stdout:/usr/bin/ceph: stderr
2024-04-25T00:34:13.181+0000 7f62457ff700 1 --2- 172.21.15.47:0/260212970 >> [v2:172.21.15.47:3300/0,v1:172.21.15.47:6789/0] conn(0x7f6240101630 0x7f62401136a0 unknown :-1 s=CLOSED pgs=48 cs=0 l=1 rev1=1 crypto rx=0 tx=0 comp rx=0 tx=0).stop
2024-04-25T00:34:13.969 INFO:teuthology.orchestra.run.smithi047.stdout:/usr/bin/ceph: stderr
2024-04-25T00:34:13.181+0000 7f62457ff700 1 -- 172.21.15.47:0/260212970 >> 172.21.15.47:0/260212970 conn(0x7f62400fcdf0 msgr2=0x7f6240105a80 unknown :-1 s=STATE_NONE l=0).mark_down
2024-04-25T00:34:13.969 INFO:teuthology.orchestra.run.smithi047.stdout:/usr/bin/ceph: stderr
2024-04-25T00:34:13.181+0000 7f62457ff700 1 -- 172.21.15.47:0/260212970 shutdown_connections
2024-04-25T00:34:13.969 INFO:teuthology.orchestra.run.smithi047.stdout:/usr/bin/ceph: stderr
2024-04-25T00:34:13.181+0000 7f62457ff700 1 -- 172.21.15.47:0/260212970 wait complete.
2024-04-25T00:34:13.969 INFO:teuthology.orchestra.run.smithi047.stdout:Deploying mgr service with default placement...
2024-04-25T00:34:14.214 INFO:journalctl@ceph.mon.smithi047.smithi047.stdout:Apr 25 00:34:14 smithi047 ceph-mon[26432]: from='client.14142 -' entity='client.admin' cmd=[{"prefix": "orch apply", "service_type": "mon", "target": ["mon-mgr", ""]}]: dispatch
2024-04-25T00:34:14.214 INFO:journalctl@ceph.mon.smithi047.smithi047.stdout:Apr 25 00:34:14 smithi047 ceph-mon[26432]: Saving service mon spec with placement count:5
2024-04-25T00:34:14.214 INFO:journalctl@ceph.mon.smithi047.smithi047.stdout:Apr 25 00:34:14 smithi047 ceph-mon[26432]: from='mgr.14120 172.21.15.47:0/3236173415' entity='mgr.smithi047.xbgehu'
2024-04-25T00:34:16.022 INFO:journalctl@ceph.mon.smithi047.smithi047.stdout:Apr 25 00:34:15 smithi047 ceph-mon[26432]: from='client.14144 -' entity='client.admin' cmd=[{"prefix": "orch apply", "service_type": "mgr", "target": ["mon-mgr", ""]}]: dispatch
2024-04-25T00:34:16.022 INFO:journalctl@ceph.mon.smithi047.smithi047.stdout:Apr 25 00:34:15 smithi047 ceph-mon[26432]: Saving service mgr spec with placement count:2
2024-04-25T00:34:16.022 INFO:journalctl@ceph.mon.smithi047.smithi047.stdout:Apr 25 00:34:15 smithi047 ceph-mon[26432]: from='mgr.14120 172.21.15.47:0/3236173415' entity='mgr.smithi047.xbgehu'
2024-04-25T00:34:16.023 INFO:journalctl@ceph.mon.smithi047.smithi047.stdout:Apr 25 00:34:15 smithi047 ceph-mon[26432]: from='mgr.14120 172.21.15.47:0/3236173415' entity='mgr.smithi047.xbgehu'
2024-04-25T00:34:16.029 INFO:teuthology.orchestra.run.smithi047.stdout:/usr/bin/ceph: stdout Scheduled mgr update...
2024-04-25T00:34:16.030 INFO:teuthology.orchestra.run.smithi047.stdout:/usr/bin/ceph: stderr
2024-04-25T00:34:14.671+0000 7faed4ed6700 1 Processor -- start
2024-04-25T00:34:16.030 INFO:teuthology.orchestra.run.smithi047.stdout:/usr/bin/ceph: stderr
2024-04-25T00:34:14.671+0000 7faed4ed6700 1 -- start start
2024-04-25T00:34:16.030 INFO:teuthology.orchestra.run.smithi047.stdout:/usr/bin/ceph: stderr
2024-04-25T00:34:14.672+0000 7faed4ed6700 1 --2- >> [v2:172.21.15.47:3300/0,v1:172.21.15.47:6789/0] conn(0x7faed0102890 0x7faed0102ca0 unknown :-1 s=NONE pgs=0 cs=0 l=0 rev1=0 crypto rx=0 tx=0 comp rx=0 tx=0).connect
2024-04-25T00:34:16.030 INFO:teuthology.orchestra.run.smithi047.stdout:/usr/bin/ceph: stderr
2024-04-25T00:34:14.672+0000 7faed4ed6700 1 -- --> [v2:172.21.15.47:3300/0,v1:172.21.15.47:6789/0] -- mon_getmap magic: 0 v1 -- 0x7faed01031e0 con 0x7faed0102890
2024-04-25T00:34:16.030 INFO:teuthology.orchestra.run.smithi047.stdout:/usr/bin/ceph: stderr
2024-04-25T00:34:14.672+0000 7faece59c700 1 --2- >> [v2:172.21.15.47:3300/0,v1:172.21.15.47:6789/0] conn(0x7faed0102890 0x7faed0102ca0 unknown :-1 s=BANNER_CONNECTING pgs=0 cs=0 l=0 rev1=0 crypto rx=0 tx=0 comp rx=0 tx=0)._handle_peer_banner_payload supported=3 required=0
2024-04-25T00:34:16.030 INFO:teuthology.orchestra.run.smithi047.stdout:/usr/bin/ceph: stderr
2024-04-25T00:34:14.672+0000 7faece59c700 1 --2- >> [v2:172.21.15.47:3300/0,v1:172.21.15.47:6789/0] conn(0x7faed0102890 0x7faed0102ca0 unknown :-1 s=HELLO_CONNECTING pgs=0 cs=0 l=0 rev1=1 crypto rx=0 tx=0 comp rx=0 tx=0).handle_hello peer v2:172.21.15.47:3300/0 says I am v2:172.21.15.47:38504/0 (socket says 172.21.15.47:38504)
2024-04-25T00:34:16.030 INFO:teuthology.orchestra.run.smithi047.stdout:/usr/bin/ceph: stderr
2024-04-25T00:34:14.672+0000 7faece59c700 1 -- 172.21.15.47:0/958082625 learned_addr learned my addr 172.21.15.47:0/958082625 (peer_addr_for_me v2:172.21.15.47:0/0)
2024-04-25T00:34:16.030 INFO:teuthology.orchestra.run.smithi047.stdout:/usr/bin/ceph: stderr
2024-04-25T00:34:14.672+0000 7faece59c700 1 -- 172.21.15.47:0/958082625 --> [v2:172.21.15.47:3300/0,v1:172.21.15.47:6789/0] -- mon_subscribe({config=0+,monmap=0+}) v3 -- 0x7faed0103320 con 0x7faed0102890
2024-04-25T00:34:16.033 INFO:teuthology.orchestra.run.smithi047.stdout:/usr/bin/ceph: stderr
2024-04-25T00:34:14.672+0000 7faece59c700 1 --2- 172.21.15.47:0/958082625 >> [v2:172.21.15.47:3300/0,v1:172.21.15.47:6789/0] conn(0x7faed0102890 0x7faed0102ca0 secure :-1 s=READY pgs=49 cs=0 l=1 rev1=1 crypto rx=0x7faec00098e0 tx=0x7faec0009250 comp rx=0 tx=0).ready entity=mon.0 client_cookie=ad381b04480d9a06 server_cookie=0 in_seq=0 out_seq=0
2024-04-25T00:34:16.034 INFO:teuthology.orchestra.run.smithi047.stdout:/usr/bin/ceph: stderr
2024-04-25T00:34:14.672+0000 7faecd59a700 1 -- 172.21.15.47:0/958082625 <== mon.0 v2:172.21.15.47:3300/0 1 ==== mon_map magic: 0 v1 ==== 229+0+0 (secure 0 0 0) 0x7faec000b860 con 0x7faed0102890
2024-04-25T00:34:16.034 INFO:teuthology.orchestra.run.smithi047.stdout:/usr/bin/ceph: stderr
2024-04-25T00:34:14.672+0000 7faecd59a700 1 -- 172.21.15.47:0/958082625 <== mon.0 v2:172.21.15.47:3300/0 2 ==== config(27 keys) v1 ==== 1044+0+0 (secure 0 0 0) 0x7faec000be50 con 0x7faed0102890
2024-04-25T00:34:16.034 INFO:teuthology.orchestra.run.smithi047.stdout:/usr/bin/ceph: stderr
2024-04-25T00:34:14.672+0000 7faecd59a700 1 -- 172.21.15.47:0/958082625 <== mon.0 v2:172.21.15.47:3300/0 3 ==== mon_map magic: 0 v1 ==== 229+0+0 (secure 0 0 0) 0x7faec0010380 con 0x7faed0102890
2024-04-25T00:34:16.034 INFO:teuthology.orchestra.run.smithi047.stdout:/usr/bin/ceph: stderr
2024-04-25T00:34:14.673+0000 7faed4ed6700 1 -- 172.21.15.47:0/958082625 >> [v2:172.21.15.47:3300/0,v1:172.21.15.47:6789/0] conn(0x7faed0102890 msgr2=0x7faed0102ca0 secure :-1 s=STATE_CONNECTION_ESTABLISHED l=1).mark_down
2024-04-25T00:34:16.034 INFO:teuthology.orchestra.run.smithi047.stdout:/usr/bin/ceph: stderr
2024-04-25T00:34:14.673+0000 7faed4ed6700 1 --2- 172.21.15.47:0/958082625 >> [v2:172.21.15.47:3300/0,v1:172.21.15.47:6789/0] conn(0x7faed0102890 0x7faed0102ca0 secure :-1 s=READY pgs=49 cs=0 l=1 rev1=1 crypto rx=0x7faec00098e0 tx=0x7faec0009250 comp rx=0 tx=0).stop
2024-04-25T00:34:16.034 INFO:teuthology.orchestra.run.smithi047.stdout:/usr/bin/ceph: stderr
2024-04-25T00:34:14.673+0000 7faed4ed6700 1 -- 172.21.15.47:0/958082625 shutdown_connections
2024-04-25T00:34:16.034 INFO:teuthology.orchestra.run.smithi047.stdout:/usr/bin/ceph: stderr
2024-04-25T00:34:14.673+0000 7faed4ed6700 1 --2- 172.21.15.47:0/958082625 >> [v2:172.21.15.47:3300/0,v1:172.21.15.47:6789/0] conn(0x7faed0102890 0x7faed0102ca0 unknown :-1 s=CLOSED pgs=49 cs=0 l=1 rev1=1 crypto rx=0 tx=0 comp rx=0 tx=0).stop
2024-04-25T00:34:16.034 INFO:teuthology.orchestra.run.smithi047.stdout:/usr/bin/ceph: stderr
2024-04-25T00:34:14.673+0000 7faed4ed6700 1 -- 172.21.15.47:0/958082625 >> 172.21.15.47:0/958082625 conn(0x7faed00fe010 msgr2=0x7faed0100420 unknown :-1 s=STATE_NONE l=0).mark_down
2024-04-25T00:34:16.034 INFO:teuthology.orchestra.run.smithi047.stdout:/usr/bin/ceph: stderr
2024-04-25T00:34:14.673+0000 7faed4ed6700 1 -- 172.21.15.47:0/958082625 shutdown_connections
2024-04-25T00:34:16.034 INFO:teuthology.orchestra.run.smithi047.stdout:/usr/bin/ceph: stderr
2024-04-25T00:34:14.673+0000 7faed4ed6700 1 -- 172.21.15.47:0/958082625 wait complete.
2024-04-25T00:34:16.034 INFO:teuthology.orchestra.run.smithi047.stdout:/usr/bin/ceph: stderr
2024-04-25T00:34:14.674+0000 7faed4ed6700 1 Processor -- start
2024-04-25T00:34:16.034 INFO:teuthology.orchestra.run.smithi047.stdout:/usr/bin/ceph: stderr
2024-04-25T00:34:14.674+0000 7faed4ed6700 1 -- start start
2024-04-25T00:34:16.035 INFO:teuthology.orchestra.run.smithi047.stdout:/usr/bin/ceph: stderr
2024-04-25T00:34:14.674+0000 7faed4ed6700 1 --2- >> [v2:172.21.15.47:3300/0,v1:172.21.15.47:6789/0] conn(0x7faed0102890 0x7faed0078c20 unknown :-1 s=NONE pgs=0 cs=0 l=1 rev1=0 crypto rx=0 tx=0 comp rx=0 tx=0).connect
2024-04-25T00:34:16.035 INFO:teuthology.orchestra.run.smithi047.stdout:/usr/bin/ceph: stderr
2024-04-25T00:34:14.674+0000 7faed4ed6700 1 -- --> [v2:172.21.15.47:3300/0,v1:172.21.15.47:6789/0] -- mon_getmap magic: 0 v1 -- 0x7faed0079160 con 0x7faed0102890
2024-04-25T00:34:16.035 INFO:teuthology.orchestra.run.smithi047.stdout:/usr/bin/ceph: stderr
2024-04-25T00:34:14.674+0000 7faece59c700 1 --2- >> [v2:172.21.15.47:3300/0,v1:172.21.15.47:6789/0] conn(0x7faed0102890 0x7faed0078c20 unknown :-1 s=BANNER_CONNECTING pgs=0 cs=0 l=1 rev1=0 crypto rx=0 tx=0 comp rx=0 tx=0)._handle_peer_banner_payload supported=3 required=0
2024-04-25T00:34:16.035 INFO:teuthology.orchestra.run.smithi047.stdout:/usr/bin/ceph: stderr
2024-04-25T00:34:14.674+0000 7faece59c700 1 --2- >> [v2:172.21.15.47:3300/0,v1:172.21.15.47:6789/0] conn(0x7faed0102890 0x7faed0078c20 unknown :-1 s=HELLO_CONNECTING pgs=0 cs=0 l=1 rev1=1 crypto rx=0 tx=0 comp rx=0 tx=0).handle_hello peer v2:172.21.15.47:3300/0 says I am v2:172.21.15.47:38506/0 (socket says 172.21.15.47:38506)
2024-04-25T00:34:16.035 INFO:teuthology.orchestra.run.smithi047.stdout:/usr/bin/ceph: stderr
2024-04-25T00:34:14.674+0000 7faece59c700 1 -- 172.21.15.47:0/1567059639 learned_addr learned my addr 172.21.15.47:0/1567059639 (peer_addr_for_me v2:172.21.15.47:0/0)
2024-04-25T00:34:16.035 INFO:teuthology.orchestra.run.smithi047.stdout:/usr/bin/ceph: stderr
2024-04-25T00:34:14.674+0000 7faece59c700 1 -- 172.21.15.47:0/1567059639 --> [v2:172.21.15.47:3300/0,v1:172.21.15.47:6789/0] -- mon_subscribe({config=0+,monmap=0+}) v3 -- 0x7faec00094f0 con 0x7faed0102890
2024-04-25T00:34:16.035 INFO:teuthology.orchestra.run.smithi047.stdout:/usr/bin/ceph: stderr
2024-04-25T00:34:14.675+0000 7faece59c700 1 --2- 172.21.15.47:0/1567059639 >> [v2:172.21.15.47:3300/0,v1:172.21.15.47:6789/0] conn(0x7faed0102890 0x7faed0078c20 secure :-1 s=READY pgs=50 cs=0 l=1 rev1=1 crypto rx=0x7faec0000c00 tx=0x7faec0009250 comp rx=0 tx=0).ready entity=mon.0 client_cookie=0 server_cookie=0 in_seq=0 out_seq=0
2024-04-25T00:34:16.035 INFO:teuthology.orchestra.run.smithi047.stdout:/usr/bin/ceph: stderr
2024-04-25T00:34:14.675+0000 7faebeffd700 1 -- 172.21.15.47:0/1567059639 <== mon.0 v2:172.21.15.47:3300/0 1 ==== mon_map magic: 0 v1 ==== 229+0+0 (secure 0 0 0) 0x7faec00107c0 con 0x7faed0102890
2024-04-25T00:34:16.035 INFO:teuthology.orchestra.run.smithi047.stdout:/usr/bin/ceph: stderr
2024-04-25T00:34:14.675+0000 7faebeffd700 1 -- 172.21.15.47:0/1567059639 <== mon.0 v2:172.21.15.47:3300/0 2 ==== config(27 keys) v1 ==== 1044+0+0 (secure 0 0 0) 0x7faec0010db0 con 0x7faed0102890
2024-04-25T00:34:16.035 INFO:teuthology.orchestra.run.smithi047.stdout:/usr/bin/ceph: stderr
2024-04-25T00:34:14.675+0000 7faed4ed6700 1 -- 172.21.15.47:0/1567059639 --> [v2:172.21.15.47:3300/0,v1:172.21.15.47:6789/0] -- mon_subscribe({mgrmap=0+}) v3 -- 0x7faed00771d0 con 0x7faed0102890
2024-04-25T00:34:16.035 INFO:teuthology.orchestra.run.smithi047.stdout:/usr/bin/ceph: stderr
2024-04-25T00:34:14.675+0000 7faebeffd700 1 -- 172.21.15.47:0/1567059639 <== mon.0 v2:172.21.15.47:3300/0 3 ==== mon_map magic: 0 v1 ==== 229+0+0 (secure 0 0 0) 0x7faec001ad00 con 0x7faed0102890
2024-04-25T00:34:16.035 INFO:teuthology.orchestra.run.smithi047.stdout:/usr/bin/ceph: stderr
2024-04-25T00:34:14.675+0000 7faed4ed6700 1 -- 172.21.15.47:0/1567059639 --> [v2:172.21.15.47:3300/0,v1:172.21.15.47:6789/0] -- mon_subscribe({osdmap=0}) v3 -- 0x7faed00776c0 con 0x7faed0102890
2024-04-25T00:34:16.035 INFO:teuthology.orchestra.run.smithi047.stdout:/usr/bin/ceph: stderr
2024-04-25T00:34:14.676+0000 7faebeffd700 1 -- 172.21.15.47:0/1567059639 <== mon.0 v2:172.21.15.47:3300/0 4 ==== mgrmap(e 8) v1 ==== 43376+0+0 (secure 0 0 0) 0x7faec00193c0 con 0x7faed0102890
2024-04-25T00:34:16.035 INFO:teuthology.orchestra.run.smithi047.stdout:/usr/bin/ceph: stderr
2024-04-25T00:34:14.676+0000 7faed4ed6700 1 -- 172.21.15.47:0/1567059639 --> [v2:172.21.15.47:3300/0,v1:172.21.15.47:6789/0] -- mon_command({"prefix": "get_command_descriptions"} v 0) v1 -- 0x7faed004bed0 con 0x7faed0102890
2024-04-25T00:34:16.036 INFO:teuthology.orchestra.run.smithi047.stdout:/usr/bin/ceph: stderr
2024-04-25T00:34:14.676+0000 7faebeffd700 1 --2- 172.21.15.47:0/1567059639 >> [v2:172.21.15.47:6800/225834446,v1:172.21.15.47:6801/225834446] conn(0x7faeb80368a0 0x7faeb8038d50 unknown :-1 s=NONE pgs=0 cs=0 l=1 rev1=0 crypto rx=0 tx=0 comp rx=0 tx=0).connect
2024-04-25T00:34:16.036 INFO:teuthology.orchestra.run.smithi047.stdout:/usr/bin/ceph: stderr
2024-04-25T00:34:14.676+0000 7faebeffd700 1 -- 172.21.15.47:0/1567059639 <== mon.0 v2:172.21.15.47:3300/0 5 ==== osd_map(2..2 src has 1..2) v4 ==== 936+0+0 (secure 0 0 0) 0x7faec004a620 con 0x7faed0102890
2024-04-25T00:34:16.036 INFO:teuthology.orchestra.run.smithi047.stdout:/usr/bin/ceph: stderr
2024-04-25T00:34:14.676+0000 7faecdd9b700 1 --2- 172.21.15.47:0/1567059639 >> [v2:172.21.15.47:6800/225834446,v1:172.21.15.47:6801/225834446] conn(0x7faeb80368a0 0x7faeb8038d50 unknown :-1 s=BANNER_CONNECTING pgs=0 cs=0 l=1 rev1=0 crypto rx=0 tx=0 comp rx=0 tx=0)._handle_peer_banner_payload supported=3 required=0
2024-04-25T00:34:16.036 INFO:teuthology.orchestra.run.smithi047.stdout:/usr/bin/ceph: stderr
2024-04-25T00:34:14.676+0000 7faecdd9b700 1 --2- 172.21.15.47:0/1567059639 >> [v2:172.21.15.47:6800/225834446,v1:172.21.15.47:6801/225834446] conn(0x7faeb80368a0 0x7faeb8038d50 secure :-1 s=READY pgs=13 cs=0 l=1 rev1=1 crypto rx=0x7faec4009990 tx=0x7faec4006e40 comp rx=0 tx=0).ready entity=mgr.14120 client_cookie=0 server_cookie=0 in_seq=0 out_seq=0
2024-04-25T00:34:16.036 INFO:teuthology.orchestra.run.smithi047.stdout:/usr/bin/ceph: stderr
2024-04-25T00:34:14.680+0000 7faebeffd700 1 -- 172.21.15.47:0/1567059639 <== mon.0 v2:172.21.15.47:3300/0 6 ==== mon_command_ack([{"prefix": "get_command_descriptions"}]=0 v0) v1 ==== 72+0+176702 (secure 0 0 0) 0x7faec0023b90 con 0x7faed0102890
2024-04-25T00:34:16.036 INFO:teuthology.orchestra.run.smithi047.stdout:/usr/bin/ceph: stderr
2024-04-25T00:34:14.890+0000 7faed4ed6700 1 -- 172.21.15.47:0/1567059639 --> [v2:172.21.15.47:6800/225834446,v1:172.21.15.47:6801/225834446] -- mgr_command(tid 0: {"prefix": "orch apply", "service_type": "mgr", "target": ["mon-mgr", ""]}) v1 -- 0x7faed0077e80 con 0x7faeb80368a0
2024-04-25T00:34:16.036 INFO:teuthology.orchestra.run.smithi047.stdout:/usr/bin/ceph: stderr
2024-04-25T00:34:14.894+0000 7faebeffd700 1 -- 172.21.15.47:0/1567059639 <== mgr.14120 v2:172.21.15.47:6800/225834446 1 ==== mgr_command_reply(tid 0: 0 ) v1 ==== 8+0+24 (secure 0 0 0) 0x7faed0077e80 con 0x7faeb80368a0
