2024-04-25T00:34:23.768+0000 7f9f21b78700 1 --2- 172.21.15.47:0/154240333 >> [v2:172.21.15.47:6800/225834446,v1:172.21.15.47:6801/225834446] conn(0x7f9f04036850 0x7f9f04038d00 unknown :-1 s=CLOSED pgs=19 cs=0 l=1 rev1=1 crypto rx=0 tx=0 comp rx=0 tx=0).stop
2024-04-25T00:34:24.499 INFO:teuthology.orchestra.run.smithi047.stdout:/usr/bin/ceph: stderr
2024-04-25T00:34:23.768+0000 7f9f21b78700 1 --2- 172.21.15.47:0/154240333 >> [v2:172.21.15.47:3300/0,v1:172.21.15.47:6789/0] conn(0x7f9f1c102870 0x7f9f1c078c20 unknown :-1 s=CLOSED pgs=62 cs=0 l=1 rev1=1 crypto rx=0 tx=0 comp rx=0 tx=0).stop
2024-04-25T00:34:24.500 INFO:teuthology.orchestra.run.smithi047.stdout:/usr/bin/ceph: stderr
2024-04-25T00:34:23.768+0000 7f9f21b78700 1 -- 172.21.15.47:0/154240333 >> 172.21.15.47:0/154240333 conn(0x7f9f1c0fe030 msgr2=0x7f9f1c0feac0 unknown :-1 s=STATE_NONE l=0).mark_down
2024-04-25T00:34:24.500 INFO:teuthology.orchestra.run.smithi047.stdout:/usr/bin/ceph: stderr
2024-04-25T00:34:23.768+0000 7f9f21b78700 1 -- 172.21.15.47:0/154240333 shutdown_connections
2024-04-25T00:34:24.500 INFO:teuthology.orchestra.run.smithi047.stdout:/usr/bin/ceph: stderr
2024-04-25T00:34:23.769+0000 7f9f21b78700 1 -- 172.21.15.47:0/154240333 wait complete.
2024-04-25T00:34:25.726 INFO:teuthology.orchestra.run.smithi047.stdout:/usr/bin/ceph: stderr
2024-04-25T00:34:24.912+0000 7f1699dfa700 1 Processor -- start
2024-04-25T00:34:25.727 INFO:teuthology.orchestra.run.smithi047.stdout:/usr/bin/ceph: stderr
2024-04-25T00:34:24.912+0000 7f1699dfa700 1 -- start start
2024-04-25T00:34:25.727 INFO:teuthology.orchestra.run.smithi047.stdout:/usr/bin/ceph: stderr
2024-04-25T00:34:24.912+0000 7f1699dfa700 1 --2- >> [v2:172.21.15.47:3300/0,v1:172.21.15.47:6789/0] conn(0x7f16941028b0 0x7f1694102cc0 unknown :-1 s=NONE pgs=0 cs=0 l=0 rev1=0 crypto rx=0 tx=0 comp rx=0 tx=0).connect
2024-04-25T00:34:25.727 INFO:teuthology.orchestra.run.smithi047.stdout:/usr/bin/ceph: stderr
2024-04-25T00:34:24.912+0000 7f1699dfa700 1 -- --> [v2:172.21.15.47:3300/0,v1:172.21.15.47:6789/0] -- mon_getmap magic: 0 v1 -- 0x7f1694103200 con 0x7f16941028b0
2024-04-25T00:34:25.727 INFO:teuthology.orchestra.run.smithi047.stdout:/usr/bin/ceph: stderr
2024-04-25T00:34:24.913+0000 7f16937fe700 1 --2- >> [v2:172.21.15.47:3300/0,v1:172.21.15.47:6789/0] conn(0x7f16941028b0 0x7f1694102cc0 unknown :-1 s=BANNER_CONNECTING pgs=0 cs=0 l=0 rev1=0 crypto rx=0 tx=0 comp rx=0 tx=0)._handle_peer_banner_payload supported=3 required=0
2024-04-25T00:34:25.727 INFO:teuthology.orchestra.run.smithi047.stdout:/usr/bin/ceph: stderr
2024-04-25T00:34:24.913+0000 7f16937fe700 1 --2- >> [v2:172.21.15.47:3300/0,v1:172.21.15.47:6789/0] conn(0x7f16941028b0 0x7f1694102cc0 unknown :-1 s=HELLO_CONNECTING pgs=0 cs=0 l=0 rev1=1 crypto rx=0 tx=0 comp rx=0 tx=0).handle_hello peer v2:172.21.15.47:3300/0 says I am v2:172.21.15.47:51046/0 (socket says 172.21.15.47:51046)
2024-04-25T00:34:25.727 INFO:teuthology.orchestra.run.smithi047.stdout:/usr/bin/ceph: stderr
2024-04-25T00:34:24.913+0000 7f16937fe700 1 -- 172.21.15.47:0/904007175 learned_addr learned my addr 172.21.15.47:0/904007175 (peer_addr_for_me v2:172.21.15.47:0/0)
2024-04-25T00:34:25.727 INFO:teuthology.orchestra.run.smithi047.stdout:/usr/bin/ceph: stderr
2024-04-25T00:34:24.913+0000 7f16937fe700 1 -- 172.21.15.47:0/904007175 --> [v2:172.21.15.47:3300/0,v1:172.21.15.47:6789/0] -- mon_subscribe({config=0+,monmap=0+}) v3 -- 0x7f1694103340 con 0x7f16941028b0
2024-04-25T00:34:25.727 INFO:teuthology.orchestra.run.smithi047.stdout:/usr/bin/ceph: stderr
2024-04-25T00:34:24.913+0000 7f16937fe700 1 --2- 172.21.15.47:0/904007175 >> [v2:172.21.15.47:3300/0,v1:172.21.15.47:6789/0] conn(0x7f16941028b0 0x7f1694102cc0 secure :-1 s=READY pgs=63 cs=0 l=1 rev1=1 crypto rx=0x7f168c009e50 tx=0x7f168c009840 comp rx=0 tx=0).ready entity=mon.0 client_cookie=e985d958feed2066 server_cookie=0 in_seq=0 out_seq=0
2024-04-25T00:34:25.727 INFO:teuthology.orchestra.run.smithi047.stdout:/usr/bin/ceph: stderr
2024-04-25T00:34:24.913+0000 7f16927fc700 1 -- 172.21.15.47:0/904007175 <== mon.0 v2:172.21.15.47:3300/0 1 ==== mon_map magic: 0 v1 ==== 229+0+0 (secure 0 0 0) 0x7f168c0092e0 con 0x7f16941028b0
2024-04-25T00:34:25.727 INFO:teuthology.orchestra.run.smithi047.stdout:/usr/bin/ceph: stderr
2024-04-25T00:34:24.913+0000 7f16927fc700 1 -- 172.21.15.47:0/904007175 <== mon.0 v2:172.21.15.47:3300/0 2 ==== config(27 keys) v1 ==== 1109+0+0 (secure 0 0 0) 0x7f168c012430 con 0x7f16941028b0
2024-04-25T00:34:25.727 INFO:teuthology.orchestra.run.smithi047.stdout:/usr/bin/ceph: stderr
2024-04-25T00:34:24.913+0000 7f16927fc700 1 -- 172.21.15.47:0/904007175 <== mon.0 v2:172.21.15.47:3300/0 3 ==== mon_map magic: 0 v1 ==== 229+0+0 (secure 0 0 0) 0x7f168c0075a0 con 0x7f16941028b0
2024-04-25T00:34:25.727 INFO:teuthology.orchestra.run.smithi047.stdout:/usr/bin/ceph: stderr
2024-04-25T00:34:24.914+0000 7f1699dfa700 1 -- 172.21.15.47:0/904007175 >> [v2:172.21.15.47:3300/0,v1:172.21.15.47:6789/0] conn(0x7f16941028b0 msgr2=0x7f1694102cc0 secure :-1 s=STATE_CONNECTION_ESTABLISHED l=1).mark_down
2024-04-25T00:34:25.727 INFO:teuthology.orchestra.run.smithi047.stdout:/usr/bin/ceph: stderr
2024-04-25T00:34:24.914+0000 7f1699dfa700 1 --2- 172.21.15.47:0/904007175 >> [v2:172.21.15.47:3300/0,v1:172.21.15.47:6789/0] conn(0x7f16941028b0 0x7f1694102cc0 secure :-1 s=READY pgs=63 cs=0 l=1 rev1=1 crypto rx=0x7f168c009e50 tx=0x7f168c009840 comp rx=0 tx=0).stop
2024-04-25T00:34:25.728 INFO:teuthology.orchestra.run.smithi047.stdout:/usr/bin/ceph: stderr
2024-04-25T00:34:24.914+0000 7f1699dfa700 1 -- 172.21.15.47:0/904007175 shutdown_connections
2024-04-25T00:34:25.728 INFO:teuthology.orchestra.run.smithi047.stdout:/usr/bin/ceph: stderr
2024-04-25T00:34:24.914+0000 7f1699dfa700 1 --2- 172.21.15.47:0/904007175 >> [v2:172.21.15.47:3300/0,v1:172.21.15.47:6789/0] conn(0x7f16941028b0 0x7f1694102cc0 unknown :-1 s=CLOSED pgs=63 cs=0 l=1 rev1=1 crypto rx=0 tx=0 comp rx=0 tx=0).stop
2024-04-25T00:34:25.728 INFO:teuthology.orchestra.run.smithi047.stdout:/usr/bin/ceph: stderr
2024-04-25T00:34:24.914+0000 7f1699dfa700 1 -- 172.21.15.47:0/904007175 >> 172.21.15.47:0/904007175 conn(0x7f16940fdff0 msgr2=0x7f1694100440 unknown :-1 s=STATE_NONE l=0).mark_down
2024-04-25T00:34:25.728 INFO:teuthology.orchestra.run.smithi047.stdout:/usr/bin/ceph: stderr
2024-04-25T00:34:24.914+0000 7f1699dfa700 1 -- 172.21.15.47:0/904007175 shutdown_connections
2024-04-25T00:34:25.728 INFO:teuthology.orchestra.run.smithi047.stdout:/usr/bin/ceph: stderr
2024-04-25T00:34:24.914+0000 7f1699dfa700 1 -- 172.21.15.47:0/904007175 wait complete.
2024-04-25T00:34:25.728 INFO:teuthology.orchestra.run.smithi047.stdout:/usr/bin/ceph: stderr
2024-04-25T00:34:24.914+0000 7f1699dfa700 1 Processor -- start
2024-04-25T00:34:25.728 INFO:teuthology.orchestra.run.smithi047.stdout:/usr/bin/ceph: stderr
2024-04-25T00:34:24.915+0000 7f1699dfa700 1 -- start start
2024-04-25T00:34:25.728 INFO:teuthology.orchestra.run.smithi047.stdout:/usr/bin/ceph: stderr
2024-04-25T00:34:24.915+0000 7f1699dfa700 1 --2- >> [v2:172.21.15.47:3300/0,v1:172.21.15.47:6789/0] conn(0x7f16941028b0 0x7f1694077b10 unknown :-1 s=NONE pgs=0 cs=0 l=1 rev1=0 crypto rx=0 tx=0 comp rx=0 tx=0).connect
2024-04-25T00:34:25.728 INFO:teuthology.orchestra.run.smithi047.stdout:/usr/bin/ceph: stderr
2024-04-25T00:34:24.915+0000 7f1699dfa700 1 -- --> [v2:172.21.15.47:3300/0,v1:172.21.15.47:6789/0] -- mon_getmap magic: 0 v1 -- 0x7f1694078050 con 0x7f16941028b0
2024-04-25T00:34:25.728 INFO:teuthology.orchestra.run.smithi047.stdout:/usr/bin/ceph: stderr
2024-04-25T00:34:24.915+0000 7f16937fe700 1 --2- >> [v2:172.21.15.47:3300/0,v1:172.21.15.47:6789/0] conn(0x7f16941028b0 0x7f1694077b10 unknown :-1 s=BANNER_CONNECTING pgs=0 cs=0 l=1 rev1=0 crypto rx=0 tx=0 comp rx=0 tx=0)._handle_peer_banner_payload supported=3 required=0
2024-04-25T00:34:25.728 INFO:teuthology.orchestra.run.smithi047.stdout:/usr/bin/ceph: stderr
2024-04-25T00:34:24.915+0000 7f16937fe700 1 --2- >> [v2:172.21.15.47:3300/0,v1:172.21.15.47:6789/0] conn(0x7f16941028b0 0x7f1694077b10 unknown :-1 s=HELLO_CONNECTING pgs=0 cs=0 l=1 rev1=1 crypto rx=0 tx=0 comp rx=0 tx=0).handle_hello peer v2:172.21.15.47:3300/0 says I am v2:172.21.15.47:51048/0 (socket says 172.21.15.47:51048)
2024-04-25T00:34:25.728 INFO:teuthology.orchestra.run.smithi047.stdout:/usr/bin/ceph: stderr
2024-04-25T00:34:24.915+0000 7f16937fe700 1 -- 172.21.15.47:0/2209601733 learned_addr learned my addr 172.21.15.47:0/2209601733 (peer_addr_for_me v2:172.21.15.47:0/0)
2024-04-25T00:34:25.728 INFO:teuthology.orchestra.run.smithi047.stdout:/usr/bin/ceph: stderr
2024-04-25T00:34:24.915+0000 7f16937fe700 1 -- 172.21.15.47:0/2209601733 --> [v2:172.21.15.47:3300/0,v1:172.21.15.47:6789/0] -- mon_subscribe({config=0+,monmap=0+}) v3 -- 0x7f168c009ae0 con 0x7f16941028b0
2024-04-25T00:34:25.728 INFO:teuthology.orchestra.run.smithi047.stdout:/usr/bin/ceph: stderr
2024-04-25T00:34:24.915+0000 7f16937fe700 1 --2- 172.21.15.47:0/2209601733 >> [v2:172.21.15.47:3300/0,v1:172.21.15.47:6789/0] conn(0x7f16941028b0 0x7f1694077b10 secure :-1 s=READY pgs=64 cs=0 l=1 rev1=1 crypto rx=0x7f168c009fd0 tx=0x7f168c009840 comp rx=0 tx=0).ready entity=mon.0 client_cookie=0 server_cookie=0 in_seq=0 out_seq=0
2024-04-25T00:34:25.728 INFO:teuthology.orchestra.run.smithi047.stdout:/usr/bin/ceph: stderr
2024-04-25T00:34:24.916+0000 7f168bfff700 1 -- 172.21.15.47:0/2209601733 <== mon.0 v2:172.21.15.47:3300/0 1 ==== mon_map magic: 0 v1 ==== 229+0+0 (secure 0 0 0) 0x7f168c0092e0 con 0x7f16941028b0
2024-04-25T00:34:25.729 INFO:teuthology.orchestra.run.smithi047.stdout:/usr/bin/ceph: stderr
2024-04-25T00:34:24.916+0000 7f168bfff700 1 -- 172.21.15.47:0/2209601733 <== mon.0 v2:172.21.15.47:3300/0 2 ==== config(27 keys) v1 ==== 1109+0+0 (secure 0 0 0) 0x7f168c007ce0 con 0x7f16941028b0
2024-04-25T00:34:25.729 INFO:teuthology.orchestra.run.smithi047.stdout:/usr/bin/ceph: stderr
2024-04-25T00:34:24.916+0000 7f1699dfa700 1 -- 172.21.15.47:0/2209601733 --> [v2:172.21.15.47:3300/0,v1:172.21.15.47:6789/0] -- mon_subscribe({mgrmap=0+}) v3 -- 0x7f16940760c0 con 0x7f16941028b0
2024-04-25T00:34:25.729 INFO:teuthology.orchestra.run.smithi047.stdout:/usr/bin/ceph: stderr
2024-04-25T00:34:24.916+0000 7f168bfff700 1 -- 172.21.15.47:0/2209601733 <== mon.0 v2:172.21.15.47:3300/0 3 ==== mon_map magic: 0 v1 ==== 229+0+0 (secure 0 0 0) 0x7f168c025990 con 0x7f16941028b0
2024-04-25T00:34:25.729 INFO:teuthology.orchestra.run.smithi047.stdout:/usr/bin/ceph: stderr
2024-04-25T00:34:24.916+0000 7f1699dfa700 1 -- 172.21.15.47:0/2209601733 --> [v2:172.21.15.47:3300/0,v1:172.21.15.47:6789/0] -- mon_subscribe({osdmap=0}) v3 -- 0x7f16940765b0 con 0x7f16941028b0
2024-04-25T00:34:25.729 INFO:teuthology.orchestra.run.smithi047.stdout:/usr/bin/ceph: stderr
2024-04-25T00:34:24.916+0000 7f168bfff700 1 -- 172.21.15.47:0/2209601733 <== mon.0 v2:172.21.15.47:3300/0 4 ==== mgrmap(e 8) v1 ==== 43376+0+0 (secure 0 0 0) 0x7f168c019050 con 0x7f16941028b0
2024-04-25T00:34:25.729 INFO:teuthology.orchestra.run.smithi047.stdout:/usr/bin/ceph: stderr
2024-04-25T00:34:24.917+0000 7f168bfff700 1 --2- 172.21.15.47:0/2209601733 >> [v2:172.21.15.47:6800/225834446,v1:172.21.15.47:6801/225834446] conn(0x7f16800368a0 0x7f1680038d50 unknown :-1 s=NONE pgs=0 cs=0 l=1 rev1=0 crypto rx=0 tx=0 comp rx=0 tx=0).connect
2024-04-25T00:34:25.729 INFO:teuthology.orchestra.run.smithi047.stdout:/usr/bin/ceph: stderr
2024-04-25T00:34:24.917+0000 7f1699dfa700 1 -- 172.21.15.47:0/2209601733 --> [v2:172.21.15.47:3300/0,v1:172.21.15.47:6789/0] -- mon_command({"prefix": "get_command_descriptions"} v 0) v1 -- 0x7f169404bed0 con 0x7f16941028b0
2024-04-25T00:34:25.729 INFO:teuthology.orchestra.run.smithi047.stdout:/usr/bin/ceph: stderr
2024-04-25T00:34:24.917+0000 7f168bfff700 1 -- 172.21.15.47:0/2209601733 <== mon.0 v2:172.21.15.47:3300/0 5 ==== osd_map(2..2 src has 1..2) v4 ==== 936+0+0 (secure 0 0 0) 0x7f168c04a200 con 0x7f16941028b0
2024-04-25T00:34:25.729 INFO:teuthology.orchestra.run.smithi047.stdout:/usr/bin/ceph: stderr
2024-04-25T00:34:24.917+0000 7f1692ffd700 1 --2- 172.21.15.47:0/2209601733 >> [v2:172.21.15.47:6800/225834446,v1:172.21.15.47:6801/225834446] conn(0x7f16800368a0 0x7f1680038d50 unknown :-1 s=BANNER_CONNECTING pgs=0 cs=0 l=1 rev1=0 crypto rx=0 tx=0 comp rx=0 tx=0)._handle_peer_banner_payload supported=3 required=0
2024-04-25T00:34:25.729 INFO:teuthology.orchestra.run.smithi047.stdout:/usr/bin/ceph: stderr
2024-04-25T00:34:24.917+0000 7f1692ffd700 1 --2- 172.21.15.47:0/2209601733 >> [v2:172.21.15.47:6800/225834446,v1:172.21.15.47:6801/225834446] conn(0x7f16800368a0 0x7f1680038d50 secure :-1 s=READY pgs=20 cs=0 l=1 rev1=1 crypto rx=0x7f167c009990 tx=0x7f167c006e40 comp rx=0 tx=0).ready entity=mgr.14120 client_cookie=0 server_cookie=0 in_seq=0 out_seq=0
2024-04-25T00:34:25.729 INFO:teuthology.orchestra.run.smithi047.stdout:/usr/bin/ceph: stderr
2024-04-25T00:34:24.921+0000 7f168bfff700 1 -- 172.21.15.47:0/2209601733 <== mon.0 v2:172.21.15.47:3300/0 6 ==== mon_command_ack([{"prefix": "get_command_descriptions"}]=0 v0) v1 ==== 72+0+176702 (secure 0 0 0) 0x7f168c02d350 con 0x7f16941028b0
2024-04-25T00:34:25.729 INFO:teuthology.orchestra.run.smithi047.stdout:/usr/bin/ceph: stderr
2024-04-25T00:34:25.118+0000 7f1699dfa700 1 -- 172.21.15.47:0/2209601733 --> [v2:172.21.15.47:3300/0,v1:172.21.15.47:6789/0] -- mon_command([{prefix=config set, name=mgr/dashboard/ssl_server_port}] v 0) v1 -- 0x7f16941046a0 con 0x7f16941028b0
2024-04-25T00:34:25.729 INFO:teuthology.orchestra.run.smithi047.stdout:/usr/bin/ceph: stderr
2024-04-25T00:34:25.120+0000 7f168bfff700 1 -- 172.21.15.47:0/2209601733 <== mon.0 v2:172.21.15.47:3300/0 7 ==== mon_command_ack([{prefix=config set, name=mgr/dashboard/ssl_server_port}]=0 v8)=0 v8) v1 ==== 130+0+0 (secure 0 0 0) 0x7f168c017020 con 0x7f16941028b0
2024-04-25T00:34:25.729 INFO:teuthology.orchestra.run.smithi047.stdout:/usr/bin/ceph: stderr
2024-04-25T00:34:25.123+0000 7f1699dfa700 1 -- 172.21.15.47:0/2209601733 >> [v2:172.21.15.47:6800/225834446,v1:172.21.15.47:6801/225834446] conn(0x7f16800368a0 msgr2=0x7f1680038d50 secure :-1 s=STATE_CONNECTION_ESTABLISHED l=1).mark_down
2024-04-25T00:34:25.729 INFO:teuthology.orchestra.run.smithi047.stdout:/usr/bin/ceph: stderr
2024-04-25T00:34:25.123+0000 7f1699dfa700 1 --2- 172.21.15.47:0/2209601733 >> [v2:172.21.15.47:6800/225834446,v1:172.21.15.47:6801/225834446] conn(0x7f16800368a0 0x7f1680038d50 secure :-1 s=READY pgs=20 cs=0 l=1 rev1=1 crypto rx=0x7f167c009990 tx=0x7f167c006e40 comp rx=0 tx=0).stop
2024-04-25T00:34:25.730 INFO:teuthology.orchestra.run.smithi047.stdout:/usr/bin/ceph: stderr
2024-04-25T00:34:25.123+0000 7f1699dfa700 1 -- 172.21.15.47:0/2209601733 >> [v2:172.21.15.47:3300/0,v1:172.21.15.47:6789/0] conn(0x7f16941028b0 msgr2=0x7f1694077b10 secure :-1 s=STATE_CONNECTION_ESTABLISHED l=1).mark_down
2024-04-25T00:34:25.730 INFO:teuthology.orchestra.run.smithi047.stdout:/usr/bin/ceph: stderr
2024-04-25T00:34:25.123+0000 7f1699dfa700 1 --2- 172.21.15.47:0/2209601733 >> [v2:172.21.15.47:3300/0,v1:172.21.15.47:6789/0] conn(0x7f16941028b0 0x7f1694077b10 secure :-1 s=READY pgs=64 cs=0 l=1 rev1=1 crypto rx=0x7f168c009fd0 tx=0x7f168c009840 comp rx=0 tx=0).stop
2024-04-25T00:34:25.730 INFO:teuthology.orchestra.run.smithi047.stdout:/usr/bin/ceph: stderr
2024-04-25T00:34:25.123+0000 7f1699dfa700 1 -- 172.21.15.47:0/2209601733 shutdown_connections
2024-04-25T00:34:25.730 INFO:teuthology.orchestra.run.smithi047.stdout:/usr/bin/ceph: stderr
2024-04-25T00:34:25.123+0000 7f1699dfa700 1 --2- 172.21.15.47:0/2209601733 >> [v2:172.21.15.47:6800/225834446,v1:172.21.15.47:6801/225834446] conn(0x7f16800368a0 0x7f1680038d50 unknown :-1 s=CLOSED pgs=20 cs=0 l=1 rev1=1 crypto rx=0 tx=0 comp rx=0 tx=0).stop
2024-04-25T00:34:25.730 INFO:teuthology.orchestra.run.smithi047.stdout:/usr/bin/ceph: stderr
2024-04-25T00:34:25.123+0000 7f1699dfa700 1 --2- 172.21.15.47:0/2209601733 >> [v2:172.21.15.47:3300/0,v1:172.21.15.47:6789/0] conn(0x7f16941028b0 0x7f1694077b10 unknown :-1 s=CLOSED pgs=64 cs=0 l=1 rev1=1 crypto rx=0 tx=0 comp rx=0 tx=0).stop
2024-04-25T00:34:25.730 INFO:teuthology.orchestra.run.smithi047.stdout:/usr/bin/ceph: stderr
2024-04-25T00:34:25.123+0000 7f1699dfa700 1 -- 172.21.15.47:0/2209601733 >> 172.21.15.47:0/2209601733 conn(0x7f16940fdff0 msgr2=0x7f16940feb20 unknown :-1 s=STATE_NONE l=0).mark_down
2024-04-25T00:34:25.730 INFO:teuthology.orchestra.run.smithi047.stdout:/usr/bin/ceph: stderr
2024-04-25T00:34:25.123+0000 7f1699dfa700 1 -- 172.21.15.47:0/2209601733 shutdown_connections
2024-04-25T00:34:25.730 INFO:teuthology.orchestra.run.smithi047.stdout:/usr/bin/ceph: stderr
2024-04-25T00:34:25.123+0000 7f1699dfa700 1 -- 172.21.15.47:0/2209601733 wait complete.
2024-04-25T00:34:25.730 INFO:teuthology.orchestra.run.smithi047.stdout:Enabling the dashboard module...
2024-04-25T00:34:26.444 INFO:journalctl@ceph.mon.smithi047.smithi047.stdout:Apr 25 00:34:26 smithi047 ceph-mon[26432]: pgmap v4: 0 pgs: ; 0 B data, 0 B used, 0 B / 0 B avail
2024-04-25T00:34:26.445 INFO:journalctl@ceph.mon.smithi047.smithi047.stdout:Apr 25 00:34:26 smithi047 ceph-mon[26432]: from='client.? 172.21.15.47:0/2209601733' entity='client.admin'
2024-04-25T00:34:27.450 INFO:journalctl@ceph.mon.smithi047.smithi047.stdout:Apr 25 00:34:27 smithi047 ceph-mon[26432]: from='client.? 172.21.15.47:0/2777349839' entity='client.admin' cmd=[{"prefix": "mgr module enable", "module": "dashboard"}]: dispatch
2024-04-25T00:34:27.750 INFO:teuthology.orchestra.run.smithi047.stdout:/usr/bin/ceph: stderr
2024-04-25T00:34:26.183+0000 7f2670452700 1 Processor -- start
2024-04-25T00:34:27.750 INFO:teuthology.orchestra.run.smithi047.stdout:/usr/bin/ceph: stderr
2024-04-25T00:34:26.183+0000 7f2670452700 1 -- start start
2024-04-25T00:34:27.750 INFO:teuthology.orchestra.run.smithi047.stdout:/usr/bin/ceph: stderr
2024-04-25T00:34:26.184+0000 7f2670452700 1 --2- >> [v2:172.21.15.47:3300/0,v1:172.21.15.47:6789/0] conn(0x7f2668102880 0x7f2668102c90 unknown :-1 s=NONE pgs=0 cs=0 l=0 rev1=0 crypto rx=0 tx=0 comp rx=0 tx=0).connect
2024-04-25T00:34:27.750 INFO:teuthology.orchestra.run.smithi047.stdout:/usr/bin/ceph: stderr
2024-04-25T00:34:26.184+0000 7f2670452700 1 -- --> [v2:172.21.15.47:3300/0,v1:172.21.15.47:6789/0] -- mon_getmap magic: 0 v1 -- 0x7f26681031d0 con 0x7f2668102880
2024-04-25T00:34:27.751 INFO:teuthology.orchestra.run.smithi047.stdout:/usr/bin/ceph: stderr
2024-04-25T00:34:26.184+0000 7f266e1ee700 1 --2- >> [v2:172.21.15.47:3300/0,v1:172.21.15.47:6789/0] conn(0x7f2668102880 0x7f2668102c90 unknown :-1 s=BANNER_CONNECTING pgs=0 cs=0 l=0 rev1=0 crypto rx=0 tx=0 comp rx=0 tx=0)._handle_peer_banner_payload supported=3 required=0
2024-04-25T00:34:27.751 INFO:teuthology.orchestra.run.smithi047.stdout:/usr/bin/ceph: stderr
2024-04-25T00:34:26.184+0000 7f266e1ee700 1 --2- >> [v2:172.21.15.47:3300/0,v1:172.21.15.47:6789/0] conn(0x7f2668102880 0x7f2668102c90 unknown :-1 s=HELLO_CONNECTING pgs=0 cs=0 l=0 rev1=1 crypto rx=0 tx=0 comp rx=0 tx=0).handle_hello peer v2:172.21.15.47:3300/0 says I am v2:172.21.15.47:51060/0 (socket says 172.21.15.47:51060)
2024-04-25T00:34:27.751 INFO:teuthology.orchestra.run.smithi047.stdout:/usr/bin/ceph: stderr
2024-04-25T00:34:26.184+0000 7f266e1ee700 1 -- 172.21.15.47:0/2983618167 learned_addr learned my addr 172.21.15.47:0/2983618167 (peer_addr_for_me v2:172.21.15.47:0/0)
2024-04-25T00:34:27.751 INFO:teuthology.orchestra.run.smithi047.stdout:/usr/bin/ceph: stderr
2024-04-25T00:34:26.184+0000 7f266e1ee700 1 -- 172.21.15.47:0/2983618167 --> [v2:172.21.15.47:3300/0,v1:172.21.15.47:6789/0] -- mon_subscribe({config=0+,monmap=0+}) v3 -- 0x7f2668103310 con 0x7f2668102880
2024-04-25T00:34:27.751 INFO:teuthology.orchestra.run.smithi047.stdout:/usr/bin/ceph: stderr
2024-04-25T00:34:26.185+0000 7f266e1ee700 1 --2- 172.21.15.47:0/2983618167 >> [v2:172.21.15.47:3300/0,v1:172.21.15.47:6789/0] conn(0x7f2668102880 0x7f2668102c90 secure :-1 s=READY pgs=65 cs=0 l=1 rev1=1 crypto rx=0x7f26640098e0 tx=0x7f2664009250 comp rx=0 tx=0).ready entity=mon.0 client_cookie=75a1ed88dd5d8582 server_cookie=0 in_seq=0 out_seq=0
2024-04-25T00:34:27.751 INFO:teuthology.orchestra.run.smithi047.stdout:/usr/bin/ceph: stderr
2024-04-25T00:34:26.185+0000 7f266d1ec700 1 -- 172.21.15.47:0/2983618167 <== mon.0 v2:172.21.15.47:3300/0 1 ==== mon_map magic: 0 v1 ==== 229+0+0 (secure 0 0 0) 0x7f266400b860 con 0x7f2668102880
2024-04-25T00:34:27.751 INFO:teuthology.orchestra.run.smithi047.stdout:/usr/bin/ceph: stderr
2024-04-25T00:34:26.185+0000 7f266d1ec700 1 -- 172.21.15.47:0/2983618167 <== mon.0 v2:172.21.15.47:3300/0 2 ==== config(27 keys) v1 ==== 1109+0+0 (secure 0 0 0) 0x7f266400be90 con 0x7f2668102880
2024-04-25T00:34:27.751 INFO:teuthology.orchestra.run.smithi047.stdout:/usr/bin/ceph: stderr
2024-04-25T00:34:26.185+0000 7f266d1ec700 1 -- 172.21.15.47:0/2983618167 <== mon.0 v2:172.21.15.47:3300/0 3 ==== mon_map magic: 0 v1 ==== 229+0+0 (secure 0 0 0) 0x7f26640103c0 con 0x7f2668102880
2024-04-25T00:34:27.751 INFO:teuthology.orchestra.run.smithi047.stdout:/usr/bin/ceph: stderr
2024-04-25T00:34:26.185+0000 7f2670452700 1 -- 172.21.15.47:0/2983618167 >> [v2:172.21.15.47:3300/0,v1:172.21.15.47:6789/0] conn(0x7f2668102880 msgr2=0x7f2668102c90 secure :-1 s=STATE_CONNECTION_ESTABLISHED l=1).mark_down
2024-04-25T00:34:27.751 INFO:teuthology.orchestra.run.smithi047.stdout:/usr/bin/ceph: stderr
2024-04-25T00:34:26.185+0000 7f2670452700 1 --2- 172.21.15.47:0/2983618167 >> [v2:172.21.15.47:3300/0,v1:172.21.15.47:6789/0] conn(0x7f2668102880 0x7f2668102c90 secure :-1 s=READY pgs=65 cs=0 l=1 rev1=1 crypto rx=0x7f26640098e0 tx=0x7f2664009250 comp rx=0 tx=0).stop
2024-04-25T00:34:27.751 INFO:teuthology.orchestra.run.smithi047.stdout:/usr/bin/ceph: stderr
2024-04-25T00:34:26.186+0000 7f2670452700 1 -- 172.21.15.47:0/2983618167 shutdown_connections
2024-04-25T00:34:27.751 INFO:teuthology.orchestra.run.smithi047.stdout:/usr/bin/ceph: stderr
2024-04-25T00:34:26.186+0000 7f2670452700 1 --2- 172.21.15.47:0/2983618167 >> [v2:172.21.15.47:3300/0,v1:172.21.15.47:6789/0] conn(0x7f2668102880 0x7f2668102c90 unknown :-1 s=CLOSED pgs=65 cs=0 l=1 rev1=1 crypto rx=0 tx=0 comp rx=0 tx=0).stop
2024-04-25T00:34:27.751 INFO:teuthology.orchestra.run.smithi047.stdout:/usr/bin/ceph: stderr
2024-04-25T00:34:26.186+0000 7f2670452700 1 -- 172.21.15.47:0/2983618167 >> 172.21.15.47:0/2983618167 conn(0x7f26680fe060 msgr2=0x7f2668100470 unknown :-1 s=STATE_NONE l=0).mark_down
2024-04-25T00:34:27.751 INFO:teuthology.orchestra.run.smithi047.stdout:/usr/bin/ceph: stderr
2024-04-25T00:34:26.186+0000 7f2670452700 1 -- 172.21.15.47:0/2983618167 shutdown_connections
2024-04-25T00:34:27.752 INFO:teuthology.orchestra.run.smithi047.stdout:/usr/bin/ceph: stderr
2024-04-25T00:34:26.186+0000 7f2670452700 1 -- 172.21.15.47:0/2983618167 wait complete.
2024-04-25T00:34:27.752 INFO:teuthology.orchestra.run.smithi047.stdout:/usr/bin/ceph: stderr
2024-04-25T00:34:26.186+0000 7f2670452700 1 Processor -- start
2024-04-25T00:34:27.752 INFO:teuthology.orchestra.run.smithi047.stdout:/usr/bin/ceph: stderr
2024-04-25T00:34:26.186+0000 7f2670452700 1 -- start start
2024-04-25T00:34:27.752 INFO:teuthology.orchestra.run.smithi047.stdout:/usr/bin/ceph: stderr
2024-04-25T00:34:26.186+0000 7f2670452700 1 --2- >> [v2:172.21.15.47:3300/0,v1:172.21.15.47:6789/0] conn(0x7f2668102880 0x7f2668111620 unknown :-1 s=NONE pgs=0 cs=0 l=1 rev1=0 crypto rx=0 tx=0 comp rx=0 tx=0).connect
2024-04-25T00:34:27.752 INFO:teuthology.orchestra.run.smithi047.stdout:/usr/bin/ceph: stderr
2024-04-25T00:34:26.186+0000 7f2670452700 1 -- --> [v2:172.21.15.47:3300/0,v1:172.21.15.47:6789/0] -- mon_getmap magic: 0 v1 -- 0x7f2668111b60 con 0x7f2668102880
2024-04-25T00:34:27.752 INFO:teuthology.orchestra.run.smithi047.stdout:/usr/bin/ceph: stderr
2024-04-25T00:34:26.187+0000 7f266e1ee700 1 --2- >> [v2:172.21.15.47:3300/0,v1:172.21.15.47:6789/0] conn(0x7f2668102880 0x7f2668111620 unknown :-1 s=BANNER_CONNECTING pgs=0 cs=0 l=1 rev1=0 crypto rx=0 tx=0 comp rx=0 tx=0)._handle_peer_banner_payload supported=3 required=0
2024-04-25T00:34:27.752 INFO:teuthology.orchestra.run.smithi047.stdout:/usr/bin/ceph: stderr
2024-04-25T00:34:26.187+0000 7f266e1ee700 1 --2- >> [v2:172.21.15.47:3300/0,v1:172.21.15.47:6789/0] conn(0x7f2668102880 0x7f2668111620 unknown :-1 s=HELLO_CONNECTING pgs=0 cs=0 l=1 rev1=1 crypto rx=0 tx=0 comp rx=0 tx=0).handle_hello peer v2:172.21.15.47:3300/0 says I am v2:172.21.15.47:51064/0 (socket says 172.21.15.47:51064)
2024-04-25T00:34:27.752 INFO:teuthology.orchestra.run.smithi047.stdout:/usr/bin/ceph: stderr
2024-04-25T00:34:26.187+0000 7f266e1ee700 1 -- 172.21.15.47:0/2777349839 learned_addr learned my addr 172.21.15.47:0/2777349839 (peer_addr_for_me v2:172.21.15.47:0/0)
2024-04-25T00:34:27.752 INFO:teuthology.orchestra.run.smithi047.stdout:/usr/bin/ceph: stderr
2024-04-25T00:34:26.187+0000 7f266e1ee700 1 -- 172.21.15.47:0/2777349839 --> [v2:172.21.15.47:3300/0,v1:172.21.15.47:6789/0] -- mon_subscribe({config=0+,monmap=0+}) v3 -- 0x7f26640094f0 con 0x7f2668102880
2024-04-25T00:34:27.752 INFO:teuthology.orchestra.run.smithi047.stdout:/usr/bin/ceph: stderr
2024-04-25T00:34:26.187+0000 7f266e1ee700 1 --2- 172.21.15.47:0/2777349839 >> [v2:172.21.15.47:3300/0,v1:172.21.15.47:6789/0] conn(0x7f2668102880 0x7f2668111620 secure :-1 s=READY pgs=66 cs=0 l=1 rev1=1 crypto rx=0x7f26640090b0 tx=0x7f2664009250 comp rx=0 tx=0).ready entity=mon.0 client_cookie=0 server_cookie=0 in_seq=0 out_seq=0
2024-04-25T00:34:27.752 INFO:teuthology.orchestra.run.smithi047.stdout:/usr/bin/ceph: stderr
2024-04-25T00:34:26.187+0000 7f265affd700 1 -- 172.21.15.47:0/2777349839 <== mon.0 v2:172.21.15.47:3300/0 1 ==== mon_map magic: 0 v1 ==== 229+0+0 (secure 0 0 0) 0x7f2664010840 con 0x7f2668102880
2024-04-25T00:34:27.752 INFO:teuthology.orchestra.run.smithi047.stdout:/usr/bin/ceph: stderr
2024-04-25T00:34:26.187+0000 7f265affd700 1 -- 172.21.15.47:0/2777349839 <== mon.0 v2:172.21.15.47:3300/0 2 ==== config(27 keys) v1 ==== 1109+0+0 (secure 0 0 0) 0x7f2664010e70 con 0x7f2668102880
2024-04-25T00:34:27.752 INFO:teuthology.orchestra.run.smithi047.stdout:/usr/bin/ceph: stderr
2024-04-25T00:34:26.187+0000 7f2670452700 1 -- 172.21.15.47:0/2777349839 --> [v2:172.21.15.47:3300/0,v1:172.21.15.47:6789/0] -- mon_subscribe({mgrmap=0+}) v3 -- 0x7f2668111d60 con 0x7f2668102880
2024-04-25T00:34:27.752 INFO:teuthology.orchestra.run.smithi047.stdout:/usr/bin/ceph: stderr
2024-04-25T00:34:26.187+0000 7f265affd700 1 -- 172.21.15.47:0/2777349839 <== mon.0 v2:172.21.15.47:3300/0 3 ==== mon_map magic: 0 v1 ==== 229+0+0 (secure 0 0 0) 0x7f2664024e40 con 0x7f2668102880
2024-04-25T00:34:27.753 INFO:teuthology.orchestra.run.smithi047.stdout:/usr/bin/ceph: stderr
2024-04-25T00:34:26.187+0000 7f2670452700 1 -- 172.21.15.47:0/2777349839 --> [v2:172.21.15.47:3300/0,v1:172.21.15.47:6789/0] -- mon_subscribe({osdmap=0}) v3 -- 0x7f26681128d0 con 0x7f2668102880
2024-04-25T00:34:27.753 INFO:teuthology.orchestra.run.smithi047.stdout:/usr/bin/ceph: stderr
2024-04-25T00:34:26.188+0000 7f265affd700 1 -- 172.21.15.47:0/2777349839 <== mon.0 v2:172.21.15.47:3300/0 4 ==== mgrmap(e 8) v1 ==== 43376+0+0 (secure 0 0 0) 0x7f266401a4c0 con 0x7f2668102880
2024-04-25T00:34:27.753 INFO:teuthology.orchestra.run.smithi047.stdout:/usr/bin/ceph: stderr
2024-04-25T00:34:26.188+0000 7f265affd700 1 --2- 172.21.15.47:0/2777349839 >> [v2:172.21.15.47:6800/225834446,v1:172.21.15.47:6801/225834446] conn(0x7f2654036850 0x7f2654038d00 unknown :-1 s=NONE pgs=0 cs=0 l=1 rev1=0 crypto rx=0 tx=0 comp rx=0 tx=0).connect
2024-04-25T00:34:27.753 INFO:teuthology.orchestra.run.smithi047.stdout:/usr/bin/ceph: stderr
2024-04-25T00:34:26.188+0000 7f265affd700 1 -- 172.21.15.47:0/2777349839 <== mon.0 v2:172.21.15.47:3300/0 5 ==== osd_map(2..2 src has 1..2) v4 ==== 936+0+0 (secure 0 0 0) 0x7f266404a870 con 0x7f2668102880
2024-04-25T00:34:27.753 INFO:teuthology.orchestra.run.smithi047.stdout:/usr/bin/ceph: stderr
2024-04-25T00:34:26.188+0000 7f2670452700 1 -- 172.21.15.47:0/2777349839 --> [v2:172.21.15.47:3300/0,v1:172.21.15.47:6789/0] -- mon_command({"prefix": "get_command_descriptions"} v 0) v1 -- 0x7f266805f5c0 con 0x7f2668102880
2024-04-25T00:34:27.753 INFO:teuthology.orchestra.run.smithi047.stdout:/usr/bin/ceph: stderr
2024-04-25T00:34:26.188+0000 7f266d9ed700 1 --2- 172.21.15.47:0/2777349839 >> [v2:172.21.15.47:6800/225834446,v1:172.21.15.47:6801/225834446] conn(0x7f2654036850 0x7f2654038d00 unknown :-1 s=BANNER_CONNECTING pgs=0 cs=0 l=1 rev1=0 crypto rx=0 tx=0 comp rx=0 tx=0)._handle_peer_banner_payload supported=3 required=0
2024-04-25T00:34:27.753 INFO:teuthology.orchestra.run.smithi047.stdout:/usr/bin/ceph: stderr
2024-04-25T00:34:26.189+0000 7f266d9ed700 1 --2- 172.21.15.47:0/2777349839 >> [v2:172.21.15.47:6800/225834446,v1:172.21.15.47:6801/225834446] conn(0x7f2654036850 0x7f2654038d00 secure :-1 s=READY pgs=21 cs=0 l=1 rev1=1 crypto rx=0x7f265c009990 tx=0x7f265c006e40 comp rx=0 tx=0).ready entity=mgr.14120 client_cookie=0 server_cookie=0 in_seq=0 out_seq=0
2024-04-25T00:34:27.753 INFO:teuthology.orchestra.run.smithi047.stdout:/usr/bin/ceph: stderr
2024-04-25T00:34:26.193+0000 7f265affd700 1 -- 172.21.15.47:0/2777349839 <== mon.0 v2:172.21.15.47:3300/0 6 ==== mon_command_ack([{"prefix": "get_command_descriptions"}]=0 v0) v1 ==== 72+0+176702 (secure 0 0 0) 0x7f2664018940 con 0x7f2668102880
2024-04-25T00:34:27.753 INFO:teuthology.orchestra.run.smithi047.stdout:/usr/bin/ceph: stderr
2024-04-25T00:34:26.444+0000 7f2670452700 1 -- 172.21.15.47:0/2777349839 --> [v2:172.21.15.47:3300/0,v1:172.21.15.47:6789/0] -- mon_command({"prefix": "mgr module enable", "module": "dashboard"} v 0) v1 -- 0x7f2668112b40 con 0x7f2668102880
2024-04-25T00:34:27.753 INFO:teuthology.orchestra.run.smithi047.stdout:/usr/bin/ceph: stderr
2024-04-25T00:34:27.125+0000 7f265affd700 1 -- 172.21.15.47:0/2777349839 <== mon.0 v2:172.21.15.47:3300/0 7 ==== mgrmap(e 9) v1 ==== 43389+0+0 (secure 0 0 0) 0x7f2664024430 con 0x7f2668102880
2024-04-25T00:34:27.753 INFO:teuthology.orchestra.run.smithi047.stdout:/usr/bin/ceph: stderr
2024-04-25T00:34:27.126+0000 7f265affd700 1 -- 172.21.15.47:0/2777349839 <== mon.0 v2:172.21.15.47:3300/0 8 ==== mon_command_ack([{"prefix": "mgr module enable", "module": "dashboard"}]=0 v9) v1 ==== 88+0+0 (secure 0 0 0) 0x7f2664044a30 con 0x7f2668102880
2024-04-25T00:34:27.753 INFO:teuthology.orchestra.run.smithi047.stdout:/usr/bin/ceph: stderr
2024-04-25T00:34:27.129+0000 7f2670452700 1 -- 172.21.15.47:0/2777349839 >> [v2:172.21.15.47:6800/225834446,v1:172.21.15.47:6801/225834446] conn(0x7f2654036850 msgr2=0x7f2654038d00 secure :-1 s=STATE_CONNECTION_ESTABLISHED l=1).mark_down
2024-04-25T00:34:27.753 INFO:teuthology.orchestra.run.smithi047.stdout:/usr/bin/ceph: stderr
2024-04-25T00:34:27.129+0000 7f2670452700 1 --2- 172.21.15.47:0/2777349839 >> [v2:172.21.15.47:6800/225834446,v1:172.21.15.47:6801/225834446] conn(0x7f2654036850 0x7f2654038d00 secure :-1 s=READY pgs=21 cs=0 l=1 rev1=1 crypto rx=0x7f265c009990 tx=0x7f265c006e40 comp rx=0 tx=0).stop
2024-04-25T00:34:27.753 INFO:teuthology.orchestra.run.smithi047.stdout:/usr/bin/ceph: stderr
2024-04-25T00:34:27.129+0000 7f2670452700 1 -- 172.21.15.47:0/2777349839 >> [v2:172.21.15.47:3300/0,v1:172.21.15.47:6789/0] conn(0x7f2668102880 msgr2=0x7f2668111620 secure :-1 s=STATE_CONNECTION_ESTABLISHED l=1).mark_down
2024-04-25T00:34:27.753 INFO:teuthology.orchestra.run.smithi047.stdout:/usr/bin/ceph: stderr
2024-04-25T00:34:27.129+0000 7f2670452700 1 --2- 172.21.15.47:0/2777349839 >> [v2:172.21.15.47:3300/0,v1:172.21.15.47:6789/0] conn(0x7f2668102880 0x7f2668111620 secure :-1 s=READY pgs=66 cs=0 l=1 rev1=1 crypto rx=0x7f26640090b0 tx=0x7f2664009250 comp rx=0 tx=0).stop
2024-04-25T00:34:27.754 INFO:teuthology.orchestra.run.smithi047.stdout:/usr/bin/ceph: stderr
2024-04-25T00:34:27.129+0000 7f2670452700 1 -- 172.21.15.47:0/2777349839 shutdown_connections
2024-04-25T00:34:27.754 INFO:teuthology.orchestra.run.smithi047.stdout:/usr/bin/ceph: stderr
2024-04-25T00:34:27.129+0000 7f2670452700 1 --2- 172.21.15.47:0/2777349839 >> [v2:172.21.15.47:6800/225834446,v1:172.21.15.47:6801/225834446] conn(0x7f2654036850 0x7f2654038d00 unknown :-1 s=CLOSED pgs=21 cs=0 l=1 rev1=1 crypto rx=0 tx=0 comp rx=0 tx=0).stop
2024-04-25T00:34:27.754 INFO:teuthology.orchestra.run.smithi047.stdout:/usr/bin/ceph: stderr
2024-04-25T00:34:27.129+0000 7f2670452700 1 --2- 172.21.15.47:0/2777349839 >> [v2:172.21.15.47:3300/0,v1:172.21.15.47:6789/0] conn(0x7f2668102880 0x7f2668111620 unknown :-1 s=CLOSED pgs=66 cs=0 l=1 rev1=1 crypto rx=0 tx=0 comp rx=0 tx=0).stop
2024-04-25T00:34:27.754 INFO:teuthology.orchestra.run.smithi047.stdout:/usr/bin/ceph: stderr
2024-04-25T00:34:27.129+0000 7f2670452700 1 -- 172.21.15.47:0/2777349839 >> 172.21.15.47:0/2777349839 conn(0x7f26680fe060 msgr2=0x7f26680feb40 unknown :-1 s=STATE_NONE l=0).mark_down
2024-04-25T00:34:27.754 INFO:teuthology.orchestra.run.smithi047.stdout:/usr/bin/ceph: stderr
2024-04-25T00:34:27.129+0000 7f2670452700 1 -- 172.21.15.47:0/2777349839 shutdown_connections
2024-04-25T00:34:27.754 INFO:teuthology.orchestra.run.smithi047.stdout:/usr/bin/ceph: stderr
2024-04-25T00:34:27.129+0000 7f2670452700 1 -- 172.21.15.47:0/2777349839 wait complete.
2024-04-25T00:34:28.428 INFO:journalctl@ceph.mon.smithi047.smithi047.stdout:Apr 25 00:34:28 smithi047 ceph-mon[26432]: from='client.? 172.21.15.47:0/2777349839' entity='client.admin' cmd='[{"prefix": "mgr module enable", "module": "dashboard"}]': finished
2024-04-25T00:34:28.428 INFO:journalctl@ceph.mon.smithi047.smithi047.stdout:Apr 25 00:34:28 smithi047 ceph-mon[26432]: mgrmap e9: smithi047.xbgehu(active, since 24s)
2024-04-25T00:34:29.108 INFO:teuthology.orchestra.run.smithi047.stdout:/usr/bin/ceph: stdout {
2024-04-25T00:34:29.108 INFO:teuthology.orchestra.run.smithi047.stdout:/usr/bin/ceph: stdout "epoch": 9,
2024-04-25T00:34:29.108 INFO:teuthology.orchestra.run.smithi047.stdout:/usr/bin/ceph: stdout "available": true,
2024-04-25T00:34:29.108 INFO:teuthology.orchestra.run.smithi047.stdout:/usr/bin/ceph: stdout "active_name": "smithi047.xbgehu",
2024-04-25T00:34:29.108 INFO:teuthology.orchestra.run.smithi047.stdout:/usr/bin/ceph: stdout "num_standby": 0
2024-04-25T00:34:29.108 INFO:teuthology.orchestra.run.smithi047.stdout:/usr/bin/ceph: stdout }
2024-04-25T00:34:29.109 INFO:teuthology.orchestra.run.smithi047.stdout:/usr/bin/ceph: stderr
2024-04-25T00:34:28.221+0000 7fe02425c700 1 Processor -- start
2024-04-25T00:34:29.109 INFO:teuthology.orchestra.run.smithi047.stdout:/usr/bin/ceph: stderr
2024-04-25T00:34:28.221+0000 7fe02425c700 1 -- start start
2024-04-25T00:34:29.109 INFO:teuthology.orchestra.run.smithi047.stdout:/usr/bin/ceph: stderr
2024-04-25T00:34:28.221+0000 7fe02425c700 1 --2- >> [v2:172.21.15.47:3300/0,v1:172.21.15.47:6789/0] conn(0x7fe01c1028c0 0x7fe01c102cd0 unknown :-1 s=NONE pgs=0 cs=0 l=0 rev1=0 crypto rx=0 tx=0 comp rx=0 tx=0).connect
2024-04-25T00:34:29.109 INFO:teuthology.orchestra.run.smithi047.stdout:/usr/bin/ceph: stderr
2024-04-25T00:34:28.221+0000 7fe02425c700 1 -- --> [v2:172.21.15.47:3300/0,v1:172.21.15.47:6789/0] -- mon_getmap magic: 0 v1 -- 0x7fe01c103210 con 0x7fe01c1028c0
2024-04-25T00:34:29.109 INFO:teuthology.orchestra.run.smithi047.stdout:/usr/bin/ceph: stderr
2024-04-25T00:34:28.222+0000 7fe021ff8700 1 --2- >> [v2:172.21.15.47:3300/0,v1:172.21.15.47:6789/0] conn(0x7fe01c1028c0 0x7fe01c102cd0 unknown :-1 s=BANNER_CONNECTING pgs=0 cs=0 l=0 rev1=0 crypto rx=0 tx=0 comp rx=0 tx=0)._handle_peer_banner_payload supported=3 required=0
2024-04-25T00:34:29.109 INFO:teuthology.orchestra.run.smithi047.stdout:/usr/bin/ceph: stderr
2024-04-25T00:34:28.222+0000 7fe021ff8700 1 --2- >> [v2:172.21.15.47:3300/0,v1:172.21.15.47:6789/0] conn(0x7fe01c1028c0 0x7fe01c102cd0 unknown :-1 s=HELLO_CONNECTING pgs=0 cs=0 l=0 rev1=1 crypto rx=0 tx=0 comp rx=0 tx=0).handle_hello peer v2:172.21.15.47:3300/0 says I am v2:172.21.15.47:51092/0 (socket says 172.21.15.47:51092)
2024-04-25T00:34:29.109 INFO:teuthology.orchestra.run.smithi047.stdout:/usr/bin/ceph: stderr
2024-04-25T00:34:28.222+0000 7fe021ff8700 1 -- 172.21.15.47:0/590472256 learned_addr learned my addr 172.21.15.47:0/590472256 (peer_addr_for_me v2:172.21.15.47:0/0)
2024-04-25T00:34:29.109 INFO:teuthology.orchestra.run.smithi047.stdout:/usr/bin/ceph: stderr
2024-04-25T00:34:28.222+0000 7fe021ff8700 1 -- 172.21.15.47:0/590472256 --> [v2:172.21.15.47:3300/0,v1:172.21.15.47:6789/0] -- mon_subscribe({config=0+,monmap=0+}) v3 -- 0x7fe01c103350 con 0x7fe01c1028c0
2024-04-25T00:34:29.109 INFO:teuthology.orchestra.run.smithi047.stdout:/usr/bin/ceph: stderr
2024-04-25T00:34:28.222+0000 7fe021ff8700 1 --2- 172.21.15.47:0/590472256 >> [v2:172.21.15.47:3300/0,v1:172.21.15.47:6789/0] conn(0x7fe01c1028c0 0x7fe01c102cd0 secure :-1 s=READY pgs=69 cs=0 l=1 rev1=1 crypto rx=0x7fe00c0098e0 tx=0x7fe00c009250 comp rx=0 tx=0).ready entity=mon.0 client_cookie=416f0ce0bdb1e41c server_cookie=0 in_seq=0 out_seq=0
2024-04-25T00:34:29.109 INFO:teuthology.orchestra.run.smithi047.stdout:/usr/bin/ceph: stderr
2024-04-25T00:34:28.222+0000 7fe020ff6700 1 -- 172.21.15.47:0/590472256 <== mon.0 v2:172.21.15.47:3300/0 1 ==== mon_map magic: 0 v1 ==== 229+0+0 (secure 0 0 0) 0x7fe00c00b860 con 0x7fe01c1028c0
2024-04-25T00:34:29.109 INFO:teuthology.orchestra.run.smithi047.stdout:/usr/bin/ceph: stderr
2024-04-25T00:34:28.222+0000 7fe020ff6700 1 -- 172.21.15.47:0/590472256 <== mon.0 v2:172.21.15.47:3300/0 2 ==== config(27 keys) v1 ==== 1109+0+0 (secure 0 0 0) 0x7fe00c00be90 con 0x7fe01c1028c0
2024-04-25T00:34:29.109 INFO:teuthology.orchestra.run.smithi047.stdout:/usr/bin/ceph: stderr
2024-04-25T00:34:28.222+0000 7fe020ff6700 1 -- 172.21.15.47:0/590472256 <== mon.0 v2:172.21.15.47:3300/0 3 ==== mon_map magic: 0 v1 ==== 229+0+0 (secure 0 0 0) 0x7fe00c0103c0 con 0x7fe01c1028c0
2024-04-25T00:34:29.109 INFO:teuthology.orchestra.run.smithi047.stdout:/usr/bin/ceph: stderr
2024-04-25T00:34:28.223+0000 7fe02425c700 1 -- 172.21.15.47:0/590472256 >> [v2:172.21.15.47:3300/0,v1:172.21.15.47:6789/0] conn(0x7fe01c1028c0 msgr2=0x7fe01c102cd0 secure :-1 s=STATE_CONNECTION_ESTABLISHED l=1).mark_down
2024-04-25T00:34:29.110 INFO:teuthology.orchestra.run.smithi047.stdout:/usr/bin/ceph: stderr
2024-04-25T00:34:28.223+0000 7fe02425c700 1 --2- 172.21.15.47:0/590472256 >> [v2:172.21.15.47:3300/0,v1:172.21.15.47:6789/0] conn(0x7fe01c1028c0 0x7fe01c102cd0 secure :-1 s=READY pgs=69 cs=0 l=1 rev1=1 crypto rx=0x7fe00c0098e0 tx=0x7fe00c009250 comp rx=0 tx=0).stop
2024-04-25T00:34:29.110 INFO:teuthology.orchestra.run.smithi047.stdout:/usr/bin/ceph: stderr
2024-04-25T00:34:28.223+0000 7fe02425c700 1 -- 172.21.15.47:0/590472256 shutdown_connections
2024-04-25T00:34:29.110 INFO:teuthology.orchestra.run.smithi047.stdout:/usr/bin/ceph: stderr
2024-04-25T00:34:28.223+0000 7fe02425c700 1 --2- 172.21.15.47:0/590472256 >> [v2:172.21.15.47:3300/0,v1:172.21.15.47:6789/0] conn(0x7fe01c1028c0 0x7fe01c102cd0 unknown :-1 s=CLOSED pgs=69 cs=0 l=1 rev1=1 crypto rx=0 tx=0 comp rx=0 tx=0).stop
2024-04-25T00:34:29.110 INFO:teuthology.orchestra.run.smithi047.stdout:/usr/bin/ceph: stderr
2024-04-25T00:34:28.223+0000 7fe02425c700 1 -- 172.21.15.47:0/590472256 >> 172.21.15.47:0/590472256 conn(0x7fe01c0fe060 msgr2=0x7fe01c100470 unknown :-1 s=STATE_NONE l=0).mark_down
2024-04-25T00:34:29.110 INFO:teuthology.orchestra.run.smithi047.stdout:/usr/bin/ceph: stderr
2024-04-25T00:34:28.223+0000 7fe02425c700 1 -- 172.21.15.47:0/590472256 shutdown_connections
2024-04-25T00:34:29.110 INFO:teuthology.orchestra.run.smithi047.stdout:/usr/bin/ceph: stderr
2024-04-25T00:34:28.223+0000 7fe02425c700 1 -- 172.21.15.47:0/590472256 wait complete.
2024-04-25T00:34:29.110 INFO:teuthology.orchestra.run.smithi047.stdout:/usr/bin/ceph: stderr
2024-04-25T00:34:28.224+0000 7fe02425c700 1 Processor -- start
2024-04-25T00:34:29.110 INFO:teuthology.orchestra.run.smithi047.stdout:/usr/bin/ceph: stderr
2024-04-25T00:34:28.224+0000 7fe02425c700 1 -- start start
2024-04-25T00:34:29.110 INFO:teuthology.orchestra.run.smithi047.stdout:/usr/bin/ceph: stderr
2024-04-25T00:34:28.224+0000 7fe02425c700 1 --2- >> [v2:172.21.15.47:3300/0,v1:172.21.15.47:6789/0] conn(0x7fe01c1028c0 0x7fe01c111690 unknown :-1 s=NONE pgs=0 cs=0 l=1 rev1=0 crypto rx=0 tx=0 comp rx=0 tx=0).connect
2024-04-25T00:34:29.110 INFO:teuthology.orchestra.run.smithi047.stdout:/usr/bin/ceph: stderr
2024-04-25T00:34:28.224+0000 7fe02425c700 1 -- --> [v2:172.21.15.47:3300/0,v1:172.21.15.47:6789/0] -- mon_getmap magic: 0 v1 -- 0x7fe01c111bd0 con 0x7fe01c1028c0
2024-04-25T00:34:29.110 INFO:teuthology.orchestra.run.smithi047.stdout:/usr/bin/ceph: stderr
2024-04-25T00:34:28.224+0000 7fe021ff8700 1 --2- >> [v2:172.21.15.47:3300/0,v1:172.21.15.47:6789/0] conn(0x7fe01c1028c0 0x7fe01c111690 unknown :-1 s=BANNER_CONNECTING pgs=0 cs=0 l=1 rev1=0 crypto rx=0 tx=0 comp rx=0 tx=0)._handle_peer_banner_payload supported=3 required=0
2024-04-25T00:34:29.110 INFO:teuthology.orchestra.run.smithi047.stdout:/usr/bin/ceph: stderr
2024-04-25T00:34:28.224+0000 7fe021ff8700 1 --2- >> [v2:172.21.15.47:3300/0,v1:172.21.15.47:6789/0] conn(0x7fe01c1028c0 0x7fe01c111690 unknown :-1 s=HELLO_CONNECTING pgs=0 cs=0 l=1 rev1=1 crypto rx=0 tx=0 comp rx=0 tx=0).handle_hello peer v2:172.21.15.47:3300/0 says I am v2:172.21.15.47:51106/0 (socket says 172.21.15.47:51106)
2024-04-25T00:34:29.110 INFO:teuthology.orchestra.run.smithi047.stdout:/usr/bin/ceph: stderr
2024-04-25T00:34:28.224+0000 7fe021ff8700 1 -- 172.21.15.47:0/3290195533 learned_addr learned my addr 172.21.15.47:0/3290195533 (peer_addr_for_me v2:172.21.15.47:0/0)
2024-04-25T00:34:29.111 INFO:teuthology.orchestra.run.smithi047.stdout:/usr/bin/ceph: stderr
2024-04-25T00:34:28.224+0000 7fe021ff8700 1 -- 172.21.15.47:0/3290195533 --> [v2:172.21.15.47:3300/0,v1:172.21.15.47:6789/0] -- mon_subscribe({config=0+,monmap=0+}) v3 -- 0x7fe00c0094f0 con 0x7fe01c1028c0
2024-04-25T00:34:29.111 INFO:teuthology.orchestra.run.smithi047.stdout:/usr/bin/ceph: stderr
2024-04-25T00:34:28.224+0000 7fe021ff8700 1 --2- 172.21.15.47:0/3290195533 >> [v2:172.21.15.47:3300/0,v1:172.21.15.47:6789/0] conn(0x7fe01c1028c0 0x7fe01c111690 secure :-1 s=READY pgs=70 cs=0 l=1 rev1=1 crypto rx=0x7fe00c006b00 tx=0x7fe00c009250 comp rx=0 tx=0).ready entity=mon.0 client_cookie=0 server_cookie=0 in_seq=0 out_seq=0
2024-04-25T00:34:29.111 INFO:teuthology.orchestra.run.smithi047.stdout:/usr/bin/ceph: stderr
2024-04-25T00:34:28.225+0000 7fe0127fc700 1 -- 172.21.15.47:0/3290195533 <== mon.0 v2:172.21.15.47:3300/0 1 ==== mon_map magic: 0 v1 ==== 229+0+0 (secure 0 0 0) 0x7fe00c010630 con 0x7fe01c1028c0
2024-04-25T00:34:29.111 INFO:teuthology.orchestra.run.smithi047.stdout:/usr/bin/ceph: stderr
2024-04-25T00:34:28.225+0000 7fe0127fc700 1 -- 172.21.15.47:0/3290195533 <== mon.0 v2:172.21.15.47:3300/0 2 ==== config(27 keys) v1 ==== 1109+0+0 (secure 0 0 0) 0x7fe00c010c60 con 0x7fe01c1028c0
2024-04-25T00:34:29.111 INFO:teuthology.orchestra.run.smithi047.stdout:/usr/bin/ceph: stderr
2024-04-25T00:34:28.225+0000 7fe02425c700 1 -- 172.21.15.47:0/3290195533 --> [v2:172.21.15.47:3300/0,v1:172.21.15.47:6789/0] -- mon_subscribe({mgrmap=0+}) v3 -- 0x7fe01c111dd0 con 0x7fe01c1028c0
2024-04-25T00:34:29.111 INFO:teuthology.orchestra.run.smithi047.stdout:/usr/bin/ceph: stderr
2024-04-25T00:34:28.225+0000 7fe0127fc700 1 -- 172.21.15.47:0/3290195533 <== mon.0 v2:172.21.15.47:3300/0 3 ==== mon_map magic: 0 v1 ==== 229+0+0 (secure 0 0 0) 0x7fe00c01aca0 con 0x7fe01c1028c0
2024-04-25T00:34:29.111 INFO:teuthology.orchestra.run.smithi047.stdout:/usr/bin/ceph: stderr
2024-04-25T00:34:28.225+0000 7fe02425c700 1 -- 172.21.15.47:0/3290195533 --> [v2:172.21.15.47:3300/0,v1:172.21.15.47:6789/0] -- mon_subscribe({osdmap=0}) v3 -- 0x7fe01c112940 con 0x7fe01c1028c0
2024-04-25T00:34:29.111 INFO:teuthology.orchestra.run.smithi047.stdout:/usr/bin/ceph: stderr
2024-04-25T00:34:28.226+0000 7fe0127fc700 1 -- 172.21.15.47:0/3290195533 <== mon.0 v2:172.21.15.47:3300/0 4 ==== mgrmap(e 9) v1 ==== 43389+0+0 (secure 0 0 0) 0x7fe00c0193c0 con 0x7fe01c1028c0
2024-04-25T00:34:29.111 INFO:teuthology.orchestra.run.smithi047.stdout:/usr/bin/ceph: stderr
2024-04-25T00:34:28.226+0000 7fe02425c700 1 -- 172.21.15.47:0/3290195533 --> [v2:172.21.15.47:3300/0,v1:172.21.15.47:6789/0] -- mon_command({"prefix": "get_command_descriptions"} v 0) v1 -- 0x7fe01c05f5c0 con 0x7fe01c1028c0
2024-04-25T00:34:29.111 INFO:teuthology.orchestra.run.smithi047.stdout:/usr/bin/ceph: stderr
2024-04-25T00:34:28.226+0000 7fe0127fc700 1 --2- 172.21.15.47:0/3290195533 >> [v2:172.21.15.47:6800/225834446,v1:172.21.15.47:6801/225834446] conn(0x7fe0080368f0 0x7fe008038da0 unknown :-1 s=NONE pgs=0 cs=0 l=1 rev1=0 crypto rx=0 tx=0 comp rx=0 tx=0).connect
2024-04-25T00:34:29.111 INFO:teuthology.orchestra.run.smithi047.stdout:/usr/bin/ceph: stderr
2024-04-25T00:34:28.226+0000 7fe0127fc700 1 -- 172.21.15.47:0/3290195533 <== mon.0 v2:172.21.15.47:3300/0 5 ==== osd_map(2..2 src has 1..2) v4 ==== 936+0+0 (secure 0 0 0) 0x7fe00c049da0 con 0x7fe01c1028c0
2024-04-25T00:34:29.111 INFO:teuthology.orchestra.run.smithi047.stdout:/usr/bin/ceph: stderr
2024-04-25T00:34:28.226+0000 7fe0217f7700 1 -- 172.21.15.47:0/3290195533 >> [v2:172.21.15.47:6800/225834446,v1:172.21.15.47:6801/225834446] conn(0x7fe0080368f0 msgr2=0x7fe008038da0 unknown :-1 s=STATE_CONNECTING_RE l=1).process reconnect failed to v2:172.21.15.47:6800/225834446
2024-04-25T00:34:29.111 INFO:teuthology.orchestra.run.smithi047.stdout:/usr/bin/ceph: stderr
2024-04-25T00:34:28.226+0000 7fe0217f7700 1 --2- 172.21.15.47:0/3290195533 >> [v2:172.21.15.47:6800/225834446,v1:172.21.15.47:6801/225834446] conn(0x7fe0080368f0 0x7fe008038da0 unknown :-1 s=START_CONNECT pgs=0 cs=0 l=1 rev1=0 crypto rx=0 tx=0 comp rx=0 tx=0)._fault waiting 0.200000
2024-04-25T00:34:29.111 INFO:teuthology.orchestra.run.smithi047.stdout:/usr/bin/ceph: stderr
2024-04-25T00:34:28.234+0000 7fe0127fc700 1 -- 172.21.15.47:0/3290195533 <== mon.0 v2:172.21.15.47:3300/0 6 ==== mon_command_ack([{"prefix": "get_command_descriptions"}]=0 v0) v1 ==== 72+0+176702 (secure 0 0 0) 0x7fe00c02bcd0 con 0x7fe01c1028c0
2024-04-25T00:34:29.112 INFO:teuthology.orchestra.run.smithi047.stdout:/usr/bin/ceph: stderr
2024-04-25T00:34:28.427+0000 7fe0217f7700 1 -- 172.21.15.47:0/3290195533 >> [v2:172.21.15.47:6800/225834446,v1:172.21.15.47:6801/225834446] conn(0x7fe0080368f0 msgr2=0x7fe008038da0 unknown :-1 s=STATE_CONNECTING_RE l=1).process reconnect failed to v2:172.21.15.47:6800/225834446
2024-04-25T00:34:29.112 INFO:teuthology.orchestra.run.smithi047.stdout:/usr/bin/ceph: stderr
2024-04-25T00:34:28.427+0000 7fe0217f7700 1 --2- 172.21.15.47:0/3290195533 >> [v2:172.21.15.47:6800/225834446,v1:172.21.15.47:6801/225834446] conn(0x7fe0080368f0 0x7fe008038da0 unknown :-1 s=START_CONNECT pgs=0 cs=0 l=1 rev1=0 crypto rx=0 tx=0 comp rx=0 tx=0)._fault waiting 0.400000
2024-04-25T00:34:29.112 INFO:teuthology.orchestra.run.smithi047.stdout:/usr/bin/ceph: stderr
2024-04-25T00:34:28.528+0000 7fe02425c700 1 -- 172.21.15.47:0/3290195533 --> [v2:172.21.15.47:3300/0,v1:172.21.15.47:6789/0] -- mon_command({"prefix": "mgr stat"} v 0) v1 -- 0x7fe01c112c60 con 0x7fe01c1028c0
2024-04-25T00:34:29.112 INFO:teuthology.orchestra.run.smithi047.stdout:/usr/bin/ceph: stderr
2024-04-25T00:34:28.528+0000 7fe0127fc700 1 -- 172.21.15.47:0/3290195533 <== mon.0 v2:172.21.15.47:3300/0 7 ==== mon_command_ack([{"prefix": "mgr stat"}]=0 v9) v1 ==== 56+0+103 (secure 0 0 0) 0x7fe00c02baf0 con 0x7fe01c1028c0
2024-04-25T00:34:29.112 INFO:teuthology.orchestra.run.smithi047.stdout:/usr/bin/ceph: stderr
2024-04-25T00:34:28.530+0000 7fe02425c700 1 -- 172.21.15.47:0/3290195533 >> [v2:172.21.15.47:6800/225834446,v1:172.21.15.47:6801/225834446] conn(0x7fe0080368f0 msgr2=0x7fe008038da0 unknown :-1 s=STATE_CONNECTING l=1).mark_down
2024-04-25T00:34:29.112 INFO:teuthology.orchestra.run.smithi047.stdout:/usr/bin/ceph: stderr
2024-04-25T00:34:28.530+0000 7fe02425c700 1 --2- 172.21.15.47:0/3290195533 >> [v2:172.21.15.47:6800/225834446,v1:172.21.15.47:6801/225834446] conn(0x7fe0080368f0 0x7fe008038da0 unknown :-1 s=START_CONNECT pgs=0 cs=0 l=1 rev1=0 crypto rx=0 tx=0 comp rx=0 tx=0).stop
2024-04-25T00:34:29.112 INFO:teuthology.orchestra.run.smithi047.stdout:/usr/bin/ceph: stderr
2024-04-25T00:34:28.530+0000 7fe02425c700 1 -- 172.21.15.47:0/3290195533 >> [v2:172.21.15.47:3300/0,v1:172.21.15.47:6789/0] conn(0x7fe01c1028c0 msgr2=0x7fe01c111690 secure :-1 s=STATE_CONNECTION_ESTABLISHED l=1).mark_down
2024-04-25T00:34:29.112 INFO:teuthology.orchestra.run.smithi047.stdout:/usr/bin/ceph: stderr
2024-04-25T00:34:28.530+0000 7fe02425c700 1 --2- 172.21.15.47:0/3290195533 >> [v2:172.21.15.47:3300/0,v1:172.21.15.47:6789/0] conn(0x7fe01c1028c0 0x7fe01c111690 secure :-1 s=READY pgs=70 cs=0 l=1 rev1=1 crypto rx=0x7fe00c006b00 tx=0x7fe00c009250 comp rx=0 tx=0).stop
2024-04-25T00:34:29.112 INFO:teuthology.orchestra.run.smithi047.stdout:/usr/bin/ceph: stderr
2024-04-25T00:34:28.530+0000 7fe02425c700 1 -- 172.21.15.47:0/3290195533 shutdown_connections
2024-04-25T00:34:29.112 INFO:teuthology.orchestra.run.smithi047.stdout:/usr/bin/ceph: stderr
2024-04-25T00:34:28.530+0000 7fe02425c700 1 --2- 172.21.15.47:0/3290195533 >> [v2:172.21.15.47:6800/225834446,v1:172.21.15.47:6801/225834446] conn(0x7fe0080368f0 0x7fe008038da0 unknown :-1 s=CLOSED pgs=0 cs=0 l=1 rev1=0 crypto rx=0 tx=0 comp rx=0 tx=0).stop
2024-04-25T00:34:29.112 INFO:teuthology.orchestra.run.smithi047.stdout:/usr/bin/ceph: stderr
2024-04-25T00:34:28.530+0000 7fe02425c700 1 --2- 172.21.15.47:0/3290195533 >> [v2:172.21.15.47:3300/0,v1:172.21.15.47:6789/0] conn(0x7fe01c1028c0 0x7fe01c111690 unknown :-1 s=CLOSED pgs=70 cs=0 l=1 rev1=1 crypto rx=0 tx=0 comp rx=0 tx=0).stop
2024-04-25T00:34:29.112 INFO:teuthology.orchestra.run.smithi047.stdout:/usr/bin/ceph: stderr
2024-04-25T00:34:28.530+0000 7fe02425c700 1 -- 172.21.15.47:0/3290195533 >> 172.21.15.47:0/3290195533 conn(0x7fe01c0fe060 msgr2=0x7fe01c0fec00 unknown :-1 s=STATE_NONE l=0).mark_down
2024-04-25T00:34:29.112 INFO:teuthology.orchestra.run.smithi047.stdout:/usr/bin/ceph: stderr
