2024-04-25T00:50:53.934+0000 7f7e3df3d700 1 -- 172.21.15.45:0/1604507746 learned_addr learned my addr 172.21.15.45:0/1604507746 (peer_addr_for_me v2:172.21.15.45:0/0)
2024-04-25T00:50:58.927 INFO:teuthology.orchestra.run.smithi045.stdout:/usr/bin/ceph: stderr
2024-04-25T00:50:53.935+0000 7f7e3df3d700 1 -- 172.21.15.45:0/1604507746 --> [v2:172.21.15.45:3300/0,v1:172.21.15.45:6789/0] -- mon_subscribe({config=0+,monmap=0+}) -- 0x7f7e3819e140 con 0x7f7e3807ddd0
2024-04-25T00:50:58.927 INFO:teuthology.orchestra.run.smithi045.stdout:/usr/bin/ceph: stderr
2024-04-25T00:50:53.935+0000 7f7e3df3d700 1 --2- 172.21.15.45:0/1604507746 >> [v2:172.21.15.45:3300/0,v1:172.21.15.45:6789/0] conn(0x7f7e3807ddd0 0x7f7e3819dc00 secure :-1 s=READY pgs=46 cs=0 l=1 rev1=1 crypto rx=0x7f7e34011a50 tx=0x7f7e34004290 comp rx=0 tx=0).ready entity=mon.0 client_cookie=0 server_cookie=0 in_seq=0 out_seq=0
2024-04-25T00:50:58.927 INFO:teuthology.orchestra.run.smithi045.stdout:/usr/bin/ceph: stderr
2024-04-25T00:50:53.935+0000 7f7e2effd700 1 -- 172.21.15.45:0/1604507746 <== mon.0 v2:172.21.15.45:3300/0 1 ==== mon_map magic: 0 ==== 205+0+0 (secure 0 0 0) 0x7f7e340039f0 con 0x7f7e3807ddd0
2024-04-25T00:50:58.927 INFO:teuthology.orchestra.run.smithi045.stdout:/usr/bin/ceph: stderr
2024-04-25T00:50:53.935+0000 7f7e2effd700 1 -- 172.21.15.45:0/1604507746 <== mon.0 v2:172.21.15.45:3300/0 2 ==== config(26 keys) ==== 1071+0+0 (secure 0 0 0) 0x7f7e34003b90 con 0x7f7e3807ddd0
2024-04-25T00:50:58.927 INFO:teuthology.orchestra.run.smithi045.stdout:/usr/bin/ceph: stderr
2024-04-25T00:50:53.935+0000 7f7e401a1700 1 -- 172.21.15.45:0/1604507746 --> [v2:172.21.15.45:3300/0,v1:172.21.15.45:6789/0] -- mon_subscribe({mgrmap=0+}) -- 0x7f7e3819e3d0 con 0x7f7e3807ddd0
2024-04-25T00:50:58.927 INFO:teuthology.orchestra.run.smithi045.stdout:/usr/bin/ceph: stderr
2024-04-25T00:50:53.935+0000 7f7e401a1700 1 -- 172.21.15.45:0/1604507746 --> [v2:172.21.15.45:3300/0,v1:172.21.15.45:6789/0] -- mon_subscribe({osdmap=0}) -- 0x7f7e381a10c0 con 0x7f7e3807ddd0
2024-04-25T00:50:58.927 INFO:teuthology.orchestra.run.smithi045.stdout:/usr/bin/ceph: stderr
2024-04-25T00:50:53.935+0000 7f7e2effd700 1 -- 172.21.15.45:0/1604507746 <== mon.0 v2:172.21.15.45:3300/0 3 ==== mon_map magic: 0 ==== 205+0+0 (secure 0 0 0) 0x7f7e3401a600 con 0x7f7e3807ddd0
2024-04-25T00:50:58.927 INFO:teuthology.orchestra.run.smithi045.stdout:/usr/bin/ceph: stderr
2024-04-25T00:50:53.936+0000 7f7e2effd700 1 -- 172.21.15.45:0/1604507746 <== mon.0 v2:172.21.15.45:3300/0 4 ==== mgrmap(e 8) ==== 46287+0+0 (secure 0 0 0) 0x7f7e3401a980 con 0x7f7e3807ddd0
2024-04-25T00:50:58.928 INFO:teuthology.orchestra.run.smithi045.stdout:/usr/bin/ceph: stderr
2024-04-25T00:50:53.936+0000 7f7e401a1700 1 -- 172.21.15.45:0/1604507746 --> [v2:172.21.15.45:3300/0,v1:172.21.15.45:6789/0] -- mon_command({"prefix": "get_command_descriptions"} v 0) -- 0x7f7e1c005360 con 0x7f7e3807ddd0
2024-04-25T00:50:58.928 INFO:teuthology.orchestra.run.smithi045.stdout:/usr/bin/ceph: stderr
2024-04-25T00:50:53.936+0000 7f7e2effd700 1 --2- 172.21.15.45:0/1604507746 >> [v2:172.21.15.45:6800/2632796073,v1:172.21.15.45:6801/2632796073] conn(0x7f7e24039050 0x7f7e2403b510 unknown :-1 s=NONE pgs=0 cs=0 l=1 rev1=0 crypto rx=0 tx=0 comp rx=0 tx=0).connect
2024-04-25T00:50:58.928 INFO:teuthology.orchestra.run.smithi045.stdout:/usr/bin/ceph: stderr
2024-04-25T00:50:53.936+0000 7f7e2effd700 1 -- 172.21.15.45:0/1604507746 <== mon.0 v2:172.21.15.45:3300/0 5 ==== osd_map(2..2 src has 1..2) ==== 940+0+0 (secure 0 0 0) 0x7f7e3404d4b0 con 0x7f7e3807ddd0
2024-04-25T00:50:58.928 INFO:teuthology.orchestra.run.smithi045.stdout:/usr/bin/ceph: stderr
2024-04-25T00:50:53.936+0000 7f7e3d73c700 1 --2- 172.21.15.45:0/1604507746 >> [v2:172.21.15.45:6800/2632796073,v1:172.21.15.45:6801/2632796073] conn(0x7f7e24039050 0x7f7e2403b510 unknown :-1 s=BANNER_CONNECTING pgs=0 cs=0 l=1 rev1=0 crypto rx=0 tx=0 comp rx=0 tx=0)._handle_peer_banner_payload supported=3 required=0
2024-04-25T00:50:58.928 INFO:teuthology.orchestra.run.smithi045.stdout:/usr/bin/ceph: stderr
2024-04-25T00:50:53.937+0000 7f7e3d73c700 1 --2- 172.21.15.45:0/1604507746 >> [v2:172.21.15.45:6800/2632796073,v1:172.21.15.45:6801/2632796073] conn(0x7f7e24039050 0x7f7e2403b510 secure :-1 s=READY pgs=11 cs=0 l=1 rev1=1 crypto rx=0x7f7e28006fd0 tx=0x7f7e28006e40 comp rx=0 tx=0).ready entity=mgr.14120 client_cookie=0 server_cookie=0 in_seq=0 out_seq=0
2024-04-25T00:50:58.928 INFO:teuthology.orchestra.run.smithi045.stdout:/usr/bin/ceph: stderr
2024-04-25T00:50:53.941+0000 7f7e2effd700 1 -- 172.21.15.45:0/1604507746 <== mon.0 v2:172.21.15.45:3300/0 6 ==== mon_command_ack([{"prefix": "get_command_descriptions"}]=0 v0) ==== 72+0+186147 (secure 0 0 0) 0x7f7e34019c70 con 0x7f7e3807ddd0
2024-04-25T00:50:58.928 INFO:teuthology.orchestra.run.smithi045.stdout:/usr/bin/ceph: stderr
2024-04-25T00:50:54.150+0000 7f7e401a1700 1 -- 172.21.15.45:0/1604507746 --> [v2:172.21.15.45:6800/2632796073,v1:172.21.15.45:6801/2632796073] -- mgr_command(tid 0: {"prefix": "orch host add", "hostname": "smithi045", "addr": "172.21.15.45", "target": ["mon-mgr", ""]}) -- 0x7f7e1c000bf0 con 0x7f7e24039050
2024-04-25T00:50:58.928 INFO:teuthology.orchestra.run.smithi045.stdout:/usr/bin/ceph: stderr
2024-04-25T00:50:58.358+0000 7f7e2effd700 1 -- 172.21.15.45:0/1604507746 <== mgr.14120 v2:172.21.15.45:6800/2632796073 1 ==== mgr_command_reply(tid 0: 0 ) ==== 8+0+48 (secure 0 0 0) 0x7f7e1c000bf0 con 0x7f7e24039050
2024-04-25T00:50:58.928 INFO:teuthology.orchestra.run.smithi045.stdout:/usr/bin/ceph: stderr
2024-04-25T00:50:58.360+0000 7f7e401a1700 1 -- 172.21.15.45:0/1604507746 >> [v2:172.21.15.45:6800/2632796073,v1:172.21.15.45:6801/2632796073] conn(0x7f7e24039050 msgr2=0x7f7e2403b510 secure :-1 s=STATE_CONNECTION_ESTABLISHED l=1).mark_down
2024-04-25T00:50:58.928 INFO:teuthology.orchestra.run.smithi045.stdout:/usr/bin/ceph: stderr
2024-04-25T00:50:58.360+0000 7f7e401a1700 1 --2- 172.21.15.45:0/1604507746 >> [v2:172.21.15.45:6800/2632796073,v1:172.21.15.45:6801/2632796073] conn(0x7f7e24039050 0x7f7e2403b510 secure :-1 s=READY pgs=11 cs=0 l=1 rev1=1 crypto rx=0x7f7e28006fd0 tx=0x7f7e28006e40 comp rx=0 tx=0).stop
2024-04-25T00:50:58.928 INFO:teuthology.orchestra.run.smithi045.stdout:/usr/bin/ceph: stderr
2024-04-25T00:50:58.361+0000 7f7e401a1700 1 -- 172.21.15.45:0/1604507746 >> [v2:172.21.15.45:3300/0,v1:172.21.15.45:6789/0] conn(0x7f7e3807ddd0 msgr2=0x7f7e3819dc00 secure :-1 s=STATE_CONNECTION_ESTABLISHED l=1).mark_down
2024-04-25T00:50:58.928 INFO:teuthology.orchestra.run.smithi045.stdout:/usr/bin/ceph: stderr
2024-04-25T00:50:58.361+0000 7f7e401a1700 1 --2- 172.21.15.45:0/1604507746 >> [v2:172.21.15.45:3300/0,v1:172.21.15.45:6789/0] conn(0x7f7e3807ddd0 0x7f7e3819dc00 secure :-1 s=READY pgs=46 cs=0 l=1 rev1=1 crypto rx=0x7f7e34011a50 tx=0x7f7e34004290 comp rx=0 tx=0).stop
2024-04-25T00:50:58.928 INFO:teuthology.orchestra.run.smithi045.stdout:/usr/bin/ceph: stderr
2024-04-25T00:50:58.361+0000 7f7e401a1700 1 -- 172.21.15.45:0/1604507746 shutdown_connections
2024-04-25T00:50:58.929 INFO:teuthology.orchestra.run.smithi045.stdout:/usr/bin/ceph: stderr
2024-04-25T00:50:58.361+0000 7f7e401a1700 1 --2- 172.21.15.45:0/1604507746 >> [v2:172.21.15.45:6800/2632796073,v1:172.21.15.45:6801/2632796073] conn(0x7f7e24039050 0x7f7e2403b510 unknown :-1 s=CLOSED pgs=11 cs=0 l=1 rev1=1 crypto rx=0 tx=0 comp rx=0 tx=0).stop
2024-04-25T00:50:58.929 INFO:teuthology.orchestra.run.smithi045.stdout:/usr/bin/ceph: stderr
2024-04-25T00:50:58.361+0000 7f7e401a1700 1 --2- 172.21.15.45:0/1604507746 >> [v2:172.21.15.45:3300/0,v1:172.21.15.45:6789/0] conn(0x7f7e3807ddd0 0x7f7e3819dc00 unknown :-1 s=CLOSED pgs=46 cs=0 l=1 rev1=1 crypto rx=0 tx=0 comp rx=0 tx=0).stop
2024-04-25T00:50:58.929 INFO:teuthology.orchestra.run.smithi045.stdout:/usr/bin/ceph: stderr
2024-04-25T00:50:58.361+0000 7f7e401a1700 1 -- 172.21.15.45:0/1604507746 >> 172.21.15.45:0/1604507746 conn(0x7f7e38103090 msgr2=0x7f7e38103c20 unknown :-1 s=STATE_NONE l=0).mark_down
2024-04-25T00:50:58.929 INFO:teuthology.orchestra.run.smithi045.stdout:/usr/bin/ceph: stderr
2024-04-25T00:50:58.361+0000 7f7e401a1700 1 -- 172.21.15.45:0/1604507746 shutdown_connections
2024-04-25T00:50:58.929 INFO:teuthology.orchestra.run.smithi045.stdout:/usr/bin/ceph: stderr
2024-04-25T00:50:58.361+0000 7f7e401a1700 1 -- 172.21.15.45:0/1604507746 wait complete.
2024-04-25T00:50:58.929 INFO:teuthology.orchestra.run.smithi045.stdout:Deploying unmanaged mon service...
2024-04-25T00:50:59.616 INFO:journalctl@ceph.mon.a.smithi045.stdout:Apr 25 00:50:59 smithi045 ceph-mon[29674]: from='mgr.14120 172.21.15.45:0/685340972' entity='mgr.x'
2024-04-25T00:50:59.617 INFO:journalctl@ceph.mon.a.smithi045.stdout:Apr 25 00:50:59 smithi045 ceph-mon[29674]: Added host smithi045
2024-04-25T00:50:59.617 INFO:journalctl@ceph.mon.a.smithi045.stdout:Apr 25 00:50:59 smithi045 ceph-mon[29674]: from='mgr.14120 172.21.15.45:0/685340972' entity='mgr.x' cmd=[{"prefix": "config dump", "format": "json"}]: dispatch
2024-04-25T00:51:00.791 INFO:journalctl@ceph.mon.a.smithi045.stdout:Apr 25 00:51:00 smithi045 ceph-mon[29674]: from='client.14142 -' entity='client.admin' cmd=[{"prefix": "orch apply", "service_type": "mon", "unmanaged": true, "target": ["mon-mgr", ""]}]: dispatch
2024-04-25T00:51:00.791 INFO:journalctl@ceph.mon.a.smithi045.stdout:Apr 25 00:51:00 smithi045 ceph-mon[29674]: Saving service mon spec with placement count:5
2024-04-25T00:51:00.791 INFO:journalctl@ceph.mon.a.smithi045.stdout:Apr 25 00:51:00 smithi045 ceph-mon[29674]: from='mgr.14120 172.21.15.45:0/685340972' entity='mgr.x'
2024-04-25T00:51:00.791 INFO:journalctl@ceph.mon.a.smithi045.stdout:Apr 25 00:51:00 smithi045 ceph-mon[29674]: from='mgr.14120 172.21.15.45:0/685340972' entity='mgr.x'
2024-04-25T00:51:01.008 INFO:teuthology.orchestra.run.smithi045.stdout:/usr/bin/ceph: stdout Scheduled mon update...
2024-04-25T00:51:01.008 INFO:teuthology.orchestra.run.smithi045.stdout:/usr/bin/ceph: stderr
2024-04-25T00:50:59.366+0000 7faf99ee2700 1 Processor -- start
2024-04-25T00:51:01.009 INFO:teuthology.orchestra.run.smithi045.stdout:/usr/bin/ceph: stderr
2024-04-25T00:50:59.366+0000 7faf99ee2700 1 -- start start
2024-04-25T00:51:01.009 INFO:teuthology.orchestra.run.smithi045.stdout:/usr/bin/ceph: stderr
2024-04-25T00:50:59.366+0000 7faf99ee2700 1 --2- >> [v2:172.21.15.45:3300/0,v1:172.21.15.45:6789/0] conn(0x7faf9407ddb0 0x7faf9407c260 unknown :-1 s=NONE pgs=0 cs=0 l=0 rev1=0 crypto rx=0 tx=0 comp rx=0 tx=0).connect
2024-04-25T00:51:01.009 INFO:teuthology.orchestra.run.smithi045.stdout:/usr/bin/ceph: stderr
2024-04-25T00:50:59.366+0000 7faf99ee2700 1 -- --> [v2:172.21.15.45:3300/0,v1:172.21.15.45:6789/0] -- mon_getmap magic: 0 -- 0x7faf9407c7a0 con 0x7faf9407ddb0
2024-04-25T00:51:01.009 INFO:teuthology.orchestra.run.smithi045.stdout:/usr/bin/ceph: stderr
2024-04-25T00:50:59.367+0000 7faf937fe700 1 --2- >> [v2:172.21.15.45:3300/0,v1:172.21.15.45:6789/0] conn(0x7faf9407ddb0 0x7faf9407c260 unknown :-1 s=BANNER_CONNECTING pgs=0 cs=0 l=0 rev1=0 crypto rx=0 tx=0 comp rx=0 tx=0)._handle_peer_banner_payload supported=3 required=0
2024-04-25T00:51:01.009 INFO:teuthology.orchestra.run.smithi045.stdout:/usr/bin/ceph: stderr
2024-04-25T00:50:59.367+0000 7faf937fe700 1 --2- >> [v2:172.21.15.45:3300/0,v1:172.21.15.45:6789/0] conn(0x7faf9407ddb0 0x7faf9407c260 unknown :-1 s=HELLO_CONNECTING pgs=0 cs=0 l=0 rev1=1 crypto rx=0 tx=0 comp rx=0 tx=0).handle_hello peer v2:172.21.15.45:3300/0 says I am v2:172.21.15.45:54666/0 (socket says 172.21.15.45:54666)
2024-04-25T00:51:01.009 INFO:teuthology.orchestra.run.smithi045.stdout:/usr/bin/ceph: stderr
2024-04-25T00:50:59.367+0000 7faf937fe700 1 -- 172.21.15.45:0/2871718472 learned_addr learned my addr 172.21.15.45:0/2871718472 (peer_addr_for_me v2:172.21.15.45:0/0)
2024-04-25T00:51:01.009 INFO:teuthology.orchestra.run.smithi045.stdout:/usr/bin/ceph: stderr
2024-04-25T00:50:59.367+0000 7faf937fe700 1 -- 172.21.15.45:0/2871718472 --> [v2:172.21.15.45:3300/0,v1:172.21.15.45:6789/0] -- mon_subscribe({config=0+,monmap=0+}) -- 0x7faf9407c920 con 0x7faf9407ddb0
2024-04-25T00:51:01.009 INFO:teuthology.orchestra.run.smithi045.stdout:/usr/bin/ceph: stderr
2024-04-25T00:50:59.367+0000 7faf937fe700 1 --2- 172.21.15.45:0/2871718472 >> [v2:172.21.15.45:3300/0,v1:172.21.15.45:6789/0] conn(0x7faf9407ddb0 0x7faf9407c260 secure :-1 s=READY pgs=47 cs=0 l=1 rev1=1 crypto rx=0x7faf84009e80 tx=0x7faf8400b330 comp rx=0 tx=0).ready entity=mon.0 client_cookie=4f81a02fd0723607 server_cookie=0 in_seq=0 out_seq=0
2024-04-25T00:51:01.009 INFO:teuthology.orchestra.run.smithi045.stdout:/usr/bin/ceph: stderr
2024-04-25T00:50:59.367+0000 7faf927fc700 1 -- 172.21.15.45:0/2871718472 <== mon.0 v2:172.21.15.45:3300/0 1 ==== mon_map magic: 0 ==== 205+0+0 (secure 0 0 0) 0x7faf84017070 con 0x7faf9407ddb0
2024-04-25T00:51:01.009 INFO:teuthology.orchestra.run.smithi045.stdout:/usr/bin/ceph: stderr
2024-04-25T00:50:59.367+0000 7faf927fc700 1 -- 172.21.15.45:0/2871718472 <== mon.0 v2:172.21.15.45:3300/0 2 ==== config(26 keys) ==== 1071+0+0 (secure 0 0 0) 0x7faf8400b8c0 con 0x7faf9407ddb0
2024-04-25T00:51:01.009 INFO:teuthology.orchestra.run.smithi045.stdout:/usr/bin/ceph: stderr
2024-04-25T00:50:59.367+0000 7faf927fc700 1 -- 172.21.15.45:0/2871718472 <== mon.0 v2:172.21.15.45:3300/0 3 ==== mon_map magic: 0 ==== 205+0+0 (secure 0 0 0) 0x7faf84004520 con 0x7faf9407ddb0
2024-04-25T00:51:01.009 INFO:teuthology.orchestra.run.smithi045.stdout:/usr/bin/ceph: stderr
2024-04-25T00:50:59.368+0000 7faf99ee2700 1 -- 172.21.15.45:0/2871718472 >> [v2:172.21.15.45:3300/0,v1:172.21.15.45:6789/0] conn(0x7faf9407ddb0 msgr2=0x7faf9407c260 secure :-1 s=STATE_CONNECTION_ESTABLISHED l=1).mark_down
2024-04-25T00:51:01.009 INFO:teuthology.orchestra.run.smithi045.stdout:/usr/bin/ceph: stderr
2024-04-25T00:50:59.368+0000 7faf99ee2700 1 --2- 172.21.15.45:0/2871718472 >> [v2:172.21.15.45:3300/0,v1:172.21.15.45:6789/0] conn(0x7faf9407ddb0 0x7faf9407c260 secure :-1 s=READY pgs=47 cs=0 l=1 rev1=1 crypto rx=0x7faf84009e80 tx=0x7faf8400b330 comp rx=0 tx=0).stop
2024-04-25T00:51:01.009 INFO:teuthology.orchestra.run.smithi045.stdout:/usr/bin/ceph: stderr
2024-04-25T00:50:59.368+0000 7faf99ee2700 1 -- 172.21.15.45:0/2871718472 shutdown_connections
2024-04-25T00:51:01.009 INFO:teuthology.orchestra.run.smithi045.stdout:/usr/bin/ceph: stderr
2024-04-25T00:50:59.368+0000 7faf99ee2700 1 --2- 172.21.15.45:0/2871718472 >> [v2:172.21.15.45:3300/0,v1:172.21.15.45:6789/0] conn(0x7faf9407ddb0 0x7faf9407c260 unknown :-1 s=CLOSED pgs=47 cs=0 l=1 rev1=1 crypto rx=0 tx=0 comp rx=0 tx=0).stop
2024-04-25T00:51:01.010 INFO:teuthology.orchestra.run.smithi045.stdout:/usr/bin/ceph: stderr
2024-04-25T00:50:59.368+0000 7faf99ee2700 1 -- 172.21.15.45:0/2871718472 >> 172.21.15.45:0/2871718472 conn(0x7faf94103090 msgr2=0x7faf941054b0 unknown :-1 s=STATE_NONE l=0).mark_down
2024-04-25T00:51:01.010 INFO:teuthology.orchestra.run.smithi045.stdout:/usr/bin/ceph: stderr
2024-04-25T00:50:59.368+0000 7faf99ee2700 1 -- 172.21.15.45:0/2871718472 shutdown_connections
2024-04-25T00:51:01.010 INFO:teuthology.orchestra.run.smithi045.stdout:/usr/bin/ceph: stderr
2024-04-25T00:50:59.368+0000 7faf99ee2700 1 -- 172.21.15.45:0/2871718472 wait complete.
2024-04-25T00:51:01.010 INFO:teuthology.orchestra.run.smithi045.stdout:/usr/bin/ceph: stderr
2024-04-25T00:50:59.368+0000 7faf99ee2700 1 Processor -- start
2024-04-25T00:51:01.010 INFO:teuthology.orchestra.run.smithi045.stdout:/usr/bin/ceph: stderr
2024-04-25T00:50:59.369+0000 7faf99ee2700 1 -- start start
2024-04-25T00:51:01.010 INFO:teuthology.orchestra.run.smithi045.stdout:/usr/bin/ceph: stderr
2024-04-25T00:50:59.369+0000 7faf99ee2700 1 --2- >> [v2:172.21.15.45:3300/0,v1:172.21.15.45:6789/0] conn(0x7faf9407ddb0 0x7faf9419dba0 unknown :-1 s=NONE pgs=0 cs=0 l=1 rev1=0 crypto rx=0 tx=0 comp rx=0 tx=0).connect
2024-04-25T00:51:01.010 INFO:teuthology.orchestra.run.smithi045.stdout:/usr/bin/ceph: stderr
2024-04-25T00:50:59.369+0000 7faf99ee2700 1 -- --> [v2:172.21.15.45:3300/0,v1:172.21.15.45:6789/0] -- mon_getmap magic: 0 -- 0x7faf9410e040 con 0x7faf9407ddb0
2024-04-25T00:51:01.010 INFO:teuthology.orchestra.run.smithi045.stdout:/usr/bin/ceph: stderr
2024-04-25T00:50:59.369+0000 7faf937fe700 1 --2- >> [v2:172.21.15.45:3300/0,v1:172.21.15.45:6789/0] conn(0x7faf9407ddb0 0x7faf9419dba0 unknown :-1 s=BANNER_CONNECTING pgs=0 cs=0 l=1 rev1=0 crypto rx=0 tx=0 comp rx=0 tx=0)._handle_peer_banner_payload supported=3 required=0
2024-04-25T00:51:01.010 INFO:teuthology.orchestra.run.smithi045.stdout:/usr/bin/ceph: stderr
2024-04-25T00:50:59.369+0000 7faf937fe700 1 --2- >> [v2:172.21.15.45:3300/0,v1:172.21.15.45:6789/0] conn(0x7faf9407ddb0 0x7faf9419dba0 unknown :-1 s=HELLO_CONNECTING pgs=0 cs=0 l=1 rev1=1 crypto rx=0 tx=0 comp rx=0 tx=0).handle_hello peer v2:172.21.15.45:3300/0 says I am v2:172.21.15.45:54674/0 (socket says 172.21.15.45:54674)
2024-04-25T00:51:01.010 INFO:teuthology.orchestra.run.smithi045.stdout:/usr/bin/ceph: stderr
2024-04-25T00:50:59.369+0000 7faf937fe700 1 -- 172.21.15.45:0/1622115893 learned_addr learned my addr 172.21.15.45:0/1622115893 (peer_addr_for_me v2:172.21.15.45:0/0)
2024-04-25T00:51:01.010 INFO:teuthology.orchestra.run.smithi045.stdout:/usr/bin/ceph: stderr
2024-04-25T00:50:59.369+0000 7faf937fe700 1 -- 172.21.15.45:0/1622115893 --> [v2:172.21.15.45:3300/0,v1:172.21.15.45:6789/0] -- mon_subscribe({config=0+,monmap=0+}) -- 0x7faf9419e0e0 con 0x7faf9407ddb0
2024-04-25T00:51:01.010 INFO:teuthology.orchestra.run.smithi045.stdout:/usr/bin/ceph: stderr
2024-04-25T00:50:59.369+0000 7faf937fe700 1 --2- 172.21.15.45:0/1622115893 >> [v2:172.21.15.45:3300/0,v1:172.21.15.45:6789/0] conn(0x7faf9407ddb0 0x7faf9419dba0 secure :-1 s=READY pgs=48 cs=0 l=1 rev1=1 crypto rx=0x7faf840042b0 tx=0x7faf84004670 comp rx=0 tx=0).ready entity=mon.0 client_cookie=0 server_cookie=0 in_seq=0 out_seq=0
2024-04-25T00:51:01.011 INFO:teuthology.orchestra.run.smithi045.stdout:/usr/bin/ceph: stderr
2024-04-25T00:50:59.370+0000 7faf90ff9700 1 -- 172.21.15.45:0/1622115893 <== mon.0 v2:172.21.15.45:3300/0 1 ==== mon_map magic: 0 ==== 205+0+0 (secure 0 0 0) 0x7faf84020020 con 0x7faf9407ddb0
2024-04-25T00:51:01.011 INFO:teuthology.orchestra.run.smithi045.stdout:/usr/bin/ceph: stderr
2024-04-25T00:50:59.370+0000 7faf90ff9700 1 -- 172.21.15.45:0/1622115893 <== mon.0 v2:172.21.15.45:3300/0 2 ==== config(26 keys) ==== 1071+0+0 (secure 0 0 0) 0x7faf8400bba0 con 0x7faf9407ddb0
2024-04-25T00:51:01.011 INFO:teuthology.orchestra.run.smithi045.stdout:/usr/bin/ceph: stderr
2024-04-25T00:50:59.370+0000 7faf99ee2700 1 -- 172.21.15.45:0/1622115893 --> [v2:172.21.15.45:3300/0,v1:172.21.15.45:6789/0] -- mon_subscribe({mgrmap=0+}) -- 0x7faf9419e370 con 0x7faf9407ddb0
2024-04-25T00:51:01.011 INFO:teuthology.orchestra.run.smithi045.stdout:/usr/bin/ceph: stderr
2024-04-25T00:50:59.370+0000 7faf90ff9700 1 -- 172.21.15.45:0/1622115893 <== mon.0 v2:172.21.15.45:3300/0 3 ==== mon_map magic: 0 ==== 205+0+0 (secure 0 0 0) 0x7faf84017040 con 0x7faf9407ddb0
2024-04-25T00:51:01.011 INFO:teuthology.orchestra.run.smithi045.stdout:/usr/bin/ceph: stderr
2024-04-25T00:50:59.370+0000 7faf99ee2700 1 -- 172.21.15.45:0/1622115893 --> [v2:172.21.15.45:3300/0,v1:172.21.15.45:6789/0] -- mon_subscribe({osdmap=0}) -- 0x7faf941a1060 con 0x7faf9407ddb0
2024-04-25T00:51:01.011 INFO:teuthology.orchestra.run.smithi045.stdout:/usr/bin/ceph: stderr
2024-04-25T00:50:59.370+0000 7faf90ff9700 1 -- 172.21.15.45:0/1622115893 <== mon.0 v2:172.21.15.45:3300/0 4 ==== mgrmap(e 8) ==== 46287+0+0 (secure 0 0 0) 0x7faf84023020 con 0x7faf9407ddb0
2024-04-25T00:51:01.011 INFO:teuthology.orchestra.run.smithi045.stdout:/usr/bin/ceph: stderr
2024-04-25T00:50:59.371+0000 7faf90ff9700 1 --2- 172.21.15.45:0/1622115893 >> [v2:172.21.15.45:6800/2632796073,v1:172.21.15.45:6801/2632796073] conn(0x7faf80039050 0x7faf8003b510 unknown :-1 s=NONE pgs=0 cs=0 l=1 rev1=0 crypto rx=0 tx=0 comp rx=0 tx=0).connect
2024-04-25T00:51:01.011 INFO:teuthology.orchestra.run.smithi045.stdout:/usr/bin/ceph: stderr
2024-04-25T00:50:59.371+0000 7faf90ff9700 1 -- 172.21.15.45:0/1622115893 <== mon.0 v2:172.21.15.45:3300/0 5 ==== osd_map(2..2 src has 1..2) ==== 940+0+0 (secure 0 0 0) 0x7faf8400f050 con 0x7faf9407ddb0
2024-04-25T00:51:01.011 INFO:teuthology.orchestra.run.smithi045.stdout:/usr/bin/ceph: stderr
2024-04-25T00:50:59.371+0000 7faf99ee2700 1 -- 172.21.15.45:0/1622115893 --> [v2:172.21.15.45:3300/0,v1:172.21.15.45:6789/0] -- mon_command({"prefix": "get_command_descriptions"} v 0) -- 0x7faf94063890 con 0x7faf9407ddb0
2024-04-25T00:51:01.011 INFO:teuthology.orchestra.run.smithi045.stdout:/usr/bin/ceph: stderr
2024-04-25T00:50:59.371+0000 7faf92ffd700 1 --2- 172.21.15.45:0/1622115893 >> [v2:172.21.15.45:6800/2632796073,v1:172.21.15.45:6801/2632796073] conn(0x7faf80039050 0x7faf8003b510 unknown :-1 s=BANNER_CONNECTING pgs=0 cs=0 l=1 rev1=0 crypto rx=0 tx=0 comp rx=0 tx=0)._handle_peer_banner_payload supported=3 required=0
2024-04-25T00:51:01.011 INFO:teuthology.orchestra.run.smithi045.stdout:/usr/bin/ceph: stderr
2024-04-25T00:50:59.371+0000 7faf92ffd700 1 --2- 172.21.15.45:0/1622115893 >> [v2:172.21.15.45:6800/2632796073,v1:172.21.15.45:6801/2632796073] conn(0x7faf80039050 0x7faf8003b510 secure :-1 s=READY pgs=12 cs=0 l=1 rev1=1 crypto rx=0x7faf7c006fd0 tx=0x7faf7c006e40 comp rx=0 tx=0).ready entity=mgr.14120 client_cookie=0 server_cookie=0 in_seq=0 out_seq=0
2024-04-25T00:51:01.011 INFO:teuthology.orchestra.run.smithi045.stdout:/usr/bin/ceph: stderr
2024-04-25T00:50:59.376+0000 7faf90ff9700 1 -- 172.21.15.45:0/1622115893 <== mon.0 v2:172.21.15.45:3300/0 6 ==== mon_command_ack([{"prefix": "get_command_descriptions"}]=0 v0) ==== 72+0+186147 (secure 0 0 0) 0x7faf8402a020 con 0x7faf9407ddb0
2024-04-25T00:51:01.011 INFO:teuthology.orchestra.run.smithi045.stdout:/usr/bin/ceph: stderr
2024-04-25T00:50:59.598+0000 7faf99ee2700 1 -- 172.21.15.45:0/1622115893 --> [v2:172.21.15.45:6800/2632796073,v1:172.21.15.45:6801/2632796073] -- mgr_command(tid 0: {"prefix": "orch apply", "service_type": "mon", "unmanaged": true, "target": ["mon-mgr", ""]}) -- 0x7faf941042f0 con 0x7faf80039050
2024-04-25T00:51:01.011 INFO:teuthology.orchestra.run.smithi045.stdout:/usr/bin/ceph: stderr
2024-04-25T00:50:59.603+0000 7faf90ff9700 1 -- 172.21.15.45:0/1622115893 <== mgr.14120 v2:172.21.15.45:6800/2632796073 1 ==== mgr_command_reply(tid 0: 0 ) ==== 8+0+24 (secure 0 0 0) 0x7faf941042f0 con 0x7faf80039050
2024-04-25T00:51:01.012 INFO:teuthology.orchestra.run.smithi045.stdout:/usr/bin/ceph: stderr
2024-04-25T00:50:59.605+0000 7faf99ee2700 1 -- 172.21.15.45:0/1622115893 >> [v2:172.21.15.45:6800/2632796073,v1:172.21.15.45:6801/2632796073] conn(0x7faf80039050 msgr2=0x7faf8003b510 secure :-1 s=STATE_CONNECTION_ESTABLISHED l=1).mark_down
2024-04-25T00:51:01.012 INFO:teuthology.orchestra.run.smithi045.stdout:/usr/bin/ceph: stderr
2024-04-25T00:50:59.605+0000 7faf99ee2700 1 --2- 172.21.15.45:0/1622115893 >> [v2:172.21.15.45:6800/2632796073,v1:172.21.15.45:6801/2632796073] conn(0x7faf80039050 0x7faf8003b510 secure :-1 s=READY pgs=12 cs=0 l=1 rev1=1 crypto rx=0x7faf7c006fd0 tx=0x7faf7c006e40 comp rx=0 tx=0).stop
2024-04-25T00:51:01.012 INFO:teuthology.orchestra.run.smithi045.stdout:/usr/bin/ceph: stderr
2024-04-25T00:50:59.605+0000 7faf99ee2700 1 -- 172.21.15.45:0/1622115893 >> [v2:172.21.15.45:3300/0,v1:172.21.15.45:6789/0] conn(0x7faf9407ddb0 msgr2=0x7faf9419dba0 secure :-1 s=STATE_CONNECTION_ESTABLISHED l=1).mark_down
2024-04-25T00:51:01.012 INFO:teuthology.orchestra.run.smithi045.stdout:/usr/bin/ceph: stderr
2024-04-25T00:50:59.605+0000 7faf99ee2700 1 --2- 172.21.15.45:0/1622115893 >> [v2:172.21.15.45:3300/0,v1:172.21.15.45:6789/0] conn(0x7faf9407ddb0 0x7faf9419dba0 secure :-1 s=READY pgs=48 cs=0 l=1 rev1=1 crypto rx=0x7faf840042b0 tx=0x7faf84004670 comp rx=0 tx=0).stop
2024-04-25T00:51:01.012 INFO:teuthology.orchestra.run.smithi045.stdout:/usr/bin/ceph: stderr
2024-04-25T00:50:59.605+0000 7faf99ee2700 1 -- 172.21.15.45:0/1622115893 shutdown_connections
2024-04-25T00:51:01.012 INFO:teuthology.orchestra.run.smithi045.stdout:/usr/bin/ceph: stderr
2024-04-25T00:50:59.605+0000 7faf99ee2700 1 --2- 172.21.15.45:0/1622115893 >> [v2:172.21.15.45:6800/2632796073,v1:172.21.15.45:6801/2632796073] conn(0x7faf80039050 0x7faf8003b510 unknown :-1 s=CLOSED pgs=12 cs=0 l=1 rev1=1 crypto rx=0 tx=0 comp rx=0 tx=0).stop
2024-04-25T00:51:01.012 INFO:teuthology.orchestra.run.smithi045.stdout:/usr/bin/ceph: stderr
2024-04-25T00:50:59.605+0000 7faf99ee2700 1 --2- 172.21.15.45:0/1622115893 >> [v2:172.21.15.45:3300/0,v1:172.21.15.45:6789/0] conn(0x7faf9407ddb0 0x7faf9419dba0 unknown :-1 s=CLOSED pgs=48 cs=0 l=1 rev1=1 crypto rx=0 tx=0 comp rx=0 tx=0).stop
2024-04-25T00:51:01.012 INFO:teuthology.orchestra.run.smithi045.stdout:/usr/bin/ceph: stderr
2024-04-25T00:50:59.605+0000 7faf99ee2700 1 -- 172.21.15.45:0/1622115893 >> 172.21.15.45:0/1622115893 conn(0x7faf94103090 msgr2=0x7faf94103be0 unknown :-1 s=STATE_NONE l=0).mark_down
2024-04-25T00:51:01.012 INFO:teuthology.orchestra.run.smithi045.stdout:/usr/bin/ceph: stderr
2024-04-25T00:50:59.605+0000 7faf99ee2700 1 -- 172.21.15.45:0/1622115893 shutdown_connections
2024-04-25T00:51:01.012 INFO:teuthology.orchestra.run.smithi045.stdout:/usr/bin/ceph: stderr
2024-04-25T00:50:59.605+0000 7faf99ee2700 1 -- 172.21.15.45:0/1622115893 wait complete.
2024-04-25T00:51:01.012 INFO:teuthology.orchestra.run.smithi045.stdout:Deploying unmanaged mgr service...
2024-04-25T00:51:02.551 INFO:journalctl@ceph.mon.a.smithi045.stdout:Apr 25 00:51:02 smithi045 ceph-mon[29674]: from='mgr.14120 172.21.15.45:0/685340972' entity='mgr.x'
2024-04-25T00:51:02.551 INFO:journalctl@ceph.mon.a.smithi045.stdout:Apr 25 00:51:02 smithi045 ceph-mon[29674]: from='client.14144 -' entity='client.admin' cmd=[{"prefix": "orch apply", "service_type": "mgr", "unmanaged": true, "target": ["mon-mgr", ""]}]: dispatch
2024-04-25T00:51:02.551 INFO:journalctl@ceph.mon.a.smithi045.stdout:Apr 25 00:51:02 smithi045 ceph-mon[29674]: Saving service mgr spec with placement count:2
2024-04-25T00:51:02.551 INFO:journalctl@ceph.mon.a.smithi045.stdout:Apr 25 00:51:02 smithi045 ceph-mon[29674]: from='mgr.14120 172.21.15.45:0/685340972' entity='mgr.x'
2024-04-25T00:51:02.829 INFO:teuthology.orchestra.run.smithi045.stdout:/usr/bin/ceph: stdout Scheduled mgr update...
2024-04-25T00:51:02.829 INFO:teuthology.orchestra.run.smithi045.stdout:/usr/bin/ceph: stderr
2024-04-25T00:51:01.449+0000 7f1717846700 1 Processor -- start
2024-04-25T00:51:02.829 INFO:teuthology.orchestra.run.smithi045.stdout:/usr/bin/ceph: stderr
2024-04-25T00:51:01.449+0000 7f1717846700 1 -- start start
2024-04-25T00:51:02.829 INFO:teuthology.orchestra.run.smithi045.stdout:/usr/bin/ceph: stderr
2024-04-25T00:51:01.449+0000 7f1717846700 1 --2- >> [v2:172.21.15.45:3300/0,v1:172.21.15.45:6789/0] conn(0x7f1710107f00 0x7f1710108320 unknown :-1 s=NONE pgs=0 cs=0 l=0 rev1=0 crypto rx=0 tx=0 comp rx=0 tx=0).connect
2024-04-25T00:51:02.829 INFO:teuthology.orchestra.run.smithi045.stdout:/usr/bin/ceph: stderr
2024-04-25T00:51:01.449+0000 7f1717846700 1 -- --> [v2:172.21.15.45:3300/0,v1:172.21.15.45:6789/0] -- mon_getmap magic: 0 -- 0x7f17101088f0 con 0x7f1710107f00
2024-04-25T00:51:02.829 INFO:teuthology.orchestra.run.smithi045.stdout:/usr/bin/ceph: stderr
2024-04-25T00:51:01.449+0000 7f17155e2700 1 --2- >> [v2:172.21.15.45:3300/0,v1:172.21.15.45:6789/0] conn(0x7f1710107f00 0x7f1710108320 unknown :-1 s=BANNER_CONNECTING pgs=0 cs=0 l=0 rev1=0 crypto rx=0 tx=0 comp rx=0 tx=0)._handle_peer_banner_payload supported=3 required=0
2024-04-25T00:51:02.829 INFO:teuthology.orchestra.run.smithi045.stdout:/usr/bin/ceph: stderr
2024-04-25T00:51:01.449+0000 7f17155e2700 1 --2- >> [v2:172.21.15.45:3300/0,v1:172.21.15.45:6789/0] conn(0x7f1710107f00 0x7f1710108320 unknown :-1 s=HELLO_CONNECTING pgs=0 cs=0 l=0 rev1=1 crypto rx=0 tx=0 comp rx=0 tx=0).handle_hello peer v2:172.21.15.45:3300/0 says I am v2:172.21.15.45:54680/0 (socket says 172.21.15.45:54680)
2024-04-25T00:51:02.829 INFO:teuthology.orchestra.run.smithi045.stdout:/usr/bin/ceph: stderr
2024-04-25T00:51:01.449+0000 7f17155e2700 1 -- 172.21.15.45:0/3694390413 learned_addr learned my addr 172.21.15.45:0/3694390413 (peer_addr_for_me v2:172.21.15.45:0/0)
2024-04-25T00:51:02.830 INFO:teuthology.orchestra.run.smithi045.stdout:/usr/bin/ceph: stderr
2024-04-25T00:51:01.450+0000 7f17155e2700 1 -- 172.21.15.45:0/3694390413 --> [v2:172.21.15.45:3300/0,v1:172.21.15.45:6789/0] -- mon_subscribe({config=0+,monmap=0+}) -- 0x7f1710106b60 con 0x7f1710107f00
2024-04-25T00:51:02.830 INFO:teuthology.orchestra.run.smithi045.stdout:/usr/bin/ceph: stderr
2024-04-25T00:51:01.450+0000 7f17155e2700 1 --2- 172.21.15.45:0/3694390413 >> [v2:172.21.15.45:3300/0,v1:172.21.15.45:6789/0] conn(0x7f1710107f00 0x7f1710108320 secure :-1 s=READY pgs=49 cs=0 l=1 rev1=1 crypto rx=0x7f170c00bb40 tx=0x7f170c00be50 comp rx=0 tx=0).ready entity=mon.0 client_cookie=726923065f5230fb server_cookie=0 in_seq=0 out_seq=0
2024-04-25T00:51:02.830 INFO:teuthology.orchestra.run.smithi045.stdout:/usr/bin/ceph: stderr
2024-04-25T00:51:01.450+0000 7f1707fff700 1 -- 172.21.15.45:0/3694390413 <== mon.0 v2:172.21.15.45:3300/0 1 ==== mon_map magic: 0 ==== 205+0+0 (secure 0 0 0) 0x7f170c00dbe0 con 0x7f1710107f00
2024-04-25T00:51:02.830 INFO:teuthology.orchestra.run.smithi045.stdout:/usr/bin/ceph: stderr
2024-04-25T00:51:01.450+0000 7f1707fff700 1 -- 172.21.15.45:0/3694390413 <== mon.0 v2:172.21.15.45:3300/0 2 ==== config(26 keys) ==== 1102+0+0 (secure 0 0 0) 0x7f170c0044e0 con 0x7f1710107f00
2024-04-25T00:51:02.830 INFO:teuthology.orchestra.run.smithi045.stdout:/usr/bin/ceph: stderr
2024-04-25T00:51:01.450+0000 7f1707fff700 1 -- 172.21.15.45:0/3694390413 <== mon.0 v2:172.21.15.45:3300/0 3 ==== mon_map magic: 0 ==== 205+0+0 (secure 0 0 0) 0x7f170c010470 con 0x7f1710107f00
2024-04-25T00:51:02.830 INFO:teuthology.orchestra.run.smithi045.stdout:/usr/bin/ceph: stderr
2024-04-25T00:51:01.451+0000 7f1717846700 1 -- 172.21.15.45:0/3694390413 >> [v2:172.21.15.45:3300/0,v1:172.21.15.45:6789/0] conn(0x7f1710107f00 msgr2=0x7f1710108320 secure :-1 s=STATE_CONNECTION_ESTABLISHED l=1).mark_down
2024-04-25T00:51:02.830 INFO:teuthology.orchestra.run.smithi045.stdout:/usr/bin/ceph: stderr
2024-04-25T00:51:01.451+0000 7f1717846700 1 --2- 172.21.15.45:0/3694390413 >> [v2:172.21.15.45:3300/0,v1:172.21.15.45:6789/0] conn(0x7f1710107f00 0x7f1710108320 secure :-1 s=READY pgs=49 cs=0 l=1 rev1=1 crypto rx=0x7f170c00bb40 tx=0x7f170c00be50 comp rx=0 tx=0).stop
2024-04-25T00:51:02.830 INFO:teuthology.orchestra.run.smithi045.stdout:/usr/bin/ceph: stderr
2024-04-25T00:51:01.451+0000 7f1717846700 1 -- 172.21.15.45:0/3694390413 shutdown_connections
2024-04-25T00:51:02.830 INFO:teuthology.orchestra.run.smithi045.stdout:/usr/bin/ceph: stderr
2024-04-25T00:51:01.451+0000 7f1717846700 1 --2- 172.21.15.45:0/3694390413 >> [v2:172.21.15.45:3300/0,v1:172.21.15.45:6789/0] conn(0x7f1710107f00 0x7f1710108320 unknown :-1 s=CLOSED pgs=49 cs=0 l=1 rev1=1 crypto rx=0 tx=0 comp rx=0 tx=0).stop
2024-04-25T00:51:02.830 INFO:teuthology.orchestra.run.smithi045.stdout:/usr/bin/ceph: stderr
2024-04-25T00:51:01.451+0000 7f1717846700 1 -- 172.21.15.45:0/3694390413 >> 172.21.15.45:0/3694390413 conn(0x7f1710101630 msgr2=0x7f1710103ab0 unknown :-1 s=STATE_NONE l=0).mark_down
2024-04-25T00:51:02.830 INFO:teuthology.orchestra.run.smithi045.stdout:/usr/bin/ceph: stderr
2024-04-25T00:51:01.451+0000 7f1717846700 1 -- 172.21.15.45:0/3694390413 shutdown_connections
2024-04-25T00:51:02.830 INFO:teuthology.orchestra.run.smithi045.stdout:/usr/bin/ceph: stderr
2024-04-25T00:51:01.451+0000 7f1717846700 1 -- 172.21.15.45:0/3694390413 wait complete.
2024-04-25T00:51:02.830 INFO:teuthology.orchestra.run.smithi045.stdout:/usr/bin/ceph: stderr
2024-04-25T00:51:01.452+0000 7f1717846700 1 Processor -- start
2024-04-25T00:51:02.831 INFO:teuthology.orchestra.run.smithi045.stdout:/usr/bin/ceph: stderr
2024-04-25T00:51:01.452+0000 7f1717846700 1 -- start start
2024-04-25T00:51:02.831 INFO:teuthology.orchestra.run.smithi045.stdout:/usr/bin/ceph: stderr
2024-04-25T00:51:01.452+0000 7f1717846700 1 --2- >> [v2:172.21.15.45:3300/0,v1:172.21.15.45:6789/0] conn(0x7f1710107f00 0x7f171019db80 unknown :-1 s=NONE pgs=0 cs=0 l=1 rev1=0 crypto rx=0 tx=0 comp rx=0 tx=0).connect
2024-04-25T00:51:02.831 INFO:teuthology.orchestra.run.smithi045.stdout:/usr/bin/ceph: stderr
2024-04-25T00:51:01.452+0000 7f1717846700 1 -- --> [v2:172.21.15.45:3300/0,v1:172.21.15.45:6789/0] -- mon_getmap magic: 0 -- 0x7f1710105a50 con 0x7f1710107f00
2024-04-25T00:51:02.831 INFO:teuthology.orchestra.run.smithi045.stdout:/usr/bin/ceph: stderr
2024-04-25T00:51:01.452+0000 7f17155e2700 1 --2- >> [v2:172.21.15.45:3300/0,v1:172.21.15.45:6789/0] conn(0x7f1710107f00 0x7f171019db80 unknown :-1 s=BANNER_CONNECTING pgs=0 cs=0 l=1 rev1=0 crypto rx=0 tx=0 comp rx=0 tx=0)._handle_peer_banner_payload supported=3 required=0
2024-04-25T00:51:02.831 INFO:teuthology.orchestra.run.smithi045.stdout:/usr/bin/ceph: stderr
2024-04-25T00:51:01.452+0000 7f17155e2700 1 --2- >> [v2:172.21.15.45:3300/0,v1:172.21.15.45:6789/0] conn(0x7f1710107f00 0x7f171019db80 unknown :-1 s=HELLO_CONNECTING pgs=0 cs=0 l=1 rev1=1 crypto rx=0 tx=0 comp rx=0 tx=0).handle_hello peer v2:172.21.15.45:3300/0 says I am v2:172.21.15.45:54684/0 (socket says 172.21.15.45:54684)
2024-04-25T00:51:02.831 INFO:teuthology.orchestra.run.smithi045.stdout:/usr/bin/ceph: stderr
2024-04-25T00:51:01.452+0000 7f17155e2700 1 -- 172.21.15.45:0/2806085921 learned_addr learned my addr 172.21.15.45:0/2806085921 (peer_addr_for_me v2:172.21.15.45:0/0)
2024-04-25T00:51:02.831 INFO:teuthology.orchestra.run.smithi045.stdout:/usr/bin/ceph: stderr
2024-04-25T00:51:01.452+0000 7f17155e2700 1 -- 172.21.15.45:0/2806085921 --> [v2:172.21.15.45:3300/0,v1:172.21.15.45:6789/0] -- mon_subscribe({config=0+,monmap=0+}) -- 0x7f171019e0c0 con 0x7f1710107f00
2024-04-25T00:51:02.831 INFO:teuthology.orchestra.run.smithi045.stdout:/usr/bin/ceph: stderr
2024-04-25T00:51:01.452+0000 7f17155e2700 1 --2- 172.21.15.45:0/2806085921 >> [v2:172.21.15.45:3300/0,v1:172.21.15.45:6789/0] conn(0x7f1710107f00 0x7f171019db80 secure :-1 s=READY pgs=50 cs=0 l=1 rev1=1 crypto rx=0x7f170c00b340 tx=0x7f170c003fb0 comp rx=0 tx=0).ready entity=mon.0 client_cookie=0 server_cookie=0 in_seq=0 out_seq=0
2024-04-25T00:51:02.832 INFO:teuthology.orchestra.run.smithi045.stdout:/usr/bin/ceph: stderr
2024-04-25T00:51:01.453+0000 7f17067fc700 1 -- 172.21.15.45:0/2806085921 <== mon.0 v2:172.21.15.45:3300/0 1 ==== mon_map magic: 0 ==== 205+0+0 (secure 0 0 0) 0x7f170c010720 con 0x7f1710107f00
2024-04-25T00:51:02.832 INFO:teuthology.orchestra.run.smithi045.stdout:/usr/bin/ceph: stderr
2024-04-25T00:51:01.453+0000 7f17067fc700 1 -- 172.21.15.45:0/2806085921 <== mon.0 v2:172.21.15.45:3300/0 2 ==== config(26 keys) ==== 1102+0+0 (secure 0 0 0) 0x7f170c01d070 con 0x7f1710107f00
2024-04-25T00:51:02.832 INFO:teuthology.orchestra.run.smithi045.stdout:/usr/bin/ceph: stderr
2024-04-25T00:51:01.453+0000 7f17067fc700 1 -- 172.21.15.45:0/2806085921 <== mon.0 v2:172.21.15.45:3300/0 3 ==== mon_map magic: 0 ==== 205+0+0 (secure 0 0 0) 0x7f170c021bc0 con 0x7f1710107f00
2024-04-25T00:51:02.832 INFO:teuthology.orchestra.run.smithi045.stdout:/usr/bin/ceph: stderr
2024-04-25T00:51:01.453+0000 7f1717846700 1 -- 172.21.15.45:0/2806085921 --> [v2:172.21.15.45:3300/0,v1:172.21.15.45:6789/0] -- mon_subscribe({mgrmap=0+}) -- 0x7f171019e350 con 0x7f1710107f00
2024-04-25T00:51:02.832 INFO:teuthology.orchestra.run.smithi045.stdout:/usr/bin/ceph: stderr
2024-04-25T00:51:01.453+0000 7f1717846700 1 -- 172.21.15.45:0/2806085921 --> [v2:172.21.15.45:3300/0,v1:172.21.15.45:6789/0] -- mon_subscribe({osdmap=0}) -- 0x7f171019e750 con 0x7f1710107f00
2024-04-25T00:51:02.832 INFO:teuthology.orchestra.run.smithi045.stdout:/usr/bin/ceph: stderr
2024-04-25T00:51:01.454+0000 7f17067fc700 1 -- 172.21.15.45:0/2806085921 <== mon.0 v2:172.21.15.45:3300/0 4 ==== mgrmap(e 8) ==== 46287+0+0 (secure 0 0 0) 0x7f170c01f030 con 0x7f1710107f00
2024-04-25T00:51:02.832 INFO:teuthology.orchestra.run.smithi045.stdout:/usr/bin/ceph: stderr
2024-04-25T00:51:01.454+0000 7f1717846700 1 -- 172.21.15.45:0/2806085921 --> [v2:172.21.15.45:3300/0,v1:172.21.15.45:6789/0] -- mon_command({"prefix": "get_command_descriptions"} v 0) -- 0x7f1710063890 con 0x7f1710107f00
2024-04-25T00:51:02.832 INFO:teuthology.orchestra.run.smithi045.stdout:/usr/bin/ceph: stderr
2024-04-25T00:51:01.454+0000 7f17067fc700 1 --2- 172.21.15.45:0/2806085921 >> [v2:172.21.15.45:6800/2632796073,v1:172.21.15.45:6801/2632796073] conn(0x7f16fc039050 0x7f16fc03b510 unknown :-1 s=NONE pgs=0 cs=0 l=1 rev1=0 crypto rx=0 tx=0 comp rx=0 tx=0).connect
2024-04-25T00:51:02.833 INFO:teuthology.orchestra.run.smithi045.stdout:/usr/bin/ceph: stderr
2024-04-25T00:51:01.454+0000 7f17067fc700 1 -- 172.21.15.45:0/2806085921 <== mon.0 v2:172.21.15.45:3300/0 5 ==== osd_map(2..2 src has 1..2) ==== 940+0+0 (secure 0 0 0) 0x7f170c04d460 con 0x7f1710107f00
2024-04-25T00:51:02.833 INFO:teuthology.orchestra.run.smithi045.stdout:/usr/bin/ceph: stderr
2024-04-25T00:51:01.454+0000 7f1714de1700 1 --2- 172.21.15.45:0/2806085921 >> [v2:172.21.15.45:6800/2632796073,v1:172.21.15.45:6801/2632796073] conn(0x7f16fc039050 0x7f16fc03b510 unknown :-1 s=BANNER_CONNECTING pgs=0 cs=0 l=1 rev1=0 crypto rx=0 tx=0 comp rx=0 tx=0)._handle_peer_banner_payload supported=3 required=0
2024-04-25T00:51:02.833 INFO:teuthology.orchestra.run.smithi045.stdout:/usr/bin/ceph: stderr
2024-04-25T00:51:01.455+0000 7f1714de1700 1 --2- 172.21.15.45:0/2806085921 >> [v2:172.21.15.45:6800/2632796073,v1:172.21.15.45:6801/2632796073] conn(0x7f16fc039050 0x7f16fc03b510 secure :-1 s=READY pgs=13 cs=0 l=1 rev1=1 crypto rx=0x7f1700006fd0 tx=0x7f1700006e40 comp rx=0 tx=0).ready entity=mgr.14120 client_cookie=0 server_cookie=0 in_seq=0 out_seq=0
2024-04-25T00:51:02.833 INFO:teuthology.orchestra.run.smithi045.stdout:/usr/bin/ceph: stderr
2024-04-25T00:51:01.459+0000 7f17067fc700 1 -- 172.21.15.45:0/2806085921 <== mon.0 v2:172.21.15.45:3300/0 6 ==== mon_command_ack([{"prefix": "get_command_descriptions"}]=0 v0) ==== 72+0+186147 (secure 0 0 0) 0x7f170c015070 con 0x7f1710107f00
2024-04-25T00:51:02.833 INFO:teuthology.orchestra.run.smithi045.stdout:/usr/bin/ceph: stderr
2024-04-25T00:51:01.715+0000 7f1717846700 1 -- 172.21.15.45:0/2806085921 --> [v2:172.21.15.45:6800/2632796073,v1:172.21.15.45:6801/2632796073] -- mgr_command(tid 0: {"prefix": "orch apply", "service_type": "mgr", "unmanaged": true, "target": ["mon-mgr", ""]}) -- 0x7f1710062670 con 0x7f16fc039050
2024-04-25T00:51:02.833 INFO:teuthology.orchestra.run.smithi045.stdout:/usr/bin/ceph: stderr
2024-04-25T00:51:01.720+0000 7f17067fc700 1 -- 172.21.15.45:0/2806085921 <== mgr.14120 v2:172.21.15.45:6800/2632796073 1 ==== mgr_command_reply(tid 0: 0 ) ==== 8+0+24 (secure 0 0 0) 0x7f1710062670 con 0x7f16fc039050
2024-04-25T00:51:02.833 INFO:teuthology.orchestra.run.smithi045.stdout:/usr/bin/ceph: stderr
2024-04-25T00:51:01.722+0000 7f1717846700 1 -- 172.21.15.45:0/2806085921 >> [v2:172.21.15.45:6800/2632796073,v1:172.21.15.45:6801/2632796073] conn(0x7f16fc039050 msgr2=0x7f16fc03b510 secure :-1 s=STATE_CONNECTION_ESTABLISHED l=1).mark_down
2024-04-25T00:51:02.833 INFO:teuthology.orchestra.run.smithi045.stdout:/usr/bin/ceph: stderr
2024-04-25T00:51:01.722+0000 7f1717846700 1 --2- 172.21.15.45:0/2806085921 >> [v2:172.21.15.45:6800/2632796073,v1:172.21.15.45:6801/2632796073] conn(0x7f16fc039050 0x7f16fc03b510 secure :-1 s=READY pgs=13 cs=0 l=1 rev1=1 crypto rx=0x7f1700006fd0 tx=0x7f1700006e40 comp rx=0 tx=0).stop
2024-04-25T00:51:02.833 INFO:teuthology.orchestra.run.smithi045.stdout:/usr/bin/ceph: stderr
2024-04-25T00:51:01.722+0000 7f1717846700 1 -- 172.21.15.45:0/2806085921 >> [v2:172.21.15.45:3300/0,v1:172.21.15.45:6789/0] conn(0x7f1710107f00 msgr2=0x7f171019db80 secure :-1 s=STATE_CONNECTION_ESTABLISHED l=1).mark_down
2024-04-25T00:51:02.834 INFO:teuthology.orchestra.run.smithi045.stdout:/usr/bin/ceph: stderr
2024-04-25T00:51:01.722+0000 7f1717846700 1 --2- 172.21.15.45:0/2806085921 >> [v2:172.21.15.45:3300/0,v1:172.21.15.45:6789/0] conn(0x7f1710107f00 0x7f171019db80 secure :-1 s=READY pgs=50 cs=0 l=1 rev1=1 crypto rx=0x7f170c00b340 tx=0x7f170c003fb0 comp rx=0 tx=0).stop
2024-04-25T00:51:02.834 INFO:teuthology.orchestra.run.smithi045.stdout:/usr/bin/ceph: stderr
2024-04-25T00:51:01.723+0000 7f1717846700 1 -- 172.21.15.45:0/2806085921 shutdown_connections
2024-04-25T00:51:02.834 INFO:teuthology.orchestra.run.smithi045.stdout:/usr/bin/ceph: stderr
2024-04-25T00:51:01.723+0000 7f1717846700 1 --2- 172.21.15.45:0/2806085921 >> [v2:172.21.15.45:6800/2632796073,v1:172.21.15.45:6801/2632796073] conn(0x7f16fc039050 0x7f16fc03b510 unknown :-1 s=CLOSED pgs=13 cs=0 l=1 rev1=1 crypto rx=0 tx=0 comp rx=0 tx=0).stop
2024-04-25T00:51:02.834 INFO:teuthology.orchestra.run.smithi045.stdout:/usr/bin/ceph: stderr
2024-04-25T00:51:01.723+0000 7f1717846700 1 --2- 172.21.15.45:0/2806085921 >> [v2:172.21.15.45:3300/0,v1:172.21.15.45:6789/0] conn(0x7f1710107f00 0x7f171019db80 unknown :-1 s=CLOSED pgs=50 cs=0 l=1 rev1=1 crypto rx=0 tx=0 comp rx=0 tx=0).stop
2024-04-25T00:51:02.834 INFO:teuthology.orchestra.run.smithi045.stdout:/usr/bin/ceph: stderr
2024-04-25T00:51:01.723+0000 7f1717846700 1 -- 172.21.15.45:0/2806085921 >> 172.21.15.45:0/2806085921 conn(0x7f1710101630 msgr2=0x7f171018fd90 unknown :-1 s=STATE_NONE l=0).mark_down
2024-04-25T00:51:02.834 INFO:teuthology.orchestra.run.smithi045.stdout:/usr/bin/ceph: stderr
2024-04-25T00:51:01.723+0000 7f1717846700 1 -- 172.21.15.45:0/2806085921 shutdown_connections
2024-04-25T00:51:02.834 INFO:teuthology.orchestra.run.smithi045.stdout:/usr/bin/ceph: stderr
2024-04-25T00:51:01.723+0000 7f1717846700 1 -- 172.21.15.45:0/2806085921 wait complete.
2024-04-25T00:51:04.151 INFO:journalctl@ceph.mon.a.smithi045.stdout:Apr 25 00:51:03 smithi045 ceph-mon[29674]: from='mgr.14120 172.21.15.45:0/685340972' entity='mgr.x'
2024-04-25T00:51:04.151 INFO:journalctl@ceph.mon.a.smithi045.stdout:Apr 25 00:51:03 smithi045 ceph-mon[29674]: from='client.? 172.21.15.45:0/387696413' entity='client.admin'
2024-04-25T00:51:04.159 INFO:teuthology.orchestra.run.smithi045.stdout:/usr/bin/ceph: stderr
2024-04-25T00:51:03.294+0000 7fca590e5700 1 Processor -- start
2024-04-25T00:51:04.159 INFO:teuthology.orchestra.run.smithi045.stdout:/usr/bin/ceph: stderr
2024-04-25T00:51:03.294+0000 7fca590e5700 1 -- start start
2024-04-25T00:51:04.159 INFO:teuthology.orchestra.run.smithi045.stdout:/usr/bin/ceph: stderr
2024-04-25T00:51:03.294+0000 7fca590e5700 1 --2- >> [v2:172.21.15.45:3300/0,v1:172.21.15.45:6789/0] conn(0x7fca54106310 0x7fca54106730 unknown :-1 s=NONE pgs=0 cs=0 l=0 rev1=0 crypto rx=0 tx=0 comp rx=0 tx=0).connect
2024-04-25T00:51:04.159 INFO:teuthology.orchestra.run.smithi045.stdout:/usr/bin/ceph: stderr
2024-04-25T00:51:03.295+0000 7fca590e5700 1 -- --> [v2:172.21.15.45:3300/0,v1:172.21.15.45:6789/0] -- mon_getmap magic: 0 -- 0x7fca5407bdd0 con 0x7fca54106310
2024-04-25T00:51:04.159 INFO:teuthology.orchestra.run.smithi045.stdout:/usr/bin/ceph: stderr
2024-04-25T00:51:03.295+0000 7fca52d9d700 1 --2- >> [v2:172.21.15.45:3300/0,v1:172.21.15.45:6789/0] conn(0x7fca54106310 0x7fca54106730 unknown :-1 s=BANNER_CONNECTING pgs=0 cs=0 l=0 rev1=0 crypto rx=0 tx=0 comp rx=0 tx=0)._handle_peer_banner_payload supported=3 required=0
2024-04-25T00:51:04.159 INFO:teuthology.orchestra.run.smithi045.stdout:/usr/bin/ceph: stderr
2024-04-25T00:51:03.295+0000 7fca52d9d700 1 --2- >> [v2:172.21.15.45:3300/0,v1:172.21.15.45:6789/0] conn(0x7fca54106310 0x7fca54106730 unknown :-1 s=HELLO_CONNECTING pgs=0 cs=0 l=0 rev1=1 crypto rx=0 tx=0 comp rx=0 tx=0).handle_hello peer v2:172.21.15.45:3300/0 says I am v2:172.21.15.45:54690/0 (socket says 172.21.15.45:54690)
2024-04-25T00:51:04.159 INFO:teuthology.orchestra.run.smithi045.stdout:/usr/bin/ceph: stderr
2024-04-25T00:51:03.295+0000 7fca52d9d700 1 -- 172.21.15.45:0/1045681361 learned_addr learned my addr 172.21.15.45:0/1045681361 (peer_addr_for_me v2:172.21.15.45:0/0)
2024-04-25T00:51:04.159 INFO:teuthology.orchestra.run.smithi045.stdout:/usr/bin/ceph: stderr
2024-04-25T00:51:03.295+0000 7fca52d9d700 1 -- 172.21.15.45:0/1045681361 --> [v2:172.21.15.45:3300/0,v1:172.21.15.45:6789/0] -- mon_subscribe({config=0+,monmap=0+}) -- 0x7fca54106c70 con 0x7fca54106310
2024-04-25T00:51:04.159 INFO:teuthology.orchestra.run.smithi045.stdout:/usr/bin/ceph: stderr
2024-04-25T00:51:03.295+0000 7fca52d9d700 1 --2- 172.21.15.45:0/1045681361 >> [v2:172.21.15.45:3300/0,v1:172.21.15.45:6789/0] conn(0x7fca54106310 0x7fca54106730 secure :-1 s=READY pgs=51 cs=0 l=1 rev1=1 crypto rx=0x7fca440098a0 tx=0x7fca44009bb0 comp rx=0 tx=0).ready entity=mon.0 client_cookie=3103d877a2e26e9e server_cookie=0 in_seq=0 out_seq=0
2024-04-25T00:51:04.159 INFO:teuthology.orchestra.run.smithi045.stdout:/usr/bin/ceph: stderr
2024-04-25T00:51:03.296+0000 7fca51d9b700 1 -- 172.21.15.45:0/1045681361 <== mon.0 v2:172.21.15.45:3300/0 1 ==== mon_map magic: 0 ==== 205+0+0 (secure 0 0 0) 0x7fca44004160 con 0x7fca54106310
2024-04-25T00:51:04.159 INFO:teuthology.orchestra.run.smithi045.stdout:/usr/bin/ceph: stderr
2024-04-25T00:51:03.296+0000 7fca51d9b700 1 -- 172.21.15.45:0/1045681361 <== mon.0 v2:172.21.15.45:3300/0 2 ==== config(26 keys) ==== 1102+0+0 (secure 0 0 0) 0x7fca44004300 con 0x7fca54106310
2024-04-25T00:51:04.159 INFO:teuthology.orchestra.run.smithi045.stdout:/usr/bin/ceph: stderr
2024-04-25T00:51:03.296+0000 7fca51d9b700 1 -- 172.21.15.45:0/1045681361 <== mon.0 v2:172.21.15.45:3300/0 3 ==== mon_map magic: 0 ==== 205+0+0 (secure 0 0 0) 0x7fca44011a50 con 0x7fca54106310
2024-04-25T00:51:04.159 INFO:teuthology.orchestra.run.smithi045.stdout:/usr/bin/ceph: stderr
2024-04-25T00:51:03.296+0000 7fca590e5700 1 -- 172.21.15.45:0/1045681361 >> [v2:172.21.15.45:3300/0,v1:172.21.15.45:6789/0] conn(0x7fca54106310 msgr2=0x7fca54106730 secure :-1 s=STATE_CONNECTION_ESTABLISHED l=1).mark_down
2024-04-25T00:51:04.160 INFO:teuthology.orchestra.run.smithi045.stdout:/usr/bin/ceph: stderr
2024-04-25T00:51:03.296+0000 7fca590e5700 1 --2- 172.21.15.45:0/1045681361 >> [v2:172.21.15.45:3300/0,v1:172.21.15.45:6789/0] conn(0x7fca54106310 0x7fca54106730 secure :-1 s=READY pgs=51 cs=0 l=1 rev1=1 crypto rx=0x7fca440098a0 tx=0x7fca44009bb0 comp rx=0 tx=0).stop
2024-04-25T00:51:04.160 INFO:teuthology.orchestra.run.smithi045.stdout:/usr/bin/ceph: stderr
2024-04-25T00:51:03.296+0000 7fca590e5700 1 -- 172.21.15.45:0/1045681361 shutdown_connections
2024-04-25T00:51:04.160 INFO:teuthology.orchestra.run.smithi045.stdout:/usr/bin/ceph: stderr
2024-04-25T00:51:03.296+0000 7fca590e5700 1 --2- 172.21.15.45:0/1045681361 >> [v2:172.21.15.45:3300/0,v1:172.21.15.45:6789/0] conn(0x7fca54106310 0x7fca54106730 unknown :-1 s=CLOSED pgs=51 cs=0 l=1 rev1=1 crypto rx=0 tx=0 comp rx=0 tx=0).stop
2024-04-25T00:51:04.160 INFO:teuthology.orchestra.run.smithi045.stdout:/usr/bin/ceph: stderr
2024-04-25T00:51:03.296+0000 7fca590e5700 1 -- 172.21.15.45:0/1045681361 >> 172.21.15.45:0/1045681361 conn(0x7fca54101ed0 msgr2=0x7fca54104310 unknown :-1 s=STATE_NONE l=0).mark_down
2024-04-25T00:51:04.160 INFO:teuthology.orchestra.run.smithi045.stdout:/usr/bin/ceph: stderr
2024-04-25T00:51:03.296+0000 7fca590e5700 1 -- 172.21.15.45:0/1045681361 shutdown_connections
2024-04-25T00:51:04.160 INFO:teuthology.orchestra.run.smithi045.stdout:/usr/bin/ceph: stderr
2024-04-25T00:51:03.296+0000 7fca590e5700 1 -- 172.21.15.45:0/1045681361 wait complete.
2024-04-25T00:51:04.160 INFO:teuthology.orchestra.run.smithi045.stdout:/usr/bin/ceph: stderr
2024-04-25T00:51:03.297+0000 7fca590e5700 1 Processor -- start
2024-04-25T00:51:04.160 INFO:teuthology.orchestra.run.smithi045.stdout:/usr/bin/ceph: stderr
2024-04-25T00:51:03.297+0000 7fca590e5700 1 -- start start
2024-04-25T00:51:04.160 INFO:teuthology.orchestra.run.smithi045.stdout:/usr/bin/ceph: stderr
2024-04-25T00:51:03.297+0000 7fca590e5700 1 --2- >> [v2:172.21.15.45:3300/0,v1:172.21.15.45:6789/0] conn(0x7fca54106310 0x7fca5419dbb0 unknown :-1 s=NONE pgs=0 cs=0 l=1 rev1=0 crypto rx=0 tx=0 comp rx=0 tx=0).connect
2024-04-25T00:51:04.160 INFO:teuthology.orchestra.run.smithi045.stdout:/usr/bin/ceph: stderr
2024-04-25T00:51:03.297+0000 7fca590e5700 1 -- --> [v2:172.21.15.45:3300/0,v1:172.21.15.45:6789/0] -- mon_getmap magic: 0 -- 0x7fca54107ce0 con 0x7fca54106310
2024-04-25T00:51:04.160 INFO:teuthology.orchestra.run.smithi045.stdout:/usr/bin/ceph: stderr
2024-04-25T00:51:03.298+0000 7fca52d9d700 1 --2- >> [v2:172.21.15.45:3300/0,v1:172.21.15.45:6789/0] conn(0x7fca54106310 0x7fca5419dbb0 unknown :-1 s=BANNER_CONNECTING pgs=0 cs=0 l=1 rev1=0 crypto rx=0 tx=0 comp rx=0 tx=0)._handle_peer_banner_payload supported=3 required=0
2024-04-25T00:51:04.160 INFO:teuthology.orchestra.run.smithi045.stdout:/usr/bin/ceph: stderr
2024-04-25T00:51:03.298+0000 7fca52d9d700 1 --2- >> [v2:172.21.15.45:3300/0,v1:172.21.15.45:6789/0] conn(0x7fca54106310 0x7fca5419dbb0 unknown :-1 s=HELLO_CONNECTING pgs=0 cs=0 l=1 rev1=1 crypto rx=0 tx=0 comp rx=0 tx=0).handle_hello peer v2:172.21.15.45:3300/0 says I am v2:172.21.15.45:54696/0 (socket says 172.21.15.45:54696)
2024-04-25T00:51:04.160 INFO:teuthology.orchestra.run.smithi045.stdout:/usr/bin/ceph: stderr
2024-04-25T00:51:03.298+0000 7fca52d9d700 1 -- 172.21.15.45:0/387696413 learned_addr learned my addr 172.21.15.45:0/387696413 (peer_addr_for_me v2:172.21.15.45:0/0)
2024-04-25T00:51:04.160 INFO:teuthology.orchestra.run.smithi045.stdout:/usr/bin/ceph: stderr
2024-04-25T00:51:03.298+0000 7fca52d9d700 1 -- 172.21.15.45:0/387696413 --> [v2:172.21.15.45:3300/0,v1:172.21.15.45:6789/0] -- mon_subscribe({config=0+,monmap=0+}) -- 0x7fca5419e0f0 con 0x7fca54106310
2024-04-25T00:51:04.161 INFO:teuthology.orchestra.run.smithi045.stdout:/usr/bin/ceph: stderr
