2024-04-25T01:05:14.242+0000 7fe93b200700 1 -- 172.21.15.31:0/830988539 >> 172.21.15.31:0/830988539 conn(0x7fe93c1032f0 msgr2=0x7fe93c103e80 unknown :-1 s=STATE_NONE l=0).mark_down
2024-04-25T01:05:15.693 INFO:teuthology.orchestra.run.smithi031.stdout:/usr/bin/ceph: stderr
2024-04-25T01:05:14.243+0000 7fe93b200700 1 -- 172.21.15.31:0/830988539 shutdown_connections
2024-04-25T01:05:15.694 INFO:teuthology.orchestra.run.smithi031.stdout:/usr/bin/ceph: stderr
2024-04-25T01:05:14.243+0000 7fe93b200700 1 -- 172.21.15.31:0/830988539 wait complete.
2024-04-25T01:05:15.694 INFO:teuthology.orchestra.run.smithi031.stdout:Deploying unmanaged mgr service...
2024-04-25T01:05:17.515 INFO:journalctl@ceph.mon.a.smithi031.stdout:Apr 25 01:05:17 smithi031 ceph-mon[28053]: from='mgr.14120 172.21.15.31:0/3147237190' entity='mgr.x'
2024-04-25T01:05:17.515 INFO:journalctl@ceph.mon.a.smithi031.stdout:Apr 25 01:05:17 smithi031 ceph-mon[28053]: from='client.14144 -' entity='client.admin' cmd=[{"prefix": "orch apply", "service_type": "mgr", "unmanaged": true, "target": ["mon-mgr", ""]}]: dispatch
2024-04-25T01:05:17.515 INFO:journalctl@ceph.mon.a.smithi031.stdout:Apr 25 01:05:17 smithi031 ceph-mon[28053]: Saving service mgr spec with placement count:2
2024-04-25T01:05:17.515 INFO:journalctl@ceph.mon.a.smithi031.stdout:Apr 25 01:05:17 smithi031 ceph-mon[28053]: from='mgr.14120 172.21.15.31:0/3147237190' entity='mgr.x'
2024-04-25T01:05:17.515 INFO:journalctl@ceph.mon.a.smithi031.stdout:Apr 25 01:05:17 smithi031 ceph-mon[28053]: from='mgr.14120 172.21.15.31:0/3147237190' entity='mgr.x'
2024-04-25T01:05:17.528 INFO:teuthology.orchestra.run.smithi031.stdout:/usr/bin/ceph: stdout Scheduled mgr update...
2024-04-25T01:05:17.528 INFO:teuthology.orchestra.run.smithi031.stdout:/usr/bin/ceph: stderr
2024-04-25T01:05:16.554+0000 7f9e4aa00700 1 Processor -- start
2024-04-25T01:05:17.528 INFO:teuthology.orchestra.run.smithi031.stdout:/usr/bin/ceph: stderr
2024-04-25T01:05:16.555+0000 7f9e4aa00700 1 -- start start
2024-04-25T01:05:17.528 INFO:teuthology.orchestra.run.smithi031.stdout:/usr/bin/ceph: stderr
2024-04-25T01:05:16.555+0000 7f9e4aa00700 1 --2- >> [v2:172.21.15.31:3300/0,v1:172.21.15.31:6789/0] conn(0x7f9e44107f00 0x7f9e44108320 unknown :-1 s=NONE pgs=0 cs=0 l=0 rev1=0 crypto rx=0 tx=0 comp rx=0 tx=0).connect
2024-04-25T01:05:17.528 INFO:teuthology.orchestra.run.smithi031.stdout:/usr/bin/ceph: stderr
2024-04-25T01:05:16.555+0000 7f9e4aa00700 1 -- --> [v2:172.21.15.31:3300/0,v1:172.21.15.31:6789/0] -- mon_getmap magic: 0 -- 0x7f9e44108860 con 0x7f9e44107f00
2024-04-25T01:05:17.528 INFO:teuthology.orchestra.run.smithi031.stdout:/usr/bin/ceph: stderr
2024-04-25T01:05:16.556+0000 7f9e43e00700 1 --2- >> [v2:172.21.15.31:3300/0,v1:172.21.15.31:6789/0] conn(0x7f9e44107f00 0x7f9e44108320 unknown :-1 s=BANNER_CONNECTING pgs=0 cs=0 l=0 rev1=0 crypto rx=0 tx=0 comp rx=0 tx=0)._handle_peer_banner_payload supported=3 required=0
2024-04-25T01:05:17.528 INFO:teuthology.orchestra.run.smithi031.stdout:/usr/bin/ceph: stderr
2024-04-25T01:05:16.556+0000 7f9e43e00700 1 --2- >> [v2:172.21.15.31:3300/0,v1:172.21.15.31:6789/0] conn(0x7f9e44107f00 0x7f9e44108320 unknown :-1 s=HELLO_CONNECTING pgs=0 cs=0 l=0 rev1=1 crypto rx=0 tx=0 comp rx=0 tx=0).handle_hello peer v2:172.21.15.31:3300/0 says I am v2:172.21.15.31:45358/0 (socket says 172.21.15.31:45358)
2024-04-25T01:05:17.533 INFO:teuthology.orchestra.run.smithi031.stdout:/usr/bin/ceph: stderr
2024-04-25T01:05:16.556+0000 7f9e43e00700 1 -- 172.21.15.31:0/2834514102 learned_addr learned my addr 172.21.15.31:0/2834514102 (peer_addr_for_me v2:172.21.15.31:0/0)
2024-04-25T01:05:17.533 INFO:teuthology.orchestra.run.smithi031.stdout:/usr/bin/ceph: stderr
2024-04-25T01:05:16.556+0000 7f9e43e00700 1 -- 172.21.15.31:0/2834514102 --> [v2:172.21.15.31:3300/0,v1:172.21.15.31:6789/0] -- mon_subscribe({config=0+,monmap=0+}) -- 0x7f9e44108fc0 con 0x7f9e44107f00
2024-04-25T01:05:17.534 INFO:teuthology.orchestra.run.smithi031.stdout:/usr/bin/ceph: stderr
2024-04-25T01:05:16.557+0000 7f9e43e00700 1 --2- 172.21.15.31:0/2834514102 >> [v2:172.21.15.31:3300/0,v1:172.21.15.31:6789/0] conn(0x7f9e44107f00 0x7f9e44108320 secure :-1 s=READY pgs=49 cs=0 l=1 rev1=1 crypto rx=0x7f9e340098a0 tx=0x7f9e34009bb0 comp rx=0 tx=0).ready entity=mon.0 client_cookie=755b1eac8d0ae3fc server_cookie=0 in_seq=0 out_seq=0
2024-04-25T01:05:17.534 INFO:teuthology.orchestra.run.smithi031.stdout:/usr/bin/ceph: stderr
2024-04-25T01:05:16.557+0000 7f9e42a00700 1 -- 172.21.15.31:0/2834514102 <== mon.0 v2:172.21.15.31:3300/0 1 ==== mon_map magic: 0 ==== 205+0+0 (secure 0 0 0) 0x7f9e34004160 con 0x7f9e44107f00
2024-04-25T01:05:17.534 INFO:teuthology.orchestra.run.smithi031.stdout:/usr/bin/ceph: stderr
2024-04-25T01:05:16.557+0000 7f9e42a00700 1 -- 172.21.15.31:0/2834514102 <== mon.0 v2:172.21.15.31:3300/0 2 ==== config(27 keys) ==== 1140+0+0 (secure 0 0 0) 0x7f9e34004300 con 0x7f9e44107f00
2024-04-25T01:05:17.534 INFO:teuthology.orchestra.run.smithi031.stdout:/usr/bin/ceph: stderr
2024-04-25T01:05:16.557+0000 7f9e42a00700 1 -- 172.21.15.31:0/2834514102 <== mon.0 v2:172.21.15.31:3300/0 3 ==== mon_map magic: 0 ==== 205+0+0 (secure 0 0 0) 0x7f9e34011b20 con 0x7f9e44107f00
2024-04-25T01:05:17.534 INFO:teuthology.orchestra.run.smithi031.stdout:/usr/bin/ceph: stderr
2024-04-25T01:05:16.558+0000 7f9e4aa00700 1 -- 172.21.15.31:0/2834514102 >> [v2:172.21.15.31:3300/0,v1:172.21.15.31:6789/0] conn(0x7f9e44107f00 msgr2=0x7f9e44108320 secure :-1 s=STATE_CONNECTION_ESTABLISHED l=1).mark_down
2024-04-25T01:05:17.534 INFO:teuthology.orchestra.run.smithi031.stdout:/usr/bin/ceph: stderr
2024-04-25T01:05:16.558+0000 7f9e4aa00700 1 --2- 172.21.15.31:0/2834514102 >> [v2:172.21.15.31:3300/0,v1:172.21.15.31:6789/0] conn(0x7f9e44107f00 0x7f9e44108320 secure :-1 s=READY pgs=49 cs=0 l=1 rev1=1 crypto rx=0x7f9e340098a0 tx=0x7f9e34009bb0 comp rx=0 tx=0).stop
2024-04-25T01:05:17.534 INFO:teuthology.orchestra.run.smithi031.stdout:/usr/bin/ceph: stderr
2024-04-25T01:05:16.558+0000 7f9e4aa00700 1 -- 172.21.15.31:0/2834514102 shutdown_connections
2024-04-25T01:05:17.534 INFO:teuthology.orchestra.run.smithi031.stdout:/usr/bin/ceph: stderr
2024-04-25T01:05:16.558+0000 7f9e4aa00700 1 --2- 172.21.15.31:0/2834514102 >> [v2:172.21.15.31:3300/0,v1:172.21.15.31:6789/0] conn(0x7f9e44107f00 0x7f9e44108320 unknown :-1 s=CLOSED pgs=49 cs=0 l=1 rev1=1 crypto rx=0 tx=0 comp rx=0 tx=0).stop
2024-04-25T01:05:17.534 INFO:teuthology.orchestra.run.smithi031.stdout:/usr/bin/ceph: stderr
2024-04-25T01:05:16.558+0000 7f9e4aa00700 1 -- 172.21.15.31:0/2834514102 >> 172.21.15.31:0/2834514102 conn(0x7f9e441034c0 msgr2=0x7f9e441058e0 unknown :-1 s=STATE_NONE l=0).mark_down
2024-04-25T01:05:17.534 INFO:teuthology.orchestra.run.smithi031.stdout:/usr/bin/ceph: stderr
2024-04-25T01:05:16.558+0000 7f9e4aa00700 1 -- 172.21.15.31:0/2834514102 shutdown_connections
2024-04-25T01:05:17.534 INFO:teuthology.orchestra.run.smithi031.stdout:/usr/bin/ceph: stderr
2024-04-25T01:05:16.558+0000 7f9e4aa00700 1 -- 172.21.15.31:0/2834514102 wait complete.
2024-04-25T01:05:17.534 INFO:teuthology.orchestra.run.smithi031.stdout:/usr/bin/ceph: stderr
2024-04-25T01:05:16.559+0000 7f9e4aa00700 1 Processor -- start
2024-04-25T01:05:17.535 INFO:teuthology.orchestra.run.smithi031.stdout:/usr/bin/ceph: stderr
2024-04-25T01:05:16.559+0000 7f9e4aa00700 1 -- start start
2024-04-25T01:05:17.535 INFO:teuthology.orchestra.run.smithi031.stdout:/usr/bin/ceph: stderr
2024-04-25T01:05:16.560+0000 7f9e4aa00700 1 --2- >> [v2:172.21.15.31:3300/0,v1:172.21.15.31:6789/0] conn(0x7f9e44107f00 0x7f9e4419df70 unknown :-1 s=NONE pgs=0 cs=0 l=1 rev1=0 crypto rx=0 tx=0 comp rx=0 tx=0).connect
2024-04-25T01:05:17.535 INFO:teuthology.orchestra.run.smithi031.stdout:/usr/bin/ceph: stderr
2024-04-25T01:05:16.560+0000 7f9e4aa00700 1 -- --> [v2:172.21.15.31:3300/0,v1:172.21.15.31:6789/0] -- mon_getmap magic: 0 -- 0x7f9e4410c400 con 0x7f9e44107f00
2024-04-25T01:05:17.535 INFO:teuthology.orchestra.run.smithi031.stdout:/usr/bin/ceph: stderr
2024-04-25T01:05:16.560+0000 7f9e43e00700 1 --2- >> [v2:172.21.15.31:3300/0,v1:172.21.15.31:6789/0] conn(0x7f9e44107f00 0x7f9e4419df70 unknown :-1 s=BANNER_CONNECTING pgs=0 cs=0 l=1 rev1=0 crypto rx=0 tx=0 comp rx=0 tx=0)._handle_peer_banner_payload supported=3 required=0
2024-04-25T01:05:17.535 INFO:teuthology.orchestra.run.smithi031.stdout:/usr/bin/ceph: stderr
2024-04-25T01:05:16.560+0000 7f9e43e00700 1 --2- >> [v2:172.21.15.31:3300/0,v1:172.21.15.31:6789/0] conn(0x7f9e44107f00 0x7f9e4419df70 unknown :-1 s=HELLO_CONNECTING pgs=0 cs=0 l=1 rev1=1 crypto rx=0 tx=0 comp rx=0 tx=0).handle_hello peer v2:172.21.15.31:3300/0 says I am v2:172.21.15.31:45362/0 (socket says 172.21.15.31:45362)
2024-04-25T01:05:17.535 INFO:teuthology.orchestra.run.smithi031.stdout:/usr/bin/ceph: stderr
2024-04-25T01:05:16.560+0000 7f9e43e00700 1 -- 172.21.15.31:0/88603700 learned_addr learned my addr 172.21.15.31:0/88603700 (peer_addr_for_me v2:172.21.15.31:0/0)
2024-04-25T01:05:17.535 INFO:teuthology.orchestra.run.smithi031.stdout:/usr/bin/ceph: stderr
2024-04-25T01:05:16.560+0000 7f9e43e00700 1 -- 172.21.15.31:0/88603700 --> [v2:172.21.15.31:3300/0,v1:172.21.15.31:6789/0] -- mon_subscribe({config=0+,monmap=0+}) -- 0x7f9e4419e4b0 con 0x7f9e44107f00
2024-04-25T01:05:17.535 INFO:teuthology.orchestra.run.smithi031.stdout:/usr/bin/ceph: stderr
2024-04-25T01:05:16.560+0000 7f9e43e00700 1 --2- 172.21.15.31:0/88603700 >> [v2:172.21.15.31:3300/0,v1:172.21.15.31:6789/0] conn(0x7f9e44107f00 0x7f9e4419df70 secure :-1 s=READY pgs=50 cs=0 l=1 rev1=1 crypto rx=0x7f9e34011b60 tx=0x7f9e34011c40 comp rx=0 tx=0).ready entity=mon.0 client_cookie=0 server_cookie=0 in_seq=0 out_seq=0
2024-04-25T01:05:17.535 INFO:teuthology.orchestra.run.smithi031.stdout:/usr/bin/ceph: stderr
2024-04-25T01:05:16.561+0000 7f9e40c00700 1 -- 172.21.15.31:0/88603700 <== mon.0 v2:172.21.15.31:3300/0 1 ==== mon_map magic: 0 ==== 205+0+0 (secure 0 0 0) 0x7f9e34003b60 con 0x7f9e44107f00
2024-04-25T01:05:17.535 INFO:teuthology.orchestra.run.smithi031.stdout:/usr/bin/ceph: stderr
2024-04-25T01:05:16.561+0000 7f9e40c00700 1 -- 172.21.15.31:0/88603700 <== mon.0 v2:172.21.15.31:3300/0 2 ==== config(27 keys) ==== 1140+0+0 (secure 0 0 0) 0x7f9e3401a910 con 0x7f9e44107f00
2024-04-25T01:05:17.535 INFO:teuthology.orchestra.run.smithi031.stdout:/usr/bin/ceph: stderr
2024-04-25T01:05:16.561+0000 7f9e4aa00700 1 -- 172.21.15.31:0/88603700 --> [v2:172.21.15.31:3300/0,v1:172.21.15.31:6789/0] -- mon_subscribe({mgrmap=0+}) -- 0x7f9e4419e740 con 0x7f9e44107f00
2024-04-25T01:05:17.535 INFO:teuthology.orchestra.run.smithi031.stdout:/usr/bin/ceph: stderr
2024-04-25T01:05:16.561+0000 7f9e40c00700 1 -- 172.21.15.31:0/88603700 <== mon.0 v2:172.21.15.31:3300/0 3 ==== mon_map magic: 0 ==== 205+0+0 (secure 0 0 0) 0x7f9e34024930 con 0x7f9e44107f00
2024-04-25T01:05:17.535 INFO:teuthology.orchestra.run.smithi031.stdout:/usr/bin/ceph: stderr
2024-04-25T01:05:16.561+0000 7f9e4aa00700 1 -- 172.21.15.31:0/88603700 --> [v2:172.21.15.31:3300/0,v1:172.21.15.31:6789/0] -- mon_subscribe({osdmap=0}) -- 0x7f9e4419eba0 con 0x7f9e44107f00
2024-04-25T01:05:17.536 INFO:teuthology.orchestra.run.smithi031.stdout:/usr/bin/ceph: stderr
2024-04-25T01:05:16.562+0000 7f9e40c00700 1 -- 172.21.15.31:0/88603700 <== mon.0 v2:172.21.15.31:3300/0 4 ==== mgrmap(e 8) ==== 46287+0+0 (secure 0 0 0) 0x7f9e34022020 con 0x7f9e44107f00
2024-04-25T01:05:17.536 INFO:teuthology.orchestra.run.smithi031.stdout:/usr/bin/ceph: stderr
2024-04-25T01:05:16.563+0000 7f9e4aa00700 1 -- 172.21.15.31:0/88603700 --> [v2:172.21.15.31:3300/0,v1:172.21.15.31:6789/0] -- mon_command({"prefix": "get_command_descriptions"} v 0) -- 0x7f9e44063890 con 0x7f9e44107f00
2024-04-25T01:05:17.536 INFO:teuthology.orchestra.run.smithi031.stdout:/usr/bin/ceph: stderr
2024-04-25T01:05:16.563+0000 7f9e40c00700 1 --2- 172.21.15.31:0/88603700 >> [v2:172.21.15.31:6800/1901973432,v1:172.21.15.31:6801/1901973432] conn(0x7f9e28039050 0x7f9e2803b510 unknown :-1 s=NONE pgs=0 cs=0 l=1 rev1=0 crypto rx=0 tx=0 comp rx=0 tx=0).connect
2024-04-25T01:05:17.536 INFO:teuthology.orchestra.run.smithi031.stdout:/usr/bin/ceph: stderr
2024-04-25T01:05:16.563+0000 7f9e40c00700 1 -- 172.21.15.31:0/88603700 <== mon.0 v2:172.21.15.31:3300/0 5 ==== osd_map(2..2 src has 1..2) ==== 940+0+0 (secure 0 0 0) 0x7f9e3404d260 con 0x7f9e44107f00
2024-04-25T01:05:17.536 INFO:teuthology.orchestra.run.smithi031.stdout:/usr/bin/ceph: stderr
2024-04-25T01:05:16.563+0000 7f9e43400700 1 --2- 172.21.15.31:0/88603700 >> [v2:172.21.15.31:6800/1901973432,v1:172.21.15.31:6801/1901973432] conn(0x7f9e28039050 0x7f9e2803b510 unknown :-1 s=BANNER_CONNECTING pgs=0 cs=0 l=1 rev1=0 crypto rx=0 tx=0 comp rx=0 tx=0)._handle_peer_banner_payload supported=3 required=0
2024-04-25T01:05:17.536 INFO:teuthology.orchestra.run.smithi031.stdout:/usr/bin/ceph: stderr
2024-04-25T01:05:16.564+0000 7f9e43400700 1 --2- 172.21.15.31:0/88603700 >> [v2:172.21.15.31:6800/1901973432,v1:172.21.15.31:6801/1901973432] conn(0x7f9e28039050 0x7f9e2803b510 secure :-1 s=READY pgs=13 cs=0 l=1 rev1=1 crypto rx=0x7f9e30006fd0 tx=0x7f9e30006e40 comp rx=0 tx=0).ready entity=mgr.14120 client_cookie=0 server_cookie=0 in_seq=0 out_seq=0
2024-04-25T01:05:17.536 INFO:teuthology.orchestra.run.smithi031.stdout:/usr/bin/ceph: stderr
2024-04-25T01:05:16.569+0000 7f9e40c00700 1 -- 172.21.15.31:0/88603700 <== mon.0 v2:172.21.15.31:3300/0 6 ==== mon_command_ack([{"prefix": "get_command_descriptions"}]=0 v0) ==== 72+0+186147 (secure 0 0 0) 0x7f9e34024c50 con 0x7f9e44107f00
2024-04-25T01:05:17.536 INFO:teuthology.orchestra.run.smithi031.stdout:/usr/bin/ceph: stderr
2024-04-25T01:05:16.838+0000 7f9e4aa00700 1 -- 172.21.15.31:0/88603700 --> [v2:172.21.15.31:6800/1901973432,v1:172.21.15.31:6801/1901973432] -- mgr_command(tid 0: {"prefix": "orch apply", "service_type": "mgr", "unmanaged": true, "target": ["mon-mgr", ""]}) -- 0x7f9e441045c0 con 0x7f9e28039050
2024-04-25T01:05:17.536 INFO:teuthology.orchestra.run.smithi031.stdout:/usr/bin/ceph: stderr
2024-04-25T01:05:16.843+0000 7f9e40c00700 1 -- 172.21.15.31:0/88603700 <== mgr.14120 v2:172.21.15.31:6800/1901973432 1 ==== mgr_command_reply(tid 0: 0 ) ==== 8+0+24 (secure 0 0 0) 0x7f9e441045c0 con 0x7f9e28039050
2024-04-25T01:05:17.536 INFO:teuthology.orchestra.run.smithi031.stdout:/usr/bin/ceph: stderr
2024-04-25T01:05:16.846+0000 7f9e4aa00700 1 -- 172.21.15.31:0/88603700 >> [v2:172.21.15.31:6800/1901973432,v1:172.21.15.31:6801/1901973432] conn(0x7f9e28039050 msgr2=0x7f9e2803b510 secure :-1 s=STATE_CONNECTION_ESTABLISHED l=1).mark_down
2024-04-25T01:05:17.536 INFO:teuthology.orchestra.run.smithi031.stdout:/usr/bin/ceph: stderr
2024-04-25T01:05:16.846+0000 7f9e4aa00700 1 --2- 172.21.15.31:0/88603700 >> [v2:172.21.15.31:6800/1901973432,v1:172.21.15.31:6801/1901973432] conn(0x7f9e28039050 0x7f9e2803b510 secure :-1 s=READY pgs=13 cs=0 l=1 rev1=1 crypto rx=0x7f9e30006fd0 tx=0x7f9e30006e40 comp rx=0 tx=0).stop
2024-04-25T01:05:17.536 INFO:teuthology.orchestra.run.smithi031.stdout:/usr/bin/ceph: stderr
2024-04-25T01:05:16.846+0000 7f9e4aa00700 1 -- 172.21.15.31:0/88603700 >> [v2:172.21.15.31:3300/0,v1:172.21.15.31:6789/0] conn(0x7f9e44107f00 msgr2=0x7f9e4419df70 secure :-1 s=STATE_CONNECTION_ESTABLISHED l=1).mark_down
2024-04-25T01:05:17.536 INFO:teuthology.orchestra.run.smithi031.stdout:/usr/bin/ceph: stderr
2024-04-25T01:05:16.846+0000 7f9e4aa00700 1 --2- 172.21.15.31:0/88603700 >> [v2:172.21.15.31:3300/0,v1:172.21.15.31:6789/0] conn(0x7f9e44107f00 0x7f9e4419df70 secure :-1 s=READY pgs=50 cs=0 l=1 rev1=1 crypto rx=0x7f9e34011b60 tx=0x7f9e34011c40 comp rx=0 tx=0).stop
2024-04-25T01:05:17.536 INFO:teuthology.orchestra.run.smithi031.stdout:/usr/bin/ceph: stderr
2024-04-25T01:05:16.847+0000 7f9e4aa00700 1 -- 172.21.15.31:0/88603700 shutdown_connections
2024-04-25T01:05:17.537 INFO:teuthology.orchestra.run.smithi031.stdout:/usr/bin/ceph: stderr
2024-04-25T01:05:16.847+0000 7f9e4aa00700 1 --2- 172.21.15.31:0/88603700 >> [v2:172.21.15.31:6800/1901973432,v1:172.21.15.31:6801/1901973432] conn(0x7f9e28039050 0x7f9e2803b510 unknown :-1 s=CLOSED pgs=13 cs=0 l=1 rev1=1 crypto rx=0 tx=0 comp rx=0 tx=0).stop
2024-04-25T01:05:17.537 INFO:teuthology.orchestra.run.smithi031.stdout:/usr/bin/ceph: stderr
2024-04-25T01:05:16.847+0000 7f9e4aa00700 1 --2- 172.21.15.31:0/88603700 >> [v2:172.21.15.31:3300/0,v1:172.21.15.31:6789/0] conn(0x7f9e44107f00 0x7f9e4419df70 unknown :-1 s=CLOSED pgs=50 cs=0 l=1 rev1=1 crypto rx=0 tx=0 comp rx=0 tx=0).stop
2024-04-25T01:05:17.537 INFO:teuthology.orchestra.run.smithi031.stdout:/usr/bin/ceph: stderr
2024-04-25T01:05:16.847+0000 7f9e4aa00700 1 -- 172.21.15.31:0/88603700 >> 172.21.15.31:0/88603700 conn(0x7f9e441034c0 msgr2=0x7f9e44103eb0 unknown :-1 s=STATE_NONE l=0).mark_down
2024-04-25T01:05:17.537 INFO:teuthology.orchestra.run.smithi031.stdout:/usr/bin/ceph: stderr
2024-04-25T01:05:16.847+0000 7f9e4aa00700 1 -- 172.21.15.31:0/88603700 shutdown_connections
2024-04-25T01:05:17.537 INFO:teuthology.orchestra.run.smithi031.stdout:/usr/bin/ceph: stderr
2024-04-25T01:05:16.847+0000 7f9e4aa00700 1 -- 172.21.15.31:0/88603700 wait complete.
2024-04-25T01:05:18.414 INFO:journalctl@ceph.mon.a.smithi031.stdout:Apr 25 01:05:18 smithi031 ceph-mon[28053]: pgmap v3: 0 pgs: ; 0 B data, 0 B used, 0 B / 0 B avail
2024-04-25T01:05:19.694 INFO:journalctl@ceph.mon.a.smithi031.stdout:Apr 25 01:05:19 smithi031 ceph-mon[28053]: from='client.? 172.21.15.31:0/2815395260' entity='client.admin'
2024-04-25T01:05:19.705 INFO:teuthology.orchestra.run.smithi031.stdout:/usr/bin/ceph: stderr
2024-04-25T01:05:18.178+0000 7f51a8c00700 1 Processor -- start
2024-04-25T01:05:19.705 INFO:teuthology.orchestra.run.smithi031.stdout:/usr/bin/ceph: stderr
2024-04-25T01:05:18.178+0000 7f51a8c00700 1 -- start start
2024-04-25T01:05:19.706 INFO:teuthology.orchestra.run.smithi031.stdout:/usr/bin/ceph: stderr
2024-04-25T01:05:18.178+0000 7f51a8c00700 1 --2- >> [v2:172.21.15.31:3300/0,v1:172.21.15.31:6789/0] conn(0x7f51a410a100 0x7f51a410a520 unknown :-1 s=NONE pgs=0 cs=0 l=0 rev1=0 crypto rx=0 tx=0 comp rx=0 tx=0).connect
2024-04-25T01:05:19.706 INFO:teuthology.orchestra.run.smithi031.stdout:/usr/bin/ceph: stderr
2024-04-25T01:05:18.178+0000 7f51a8c00700 1 -- --> [v2:172.21.15.31:3300/0,v1:172.21.15.31:6789/0] -- mon_getmap magic: 0 -- 0x7f51a410aaf0 con 0x7f51a410a100
2024-04-25T01:05:19.706 INFO:teuthology.orchestra.run.smithi031.stdout:/usr/bin/ceph: stderr
2024-04-25T01:05:18.179+0000 7f51a3400700 1 --2- >> [v2:172.21.15.31:3300/0,v1:172.21.15.31:6789/0] conn(0x7f51a410a100 0x7f51a410a520 unknown :-1 s=BANNER_CONNECTING pgs=0 cs=0 l=0 rev1=0 crypto rx=0 tx=0 comp rx=0 tx=0)._handle_peer_banner_payload supported=3 required=0
2024-04-25T01:05:19.706 INFO:teuthology.orchestra.run.smithi031.stdout:/usr/bin/ceph: stderr
2024-04-25T01:05:18.179+0000 7f51a3400700 1 --2- >> [v2:172.21.15.31:3300/0,v1:172.21.15.31:6789/0] conn(0x7f51a410a100 0x7f51a410a520 unknown :-1 s=HELLO_CONNECTING pgs=0 cs=0 l=0 rev1=1 crypto rx=0 tx=0 comp rx=0 tx=0).handle_hello peer v2:172.21.15.31:3300/0 says I am v2:172.21.15.31:46942/0 (socket says 172.21.15.31:46942)
2024-04-25T01:05:19.706 INFO:teuthology.orchestra.run.smithi031.stdout:/usr/bin/ceph: stderr
2024-04-25T01:05:18.179+0000 7f51a3400700 1 -- 172.21.15.31:0/940012581 learned_addr learned my addr 172.21.15.31:0/940012581 (peer_addr_for_me v2:172.21.15.31:0/0)
2024-04-25T01:05:19.706 INFO:teuthology.orchestra.run.smithi031.stdout:/usr/bin/ceph: stderr
2024-04-25T01:05:18.179+0000 7f51a3400700 1 -- 172.21.15.31:0/940012581 --> [v2:172.21.15.31:3300/0,v1:172.21.15.31:6789/0] -- mon_subscribe({config=0+,monmap=0+}) -- 0x7f51a410b020 con 0x7f51a410a100
2024-04-25T01:05:19.706 INFO:teuthology.orchestra.run.smithi031.stdout:/usr/bin/ceph: stderr
2024-04-25T01:05:18.179+0000 7f51a3400700 1 --2- 172.21.15.31:0/940012581 >> [v2:172.21.15.31:3300/0,v1:172.21.15.31:6789/0] conn(0x7f51a410a100 0x7f51a410a520 secure :-1 s=READY pgs=51 cs=0 l=1 rev1=1 crypto rx=0x7f51940098a0 tx=0x7f5194009bb0 comp rx=0 tx=0).ready entity=mon.0 client_cookie=d02b6a2fe3e6a7e5 server_cookie=0 in_seq=0 out_seq=0
2024-04-25T01:05:19.706 INFO:teuthology.orchestra.run.smithi031.stdout:/usr/bin/ceph: stderr
2024-04-25T01:05:18.180+0000 7f51a2000700 1 -- 172.21.15.31:0/940012581 <== mon.0 v2:172.21.15.31:3300/0 1 ==== mon_map magic: 0 ==== 205+0+0 (secure 0 0 0) 0x7f5194004160 con 0x7f51a410a100
2024-04-25T01:05:19.706 INFO:teuthology.orchestra.run.smithi031.stdout:/usr/bin/ceph: stderr
2024-04-25T01:05:18.180+0000 7f51a2000700 1 -- 172.21.15.31:0/940012581 <== mon.0 v2:172.21.15.31:3300/0 2 ==== config(27 keys) ==== 1140+0+0 (secure 0 0 0) 0x7f5194004300 con 0x7f51a410a100
2024-04-25T01:05:19.706 INFO:teuthology.orchestra.run.smithi031.stdout:/usr/bin/ceph: stderr
2024-04-25T01:05:18.180+0000 7f51a2000700 1 -- 172.21.15.31:0/940012581 <== mon.0 v2:172.21.15.31:3300/0 3 ==== mon_map magic: 0 ==== 205+0+0 (secure 0 0 0) 0x7f5194011b20 con 0x7f51a410a100
2024-04-25T01:05:19.706 INFO:teuthology.orchestra.run.smithi031.stdout:/usr/bin/ceph: stderr
2024-04-25T01:05:18.180+0000 7f51a8c00700 1 -- 172.21.15.31:0/940012581 >> [v2:172.21.15.31:3300/0,v1:172.21.15.31:6789/0] conn(0x7f51a410a100 msgr2=0x7f51a410a520 secure :-1 s=STATE_CONNECTION_ESTABLISHED l=1).mark_down
2024-04-25T01:05:19.706 INFO:teuthology.orchestra.run.smithi031.stdout:/usr/bin/ceph: stderr
2024-04-25T01:05:18.180+0000 7f51a8c00700 1 --2- 172.21.15.31:0/940012581 >> [v2:172.21.15.31:3300/0,v1:172.21.15.31:6789/0] conn(0x7f51a410a100 0x7f51a410a520 secure :-1 s=READY pgs=51 cs=0 l=1 rev1=1 crypto rx=0x7f51940098a0 tx=0x7f5194009bb0 comp rx=0 tx=0).stop
2024-04-25T01:05:19.706 INFO:teuthology.orchestra.run.smithi031.stdout:/usr/bin/ceph: stderr
2024-04-25T01:05:18.181+0000 7f51a8c00700 1 -- 172.21.15.31:0/940012581 shutdown_connections
2024-04-25T01:05:19.707 INFO:teuthology.orchestra.run.smithi031.stdout:/usr/bin/ceph: stderr
2024-04-25T01:05:18.181+0000 7f51a8c00700 1 --2- 172.21.15.31:0/940012581 >> [v2:172.21.15.31:3300/0,v1:172.21.15.31:6789/0] conn(0x7f51a410a100 0x7f51a410a520 unknown :-1 s=CLOSED pgs=51 cs=0 l=1 rev1=1 crypto rx=0 tx=0 comp rx=0 tx=0).stop
2024-04-25T01:05:19.707 INFO:teuthology.orchestra.run.smithi031.stdout:/usr/bin/ceph: stderr
2024-04-25T01:05:18.181+0000 7f51a8c00700 1 -- 172.21.15.31:0/940012581 >> 172.21.15.31:0/940012581 conn(0x7f51a407d340 msgr2=0x7f51a407d750 unknown :-1 s=STATE_NONE l=0).mark_down
2024-04-25T01:05:19.707 INFO:teuthology.orchestra.run.smithi031.stdout:/usr/bin/ceph: stderr
2024-04-25T01:05:18.181+0000 7f51a8c00700 1 -- 172.21.15.31:0/940012581 shutdown_connections
2024-04-25T01:05:19.707 INFO:teuthology.orchestra.run.smithi031.stdout:/usr/bin/ceph: stderr
2024-04-25T01:05:18.181+0000 7f51a8c00700 1 -- 172.21.15.31:0/940012581 wait complete.
2024-04-25T01:05:19.707 INFO:teuthology.orchestra.run.smithi031.stdout:/usr/bin/ceph: stderr
2024-04-25T01:05:18.182+0000 7f51a8c00700 1 Processor -- start
2024-04-25T01:05:19.707 INFO:teuthology.orchestra.run.smithi031.stdout:/usr/bin/ceph: stderr
2024-04-25T01:05:18.182+0000 7f51a8c00700 1 -- start start
2024-04-25T01:05:19.707 INFO:teuthology.orchestra.run.smithi031.stdout:/usr/bin/ceph: stderr
2024-04-25T01:05:18.182+0000 7f51a8c00700 1 --2- >> [v2:172.21.15.31:3300/0,v1:172.21.15.31:6789/0] conn(0x7f51a410a100 0x7f51a419ddb0 unknown :-1 s=NONE pgs=0 cs=0 l=1 rev1=0 crypto rx=0 tx=0 comp rx=0 tx=0).connect
2024-04-25T01:05:19.707 INFO:teuthology.orchestra.run.smithi031.stdout:/usr/bin/ceph: stderr
2024-04-25T01:05:18.182+0000 7f51a8c00700 1 -- --> [v2:172.21.15.31:3300/0,v1:172.21.15.31:6789/0] -- mon_getmap magic: 0 -- 0x7f51a410e460 con 0x7f51a410a100
2024-04-25T01:05:19.707 INFO:teuthology.orchestra.run.smithi031.stdout:/usr/bin/ceph: stderr
2024-04-25T01:05:18.183+0000 7f51a3400700 1 --2- >> [v2:172.21.15.31:3300/0,v1:172.21.15.31:6789/0] conn(0x7f51a410a100 0x7f51a419ddb0 unknown :-1 s=BANNER_CONNECTING pgs=0 cs=0 l=1 rev1=0 crypto rx=0 tx=0 comp rx=0 tx=0)._handle_peer_banner_payload supported=3 required=0
2024-04-25T01:05:19.707 INFO:teuthology.orchestra.run.smithi031.stdout:/usr/bin/ceph: stderr
2024-04-25T01:05:18.183+0000 7f51a3400700 1 --2- >> [v2:172.21.15.31:3300/0,v1:172.21.15.31:6789/0] conn(0x7f51a410a100 0x7f51a419ddb0 unknown :-1 s=HELLO_CONNECTING pgs=0 cs=0 l=1 rev1=1 crypto rx=0 tx=0 comp rx=0 tx=0).handle_hello peer v2:172.21.15.31:3300/0 says I am v2:172.21.15.31:46950/0 (socket says 172.21.15.31:46950)
2024-04-25T01:05:19.707 INFO:teuthology.orchestra.run.smithi031.stdout:/usr/bin/ceph: stderr
2024-04-25T01:05:18.183+0000 7f51a3400700 1 -- 172.21.15.31:0/2815395260 learned_addr learned my addr 172.21.15.31:0/2815395260 (peer_addr_for_me v2:172.21.15.31:0/0)
2024-04-25T01:05:19.707 INFO:teuthology.orchestra.run.smithi031.stdout:/usr/bin/ceph: stderr
2024-04-25T01:05:18.183+0000 7f51a3400700 1 -- 172.21.15.31:0/2815395260 --> [v2:172.21.15.31:3300/0,v1:172.21.15.31:6789/0] -- mon_subscribe({config=0+,monmap=0+}) -- 0x7f51a419e2f0 con 0x7f51a410a100
2024-04-25T01:05:19.710 INFO:teuthology.orchestra.run.smithi031.stdout:/usr/bin/ceph: stderr
2024-04-25T01:05:18.183+0000 7f51a3400700 1 --2- 172.21.15.31:0/2815395260 >> [v2:172.21.15.31:3300/0,v1:172.21.15.31:6789/0] conn(0x7f51a410a100 0x7f51a419ddb0 secure :-1 s=READY pgs=52 cs=0 l=1 rev1=1 crypto rx=0x7f5194011b60 tx=0x7f5194011c40 comp rx=0 tx=0).ready entity=mon.0 client_cookie=0 server_cookie=0 in_seq=0 out_seq=0
2024-04-25T01:05:19.710 INFO:teuthology.orchestra.run.smithi031.stdout:/usr/bin/ceph: stderr
2024-04-25T01:05:18.184+0000 7f519be00700 1 -- 172.21.15.31:0/2815395260 <== mon.0 v2:172.21.15.31:3300/0 1 ==== mon_map magic: 0 ==== 205+0+0 (secure 0 0 0) 0x7f5194003b60 con 0x7f51a410a100
2024-04-25T01:05:19.710 INFO:teuthology.orchestra.run.smithi031.stdout:/usr/bin/ceph: stderr
2024-04-25T01:05:18.184+0000 7f519be00700 1 -- 172.21.15.31:0/2815395260 <== mon.0 v2:172.21.15.31:3300/0 2 ==== config(27 keys) ==== 1140+0+0 (secure 0 0 0) 0x7f519401a910 con 0x7f51a410a100
2024-04-25T01:05:19.710 INFO:teuthology.orchestra.run.smithi031.stdout:/usr/bin/ceph: stderr
2024-04-25T01:05:18.184+0000 7f519be00700 1 -- 172.21.15.31:0/2815395260 <== mon.0 v2:172.21.15.31:3300/0 3 ==== mon_map magic: 0 ==== 205+0+0 (secure 0 0 0) 0x7f5194024930 con 0x7f51a410a100
2024-04-25T01:05:19.710 INFO:teuthology.orchestra.run.smithi031.stdout:/usr/bin/ceph: stderr
2024-04-25T01:05:18.184+0000 7f51a8c00700 1 -- 172.21.15.31:0/2815395260 --> [v2:172.21.15.31:3300/0,v1:172.21.15.31:6789/0] -- mon_subscribe({mgrmap=0+}) -- 0x7f51a419e580 con 0x7f51a410a100
2024-04-25T01:05:19.711 INFO:teuthology.orchestra.run.smithi031.stdout:/usr/bin/ceph: stderr
2024-04-25T01:05:18.184+0000 7f51a8c00700 1 -- 172.21.15.31:0/2815395260 --> [v2:172.21.15.31:3300/0,v1:172.21.15.31:6789/0] -- mon_subscribe({osdmap=0}) -- 0x7f51a419e9e0 con 0x7f51a410a100
2024-04-25T01:05:19.711 INFO:teuthology.orchestra.run.smithi031.stdout:/usr/bin/ceph: stderr
2024-04-25T01:05:18.185+0000 7f51a8c00700 1 -- 172.21.15.31:0/2815395260 --> [v2:172.21.15.31:3300/0,v1:172.21.15.31:6789/0] -- mon_command({"prefix": "get_command_descriptions"} v 0) -- 0x7f51a4063890 con 0x7f51a410a100
2024-04-25T01:05:19.711 INFO:teuthology.orchestra.run.smithi031.stdout:/usr/bin/ceph: stderr
2024-04-25T01:05:18.185+0000 7f519be00700 1 -- 172.21.15.31:0/2815395260 <== mon.0 v2:172.21.15.31:3300/0 4 ==== mgrmap(e 8) ==== 46287+0+0 (secure 0 0 0) 0x7f5194022020 con 0x7f51a410a100
2024-04-25T01:05:19.711 INFO:teuthology.orchestra.run.smithi031.stdout:/usr/bin/ceph: stderr
2024-04-25T01:05:18.186+0000 7f519be00700 1 --2- 172.21.15.31:0/2815395260 >> [v2:172.21.15.31:6800/1901973432,v1:172.21.15.31:6801/1901973432] conn(0x7f5188039050 0x7f518803b510 unknown :-1 s=NONE pgs=0 cs=0 l=1 rev1=0 crypto rx=0 tx=0 comp rx=0 tx=0).connect
2024-04-25T01:05:19.711 INFO:teuthology.orchestra.run.smithi031.stdout:/usr/bin/ceph: stderr
2024-04-25T01:05:18.186+0000 7f519be00700 1 -- 172.21.15.31:0/2815395260 <== mon.0 v2:172.21.15.31:3300/0 5 ==== osd_map(2..2 src has 1..2) ==== 940+0+0 (secure 0 0 0) 0x7f519404d310 con 0x7f51a410a100
2024-04-25T01:05:19.711 INFO:teuthology.orchestra.run.smithi031.stdout:/usr/bin/ceph: stderr
2024-04-25T01:05:18.186+0000 7f51a2a00700 1 --2- 172.21.15.31:0/2815395260 >> [v2:172.21.15.31:6800/1901973432,v1:172.21.15.31:6801/1901973432] conn(0x7f5188039050 0x7f518803b510 unknown :-1 s=BANNER_CONNECTING pgs=0 cs=0 l=1 rev1=0 crypto rx=0 tx=0 comp rx=0 tx=0)._handle_peer_banner_payload supported=3 required=0
2024-04-25T01:05:19.711 INFO:teuthology.orchestra.run.smithi031.stdout:/usr/bin/ceph: stderr
2024-04-25T01:05:18.187+0000 7f51a2a00700 1 --2- 172.21.15.31:0/2815395260 >> [v2:172.21.15.31:6800/1901973432,v1:172.21.15.31:6801/1901973432] conn(0x7f5188039050 0x7f518803b510 secure :-1 s=READY pgs=14 cs=0 l=1 rev1=1 crypto rx=0x7f5190006fd0 tx=0x7f5190006e40 comp rx=0 tx=0).ready entity=mgr.14120 client_cookie=0 server_cookie=0 in_seq=0 out_seq=0
2024-04-25T01:05:19.711 INFO:teuthology.orchestra.run.smithi031.stdout:/usr/bin/ceph: stderr
2024-04-25T01:05:18.192+0000 7f519be00700 1 -- 172.21.15.31:0/2815395260 <== mon.0 v2:172.21.15.31:3300/0 6 ==== mon_command_ack([{"prefix": "get_command_descriptions"}]=0 v0) ==== 72+0+186147 (secure 0 0 0) 0x7f519404cc60 con 0x7f51a410a100
2024-04-25T01:05:19.711 INFO:teuthology.orchestra.run.smithi031.stdout:/usr/bin/ceph: stderr
2024-04-25T01:05:18.417+0000 7f51a8c00700 1 -- 172.21.15.31:0/2815395260 --> [v2:172.21.15.31:3300/0,v1:172.21.15.31:6789/0] -- mon_command([{prefix=config set, name=mgr/cephadm/container_init}] v 0) -- 0x7f51a41a1270 con 0x7f51a410a100
2024-04-25T01:05:19.711 INFO:teuthology.orchestra.run.smithi031.stdout:/usr/bin/ceph: stderr
2024-04-25T01:05:18.426+0000 7f519be00700 1 -- 172.21.15.31:0/2815395260 <== mon.0 v2:172.21.15.31:3300/0 7 ==== mon_command_ack([{prefix=config set, name=mgr/cephadm/container_init}]=0 v7)=0 v7) ==== 142+0+0 (secure 0 0 0) 0x7f5194024c50 con 0x7f51a410a100
2024-04-25T01:05:19.711 INFO:teuthology.orchestra.run.smithi031.stdout:/usr/bin/ceph: stderr
2024-04-25T01:05:18.428+0000 7f51a8c00700 1 -- 172.21.15.31:0/2815395260 >> [v2:172.21.15.31:6800/1901973432,v1:172.21.15.31:6801/1901973432] conn(0x7f5188039050 msgr2=0x7f518803b510 secure :-1 s=STATE_CONNECTION_ESTABLISHED l=1).mark_down
2024-04-25T01:05:19.711 INFO:teuthology.orchestra.run.smithi031.stdout:/usr/bin/ceph: stderr
2024-04-25T01:05:18.428+0000 7f51a8c00700 1 --2- 172.21.15.31:0/2815395260 >> [v2:172.21.15.31:6800/1901973432,v1:172.21.15.31:6801/1901973432] conn(0x7f5188039050 0x7f518803b510 secure :-1 s=READY pgs=14 cs=0 l=1 rev1=1 crypto rx=0x7f5190006fd0 tx=0x7f5190006e40 comp rx=0 tx=0).stop
2024-04-25T01:05:19.711 INFO:teuthology.orchestra.run.smithi031.stdout:/usr/bin/ceph: stderr
2024-04-25T01:05:18.428+0000 7f51a8c00700 1 -- 172.21.15.31:0/2815395260 >> [v2:172.21.15.31:3300/0,v1:172.21.15.31:6789/0] conn(0x7f51a410a100 msgr2=0x7f51a419ddb0 secure :-1 s=STATE_CONNECTION_ESTABLISHED l=1).mark_down
2024-04-25T01:05:19.711 INFO:teuthology.orchestra.run.smithi031.stdout:/usr/bin/ceph: stderr
2024-04-25T01:05:18.428+0000 7f51a8c00700 1 --2- 172.21.15.31:0/2815395260 >> [v2:172.21.15.31:3300/0,v1:172.21.15.31:6789/0] conn(0x7f51a410a100 0x7f51a419ddb0 secure :-1 s=READY pgs=52 cs=0 l=1 rev1=1 crypto rx=0x7f5194011b60 tx=0x7f5194011c40 comp rx=0 tx=0).stop
2024-04-25T01:05:19.712 INFO:teuthology.orchestra.run.smithi031.stdout:/usr/bin/ceph: stderr
2024-04-25T01:05:18.429+0000 7f51a8c00700 1 -- 172.21.15.31:0/2815395260 shutdown_connections
2024-04-25T01:05:19.712 INFO:teuthology.orchestra.run.smithi031.stdout:/usr/bin/ceph: stderr
2024-04-25T01:05:18.429+0000 7f51a8c00700 1 --2- 172.21.15.31:0/2815395260 >> [v2:172.21.15.31:6800/1901973432,v1:172.21.15.31:6801/1901973432] conn(0x7f5188039050 0x7f518803b510 unknown :-1 s=CLOSED pgs=14 cs=0 l=1 rev1=1 crypto rx=0 tx=0 comp rx=0 tx=0).stop
2024-04-25T01:05:19.712 INFO:teuthology.orchestra.run.smithi031.stdout:/usr/bin/ceph: stderr
2024-04-25T01:05:18.429+0000 7f51a8c00700 1 --2- 172.21.15.31:0/2815395260 >> [v2:172.21.15.31:3300/0,v1:172.21.15.31:6789/0] conn(0x7f51a410a100 0x7f51a419ddb0 unknown :-1 s=CLOSED pgs=52 cs=0 l=1 rev1=1 crypto rx=0 tx=0 comp rx=0 tx=0).stop
2024-04-25T01:05:19.712 INFO:teuthology.orchestra.run.smithi031.stdout:/usr/bin/ceph: stderr
2024-04-25T01:05:18.429+0000 7f51a8c00700 1 -- 172.21.15.31:0/2815395260 >> 172.21.15.31:0/2815395260 conn(0x7f51a407d340 msgr2=0x7f51a4107cb0 unknown :-1 s=STATE_NONE l=0).mark_down
2024-04-25T01:05:19.712 INFO:teuthology.orchestra.run.smithi031.stdout:/usr/bin/ceph: stderr
2024-04-25T01:05:18.429+0000 7f51a8c00700 1 -- 172.21.15.31:0/2815395260 shutdown_connections
2024-04-25T01:05:19.712 INFO:teuthology.orchestra.run.smithi031.stdout:/usr/bin/ceph: stderr
2024-04-25T01:05:18.429+0000 7f51a8c00700 1 -- 172.21.15.31:0/2815395260 wait complete.
2024-04-25T01:05:20.560 INFO:journalctl@ceph.mon.a.smithi031.stdout:Apr 25 01:05:20 smithi031 ceph-mon[28053]: pgmap v4: 0 pgs: ; 0 B data, 0 B used, 0 B / 0 B avail
2024-04-25T01:05:20.561 INFO:journalctl@ceph.mon.a.smithi031.stdout:Apr 25 01:05:20 smithi031 ceph-mon[28053]: from='mgr.14120 172.21.15.31:0/3147237190' entity='mgr.x'
2024-04-25T01:05:21.283 INFO:teuthology.orchestra.run.smithi031.stdout:/usr/bin/ceph: stderr
2024-04-25T01:05:20.317+0000 7f67ff000700 1 Processor -- start
2024-04-25T01:05:21.283 INFO:teuthology.orchestra.run.smithi031.stdout:/usr/bin/ceph: stderr
2024-04-25T01:05:20.317+0000 7f67ff000700 1 -- start start
2024-04-25T01:05:21.284 INFO:teuthology.orchestra.run.smithi031.stdout:/usr/bin/ceph: stderr
2024-04-25T01:05:20.317+0000 7f67ff000700 1 --2- >> [v2:172.21.15.31:3300/0,v1:172.21.15.31:6789/0] conn(0x7f67f8108940 0x7f67f810ad30 unknown :-1 s=NONE pgs=0 cs=0 l=0 rev1=0 crypto rx=0 tx=0 comp rx=0 tx=0).connect
2024-04-25T01:05:21.284 INFO:teuthology.orchestra.run.smithi031.stdout:/usr/bin/ceph: stderr
2024-04-25T01:05:20.317+0000 7f67ff000700 1 -- --> [v2:172.21.15.31:3300/0,v1:172.21.15.31:6789/0] -- mon_getmap magic: 0 -- 0x7f67f807be30 con 0x7f67f8108940
2024-04-25T01:05:21.284 INFO:teuthology.orchestra.run.smithi031.stdout:/usr/bin/ceph: stderr
2024-04-25T01:05:20.318+0000 7f67f7e00700 1 --2- >> [v2:172.21.15.31:3300/0,v1:172.21.15.31:6789/0] conn(0x7f67f8108940 0x7f67f810ad30 unknown :-1 s=BANNER_CONNECTING pgs=0 cs=0 l=0 rev1=0 crypto rx=0 tx=0 comp rx=0 tx=0)._handle_peer_banner_payload supported=3 required=0
2024-04-25T01:05:21.284 INFO:teuthology.orchestra.run.smithi031.stdout:/usr/bin/ceph: stderr
2024-04-25T01:05:20.318+0000 7f67f7e00700 1 --2- >> [v2:172.21.15.31:3300/0,v1:172.21.15.31:6789/0] conn(0x7f67f8108940 0x7f67f810ad30 unknown :-1 s=HELLO_CONNECTING pgs=0 cs=0 l=0 rev1=1 crypto rx=0 tx=0 comp rx=0 tx=0).handle_hello peer v2:172.21.15.31:3300/0 says I am v2:172.21.15.31:46966/0 (socket says 172.21.15.31:46966)
2024-04-25T01:05:21.284 INFO:teuthology.orchestra.run.smithi031.stdout:/usr/bin/ceph: stderr
2024-04-25T01:05:20.318+0000 7f67f7e00700 1 -- 172.21.15.31:0/690852948 learned_addr learned my addr 172.21.15.31:0/690852948 (peer_addr_for_me v2:172.21.15.31:0/0)
2024-04-25T01:05:21.284 INFO:teuthology.orchestra.run.smithi031.stdout:/usr/bin/ceph: stderr
2024-04-25T01:05:20.318+0000 7f67f7e00700 1 -- 172.21.15.31:0/690852948 --> [v2:172.21.15.31:3300/0,v1:172.21.15.31:6789/0] -- mon_subscribe({config=0+,monmap=0+}) -- 0x7f67f810b270 con 0x7f67f8108940
2024-04-25T01:05:21.284 INFO:teuthology.orchestra.run.smithi031.stdout:/usr/bin/ceph: stderr
2024-04-25T01:05:20.319+0000 7f67f7e00700 1 --2- 172.21.15.31:0/690852948 >> [v2:172.21.15.31:3300/0,v1:172.21.15.31:6789/0] conn(0x7f67f8108940 0x7f67f810ad30 secure :-1 s=READY pgs=53 cs=0 l=1 rev1=1 crypto rx=0x7f67e80098a0 tx=0x7f67e8009bb0 comp rx=0 tx=0).ready entity=mon.0 client_cookie=2212dc5080318705 server_cookie=0 in_seq=0 out_seq=0
2024-04-25T01:05:21.284 INFO:teuthology.orchestra.run.smithi031.stdout:/usr/bin/ceph: stderr
2024-04-25T01:05:20.319+0000 7f67f6a00700 1 -- 172.21.15.31:0/690852948 <== mon.0 v2:172.21.15.31:3300/0 1 ==== mon_map magic: 0 ==== 205+0+0 (secure 0 0 0) 0x7f67e8004160 con 0x7f67f8108940
2024-04-25T01:05:21.284 INFO:teuthology.orchestra.run.smithi031.stdout:/usr/bin/ceph: stderr
2024-04-25T01:05:20.319+0000 7f67f6a00700 1 -- 172.21.15.31:0/690852948 <== mon.0 v2:172.21.15.31:3300/0 2 ==== config(27 keys) ==== 1140+0+0 (secure 0 0 0) 0x7f67e8004300 con 0x7f67f8108940
2024-04-25T01:05:21.284 INFO:teuthology.orchestra.run.smithi031.stdout:/usr/bin/ceph: stderr
2024-04-25T01:05:20.319+0000 7f67f6a00700 1 -- 172.21.15.31:0/690852948 <== mon.0 v2:172.21.15.31:3300/0 3 ==== mon_map magic: 0 ==== 205+0+0 (secure 0 0 0) 0x7f67e8011b20 con 0x7f67f8108940
2024-04-25T01:05:21.284 INFO:teuthology.orchestra.run.smithi031.stdout:/usr/bin/ceph: stderr
2024-04-25T01:05:20.320+0000 7f67ff000700 1 -- 172.21.15.31:0/690852948 >> [v2:172.21.15.31:3300/0,v1:172.21.15.31:6789/0] conn(0x7f67f8108940 msgr2=0x7f67f810ad30 secure :-1 s=STATE_CONNECTION_ESTABLISHED l=1).mark_down
2024-04-25T01:05:21.284 INFO:teuthology.orchestra.run.smithi031.stdout:/usr/bin/ceph: stderr
2024-04-25T01:05:20.320+0000 7f67ff000700 1 --2- 172.21.15.31:0/690852948 >> [v2:172.21.15.31:3300/0,v1:172.21.15.31:6789/0] conn(0x7f67f8108940 0x7f67f810ad30 secure :-1 s=READY pgs=53 cs=0 l=1 rev1=1 crypto rx=0x7f67e80098a0 tx=0x7f67e8009bb0 comp rx=0 tx=0).stop
2024-04-25T01:05:21.284 INFO:teuthology.orchestra.run.smithi031.stdout:/usr/bin/ceph: stderr
2024-04-25T01:05:20.320+0000 7f67ff000700 1 -- 172.21.15.31:0/690852948 shutdown_connections
2024-04-25T01:05:21.285 INFO:teuthology.orchestra.run.smithi031.stdout:/usr/bin/ceph: stderr
2024-04-25T01:05:20.320+0000 7f67ff000700 1 --2- 172.21.15.31:0/690852948 >> [v2:172.21.15.31:3300/0,v1:172.21.15.31:6789/0] conn(0x7f67f8108940 0x7f67f810ad30 unknown :-1 s=CLOSED pgs=53 cs=0 l=1 rev1=1 crypto rx=0 tx=0 comp rx=0 tx=0).stop
2024-04-25T01:05:21.285 INFO:teuthology.orchestra.run.smithi031.stdout:/usr/bin/ceph: stderr
2024-04-25T01:05:20.320+0000 7f67ff000700 1 -- 172.21.15.31:0/690852948 >> 172.21.15.31:0/690852948 conn(0x7f67f8102330 msgr2=0x7f67f8104750 unknown :-1 s=STATE_NONE l=0).mark_down
2024-04-25T01:05:21.285 INFO:teuthology.orchestra.run.smithi031.stdout:/usr/bin/ceph: stderr
2024-04-25T01:05:20.320+0000 7f67ff000700 1 -- 172.21.15.31:0/690852948 shutdown_connections
2024-04-25T01:05:21.285 INFO:teuthology.orchestra.run.smithi031.stdout:/usr/bin/ceph: stderr
2024-04-25T01:05:20.320+0000 7f67ff000700 1 -- 172.21.15.31:0/690852948 wait complete.
2024-04-25T01:05:21.285 INFO:teuthology.orchestra.run.smithi031.stdout:/usr/bin/ceph: stderr
2024-04-25T01:05:20.321+0000 7f67ff000700 1 Processor -- start
2024-04-25T01:05:21.285 INFO:teuthology.orchestra.run.smithi031.stdout:/usr/bin/ceph: stderr
2024-04-25T01:05:20.322+0000 7f67ff000700 1 -- start start
2024-04-25T01:05:21.285 INFO:teuthology.orchestra.run.smithi031.stdout:/usr/bin/ceph: stderr
2024-04-25T01:05:20.322+0000 7f67ff000700 1 --2- >> [v2:172.21.15.31:3300/0,v1:172.21.15.31:6789/0] conn(0x7f67f8108940 0x7f67f81081c0 unknown :-1 s=NONE pgs=0 cs=0 l=1 rev1=0 crypto rx=0 tx=0 comp rx=0 tx=0).connect
2024-04-25T01:05:21.285 INFO:teuthology.orchestra.run.smithi031.stdout:/usr/bin/ceph: stderr
2024-04-25T01:05:20.322+0000 7f67ff000700 1 -- --> [v2:172.21.15.31:3300/0,v1:172.21.15.31:6789/0] -- mon_getmap magic: 0 -- 0x7f67f810c270 con 0x7f67f8108940
2024-04-25T01:05:21.285 INFO:teuthology.orchestra.run.smithi031.stdout:/usr/bin/ceph: stderr
2024-04-25T01:05:20.323+0000 7f67f7e00700 1 --2- >> [v2:172.21.15.31:3300/0,v1:172.21.15.31:6789/0] conn(0x7f67f8108940 0x7f67f81081c0 unknown :-1 s=BANNER_CONNECTING pgs=0 cs=0 l=1 rev1=0 crypto rx=0 tx=0 comp rx=0 tx=0)._handle_peer_banner_payload supported=3 required=0
2024-04-25T01:05:21.285 INFO:teuthology.orchestra.run.smithi031.stdout:/usr/bin/ceph: stderr
2024-04-25T01:05:20.323+0000 7f67f7e00700 1 --2- >> [v2:172.21.15.31:3300/0,v1:172.21.15.31:6789/0] conn(0x7f67f8108940 0x7f67f81081c0 unknown :-1 s=HELLO_CONNECTING pgs=0 cs=0 l=1 rev1=1 crypto rx=0 tx=0 comp rx=0 tx=0).handle_hello peer v2:172.21.15.31:3300/0 says I am v2:172.21.15.31:46970/0 (socket says 172.21.15.31:46970)
2024-04-25T01:05:21.285 INFO:teuthology.orchestra.run.smithi031.stdout:/usr/bin/ceph: stderr
2024-04-25T01:05:20.323+0000 7f67f7e00700 1 -- 172.21.15.31:0/3832085845 learned_addr learned my addr 172.21.15.31:0/3832085845 (peer_addr_for_me v2:172.21.15.31:0/0)
2024-04-25T01:05:21.288 INFO:teuthology.orchestra.run.smithi031.stdout:/usr/bin/ceph: stderr
2024-04-25T01:05:20.324+0000 7f67f7e00700 1 -- 172.21.15.31:0/3832085845 --> [v2:172.21.15.31:3300/0,v1:172.21.15.31:6789/0] -- mon_subscribe({config=0+,monmap=0+}) -- 0x7f67f8108700 con 0x7f67f8108940
2024-04-25T01:05:21.288 INFO:teuthology.orchestra.run.smithi031.stdout:/usr/bin/ceph: stderr
2024-04-25T01:05:20.324+0000 7f67f7e00700 1 --2- 172.21.15.31:0/3832085845 >> [v2:172.21.15.31:3300/0,v1:172.21.15.31:6789/0] conn(0x7f67f8108940 0x7f67f81081c0 secure :-1 s=READY pgs=54 cs=0 l=1 rev1=1 crypto rx=0x7f67e8011b60 tx=0x7f67e8011c40 comp rx=0 tx=0).ready entity=mon.0 client_cookie=0 server_cookie=0 in_seq=0 out_seq=0
2024-04-25T01:05:21.288 INFO:teuthology.orchestra.run.smithi031.stdout:/usr/bin/ceph: stderr
2024-04-25T01:05:20.324+0000 7f67f4c00700 1 -- 172.21.15.31:0/3832085845 <== mon.0 v2:172.21.15.31:3300/0 1 ==== mon_map magic: 0 ==== 205+0+0 (secure 0 0 0) 0x7f67e8003b60 con 0x7f67f8108940
2024-04-25T01:05:21.288 INFO:teuthology.orchestra.run.smithi031.stdout:/usr/bin/ceph: stderr
2024-04-25T01:05:20.324+0000 7f67f4c00700 1 -- 172.21.15.31:0/3832085845 <== mon.0 v2:172.21.15.31:3300/0 2 ==== config(27 keys) ==== 1140+0+0 (secure 0 0 0) 0x7f67e801a910 con 0x7f67f8108940
2024-04-25T01:05:21.289 INFO:teuthology.orchestra.run.smithi031.stdout:/usr/bin/ceph: stderr
2024-04-25T01:05:20.324+0000 7f67f4c00700 1 -- 172.21.15.31:0/3832085845 <== mon.0 v2:172.21.15.31:3300/0 3 ==== mon_map magic: 0 ==== 205+0+0 (secure 0 0 0) 0x7f67e8024930 con 0x7f67f8108940
2024-04-25T01:05:21.289 INFO:teuthology.orchestra.run.smithi031.stdout:/usr/bin/ceph: stderr
2024-04-25T01:05:20.325+0000 7f67ff000700 1 -- 172.21.15.31:0/3832085845 --> [v2:172.21.15.31:3300/0,v1:172.21.15.31:6789/0] -- mon_subscribe({mgrmap=0+}) -- 0x7f67f81068f0 con 0x7f67f8108940
2024-04-25T01:05:21.289 INFO:teuthology.orchestra.run.smithi031.stdout:/usr/bin/ceph: stderr
2024-04-25T01:05:20.325+0000 7f67ff000700 1 -- 172.21.15.31:0/3832085845 --> [v2:172.21.15.31:3300/0,v1:172.21.15.31:6789/0] -- mon_subscribe({osdmap=0}) -- 0x7f67f8106db0 con 0x7f67f8108940
2024-04-25T01:05:21.289 INFO:teuthology.orchestra.run.smithi031.stdout:/usr/bin/ceph: stderr
2024-04-25T01:05:20.326+0000 7f67f4c00700 1 -- 172.21.15.31:0/3832085845 <== mon.0 v2:172.21.15.31:3300/0 4 ==== mgrmap(e 8) ==== 46287+0+0 (secure 0 0 0) 0x7f67e8022020 con 0x7f67f8108940
2024-04-25T01:05:21.289 INFO:teuthology.orchestra.run.smithi031.stdout:/usr/bin/ceph: stderr
2024-04-25T01:05:20.327+0000 7f67f4c00700 1 --2- 172.21.15.31:0/3832085845 >> [v2:172.21.15.31:6800/1901973432,v1:172.21.15.31:6801/1901973432] conn(0x7f67dc0390a0 0x7f67dc03b560 unknown :-1 s=NONE pgs=0 cs=0 l=1 rev1=0 crypto rx=0 tx=0 comp rx=0 tx=0).connect
2024-04-25T01:05:21.289 INFO:teuthology.orchestra.run.smithi031.stdout:/usr/bin/ceph: stderr
2024-04-25T01:05:20.327+0000 7f67f4c00700 1 -- 172.21.15.31:0/3832085845 <== mon.0 v2:172.21.15.31:3300/0 5 ==== osd_map(2..2 src has 1..2) ==== 940+0+0 (secure 0 0 0) 0x7f67e804d300 con 0x7f67f8108940
2024-04-25T01:05:21.289 INFO:teuthology.orchestra.run.smithi031.stdout:/usr/bin/ceph: stderr
2024-04-25T01:05:20.327+0000 7f67ff000700 1 -- 172.21.15.31:0/3832085845 --> [v2:172.21.15.31:3300/0,v1:172.21.15.31:6789/0] -- mon_command({"prefix": "get_command_descriptions"} v 0) -- 0x7f67f8063890 con 0x7f67f8108940
2024-04-25T01:05:21.289 INFO:teuthology.orchestra.run.smithi031.stdout:/usr/bin/ceph: stderr
2024-04-25T01:05:20.328+0000 7f67f7400700 1 --2- 172.21.15.31:0/3832085845 >> [v2:172.21.15.31:6800/1901973432,v1:172.21.15.31:6801/1901973432] conn(0x7f67dc0390a0 0x7f67dc03b560 unknown :-1 s=BANNER_CONNECTING pgs=0 cs=0 l=1 rev1=0 crypto rx=0 tx=0 comp rx=0 tx=0)._handle_peer_banner_payload supported=3 required=0
2024-04-25T01:05:21.289 INFO:teuthology.orchestra.run.smithi031.stdout:/usr/bin/ceph: stderr
2024-04-25T01:05:20.329+0000 7f67f7400700 1 --2- 172.21.15.31:0/3832085845 >> [v2:172.21.15.31:6800/1901973432,v1:172.21.15.31:6801/1901973432] conn(0x7f67dc0390a0 0x7f67dc03b560 secure :-1 s=READY pgs=15 cs=0 l=1 rev1=1 crypto rx=0x7f67e4006fd0 tx=0x7f67e4006e40 comp rx=0 tx=0).ready entity=mgr.14120 client_cookie=0 server_cookie=0 in_seq=0 out_seq=0
2024-04-25T01:05:21.289 INFO:teuthology.orchestra.run.smithi031.stdout:/usr/bin/ceph: stderr
2024-04-25T01:05:20.333+0000 7f67f4c00700 1 -- 172.21.15.31:0/3832085845 <== mon.0 v2:172.21.15.31:3300/0 6 ==== mon_command_ack([{"prefix": "get_command_descriptions"}]=0 v0) ==== 72+0+186147 (secure 0 0 0) 0x7f67e800b3e0 con 0x7f67f8108940
2024-04-25T01:05:21.289 INFO:teuthology.orchestra.run.smithi031.stdout:/usr/bin/ceph: stderr
2024-04-25T01:05:20.564+0000 7f67ff000700 1 -- 172.21.15.31:0/3832085845 --> [v2:172.21.15.31:3300/0,v1:172.21.15.31:6789/0] -- mon_command([{prefix=config set, name=mgr/dashboard/ssl_server_port}] v 0) -- 0x7f67f8107570 con 0x7f67f8108940
2024-04-25T01:05:21.289 INFO:teuthology.orchestra.run.smithi031.stdout:/usr/bin/ceph: stderr
2024-04-25T01:05:20.570+0000 7f67f4c00700 1 -- 172.21.15.31:0/3832085845 <== mon.0 v2:172.21.15.31:3300/0 7 ==== mon_command_ack([{prefix=config set, name=mgr/dashboard/ssl_server_port}]=0 v8)=0 v8) ==== 130+0+0 (secure 0 0 0) 0x7f67e804cc50 con 0x7f67f8108940
2024-04-25T01:05:21.289 INFO:teuthology.orchestra.run.smithi031.stdout:/usr/bin/ceph: stderr
2024-04-25T01:05:20.573+0000 7f67ff000700 1 -- 172.21.15.31:0/3832085845 >> [v2:172.21.15.31:6800/1901973432,v1:172.21.15.31:6801/1901973432] conn(0x7f67dc0390a0 msgr2=0x7f67dc03b560 secure :-1 s=STATE_CONNECTION_ESTABLISHED l=1).mark_down
2024-04-25T01:05:21.290 INFO:teuthology.orchestra.run.smithi031.stdout:/usr/bin/ceph: stderr
2024-04-25T01:05:20.573+0000 7f67ff000700 1 --2- 172.21.15.31:0/3832085845 >> [v2:172.21.15.31:6800/1901973432,v1:172.21.15.31:6801/1901973432] conn(0x7f67dc0390a0 0x7f67dc03b560 secure :-1 s=READY pgs=15 cs=0 l=1 rev1=1 crypto rx=0x7f67e4006fd0 tx=0x7f67e4006e40 comp rx=0 tx=0).stop
2024-04-25T01:05:21.290 INFO:teuthology.orchestra.run.smithi031.stdout:/usr/bin/ceph: stderr
2024-04-25T01:05:20.573+0000 7f67ff000700 1 -- 172.21.15.31:0/3832085845 >> [v2:172.21.15.31:3300/0,v1:172.21.15.31:6789/0] conn(0x7f67f8108940 msgr2=0x7f67f81081c0 secure :-1 s=STATE_CONNECTION_ESTABLISHED l=1).mark_down
2024-04-25T01:05:21.290 INFO:teuthology.orchestra.run.smithi031.stdout:/usr/bin/ceph: stderr
2024-04-25T01:05:20.573+0000 7f67ff000700 1 --2- 172.21.15.31:0/3832085845 >> [v2:172.21.15.31:3300/0,v1:172.21.15.31:6789/0] conn(0x7f67f8108940 0x7f67f81081c0 secure :-1 s=READY pgs=54 cs=0 l=1 rev1=1 crypto rx=0x7f67e8011b60 tx=0x7f67e8011c40 comp rx=0 tx=0).stop
2024-04-25T01:05:21.290 INFO:teuthology.orchestra.run.smithi031.stdout:/usr/bin/ceph: stderr
2024-04-25T01:05:20.573+0000 7f67ff000700 1 -- 172.21.15.31:0/3832085845 shutdown_connections
2024-04-25T01:05:21.290 INFO:teuthology.orchestra.run.smithi031.stdout:/usr/bin/ceph: stderr
2024-04-25T01:05:20.573+0000 7f67ff000700 1 --2- 172.21.15.31:0/3832085845 >> [v2:172.21.15.31:6800/1901973432,v1:172.21.15.31:6801/1901973432] conn(0x7f67dc0390a0 0x7f67dc03b560 unknown :-1 s=CLOSED pgs=15 cs=0 l=1 rev1=1 crypto rx=0 tx=0 comp rx=0 tx=0).stop
2024-04-25T01:05:21.290 INFO:teuthology.orchestra.run.smithi031.stdout:/usr/bin/ceph: stderr
2024-04-25T01:05:20.573+0000 7f67ff000700 1 --2- 172.21.15.31:0/3832085845 >> [v2:172.21.15.31:3300/0,v1:172.21.15.31:6789/0] conn(0x7f67f8108940 0x7f67f81081c0 unknown :-1 s=CLOSED pgs=54 cs=0 l=1 rev1=1 crypto rx=0 tx=0 comp rx=0 tx=0).stop
2024-04-25T01:05:21.290 INFO:teuthology.orchestra.run.smithi031.stdout:/usr/bin/ceph: stderr
2024-04-25T01:05:20.573+0000 7f67ff000700 1 -- 172.21.15.31:0/3832085845 >> 172.21.15.31:0/3832085845 conn(0x7f67f8102330 msgr2=0x7f67f8102e30 unknown :-1 s=STATE_NONE l=0).mark_down
2024-04-25T01:05:21.290 INFO:teuthology.orchestra.run.smithi031.stdout:/usr/bin/ceph: stderr
2024-04-25T01:05:20.573+0000 7f67ff000700 1 -- 172.21.15.31:0/3832085845 shutdown_connections
2024-04-25T01:05:21.290 INFO:teuthology.orchestra.run.smithi031.stdout:/usr/bin/ceph: stderr
2024-04-25T01:05:20.574+0000 7f67ff000700 1 -- 172.21.15.31:0/3832085845 wait complete.
2024-04-25T01:05:21.290 INFO:teuthology.orchestra.run.smithi031.stdout:Enabling the dashboard module...
2024-04-25T01:05:21.878 INFO:journalctl@ceph.mon.a.smithi031.stdout:Apr 25 01:05:21 smithi031 ceph-mon[28053]: from='client.? 172.21.15.31:0/3832085845' entity='client.admin'
2024-04-25T01:05:22.973 INFO:journalctl@ceph.mgr.x.smithi031.stdout:Apr 25 01:05:22 smithi031 ceph-95849b94-029f-11ef-bc93-c7b262605968-mgr-x[28279]: ignoring --setuser ceph since I am not root
2024-04-25T01:05:22.973 INFO:journalctl@ceph.mgr.x.smithi031.stdout:Apr 25 01:05:22 smithi031 ceph-95849b94-029f-11ef-bc93-c7b262605968-mgr-x[28279]: ignoring --setgroup ceph since I am not root
2024-04-25T01:05:22.973 INFO:journalctl@ceph.mon.a.smithi031.stdout:Apr 25 01:05:22 smithi031 ceph-mon[28053]: pgmap v5: 0 pgs: ; 0 B data, 0 B used, 0 B / 0 B avail
2024-04-25T01:05:22.973 INFO:journalctl@ceph.mon.a.smithi031.stdout:Apr 25 01:05:22 smithi031 ceph-mon[28053]: from='mgr.14120 172.21.15.31:0/3147237190' entity='mgr.x'
2024-04-25T01:05:22.973 INFO:journalctl@ceph.mon.a.smithi031.stdout:Apr 25 01:05:22 smithi031 ceph-mon[28053]: from='client.? 172.21.15.31:0/2945126780' entity='client.admin' cmd=[{"prefix": "mgr module enable", "module": "dashboard"}]: dispatch
