2024-04-25T01:01:49.134+0000 7f6320cd8700 1 --2- 172.21.15.19:0/2767974642 >> [v2:172.21.15.19:6800/3402880847,v1:172.21.15.19:6801/3402880847] conn(0x7f63080390a0 0x7f630803b560 secure :-1 s=READY pgs=11 cs=0 l=1 rev1=1 crypto rx=0x7f6304006fd0 tx=0x7f6304006e40 comp rx=0 tx=0).stop
2024-04-25T01:01:49.746 INFO:teuthology.orchestra.run.smithi019.stdout:/usr/bin/ceph: stderr
2024-04-25T01:01:49.134+0000 7f6320cd8700 1 -- 172.21.15.19:0/2767974642 >> [v2:172.21.15.19:3300/0,v1:172.21.15.19:6789/0] conn(0x7f631c07de30 msgr2=0x7f631c19dc80 secure :-1 s=STATE_CONNECTION_ESTABLISHED l=1).mark_down
2024-04-25T01:01:49.747 INFO:teuthology.orchestra.run.smithi019.stdout:/usr/bin/ceph: stderr
2024-04-25T01:01:49.134+0000 7f6320cd8700 1 --2- 172.21.15.19:0/2767974642 >> [v2:172.21.15.19:3300/0,v1:172.21.15.19:6789/0] conn(0x7f631c07de30 0x7f631c19dc80 secure :-1 s=READY pgs=46 cs=0 l=1 rev1=1 crypto rx=0x7f630c011a50 tx=0x7f630c004290 comp rx=0 tx=0).stop
2024-04-25T01:01:49.747 INFO:teuthology.orchestra.run.smithi019.stdout:/usr/bin/ceph: stderr
2024-04-25T01:01:49.135+0000 7f6320cd8700 1 -- 172.21.15.19:0/2767974642 shutdown_connections
2024-04-25T01:01:49.747 INFO:teuthology.orchestra.run.smithi019.stdout:/usr/bin/ceph: stderr
2024-04-25T01:01:49.135+0000 7f6320cd8700 1 --2- 172.21.15.19:0/2767974642 >> [v2:172.21.15.19:6800/3402880847,v1:172.21.15.19:6801/3402880847] conn(0x7f63080390a0 0x7f630803b560 unknown :-1 s=CLOSED pgs=11 cs=0 l=1 rev1=1 crypto rx=0 tx=0 comp rx=0 tx=0).stop
2024-04-25T01:01:49.747 INFO:teuthology.orchestra.run.smithi019.stdout:/usr/bin/ceph: stderr
2024-04-25T01:01:49.135+0000 7f6320cd8700 1 --2- 172.21.15.19:0/2767974642 >> [v2:172.21.15.19:3300/0,v1:172.21.15.19:6789/0] conn(0x7f631c07de30 0x7f631c19dc80 unknown :-1 s=CLOSED pgs=46 cs=0 l=1 rev1=1 crypto rx=0 tx=0 comp rx=0 tx=0).stop
2024-04-25T01:01:49.747 INFO:teuthology.orchestra.run.smithi019.stdout:/usr/bin/ceph: stderr
2024-04-25T01:01:49.135+0000 7f6320cd8700 1 -- 172.21.15.19:0/2767974642 >> 172.21.15.19:0/2767974642 conn(0x7f631c1030e0 msgr2=0x7f631c103c00 unknown :-1 s=STATE_NONE l=0).mark_down
2024-04-25T01:01:49.747 INFO:teuthology.orchestra.run.smithi019.stdout:/usr/bin/ceph: stderr
2024-04-25T01:01:49.135+0000 7f6320cd8700 1 -- 172.21.15.19:0/2767974642 shutdown_connections
2024-04-25T01:01:49.747 INFO:teuthology.orchestra.run.smithi019.stdout:/usr/bin/ceph: stderr
2024-04-25T01:01:49.135+0000 7f6320cd8700 1 -- 172.21.15.19:0/2767974642 wait complete.
2024-04-25T01:01:49.747 INFO:teuthology.orchestra.run.smithi019.stdout:Deploying unmanaged mon service...
2024-04-25T01:01:50.342 INFO:journalctl@ceph.mon.a.smithi019.stdout:Apr 25 01:01:50 smithi019 ceph-mon[29457]: from='mgr.14120 172.21.15.19:0/3188571405' entity='mgr.x'
2024-04-25T01:01:50.342 INFO:journalctl@ceph.mon.a.smithi019.stdout:Apr 25 01:01:50 smithi019 ceph-mon[29457]: Added host smithi019
2024-04-25T01:01:50.343 INFO:journalctl@ceph.mon.a.smithi019.stdout:Apr 25 01:01:50 smithi019 ceph-mon[29457]: from='mgr.14120 172.21.15.19:0/3188571405' entity='mgr.x' cmd=[{"prefix": "config dump", "format": "json"}]: dispatch
2024-04-25T01:01:51.210 INFO:teuthology.orchestra.run.smithi019.stdout:/usr/bin/ceph: stdout Scheduled mon update...
2024-04-25T01:01:51.210 INFO:teuthology.orchestra.run.smithi019.stdout:/usr/bin/ceph: stderr
2024-04-25T01:01:50.168+0000 7fd50fa56700 1 Processor -- start
2024-04-25T01:01:51.210 INFO:teuthology.orchestra.run.smithi019.stdout:/usr/bin/ceph: stderr
2024-04-25T01:01:50.169+0000 7fd50fa56700 1 -- start start
2024-04-25T01:01:51.210 INFO:teuthology.orchestra.run.smithi019.stdout:/usr/bin/ceph: stderr
2024-04-25T01:01:50.169+0000 7fd50fa56700 1 --2- >> [v2:172.21.15.19:3300/0,v1:172.21.15.19:6789/0] conn(0x7fd508106a50 0x7fd508106e70 unknown :-1 s=NONE pgs=0 cs=0 l=0 rev1=0 crypto rx=0 tx=0 comp rx=0 tx=0).connect
2024-04-25T01:01:51.210 INFO:teuthology.orchestra.run.smithi019.stdout:/usr/bin/ceph: stderr
2024-04-25T01:01:50.169+0000 7fd50fa56700 1 -- --> [v2:172.21.15.19:3300/0,v1:172.21.15.19:6789/0] -- mon_getmap magic: 0 -- 0x7fd508107440 con 0x7fd508106a50
2024-04-25T01:01:51.210 INFO:teuthology.orchestra.run.smithi019.stdout:/usr/bin/ceph: stderr
2024-04-25T01:01:50.169+0000 7fd50d7f2700 1 --2- >> [v2:172.21.15.19:3300/0,v1:172.21.15.19:6789/0] conn(0x7fd508106a50 0x7fd508106e70 unknown :-1 s=BANNER_CONNECTING pgs=0 cs=0 l=0 rev1=0 crypto rx=0 tx=0 comp rx=0 tx=0)._handle_peer_banner_payload supported=3 required=0
2024-04-25T01:01:51.211 INFO:teuthology.orchestra.run.smithi019.stdout:/usr/bin/ceph: stderr
2024-04-25T01:01:50.169+0000 7fd50d7f2700 1 --2- >> [v2:172.21.15.19:3300/0,v1:172.21.15.19:6789/0] conn(0x7fd508106a50 0x7fd508106e70 unknown :-1 s=HELLO_CONNECTING pgs=0 cs=0 l=0 rev1=1 crypto rx=0 tx=0 comp rx=0 tx=0).handle_hello peer v2:172.21.15.19:3300/0 says I am v2:172.21.15.19:44410/0 (socket says 172.21.15.19:44410)
2024-04-25T01:01:51.211 INFO:teuthology.orchestra.run.smithi019.stdout:/usr/bin/ceph: stderr
2024-04-25T01:01:50.169+0000 7fd50d7f2700 1 -- 172.21.15.19:0/2496678714 learned_addr learned my addr 172.21.15.19:0/2496678714 (peer_addr_for_me v2:172.21.15.19:0/0)
2024-04-25T01:01:51.211 INFO:teuthology.orchestra.run.smithi019.stdout:/usr/bin/ceph: stderr
2024-04-25T01:01:50.169+0000 7fd50d7f2700 1 -- 172.21.15.19:0/2496678714 --> [v2:172.21.15.19:3300/0,v1:172.21.15.19:6789/0] -- mon_subscribe({config=0+,monmap=0+}) -- 0x7fd508107c50 con 0x7fd508106a50
2024-04-25T01:01:51.211 INFO:teuthology.orchestra.run.smithi019.stdout:/usr/bin/ceph: stderr
2024-04-25T01:01:50.170+0000 7fd50d7f2700 1 --2- 172.21.15.19:0/2496678714 >> [v2:172.21.15.19:3300/0,v1:172.21.15.19:6789/0] conn(0x7fd508106a50 0x7fd508106e70 secure :-1 s=READY pgs=47 cs=0 l=1 rev1=1 crypto rx=0x7fd5040098a0 tx=0x7fd504009bb0 comp rx=0 tx=0).ready entity=mon.0 client_cookie=e2b00a839c480f2c server_cookie=0 in_seq=0 out_seq=0
2024-04-25T01:01:51.211 INFO:teuthology.orchestra.run.smithi019.stdout:/usr/bin/ceph: stderr
2024-04-25T01:01:50.170+0000 7fd4fffff700 1 -- 172.21.15.19:0/2496678714 <== mon.0 v2:172.21.15.19:3300/0 1 ==== mon_map magic: 0 ==== 205+0+0 (secure 0 0 0) 0x7fd504004160 con 0x7fd508106a50
2024-04-25T01:01:51.211 INFO:teuthology.orchestra.run.smithi019.stdout:/usr/bin/ceph: stderr
2024-04-25T01:01:50.170+0000 7fd4fffff700 1 -- 172.21.15.19:0/2496678714 <== mon.0 v2:172.21.15.19:3300/0 2 ==== config(26 keys) ==== 1071+0+0 (secure 0 0 0) 0x7fd504004300 con 0x7fd508106a50
2024-04-25T01:01:51.211 INFO:teuthology.orchestra.run.smithi019.stdout:/usr/bin/ceph: stderr
2024-04-25T01:01:50.170+0000 7fd4fffff700 1 -- 172.21.15.19:0/2496678714 <== mon.0 v2:172.21.15.19:3300/0 3 ==== mon_map magic: 0 ==== 205+0+0 (secure 0 0 0) 0x7fd504011a80 con 0x7fd508106a50
2024-04-25T01:01:51.211 INFO:teuthology.orchestra.run.smithi019.stdout:/usr/bin/ceph: stderr
2024-04-25T01:01:50.170+0000 7fd50fa56700 1 -- 172.21.15.19:0/2496678714 >> [v2:172.21.15.19:3300/0,v1:172.21.15.19:6789/0] conn(0x7fd508106a50 msgr2=0x7fd508106e70 secure :-1 s=STATE_CONNECTION_ESTABLISHED l=1).mark_down
2024-04-25T01:01:51.211 INFO:teuthology.orchestra.run.smithi019.stdout:/usr/bin/ceph: stderr
2024-04-25T01:01:50.170+0000 7fd50fa56700 1 --2- 172.21.15.19:0/2496678714 >> [v2:172.21.15.19:3300/0,v1:172.21.15.19:6789/0] conn(0x7fd508106a50 0x7fd508106e70 secure :-1 s=READY pgs=47 cs=0 l=1 rev1=1 crypto rx=0x7fd5040098a0 tx=0x7fd504009bb0 comp rx=0 tx=0).stop
2024-04-25T01:01:51.211 INFO:teuthology.orchestra.run.smithi019.stdout:/usr/bin/ceph: stderr
2024-04-25T01:01:50.170+0000 7fd50fa56700 1 -- 172.21.15.19:0/2496678714 shutdown_connections
2024-04-25T01:01:51.211 INFO:teuthology.orchestra.run.smithi019.stdout:/usr/bin/ceph: stderr
2024-04-25T01:01:50.170+0000 7fd50fa56700 1 --2- 172.21.15.19:0/2496678714 >> [v2:172.21.15.19:3300/0,v1:172.21.15.19:6789/0] conn(0x7fd508106a50 0x7fd508106e70 unknown :-1 s=CLOSED pgs=47 cs=0 l=1 rev1=1 crypto rx=0 tx=0 comp rx=0 tx=0).stop
2024-04-25T01:01:51.211 INFO:teuthology.orchestra.run.smithi019.stdout:/usr/bin/ceph: stderr
2024-04-25T01:01:50.170+0000 7fd50fa56700 1 -- 172.21.15.19:0/2496678714 >> 172.21.15.19:0/2496678714 conn(0x7fd508102010 msgr2=0x7fd508104430 unknown :-1 s=STATE_NONE l=0).mark_down
2024-04-25T01:01:51.211 INFO:teuthology.orchestra.run.smithi019.stdout:/usr/bin/ceph: stderr
2024-04-25T01:01:50.171+0000 7fd50fa56700 1 -- 172.21.15.19:0/2496678714 shutdown_connections
2024-04-25T01:01:51.211 INFO:teuthology.orchestra.run.smithi019.stdout:/usr/bin/ceph: stderr
2024-04-25T01:01:50.171+0000 7fd50fa56700 1 -- 172.21.15.19:0/2496678714 wait complete.
2024-04-25T01:01:51.212 INFO:teuthology.orchestra.run.smithi019.stdout:/usr/bin/ceph: stderr
2024-04-25T01:01:50.171+0000 7fd50fa56700 1 Processor -- start
2024-04-25T01:01:51.212 INFO:teuthology.orchestra.run.smithi019.stdout:/usr/bin/ceph: stderr
2024-04-25T01:01:50.171+0000 7fd50fa56700 1 -- start start
2024-04-25T01:01:51.212 INFO:teuthology.orchestra.run.smithi019.stdout:/usr/bin/ceph: stderr
2024-04-25T01:01:50.171+0000 7fd50fa56700 1 --2- >> [v2:172.21.15.19:3300/0,v1:172.21.15.19:6789/0] conn(0x7fd508106a50 0x7fd50807ba00 unknown :-1 s=NONE pgs=0 cs=0 l=1 rev1=0 crypto rx=0 tx=0 comp rx=0 tx=0).connect
2024-04-25T01:01:51.212 INFO:teuthology.orchestra.run.smithi019.stdout:/usr/bin/ceph: stderr
2024-04-25T01:01:50.171+0000 7fd50fa56700 1 -- --> [v2:172.21.15.19:3300/0,v1:172.21.15.19:6789/0] -- mon_getmap magic: 0 -- 0x7fd50810b000 con 0x7fd508106a50
2024-04-25T01:01:51.212 INFO:teuthology.orchestra.run.smithi019.stdout:/usr/bin/ceph: stderr
2024-04-25T01:01:50.171+0000 7fd50d7f2700 1 --2- >> [v2:172.21.15.19:3300/0,v1:172.21.15.19:6789/0] conn(0x7fd508106a50 0x7fd50807ba00 unknown :-1 s=BANNER_CONNECTING pgs=0 cs=0 l=1 rev1=0 crypto rx=0 tx=0 comp rx=0 tx=0)._handle_peer_banner_payload supported=3 required=0
2024-04-25T01:01:51.212 INFO:teuthology.orchestra.run.smithi019.stdout:/usr/bin/ceph: stderr
2024-04-25T01:01:50.171+0000 7fd50d7f2700 1 --2- >> [v2:172.21.15.19:3300/0,v1:172.21.15.19:6789/0] conn(0x7fd508106a50 0x7fd50807ba00 unknown :-1 s=HELLO_CONNECTING pgs=0 cs=0 l=1 rev1=1 crypto rx=0 tx=0 comp rx=0 tx=0).handle_hello peer v2:172.21.15.19:3300/0 says I am v2:172.21.15.19:44414/0 (socket says 172.21.15.19:44414)
2024-04-25T01:01:51.212 INFO:teuthology.orchestra.run.smithi019.stdout:/usr/bin/ceph: stderr
2024-04-25T01:01:50.171+0000 7fd50d7f2700 1 -- 172.21.15.19:0/3957029067 learned_addr learned my addr 172.21.15.19:0/3957029067 (peer_addr_for_me v2:172.21.15.19:0/0)
2024-04-25T01:01:51.212 INFO:teuthology.orchestra.run.smithi019.stdout:/usr/bin/ceph: stderr
2024-04-25T01:01:50.172+0000 7fd50d7f2700 1 -- 172.21.15.19:0/3957029067 --> [v2:172.21.15.19:3300/0,v1:172.21.15.19:6789/0] -- mon_subscribe({config=0+,monmap=0+}) -- 0x7fd50819e810 con 0x7fd508106a50
2024-04-25T01:01:51.212 INFO:teuthology.orchestra.run.smithi019.stdout:/usr/bin/ceph: stderr
2024-04-25T01:01:50.172+0000 7fd50d7f2700 1 --2- 172.21.15.19:0/3957029067 >> [v2:172.21.15.19:3300/0,v1:172.21.15.19:6789/0] conn(0x7fd508106a50 0x7fd50807ba00 secure :-1 s=READY pgs=48 cs=0 l=1 rev1=1 crypto rx=0x7fd504000c00 tx=0x7fd504004290 comp rx=0 tx=0).ready entity=mon.0 client_cookie=0 server_cookie=0 in_seq=0 out_seq=0
2024-04-25T01:01:51.212 INFO:teuthology.orchestra.run.smithi019.stdout:/usr/bin/ceph: stderr
2024-04-25T01:01:50.172+0000 7fd4fe7fc700 1 -- 172.21.15.19:0/3957029067 <== mon.0 v2:172.21.15.19:3300/0 1 ==== mon_map magic: 0 ==== 205+0+0 (secure 0 0 0) 0x7fd5040039c0 con 0x7fd508106a50
2024-04-25T01:01:51.212 INFO:teuthology.orchestra.run.smithi019.stdout:/usr/bin/ceph: stderr
2024-04-25T01:01:50.172+0000 7fd4fe7fc700 1 -- 172.21.15.19:0/3957029067 <== mon.0 v2:172.21.15.19:3300/0 2 ==== config(26 keys) ==== 1071+0+0 (secure 0 0 0) 0x7fd504003b60 con 0x7fd508106a50
2024-04-25T01:01:51.212 INFO:teuthology.orchestra.run.smithi019.stdout:/usr/bin/ceph: stderr
2024-04-25T01:01:50.172+0000 7fd50fa56700 1 -- 172.21.15.19:0/3957029067 --> [v2:172.21.15.19:3300/0,v1:172.21.15.19:6789/0] -- mon_subscribe({mgrmap=0+}) -- 0x7fd50819e9e0 con 0x7fd508106a50
2024-04-25T01:01:51.212 INFO:teuthology.orchestra.run.smithi019.stdout:/usr/bin/ceph: stderr
2024-04-25T01:01:50.172+0000 7fd4fe7fc700 1 -- 172.21.15.19:0/3957029067 <== mon.0 v2:172.21.15.19:3300/0 3 ==== mon_map magic: 0 ==== 205+0+0 (secure 0 0 0) 0x7fd50401a6f0 con 0x7fd508106a50
2024-04-25T01:01:51.212 INFO:teuthology.orchestra.run.smithi019.stdout:/usr/bin/ceph: stderr
2024-04-25T01:01:50.172+0000 7fd50fa56700 1 -- 172.21.15.19:0/3957029067 --> [v2:172.21.15.19:3300/0,v1:172.21.15.19:6789/0] -- mon_subscribe({osdmap=0}) -- 0x7fd50819ed80 con 0x7fd508106a50
2024-04-25T01:01:51.212 INFO:teuthology.orchestra.run.smithi019.stdout:/usr/bin/ceph: stderr
2024-04-25T01:01:50.173+0000 7fd4fe7fc700 1 -- 172.21.15.19:0/3957029067 <== mon.0 v2:172.21.15.19:3300/0 4 ==== mgrmap(e 8) ==== 46287+0+0 (secure 0 0 0) 0x7fd504024440 con 0x7fd508106a50
2024-04-25T01:01:51.213 INFO:teuthology.orchestra.run.smithi019.stdout:/usr/bin/ceph: stderr
2024-04-25T01:01:50.173+0000 7fd50fa56700 1 -- 172.21.15.19:0/3957029067 --> [v2:172.21.15.19:3300/0,v1:172.21.15.19:6789/0] -- mon_command({"prefix": "get_command_descriptions"} v 0) -- 0x7fd508063890 con 0x7fd508106a50
2024-04-25T01:01:51.213 INFO:teuthology.orchestra.run.smithi019.stdout:/usr/bin/ceph: stderr
2024-04-25T01:01:50.173+0000 7fd4fe7fc700 1 --2- 172.21.15.19:0/3957029067 >> [v2:172.21.15.19:6800/3402880847,v1:172.21.15.19:6801/3402880847] conn(0x7fd4f4039050 0x7fd4f403b510 unknown :-1 s=NONE pgs=0 cs=0 l=1 rev1=0 crypto rx=0 tx=0 comp rx=0 tx=0).connect
2024-04-25T01:01:51.213 INFO:teuthology.orchestra.run.smithi019.stdout:/usr/bin/ceph: stderr
2024-04-25T01:01:50.173+0000 7fd4fe7fc700 1 -- 172.21.15.19:0/3957029067 <== mon.0 v2:172.21.15.19:3300/0 5 ==== osd_map(2..2 src has 1..2) ==== 940+0+0 (secure 0 0 0) 0x7fd50404d360 con 0x7fd508106a50
2024-04-25T01:01:51.213 INFO:teuthology.orchestra.run.smithi019.stdout:/usr/bin/ceph: stderr
2024-04-25T01:01:50.173+0000 7fd50cff1700 1 --2- 172.21.15.19:0/3957029067 >> [v2:172.21.15.19:6800/3402880847,v1:172.21.15.19:6801/3402880847] conn(0x7fd4f4039050 0x7fd4f403b510 unknown :-1 s=BANNER_CONNECTING pgs=0 cs=0 l=1 rev1=0 crypto rx=0 tx=0 comp rx=0 tx=0)._handle_peer_banner_payload supported=3 required=0
2024-04-25T01:01:51.213 INFO:teuthology.orchestra.run.smithi019.stdout:/usr/bin/ceph: stderr
2024-04-25T01:01:50.174+0000 7fd50cff1700 1 --2- 172.21.15.19:0/3957029067 >> [v2:172.21.15.19:6800/3402880847,v1:172.21.15.19:6801/3402880847] conn(0x7fd4f4039050 0x7fd4f403b510 secure :-1 s=READY pgs=12 cs=0 l=1 rev1=1 crypto rx=0x7fd4f8006fd0 tx=0x7fd4f8006e40 comp rx=0 tx=0).ready entity=mgr.14120 client_cookie=0 server_cookie=0 in_seq=0 out_seq=0
2024-04-25T01:01:51.213 INFO:teuthology.orchestra.run.smithi019.stdout:/usr/bin/ceph: stderr
2024-04-25T01:01:50.178+0000 7fd4fe7fc700 1 -- 172.21.15.19:0/3957029067 <== mon.0 v2:172.21.15.19:3300/0 6 ==== mon_command_ack([{"prefix": "get_command_descriptions"}]=0 v0) ==== 72+0+186147 (secure 0 0 0) 0x7fd5040247e0 con 0x7fd508106a50
2024-04-25T01:01:51.213 INFO:teuthology.orchestra.run.smithi019.stdout:/usr/bin/ceph: stderr
2024-04-25T01:01:50.412+0000 7fd50fa56700 1 -- 172.21.15.19:0/3957029067 --> [v2:172.21.15.19:6800/3402880847,v1:172.21.15.19:6801/3402880847] -- mgr_command(tid 0: {"prefix": "orch apply", "service_type": "mon", "unmanaged": true, "target": ["mon-mgr", ""]}) -- 0x7fd508103220 con 0x7fd4f4039050
2024-04-25T01:01:51.213 INFO:teuthology.orchestra.run.smithi019.stdout:/usr/bin/ceph: stderr
2024-04-25T01:01:50.417+0000 7fd4fe7fc700 1 -- 172.21.15.19:0/3957029067 <== mgr.14120 v2:172.21.15.19:6800/3402880847 1 ==== mgr_command_reply(tid 0: 0 ) ==== 8+0+24 (secure 0 0 0) 0x7fd508103220 con 0x7fd4f4039050
2024-04-25T01:01:51.213 INFO:teuthology.orchestra.run.smithi019.stdout:/usr/bin/ceph: stderr
2024-04-25T01:01:50.419+0000 7fd50fa56700 1 -- 172.21.15.19:0/3957029067 >> [v2:172.21.15.19:6800/3402880847,v1:172.21.15.19:6801/3402880847] conn(0x7fd4f4039050 msgr2=0x7fd4f403b510 secure :-1 s=STATE_CONNECTION_ESTABLISHED l=1).mark_down
2024-04-25T01:01:51.213 INFO:teuthology.orchestra.run.smithi019.stdout:/usr/bin/ceph: stderr
2024-04-25T01:01:50.419+0000 7fd50fa56700 1 --2- 172.21.15.19:0/3957029067 >> [v2:172.21.15.19:6800/3402880847,v1:172.21.15.19:6801/3402880847] conn(0x7fd4f4039050 0x7fd4f403b510 secure :-1 s=READY pgs=12 cs=0 l=1 rev1=1 crypto rx=0x7fd4f8006fd0 tx=0x7fd4f8006e40 comp rx=0 tx=0).stop
2024-04-25T01:01:51.213 INFO:teuthology.orchestra.run.smithi019.stdout:/usr/bin/ceph: stderr
2024-04-25T01:01:50.419+0000 7fd50fa56700 1 -- 172.21.15.19:0/3957029067 >> [v2:172.21.15.19:3300/0,v1:172.21.15.19:6789/0] conn(0x7fd508106a50 msgr2=0x7fd50807ba00 secure :-1 s=STATE_CONNECTION_ESTABLISHED l=1).mark_down
2024-04-25T01:01:51.213 INFO:teuthology.orchestra.run.smithi019.stdout:/usr/bin/ceph: stderr
2024-04-25T01:01:50.419+0000 7fd50fa56700 1 --2- 172.21.15.19:0/3957029067 >> [v2:172.21.15.19:3300/0,v1:172.21.15.19:6789/0] conn(0x7fd508106a50 0x7fd50807ba00 secure :-1 s=READY pgs=48 cs=0 l=1 rev1=1 crypto rx=0x7fd504000c00 tx=0x7fd504004290 comp rx=0 tx=0).stop
2024-04-25T01:01:51.213 INFO:teuthology.orchestra.run.smithi019.stdout:/usr/bin/ceph: stderr
2024-04-25T01:01:50.419+0000 7fd50fa56700 1 -- 172.21.15.19:0/3957029067 shutdown_connections
2024-04-25T01:01:51.213 INFO:teuthology.orchestra.run.smithi019.stdout:/usr/bin/ceph: stderr
2024-04-25T01:01:50.419+0000 7fd50fa56700 1 --2- 172.21.15.19:0/3957029067 >> [v2:172.21.15.19:6800/3402880847,v1:172.21.15.19:6801/3402880847] conn(0x7fd4f4039050 0x7fd4f403b510 unknown :-1 s=CLOSED pgs=12 cs=0 l=1 rev1=1 crypto rx=0 tx=0 comp rx=0 tx=0).stop
2024-04-25T01:01:51.214 INFO:teuthology.orchestra.run.smithi019.stdout:/usr/bin/ceph: stderr
2024-04-25T01:01:50.419+0000 7fd50fa56700 1 --2- 172.21.15.19:0/3957029067 >> [v2:172.21.15.19:3300/0,v1:172.21.15.19:6789/0] conn(0x7fd508106a50 0x7fd50807ba00 unknown :-1 s=CLOSED pgs=48 cs=0 l=1 rev1=1 crypto rx=0 tx=0 comp rx=0 tx=0).stop
2024-04-25T01:01:51.214 INFO:teuthology.orchestra.run.smithi019.stdout:/usr/bin/ceph: stderr
2024-04-25T01:01:50.419+0000 7fd50fa56700 1 -- 172.21.15.19:0/3957029067 >> 172.21.15.19:0/3957029067 conn(0x7fd508102010 msgr2=0x7fd508102b10 unknown :-1 s=STATE_NONE l=0).mark_down
2024-04-25T01:01:51.214 INFO:teuthology.orchestra.run.smithi019.stdout:/usr/bin/ceph: stderr
2024-04-25T01:01:50.419+0000 7fd50fa56700 1 -- 172.21.15.19:0/3957029067 shutdown_connections
2024-04-25T01:01:51.214 INFO:teuthology.orchestra.run.smithi019.stdout:/usr/bin/ceph: stderr
2024-04-25T01:01:50.419+0000 7fd50fa56700 1 -- 172.21.15.19:0/3957029067 wait complete.
2024-04-25T01:01:51.214 INFO:teuthology.orchestra.run.smithi019.stdout:Deploying unmanaged mgr service...
2024-04-25T01:01:51.456 INFO:journalctl@ceph.mon.a.smithi019.stdout:Apr 25 01:01:51 smithi019 ceph-mon[29457]: from='client.14142 -' entity='client.admin' cmd=[{"prefix": "orch apply", "service_type": "mon", "unmanaged": true, "target": ["mon-mgr", ""]}]: dispatch
2024-04-25T01:01:51.457 INFO:journalctl@ceph.mon.a.smithi019.stdout:Apr 25 01:01:51 smithi019 ceph-mon[29457]: Saving service mon spec with placement count:5
2024-04-25T01:01:51.457 INFO:journalctl@ceph.mon.a.smithi019.stdout:Apr 25 01:01:51 smithi019 ceph-mon[29457]: from='mgr.14120 172.21.15.19:0/3188571405' entity='mgr.x'
2024-04-25T01:01:52.485 INFO:teuthology.orchestra.run.smithi019.stdout:/usr/bin/ceph: stdout Scheduled mgr update...
2024-04-25T01:01:52.485 INFO:teuthology.orchestra.run.smithi019.stdout:/usr/bin/ceph: stderr
2024-04-25T01:01:51.650+0000 7ffb80ebb700 1 Processor -- start
2024-04-25T01:01:52.485 INFO:teuthology.orchestra.run.smithi019.stdout:/usr/bin/ceph: stderr
2024-04-25T01:01:51.650+0000 7ffb80ebb700 1 -- start start
2024-04-25T01:01:52.485 INFO:teuthology.orchestra.run.smithi019.stdout:/usr/bin/ceph: stderr
2024-04-25T01:01:51.650+0000 7ffb80ebb700 1 --2- >> [v2:172.21.15.19:3300/0,v1:172.21.15.19:6789/0] conn(0x7ffb7c1080b0 0x7ffb7c1084d0 unknown :-1 s=NONE pgs=0 cs=0 l=0 rev1=0 crypto rx=0 tx=0 comp rx=0 tx=0).connect
2024-04-25T01:01:52.485 INFO:teuthology.orchestra.run.smithi019.stdout:/usr/bin/ceph: stderr
2024-04-25T01:01:51.650+0000 7ffb80ebb700 1 -- --> [v2:172.21.15.19:3300/0,v1:172.21.15.19:6789/0] -- mon_getmap magic: 0 -- 0x7ffb7c1065f0 con 0x7ffb7c1080b0
2024-04-25T01:01:52.485 INFO:teuthology.orchestra.run.smithi019.stdout:/usr/bin/ceph: stderr
2024-04-25T01:01:51.651+0000 7ffb7a59c700 1 --2- >> [v2:172.21.15.19:3300/0,v1:172.21.15.19:6789/0] conn(0x7ffb7c1080b0 0x7ffb7c1084d0 unknown :-1 s=BANNER_CONNECTING pgs=0 cs=0 l=0 rev1=0 crypto rx=0 tx=0 comp rx=0 tx=0)._handle_peer_banner_payload supported=3 required=0
2024-04-25T01:01:52.485 INFO:teuthology.orchestra.run.smithi019.stdout:/usr/bin/ceph: stderr
2024-04-25T01:01:51.651+0000 7ffb7a59c700 1 --2- >> [v2:172.21.15.19:3300/0,v1:172.21.15.19:6789/0] conn(0x7ffb7c1080b0 0x7ffb7c1084d0 unknown :-1 s=HELLO_CONNECTING pgs=0 cs=0 l=0 rev1=1 crypto rx=0 tx=0 comp rx=0 tx=0).handle_hello peer v2:172.21.15.19:3300/0 says I am v2:172.21.15.19:44426/0 (socket says 172.21.15.19:44426)
2024-04-25T01:01:52.486 INFO:teuthology.orchestra.run.smithi019.stdout:/usr/bin/ceph: stderr
2024-04-25T01:01:51.651+0000 7ffb7a59c700 1 -- 172.21.15.19:0/3101976304 learned_addr learned my addr 172.21.15.19:0/3101976304 (peer_addr_for_me v2:172.21.15.19:0/0)
2024-04-25T01:01:52.486 INFO:teuthology.orchestra.run.smithi019.stdout:/usr/bin/ceph: stderr
2024-04-25T01:01:51.651+0000 7ffb7a59c700 1 -- 172.21.15.19:0/3101976304 --> [v2:172.21.15.19:3300/0,v1:172.21.15.19:6789/0] -- mon_subscribe({config=0+,monmap=0+}) -- 0x7ffb7c106770 con 0x7ffb7c1080b0
2024-04-25T01:01:52.486 INFO:teuthology.orchestra.run.smithi019.stdout:/usr/bin/ceph: stderr
2024-04-25T01:01:51.651+0000 7ffb7a59c700 1 --2- 172.21.15.19:0/3101976304 >> [v2:172.21.15.19:3300/0,v1:172.21.15.19:6789/0] conn(0x7ffb7c1080b0 0x7ffb7c1084d0 secure :-1 s=READY pgs=49 cs=0 l=1 rev1=1 crypto rx=0x7ffb640098a0 tx=0x7ffb64009bb0 comp rx=0 tx=0).ready entity=mon.0 client_cookie=20e52f6c49849e42 server_cookie=0 in_seq=0 out_seq=0
2024-04-25T01:01:52.486 INFO:teuthology.orchestra.run.smithi019.stdout:/usr/bin/ceph: stderr
2024-04-25T01:01:51.651+0000 7ffb7959a700 1 -- 172.21.15.19:0/3101976304 <== mon.0 v2:172.21.15.19:3300/0 1 ==== mon_map magic: 0 ==== 205+0+0 (secure 0 0 0) 0x7ffb64004160 con 0x7ffb7c1080b0
2024-04-25T01:01:52.486 INFO:teuthology.orchestra.run.smithi019.stdout:/usr/bin/ceph: stderr
2024-04-25T01:01:51.651+0000 7ffb7959a700 1 -- 172.21.15.19:0/3101976304 <== mon.0 v2:172.21.15.19:3300/0 2 ==== config(26 keys) ==== 1071+0+0 (secure 0 0 0) 0x7ffb64004300 con 0x7ffb7c1080b0
2024-04-25T01:01:52.486 INFO:teuthology.orchestra.run.smithi019.stdout:/usr/bin/ceph: stderr
2024-04-25T01:01:51.651+0000 7ffb7959a700 1 -- 172.21.15.19:0/3101976304 <== mon.0 v2:172.21.15.19:3300/0 3 ==== mon_map magic: 0 ==== 205+0+0 (secure 0 0 0) 0x7ffb64011a80 con 0x7ffb7c1080b0
2024-04-25T01:01:52.486 INFO:teuthology.orchestra.run.smithi019.stdout:/usr/bin/ceph: stderr
2024-04-25T01:01:51.652+0000 7ffb80ebb700 1 -- 172.21.15.19:0/3101976304 >> [v2:172.21.15.19:3300/0,v1:172.21.15.19:6789/0] conn(0x7ffb7c1080b0 msgr2=0x7ffb7c1084d0 secure :-1 s=STATE_CONNECTION_ESTABLISHED l=1).mark_down
2024-04-25T01:01:52.486 INFO:teuthology.orchestra.run.smithi019.stdout:/usr/bin/ceph: stderr
2024-04-25T01:01:51.652+0000 7ffb80ebb700 1 --2- 172.21.15.19:0/3101976304 >> [v2:172.21.15.19:3300/0,v1:172.21.15.19:6789/0] conn(0x7ffb7c1080b0 0x7ffb7c1084d0 secure :-1 s=READY pgs=49 cs=0 l=1 rev1=1 crypto rx=0x7ffb640098a0 tx=0x7ffb64009bb0 comp rx=0 tx=0).stop
2024-04-25T01:01:52.486 INFO:teuthology.orchestra.run.smithi019.stdout:/usr/bin/ceph: stderr
2024-04-25T01:01:51.652+0000 7ffb80ebb700 1 -- 172.21.15.19:0/3101976304 shutdown_connections
2024-04-25T01:01:52.486 INFO:teuthology.orchestra.run.smithi019.stdout:/usr/bin/ceph: stderr
2024-04-25T01:01:51.652+0000 7ffb80ebb700 1 --2- 172.21.15.19:0/3101976304 >> [v2:172.21.15.19:3300/0,v1:172.21.15.19:6789/0] conn(0x7ffb7c1080b0 0x7ffb7c1084d0 unknown :-1 s=CLOSED pgs=49 cs=0 l=1 rev1=1 crypto rx=0 tx=0 comp rx=0 tx=0).stop
2024-04-25T01:01:52.486 INFO:teuthology.orchestra.run.smithi019.stdout:/usr/bin/ceph: stderr
2024-04-25T01:01:51.652+0000 7ffb80ebb700 1 -- 172.21.15.19:0/3101976304 >> 172.21.15.19:0/3101976304 conn(0x7ffb7c101fb0 msgr2=0x7ffb7c1043d0 unknown :-1 s=STATE_NONE l=0).mark_down
2024-04-25T01:01:52.486 INFO:teuthology.orchestra.run.smithi019.stdout:/usr/bin/ceph: stderr
2024-04-25T01:01:51.652+0000 7ffb80ebb700 1 -- 172.21.15.19:0/3101976304 shutdown_connections
2024-04-25T01:01:52.486 INFO:teuthology.orchestra.run.smithi019.stdout:/usr/bin/ceph: stderr
2024-04-25T01:01:51.652+0000 7ffb80ebb700 1 -- 172.21.15.19:0/3101976304 wait complete.
2024-04-25T01:01:52.487 INFO:teuthology.orchestra.run.smithi019.stdout:/usr/bin/ceph: stderr
2024-04-25T01:01:51.653+0000 7ffb80ebb700 1 Processor -- start
2024-04-25T01:01:52.487 INFO:teuthology.orchestra.run.smithi019.stdout:/usr/bin/ceph: stderr
2024-04-25T01:01:51.653+0000 7ffb80ebb700 1 -- start start
2024-04-25T01:01:52.487 INFO:teuthology.orchestra.run.smithi019.stdout:/usr/bin/ceph: stderr
2024-04-25T01:01:51.653+0000 7ffb80ebb700 1 --2- >> [v2:172.21.15.19:3300/0,v1:172.21.15.19:6789/0] conn(0x7ffb7c1080b0 0x7ffb7c191bb0 unknown :-1 s=NONE pgs=0 cs=0 l=1 rev1=0 crypto rx=0 tx=0 comp rx=0 tx=0).connect
2024-04-25T01:01:52.487 INFO:teuthology.orchestra.run.smithi019.stdout:/usr/bin/ceph: stderr
2024-04-25T01:01:51.653+0000 7ffb80ebb700 1 -- --> [v2:172.21.15.19:3300/0,v1:172.21.15.19:6789/0] -- mon_getmap magic: 0 -- 0x7ffb7c10af80 con 0x7ffb7c1080b0
2024-04-25T01:01:52.487 INFO:teuthology.orchestra.run.smithi019.stdout:/usr/bin/ceph: stderr
2024-04-25T01:01:51.653+0000 7ffb7a59c700 1 --2- >> [v2:172.21.15.19:3300/0,v1:172.21.15.19:6789/0] conn(0x7ffb7c1080b0 0x7ffb7c191bb0 unknown :-1 s=BANNER_CONNECTING pgs=0 cs=0 l=1 rev1=0 crypto rx=0 tx=0 comp rx=0 tx=0)._handle_peer_banner_payload supported=3 required=0
2024-04-25T01:01:52.487 INFO:teuthology.orchestra.run.smithi019.stdout:/usr/bin/ceph: stderr
2024-04-25T01:01:51.653+0000 7ffb7a59c700 1 --2- >> [v2:172.21.15.19:3300/0,v1:172.21.15.19:6789/0] conn(0x7ffb7c1080b0 0x7ffb7c191bb0 unknown :-1 s=HELLO_CONNECTING pgs=0 cs=0 l=1 rev1=1 crypto rx=0 tx=0 comp rx=0 tx=0).handle_hello peer v2:172.21.15.19:3300/0 says I am v2:172.21.15.19:44430/0 (socket says 172.21.15.19:44430)
2024-04-25T01:01:52.487 INFO:teuthology.orchestra.run.smithi019.stdout:/usr/bin/ceph: stderr
2024-04-25T01:01:51.653+0000 7ffb7a59c700 1 -- 172.21.15.19:0/673493384 learned_addr learned my addr 172.21.15.19:0/673493384 (peer_addr_for_me v2:172.21.15.19:0/0)
2024-04-25T01:01:52.487 INFO:teuthology.orchestra.run.smithi019.stdout:/usr/bin/ceph: stderr
2024-04-25T01:01:51.653+0000 7ffb7a59c700 1 -- 172.21.15.19:0/673493384 --> [v2:172.21.15.19:3300/0,v1:172.21.15.19:6789/0] -- mon_subscribe({config=0+,monmap=0+}) -- 0x7ffb7c1920f0 con 0x7ffb7c1080b0
2024-04-25T01:01:52.487 INFO:teuthology.orchestra.run.smithi019.stdout:/usr/bin/ceph: stderr
2024-04-25T01:01:51.654+0000 7ffb7a59c700 1 --2- 172.21.15.19:0/673493384 >> [v2:172.21.15.19:3300/0,v1:172.21.15.19:6789/0] conn(0x7ffb7c1080b0 0x7ffb7c191bb0 secure :-1 s=READY pgs=50 cs=0 l=1 rev1=1 crypto rx=0x7ffb64000c00 tx=0x7ffb64004290 comp rx=0 tx=0).ready entity=mon.0 client_cookie=0 server_cookie=0 in_seq=0 out_seq=0
2024-04-25T01:01:52.487 INFO:teuthology.orchestra.run.smithi019.stdout:/usr/bin/ceph: stderr
2024-04-25T01:01:51.654+0000 7ffb737fe700 1 -- 172.21.15.19:0/673493384 <== mon.0 v2:172.21.15.19:3300/0 1 ==== mon_map magic: 0 ==== 205+0+0 (secure 0 0 0) 0x7ffb640039c0 con 0x7ffb7c1080b0
2024-04-25T01:01:52.487 INFO:teuthology.orchestra.run.smithi019.stdout:/usr/bin/ceph: stderr
2024-04-25T01:01:51.654+0000 7ffb737fe700 1 -- 172.21.15.19:0/673493384 <== mon.0 v2:172.21.15.19:3300/0 2 ==== config(26 keys) ==== 1071+0+0 (secure 0 0 0) 0x7ffb64003b60 con 0x7ffb7c1080b0
2024-04-25T01:01:52.487 INFO:teuthology.orchestra.run.smithi019.stdout:/usr/bin/ceph: stderr
2024-04-25T01:01:51.654+0000 7ffb80ebb700 1 -- 172.21.15.19:0/673493384 --> [v2:172.21.15.19:3300/0,v1:172.21.15.19:6789/0] -- mon_subscribe({mgrmap=0+}) -- 0x7ffb7c190330 con 0x7ffb7c1080b0
2024-04-25T01:01:52.487 INFO:teuthology.orchestra.run.smithi019.stdout:/usr/bin/ceph: stderr
2024-04-25T01:01:51.654+0000 7ffb737fe700 1 -- 172.21.15.19:0/673493384 <== mon.0 v2:172.21.15.19:3300/0 3 ==== mon_map magic: 0 ==== 205+0+0 (secure 0 0 0) 0x7ffb6401a6f0 con 0x7ffb7c1080b0
2024-04-25T01:01:52.487 INFO:teuthology.orchestra.run.smithi019.stdout:/usr/bin/ceph: stderr
2024-04-25T01:01:51.654+0000 7ffb80ebb700 1 -- 172.21.15.19:0/673493384 --> [v2:172.21.15.19:3300/0,v1:172.21.15.19:6789/0] -- mon_subscribe({osdmap=0}) -- 0x7ffb7c190810 con 0x7ffb7c1080b0
2024-04-25T01:01:52.487 INFO:teuthology.orchestra.run.smithi019.stdout:/usr/bin/ceph: stderr
2024-04-25T01:01:51.655+0000 7ffb737fe700 1 -- 172.21.15.19:0/673493384 <== mon.0 v2:172.21.15.19:3300/0 4 ==== mgrmap(e 8) ==== 46287+0+0 (secure 0 0 0) 0x7ffb6401a890 con 0x7ffb7c1080b0
2024-04-25T01:01:52.488 INFO:teuthology.orchestra.run.smithi019.stdout:/usr/bin/ceph: stderr
2024-04-25T01:01:51.655+0000 7ffb80ebb700 1 -- 172.21.15.19:0/673493384 --> [v2:172.21.15.19:3300/0,v1:172.21.15.19:6789/0] -- mon_command({"prefix": "get_command_descriptions"} v 0) -- 0x7ffb7c10b100 con 0x7ffb7c1080b0
2024-04-25T01:01:52.488 INFO:teuthology.orchestra.run.smithi019.stdout:/usr/bin/ceph: stderr
2024-04-25T01:01:51.655+0000 7ffb737fe700 1 --2- 172.21.15.19:0/673493384 >> [v2:172.21.15.19:6800/3402880847,v1:172.21.15.19:6801/3402880847] conn(0x7ffb680390a0 0x7ffb6803b560 unknown :-1 s=NONE pgs=0 cs=0 l=1 rev1=0 crypto rx=0 tx=0 comp rx=0 tx=0).connect
2024-04-25T01:01:52.488 INFO:teuthology.orchestra.run.smithi019.stdout:/usr/bin/ceph: stderr
2024-04-25T01:01:51.655+0000 7ffb737fe700 1 -- 172.21.15.19:0/673493384 <== mon.0 v2:172.21.15.19:3300/0 5 ==== osd_map(2..2 src has 1..2) ==== 940+0+0 (secure 0 0 0) 0x7ffb6404d4d0 con 0x7ffb7c1080b0
2024-04-25T01:01:52.488 INFO:teuthology.orchestra.run.smithi019.stdout:/usr/bin/ceph: stderr
2024-04-25T01:01:51.655+0000 7ffb79d9b700 1 --2- 172.21.15.19:0/673493384 >> [v2:172.21.15.19:6800/3402880847,v1:172.21.15.19:6801/3402880847] conn(0x7ffb680390a0 0x7ffb6803b560 unknown :-1 s=BANNER_CONNECTING pgs=0 cs=0 l=1 rev1=0 crypto rx=0 tx=0 comp rx=0 tx=0)._handle_peer_banner_payload supported=3 required=0
2024-04-25T01:01:52.488 INFO:teuthology.orchestra.run.smithi019.stdout:/usr/bin/ceph: stderr
2024-04-25T01:01:51.656+0000 7ffb79d9b700 1 --2- 172.21.15.19:0/673493384 >> [v2:172.21.15.19:6800/3402880847,v1:172.21.15.19:6801/3402880847] conn(0x7ffb680390a0 0x7ffb6803b560 secure :-1 s=READY pgs=13 cs=0 l=1 rev1=1 crypto rx=0x7ffb6c006fd0 tx=0x7ffb6c006e40 comp rx=0 tx=0).ready entity=mgr.14120 client_cookie=0 server_cookie=0 in_seq=0 out_seq=0
2024-04-25T01:01:52.488 INFO:teuthology.orchestra.run.smithi019.stdout:/usr/bin/ceph: stderr
2024-04-25T01:01:51.660+0000 7ffb737fe700 1 -- 172.21.15.19:0/673493384 <== mon.0 v2:172.21.15.19:3300/0 6 ==== mon_command_ack([{"prefix": "get_command_descriptions"}]=0 v0) ==== 72+0+186147 (secure 0 0 0) 0x7ffb6400bc40 con 0x7ffb7c1080b0
2024-04-25T01:01:52.488 INFO:teuthology.orchestra.run.smithi019.stdout:/usr/bin/ceph: stderr
2024-04-25T01:01:51.886+0000 7ffb80ebb700 1 -- 172.21.15.19:0/673493384 --> [v2:172.21.15.19:6800/3402880847,v1:172.21.15.19:6801/3402880847] -- mgr_command(tid 0: {"prefix": "orch apply", "service_type": "mgr", "unmanaged": true, "target": ["mon-mgr", ""]}) -- 0x7ffb7c1958b0 con 0x7ffb680390a0
2024-04-25T01:01:52.488 INFO:teuthology.orchestra.run.smithi019.stdout:/usr/bin/ceph: stderr
2024-04-25T01:01:51.893+0000 7ffb737fe700 1 -- 172.21.15.19:0/673493384 <== mgr.14120 v2:172.21.15.19:6800/3402880847 1 ==== mgr_command_reply(tid 0: 0 ) ==== 8+0+24 (secure 0 0 0) 0x7ffb7c1958b0 con 0x7ffb680390a0
2024-04-25T01:01:52.488 INFO:teuthology.orchestra.run.smithi019.stdout:/usr/bin/ceph: stderr
2024-04-25T01:01:51.895+0000 7ffb80ebb700 1 -- 172.21.15.19:0/673493384 >> [v2:172.21.15.19:6800/3402880847,v1:172.21.15.19:6801/3402880847] conn(0x7ffb680390a0 msgr2=0x7ffb6803b560 secure :-1 s=STATE_CONNECTION_ESTABLISHED l=1).mark_down
2024-04-25T01:01:52.488 INFO:teuthology.orchestra.run.smithi019.stdout:/usr/bin/ceph: stderr
2024-04-25T01:01:51.895+0000 7ffb80ebb700 1 --2- 172.21.15.19:0/673493384 >> [v2:172.21.15.19:6800/3402880847,v1:172.21.15.19:6801/3402880847] conn(0x7ffb680390a0 0x7ffb6803b560 secure :-1 s=READY pgs=13 cs=0 l=1 rev1=1 crypto rx=0x7ffb6c006fd0 tx=0x7ffb6c006e40 comp rx=0 tx=0).stop
2024-04-25T01:01:52.488 INFO:teuthology.orchestra.run.smithi019.stdout:/usr/bin/ceph: stderr
2024-04-25T01:01:51.895+0000 7ffb80ebb700 1 -- 172.21.15.19:0/673493384 >> [v2:172.21.15.19:3300/0,v1:172.21.15.19:6789/0] conn(0x7ffb7c1080b0 msgr2=0x7ffb7c191bb0 secure :-1 s=STATE_CONNECTION_ESTABLISHED l=1).mark_down
2024-04-25T01:01:52.488 INFO:teuthology.orchestra.run.smithi019.stdout:/usr/bin/ceph: stderr
2024-04-25T01:01:51.895+0000 7ffb80ebb700 1 --2- 172.21.15.19:0/673493384 >> [v2:172.21.15.19:3300/0,v1:172.21.15.19:6789/0] conn(0x7ffb7c1080b0 0x7ffb7c191bb0 secure :-1 s=READY pgs=50 cs=0 l=1 rev1=1 crypto rx=0x7ffb64000c00 tx=0x7ffb64004290 comp rx=0 tx=0).stop
2024-04-25T01:01:52.488 INFO:teuthology.orchestra.run.smithi019.stdout:/usr/bin/ceph: stderr
2024-04-25T01:01:51.895+0000 7ffb80ebb700 1 -- 172.21.15.19:0/673493384 shutdown_connections
2024-04-25T01:01:52.488 INFO:teuthology.orchestra.run.smithi019.stdout:/usr/bin/ceph: stderr
2024-04-25T01:01:51.895+0000 7ffb80ebb700 1 --2- 172.21.15.19:0/673493384 >> [v2:172.21.15.19:6800/3402880847,v1:172.21.15.19:6801/3402880847] conn(0x7ffb680390a0 0x7ffb6803b560 unknown :-1 s=CLOSED pgs=13 cs=0 l=1 rev1=1 crypto rx=0 tx=0 comp rx=0 tx=0).stop
2024-04-25T01:01:52.489 INFO:teuthology.orchestra.run.smithi019.stdout:/usr/bin/ceph: stderr
2024-04-25T01:01:51.895+0000 7ffb80ebb700 1 --2- 172.21.15.19:0/673493384 >> [v2:172.21.15.19:3300/0,v1:172.21.15.19:6789/0] conn(0x7ffb7c1080b0 0x7ffb7c191bb0 unknown :-1 s=CLOSED pgs=50 cs=0 l=1 rev1=1 crypto rx=0 tx=0 comp rx=0 tx=0).stop
2024-04-25T01:01:52.489 INFO:teuthology.orchestra.run.smithi019.stdout:/usr/bin/ceph: stderr
2024-04-25T01:01:51.895+0000 7ffb80ebb700 1 -- 172.21.15.19:0/673493384 >> 172.21.15.19:0/673493384 conn(0x7ffb7c101fb0 msgr2=0x7ffb7c102ef0 unknown :-1 s=STATE_NONE l=0).mark_down
2024-04-25T01:01:52.489 INFO:teuthology.orchestra.run.smithi019.stdout:/usr/bin/ceph: stderr
2024-04-25T01:01:51.895+0000 7ffb80ebb700 1 -- 172.21.15.19:0/673493384 shutdown_connections
2024-04-25T01:01:52.489 INFO:teuthology.orchestra.run.smithi019.stdout:/usr/bin/ceph: stderr
2024-04-25T01:01:51.895+0000 7ffb80ebb700 1 -- 172.21.15.19:0/673493384 wait complete.
2024-04-25T01:01:53.072 INFO:journalctl@ceph.mon.a.smithi019.stdout:Apr 25 01:01:52 smithi019 ceph-mon[29457]: from='client.14144 -' entity='client.admin' cmd=[{"prefix": "orch apply", "service_type": "mgr", "unmanaged": true, "target": ["mon-mgr", ""]}]: dispatch
2024-04-25T01:01:53.072 INFO:journalctl@ceph.mon.a.smithi019.stdout:Apr 25 01:01:52 smithi019 ceph-mon[29457]: Saving service mgr spec with placement count:2
2024-04-25T01:01:53.072 INFO:journalctl@ceph.mon.a.smithi019.stdout:Apr 25 01:01:52 smithi019 ceph-mon[29457]: from='mgr.14120 172.21.15.19:0/3188571405' entity='mgr.x'
2024-04-25T01:01:53.801 INFO:teuthology.orchestra.run.smithi019.stdout:/usr/bin/ceph: stderr
2024-04-25T01:01:52.905+0000 7fbdf1599700 1 Processor -- start
2024-04-25T01:01:53.801 INFO:teuthology.orchestra.run.smithi019.stdout:/usr/bin/ceph: stderr
2024-04-25T01:01:52.905+0000 7fbdf1599700 1 -- start start
2024-04-25T01:01:53.802 INFO:teuthology.orchestra.run.smithi019.stdout:/usr/bin/ceph: stderr
2024-04-25T01:01:52.905+0000 7fbdf1599700 1 --2- >> [v2:172.21.15.19:3300/0,v1:172.21.15.19:6789/0] conn(0x7fbdec108620 0x7fbdec10aa10 unknown :-1 s=NONE pgs=0 cs=0 l=0 rev1=0 crypto rx=0 tx=0 comp rx=0 tx=0).connect
2024-04-25T01:01:53.802 INFO:teuthology.orchestra.run.smithi019.stdout:/usr/bin/ceph: stderr
2024-04-25T01:01:52.905+0000 7fbdf1599700 1 -- --> [v2:172.21.15.19:3300/0,v1:172.21.15.19:6789/0] -- mon_getmap magic: 0 -- 0x7fbdec07be00 con 0x7fbdec108620
2024-04-25T01:01:53.802 INFO:teuthology.orchestra.run.smithi019.stdout:/usr/bin/ceph: stderr
2024-04-25T01:01:52.905+0000 7fbdeaffd700 1 --2- >> [v2:172.21.15.19:3300/0,v1:172.21.15.19:6789/0] conn(0x7fbdec108620 0x7fbdec10aa10 unknown :-1 s=BANNER_CONNECTING pgs=0 cs=0 l=0 rev1=0 crypto rx=0 tx=0 comp rx=0 tx=0)._handle_peer_banner_payload supported=3 required=0
2024-04-25T01:01:53.802 INFO:teuthology.orchestra.run.smithi019.stdout:/usr/bin/ceph: stderr
2024-04-25T01:01:52.905+0000 7fbdeaffd700 1 --2- >> [v2:172.21.15.19:3300/0,v1:172.21.15.19:6789/0] conn(0x7fbdec108620 0x7fbdec10aa10 unknown :-1 s=HELLO_CONNECTING pgs=0 cs=0 l=0 rev1=1 crypto rx=0 tx=0 comp rx=0 tx=0).handle_hello peer v2:172.21.15.19:3300/0 says I am v2:172.21.15.19:44434/0 (socket says 172.21.15.19:44434)
2024-04-25T01:01:53.802 INFO:teuthology.orchestra.run.smithi019.stdout:/usr/bin/ceph: stderr
2024-04-25T01:01:52.905+0000 7fbdeaffd700 1 -- 172.21.15.19:0/344597844 learned_addr learned my addr 172.21.15.19:0/344597844 (peer_addr_for_me v2:172.21.15.19:0/0)
2024-04-25T01:01:53.802 INFO:teuthology.orchestra.run.smithi019.stdout:/usr/bin/ceph: stderr
2024-04-25T01:01:52.906+0000 7fbdeaffd700 1 -- 172.21.15.19:0/344597844 --> [v2:172.21.15.19:3300/0,v1:172.21.15.19:6789/0] -- mon_subscribe({config=0+,monmap=0+}) -- 0x7fbdec10af50 con 0x7fbdec108620
2024-04-25T01:01:53.802 INFO:teuthology.orchestra.run.smithi019.stdout:/usr/bin/ceph: stderr
2024-04-25T01:01:52.906+0000 7fbdeaffd700 1 --2- 172.21.15.19:0/344597844 >> [v2:172.21.15.19:3300/0,v1:172.21.15.19:6789/0] conn(0x7fbdec108620 0x7fbdec10aa10 secure :-1 s=READY pgs=51 cs=0 l=1 rev1=1 crypto rx=0x7fbddc0098a0 tx=0x7fbddc009bb0 comp rx=0 tx=0).ready entity=mon.0 client_cookie=5d6e7675888dc4e6 server_cookie=0 in_seq=0 out_seq=0
2024-04-25T01:01:53.802 INFO:teuthology.orchestra.run.smithi019.stdout:/usr/bin/ceph: stderr
2024-04-25T01:01:52.906+0000 7fbdea7fc700 1 -- 172.21.15.19:0/344597844 <== mon.0 v2:172.21.15.19:3300/0 1 ==== mon_map magic: 0 ==== 205+0+0 (secure 0 0 0) 0x7fbddc004160 con 0x7fbdec108620
2024-04-25T01:01:53.802 INFO:teuthology.orchestra.run.smithi019.stdout:/usr/bin/ceph: stderr
2024-04-25T01:01:52.906+0000 7fbdea7fc700 1 -- 172.21.15.19:0/344597844 <== mon.0 v2:172.21.15.19:3300/0 2 ==== config(26 keys) ==== 1071+0+0 (secure 0 0 0) 0x7fbddc004300 con 0x7fbdec108620
2024-04-25T01:01:53.802 INFO:teuthology.orchestra.run.smithi019.stdout:/usr/bin/ceph: stderr
2024-04-25T01:01:52.906+0000 7fbdea7fc700 1 -- 172.21.15.19:0/344597844 <== mon.0 v2:172.21.15.19:3300/0 3 ==== mon_map magic: 0 ==== 205+0+0 (secure 0 0 0) 0x7fbddc011a80 con 0x7fbdec108620
2024-04-25T01:01:53.802 INFO:teuthology.orchestra.run.smithi019.stdout:/usr/bin/ceph: stderr
2024-04-25T01:01:52.906+0000 7fbdf1599700 1 -- 172.21.15.19:0/344597844 >> [v2:172.21.15.19:3300/0,v1:172.21.15.19:6789/0] conn(0x7fbdec108620 msgr2=0x7fbdec10aa10 secure :-1 s=STATE_CONNECTION_ESTABLISHED l=1).mark_down
2024-04-25T01:01:53.802 INFO:teuthology.orchestra.run.smithi019.stdout:/usr/bin/ceph: stderr
2024-04-25T01:01:52.906+0000 7fbdf1599700 1 --2- 172.21.15.19:0/344597844 >> [v2:172.21.15.19:3300/0,v1:172.21.15.19:6789/0] conn(0x7fbdec108620 0x7fbdec10aa10 secure :-1 s=READY pgs=51 cs=0 l=1 rev1=1 crypto rx=0x7fbddc0098a0 tx=0x7fbddc009bb0 comp rx=0 tx=0).stop
2024-04-25T01:01:53.803 INFO:teuthology.orchestra.run.smithi019.stdout:/usr/bin/ceph: stderr
2024-04-25T01:01:52.907+0000 7fbdf1599700 1 -- 172.21.15.19:0/344597844 shutdown_connections
2024-04-25T01:01:53.803 INFO:teuthology.orchestra.run.smithi019.stdout:/usr/bin/ceph: stderr
2024-04-25T01:01:52.907+0000 7fbdf1599700 1 --2- 172.21.15.19:0/344597844 >> [v2:172.21.15.19:3300/0,v1:172.21.15.19:6789/0] conn(0x7fbdec108620 0x7fbdec10aa10 unknown :-1 s=CLOSED pgs=51 cs=0 l=1 rev1=1 crypto rx=0 tx=0 comp rx=0 tx=0).stop
2024-04-25T01:01:53.803 INFO:teuthology.orchestra.run.smithi019.stdout:/usr/bin/ceph: stderr
2024-04-25T01:01:52.907+0000 7fbdf1599700 1 -- 172.21.15.19:0/344597844 >> 172.21.15.19:0/344597844 conn(0x7fbdec102010 msgr2=0x7fbdec104430 unknown :-1 s=STATE_NONE l=0).mark_down
2024-04-25T01:01:53.803 INFO:teuthology.orchestra.run.smithi019.stdout:/usr/bin/ceph: stderr
2024-04-25T01:01:52.907+0000 7fbdf1599700 1 -- 172.21.15.19:0/344597844 shutdown_connections
2024-04-25T01:01:53.803 INFO:teuthology.orchestra.run.smithi019.stdout:/usr/bin/ceph: stderr
2024-04-25T01:01:52.907+0000 7fbdf1599700 1 -- 172.21.15.19:0/344597844 wait complete.
2024-04-25T01:01:53.803 INFO:teuthology.orchestra.run.smithi019.stdout:/usr/bin/ceph: stderr
2024-04-25T01:01:52.907+0000 7fbdf1599700 1 Processor -- start
2024-04-25T01:01:53.803 INFO:teuthology.orchestra.run.smithi019.stdout:/usr/bin/ceph: stderr
2024-04-25T01:01:52.907+0000 7fbdf1599700 1 -- start start
2024-04-25T01:01:53.803 INFO:teuthology.orchestra.run.smithi019.stdout:/usr/bin/ceph: stderr
2024-04-25T01:01:52.907+0000 7fbdf1599700 1 --2- >> [v2:172.21.15.19:3300/0,v1:172.21.15.19:6789/0] conn(0x7fbdec108620 0x7fbdec19ba80 unknown :-1 s=NONE pgs=0 cs=0 l=1 rev1=0 crypto rx=0 tx=0 comp rx=0 tx=0).connect
2024-04-25T01:01:53.803 INFO:teuthology.orchestra.run.smithi019.stdout:/usr/bin/ceph: stderr
2024-04-25T01:01:52.907+0000 7fbdf1599700 1 -- --> [v2:172.21.15.19:3300/0,v1:172.21.15.19:6789/0] -- mon_getmap magic: 0 -- 0x7fbdec10bec0 con 0x7fbdec108620
2024-04-25T01:01:53.803 INFO:teuthology.orchestra.run.smithi019.stdout:/usr/bin/ceph: stderr
2024-04-25T01:01:52.908+0000 7fbdeaffd700 1 --2- >> [v2:172.21.15.19:3300/0,v1:172.21.15.19:6789/0] conn(0x7fbdec108620 0x7fbdec19ba80 unknown :-1 s=BANNER_CONNECTING pgs=0 cs=0 l=1 rev1=0 crypto rx=0 tx=0 comp rx=0 tx=0)._handle_peer_banner_payload supported=3 required=0
2024-04-25T01:01:53.803 INFO:teuthology.orchestra.run.smithi019.stdout:/usr/bin/ceph: stderr
2024-04-25T01:01:52.908+0000 7fbdeaffd700 1 --2- >> [v2:172.21.15.19:3300/0,v1:172.21.15.19:6789/0] conn(0x7fbdec108620 0x7fbdec19ba80 unknown :-1 s=HELLO_CONNECTING pgs=0 cs=0 l=1 rev1=1 crypto rx=0 tx=0 comp rx=0 tx=0).handle_hello peer v2:172.21.15.19:3300/0 says I am v2:172.21.15.19:44436/0 (socket says 172.21.15.19:44436)
2024-04-25T01:01:53.803 INFO:teuthology.orchestra.run.smithi019.stdout:/usr/bin/ceph: stderr
2024-04-25T01:01:52.908+0000 7fbdeaffd700 1 -- 172.21.15.19:0/2406179431 learned_addr learned my addr 172.21.15.19:0/2406179431 (peer_addr_for_me v2:172.21.15.19:0/0)
2024-04-25T01:01:53.803 INFO:teuthology.orchestra.run.smithi019.stdout:/usr/bin/ceph: stderr
2024-04-25T01:01:52.908+0000 7fbdeaffd700 1 -- 172.21.15.19:0/2406179431 --> [v2:172.21.15.19:3300/0,v1:172.21.15.19:6789/0] -- mon_subscribe({config=0+,monmap=0+}) -- 0x7fbdec19bfc0 con 0x7fbdec108620
2024-04-25T01:01:53.803 INFO:teuthology.orchestra.run.smithi019.stdout:/usr/bin/ceph: stderr
2024-04-25T01:01:52.908+0000 7fbdeaffd700 1 --2- 172.21.15.19:0/2406179431 >> [v2:172.21.15.19:3300/0,v1:172.21.15.19:6789/0] conn(0x7fbdec108620 0x7fbdec19ba80 secure :-1 s=READY pgs=52 cs=0 l=1 rev1=1 crypto rx=0x7fbddc011a50 tx=0x7fbddc004290 comp rx=0 tx=0).ready entity=mon.0 client_cookie=0 server_cookie=0 in_seq=0 out_seq=0
2024-04-25T01:01:53.804 INFO:teuthology.orchestra.run.smithi019.stdout:/usr/bin/ceph: stderr
2024-04-25T01:01:52.908+0000 7fbde8ff9700 1 -- 172.21.15.19:0/2406179431 <== mon.0 v2:172.21.15.19:3300/0 1 ==== mon_map magic: 0 ==== 205+0+0 (secure 0 0 0) 0x7fbddc0039f0 con 0x7fbdec108620
2024-04-25T01:01:53.804 INFO:teuthology.orchestra.run.smithi019.stdout:/usr/bin/ceph: stderr
2024-04-25T01:01:52.908+0000 7fbde8ff9700 1 -- 172.21.15.19:0/2406179431 <== mon.0 v2:172.21.15.19:3300/0 2 ==== config(26 keys) ==== 1071+0+0 (secure 0 0 0) 0x7fbddc003b90 con 0x7fbdec108620
2024-04-25T01:01:53.804 INFO:teuthology.orchestra.run.smithi019.stdout:/usr/bin/ceph: stderr
2024-04-25T01:01:52.908+0000 7fbdf1599700 1 -- 172.21.15.19:0/2406179431 --> [v2:172.21.15.19:3300/0,v1:172.21.15.19:6789/0] -- mon_subscribe({mgrmap=0+}) -- 0x7fbdec19c250 con 0x7fbdec108620
2024-04-25T01:01:53.804 INFO:teuthology.orchestra.run.smithi019.stdout:/usr/bin/ceph: stderr
2024-04-25T01:01:52.908+0000 7fbde8ff9700 1 -- 172.21.15.19:0/2406179431 <== mon.0 v2:172.21.15.19:3300/0 3 ==== mon_map magic: 0 ==== 205+0+0 (secure 0 0 0) 0x7fbddc01a600 con 0x7fbdec108620
2024-04-25T01:01:53.804 INFO:teuthology.orchestra.run.smithi019.stdout:/usr/bin/ceph: stderr
2024-04-25T01:01:52.908+0000 7fbdf1599700 1 -- 172.21.15.19:0/2406179431 --> [v2:172.21.15.19:3300/0,v1:172.21.15.19:6789/0] -- mon_subscribe({osdmap=0}) -- 0x7fbdec19ef40 con 0x7fbdec108620
2024-04-25T01:01:53.804 INFO:teuthology.orchestra.run.smithi019.stdout:/usr/bin/ceph: stderr
2024-04-25T01:01:52.909+0000 7fbde8ff9700 1 -- 172.21.15.19:0/2406179431 <== mon.0 v2:172.21.15.19:3300/0 4 ==== mgrmap(e 8) ==== 46287+0+0 (secure 0 0 0) 0x7fbddc01a8b0 con 0x7fbdec108620
2024-04-25T01:01:53.804 INFO:teuthology.orchestra.run.smithi019.stdout:/usr/bin/ceph: stderr
2024-04-25T01:01:52.909+0000 7fbdf1599700 1 -- 172.21.15.19:0/2406179431 --> [v2:172.21.15.19:3300/0,v1:172.21.15.19:6789/0] -- mon_command({"prefix": "get_command_descriptions"} v 0) -- 0x7fbdec063890 con 0x7fbdec108620
2024-04-25T01:01:53.804 INFO:teuthology.orchestra.run.smithi019.stdout:/usr/bin/ceph: stderr
2024-04-25T01:01:52.909+0000 7fbde8ff9700 1 --2- 172.21.15.19:0/2406179431 >> [v2:172.21.15.19:6800/3402880847,v1:172.21.15.19:6801/3402880847] conn(0x7fbdd80390a0 0x7fbdd803b560 unknown :-1 s=NONE pgs=0 cs=0 l=1 rev1=0 crypto rx=0 tx=0 comp rx=0 tx=0).connect
2024-04-25T01:01:53.804 INFO:teuthology.orchestra.run.smithi019.stdout:/usr/bin/ceph: stderr
2024-04-25T01:01:52.909+0000 7fbde8ff9700 1 -- 172.21.15.19:0/2406179431 <== mon.0 v2:172.21.15.19:3300/0 5 ==== osd_map(2..2 src has 1..2) ==== 940+0+0 (secure 0 0 0) 0x7fbddc04d630 con 0x7fbdec108620
2024-04-25T01:01:53.804 INFO:teuthology.orchestra.run.smithi019.stdout:/usr/bin/ceph: stderr
2024-04-25T01:01:52.909+0000 7fbde3fff700 1 --2- 172.21.15.19:0/2406179431 >> [v2:172.21.15.19:6800/3402880847,v1:172.21.15.19:6801/3402880847] conn(0x7fbdd80390a0 0x7fbdd803b560 unknown :-1 s=BANNER_CONNECTING pgs=0 cs=0 l=1 rev1=0 crypto rx=0 tx=0 comp rx=0 tx=0)._handle_peer_banner_payload supported=3 required=0
2024-04-25T01:01:53.804 INFO:teuthology.orchestra.run.smithi019.stdout:/usr/bin/ceph: stderr
2024-04-25T01:01:52.910+0000 7fbde3fff700 1 --2- 172.21.15.19:0/2406179431 >> [v2:172.21.15.19:6800/3402880847,v1:172.21.15.19:6801/3402880847] conn(0x7fbdd80390a0 0x7fbdd803b560 secure :-1 s=READY pgs=14 cs=0 l=1 rev1=1 crypto rx=0x7fbdd4006fd0 tx=0x7fbdd4006e40 comp rx=0 tx=0).ready entity=mgr.14120 client_cookie=0 server_cookie=0 in_seq=0 out_seq=0
2024-04-25T01:01:53.804 INFO:teuthology.orchestra.run.smithi019.stdout:/usr/bin/ceph: stderr
2024-04-25T01:01:52.914+0000 7fbde8ff9700 1 -- 172.21.15.19:0/2406179431 <== mon.0 v2:172.21.15.19:3300/0 6 ==== mon_command_ack([{"prefix": "get_command_descriptions"}]=0 v0) ==== 72+0+186147 (secure 0 0 0) 0x7fbddc00be10 con 0x7fbdec108620
2024-04-25T01:01:53.804 INFO:teuthology.orchestra.run.smithi019.stdout:/usr/bin/ceph: stderr
2024-04-25T01:01:53.122+0000 7fbdf1599700 1 -- 172.21.15.19:0/2406179431 --> [v2:172.21.15.19:3300/0,v1:172.21.15.19:6789/0] -- mon_command([{prefix=config set, name=mgr/cephadm/container_init}] v 0) -- 0x7fbdec19f5b0 con 0x7fbdec108620
2024-04-25T01:01:53.805 INFO:teuthology.orchestra.run.smithi019.stdout:/usr/bin/ceph: stderr
2024-04-25T01:01:53.125+0000 7fbde8ff9700 1 -- 172.21.15.19:0/2406179431 <== mon.0 v2:172.21.15.19:3300/0 7 ==== mon_command_ack([{prefix=config set, name=mgr/cephadm/container_init}]=0 v6)=0 v6) ==== 142+0+0 (secure 0 0 0) 0x7fbddc02d910 con 0x7fbdec108620
2024-04-25T01:01:53.805 INFO:teuthology.orchestra.run.smithi019.stdout:/usr/bin/ceph: stderr
2024-04-25T01:01:53.127+0000 7fbdf1599700 1 -- 172.21.15.19:0/2406179431 >> [v2:172.21.15.19:6800/3402880847,v1:172.21.15.19:6801/3402880847] conn(0x7fbdd80390a0 msgr2=0x7fbdd803b560 secure :-1 s=STATE_CONNECTION_ESTABLISHED l=1).mark_down
2024-04-25T01:01:53.805 INFO:teuthology.orchestra.run.smithi019.stdout:/usr/bin/ceph: stderr
2024-04-25T01:01:53.127+0000 7fbdf1599700 1 --2- 172.21.15.19:0/2406179431 >> [v2:172.21.15.19:6800/3402880847,v1:172.21.15.19:6801/3402880847] conn(0x7fbdd80390a0 0x7fbdd803b560 secure :-1 s=READY pgs=14 cs=0 l=1 rev1=1 crypto rx=0x7fbdd4006fd0 tx=0x7fbdd4006e40 comp rx=0 tx=0).stop
2024-04-25T01:01:53.805 INFO:teuthology.orchestra.run.smithi019.stdout:/usr/bin/ceph: stderr
2024-04-25T01:01:53.127+0000 7fbdf1599700 1 -- 172.21.15.19:0/2406179431 >> [v2:172.21.15.19:3300/0,v1:172.21.15.19:6789/0] conn(0x7fbdec108620 msgr2=0x7fbdec19ba80 secure :-1 s=STATE_CONNECTION_ESTABLISHED l=1).mark_down
2024-04-25T01:01:53.805 INFO:teuthology.orchestra.run.smithi019.stdout:/usr/bin/ceph: stderr
2024-04-25T01:01:53.127+0000 7fbdf1599700 1 --2- 172.21.15.19:0/2406179431 >> [v2:172.21.15.19:3300/0,v1:172.21.15.19:6789/0] conn(0x7fbdec108620 0x7fbdec19ba80 secure :-1 s=READY pgs=52 cs=0 l=1 rev1=1 crypto rx=0x7fbddc011a50 tx=0x7fbddc004290 comp rx=0 tx=0).stop
2024-04-25T01:01:53.805 INFO:teuthology.orchestra.run.smithi019.stdout:/usr/bin/ceph: stderr
2024-04-25T01:01:53.128+0000 7fbdf1599700 1 -- 172.21.15.19:0/2406179431 shutdown_connections
2024-04-25T01:01:53.805 INFO:teuthology.orchestra.run.smithi019.stdout:/usr/bin/ceph: stderr
2024-04-25T01:01:53.128+0000 7fbdf1599700 1 --2- 172.21.15.19:0/2406179431 >> [v2:172.21.15.19:6800/3402880847,v1:172.21.15.19:6801/3402880847] conn(0x7fbdd80390a0 0x7fbdd803b560 unknown :-1 s=CLOSED pgs=14 cs=0 l=1 rev1=1 crypto rx=0 tx=0 comp rx=0 tx=0).stop
