2024-04-25T01:15:31.458 INFO:teuthology.orchestra.run.smithi027.stdout:/usr/bin/ceph: stderr
2024-04-25T01:15:30.672+0000 7f555affd700 1 --2- >> [v2:172.21.15.27:3300/0,v1:172.21.15.27:6789/0] conn(0x7f555c1081b0 0x7f555c1085d0 unknown :-1 s=BANNER_CONNECTING pgs=0 cs=0 l=0 rev1=0 crypto rx=0 tx=0 comp rx=0 tx=0)._handle_peer_banner_payload supported=3 required=0
2024-04-25T01:15:31.459 INFO:teuthology.orchestra.run.smithi027.stdout:/usr/bin/ceph: stderr
2024-04-25T01:15:30.672+0000 7f555affd700 1 --2- >> [v2:172.21.15.27:3300/0,v1:172.21.15.27:6789/0] conn(0x7f555c1081b0 0x7f555c1085d0 unknown :-1 s=HELLO_CONNECTING pgs=0 cs=0 l=0 rev1=1 crypto rx=0 tx=0 comp rx=0 tx=0).handle_hello peer v2:172.21.15.27:3300/0 says I am v2:172.21.15.27:54324/0 (socket says 172.21.15.27:54324)
2024-04-25T01:15:31.459 INFO:teuthology.orchestra.run.smithi027.stdout:/usr/bin/ceph: stderr
2024-04-25T01:15:30.672+0000 7f555affd700 1 -- 172.21.15.27:0/176097561 learned_addr learned my addr 172.21.15.27:0/176097561 (peer_addr_for_me v2:172.21.15.27:0/0)
2024-04-25T01:15:31.459 INFO:teuthology.orchestra.run.smithi027.stdout:/usr/bin/ceph: stderr
2024-04-25T01:15:30.672+0000 7f555affd700 1 -- 172.21.15.27:0/176097561 --> [v2:172.21.15.27:3300/0,v1:172.21.15.27:6789/0] -- mon_subscribe({config=0+,monmap=0+}) -- 0x7f555c106e10 con 0x7f555c1081b0
2024-04-25T01:15:31.459 INFO:teuthology.orchestra.run.smithi027.stdout:/usr/bin/ceph: stderr
2024-04-25T01:15:30.672+0000 7f555affd700 1 --2- 172.21.15.27:0/176097561 >> [v2:172.21.15.27:3300/0,v1:172.21.15.27:6789/0] conn(0x7f555c1081b0 0x7f555c1085d0 secure :-1 s=READY pgs=47 cs=0 l=1 rev1=1 crypto rx=0x7f554c00bb40 tx=0x7f554c00be50 comp rx=0 tx=0).ready entity=mon.0 client_cookie=10ed4d0052ffd6a9 server_cookie=0 in_seq=0 out_seq=0
2024-04-25T01:15:31.459 INFO:teuthology.orchestra.run.smithi027.stdout:/usr/bin/ceph: stderr
2024-04-25T01:15:30.673+0000 7f5559ffb700 1 -- 172.21.15.27:0/176097561 <== mon.0 v2:172.21.15.27:3300/0 1 ==== mon_map magic: 0 ==== 205+0+0 (secure 0 0 0) 0x7f554c00dbe0 con 0x7f555c1081b0
2024-04-25T01:15:31.459 INFO:teuthology.orchestra.run.smithi027.stdout:/usr/bin/ceph: stderr
2024-04-25T01:15:30.673+0000 7f5559ffb700 1 -- 172.21.15.27:0/176097561 <== mon.0 v2:172.21.15.27:3300/0 2 ==== config(27 keys) ==== 1109+0+0 (secure 0 0 0) 0x7f554c0044f0 con 0x7f555c1081b0
2024-04-25T01:15:31.459 INFO:teuthology.orchestra.run.smithi027.stdout:/usr/bin/ceph: stderr
2024-04-25T01:15:30.673+0000 7f5559ffb700 1 -- 172.21.15.27:0/176097561 <== mon.0 v2:172.21.15.27:3300/0 3 ==== mon_map magic: 0 ==== 205+0+0 (secure 0 0 0) 0x7f554c010470 con 0x7f555c1081b0
2024-04-25T01:15:31.459 INFO:teuthology.orchestra.run.smithi027.stdout:/usr/bin/ceph: stderr
2024-04-25T01:15:30.673+0000 7f55617a6700 1 -- 172.21.15.27:0/176097561 >> [v2:172.21.15.27:3300/0,v1:172.21.15.27:6789/0] conn(0x7f555c1081b0 msgr2=0x7f555c1085d0 secure :-1 s=STATE_CONNECTION_ESTABLISHED l=1).mark_down
2024-04-25T01:15:31.459 INFO:teuthology.orchestra.run.smithi027.stdout:/usr/bin/ceph: stderr
2024-04-25T01:15:30.673+0000 7f55617a6700 1 --2- 172.21.15.27:0/176097561 >> [v2:172.21.15.27:3300/0,v1:172.21.15.27:6789/0] conn(0x7f555c1081b0 0x7f555c1085d0 secure :-1 s=READY pgs=47 cs=0 l=1 rev1=1 crypto rx=0x7f554c00bb40 tx=0x7f554c00be50 comp rx=0 tx=0).stop
2024-04-25T01:15:31.459 INFO:teuthology.orchestra.run.smithi027.stdout:/usr/bin/ceph: stderr
2024-04-25T01:15:30.673+0000 7f55617a6700 1 -- 172.21.15.27:0/176097561 shutdown_connections
2024-04-25T01:15:31.460 INFO:teuthology.orchestra.run.smithi027.stdout:/usr/bin/ceph: stderr
2024-04-25T01:15:30.673+0000 7f55617a6700 1 --2- 172.21.15.27:0/176097561 >> [v2:172.21.15.27:3300/0,v1:172.21.15.27:6789/0] conn(0x7f555c1081b0 0x7f555c1085d0 unknown :-1 s=CLOSED pgs=47 cs=0 l=1 rev1=1 crypto rx=0 tx=0 comp rx=0 tx=0).stop
2024-04-25T01:15:31.460 INFO:teuthology.orchestra.run.smithi027.stdout:/usr/bin/ceph: stderr
2024-04-25T01:15:30.673+0000 7f55617a6700 1 -- 172.21.15.27:0/176097561 >> 172.21.15.27:0/176097561 conn(0x7f555c101940 msgr2=0x7f555c103d60 unknown :-1 s=STATE_NONE l=0).mark_down
2024-04-25T01:15:31.460 INFO:teuthology.orchestra.run.smithi027.stdout:/usr/bin/ceph: stderr
2024-04-25T01:15:30.673+0000 7f55617a6700 1 -- 172.21.15.27:0/176097561 shutdown_connections
2024-04-25T01:15:31.460 INFO:teuthology.orchestra.run.smithi027.stdout:/usr/bin/ceph: stderr
2024-04-25T01:15:30.673+0000 7f55617a6700 1 -- 172.21.15.27:0/176097561 wait complete.
2024-04-25T01:15:31.460 INFO:teuthology.orchestra.run.smithi027.stdout:/usr/bin/ceph: stderr
2024-04-25T01:15:30.674+0000 7f55617a6700 1 Processor -- start
2024-04-25T01:15:31.460 INFO:teuthology.orchestra.run.smithi027.stdout:/usr/bin/ceph: stderr
2024-04-25T01:15:30.674+0000 7f55617a6700 1 -- start start
2024-04-25T01:15:31.460 INFO:teuthology.orchestra.run.smithi027.stdout:/usr/bin/ceph: stderr
2024-04-25T01:15:30.674+0000 7f55617a6700 1 --2- >> [v2:172.21.15.27:3300/0,v1:172.21.15.27:6789/0] conn(0x7f555c1081b0 0x7f555c199a80 unknown :-1 s=NONE pgs=0 cs=0 l=1 rev1=0 crypto rx=0 tx=0 comp rx=0 tx=0).connect
2024-04-25T01:15:31.460 INFO:teuthology.orchestra.run.smithi027.stdout:/usr/bin/ceph: stderr
2024-04-25T01:15:30.674+0000 7f55617a6700 1 -- --> [v2:172.21.15.27:3300/0,v1:172.21.15.27:6789/0] -- mon_getmap magic: 0 -- 0x7f555c105d00 con 0x7f555c1081b0
2024-04-25T01:15:31.460 INFO:teuthology.orchestra.run.smithi027.stdout:/usr/bin/ceph: stderr
2024-04-25T01:15:30.674+0000 7f555affd700 1 --2- >> [v2:172.21.15.27:3300/0,v1:172.21.15.27:6789/0] conn(0x7f555c1081b0 0x7f555c199a80 unknown :-1 s=BANNER_CONNECTING pgs=0 cs=0 l=1 rev1=0 crypto rx=0 tx=0 comp rx=0 tx=0)._handle_peer_banner_payload supported=3 required=0
2024-04-25T01:15:31.460 INFO:teuthology.orchestra.run.smithi027.stdout:/usr/bin/ceph: stderr
2024-04-25T01:15:30.674+0000 7f555affd700 1 --2- >> [v2:172.21.15.27:3300/0,v1:172.21.15.27:6789/0] conn(0x7f555c1081b0 0x7f555c199a80 unknown :-1 s=HELLO_CONNECTING pgs=0 cs=0 l=1 rev1=1 crypto rx=0 tx=0 comp rx=0 tx=0).handle_hello peer v2:172.21.15.27:3300/0 says I am v2:172.21.15.27:54334/0 (socket says 172.21.15.27:54334)
2024-04-25T01:15:31.460 INFO:teuthology.orchestra.run.smithi027.stdout:/usr/bin/ceph: stderr
2024-04-25T01:15:30.674+0000 7f555affd700 1 -- 172.21.15.27:0/3305273488 learned_addr learned my addr 172.21.15.27:0/3305273488 (peer_addr_for_me v2:172.21.15.27:0/0)
2024-04-25T01:15:31.461 INFO:teuthology.orchestra.run.smithi027.stdout:/usr/bin/ceph: stderr
2024-04-25T01:15:30.675+0000 7f555affd700 1 -- 172.21.15.27:0/3305273488 --> [v2:172.21.15.27:3300/0,v1:172.21.15.27:6789/0] -- mon_subscribe({config=0+,monmap=0+}) -- 0x7f555c199fc0 con 0x7f555c1081b0
2024-04-25T01:15:31.461 INFO:teuthology.orchestra.run.smithi027.stdout:/usr/bin/ceph: stderr
2024-04-25T01:15:30.675+0000 7f555affd700 1 --2- 172.21.15.27:0/3305273488 >> [v2:172.21.15.27:3300/0,v1:172.21.15.27:6789/0] conn(0x7f555c1081b0 0x7f555c199a80 secure :-1 s=READY pgs=48 cs=0 l=1 rev1=1 crypto rx=0x7f554c00b340 tx=0x7f554c0040b0 comp rx=0 tx=0).ready entity=mon.0 client_cookie=0 server_cookie=0 in_seq=0 out_seq=0
2024-04-25T01:15:31.461 INFO:teuthology.orchestra.run.smithi027.stdout:/usr/bin/ceph: stderr
2024-04-25T01:15:30.675+0000 7f5553fff700 1 -- 172.21.15.27:0/3305273488 <== mon.0 v2:172.21.15.27:3300/0 1 ==== mon_map magic: 0 ==== 205+0+0 (secure 0 0 0) 0x7f554c027070 con 0x7f555c1081b0
2024-04-25T01:15:31.461 INFO:teuthology.orchestra.run.smithi027.stdout:/usr/bin/ceph: stderr
2024-04-25T01:15:30.675+0000 7f55617a6700 1 -- 172.21.15.27:0/3305273488 --> [v2:172.21.15.27:3300/0,v1:172.21.15.27:6789/0] -- mon_subscribe({mgrmap=0+}) -- 0x7f555c19a250 con 0x7f555c1081b0
2024-04-25T01:15:31.461 INFO:teuthology.orchestra.run.smithi027.stdout:/usr/bin/ceph: stderr
2024-04-25T01:15:30.675+0000 7f5553fff700 1 -- 172.21.15.27:0/3305273488 <== mon.0 v2:172.21.15.27:3300/0 2 ==== config(27 keys) ==== 1109+0+0 (secure 0 0 0) 0x7f554c010be0 con 0x7f555c1081b0
2024-04-25T01:15:31.461 INFO:teuthology.orchestra.run.smithi027.stdout:/usr/bin/ceph: stderr
2024-04-25T01:15:30.675+0000 7f5553fff700 1 -- 172.21.15.27:0/3305273488 <== mon.0 v2:172.21.15.27:3300/0 3 ==== mon_map magic: 0 ==== 205+0+0 (secure 0 0 0) 0x7f554c022c20 con 0x7f555c1081b0
2024-04-25T01:15:31.461 INFO:teuthology.orchestra.run.smithi027.stdout:/usr/bin/ceph: stderr
2024-04-25T01:15:30.675+0000 7f55617a6700 1 -- 172.21.15.27:0/3305273488 --> [v2:172.21.15.27:3300/0,v1:172.21.15.27:6789/0] -- mon_subscribe({osdmap=0}) -- 0x7f555c19cef0 con 0x7f555c1081b0
2024-04-25T01:15:31.461 INFO:teuthology.orchestra.run.smithi027.stdout:/usr/bin/ceph: stderr
2024-04-25T01:15:30.676+0000 7f5553fff700 1 -- 172.21.15.27:0/3305273488 <== mon.0 v2:172.21.15.27:3300/0 4 ==== mgrmap(e 8) ==== 46287+0+0 (secure 0 0 0) 0x7f554c02a070 con 0x7f555c1081b0
2024-04-25T01:15:31.461 INFO:teuthology.orchestra.run.smithi027.stdout:/usr/bin/ceph: stderr
2024-04-25T01:15:30.676+0000 7f55617a6700 1 -- 172.21.15.27:0/3305273488 --> [v2:172.21.15.27:3300/0,v1:172.21.15.27:6789/0] -- mon_command({"prefix": "get_command_descriptions"} v 0) -- 0x7f555c063890 con 0x7f555c1081b0
2024-04-25T01:15:31.461 INFO:teuthology.orchestra.run.smithi027.stdout:/usr/bin/ceph: stderr
2024-04-25T01:15:30.676+0000 7f5553fff700 1 --2- 172.21.15.27:0/3305273488 >> [v2:172.21.15.27:6800/3353153293,v1:172.21.15.27:6801/3353153293] conn(0x7f5548039000 0x7f554803b4c0 unknown :-1 s=NONE pgs=0 cs=0 l=1 rev1=0 crypto rx=0 tx=0 comp rx=0 tx=0).connect
2024-04-25T01:15:31.461 INFO:teuthology.orchestra.run.smithi027.stdout:/usr/bin/ceph: stderr
2024-04-25T01:15:30.676+0000 7f5553fff700 1 -- 172.21.15.27:0/3305273488 <== mon.0 v2:172.21.15.27:3300/0 5 ==== osd_map(2..2 src has 1..2) ==== 940+0+0 (secure 0 0 0) 0x7f554c01f070 con 0x7f555c1081b0
2024-04-25T01:15:31.462 INFO:teuthology.orchestra.run.smithi027.stdout:/usr/bin/ceph: stderr
2024-04-25T01:15:30.676+0000 7f555a7fc700 1 --2- 172.21.15.27:0/3305273488 >> [v2:172.21.15.27:6800/3353153293,v1:172.21.15.27:6801/3353153293] conn(0x7f5548039000 0x7f554803b4c0 unknown :-1 s=BANNER_CONNECTING pgs=0 cs=0 l=1 rev1=0 crypto rx=0 tx=0 comp rx=0 tx=0)._handle_peer_banner_payload supported=3 required=0
2024-04-25T01:15:31.462 INFO:teuthology.orchestra.run.smithi027.stdout:/usr/bin/ceph: stderr
2024-04-25T01:15:30.677+0000 7f555a7fc700 1 --2- 172.21.15.27:0/3305273488 >> [v2:172.21.15.27:6800/3353153293,v1:172.21.15.27:6801/3353153293] conn(0x7f5548039000 0x7f554803b4c0 secure :-1 s=READY pgs=12 cs=0 l=1 rev1=1 crypto rx=0x7f5544006fd0 tx=0x7f5544006e40 comp rx=0 tx=0).ready entity=mgr.14120 client_cookie=0 server_cookie=0 in_seq=0 out_seq=0
2024-04-25T01:15:31.462 INFO:teuthology.orchestra.run.smithi027.stdout:/usr/bin/ceph: stderr
2024-04-25T01:15:30.681+0000 7f5553fff700 1 -- 172.21.15.27:0/3305273488 <== mon.0 v2:172.21.15.27:3300/0 6 ==== mon_command_ack([{"prefix": "get_command_descriptions"}]=0 v0) ==== 72+0+186147 (secure 0 0 0) 0x7f554c015070 con 0x7f555c1081b0
2024-04-25T01:15:31.462 INFO:teuthology.orchestra.run.smithi027.stdout:/usr/bin/ceph: stderr
2024-04-25T01:15:30.911+0000 7f55617a6700 1 -- 172.21.15.27:0/3305273488 --> [v2:172.21.15.27:6800/3353153293,v1:172.21.15.27:6801/3353153293] -- mgr_command(tid 0: {"prefix": "orch apply", "service_type": "mon", "unmanaged": true, "target": ["mon-mgr", ""]}) -- 0x7f555c062670 con 0x7f5548039000
2024-04-25T01:15:31.462 INFO:teuthology.orchestra.run.smithi027.stdout:/usr/bin/ceph: stderr
2024-04-25T01:15:30.916+0000 7f5553fff700 1 -- 172.21.15.27:0/3305273488 <== mgr.14120 v2:172.21.15.27:6800/3353153293 1 ==== mgr_command_reply(tid 0: 0 ) ==== 8+0+24 (secure 0 0 0) 0x7f555c062670 con 0x7f5548039000
2024-04-25T01:15:31.462 INFO:teuthology.orchestra.run.smithi027.stdout:/usr/bin/ceph: stderr
2024-04-25T01:15:30.918+0000 7f55617a6700 1 -- 172.21.15.27:0/3305273488 >> [v2:172.21.15.27:6800/3353153293,v1:172.21.15.27:6801/3353153293] conn(0x7f5548039000 msgr2=0x7f554803b4c0 secure :-1 s=STATE_CONNECTION_ESTABLISHED l=1).mark_down
2024-04-25T01:15:31.462 INFO:teuthology.orchestra.run.smithi027.stdout:/usr/bin/ceph: stderr
2024-04-25T01:15:30.918+0000 7f55617a6700 1 --2- 172.21.15.27:0/3305273488 >> [v2:172.21.15.27:6800/3353153293,v1:172.21.15.27:6801/3353153293] conn(0x7f5548039000 0x7f554803b4c0 secure :-1 s=READY pgs=12 cs=0 l=1 rev1=1 crypto rx=0x7f5544006fd0 tx=0x7f5544006e40 comp rx=0 tx=0).stop
2024-04-25T01:15:31.462 INFO:teuthology.orchestra.run.smithi027.stdout:/usr/bin/ceph: stderr
2024-04-25T01:15:30.918+0000 7f55617a6700 1 -- 172.21.15.27:0/3305273488 >> [v2:172.21.15.27:3300/0,v1:172.21.15.27:6789/0] conn(0x7f555c1081b0 msgr2=0x7f555c199a80 secure :-1 s=STATE_CONNECTION_ESTABLISHED l=1).mark_down
2024-04-25T01:15:31.462 INFO:teuthology.orchestra.run.smithi027.stdout:/usr/bin/ceph: stderr
2024-04-25T01:15:30.918+0000 7f55617a6700 1 --2- 172.21.15.27:0/3305273488 >> [v2:172.21.15.27:3300/0,v1:172.21.15.27:6789/0] conn(0x7f555c1081b0 0x7f555c199a80 secure :-1 s=READY pgs=48 cs=0 l=1 rev1=1 crypto rx=0x7f554c00b340 tx=0x7f554c0040b0 comp rx=0 tx=0).stop
2024-04-25T01:15:31.462 INFO:teuthology.orchestra.run.smithi027.stdout:/usr/bin/ceph: stderr
2024-04-25T01:15:30.918+0000 7f55617a6700 1 -- 172.21.15.27:0/3305273488 shutdown_connections
2024-04-25T01:15:31.463 INFO:teuthology.orchestra.run.smithi027.stdout:/usr/bin/ceph: stderr
2024-04-25T01:15:30.918+0000 7f55617a6700 1 --2- 172.21.15.27:0/3305273488 >> [v2:172.21.15.27:6800/3353153293,v1:172.21.15.27:6801/3353153293] conn(0x7f5548039000 0x7f554803b4c0 unknown :-1 s=CLOSED pgs=12 cs=0 l=1 rev1=1 crypto rx=0 tx=0 comp rx=0 tx=0).stop
2024-04-25T01:15:31.463 INFO:teuthology.orchestra.run.smithi027.stdout:/usr/bin/ceph: stderr
2024-04-25T01:15:30.918+0000 7f55617a6700 1 --2- 172.21.15.27:0/3305273488 >> [v2:172.21.15.27:3300/0,v1:172.21.15.27:6789/0] conn(0x7f555c1081b0 0x7f555c199a80 unknown :-1 s=CLOSED pgs=48 cs=0 l=1 rev1=1 crypto rx=0 tx=0 comp rx=0 tx=0).stop
2024-04-25T01:15:31.463 INFO:teuthology.orchestra.run.smithi027.stdout:/usr/bin/ceph: stderr
2024-04-25T01:15:30.918+0000 7f55617a6700 1 -- 172.21.15.27:0/3305273488 >> 172.21.15.27:0/3305273488 conn(0x7f555c101940 msgr2=0x7f555c1900a0 unknown :-1 s=STATE_NONE l=0).mark_down
2024-04-25T01:15:31.463 INFO:teuthology.orchestra.run.smithi027.stdout:/usr/bin/ceph: stderr
2024-04-25T01:15:30.918+0000 7f55617a6700 1 -- 172.21.15.27:0/3305273488 shutdown_connections
2024-04-25T01:15:31.463 INFO:teuthology.orchestra.run.smithi027.stdout:/usr/bin/ceph: stderr
2024-04-25T01:15:30.918+0000 7f55617a6700 1 -- 172.21.15.27:0/3305273488 wait complete.
2024-04-25T01:15:31.463 INFO:teuthology.orchestra.run.smithi027.stdout:Deploying unmanaged mgr service...
2024-04-25T01:15:32.070 INFO:journalctl@ceph.mon.a.smithi027.stdout:Apr 25 01:15:31 smithi027 ceph-mon[29197]: from='client.14142 -' entity='client.admin' cmd=[{"prefix": "orch apply", "service_type": "mon", "unmanaged": true, "target": ["mon-mgr", ""]}]: dispatch
2024-04-25T01:15:32.071 INFO:journalctl@ceph.mon.a.smithi027.stdout:Apr 25 01:15:31 smithi027 ceph-mon[29197]: Saving service mon spec with placement count:5
2024-04-25T01:15:32.071 INFO:journalctl@ceph.mon.a.smithi027.stdout:Apr 25 01:15:31 smithi027 ceph-mon[29197]: from='mgr.14120 172.21.15.27:0/3733905356' entity='mgr.x'
2024-04-25T01:15:33.204 INFO:teuthology.orchestra.run.smithi027.stdout:/usr/bin/ceph: stdout Scheduled mgr update...
2024-04-25T01:15:33.204 INFO:teuthology.orchestra.run.smithi027.stdout:/usr/bin/ceph: stderr
2024-04-25T01:15:32.188+0000 7f5c84dbb700 1 Processor -- start
2024-04-25T01:15:33.204 INFO:teuthology.orchestra.run.smithi027.stdout:/usr/bin/ceph: stderr
2024-04-25T01:15:32.188+0000 7f5c84dbb700 1 -- start start
2024-04-25T01:15:33.204 INFO:teuthology.orchestra.run.smithi027.stdout:/usr/bin/ceph: stderr
2024-04-25T01:15:32.189+0000 7f5c84dbb700 1 --2- >> [v2:172.21.15.27:3300/0,v1:172.21.15.27:6789/0] conn(0x7f5c801087c0 0x7f5c8010abb0 unknown :-1 s=NONE pgs=0 cs=0 l=0 rev1=0 crypto rx=0 tx=0 comp rx=0 tx=0).connect
2024-04-25T01:15:33.204 INFO:teuthology.orchestra.run.smithi027.stdout:/usr/bin/ceph: stderr
2024-04-25T01:15:32.189+0000 7f5c84dbb700 1 -- --> [v2:172.21.15.27:3300/0,v1:172.21.15.27:6789/0] -- mon_getmap magic: 0 -- 0x7f5c8007be10 con 0x7f5c801087c0
2024-04-25T01:15:33.204 INFO:teuthology.orchestra.run.smithi027.stdout:/usr/bin/ceph: stderr
2024-04-25T01:15:32.189+0000 7f5c7e59c700 1 --2- >> [v2:172.21.15.27:3300/0,v1:172.21.15.27:6789/0] conn(0x7f5c801087c0 0x7f5c8010abb0 unknown :-1 s=BANNER_CONNECTING pgs=0 cs=0 l=0 rev1=0 crypto rx=0 tx=0 comp rx=0 tx=0)._handle_peer_banner_payload supported=3 required=0
2024-04-25T01:15:33.204 INFO:teuthology.orchestra.run.smithi027.stdout:/usr/bin/ceph: stderr
2024-04-25T01:15:32.189+0000 7f5c7e59c700 1 --2- >> [v2:172.21.15.27:3300/0,v1:172.21.15.27:6789/0] conn(0x7f5c801087c0 0x7f5c8010abb0 unknown :-1 s=HELLO_CONNECTING pgs=0 cs=0 l=0 rev1=1 crypto rx=0 tx=0 comp rx=0 tx=0).handle_hello peer v2:172.21.15.27:3300/0 says I am v2:172.21.15.27:54336/0 (socket says 172.21.15.27:54336)
2024-04-25T01:15:33.204 INFO:teuthology.orchestra.run.smithi027.stdout:/usr/bin/ceph: stderr
2024-04-25T01:15:32.189+0000 7f5c7e59c700 1 -- 172.21.15.27:0/3613611693 learned_addr learned my addr 172.21.15.27:0/3613611693 (peer_addr_for_me v2:172.21.15.27:0/0)
2024-04-25T01:15:33.204 INFO:teuthology.orchestra.run.smithi027.stdout:/usr/bin/ceph: stderr
2024-04-25T01:15:32.189+0000 7f5c7e59c700 1 -- 172.21.15.27:0/3613611693 --> [v2:172.21.15.27:3300/0,v1:172.21.15.27:6789/0] -- mon_subscribe({config=0+,monmap=0+}) -- 0x7f5c8010b0f0 con 0x7f5c801087c0
2024-04-25T01:15:33.204 INFO:teuthology.orchestra.run.smithi027.stdout:/usr/bin/ceph: stderr
2024-04-25T01:15:32.189+0000 7f5c7e59c700 1 --2- 172.21.15.27:0/3613611693 >> [v2:172.21.15.27:3300/0,v1:172.21.15.27:6789/0] conn(0x7f5c801087c0 0x7f5c8010abb0 secure :-1 s=READY pgs=49 cs=0 l=1 rev1=1 crypto rx=0x7f5c700098a0 tx=0x7f5c70009bb0 comp rx=0 tx=0).ready entity=mon.0 client_cookie=80e97455ba05b0fd server_cookie=0 in_seq=0 out_seq=0
2024-04-25T01:15:33.205 INFO:teuthology.orchestra.run.smithi027.stdout:/usr/bin/ceph: stderr
2024-04-25T01:15:32.190+0000 7f5c7d59a700 1 -- 172.21.15.27:0/3613611693 <== mon.0 v2:172.21.15.27:3300/0 1 ==== mon_map magic: 0 ==== 205+0+0 (secure 0 0 0) 0x7f5c70004160 con 0x7f5c801087c0
2024-04-25T01:15:33.205 INFO:teuthology.orchestra.run.smithi027.stdout:/usr/bin/ceph: stderr
2024-04-25T01:15:32.190+0000 7f5c7d59a700 1 -- 172.21.15.27:0/3613611693 <== mon.0 v2:172.21.15.27:3300/0 2 ==== config(27 keys) ==== 1109+0+0 (secure 0 0 0) 0x7f5c70004300 con 0x7f5c801087c0
2024-04-25T01:15:33.205 INFO:teuthology.orchestra.run.smithi027.stdout:/usr/bin/ceph: stderr
2024-04-25T01:15:32.190+0000 7f5c7d59a700 1 -- 172.21.15.27:0/3613611693 <== mon.0 v2:172.21.15.27:3300/0 3 ==== mon_map magic: 0 ==== 205+0+0 (secure 0 0 0) 0x7f5c70011b50 con 0x7f5c801087c0
2024-04-25T01:15:33.205 INFO:teuthology.orchestra.run.smithi027.stdout:/usr/bin/ceph: stderr
2024-04-25T01:15:32.190+0000 7f5c84dbb700 1 -- 172.21.15.27:0/3613611693 >> [v2:172.21.15.27:3300/0,v1:172.21.15.27:6789/0] conn(0x7f5c801087c0 msgr2=0x7f5c8010abb0 secure :-1 s=STATE_CONNECTION_ESTABLISHED l=1).mark_down
2024-04-25T01:15:33.205 INFO:teuthology.orchestra.run.smithi027.stdout:/usr/bin/ceph: stderr
2024-04-25T01:15:32.190+0000 7f5c84dbb700 1 --2- 172.21.15.27:0/3613611693 >> [v2:172.21.15.27:3300/0,v1:172.21.15.27:6789/0] conn(0x7f5c801087c0 0x7f5c8010abb0 secure :-1 s=READY pgs=49 cs=0 l=1 rev1=1 crypto rx=0x7f5c700098a0 tx=0x7f5c70009bb0 comp rx=0 tx=0).stop
2024-04-25T01:15:33.205 INFO:teuthology.orchestra.run.smithi027.stdout:/usr/bin/ceph: stderr
2024-04-25T01:15:32.190+0000 7f5c84dbb700 1 -- 172.21.15.27:0/3613611693 shutdown_connections
2024-04-25T01:15:33.205 INFO:teuthology.orchestra.run.smithi027.stdout:/usr/bin/ceph: stderr
2024-04-25T01:15:32.190+0000 7f5c84dbb700 1 --2- 172.21.15.27:0/3613611693 >> [v2:172.21.15.27:3300/0,v1:172.21.15.27:6789/0] conn(0x7f5c801087c0 0x7f5c8010abb0 unknown :-1 s=CLOSED pgs=49 cs=0 l=1 rev1=1 crypto rx=0 tx=0 comp rx=0 tx=0).stop
2024-04-25T01:15:33.205 INFO:teuthology.orchestra.run.smithi027.stdout:/usr/bin/ceph: stderr
2024-04-25T01:15:32.190+0000 7f5c84dbb700 1 -- 172.21.15.27:0/3613611693 >> 172.21.15.27:0/3613611693 conn(0x7f5c801021d0 msgr2=0x7f5c801045f0 unknown :-1 s=STATE_NONE l=0).mark_down
2024-04-25T01:15:33.205 INFO:teuthology.orchestra.run.smithi027.stdout:/usr/bin/ceph: stderr
2024-04-25T01:15:32.190+0000 7f5c84dbb700 1 -- 172.21.15.27:0/3613611693 shutdown_connections
2024-04-25T01:15:33.205 INFO:teuthology.orchestra.run.smithi027.stdout:/usr/bin/ceph: stderr
2024-04-25T01:15:32.190+0000 7f5c84dbb700 1 -- 172.21.15.27:0/3613611693 wait complete.
2024-04-25T01:15:33.205 INFO:teuthology.orchestra.run.smithi027.stdout:/usr/bin/ceph: stderr
2024-04-25T01:15:32.191+0000 7f5c84dbb700 1 Processor -- start
2024-04-25T01:15:33.205 INFO:teuthology.orchestra.run.smithi027.stdout:/usr/bin/ceph: stderr
2024-04-25T01:15:32.191+0000 7f5c84dbb700 1 -- start start
2024-04-25T01:15:33.205 INFO:teuthology.orchestra.run.smithi027.stdout:/usr/bin/ceph: stderr
2024-04-25T01:15:32.191+0000 7f5c84dbb700 1 --2- >> [v2:172.21.15.27:3300/0,v1:172.21.15.27:6789/0] conn(0x7f5c801087c0 0x7f5c80108040 unknown :-1 s=NONE pgs=0 cs=0 l=1 rev1=0 crypto rx=0 tx=0 comp rx=0 tx=0).connect
2024-04-25T01:15:33.206 INFO:teuthology.orchestra.run.smithi027.stdout:/usr/bin/ceph: stderr
2024-04-25T01:15:32.191+0000 7f5c84dbb700 1 -- --> [v2:172.21.15.27:3300/0,v1:172.21.15.27:6789/0] -- mon_getmap magic: 0 -- 0x7f5c8010c110 con 0x7f5c801087c0
2024-04-25T01:15:33.206 INFO:teuthology.orchestra.run.smithi027.stdout:/usr/bin/ceph: stderr
2024-04-25T01:15:32.191+0000 7f5c7e59c700 1 --2- >> [v2:172.21.15.27:3300/0,v1:172.21.15.27:6789/0] conn(0x7f5c801087c0 0x7f5c80108040 unknown :-1 s=BANNER_CONNECTING pgs=0 cs=0 l=1 rev1=0 crypto rx=0 tx=0 comp rx=0 tx=0)._handle_peer_banner_payload supported=3 required=0
2024-04-25T01:15:33.206 INFO:teuthology.orchestra.run.smithi027.stdout:/usr/bin/ceph: stderr
2024-04-25T01:15:32.191+0000 7f5c7e59c700 1 --2- >> [v2:172.21.15.27:3300/0,v1:172.21.15.27:6789/0] conn(0x7f5c801087c0 0x7f5c80108040 unknown :-1 s=HELLO_CONNECTING pgs=0 cs=0 l=1 rev1=1 crypto rx=0 tx=0 comp rx=0 tx=0).handle_hello peer v2:172.21.15.27:3300/0 says I am v2:172.21.15.27:54340/0 (socket says 172.21.15.27:54340)
2024-04-25T01:15:33.206 INFO:teuthology.orchestra.run.smithi027.stdout:/usr/bin/ceph: stderr
2024-04-25T01:15:32.191+0000 7f5c7e59c700 1 -- 172.21.15.27:0/1931623210 learned_addr learned my addr 172.21.15.27:0/1931623210 (peer_addr_for_me v2:172.21.15.27:0/0)
2024-04-25T01:15:33.206 INFO:teuthology.orchestra.run.smithi027.stdout:/usr/bin/ceph: stderr
2024-04-25T01:15:32.192+0000 7f5c7e59c700 1 -- 172.21.15.27:0/1931623210 --> [v2:172.21.15.27:3300/0,v1:172.21.15.27:6789/0] -- mon_subscribe({config=0+,monmap=0+}) -- 0x7f5c80108580 con 0x7f5c801087c0
2024-04-25T01:15:33.206 INFO:teuthology.orchestra.run.smithi027.stdout:/usr/bin/ceph: stderr
2024-04-25T01:15:32.192+0000 7f5c7e59c700 1 --2- 172.21.15.27:0/1931623210 >> [v2:172.21.15.27:3300/0,v1:172.21.15.27:6789/0] conn(0x7f5c801087c0 0x7f5c80108040 secure :-1 s=READY pgs=50 cs=0 l=1 rev1=1 crypto rx=0x7f5c70011670 tx=0x7f5c70011b60 comp rx=0 tx=0).ready entity=mon.0 client_cookie=0 server_cookie=0 in_seq=0 out_seq=0
2024-04-25T01:15:33.206 INFO:teuthology.orchestra.run.smithi027.stdout:/usr/bin/ceph: stderr
2024-04-25T01:15:32.192+0000 7f5c777fe700 1 -- 172.21.15.27:0/1931623210 <== mon.0 v2:172.21.15.27:3300/0 1 ==== mon_map magic: 0 ==== 205+0+0 (secure 0 0 0) 0x7f5c700039c0 con 0x7f5c801087c0
2024-04-25T01:15:33.206 INFO:teuthology.orchestra.run.smithi027.stdout:/usr/bin/ceph: stderr
2024-04-25T01:15:32.192+0000 7f5c777fe700 1 -- 172.21.15.27:0/1931623210 <== mon.0 v2:172.21.15.27:3300/0 2 ==== config(27 keys) ==== 1109+0+0 (secure 0 0 0) 0x7f5c70011e50 con 0x7f5c801087c0
2024-04-25T01:15:33.206 INFO:teuthology.orchestra.run.smithi027.stdout:/usr/bin/ceph: stderr
2024-04-25T01:15:32.192+0000 7f5c777fe700 1 -- 172.21.15.27:0/1931623210 <== mon.0 v2:172.21.15.27:3300/0 3 ==== mon_map magic: 0 ==== 205+0+0 (secure 0 0 0) 0x7f5c7001a5c0 con 0x7f5c801087c0
2024-04-25T01:15:33.207 INFO:teuthology.orchestra.run.smithi027.stdout:/usr/bin/ceph: stderr
2024-04-25T01:15:32.192+0000 7f5c84dbb700 1 -- 172.21.15.27:0/1931623210 --> [v2:172.21.15.27:3300/0,v1:172.21.15.27:6789/0] -- mon_subscribe({mgrmap=0+}) -- 0x7f5c80106770 con 0x7f5c801087c0
2024-04-25T01:15:33.207 INFO:teuthology.orchestra.run.smithi027.stdout:/usr/bin/ceph: stderr
2024-04-25T01:15:32.192+0000 7f5c84dbb700 1 -- 172.21.15.27:0/1931623210 --> [v2:172.21.15.27:3300/0,v1:172.21.15.27:6789/0] -- mon_subscribe({osdmap=0}) -- 0x7f5c80106cb0 con 0x7f5c801087c0
2024-04-25T01:15:33.207 INFO:teuthology.orchestra.run.smithi027.stdout:/usr/bin/ceph: stderr
2024-04-25T01:15:32.193+0000 7f5c777fe700 1 -- 172.21.15.27:0/1931623210 <== mon.0 v2:172.21.15.27:3300/0 4 ==== mgrmap(e 8) ==== 46287+0+0 (secure 0 0 0) 0x7f5c70024430 con 0x7f5c801087c0
2024-04-25T01:15:33.207 INFO:teuthology.orchestra.run.smithi027.stdout:/usr/bin/ceph: stderr
2024-04-25T01:15:32.193+0000 7f5c84dbb700 1 -- 172.21.15.27:0/1931623210 --> [v2:172.21.15.27:3300/0,v1:172.21.15.27:6789/0] -- mon_command({"prefix": "get_command_descriptions"} v 0) -- 0x7f5c80063890 con 0x7f5c801087c0
2024-04-25T01:15:33.207 INFO:teuthology.orchestra.run.smithi027.stdout:/usr/bin/ceph: stderr
2024-04-25T01:15:32.193+0000 7f5c777fe700 1 --2- 172.21.15.27:0/1931623210 >> [v2:172.21.15.27:6800/3353153293,v1:172.21.15.27:6801/3353153293] conn(0x7f5c6c0390b0 0x7f5c6c03b570 unknown :-1 s=NONE pgs=0 cs=0 l=1 rev1=0 crypto rx=0 tx=0 comp rx=0 tx=0).connect
2024-04-25T01:15:33.207 INFO:teuthology.orchestra.run.smithi027.stdout:/usr/bin/ceph: stderr
2024-04-25T01:15:32.193+0000 7f5c777fe700 1 -- 172.21.15.27:0/1931623210 <== mon.0 v2:172.21.15.27:3300/0 5 ==== osd_map(2..2 src has 1..2) ==== 940+0+0 (secure 0 0 0) 0x7f5c7004d3d0 con 0x7f5c801087c0
2024-04-25T01:15:33.207 INFO:teuthology.orchestra.run.smithi027.stdout:/usr/bin/ceph: stderr
2024-04-25T01:15:32.194+0000 7f5c7dd9b700 1 --2- 172.21.15.27:0/1931623210 >> [v2:172.21.15.27:6800/3353153293,v1:172.21.15.27:6801/3353153293] conn(0x7f5c6c0390b0 0x7f5c6c03b570 unknown :-1 s=BANNER_CONNECTING pgs=0 cs=0 l=1 rev1=0 crypto rx=0 tx=0 comp rx=0 tx=0)._handle_peer_banner_payload supported=3 required=0
2024-04-25T01:15:33.207 INFO:teuthology.orchestra.run.smithi027.stdout:/usr/bin/ceph: stderr
2024-04-25T01:15:32.194+0000 7f5c7dd9b700 1 --2- 172.21.15.27:0/1931623210 >> [v2:172.21.15.27:6800/3353153293,v1:172.21.15.27:6801/3353153293] conn(0x7f5c6c0390b0 0x7f5c6c03b570 secure :-1 s=READY pgs=13 cs=0 l=1 rev1=1 crypto rx=0x7f5c68006fd0 tx=0x7f5c68006e40 comp rx=0 tx=0).ready entity=mgr.14120 client_cookie=0 server_cookie=0 in_seq=0 out_seq=0
2024-04-25T01:15:33.208 INFO:teuthology.orchestra.run.smithi027.stdout:/usr/bin/ceph: stderr
2024-04-25T01:15:32.199+0000 7f5c777fe700 1 -- 172.21.15.27:0/1931623210 <== mon.0 v2:172.21.15.27:3300/0 6 ==== mon_command_ack([{"prefix": "get_command_descriptions"}]=0 v0) ==== 72+0+186147 (secure 0 0 0) 0x7f5c7002d910 con 0x7f5c801087c0
2024-04-25T01:15:33.208 INFO:teuthology.orchestra.run.smithi027.stdout:/usr/bin/ceph: stderr
2024-04-25T01:15:32.418+0000 7f5c84dbb700 1 -- 172.21.15.27:0/1931623210 --> [v2:172.21.15.27:6800/3353153293,v1:172.21.15.27:6801/3353153293] -- mgr_command(tid 0: {"prefix": "orch apply", "service_type": "mgr", "unmanaged": true, "target": ["mon-mgr", ""]}) -- 0x7f5c80107510 con 0x7f5c6c0390b0
2024-04-25T01:15:33.208 INFO:teuthology.orchestra.run.smithi027.stdout:/usr/bin/ceph: stderr
2024-04-25T01:15:32.425+0000 7f5c777fe700 1 -- 172.21.15.27:0/1931623210 <== mgr.14120 v2:172.21.15.27:6800/3353153293 1 ==== mgr_command_reply(tid 0: 0 ) ==== 8+0+24 (secure 0 0 0) 0x7f5c80107510 con 0x7f5c6c0390b0
2024-04-25T01:15:33.208 INFO:teuthology.orchestra.run.smithi027.stdout:/usr/bin/ceph: stderr
2024-04-25T01:15:32.427+0000 7f5c84dbb700 1 -- 172.21.15.27:0/1931623210 >> [v2:172.21.15.27:6800/3353153293,v1:172.21.15.27:6801/3353153293] conn(0x7f5c6c0390b0 msgr2=0x7f5c6c03b570 secure :-1 s=STATE_CONNECTION_ESTABLISHED l=1).mark_down
2024-04-25T01:15:33.208 INFO:teuthology.orchestra.run.smithi027.stdout:/usr/bin/ceph: stderr
2024-04-25T01:15:32.427+0000 7f5c84dbb700 1 --2- 172.21.15.27:0/1931623210 >> [v2:172.21.15.27:6800/3353153293,v1:172.21.15.27:6801/3353153293] conn(0x7f5c6c0390b0 0x7f5c6c03b570 secure :-1 s=READY pgs=13 cs=0 l=1 rev1=1 crypto rx=0x7f5c68006fd0 tx=0x7f5c68006e40 comp rx=0 tx=0).stop
2024-04-25T01:15:33.208 INFO:teuthology.orchestra.run.smithi027.stdout:/usr/bin/ceph: stderr
2024-04-25T01:15:32.427+0000 7f5c84dbb700 1 -- 172.21.15.27:0/1931623210 >> [v2:172.21.15.27:3300/0,v1:172.21.15.27:6789/0] conn(0x7f5c801087c0 msgr2=0x7f5c80108040 secure :-1 s=STATE_CONNECTION_ESTABLISHED l=1).mark_down
2024-04-25T01:15:33.208 INFO:teuthology.orchestra.run.smithi027.stdout:/usr/bin/ceph: stderr
2024-04-25T01:15:32.427+0000 7f5c84dbb700 1 --2- 172.21.15.27:0/1931623210 >> [v2:172.21.15.27:3300/0,v1:172.21.15.27:6789/0] conn(0x7f5c801087c0 0x7f5c80108040 secure :-1 s=READY pgs=50 cs=0 l=1 rev1=1 crypto rx=0x7f5c70011670 tx=0x7f5c70011b60 comp rx=0 tx=0).stop
2024-04-25T01:15:33.208 INFO:teuthology.orchestra.run.smithi027.stdout:/usr/bin/ceph: stderr
2024-04-25T01:15:32.427+0000 7f5c84dbb700 1 -- 172.21.15.27:0/1931623210 shutdown_connections
2024-04-25T01:15:33.208 INFO:teuthology.orchestra.run.smithi027.stdout:/usr/bin/ceph: stderr
2024-04-25T01:15:32.427+0000 7f5c84dbb700 1 --2- 172.21.15.27:0/1931623210 >> [v2:172.21.15.27:6800/3353153293,v1:172.21.15.27:6801/3353153293] conn(0x7f5c6c0390b0 0x7f5c6c03b570 unknown :-1 s=CLOSED pgs=13 cs=0 l=1 rev1=1 crypto rx=0 tx=0 comp rx=0 tx=0).stop
2024-04-25T01:15:33.208 INFO:teuthology.orchestra.run.smithi027.stdout:/usr/bin/ceph: stderr
2024-04-25T01:15:32.427+0000 7f5c84dbb700 1 --2- 172.21.15.27:0/1931623210 >> [v2:172.21.15.27:3300/0,v1:172.21.15.27:6789/0] conn(0x7f5c801087c0 0x7f5c80108040 unknown :-1 s=CLOSED pgs=50 cs=0 l=1 rev1=1 crypto rx=0 tx=0 comp rx=0 tx=0).stop
2024-04-25T01:15:33.208 INFO:teuthology.orchestra.run.smithi027.stdout:/usr/bin/ceph: stderr
2024-04-25T01:15:32.427+0000 7f5c84dbb700 1 -- 172.21.15.27:0/1931623210 >> 172.21.15.27:0/1931623210 conn(0x7f5c801021d0 msgr2=0x7f5c80102cc0 unknown :-1 s=STATE_NONE l=0).mark_down
2024-04-25T01:15:33.208 INFO:teuthology.orchestra.run.smithi027.stdout:/usr/bin/ceph: stderr
2024-04-25T01:15:32.427+0000 7f5c84dbb700 1 -- 172.21.15.27:0/1931623210 shutdown_connections
2024-04-25T01:15:33.208 INFO:teuthology.orchestra.run.smithi027.stdout:/usr/bin/ceph: stderr
2024-04-25T01:15:32.427+0000 7f5c84dbb700 1 -- 172.21.15.27:0/1931623210 wait complete.
2024-04-25T01:15:33.446 INFO:journalctl@ceph.mon.a.smithi027.stdout:Apr 25 01:15:33 smithi027 ceph-mon[29197]: from='client.14144 -' entity='client.admin' cmd=[{"prefix": "orch apply", "service_type": "mgr", "unmanaged": true, "target": ["mon-mgr", ""]}]: dispatch
2024-04-25T01:15:33.446 INFO:journalctl@ceph.mon.a.smithi027.stdout:Apr 25 01:15:33 smithi027 ceph-mon[29197]: Saving service mgr spec with placement count:2
2024-04-25T01:15:33.446 INFO:journalctl@ceph.mon.a.smithi027.stdout:Apr 25 01:15:33 smithi027 ceph-mon[29197]: from='mgr.14120 172.21.15.27:0/3733905356' entity='mgr.x'
2024-04-25T01:15:33.446 INFO:journalctl@ceph.mon.a.smithi027.stdout:Apr 25 01:15:33 smithi027 ceph-mon[29197]: from='mgr.14120 172.21.15.27:0/3733905356' entity='mgr.x'
2024-04-25T01:15:33.446 INFO:journalctl@ceph.mon.a.smithi027.stdout:Apr 25 01:15:33 smithi027 ceph-mon[29197]: from='mgr.14120 172.21.15.27:0/3733905356' entity='mgr.x'
2024-04-25T01:15:34.509 INFO:teuthology.orchestra.run.smithi027.stdout:/usr/bin/ceph: stderr
2024-04-25T01:15:33.651+0000 7f0513498700 1 Processor -- start
2024-04-25T01:15:34.509 INFO:teuthology.orchestra.run.smithi027.stdout:/usr/bin/ceph: stderr
2024-04-25T01:15:33.651+0000 7f0513498700 1 -- start start
2024-04-25T01:15:34.509 INFO:teuthology.orchestra.run.smithi027.stdout:/usr/bin/ceph: stderr
2024-04-25T01:15:33.652+0000 7f0513498700 1 --2- >> [v2:172.21.15.27:3300/0,v1:172.21.15.27:6789/0] conn(0x7f050c108760 0x7f050c10ab50 unknown :-1 s=NONE pgs=0 cs=0 l=0 rev1=0 crypto rx=0 tx=0 comp rx=0 tx=0).connect
2024-04-25T01:15:34.509 INFO:teuthology.orchestra.run.smithi027.stdout:/usr/bin/ceph: stderr
2024-04-25T01:15:33.652+0000 7f0513498700 1 -- --> [v2:172.21.15.27:3300/0,v1:172.21.15.27:6789/0] -- mon_getmap magic: 0 -- 0x7f050c07be50 con 0x7f050c108760
2024-04-25T01:15:34.509 INFO:teuthology.orchestra.run.smithi027.stdout:/usr/bin/ceph: stderr
2024-04-25T01:15:33.652+0000 7f0511234700 1 --2- >> [v2:172.21.15.27:3300/0,v1:172.21.15.27:6789/0] conn(0x7f050c108760 0x7f050c10ab50 unknown :-1 s=BANNER_CONNECTING pgs=0 cs=0 l=0 rev1=0 crypto rx=0 tx=0 comp rx=0 tx=0)._handle_peer_banner_payload supported=3 required=0
2024-04-25T01:15:34.509 INFO:teuthology.orchestra.run.smithi027.stdout:/usr/bin/ceph: stderr
2024-04-25T01:15:33.652+0000 7f0511234700 1 --2- >> [v2:172.21.15.27:3300/0,v1:172.21.15.27:6789/0] conn(0x7f050c108760 0x7f050c10ab50 unknown :-1 s=HELLO_CONNECTING pgs=0 cs=0 l=0 rev1=1 crypto rx=0 tx=0 comp rx=0 tx=0).handle_hello peer v2:172.21.15.27:3300/0 says I am v2:172.21.15.27:54350/0 (socket says 172.21.15.27:54350)
2024-04-25T01:15:34.509 INFO:teuthology.orchestra.run.smithi027.stdout:/usr/bin/ceph: stderr
2024-04-25T01:15:33.652+0000 7f0511234700 1 -- 172.21.15.27:0/3360841611 learned_addr learned my addr 172.21.15.27:0/3360841611 (peer_addr_for_me v2:172.21.15.27:0/0)
2024-04-25T01:15:34.510 INFO:teuthology.orchestra.run.smithi027.stdout:/usr/bin/ceph: stderr
2024-04-25T01:15:33.652+0000 7f0511234700 1 -- 172.21.15.27:0/3360841611 --> [v2:172.21.15.27:3300/0,v1:172.21.15.27:6789/0] -- mon_subscribe({config=0+,monmap=0+}) -- 0x7f050c10b090 con 0x7f050c108760
2024-04-25T01:15:34.510 INFO:teuthology.orchestra.run.smithi027.stdout:/usr/bin/ceph: stderr
2024-04-25T01:15:33.652+0000 7f0511234700 1 --2- 172.21.15.27:0/3360841611 >> [v2:172.21.15.27:3300/0,v1:172.21.15.27:6789/0] conn(0x7f050c108760 0x7f050c10ab50 secure :-1 s=READY pgs=51 cs=0 l=1 rev1=1 crypto rx=0x7f05000098a0 tx=0x7f0500009bb0 comp rx=0 tx=0).ready entity=mon.0 client_cookie=6440a18a0d5bca9 server_cookie=0 in_seq=0 out_seq=0
2024-04-25T01:15:34.510 INFO:teuthology.orchestra.run.smithi027.stdout:/usr/bin/ceph: stderr
2024-04-25T01:15:33.653+0000 7f04fffff700 1 -- 172.21.15.27:0/3360841611 <== mon.0 v2:172.21.15.27:3300/0 1 ==== mon_map magic: 0 ==== 205+0+0 (secure 0 0 0) 0x7f0500004160 con 0x7f050c108760
2024-04-25T01:15:34.510 INFO:teuthology.orchestra.run.smithi027.stdout:/usr/bin/ceph: stderr
2024-04-25T01:15:33.653+0000 7f04fffff700 1 -- 172.21.15.27:0/3360841611 <== mon.0 v2:172.21.15.27:3300/0 2 ==== config(27 keys) ==== 1140+0+0 (secure 0 0 0) 0x7f0500004300 con 0x7f050c108760
2024-04-25T01:15:34.510 INFO:teuthology.orchestra.run.smithi027.stdout:/usr/bin/ceph: stderr
2024-04-25T01:15:33.653+0000 7f04fffff700 1 -- 172.21.15.27:0/3360841611 <== mon.0 v2:172.21.15.27:3300/0 3 ==== mon_map magic: 0 ==== 205+0+0 (secure 0 0 0) 0x7f0500011b20 con 0x7f050c108760
2024-04-25T01:15:34.510 INFO:teuthology.orchestra.run.smithi027.stdout:/usr/bin/ceph: stderr
2024-04-25T01:15:33.653+0000 7f0513498700 1 -- 172.21.15.27:0/3360841611 >> [v2:172.21.15.27:3300/0,v1:172.21.15.27:6789/0] conn(0x7f050c108760 msgr2=0x7f050c10ab50 secure :-1 s=STATE_CONNECTION_ESTABLISHED l=1).mark_down
2024-04-25T01:15:34.510 INFO:teuthology.orchestra.run.smithi027.stdout:/usr/bin/ceph: stderr
2024-04-25T01:15:33.653+0000 7f0513498700 1 --2- 172.21.15.27:0/3360841611 >> [v2:172.21.15.27:3300/0,v1:172.21.15.27:6789/0] conn(0x7f050c108760 0x7f050c10ab50 secure :-1 s=READY pgs=51 cs=0 l=1 rev1=1 crypto rx=0x7f05000098a0 tx=0x7f0500009bb0 comp rx=0 tx=0).stop
2024-04-25T01:15:34.510 INFO:teuthology.orchestra.run.smithi027.stdout:/usr/bin/ceph: stderr
2024-04-25T01:15:33.653+0000 7f0513498700 1 -- 172.21.15.27:0/3360841611 shutdown_connections
2024-04-25T01:15:34.510 INFO:teuthology.orchestra.run.smithi027.stdout:/usr/bin/ceph: stderr
2024-04-25T01:15:33.653+0000 7f0513498700 1 --2- 172.21.15.27:0/3360841611 >> [v2:172.21.15.27:3300/0,v1:172.21.15.27:6789/0] conn(0x7f050c108760 0x7f050c10ab50 unknown :-1 s=CLOSED pgs=51 cs=0 l=1 rev1=1 crypto rx=0 tx=0 comp rx=0 tx=0).stop
2024-04-25T01:15:34.510 INFO:teuthology.orchestra.run.smithi027.stdout:/usr/bin/ceph: stderr
2024-04-25T01:15:33.653+0000 7f0513498700 1 -- 172.21.15.27:0/3360841611 >> 172.21.15.27:0/3360841611 conn(0x7f050c102170 msgr2=0x7f050c1045d0 unknown :-1 s=STATE_NONE l=0).mark_down
2024-04-25T01:15:34.510 INFO:teuthology.orchestra.run.smithi027.stdout:/usr/bin/ceph: stderr
2024-04-25T01:15:33.653+0000 7f0513498700 1 -- 172.21.15.27:0/3360841611 shutdown_connections
2024-04-25T01:15:34.510 INFO:teuthology.orchestra.run.smithi027.stdout:/usr/bin/ceph: stderr
2024-04-25T01:15:33.654+0000 7f0513498700 1 -- 172.21.15.27:0/3360841611 wait complete.
2024-04-25T01:15:34.510 INFO:teuthology.orchestra.run.smithi027.stdout:/usr/bin/ceph: stderr
2024-04-25T01:15:33.654+0000 7f0513498700 1 Processor -- start
2024-04-25T01:15:34.511 INFO:teuthology.orchestra.run.smithi027.stdout:/usr/bin/ceph: stderr
2024-04-25T01:15:33.654+0000 7f0513498700 1 -- start start
2024-04-25T01:15:34.511 INFO:teuthology.orchestra.run.smithi027.stdout:/usr/bin/ceph: stderr
2024-04-25T01:15:33.654+0000 7f0513498700 1 --2- >> [v2:172.21.15.27:3300/0,v1:172.21.15.27:6789/0] conn(0x7f050c108760 0x7f050c19bc20 unknown :-1 s=NONE pgs=0 cs=0 l=1 rev1=0 crypto rx=0 tx=0 comp rx=0 tx=0).connect
2024-04-25T01:15:34.511 INFO:teuthology.orchestra.run.smithi027.stdout:/usr/bin/ceph: stderr
2024-04-25T01:15:33.654+0000 7f0513498700 1 -- --> [v2:172.21.15.27:3300/0,v1:172.21.15.27:6789/0] -- mon_getmap magic: 0 -- 0x7f050c10c100 con 0x7f050c108760
2024-04-25T01:15:34.511 INFO:teuthology.orchestra.run.smithi027.stdout:/usr/bin/ceph: stderr
2024-04-25T01:15:33.654+0000 7f0511234700 1 --2- >> [v2:172.21.15.27:3300/0,v1:172.21.15.27:6789/0] conn(0x7f050c108760 0x7f050c19bc20 unknown :-1 s=BANNER_CONNECTING pgs=0 cs=0 l=1 rev1=0 crypto rx=0 tx=0 comp rx=0 tx=0)._handle_peer_banner_payload supported=3 required=0
2024-04-25T01:15:34.511 INFO:teuthology.orchestra.run.smithi027.stdout:/usr/bin/ceph: stderr
2024-04-25T01:15:33.654+0000 7f0511234700 1 --2- >> [v2:172.21.15.27:3300/0,v1:172.21.15.27:6789/0] conn(0x7f050c108760 0x7f050c19bc20 unknown :-1 s=HELLO_CONNECTING pgs=0 cs=0 l=1 rev1=1 crypto rx=0 tx=0 comp rx=0 tx=0).handle_hello peer v2:172.21.15.27:3300/0 says I am v2:172.21.15.27:54358/0 (socket says 172.21.15.27:54358)
2024-04-25T01:15:34.511 INFO:teuthology.orchestra.run.smithi027.stdout:/usr/bin/ceph: stderr
2024-04-25T01:15:33.654+0000 7f0511234700 1 -- 172.21.15.27:0/31076209 learned_addr learned my addr 172.21.15.27:0/31076209 (peer_addr_for_me v2:172.21.15.27:0/0)
2024-04-25T01:15:34.511 INFO:teuthology.orchestra.run.smithi027.stdout:/usr/bin/ceph: stderr
2024-04-25T01:15:33.655+0000 7f0511234700 1 -- 172.21.15.27:0/31076209 --> [v2:172.21.15.27:3300/0,v1:172.21.15.27:6789/0] -- mon_subscribe({config=0+,monmap=0+}) -- 0x7f050c19c160 con 0x7f050c108760
2024-04-25T01:15:34.511 INFO:teuthology.orchestra.run.smithi027.stdout:/usr/bin/ceph: stderr
2024-04-25T01:15:33.655+0000 7f0511234700 1 --2- 172.21.15.27:0/31076209 >> [v2:172.21.15.27:3300/0,v1:172.21.15.27:6789/0] conn(0x7f050c108760 0x7f050c19bc20 secure :-1 s=READY pgs=52 cs=0 l=1 rev1=1 crypto rx=0x7f0500011b60 tx=0x7f0500011c40 comp rx=0 tx=0).ready entity=mon.0 client_cookie=0 server_cookie=0 in_seq=0 out_seq=0
2024-04-25T01:15:34.511 INFO:teuthology.orchestra.run.smithi027.stdout:/usr/bin/ceph: stderr
2024-04-25T01:15:33.655+0000 7f04fe7fc700 1 -- 172.21.15.27:0/31076209 <== mon.0 v2:172.21.15.27:3300/0 1 ==== mon_map magic: 0 ==== 205+0+0 (secure 0 0 0) 0x7f0500003b60 con 0x7f050c108760
2024-04-25T01:15:34.511 INFO:teuthology.orchestra.run.smithi027.stdout:/usr/bin/ceph: stderr
2024-04-25T01:15:33.655+0000 7f04fe7fc700 1 -- 172.21.15.27:0/31076209 <== mon.0 v2:172.21.15.27:3300/0 2 ==== config(27 keys) ==== 1140+0+0 (secure 0 0 0) 0x7f050001a910 con 0x7f050c108760
2024-04-25T01:15:34.511 INFO:teuthology.orchestra.run.smithi027.stdout:/usr/bin/ceph: stderr
2024-04-25T01:15:33.655+0000 7f0513498700 1 -- 172.21.15.27:0/31076209 --> [v2:172.21.15.27:3300/0,v1:172.21.15.27:6789/0] -- mon_subscribe({mgrmap=0+}) -- 0x7f050c19c3f0 con 0x7f050c108760
2024-04-25T01:15:34.511 INFO:teuthology.orchestra.run.smithi027.stdout:/usr/bin/ceph: stderr
2024-04-25T01:15:33.655+0000 7f04fe7fc700 1 -- 172.21.15.27:0/31076209 <== mon.0 v2:172.21.15.27:3300/0 3 ==== mon_map magic: 0 ==== 205+0+0 (secure 0 0 0) 0x7f0500024930 con 0x7f050c108760
2024-04-25T01:15:34.511 INFO:teuthology.orchestra.run.smithi027.stdout:/usr/bin/ceph: stderr
2024-04-25T01:15:33.655+0000 7f0513498700 1 -- 172.21.15.27:0/31076209 --> [v2:172.21.15.27:3300/0,v1:172.21.15.27:6789/0] -- mon_subscribe({osdmap=0}) -- 0x7f050c19c850 con 0x7f050c108760
2024-04-25T01:15:34.511 INFO:teuthology.orchestra.run.smithi027.stdout:/usr/bin/ceph: stderr
2024-04-25T01:15:33.656+0000 7f0513498700 1 -- 172.21.15.27:0/31076209 --> [v2:172.21.15.27:3300/0,v1:172.21.15.27:6789/0] -- mon_command({"prefix": "get_command_descriptions"} v 0) -- 0x7f050c063890 con 0x7f050c108760
2024-04-25T01:15:34.511 INFO:teuthology.orchestra.run.smithi027.stdout:/usr/bin/ceph: stderr
2024-04-25T01:15:33.656+0000 7f04fe7fc700 1 -- 172.21.15.27:0/31076209 <== mon.0 v2:172.21.15.27:3300/0 4 ==== mgrmap(e 8) ==== 46287+0+0 (secure 0 0 0) 0x7f0500022020 con 0x7f050c108760
2024-04-25T01:15:34.512 INFO:teuthology.orchestra.run.smithi027.stdout:/usr/bin/ceph: stderr
2024-04-25T01:15:33.656+0000 7f04fe7fc700 1 --2- 172.21.15.27:0/31076209 >> [v2:172.21.15.27:6800/3353153293,v1:172.21.15.27:6801/3353153293] conn(0x7f04f80390a0 0x7f04f803b560 unknown :-1 s=NONE pgs=0 cs=0 l=1 rev1=0 crypto rx=0 tx=0 comp rx=0 tx=0).connect
2024-04-25T01:15:34.512 INFO:teuthology.orchestra.run.smithi027.stdout:/usr/bin/ceph: stderr
2024-04-25T01:15:33.657+0000 7f04fe7fc700 1 -- 172.21.15.27:0/31076209 <== mon.0 v2:172.21.15.27:3300/0 5 ==== osd_map(2..2 src has 1..2) ==== 940+0+0 (secure 0 0 0) 0x7f050004d390 con 0x7f050c108760
2024-04-25T01:15:34.512 INFO:teuthology.orchestra.run.smithi027.stdout:/usr/bin/ceph: stderr
2024-04-25T01:15:33.657+0000 7f0510a33700 1 --2- 172.21.15.27:0/31076209 >> [v2:172.21.15.27:6800/3353153293,v1:172.21.15.27:6801/3353153293] conn(0x7f04f80390a0 0x7f04f803b560 unknown :-1 s=BANNER_CONNECTING pgs=0 cs=0 l=1 rev1=0 crypto rx=0 tx=0 comp rx=0 tx=0)._handle_peer_banner_payload supported=3 required=0
2024-04-25T01:15:34.512 INFO:teuthology.orchestra.run.smithi027.stdout:/usr/bin/ceph: stderr
2024-04-25T01:15:33.657+0000 7f0510a33700 1 --2- 172.21.15.27:0/31076209 >> [v2:172.21.15.27:6800/3353153293,v1:172.21.15.27:6801/3353153293] conn(0x7f04f80390a0 0x7f04f803b560 secure :-1 s=READY pgs=14 cs=0 l=1 rev1=1 crypto rx=0x7f0508006fd0 tx=0x7f0508006e40 comp rx=0 tx=0).ready entity=mgr.14120 client_cookie=0 server_cookie=0 in_seq=0 out_seq=0
2024-04-25T01:15:34.512 INFO:teuthology.orchestra.run.smithi027.stdout:/usr/bin/ceph: stderr
2024-04-25T01:15:33.661+0000 7f04fe7fc700 1 -- 172.21.15.27:0/31076209 <== mon.0 v2:172.21.15.27:3300/0 6 ==== mon_command_ack([{"prefix": "get_command_descriptions"}]=0 v0) ==== 72+0+186147 (secure 0 0 0) 0x7f050001ab30 con 0x7f050c108760
2024-04-25T01:15:34.512 INFO:teuthology.orchestra.run.smithi027.stdout:/usr/bin/ceph: stderr
2024-04-25T01:15:33.882+0000 7f0513498700 1 -- 172.21.15.27:0/31076209 --> [v2:172.21.15.27:3300/0,v1:172.21.15.27:6789/0] -- mon_command([{prefix=config set, name=mgr/cephadm/container_init}] v 0) -- 0x7f050c19f0e0 con 0x7f050c108760
2024-04-25T01:15:34.512 INFO:teuthology.orchestra.run.smithi027.stdout:/usr/bin/ceph: stderr
2024-04-25T01:15:33.887+0000 7f04fe7fc700 1 -- 172.21.15.27:0/31076209 <== mon.0 v2:172.21.15.27:3300/0 7 ==== mon_command_ack([{prefix=config set, name=mgr/cephadm/container_init}]=0 v7)=0 v7) ==== 142+0+0 (secure 0 0 0) 0x7f050000bc70 con 0x7f050c108760
2024-04-25T01:15:34.512 INFO:teuthology.orchestra.run.smithi027.stdout:/usr/bin/ceph: stderr
2024-04-25T01:15:33.890+0000 7f0513498700 1 -- 172.21.15.27:0/31076209 >> [v2:172.21.15.27:6800/3353153293,v1:172.21.15.27:6801/3353153293] conn(0x7f04f80390a0 msgr2=0x7f04f803b560 secure :-1 s=STATE_CONNECTION_ESTABLISHED l=1).mark_down
2024-04-25T01:15:34.512 INFO:teuthology.orchestra.run.smithi027.stdout:/usr/bin/ceph: stderr
2024-04-25T01:15:33.890+0000 7f0513498700 1 --2- 172.21.15.27:0/31076209 >> [v2:172.21.15.27:6800/3353153293,v1:172.21.15.27:6801/3353153293] conn(0x7f04f80390a0 0x7f04f803b560 secure :-1 s=READY pgs=14 cs=0 l=1 rev1=1 crypto rx=0x7f0508006fd0 tx=0x7f0508006e40 comp rx=0 tx=0).stop
2024-04-25T01:15:34.512 INFO:teuthology.orchestra.run.smithi027.stdout:/usr/bin/ceph: stderr
2024-04-25T01:15:33.890+0000 7f0513498700 1 -- 172.21.15.27:0/31076209 >> [v2:172.21.15.27:3300/0,v1:172.21.15.27:6789/0] conn(0x7f050c108760 msgr2=0x7f050c19bc20 secure :-1 s=STATE_CONNECTION_ESTABLISHED l=1).mark_down
2024-04-25T01:15:34.512 INFO:teuthology.orchestra.run.smithi027.stdout:/usr/bin/ceph: stderr
2024-04-25T01:15:33.890+0000 7f0513498700 1 --2- 172.21.15.27:0/31076209 >> [v2:172.21.15.27:3300/0,v1:172.21.15.27:6789/0] conn(0x7f050c108760 0x7f050c19bc20 secure :-1 s=READY pgs=52 cs=0 l=1 rev1=1 crypto rx=0x7f0500011b60 tx=0x7f0500011c40 comp rx=0 tx=0).stop
2024-04-25T01:15:34.512 INFO:teuthology.orchestra.run.smithi027.stdout:/usr/bin/ceph: stderr
2024-04-25T01:15:33.890+0000 7f0513498700 1 -- 172.21.15.27:0/31076209 shutdown_connections
2024-04-25T01:15:34.512 INFO:teuthology.orchestra.run.smithi027.stdout:/usr/bin/ceph: stderr
2024-04-25T01:15:33.890+0000 7f0513498700 1 --2- 172.21.15.27:0/31076209 >> [v2:172.21.15.27:6800/3353153293,v1:172.21.15.27:6801/3353153293] conn(0x7f04f80390a0 0x7f04f803b560 unknown :-1 s=CLOSED pgs=14 cs=0 l=1 rev1=1 crypto rx=0 tx=0 comp rx=0 tx=0).stop
2024-04-25T01:15:34.512 INFO:teuthology.orchestra.run.smithi027.stdout:/usr/bin/ceph: stderr
2024-04-25T01:15:33.890+0000 7f0513498700 1 --2- 172.21.15.27:0/31076209 >> [v2:172.21.15.27:3300/0,v1:172.21.15.27:6789/0] conn(0x7f050c108760 0x7f050c19bc20 unknown :-1 s=CLOSED pgs=52 cs=0 l=1 rev1=1 crypto rx=0 tx=0 comp rx=0 tx=0).stop
2024-04-25T01:15:34.513 INFO:teuthology.orchestra.run.smithi027.stdout:/usr/bin/ceph: stderr
2024-04-25T01:15:33.890+0000 7f0513498700 1 -- 172.21.15.27:0/31076209 >> 172.21.15.27:0/31076209 conn(0x7f050c102170 msgr2=0x7f050c102bf0 unknown :-1 s=STATE_NONE l=0).mark_down
2024-04-25T01:15:34.513 INFO:teuthology.orchestra.run.smithi027.stdout:/usr/bin/ceph: stderr
2024-04-25T01:15:33.891+0000 7f0513498700 1 -- 172.21.15.27:0/31076209 shutdown_connections
2024-04-25T01:15:34.513 INFO:teuthology.orchestra.run.smithi027.stdout:/usr/bin/ceph: stderr
2024-04-25T01:15:33.891+0000 7f0513498700 1 -- 172.21.15.27:0/31076209 wait complete.
2024-04-25T01:15:35.162 INFO:journalctl@ceph.mon.a.smithi027.stdout:Apr 25 01:15:34 smithi027 ceph-mon[29197]: from='client.? 172.21.15.27:0/31076209' entity='client.admin'
2024-04-25T01:15:36.392 INFO:teuthology.orchestra.run.smithi027.stdout:/usr/bin/ceph: stderr
2024-04-25T01:15:35.464+0000 7fdc34f76700 1 Processor -- start
2024-04-25T01:15:36.393 INFO:teuthology.orchestra.run.smithi027.stdout:/usr/bin/ceph: stderr
2024-04-25T01:15:35.464+0000 7fdc34f76700 1 -- start start
2024-04-25T01:15:36.393 INFO:teuthology.orchestra.run.smithi027.stdout:/usr/bin/ceph: stderr
2024-04-25T01:15:35.464+0000 7fdc34f76700 1 --2- >> [v2:172.21.15.27:3300/0,v1:172.21.15.27:6789/0] conn(0x7fdc301087c0 0x7fdc3010abb0 unknown :-1 s=NONE pgs=0 cs=0 l=0 rev1=0 crypto rx=0 tx=0 comp rx=0 tx=0).connect
2024-04-25T01:15:36.393 INFO:teuthology.orchestra.run.smithi027.stdout:/usr/bin/ceph: stderr
2024-04-25T01:15:35.464+0000 7fdc34f76700 1 -- --> [v2:172.21.15.27:3300/0,v1:172.21.15.27:6789/0] -- mon_getmap magic: 0 -- 0x7fdc3007be10 con 0x7fdc301087c0
2024-04-25T01:15:36.393 INFO:teuthology.orchestra.run.smithi027.stdout:/usr/bin/ceph: stderr
2024-04-25T01:15:35.464+0000 7fdc2e59c700 1 --2- >> [v2:172.21.15.27:3300/0,v1:172.21.15.27:6789/0] conn(0x7fdc301087c0 0x7fdc3010abb0 unknown :-1 s=BANNER_CONNECTING pgs=0 cs=0 l=0 rev1=0 crypto rx=0 tx=0 comp rx=0 tx=0)._handle_peer_banner_payload supported=3 required=0
2024-04-25T01:15:36.393 INFO:teuthology.orchestra.run.smithi027.stdout:/usr/bin/ceph: stderr
2024-04-25T01:15:35.464+0000 7fdc2e59c700 1 --2- >> [v2:172.21.15.27:3300/0,v1:172.21.15.27:6789/0] conn(0x7fdc301087c0 0x7fdc3010abb0 unknown :-1 s=HELLO_CONNECTING pgs=0 cs=0 l=0 rev1=1 crypto rx=0 tx=0 comp rx=0 tx=0).handle_hello peer v2:172.21.15.27:3300/0 says I am v2:172.21.15.27:54372/0 (socket says 172.21.15.27:54372)
2024-04-25T01:15:36.393 INFO:teuthology.orchestra.run.smithi027.stdout:/usr/bin/ceph: stderr
2024-04-25T01:15:35.464+0000 7fdc2e59c700 1 -- 172.21.15.27:0/1123234577 learned_addr learned my addr 172.21.15.27:0/1123234577 (peer_addr_for_me v2:172.21.15.27:0/0)
2024-04-25T01:15:36.393 INFO:teuthology.orchestra.run.smithi027.stdout:/usr/bin/ceph: stderr
2024-04-25T01:15:35.465+0000 7fdc2e59c700 1 -- 172.21.15.27:0/1123234577 --> [v2:172.21.15.27:3300/0,v1:172.21.15.27:6789/0] -- mon_subscribe({config=0+,monmap=0+}) -- 0x7fdc3010b0f0 con 0x7fdc301087c0
2024-04-25T01:15:36.393 INFO:teuthology.orchestra.run.smithi027.stdout:/usr/bin/ceph: stderr
2024-04-25T01:15:35.465+0000 7fdc2e59c700 1 --2- 172.21.15.27:0/1123234577 >> [v2:172.21.15.27:3300/0,v1:172.21.15.27:6789/0] conn(0x7fdc301087c0 0x7fdc3010abb0 secure :-1 s=READY pgs=53 cs=0 l=1 rev1=1 crypto rx=0x7fdc200098a0 tx=0x7fdc20009bb0 comp rx=0 tx=0).ready entity=mon.0 client_cookie=c722d45d62c056a2 server_cookie=0 in_seq=0 out_seq=0
