2024-04-25T01:15:04.551+0000 7f59597fa700 1 -- 172.21.15.27:0/1532831888 <== mon.0 v2:172.21.15.27:3300/0 4 ==== mgrmap(e 1) ==== 807+0+0 (secure 0 0 0) 0x7f594c0247c0 con 0x7f595c108790
2024-04-25T01:15:05.271 INFO:teuthology.orchestra.run.smithi027.stdout:/usr/bin/ceph: stderr
2024-04-25T01:15:04.551+0000 7f59597fa700 1 -- 172.21.15.27:0/1532831888 <== mon.0 v2:172.21.15.27:3300/0 5 ==== osd_map(1..1 src has 1..1) ==== 725+0+0 (secure 0 0 0) 0x7f594c019700 con 0x7f595c108790
2024-04-25T01:15:05.271 INFO:teuthology.orchestra.run.smithi027.stdout:/usr/bin/ceph: stderr
2024-04-25T01:15:04.552+0000 7f59622cb700 1 -- 172.21.15.27:0/1532831888 --> [v2:172.21.15.27:3300/0,v1:172.21.15.27:6789/0] -- mon_command({"prefix": "get_command_descriptions"} v 0) -- 0x7f595c063890 con 0x7f595c108790
2024-04-25T01:15:05.271 INFO:teuthology.orchestra.run.smithi027.stdout:/usr/bin/ceph: stderr
2024-04-25T01:15:04.554+0000 7f59597fa700 1 -- 172.21.15.27:0/1532831888 <== mon.0 v2:172.21.15.27:3300/0 6 ==== mon_command_ack([{"prefix": "get_command_descriptions"}]=0 v0) ==== 72+0+73141 (secure 0 0 0) 0x7f594c029060 con 0x7f595c108790
2024-04-25T01:15:05.271 INFO:teuthology.orchestra.run.smithi027.stdout:/usr/bin/ceph: stderr
2024-04-25T01:15:04.628+0000 7f59622cb700 1 -- 172.21.15.27:0/1532831888 --> [v2:172.21.15.27:3300/0,v1:172.21.15.27:6789/0] -- mon_command({"prefix": "status", "format": "json-pretty"} v 0) -- 0x7f595c1071b0 con 0x7f595c108790
2024-04-25T01:15:05.271 INFO:teuthology.orchestra.run.smithi027.stdout:/usr/bin/ceph: stderr
2024-04-25T01:15:04.629+0000 7f59597fa700 1 -- 172.21.15.27:0/1532831888 <== mon.0 v2:172.21.15.27:3300/0 7 ==== mon_command_ack([{"prefix": "status", "format": "json-pretty"}]=0 v0) ==== 79+0+1239 (secure 0 0 0) 0x7f594c003b60 con 0x7f595c108790
2024-04-25T01:15:05.272 INFO:teuthology.orchestra.run.smithi027.stdout:/usr/bin/ceph: stderr
2024-04-25T01:15:04.630+0000 7f59622cb700 1 -- 172.21.15.27:0/1532831888 >> [v2:172.21.15.27:3300/0,v1:172.21.15.27:6789/0] conn(0x7f595c108790 msgr2=0x7f595c108010 secure :-1 s=STATE_CONNECTION_ESTABLISHED l=1).mark_down
2024-04-25T01:15:05.272 INFO:teuthology.orchestra.run.smithi027.stdout:/usr/bin/ceph: stderr
2024-04-25T01:15:04.630+0000 7f59622cb700 1 --2- 172.21.15.27:0/1532831888 >> [v2:172.21.15.27:3300/0,v1:172.21.15.27:6789/0] conn(0x7f595c108790 0x7f595c108010 secure :-1 s=READY pgs=10 cs=0 l=1 rev1=1 crypto rx=0x7f594c011670 tx=0x7f594c011b60 comp rx=0 tx=0).stop
2024-04-25T01:15:05.272 INFO:teuthology.orchestra.run.smithi027.stdout:/usr/bin/ceph: stderr
2024-04-25T01:15:04.630+0000 7f59622cb700 1 -- 172.21.15.27:0/1532831888 shutdown_connections
2024-04-25T01:15:05.272 INFO:teuthology.orchestra.run.smithi027.stdout:/usr/bin/ceph: stderr
2024-04-25T01:15:04.630+0000 7f59622cb700 1 --2- 172.21.15.27:0/1532831888 >> [v2:172.21.15.27:3300/0,v1:172.21.15.27:6789/0] conn(0x7f595c108790 0x7f595c108010 unknown :-1 s=CLOSED pgs=10 cs=0 l=1 rev1=1 crypto rx=0 tx=0 comp rx=0 tx=0).stop
2024-04-25T01:15:05.272 INFO:teuthology.orchestra.run.smithi027.stdout:/usr/bin/ceph: stderr
2024-04-25T01:15:04.630+0000 7f59622cb700 1 -- 172.21.15.27:0/1532831888 >> 172.21.15.27:0/1532831888 conn(0x7f595c1021c0 msgr2=0x7f595c102ce0 unknown :-1 s=STATE_NONE l=0).mark_down
2024-04-25T01:15:05.272 INFO:teuthology.orchestra.run.smithi027.stdout:/usr/bin/ceph: stderr
2024-04-25T01:15:04.630+0000 7f59622cb700 1 -- 172.21.15.27:0/1532831888 shutdown_connections
2024-04-25T01:15:05.272 INFO:teuthology.orchestra.run.smithi027.stdout:/usr/bin/ceph: stderr
2024-04-25T01:15:04.630+0000 7f59622cb700 1 -- 172.21.15.27:0/1532831888 wait complete.
2024-04-25T01:15:05.272 INFO:teuthology.orchestra.run.smithi027.stdout:mgr not available, waiting (3/15)...
2024-04-25T01:15:05.951 INFO:journalctl@ceph.mon.a.smithi027.stdout:Apr 25 01:15:05 smithi027 ceph-mon[29197]: Activating manager daemon x
2024-04-25T01:15:05.951 INFO:journalctl@ceph.mon.a.smithi027.stdout:Apr 25 01:15:05 smithi027 ceph-mon[29197]: mgrmap e2: x(active, starting, since 0.0030681s)
2024-04-25T01:15:05.951 INFO:journalctl@ceph.mon.a.smithi027.stdout:Apr 25 01:15:05 smithi027 ceph-mon[29197]: from='mgr.14100 172.21.15.27:0/887009137' entity='mgr.x' cmd=[{"prefix": "mds metadata"}]: dispatch
2024-04-25T01:15:05.951 INFO:journalctl@ceph.mon.a.smithi027.stdout:Apr 25 01:15:05 smithi027 ceph-mon[29197]: from='mgr.14100 172.21.15.27:0/887009137' entity='mgr.x' cmd=[{"prefix": "osd metadata"}]: dispatch
2024-04-25T01:15:05.951 INFO:journalctl@ceph.mon.a.smithi027.stdout:Apr 25 01:15:05 smithi027 ceph-mon[29197]: from='mgr.14100 172.21.15.27:0/887009137' entity='mgr.x' cmd=[{"prefix": "mon metadata"}]: dispatch
2024-04-25T01:15:05.951 INFO:journalctl@ceph.mon.a.smithi027.stdout:Apr 25 01:15:05 smithi027 ceph-mon[29197]: from='mgr.14100 172.21.15.27:0/887009137' entity='mgr.x' cmd=[{"prefix": "mon metadata", "id": "a"}]: dispatch
2024-04-25T01:15:05.951 INFO:journalctl@ceph.mon.a.smithi027.stdout:Apr 25 01:15:05 smithi027 ceph-mon[29197]: from='mgr.14100 172.21.15.27:0/887009137' entity='mgr.x' cmd=[{"prefix": "mgr metadata", "who": "x", "id": "x"}]: dispatch
2024-04-25T01:15:05.951 INFO:journalctl@ceph.mon.a.smithi027.stdout:Apr 25 01:15:05 smithi027 ceph-mon[29197]: Manager daemon x is now available
2024-04-25T01:15:05.951 INFO:journalctl@ceph.mon.a.smithi027.stdout:Apr 25 01:15:05 smithi027 ceph-mon[29197]: from='mgr.14100 172.21.15.27:0/887009137' entity='mgr.x' cmd=[{"prefix":"config rm","who":"mgr","name":"mgr/rbd_support/x/mirror_snapshot_schedule"}]: dispatch
2024-04-25T01:15:05.951 INFO:journalctl@ceph.mon.a.smithi027.stdout:Apr 25 01:15:05 smithi027 ceph-mon[29197]: from='mgr.14100 172.21.15.27:0/887009137' entity='mgr.x' cmd=[{"prefix":"config rm","who":"mgr","name":"mgr/rbd_support/x/trash_purge_schedule"}]: dispatch
2024-04-25T01:15:05.951 INFO:journalctl@ceph.mon.a.smithi027.stdout:Apr 25 01:15:05 smithi027 ceph-mon[29197]: from='mgr.14100 172.21.15.27:0/887009137' entity='mgr.x'
2024-04-25T01:15:05.951 INFO:journalctl@ceph.mon.a.smithi027.stdout:Apr 25 01:15:05 smithi027 ceph-mon[29197]: from='mgr.14100 172.21.15.27:0/887009137' entity='mgr.x'
2024-04-25T01:15:05.952 INFO:journalctl@ceph.mon.a.smithi027.stdout:Apr 25 01:15:05 smithi027 ceph-mon[29197]: from='mgr.14100 172.21.15.27:0/887009137' entity='mgr.x'
2024-04-25T01:15:07.201 INFO:journalctl@ceph.mon.a.smithi027.stdout:Apr 25 01:15:06 smithi027 ceph-mon[29197]: mgrmap e3: x(active, since 1.00651s)
2024-04-25T01:15:08.201 INFO:journalctl@ceph.mon.a.smithi027.stdout:Apr 25 01:15:07 smithi027 ceph-mon[29197]: mgrmap e4: x(active, since 2s)
2024-04-25T01:15:08.619 INFO:teuthology.orchestra.run.smithi027.stdout:/usr/bin/ceph: stdout
2024-04-25T01:15:08.619 INFO:teuthology.orchestra.run.smithi027.stdout:/usr/bin/ceph: stdout {
2024-04-25T01:15:08.619 INFO:teuthology.orchestra.run.smithi027.stdout:/usr/bin/ceph: stdout "fsid": "1469ec2e-02a1-11ef-bc93-c7b262605968",
2024-04-25T01:15:08.619 INFO:teuthology.orchestra.run.smithi027.stdout:/usr/bin/ceph: stdout "health": {
2024-04-25T01:15:08.619 INFO:teuthology.orchestra.run.smithi027.stdout:/usr/bin/ceph: stdout "status": "HEALTH_OK",
2024-04-25T01:15:08.619 INFO:teuthology.orchestra.run.smithi027.stdout:/usr/bin/ceph: stdout "checks": {},
2024-04-25T01:15:08.619 INFO:teuthology.orchestra.run.smithi027.stdout:/usr/bin/ceph: stdout "mutes": []
2024-04-25T01:15:08.619 INFO:teuthology.orchestra.run.smithi027.stdout:/usr/bin/ceph: stdout },
2024-04-25T01:15:08.619 INFO:teuthology.orchestra.run.smithi027.stdout:/usr/bin/ceph: stdout "election_epoch": 5,
2024-04-25T01:15:08.619 INFO:teuthology.orchestra.run.smithi027.stdout:/usr/bin/ceph: stdout "quorum": [
2024-04-25T01:15:08.620 INFO:teuthology.orchestra.run.smithi027.stdout:/usr/bin/ceph: stdout 0
2024-04-25T01:15:08.620 INFO:teuthology.orchestra.run.smithi027.stdout:/usr/bin/ceph: stdout ],
2024-04-25T01:15:08.620 INFO:teuthology.orchestra.run.smithi027.stdout:/usr/bin/ceph: stdout "quorum_names": [
2024-04-25T01:15:08.620 INFO:teuthology.orchestra.run.smithi027.stdout:/usr/bin/ceph: stdout "a"
2024-04-25T01:15:08.620 INFO:teuthology.orchestra.run.smithi027.stdout:/usr/bin/ceph: stdout ],
2024-04-25T01:15:08.620 INFO:teuthology.orchestra.run.smithi027.stdout:/usr/bin/ceph: stdout "quorum_age": 13,
2024-04-25T01:15:08.620 INFO:teuthology.orchestra.run.smithi027.stdout:/usr/bin/ceph: stdout "monmap": {
2024-04-25T01:15:08.620 INFO:teuthology.orchestra.run.smithi027.stdout:/usr/bin/ceph: stdout "epoch": 1,
2024-04-25T01:15:08.620 INFO:teuthology.orchestra.run.smithi027.stdout:/usr/bin/ceph: stdout "min_mon_release_name": "squid",
2024-04-25T01:15:08.620 INFO:teuthology.orchestra.run.smithi027.stdout:/usr/bin/ceph: stdout "num_mons": 1
2024-04-25T01:15:08.620 INFO:teuthology.orchestra.run.smithi027.stdout:/usr/bin/ceph: stdout },
2024-04-25T01:15:08.620 INFO:teuthology.orchestra.run.smithi027.stdout:/usr/bin/ceph: stdout "osdmap": {
2024-04-25T01:15:08.621 INFO:teuthology.orchestra.run.smithi027.stdout:/usr/bin/ceph: stdout "epoch": 1,
2024-04-25T01:15:08.621 INFO:teuthology.orchestra.run.smithi027.stdout:/usr/bin/ceph: stdout "num_osds": 0,
2024-04-25T01:15:08.621 INFO:teuthology.orchestra.run.smithi027.stdout:/usr/bin/ceph: stdout "num_up_osds": 0,
2024-04-25T01:15:08.621 INFO:teuthology.orchestra.run.smithi027.stdout:/usr/bin/ceph: stdout "osd_up_since": 0,
2024-04-25T01:15:08.630 INFO:teuthology.orchestra.run.smithi027.stdout:/usr/bin/ceph: stdout "num_in_osds": 0,
2024-04-25T01:15:08.630 INFO:teuthology.orchestra.run.smithi027.stdout:/usr/bin/ceph: stdout "osd_in_since": 0,
2024-04-25T01:15:08.630 INFO:teuthology.orchestra.run.smithi027.stdout:/usr/bin/ceph: stdout "num_remapped_pgs": 0
2024-04-25T01:15:08.630 INFO:teuthology.orchestra.run.smithi027.stdout:/usr/bin/ceph: stdout },
2024-04-25T01:15:08.630 INFO:teuthology.orchestra.run.smithi027.stdout:/usr/bin/ceph: stdout "pgmap": {
2024-04-25T01:15:08.630 INFO:teuthology.orchestra.run.smithi027.stdout:/usr/bin/ceph: stdout "pgs_by_state": [],
2024-04-25T01:15:08.630 INFO:teuthology.orchestra.run.smithi027.stdout:/usr/bin/ceph: stdout "num_pgs": 0,
2024-04-25T01:15:08.630 INFO:teuthology.orchestra.run.smithi027.stdout:/usr/bin/ceph: stdout "num_pools": 0,
2024-04-25T01:15:08.630 INFO:teuthology.orchestra.run.smithi027.stdout:/usr/bin/ceph: stdout "num_objects": 0,
2024-04-25T01:15:08.630 INFO:teuthology.orchestra.run.smithi027.stdout:/usr/bin/ceph: stdout "data_bytes": 0,
2024-04-25T01:15:08.630 INFO:teuthology.orchestra.run.smithi027.stdout:/usr/bin/ceph: stdout "bytes_used": 0,
2024-04-25T01:15:08.631 INFO:teuthology.orchestra.run.smithi027.stdout:/usr/bin/ceph: stdout "bytes_avail": 0,
2024-04-25T01:15:08.631 INFO:teuthology.orchestra.run.smithi027.stdout:/usr/bin/ceph: stdout "bytes_total": 0
2024-04-25T01:15:08.631 INFO:teuthology.orchestra.run.smithi027.stdout:/usr/bin/ceph: stdout },
2024-04-25T01:15:08.631 INFO:teuthology.orchestra.run.smithi027.stdout:/usr/bin/ceph: stdout "fsmap": {
2024-04-25T01:15:08.631 INFO:teuthology.orchestra.run.smithi027.stdout:/usr/bin/ceph: stdout "epoch": 1,
2024-04-25T01:15:08.631 INFO:teuthology.orchestra.run.smithi027.stdout:/usr/bin/ceph: stdout "by_rank": [],
2024-04-25T01:15:08.631 INFO:teuthology.orchestra.run.smithi027.stdout:/usr/bin/ceph: stdout "up:standby": 0
2024-04-25T01:15:08.631 INFO:teuthology.orchestra.run.smithi027.stdout:/usr/bin/ceph: stdout },
2024-04-25T01:15:08.631 INFO:teuthology.orchestra.run.smithi027.stdout:/usr/bin/ceph: stdout "mgrmap": {
2024-04-25T01:15:08.631 INFO:teuthology.orchestra.run.smithi027.stdout:/usr/bin/ceph: stdout "available": true,
2024-04-25T01:15:08.631 INFO:teuthology.orchestra.run.smithi027.stdout:/usr/bin/ceph: stdout "num_standbys": 0,
2024-04-25T01:15:08.631 INFO:teuthology.orchestra.run.smithi027.stdout:/usr/bin/ceph: stdout "modules": [
2024-04-25T01:15:08.631 INFO:teuthology.orchestra.run.smithi027.stdout:/usr/bin/ceph: stdout "iostat",
2024-04-25T01:15:08.631 INFO:teuthology.orchestra.run.smithi027.stdout:/usr/bin/ceph: stdout "nfs",
2024-04-25T01:15:08.631 INFO:teuthology.orchestra.run.smithi027.stdout:/usr/bin/ceph: stdout "restful"
2024-04-25T01:15:08.632 INFO:teuthology.orchestra.run.smithi027.stdout:/usr/bin/ceph: stdout ],
2024-04-25T01:15:08.632 INFO:teuthology.orchestra.run.smithi027.stdout:/usr/bin/ceph: stdout "services": {}
2024-04-25T01:15:08.632 INFO:teuthology.orchestra.run.smithi027.stdout:/usr/bin/ceph: stdout },
2024-04-25T01:15:08.632 INFO:teuthology.orchestra.run.smithi027.stdout:/usr/bin/ceph: stdout "servicemap": {
2024-04-25T01:15:08.632 INFO:teuthology.orchestra.run.smithi027.stdout:/usr/bin/ceph: stdout "epoch": 1,
2024-04-25T01:15:08.632 INFO:teuthology.orchestra.run.smithi027.stdout:/usr/bin/ceph: stdout "modified": "2024-04-25T01:14:45.961872+0000",
2024-04-25T01:15:08.632 INFO:teuthology.orchestra.run.smithi027.stdout:/usr/bin/ceph: stdout "services": {}
2024-04-25T01:15:08.632 INFO:teuthology.orchestra.run.smithi027.stdout:/usr/bin/ceph: stdout },
2024-04-25T01:15:08.632 INFO:teuthology.orchestra.run.smithi027.stdout:/usr/bin/ceph: stdout "progress_events": {}
2024-04-25T01:15:08.632 INFO:teuthology.orchestra.run.smithi027.stdout:/usr/bin/ceph: stdout }
2024-04-25T01:15:08.632 INFO:teuthology.orchestra.run.smithi027.stdout:/usr/bin/ceph: stderr
2024-04-25T01:15:07.720+0000 7fc01216c700 1 Processor -- start
2024-04-25T01:15:08.632 INFO:teuthology.orchestra.run.smithi027.stdout:/usr/bin/ceph: stderr
2024-04-25T01:15:07.720+0000 7fc01216c700 1 -- start start
2024-04-25T01:15:08.632 INFO:teuthology.orchestra.run.smithi027.stdout:/usr/bin/ceph: stderr
2024-04-25T01:15:07.720+0000 7fc01216c700 1 --2- >> [v2:172.21.15.27:3300/0,v1:172.21.15.27:6789/0] conn(0x7fc00c1070d0 0x7fc00c1074f0 unknown :-1 s=NONE pgs=0 cs=0 l=0 rev1=0 crypto rx=0 tx=0 comp rx=0 tx=0).connect
2024-04-25T01:15:08.632 INFO:teuthology.orchestra.run.smithi027.stdout:/usr/bin/ceph: stderr
2024-04-25T01:15:07.720+0000 7fc01216c700 1 -- --> [v2:172.21.15.27:3300/0,v1:172.21.15.27:6789/0] -- mon_getmap magic: 0 -- 0x7fc00c107ac0 con 0x7fc00c1070d0
2024-04-25T01:15:08.632 INFO:teuthology.orchestra.run.smithi027.stdout:/usr/bin/ceph: stderr
2024-04-25T01:15:07.721+0000 7fc00b7fe700 1 --2- >> [v2:172.21.15.27:3300/0,v1:172.21.15.27:6789/0] conn(0x7fc00c1070d0 0x7fc00c1074f0 unknown :-1 s=BANNER_CONNECTING pgs=0 cs=0 l=0 rev1=0 crypto rx=0 tx=0 comp rx=0 tx=0)._handle_peer_banner_payload supported=3 required=0
2024-04-25T01:15:08.633 INFO:teuthology.orchestra.run.smithi027.stdout:/usr/bin/ceph: stderr
2024-04-25T01:15:07.721+0000 7fc00b7fe700 1 --2- >> [v2:172.21.15.27:3300/0,v1:172.21.15.27:6789/0] conn(0x7fc00c1070d0 0x7fc00c1074f0 unknown :-1 s=HELLO_CONNECTING pgs=0 cs=0 l=0 rev1=1 crypto rx=0 tx=0 comp rx=0 tx=0).handle_hello peer v2:172.21.15.27:3300/0 says I am v2:172.21.15.27:44406/0 (socket says 172.21.15.27:44406)
2024-04-25T01:15:08.633 INFO:teuthology.orchestra.run.smithi027.stdout:/usr/bin/ceph: stderr
2024-04-25T01:15:07.721+0000 7fc00b7fe700 1 -- 172.21.15.27:0/3375243640 learned_addr learned my addr 172.21.15.27:0/3375243640 (peer_addr_for_me v2:172.21.15.27:0/0)
2024-04-25T01:15:08.633 INFO:teuthology.orchestra.run.smithi027.stdout:/usr/bin/ceph: stderr
2024-04-25T01:15:07.721+0000 7fc00b7fe700 1 -- 172.21.15.27:0/3375243640 --> [v2:172.21.15.27:3300/0,v1:172.21.15.27:6789/0] -- mon_subscribe({config=0+,monmap=0+}) -- 0x7fc00c107df0 con 0x7fc00c1070d0
2024-04-25T01:15:08.633 INFO:teuthology.orchestra.run.smithi027.stdout:/usr/bin/ceph: stderr
2024-04-25T01:15:07.721+0000 7fc00b7fe700 1 --2- 172.21.15.27:0/3375243640 >> [v2:172.21.15.27:3300/0,v1:172.21.15.27:6789/0] conn(0x7fc00c1070d0 0x7fc00c1074f0 secure :-1 s=READY pgs=18 cs=0 l=1 rev1=1 crypto rx=0x7fbffc0098a0 tx=0x7fbffc009bb0 comp rx=0 tx=0).ready entity=mon.0 client_cookie=65f33fe2f2035170 server_cookie=0 in_seq=0 out_seq=0
2024-04-25T01:15:08.633 INFO:teuthology.orchestra.run.smithi027.stdout:/usr/bin/ceph: stderr
2024-04-25T01:15:07.722+0000 7fc00a7fc700 1 -- 172.21.15.27:0/3375243640 <== mon.0 v2:172.21.15.27:3300/0 1 ==== mon_map magic: 0 ==== 205+0+0 (secure 0 0 0) 0x7fbffc004160 con 0x7fc00c1070d0
2024-04-25T01:15:08.633 INFO:teuthology.orchestra.run.smithi027.stdout:/usr/bin/ceph: stderr
2024-04-25T01:15:07.722+0000 7fc00a7fc700 1 -- 172.21.15.27:0/3375243640 <== mon.0 v2:172.21.15.27:3300/0 2 ==== config(27 keys) ==== 1109+0+0 (secure 0 0 0) 0x7fbffc004300 con 0x7fc00c1070d0
2024-04-25T01:15:08.633 INFO:teuthology.orchestra.run.smithi027.stdout:/usr/bin/ceph: stderr
2024-04-25T01:15:07.722+0000 7fc00a7fc700 1 -- 172.21.15.27:0/3375243640 <== mon.0 v2:172.21.15.27:3300/0 3 ==== mon_map magic: 0 ==== 205+0+0 (secure 0 0 0) 0x7fbffc011b50 con 0x7fc00c1070d0
2024-04-25T01:15:08.633 INFO:teuthology.orchestra.run.smithi027.stdout:/usr/bin/ceph: stderr
2024-04-25T01:15:07.722+0000 7fc01216c700 1 -- 172.21.15.27:0/3375243640 >> [v2:172.21.15.27:3300/0,v1:172.21.15.27:6789/0] conn(0x7fc00c1070d0 msgr2=0x7fc00c1074f0 secure :-1 s=STATE_CONNECTION_ESTABLISHED l=1).mark_down
2024-04-25T01:15:08.633 INFO:teuthology.orchestra.run.smithi027.stdout:/usr/bin/ceph: stderr
2024-04-25T01:15:07.722+0000 7fc01216c700 1 --2- 172.21.15.27:0/3375243640 >> [v2:172.21.15.27:3300/0,v1:172.21.15.27:6789/0] conn(0x7fc00c1070d0 0x7fc00c1074f0 secure :-1 s=READY pgs=18 cs=0 l=1 rev1=1 crypto rx=0x7fbffc0098a0 tx=0x7fbffc009bb0 comp rx=0 tx=0).stop
2024-04-25T01:15:08.633 INFO:teuthology.orchestra.run.smithi027.stdout:/usr/bin/ceph: stderr
2024-04-25T01:15:07.722+0000 7fc01216c700 1 -- 172.21.15.27:0/3375243640 shutdown_connections
2024-04-25T01:15:08.633 INFO:teuthology.orchestra.run.smithi027.stdout:/usr/bin/ceph: stderr
2024-04-25T01:15:07.722+0000 7fc01216c700 1 --2- 172.21.15.27:0/3375243640 >> [v2:172.21.15.27:3300/0,v1:172.21.15.27:6789/0] conn(0x7fc00c1070d0 0x7fc00c1074f0 unknown :-1 s=CLOSED pgs=18 cs=0 l=1 rev1=1 crypto rx=0 tx=0 comp rx=0 tx=0).stop
2024-04-25T01:15:08.633 INFO:teuthology.orchestra.run.smithi027.stdout:/usr/bin/ceph: stderr
2024-04-25T01:15:07.722+0000 7fc01216c700 1 -- 172.21.15.27:0/3375243640 >> 172.21.15.27:0/3375243640 conn(0x7fc00c101910 msgr2=0x7fc00c103d30 unknown :-1 s=STATE_NONE l=0).mark_down
2024-04-25T01:15:08.634 INFO:teuthology.orchestra.run.smithi027.stdout:/usr/bin/ceph: stderr
2024-04-25T01:15:07.722+0000 7fc01216c700 1 -- 172.21.15.27:0/3375243640 shutdown_connections
2024-04-25T01:15:08.634 INFO:teuthology.orchestra.run.smithi027.stdout:/usr/bin/ceph: stderr
2024-04-25T01:15:07.722+0000 7fc01216c700 1 -- 172.21.15.27:0/3375243640 wait complete.
2024-04-25T01:15:08.634 INFO:teuthology.orchestra.run.smithi027.stdout:/usr/bin/ceph: stderr
2024-04-25T01:15:07.723+0000 7fc01216c700 1 Processor -- start
2024-04-25T01:15:08.634 INFO:teuthology.orchestra.run.smithi027.stdout:/usr/bin/ceph: stderr
2024-04-25T01:15:07.723+0000 7fc01216c700 1 -- start start
2024-04-25T01:15:08.634 INFO:teuthology.orchestra.run.smithi027.stdout:/usr/bin/ceph: stderr
2024-04-25T01:15:07.723+0000 7fc01216c700 1 --2- >> [v2:172.21.15.27:3300/0,v1:172.21.15.27:6789/0] conn(0x7fc00c1070d0 0x7fc00c19bc90 unknown :-1 s=NONE pgs=0 cs=0 l=1 rev1=0 crypto rx=0 tx=0 comp rx=0 tx=0).connect
2024-04-25T01:15:08.634 INFO:teuthology.orchestra.run.smithi027.stdout:/usr/bin/ceph: stderr
2024-04-25T01:15:07.723+0000 7fc01216c700 1 -- --> [v2:172.21.15.27:3300/0,v1:172.21.15.27:6789/0] -- mon_getmap magic: 0 -- 0x7fc00c10b1a0 con 0x7fc00c1070d0
2024-04-25T01:15:08.634 INFO:teuthology.orchestra.run.smithi027.stdout:/usr/bin/ceph: stderr
2024-04-25T01:15:07.723+0000 7fc00b7fe700 1 --2- >> [v2:172.21.15.27:3300/0,v1:172.21.15.27:6789/0] conn(0x7fc00c1070d0 0x7fc00c19bc90 unknown :-1 s=BANNER_CONNECTING pgs=0 cs=0 l=1 rev1=0 crypto rx=0 tx=0 comp rx=0 tx=0)._handle_peer_banner_payload supported=3 required=0
2024-04-25T01:15:08.634 INFO:teuthology.orchestra.run.smithi027.stdout:/usr/bin/ceph: stderr
2024-04-25T01:15:07.724+0000 7fc00b7fe700 1 --2- >> [v2:172.21.15.27:3300/0,v1:172.21.15.27:6789/0] conn(0x7fc00c1070d0 0x7fc00c19bc90 unknown :-1 s=HELLO_CONNECTING pgs=0 cs=0 l=1 rev1=1 crypto rx=0 tx=0 comp rx=0 tx=0).handle_hello peer v2:172.21.15.27:3300/0 says I am v2:172.21.15.27:44418/0 (socket says 172.21.15.27:44418)
2024-04-25T01:15:08.634 INFO:teuthology.orchestra.run.smithi027.stdout:/usr/bin/ceph: stderr
2024-04-25T01:15:07.724+0000 7fc00b7fe700 1 -- 172.21.15.27:0/2242175141 learned_addr learned my addr 172.21.15.27:0/2242175141 (peer_addr_for_me v2:172.21.15.27:0/0)
2024-04-25T01:15:08.634 INFO:teuthology.orchestra.run.smithi027.stdout:/usr/bin/ceph: stderr
2024-04-25T01:15:07.724+0000 7fc00b7fe700 1 -- 172.21.15.27:0/2242175141 --> [v2:172.21.15.27:3300/0,v1:172.21.15.27:6789/0] -- mon_subscribe({config=0+,monmap=0+}) -- 0x7fc00c19c1d0 con 0x7fc00c1070d0
2024-04-25T01:15:08.634 INFO:teuthology.orchestra.run.smithi027.stdout:/usr/bin/ceph: stderr
2024-04-25T01:15:07.724+0000 7fc00b7fe700 1 --2- 172.21.15.27:0/2242175141 >> [v2:172.21.15.27:3300/0,v1:172.21.15.27:6789/0] conn(0x7fc00c1070d0 0x7fc00c19bc90 secure :-1 s=READY pgs=19 cs=0 l=1 rev1=1 crypto rx=0x7fbffc009fb0 tx=0x7fbffc011bf0 comp rx=0 tx=0).ready entity=mon.0 client_cookie=0 server_cookie=0 in_seq=0 out_seq=0
2024-04-25T01:15:08.635 INFO:teuthology.orchestra.run.smithi027.stdout:/usr/bin/ceph: stderr
2024-04-25T01:15:07.724+0000 7fc008ff9700 1 -- 172.21.15.27:0/2242175141 <== mon.0 v2:172.21.15.27:3300/0 1 ==== mon_map magic: 0 ==== 205+0+0 (secure 0 0 0) 0x7fbffc0038b0 con 0x7fc00c1070d0
2024-04-25T01:15:08.635 INFO:teuthology.orchestra.run.smithi027.stdout:/usr/bin/ceph: stderr
2024-04-25T01:15:07.724+0000 7fc008ff9700 1 -- 172.21.15.27:0/2242175141 <== mon.0 v2:172.21.15.27:3300/0 2 ==== config(27 keys) ==== 1109+0+0 (secure 0 0 0) 0x7fbffc011e50 con 0x7fc00c1070d0
2024-04-25T01:15:08.635 INFO:teuthology.orchestra.run.smithi027.stdout:/usr/bin/ceph: stderr
2024-04-25T01:15:07.724+0000 7fc01216c700 1 -- 172.21.15.27:0/2242175141 --> [v2:172.21.15.27:3300/0,v1:172.21.15.27:6789/0] -- mon_subscribe({mgrmap=0+}) -- 0x7fc00c19c460 con 0x7fc00c1070d0
2024-04-25T01:15:08.635 INFO:teuthology.orchestra.run.smithi027.stdout:/usr/bin/ceph: stderr
2024-04-25T01:15:07.724+0000 7fc008ff9700 1 -- 172.21.15.27:0/2242175141 <== mon.0 v2:172.21.15.27:3300/0 3 ==== mon_map magic: 0 ==== 205+0+0 (secure 0 0 0) 0x7fbffc019420 con 0x7fc00c1070d0
2024-04-25T01:15:08.635 INFO:teuthology.orchestra.run.smithi027.stdout:/usr/bin/ceph: stderr
2024-04-25T01:15:07.724+0000 7fc01216c700 1 -- 172.21.15.27:0/2242175141 --> [v2:172.21.15.27:3300/0,v1:172.21.15.27:6789/0] -- mon_subscribe({osdmap=0}) -- 0x7fc00c19f150 con 0x7fc00c1070d0
2024-04-25T01:15:08.635 INFO:teuthology.orchestra.run.smithi027.stdout:/usr/bin/ceph: stderr
2024-04-25T01:15:07.725+0000 7fc008ff9700 1 -- 172.21.15.27:0/2242175141 <== mon.0 v2:172.21.15.27:3300/0 4 ==== mgrmap(e 4) ==== 46276+0+0 (secure 0 0 0) 0x7fbffc01a430 con 0x7fc00c1070d0
2024-04-25T01:15:08.635 INFO:teuthology.orchestra.run.smithi027.stdout:/usr/bin/ceph: stderr
2024-04-25T01:15:07.725+0000 7fc01216c700 1 -- 172.21.15.27:0/2242175141 --> [v2:172.21.15.27:3300/0,v1:172.21.15.27:6789/0] -- mon_command({"prefix": "get_command_descriptions"} v 0) -- 0x7fc00c063890 con 0x7fc00c1070d0
2024-04-25T01:15:08.635 INFO:teuthology.orchestra.run.smithi027.stdout:/usr/bin/ceph: stderr
2024-04-25T01:15:07.725+0000 7fc008ff9700 1 --2- 172.21.15.27:0/2242175141 >> [v2:172.21.15.27:6800/219526886,v1:172.21.15.27:6801/219526886] conn(0x7fbff4038fb0 0x7fbff403b470 unknown :-1 s=NONE pgs=0 cs=0 l=1 rev1=0 crypto rx=0 tx=0 comp rx=0 tx=0).connect
2024-04-25T01:15:08.635 INFO:teuthology.orchestra.run.smithi027.stdout:/usr/bin/ceph: stderr
2024-04-25T01:15:07.725+0000 7fc008ff9700 1 -- 172.21.15.27:0/2242175141 <== mon.0 v2:172.21.15.27:3300/0 5 ==== osd_map(1..1 src has 1..1) ==== 725+0+0 (secure 0 0 0) 0x7fbffc04d1b0 con 0x7fc00c1070d0
2024-04-25T01:15:08.636 INFO:teuthology.orchestra.run.smithi027.stdout:/usr/bin/ceph: stderr
2024-04-25T01:15:07.726+0000 7fc00affd700 1 --2- 172.21.15.27:0/2242175141 >> [v2:172.21.15.27:6800/219526886,v1:172.21.15.27:6801/219526886] conn(0x7fbff4038fb0 0x7fbff403b470 unknown :-1 s=BANNER_CONNECTING pgs=0 cs=0 l=1 rev1=0 crypto rx=0 tx=0 comp rx=0 tx=0)._handle_peer_banner_payload supported=3 required=0
2024-04-25T01:15:08.636 INFO:teuthology.orchestra.run.smithi027.stdout:/usr/bin/ceph: stderr
2024-04-25T01:15:07.726+0000 7fc00affd700 1 --2- 172.21.15.27:0/2242175141 >> [v2:172.21.15.27:6800/219526886,v1:172.21.15.27:6801/219526886] conn(0x7fbff4038fb0 0x7fbff403b470 secure :-1 s=READY pgs=6 cs=0 l=1 rev1=1 crypto rx=0x7fc000006fd0 tx=0x7fc000006e40 comp rx=0 tx=0).ready entity=mgr.14100 client_cookie=0 server_cookie=0 in_seq=0 out_seq=0
2024-04-25T01:15:08.636 INFO:teuthology.orchestra.run.smithi027.stdout:/usr/bin/ceph: stderr
2024-04-25T01:15:07.731+0000 7fc008ff9700 1 -- 172.21.15.27:0/2242175141 <== mon.0 v2:172.21.15.27:3300/0 6 ==== mon_command_ack([{"prefix": "get_command_descriptions"}]=0 v0) ==== 72+0+186147 (secure 0 0 0) 0x7fbffc003b00 con 0x7fc00c1070d0
2024-04-25T01:15:08.636 INFO:teuthology.orchestra.run.smithi027.stdout:/usr/bin/ceph: stderr
2024-04-25T01:15:08.029+0000 7fc01216c700 1 -- 172.21.15.27:0/2242175141 --> [v2:172.21.15.27:3300/0,v1:172.21.15.27:6789/0] -- mon_command({"prefix": "status", "format": "json-pretty"} v 0) -- 0x7fc00c0008d0 con 0x7fc00c1070d0
2024-04-25T01:15:08.636 INFO:teuthology.orchestra.run.smithi027.stdout:/usr/bin/ceph: stderr
2024-04-25T01:15:08.029+0000 7fc008ff9700 1 -- 172.21.15.27:0/2242175141 <== mon.0 v2:172.21.15.27:3300/0 7 ==== mon_command_ack([{"prefix": "status", "format": "json-pretty"}]=0 v0) ==== 79+0+1239 (secure 0 0 0) 0x7fbffc01a720 con 0x7fc00c1070d0
2024-04-25T01:15:08.636 INFO:teuthology.orchestra.run.smithi027.stdout:/usr/bin/ceph: stderr
2024-04-25T01:15:08.032+0000 7fc01216c700 1 -- 172.21.15.27:0/2242175141 >> [v2:172.21.15.27:6800/219526886,v1:172.21.15.27:6801/219526886] conn(0x7fbff4038fb0 msgr2=0x7fbff403b470 secure :-1 s=STATE_CONNECTION_ESTABLISHED l=1).mark_down
2024-04-25T01:15:08.636 INFO:teuthology.orchestra.run.smithi027.stdout:/usr/bin/ceph: stderr
2024-04-25T01:15:08.032+0000 7fc01216c700 1 --2- 172.21.15.27:0/2242175141 >> [v2:172.21.15.27:6800/219526886,v1:172.21.15.27:6801/219526886] conn(0x7fbff4038fb0 0x7fbff403b470 secure :-1 s=READY pgs=6 cs=0 l=1 rev1=1 crypto rx=0x7fc000006fd0 tx=0x7fc000006e40 comp rx=0 tx=0).stop
2024-04-25T01:15:08.636 INFO:teuthology.orchestra.run.smithi027.stdout:/usr/bin/ceph: stderr
2024-04-25T01:15:08.032+0000 7fc01216c700 1 -- 172.21.15.27:0/2242175141 >> [v2:172.21.15.27:3300/0,v1:172.21.15.27:6789/0] conn(0x7fc00c1070d0 msgr2=0x7fc00c19bc90 secure :-1 s=STATE_CONNECTION_ESTABLISHED l=1).mark_down
2024-04-25T01:15:08.636 INFO:teuthology.orchestra.run.smithi027.stdout:/usr/bin/ceph: stderr
2024-04-25T01:15:08.032+0000 7fc01216c700 1 --2- 172.21.15.27:0/2242175141 >> [v2:172.21.15.27:3300/0,v1:172.21.15.27:6789/0] conn(0x7fc00c1070d0 0x7fc00c19bc90 secure :-1 s=READY pgs=19 cs=0 l=1 rev1=1 crypto rx=0x7fbffc009fb0 tx=0x7fbffc011bf0 comp rx=0 tx=0).stop
2024-04-25T01:15:08.636 INFO:teuthology.orchestra.run.smithi027.stdout:/usr/bin/ceph: stderr
2024-04-25T01:15:08.032+0000 7fc01216c700 1 -- 172.21.15.27:0/2242175141 shutdown_connections
2024-04-25T01:15:08.636 INFO:teuthology.orchestra.run.smithi027.stdout:/usr/bin/ceph: stderr
2024-04-25T01:15:08.032+0000 7fc01216c700 1 --2- 172.21.15.27:0/2242175141 >> [v2:172.21.15.27:6800/219526886,v1:172.21.15.27:6801/219526886] conn(0x7fbff4038fb0 0x7fbff403b470 unknown :-1 s=CLOSED pgs=6 cs=0 l=1 rev1=1 crypto rx=0 tx=0 comp rx=0 tx=0).stop
2024-04-25T01:15:08.636 INFO:teuthology.orchestra.run.smithi027.stdout:/usr/bin/ceph: stderr
2024-04-25T01:15:08.032+0000 7fc01216c700 1 --2- 172.21.15.27:0/2242175141 >> [v2:172.21.15.27:3300/0,v1:172.21.15.27:6789/0] conn(0x7fc00c1070d0 0x7fc00c19bc90 unknown :-1 s=CLOSED pgs=19 cs=0 l=1 rev1=1 crypto rx=0 tx=0 comp rx=0 tx=0).stop
2024-04-25T01:15:08.636 INFO:teuthology.orchestra.run.smithi027.stdout:/usr/bin/ceph: stderr
2024-04-25T01:15:08.032+0000 7fc01216c700 1 -- 172.21.15.27:0/2242175141 >> 172.21.15.27:0/2242175141 conn(0x7fc00c101910 msgr2=0x7fc00c1027c0 unknown :-1 s=STATE_NONE l=0).mark_down
2024-04-25T01:15:08.637 INFO:teuthology.orchestra.run.smithi027.stdout:/usr/bin/ceph: stderr
2024-04-25T01:15:08.033+0000 7fc01216c700 1 -- 172.21.15.27:0/2242175141 shutdown_connections
2024-04-25T01:15:08.637 INFO:teuthology.orchestra.run.smithi027.stdout:/usr/bin/ceph: stderr
2024-04-25T01:15:08.033+0000 7fc01216c700 1 -- 172.21.15.27:0/2242175141 wait complete.
2024-04-25T01:15:08.637 INFO:teuthology.orchestra.run.smithi027.stdout:mgr is available
2024-04-25T01:15:09.007 INFO:journalctl@ceph.mon.a.smithi027.stdout:Apr 25 01:15:08 smithi027 ceph-mon[29197]: from='client.? 172.21.15.27:0/2242175141' entity='client.admin' cmd=[{"prefix": "status", "format": "json-pretty"}]: dispatch
2024-04-25T01:15:09.795 INFO:teuthology.orchestra.run.smithi027.stdout:/usr/bin/ceph: stdout
2024-04-25T01:15:09.795 INFO:teuthology.orchestra.run.smithi027.stdout:/usr/bin/ceph: stdout [global]
2024-04-25T01:15:09.795 INFO:teuthology.orchestra.run.smithi027.stdout:/usr/bin/ceph: stdout fsid = 1469ec2e-02a1-11ef-bc93-c7b262605968
2024-04-25T01:15:09.795 INFO:teuthology.orchestra.run.smithi027.stdout:/usr/bin/ceph: stdout mon_osd_allow_pg_remap = true
2024-04-25T01:15:09.796 INFO:teuthology.orchestra.run.smithi027.stdout:/usr/bin/ceph: stdout mon_osd_allow_primary_affinity = true
2024-04-25T01:15:09.796 INFO:teuthology.orchestra.run.smithi027.stdout:/usr/bin/ceph: stdout mon_warn_on_no_sortbitwise = false
2024-04-25T01:15:09.796 INFO:teuthology.orchestra.run.smithi027.stdout:/usr/bin/ceph: stdout osd_crush_chooseleaf_type = 0
2024-04-25T01:15:09.796 INFO:teuthology.orchestra.run.smithi027.stdout:/usr/bin/ceph: stdout
2024-04-25T01:15:09.796 INFO:teuthology.orchestra.run.smithi027.stdout:/usr/bin/ceph: stdout [mgr]
2024-04-25T01:15:09.796 INFO:teuthology.orchestra.run.smithi027.stdout:/usr/bin/ceph: stdout mgr/telemetry/nag = false
2024-04-25T01:15:09.796 INFO:teuthology.orchestra.run.smithi027.stdout:/usr/bin/ceph: stdout
2024-04-25T01:15:09.796 INFO:teuthology.orchestra.run.smithi027.stdout:/usr/bin/ceph: stdout [osd]
2024-04-25T01:15:09.796 INFO:teuthology.orchestra.run.smithi027.stdout:/usr/bin/ceph: stdout mon_osd_backfillfull_ratio = 0.85
2024-04-25T01:15:09.796 INFO:teuthology.orchestra.run.smithi027.stdout:/usr/bin/ceph: stdout mon_osd_full_ratio = 0.9
2024-04-25T01:15:09.796 INFO:teuthology.orchestra.run.smithi027.stdout:/usr/bin/ceph: stdout mon_osd_nearfull_ratio = 0.8
2024-04-25T01:15:09.796 INFO:teuthology.orchestra.run.smithi027.stdout:/usr/bin/ceph: stdout osd_map_max_advance = 10
2024-04-25T01:15:09.796 INFO:teuthology.orchestra.run.smithi027.stdout:/usr/bin/ceph: stdout osd_sloppy_crc = true
2024-04-25T01:15:09.796 INFO:teuthology.orchestra.run.smithi027.stdout:/usr/bin/ceph: stderr
2024-04-25T01:15:09.041+0000 7fac71f4a700 1 Processor -- start
2024-04-25T01:15:09.796 INFO:teuthology.orchestra.run.smithi027.stdout:/usr/bin/ceph: stderr
2024-04-25T01:15:09.041+0000 7fac71f4a700 1 -- start start
2024-04-25T01:15:09.797 INFO:teuthology.orchestra.run.smithi027.stdout:/usr/bin/ceph: stderr
2024-04-25T01:15:09.041+0000 7fac71f4a700 1 --2- >> [v2:172.21.15.27:3300/0,v1:172.21.15.27:6789/0] conn(0x7fac6c107cf0 0x7fac6c108110 unknown :-1 s=NONE pgs=0 cs=0 l=0 rev1=0 crypto rx=0 tx=0 comp rx=0 tx=0).connect
2024-04-25T01:15:09.797 INFO:teuthology.orchestra.run.smithi027.stdout:/usr/bin/ceph: stderr
2024-04-25T01:15:09.041+0000 7fac71f4a700 1 -- --> [v2:172.21.15.27:3300/0,v1:172.21.15.27:6789/0] -- mon_getmap magic: 0 -- 0x7fac6c1086e0 con 0x7fac6c107cf0
2024-04-25T01:15:09.797 INFO:teuthology.orchestra.run.smithi027.stdout:/usr/bin/ceph: stderr
2024-04-25T01:15:09.041+0000 7fac6b7fe700 1 --2- >> [v2:172.21.15.27:3300/0,v1:172.21.15.27:6789/0] conn(0x7fac6c107cf0 0x7fac6c108110 unknown :-1 s=BANNER_CONNECTING pgs=0 cs=0 l=0 rev1=0 crypto rx=0 tx=0 comp rx=0 tx=0)._handle_peer_banner_payload supported=3 required=0
2024-04-25T01:15:09.797 INFO:teuthology.orchestra.run.smithi027.stdout:/usr/bin/ceph: stderr
2024-04-25T01:15:09.041+0000 7fac6b7fe700 1 --2- >> [v2:172.21.15.27:3300/0,v1:172.21.15.27:6789/0] conn(0x7fac6c107cf0 0x7fac6c108110 unknown :-1 s=HELLO_CONNECTING pgs=0 cs=0 l=0 rev1=1 crypto rx=0 tx=0 comp rx=0 tx=0).handle_hello peer v2:172.21.15.27:3300/0 says I am v2:172.21.15.27:44426/0 (socket says 172.21.15.27:44426)
2024-04-25T01:15:09.797 INFO:teuthology.orchestra.run.smithi027.stdout:/usr/bin/ceph: stderr
2024-04-25T01:15:09.041+0000 7fac6b7fe700 1 -- 172.21.15.27:0/191505844 learned_addr learned my addr 172.21.15.27:0/191505844 (peer_addr_for_me v2:172.21.15.27:0/0)
2024-04-25T01:15:09.797 INFO:teuthology.orchestra.run.smithi027.stdout:/usr/bin/ceph: stderr
2024-04-25T01:15:09.041+0000 7fac6b7fe700 1 -- 172.21.15.27:0/191505844 --> [v2:172.21.15.27:3300/0,v1:172.21.15.27:6789/0] -- mon_subscribe({config=0+,monmap=0+}) -- 0x7fac6c108ef0 con 0x7fac6c107cf0
2024-04-25T01:15:09.797 INFO:teuthology.orchestra.run.smithi027.stdout:/usr/bin/ceph: stderr
2024-04-25T01:15:09.042+0000 7fac6b7fe700 1 --2- 172.21.15.27:0/191505844 >> [v2:172.21.15.27:3300/0,v1:172.21.15.27:6789/0] conn(0x7fac6c107cf0 0x7fac6c108110 secure :-1 s=READY pgs=20 cs=0 l=1 rev1=1 crypto rx=0x7fac5c0098a0 tx=0x7fac5c009bb0 comp rx=0 tx=0).ready entity=mon.0 client_cookie=e2362d1c1cc21844 server_cookie=0 in_seq=0 out_seq=0
2024-04-25T01:15:09.797 INFO:teuthology.orchestra.run.smithi027.stdout:/usr/bin/ceph: stderr
2024-04-25T01:15:09.042+0000 7fac6a7fc700 1 -- 172.21.15.27:0/191505844 <== mon.0 v2:172.21.15.27:3300/0 1 ==== mon_map magic: 0 ==== 205+0+0 (secure 0 0 0) 0x7fac5c004160 con 0x7fac6c107cf0
2024-04-25T01:15:09.797 INFO:teuthology.orchestra.run.smithi027.stdout:/usr/bin/ceph: stderr
2024-04-25T01:15:09.042+0000 7fac6a7fc700 1 -- 172.21.15.27:0/191505844 <== mon.0 v2:172.21.15.27:3300/0 2 ==== config(27 keys) ==== 1109+0+0 (secure 0 0 0) 0x7fac5c004300 con 0x7fac6c107cf0
2024-04-25T01:15:09.797 INFO:teuthology.orchestra.run.smithi027.stdout:/usr/bin/ceph: stderr
2024-04-25T01:15:09.042+0000 7fac6a7fc700 1 -- 172.21.15.27:0/191505844 <== mon.0 v2:172.21.15.27:3300/0 3 ==== mon_map magic: 0 ==== 205+0+0 (secure 0 0 0) 0x7fac5c011b50 con 0x7fac6c107cf0
2024-04-25T01:15:09.797 INFO:teuthology.orchestra.run.smithi027.stdout:/usr/bin/ceph: stderr
2024-04-25T01:15:09.042+0000 7fac71f4a700 1 -- 172.21.15.27:0/191505844 >> [v2:172.21.15.27:3300/0,v1:172.21.15.27:6789/0] conn(0x7fac6c107cf0 msgr2=0x7fac6c108110 secure :-1 s=STATE_CONNECTION_ESTABLISHED l=1).mark_down
2024-04-25T01:15:09.797 INFO:teuthology.orchestra.run.smithi027.stdout:/usr/bin/ceph: stderr
2024-04-25T01:15:09.042+0000 7fac71f4a700 1 --2- 172.21.15.27:0/191505844 >> [v2:172.21.15.27:3300/0,v1:172.21.15.27:6789/0] conn(0x7fac6c107cf0 0x7fac6c108110 secure :-1 s=READY pgs=20 cs=0 l=1 rev1=1 crypto rx=0x7fac5c0098a0 tx=0x7fac5c009bb0 comp rx=0 tx=0).stop
2024-04-25T01:15:09.797 INFO:teuthology.orchestra.run.smithi027.stdout:/usr/bin/ceph: stderr
2024-04-25T01:15:09.042+0000 7fac71f4a700 1 -- 172.21.15.27:0/191505844 shutdown_connections
2024-04-25T01:15:09.798 INFO:teuthology.orchestra.run.smithi027.stdout:/usr/bin/ceph: stderr
2024-04-25T01:15:09.042+0000 7fac71f4a700 1 --2- 172.21.15.27:0/191505844 >> [v2:172.21.15.27:3300/0,v1:172.21.15.27:6789/0] conn(0x7fac6c107cf0 0x7fac6c108110 unknown :-1 s=CLOSED pgs=20 cs=0 l=1 rev1=1 crypto rx=0 tx=0 comp rx=0 tx=0).stop
2024-04-25T01:15:09.798 INFO:teuthology.orchestra.run.smithi027.stdout:/usr/bin/ceph: stderr
2024-04-25T01:15:09.042+0000 7fac71f4a700 1 -- 172.21.15.27:0/191505844 >> 172.21.15.27:0/191505844 conn(0x7fac6c1032d0 msgr2=0x7fac6c1056f0 unknown :-1 s=STATE_NONE l=0).mark_down
2024-04-25T01:15:09.798 INFO:teuthology.orchestra.run.smithi027.stdout:/usr/bin/ceph: stderr
2024-04-25T01:15:09.043+0000 7fac71f4a700 1 -- 172.21.15.27:0/191505844 shutdown_connections
2024-04-25T01:15:09.798 INFO:teuthology.orchestra.run.smithi027.stdout:/usr/bin/ceph: stderr
2024-04-25T01:15:09.043+0000 7fac71f4a700 1 -- 172.21.15.27:0/191505844 wait complete.
2024-04-25T01:15:09.798 INFO:teuthology.orchestra.run.smithi027.stdout:/usr/bin/ceph: stderr
2024-04-25T01:15:09.043+0000 7fac71f4a700 1 Processor -- start
2024-04-25T01:15:09.798 INFO:teuthology.orchestra.run.smithi027.stdout:/usr/bin/ceph: stderr
2024-04-25T01:15:09.043+0000 7fac71f4a700 1 -- start start
2024-04-25T01:15:09.798 INFO:teuthology.orchestra.run.smithi027.stdout:/usr/bin/ceph: stderr
2024-04-25T01:15:09.043+0000 7fac71f4a700 1 --2- >> [v2:172.21.15.27:3300/0,v1:172.21.15.27:6789/0] conn(0x7fac6c107cf0 0x7fac6c19bc80 unknown :-1 s=NONE pgs=0 cs=0 l=1 rev1=0 crypto rx=0 tx=0 comp rx=0 tx=0).connect
2024-04-25T01:15:09.798 INFO:teuthology.orchestra.run.smithi027.stdout:/usr/bin/ceph: stderr
2024-04-25T01:15:09.044+0000 7fac71f4a700 1 -- --> [v2:172.21.15.27:3300/0,v1:172.21.15.27:6789/0] -- mon_getmap magic: 0 -- 0x7fac6c10c2a0 con 0x7fac6c107cf0
2024-04-25T01:15:09.798 INFO:teuthology.orchestra.run.smithi027.stdout:/usr/bin/ceph: stderr
2024-04-25T01:15:09.044+0000 7fac6b7fe700 1 --2- >> [v2:172.21.15.27:3300/0,v1:172.21.15.27:6789/0] conn(0x7fac6c107cf0 0x7fac6c19bc80 unknown :-1 s=BANNER_CONNECTING pgs=0 cs=0 l=1 rev1=0 crypto rx=0 tx=0 comp rx=0 tx=0)._handle_peer_banner_payload supported=3 required=0
2024-04-25T01:15:09.798 INFO:teuthology.orchestra.run.smithi027.stdout:/usr/bin/ceph: stderr
2024-04-25T01:15:09.044+0000 7fac6b7fe700 1 --2- >> [v2:172.21.15.27:3300/0,v1:172.21.15.27:6789/0] conn(0x7fac6c107cf0 0x7fac6c19bc80 unknown :-1 s=HELLO_CONNECTING pgs=0 cs=0 l=1 rev1=1 crypto rx=0 tx=0 comp rx=0 tx=0).handle_hello peer v2:172.21.15.27:3300/0 says I am v2:172.21.15.27:44442/0 (socket says 172.21.15.27:44442)
2024-04-25T01:15:09.798 INFO:teuthology.orchestra.run.smithi027.stdout:/usr/bin/ceph: stderr
2024-04-25T01:15:09.044+0000 7fac6b7fe700 1 -- 172.21.15.27:0/231796280 learned_addr learned my addr 172.21.15.27:0/231796280 (peer_addr_for_me v2:172.21.15.27:0/0)
2024-04-25T01:15:09.798 INFO:teuthology.orchestra.run.smithi027.stdout:/usr/bin/ceph: stderr
2024-04-25T01:15:09.044+0000 7fac6b7fe700 1 -- 172.21.15.27:0/231796280 --> [v2:172.21.15.27:3300/0,v1:172.21.15.27:6789/0] -- mon_subscribe({config=0+,monmap=0+}) -- 0x7fac6c19c1c0 con 0x7fac6c107cf0
2024-04-25T01:15:09.798 INFO:teuthology.orchestra.run.smithi027.stdout:/usr/bin/ceph: stderr
2024-04-25T01:15:09.044+0000 7fac6b7fe700 1 --2- 172.21.15.27:0/231796280 >> [v2:172.21.15.27:3300/0,v1:172.21.15.27:6789/0] conn(0x7fac6c107cf0 0x7fac6c19bc80 secure :-1 s=READY pgs=21 cs=0 l=1 rev1=1 crypto rx=0x7fac5c011670 tx=0x7fac5c011b60 comp rx=0 tx=0).ready entity=mon.0 client_cookie=0 server_cookie=0 in_seq=0 out_seq=0
2024-04-25T01:15:09.798 INFO:teuthology.orchestra.run.smithi027.stdout:/usr/bin/ceph: stderr
2024-04-25T01:15:09.044+0000 7fac68ff9700 1 -- 172.21.15.27:0/231796280 <== mon.0 v2:172.21.15.27:3300/0 1 ==== mon_map magic: 0 ==== 205+0+0 (secure 0 0 0) 0x7fac5c0039c0 con 0x7fac6c107cf0
2024-04-25T01:15:09.799 INFO:teuthology.orchestra.run.smithi027.stdout:/usr/bin/ceph: stderr
2024-04-25T01:15:09.044+0000 7fac71f4a700 1 -- 172.21.15.27:0/231796280 --> [v2:172.21.15.27:3300/0,v1:172.21.15.27:6789/0] -- mon_subscribe({mgrmap=0+}) -- 0x7fac6c19c450 con 0x7fac6c107cf0
2024-04-25T01:15:09.799 INFO:teuthology.orchestra.run.smithi027.stdout:/usr/bin/ceph: stderr
2024-04-25T01:15:09.044+0000 7fac68ff9700 1 -- 172.21.15.27:0/231796280 <== mon.0 v2:172.21.15.27:3300/0 2 ==== config(27 keys) ==== 1109+0+0 (secure 0 0 0) 0x7fac5c011e50 con 0x7fac6c107cf0
2024-04-25T01:15:09.799 INFO:teuthology.orchestra.run.smithi027.stdout:/usr/bin/ceph: stderr
2024-04-25T01:15:09.044+0000 7fac68ff9700 1 -- 172.21.15.27:0/231796280 <== mon.0 v2:172.21.15.27:3300/0 3 ==== mon_map magic: 0 ==== 205+0+0 (secure 0 0 0) 0x7fac5c01a5c0 con 0x7fac6c107cf0
2024-04-25T01:15:09.799 INFO:teuthology.orchestra.run.smithi027.stdout:/usr/bin/ceph: stderr
2024-04-25T01:15:09.044+0000 7fac71f4a700 1 -- 172.21.15.27:0/231796280 --> [v2:172.21.15.27:3300/0,v1:172.21.15.27:6789/0] -- mon_subscribe({osdmap=0}) -- 0x7fac6c19f140 con 0x7fac6c107cf0
2024-04-25T01:15:09.799 INFO:teuthology.orchestra.run.smithi027.stdout:/usr/bin/ceph: stderr
2024-04-25T01:15:09.045+0000 7fac68ff9700 1 -- 172.21.15.27:0/231796280 <== mon.0 v2:172.21.15.27:3300/0 4 ==== mgrmap(e 4) ==== 46276+0+0 (secure 0 0 0) 0x7fac5c024430 con 0x7fac6c107cf0
2024-04-25T01:15:09.799 INFO:teuthology.orchestra.run.smithi027.stdout:/usr/bin/ceph: stderr
2024-04-25T01:15:09.045+0000 7fac71f4a700 1 -- 172.21.15.27:0/231796280 --> [v2:172.21.15.27:3300/0,v1:172.21.15.27:6789/0] -- mon_command({"prefix": "get_command_descriptions"} v 0) -- 0x7fac6c063890 con 0x7fac6c107cf0
2024-04-25T01:15:09.799 INFO:teuthology.orchestra.run.smithi027.stdout:/usr/bin/ceph: stderr
2024-04-25T01:15:09.045+0000 7fac68ff9700 1 --2- 172.21.15.27:0/231796280 >> [v2:172.21.15.27:6800/219526886,v1:172.21.15.27:6801/219526886] conn(0x7fac54038fb0 0x7fac5403b470 unknown :-1 s=NONE pgs=0 cs=0 l=1 rev1=0 crypto rx=0 tx=0 comp rx=0 tx=0).connect
2024-04-25T01:15:09.799 INFO:teuthology.orchestra.run.smithi027.stdout:/usr/bin/ceph: stderr
2024-04-25T01:15:09.045+0000 7fac68ff9700 1 -- 172.21.15.27:0/231796280 <== mon.0 v2:172.21.15.27:3300/0 5 ==== osd_map(1..1 src has 1..1) ==== 725+0+0 (secure 0 0 0) 0x7fac5c04d500 con 0x7fac6c107cf0
2024-04-25T01:15:09.799 INFO:teuthology.orchestra.run.smithi027.stdout:/usr/bin/ceph: stderr
2024-04-25T01:15:09.045+0000 7fac6affd700 1 --2- 172.21.15.27:0/231796280 >> [v2:172.21.15.27:6800/219526886,v1:172.21.15.27:6801/219526886] conn(0x7fac54038fb0 0x7fac5403b470 unknown :-1 s=BANNER_CONNECTING pgs=0 cs=0 l=1 rev1=0 crypto rx=0 tx=0 comp rx=0 tx=0)._handle_peer_banner_payload supported=3 required=0
2024-04-25T01:15:09.799 INFO:teuthology.orchestra.run.smithi027.stdout:/usr/bin/ceph: stderr
2024-04-25T01:15:09.046+0000 7fac6affd700 1 --2- 172.21.15.27:0/231796280 >> [v2:172.21.15.27:6800/219526886,v1:172.21.15.27:6801/219526886] conn(0x7fac54038fb0 0x7fac5403b470 secure :-1 s=READY pgs=7 cs=0 l=1 rev1=1 crypto rx=0x7fac60006fd0 tx=0x7fac60006e40 comp rx=0 tx=0).ready entity=mgr.14100 client_cookie=0 server_cookie=0 in_seq=0 out_seq=0
2024-04-25T01:15:09.799 INFO:teuthology.orchestra.run.smithi027.stdout:/usr/bin/ceph: stderr
2024-04-25T01:15:09.050+0000 7fac68ff9700 1 -- 172.21.15.27:0/231796280 <== mon.0 v2:172.21.15.27:3300/0 6 ==== mon_command_ack([{"prefix": "get_command_descriptions"}]=0 v0) ==== 72+0+186147 (secure 0 0 0) 0x7fac5c04cf20 con 0x7fac6c107cf0
2024-04-25T01:15:09.799 INFO:teuthology.orchestra.run.smithi027.stdout:/usr/bin/ceph: stderr
2024-04-25T01:15:09.254+0000 7fac71f4a700 1 -- 172.21.15.27:0/231796280 --> [v2:172.21.15.27:3300/0,v1:172.21.15.27:6789/0] -- mon_command({"prefix": "config assimilate-conf"} v 0) -- 0x7fac6c19f310 con 0x7fac6c107cf0
2024-04-25T01:15:09.800 INFO:teuthology.orchestra.run.smithi027.stdout:/usr/bin/ceph: stderr
2024-04-25T01:15:09.255+0000 7fac68ff9700 1 -- 172.21.15.27:0/231796280 <== mon.0 v2:172.21.15.27:3300/0 7 ==== mon_command_ack([{"prefix": "config assimilate-conf"}]=0 v3) ==== 70+0+373 (secure 0 0 0) 0x7fac6c19f310 con 0x7fac6c107cf0
2024-04-25T01:15:09.800 INFO:teuthology.orchestra.run.smithi027.stdout:/usr/bin/ceph: stderr
2024-04-25T01:15:09.257+0000 7fac71f4a700 1 -- 172.21.15.27:0/231796280 >> [v2:172.21.15.27:6800/219526886,v1:172.21.15.27:6801/219526886] conn(0x7fac54038fb0 msgr2=0x7fac5403b470 secure :-1 s=STATE_CONNECTION_ESTABLISHED l=1).mark_down
2024-04-25T01:15:09.800 INFO:teuthology.orchestra.run.smithi027.stdout:/usr/bin/ceph: stderr
2024-04-25T01:15:09.257+0000 7fac71f4a700 1 --2- 172.21.15.27:0/231796280 >> [v2:172.21.15.27:6800/219526886,v1:172.21.15.27:6801/219526886] conn(0x7fac54038fb0 0x7fac5403b470 secure :-1 s=READY pgs=7 cs=0 l=1 rev1=1 crypto rx=0x7fac60006fd0 tx=0x7fac60006e40 comp rx=0 tx=0).stop
2024-04-25T01:15:09.800 INFO:teuthology.orchestra.run.smithi027.stdout:/usr/bin/ceph: stderr
2024-04-25T01:15:09.257+0000 7fac71f4a700 1 -- 172.21.15.27:0/231796280 >> [v2:172.21.15.27:3300/0,v1:172.21.15.27:6789/0] conn(0x7fac6c107cf0 msgr2=0x7fac6c19bc80 secure :-1 s=STATE_CONNECTION_ESTABLISHED l=1).mark_down
2024-04-25T01:15:09.800 INFO:teuthology.orchestra.run.smithi027.stdout:/usr/bin/ceph: stderr
2024-04-25T01:15:09.257+0000 7fac71f4a700 1 --2- 172.21.15.27:0/231796280 >> [v2:172.21.15.27:3300/0,v1:172.21.15.27:6789/0] conn(0x7fac6c107cf0 0x7fac6c19bc80 secure :-1 s=READY pgs=21 cs=0 l=1 rev1=1 crypto rx=0x7fac5c011670 tx=0x7fac5c011b60 comp rx=0 tx=0).stop
2024-04-25T01:15:09.800 INFO:teuthology.orchestra.run.smithi027.stdout:/usr/bin/ceph: stderr
2024-04-25T01:15:09.257+0000 7fac71f4a700 1 -- 172.21.15.27:0/231796280 shutdown_connections
2024-04-25T01:15:09.800 INFO:teuthology.orchestra.run.smithi027.stdout:/usr/bin/ceph: stderr
2024-04-25T01:15:09.257+0000 7fac71f4a700 1 --2- 172.21.15.27:0/231796280 >> [v2:172.21.15.27:6800/219526886,v1:172.21.15.27:6801/219526886] conn(0x7fac54038fb0 0x7fac5403b470 unknown :-1 s=CLOSED pgs=7 cs=0 l=1 rev1=1 crypto rx=0 tx=0 comp rx=0 tx=0).stop
2024-04-25T01:15:09.800 INFO:teuthology.orchestra.run.smithi027.stdout:/usr/bin/ceph: stderr
2024-04-25T01:15:09.257+0000 7fac71f4a700 1 --2- 172.21.15.27:0/231796280 >> [v2:172.21.15.27:3300/0,v1:172.21.15.27:6789/0] conn(0x7fac6c107cf0 0x7fac6c19bc80 unknown :-1 s=CLOSED pgs=21 cs=0 l=1 rev1=1 crypto rx=0 tx=0 comp rx=0 tx=0).stop
2024-04-25T01:15:09.800 INFO:teuthology.orchestra.run.smithi027.stdout:/usr/bin/ceph: stderr
2024-04-25T01:15:09.257+0000 7fac71f4a700 1 -- 172.21.15.27:0/231796280 >> 172.21.15.27:0/231796280 conn(0x7fac6c1032d0 msgr2=0x7fac6c103de0 unknown :-1 s=STATE_NONE l=0).mark_down
2024-04-25T01:15:09.800 INFO:teuthology.orchestra.run.smithi027.stdout:/usr/bin/ceph: stderr
2024-04-25T01:15:09.257+0000 7fac71f4a700 1 -- 172.21.15.27:0/231796280 shutdown_connections
2024-04-25T01:15:09.800 INFO:teuthology.orchestra.run.smithi027.stdout:/usr/bin/ceph: stderr
2024-04-25T01:15:09.257+0000 7fac71f4a700 1 -- 172.21.15.27:0/231796280 wait complete.
2024-04-25T01:15:09.800 INFO:teuthology.orchestra.run.smithi027.stdout:Enabling cephadm module...
2024-04-25T01:15:10.200 INFO:journalctl@ceph.mon.a.smithi027.stdout:Apr 25 01:15:09 smithi027 ceph-mon[29197]: from='client.? 172.21.15.27:0/231796280' entity='client.admin' cmd=[{"prefix": "config assimilate-conf"}]: dispatch
2024-04-25T01:15:11.201 INFO:journalctl@ceph.mon.a.smithi027.stdout:Apr 25 01:15:10 smithi027 ceph-mon[29197]: from='client.? 172.21.15.27:0/284950586' entity='client.admin' cmd=[{"prefix": "mgr module enable", "module": "cephadm"}]: dispatch
2024-04-25T01:15:11.201 INFO:journalctl@ceph.mgr.x.smithi027.stdout:Apr 25 01:15:11 smithi027 ceph-1469ec2e-02a1-11ef-bc93-c7b262605968-mgr-x[29427]: ignoring --setuser ceph since I am not root
2024-04-25T01:15:11.201 INFO:journalctl@ceph.mgr.x.smithi027.stdout:Apr 25 01:15:11 smithi027 ceph-1469ec2e-02a1-11ef-bc93-c7b262605968-mgr-x[29427]: ignoring --setgroup ceph since I am not root
2024-04-25T01:15:11.201 INFO:journalctl@ceph.mgr.x.smithi027.stdout:Apr 25 01:15:11 smithi027 ceph-1469ec2e-02a1-11ef-bc93-c7b262605968-mgr-x[29427]:
2024-04-25T01:15:11.136+0000 7f03a57f7200 -1 mgr[py] Module balancer has missing NOTIFY_TYPES member
2024-04-25T01:15:11.533 INFO:teuthology.orchestra.run.smithi027.stdout:/usr/bin/ceph: stderr
2024-04-25T01:15:10.277+0000 7f1628a50700 1 Processor -- start
2024-04-25T01:15:11.533 INFO:teuthology.orchestra.run.smithi027.stdout:/usr/bin/ceph: stderr
2024-04-25T01:15:10.277+0000 7f1628a50700 1 -- start start
2024-04-25T01:15:11.533 INFO:teuthology.orchestra.run.smithi027.stdout:/usr/bin/ceph: stderr
2024-04-25T01:15:10.277+0000 7f1628a50700 1 --2- >> [v2:172.21.15.27:3300/0,v1:172.21.15.27:6789/0] conn(0x7f1624108800 0x7f162410abf0 unknown :-1 s=NONE pgs=0 cs=0 l=0 rev1=0 crypto rx=0 tx=0 comp rx=0 tx=0).connect
2024-04-25T01:15:11.533 INFO:teuthology.orchestra.run.smithi027.stdout:/usr/bin/ceph: stderr
2024-04-25T01:15:10.277+0000 7f1628a50700 1 -- --> [v2:172.21.15.27:3300/0,v1:172.21.15.27:6789/0] -- mon_getmap magic: 0 -- 0x7f162407bdd0 con 0x7f1624108800
2024-04-25T01:15:11.534 INFO:teuthology.orchestra.run.smithi027.stdout:/usr/bin/ceph: stderr
2024-04-25T01:15:10.277+0000 7f162259c700 1 --2- >> [v2:172.21.15.27:3300/0,v1:172.21.15.27:6789/0] conn(0x7f1624108800 0x7f162410abf0 unknown :-1 s=BANNER_CONNECTING pgs=0 cs=0 l=0 rev1=0 crypto rx=0 tx=0 comp rx=0 tx=0)._handle_peer_banner_payload supported=3 required=0
2024-04-25T01:15:11.534 INFO:teuthology.orchestra.run.smithi027.stdout:/usr/bin/ceph: stderr
2024-04-25T01:15:10.277+0000 7f162259c700 1 --2- >> [v2:172.21.15.27:3300/0,v1:172.21.15.27:6789/0] conn(0x7f1624108800 0x7f162410abf0 unknown :-1 s=HELLO_CONNECTING pgs=0 cs=0 l=0 rev1=1 crypto rx=0 tx=0 comp rx=0 tx=0).handle_hello peer v2:172.21.15.27:3300/0 says I am v2:172.21.15.27:44458/0 (socket says 172.21.15.27:44458)
2024-04-25T01:15:11.534 INFO:teuthology.orchestra.run.smithi027.stdout:/usr/bin/ceph: stderr
2024-04-25T01:15:10.277+0000 7f162259c700 1 -- 172.21.15.27:0/1417581031 learned_addr learned my addr 172.21.15.27:0/1417581031 (peer_addr_for_me v2:172.21.15.27:0/0)
2024-04-25T01:15:11.534 INFO:teuthology.orchestra.run.smithi027.stdout:/usr/bin/ceph: stderr
2024-04-25T01:15:10.278+0000 7f162259c700 1 -- 172.21.15.27:0/1417581031 --> [v2:172.21.15.27:3300/0,v1:172.21.15.27:6789/0] -- mon_subscribe({config=0+,monmap=0+}) -- 0x7f162410b130 con 0x7f1624108800
2024-04-25T01:15:11.534 INFO:teuthology.orchestra.run.smithi027.stdout:/usr/bin/ceph: stderr
