2024-04-25T01:15:13.246+0000 7f7f9be81700 1 -- 172.21.15.27:0/1513350435 --> [v2:172.21.15.27:3300/0,v1:172.21.15.27:6789/0] -- mon_subscribe({osdmap=0}) -- 0x7f7f94106ce0 con 0x7f7f941087f0
2024-04-25T01:15:19.694 INFO:teuthology.orchestra.run.smithi027.stdout:/usr/bin/ceph: stderr
2024-04-25T01:15:13.247+0000 7f7f8affd700 1 -- 172.21.15.27:0/1513350435 <== mon.0 v2:172.21.15.27:3300/0 4 ==== mgrmap(e 5) ==== 46287+0+0 (secure 0 0 0) 0x7f7f90022020 con 0x7f7f941087f0
2024-04-25T01:15:19.694 INFO:teuthology.orchestra.run.smithi027.stdout:/usr/bin/ceph: stderr
2024-04-25T01:15:13.247+0000 7f7f8affd700 1 --2- 172.21.15.27:0/1513350435 >> [v2:172.21.15.27:6800/219526886,v1:172.21.15.27:6801/219526886] conn(0x7f7f80039050 0x7f7f8003b510 unknown :-1 s=NONE pgs=0 cs=0 l=1 rev1=0 crypto rx=0 tx=0 comp rx=0 tx=0).connect
2024-04-25T01:15:19.694 INFO:teuthology.orchestra.run.smithi027.stdout:/usr/bin/ceph: stderr
2024-04-25T01:15:13.247+0000 7f7f9be81700 1 -- 172.21.15.27:0/1513350435 --> [v2:172.21.15.27:6800/219526886,v1:172.21.15.27:6801/219526886] -- command(tid 0: {"prefix": "get_command_descriptions"}) -- 0x7f7f94063890 con 0x7f7f80039050
2024-04-25T01:15:19.694 INFO:teuthology.orchestra.run.smithi027.stdout:/usr/bin/ceph: stderr
2024-04-25T01:15:13.247+0000 7f7f8affd700 1 -- 172.21.15.27:0/1513350435 <== mon.0 v2:172.21.15.27:3300/0 5 ==== osd_map(1..1 src has 1..1) ==== 725+0+0 (secure 0 0 0) 0x7f7f90011e00 con 0x7f7f941087f0
2024-04-25T01:15:19.694 INFO:teuthology.orchestra.run.smithi027.stdout:/usr/bin/ceph: stderr
2024-04-25T01:15:13.247+0000 7f7f9941c700 1 -- 172.21.15.27:0/1513350435 >> [v2:172.21.15.27:6800/219526886,v1:172.21.15.27:6801/219526886] conn(0x7f7f80039050 msgr2=0x7f7f8003b510 unknown :-1 s=STATE_CONNECTING_RE l=1).process reconnect failed to v2:172.21.15.27:6800/219526886
2024-04-25T01:15:19.695 INFO:teuthology.orchestra.run.smithi027.stdout:/usr/bin/ceph: stderr
2024-04-25T01:15:13.247+0000 7f7f9941c700 1 --2- 172.21.15.27:0/1513350435 >> [v2:172.21.15.27:6800/219526886,v1:172.21.15.27:6801/219526886] conn(0x7f7f80039050 0x7f7f8003b510 unknown :-1 s=START_CONNECT pgs=0 cs=0 l=1 rev1=0 crypto rx=0 tx=0 comp rx=0 tx=0)._fault waiting 0.200000
2024-04-25T01:15:19.695 INFO:teuthology.orchestra.run.smithi027.stdout:/usr/bin/ceph: stderr
2024-04-25T01:15:13.448+0000 7f7f9941c700 1 -- 172.21.15.27:0/1513350435 >> [v2:172.21.15.27:6800/219526886,v1:172.21.15.27:6801/219526886] conn(0x7f7f80039050 msgr2=0x7f7f8003b510 unknown :-1 s=STATE_CONNECTING_RE l=1).process reconnect failed to v2:172.21.15.27:6800/219526886
2024-04-25T01:15:19.695 INFO:teuthology.orchestra.run.smithi027.stdout:/usr/bin/ceph: stderr
2024-04-25T01:15:13.448+0000 7f7f9941c700 1 --2- 172.21.15.27:0/1513350435 >> [v2:172.21.15.27:6800/219526886,v1:172.21.15.27:6801/219526886] conn(0x7f7f80039050 0x7f7f8003b510 unknown :-1 s=START_CONNECT pgs=0 cs=0 l=1 rev1=0 crypto rx=0 tx=0 comp rx=0 tx=0)._fault waiting 0.400000
2024-04-25T01:15:19.695 INFO:teuthology.orchestra.run.smithi027.stdout:/usr/bin/ceph: stderr
2024-04-25T01:15:13.849+0000 7f7f9941c700 1 -- 172.21.15.27:0/1513350435 >> [v2:172.21.15.27:6800/219526886,v1:172.21.15.27:6801/219526886] conn(0x7f7f80039050 msgr2=0x7f7f8003b510 unknown :-1 s=STATE_CONNECTING_RE l=1).process reconnect failed to v2:172.21.15.27:6800/219526886
2024-04-25T01:15:19.695 INFO:teuthology.orchestra.run.smithi027.stdout:/usr/bin/ceph: stderr
2024-04-25T01:15:13.849+0000 7f7f9941c700 1 --2- 172.21.15.27:0/1513350435 >> [v2:172.21.15.27:6800/219526886,v1:172.21.15.27:6801/219526886] conn(0x7f7f80039050 0x7f7f8003b510 unknown :-1 s=START_CONNECT pgs=0 cs=0 l=1 rev1=0 crypto rx=0 tx=0 comp rx=0 tx=0)._fault waiting 0.800000
2024-04-25T01:15:19.695 INFO:teuthology.orchestra.run.smithi027.stdout:/usr/bin/ceph: stderr
2024-04-25T01:15:14.650+0000 7f7f9941c700 1 -- 172.21.15.27:0/1513350435 >> [v2:172.21.15.27:6800/219526886,v1:172.21.15.27:6801/219526886] conn(0x7f7f80039050 msgr2=0x7f7f8003b510 unknown :-1 s=STATE_CONNECTING_RE l=1).process reconnect failed to v2:172.21.15.27:6800/219526886
2024-04-25T01:15:19.695 INFO:teuthology.orchestra.run.smithi027.stdout:/usr/bin/ceph: stderr
2024-04-25T01:15:14.650+0000 7f7f9941c700 1 --2- 172.21.15.27:0/1513350435 >> [v2:172.21.15.27:6800/219526886,v1:172.21.15.27:6801/219526886] conn(0x7f7f80039050 0x7f7f8003b510 unknown :-1 s=START_CONNECT pgs=0 cs=0 l=1 rev1=0 crypto rx=0 tx=0 comp rx=0 tx=0)._fault waiting 1.600000
2024-04-25T01:15:19.695 INFO:teuthology.orchestra.run.smithi027.stdout:/usr/bin/ceph: stderr
2024-04-25T01:15:16.252+0000 7f7f9941c700 1 -- 172.21.15.27:0/1513350435 >> [v2:172.21.15.27:6800/219526886,v1:172.21.15.27:6801/219526886] conn(0x7f7f80039050 msgr2=0x7f7f8003b510 unknown :-1 s=STATE_CONNECTING_RE l=1).process reconnect failed to v2:172.21.15.27:6800/219526886
2024-04-25T01:15:19.695 INFO:teuthology.orchestra.run.smithi027.stdout:/usr/bin/ceph: stderr
2024-04-25T01:15:16.252+0000 7f7f9941c700 1 --2- 172.21.15.27:0/1513350435 >> [v2:172.21.15.27:6800/219526886,v1:172.21.15.27:6801/219526886] conn(0x7f7f80039050 0x7f7f8003b510 unknown :-1 s=START_CONNECT pgs=0 cs=0 l=1 rev1=0 crypto rx=0 tx=0 comp rx=0 tx=0)._fault waiting 3.200000
2024-04-25T01:15:19.695 INFO:teuthology.orchestra.run.smithi027.stdout:/usr/bin/ceph: stderr
2024-04-25T01:15:18.104+0000 7f7f8affd700 1 -- 172.21.15.27:0/1513350435 <== mon.0 v2:172.21.15.27:3300/0 6 ==== mgrmap(e 6) ==== 46054+0+0 (secure 0 0 0) 0x7f7f9002d910 con 0x7f7f941087f0
2024-04-25T01:15:19.695 INFO:teuthology.orchestra.run.smithi027.stdout:/usr/bin/ceph: stderr
2024-04-25T01:15:18.104+0000 7f7f8affd700 1 -- 172.21.15.27:0/1513350435 >> [v2:172.21.15.27:6800/219526886,v1:172.21.15.27:6801/219526886] conn(0x7f7f80039050 msgr2=0x7f7f8003b510 unknown :-1 s=STATE_CONNECTING l=1).mark_down
2024-04-25T01:15:19.695 INFO:teuthology.orchestra.run.smithi027.stdout:/usr/bin/ceph: stderr
2024-04-25T01:15:18.104+0000 7f7f8affd700 1 --2- 172.21.15.27:0/1513350435 >> [v2:172.21.15.27:6800/219526886,v1:172.21.15.27:6801/219526886] conn(0x7f7f80039050 0x7f7f8003b510 unknown :-1 s=START_CONNECT pgs=0 cs=0 l=1 rev1=0 crypto rx=0 tx=0 comp rx=0 tx=0).stop
2024-04-25T01:15:19.695 INFO:teuthology.orchestra.run.smithi027.stdout:/usr/bin/ceph: stderr
2024-04-25T01:15:19.105+0000 7f7f8affd700 1 -- 172.21.15.27:0/1513350435 <== mon.0 v2:172.21.15.27:3300/0 7 ==== mgrmap(e 7) ==== 46181+0+0 (secure 0 0 0) 0x7f7f9004eb00 con 0x7f7f941087f0
2024-04-25T01:15:19.696 INFO:teuthology.orchestra.run.smithi027.stdout:/usr/bin/ceph: stderr
2024-04-25T01:15:19.105+0000 7f7f8affd700 1 --2- 172.21.15.27:0/1513350435 >> [v2:172.21.15.27:6800/3353153293,v1:172.21.15.27:6801/3353153293] conn(0x7f7f8003c790 0x7f7f8003eb80 unknown :-1 s=NONE pgs=0 cs=0 l=1 rev1=0 crypto rx=0 tx=0 comp rx=0 tx=0).connect
2024-04-25T01:15:19.696 INFO:teuthology.orchestra.run.smithi027.stdout:/usr/bin/ceph: stderr
2024-04-25T01:15:19.105+0000 7f7f8affd700 1 -- 172.21.15.27:0/1513350435 --> [v2:172.21.15.27:6800/3353153293,v1:172.21.15.27:6801/3353153293] -- command(tid 0: {"prefix": "get_command_descriptions"}) -- 0x7f7f94063890 con 0x7f7f8003c790
2024-04-25T01:15:19.696 INFO:teuthology.orchestra.run.smithi027.stdout:/usr/bin/ceph: stderr
2024-04-25T01:15:19.106+0000 7f7f9941c700 1 --2- 172.21.15.27:0/1513350435 >> [v2:172.21.15.27:6800/3353153293,v1:172.21.15.27:6801/3353153293] conn(0x7f7f8003c790 0x7f7f8003eb80 unknown :-1 s=BANNER_CONNECTING pgs=0 cs=0 l=1 rev1=0 crypto rx=0 tx=0 comp rx=0 tx=0)._handle_peer_banner_payload supported=3 required=0
2024-04-25T01:15:19.696 INFO:teuthology.orchestra.run.smithi027.stdout:/usr/bin/ceph: stderr
2024-04-25T01:15:19.106+0000 7f7f9941c700 1 --2- 172.21.15.27:0/1513350435 >> [v2:172.21.15.27:6800/3353153293,v1:172.21.15.27:6801/3353153293] conn(0x7f7f8003c790 0x7f7f8003eb80 secure :-1 s=READY pgs=1 cs=0 l=1 rev1=1 crypto rx=0x7f7f84003a10 tx=0x7f7f84009290 comp rx=0 tx=0).ready entity=mgr.14120 client_cookie=0 server_cookie=0 in_seq=0 out_seq=0
2024-04-25T01:15:19.696 INFO:teuthology.orchestra.run.smithi027.stdout:/usr/bin/ceph: stderr
2024-04-25T01:15:19.107+0000 7f7f8affd700 1 -- 172.21.15.27:0/1513350435 <== mgr.14120 v2:172.21.15.27:6800/3353153293 1 ==== command_reply(tid 0: 0 ) ==== 8+0+7774 (secure 0 0 0) 0x7f7f94063890 con 0x7f7f8003c790
2024-04-25T01:15:19.696 INFO:teuthology.orchestra.run.smithi027.stdout:/usr/bin/ceph: stderr
2024-04-25T01:15:19.113+0000 7f7f9be81700 1 -- 172.21.15.27:0/1513350435 --> [v2:172.21.15.27:6800/3353153293,v1:172.21.15.27:6801/3353153293] -- command(tid 1: {"prefix": "mgr_status"}) -- 0x7f7f94103410 con 0x7f7f8003c790
2024-04-25T01:15:19.696 INFO:teuthology.orchestra.run.smithi027.stdout:/usr/bin/ceph: stderr
2024-04-25T01:15:19.114+0000 7f7f8affd700 1 -- 172.21.15.27:0/1513350435 <== mgr.14120 v2:172.21.15.27:6800/3353153293 2 ==== command_reply(tid 1: 0 ) ==== 8+0+51 (secure 0 0 0) 0x7f7f94103410 con 0x7f7f8003c790
2024-04-25T01:15:19.696 INFO:teuthology.orchestra.run.smithi027.stdout:/usr/bin/ceph: stderr
2024-04-25T01:15:19.114+0000 7f7f9be81700 1 -- 172.21.15.27:0/1513350435 >> [v2:172.21.15.27:6800/3353153293,v1:172.21.15.27:6801/3353153293] conn(0x7f7f8003c790 msgr2=0x7f7f8003eb80 secure :-1 s=STATE_CONNECTION_ESTABLISHED l=1).mark_down
2024-04-25T01:15:19.696 INFO:teuthology.orchestra.run.smithi027.stdout:/usr/bin/ceph: stderr
2024-04-25T01:15:19.114+0000 7f7f9be81700 1 --2- 172.21.15.27:0/1513350435 >> [v2:172.21.15.27:6800/3353153293,v1:172.21.15.27:6801/3353153293] conn(0x7f7f8003c790 0x7f7f8003eb80 secure :-1 s=READY pgs=1 cs=0 l=1 rev1=1 crypto rx=0x7f7f84003a10 tx=0x7f7f84009290 comp rx=0 tx=0).stop
2024-04-25T01:15:19.696 INFO:teuthology.orchestra.run.smithi027.stdout:/usr/bin/ceph: stderr
2024-04-25T01:15:19.114+0000 7f7f9be81700 1 -- 172.21.15.27:0/1513350435 >> [v2:172.21.15.27:3300/0,v1:172.21.15.27:6789/0] conn(0x7f7f941087f0 msgr2=0x7f7f94108070 secure :-1 s=STATE_CONNECTION_ESTABLISHED l=1).mark_down
2024-04-25T01:15:19.696 INFO:teuthology.orchestra.run.smithi027.stdout:/usr/bin/ceph: stderr
2024-04-25T01:15:19.114+0000 7f7f9be81700 1 --2- 172.21.15.27:0/1513350435 >> [v2:172.21.15.27:3300/0,v1:172.21.15.27:6789/0] conn(0x7f7f941087f0 0x7f7f94108070 secure :-1 s=READY pgs=29 cs=0 l=1 rev1=1 crypto rx=0x7f7f90011b60 tx=0x7f7f90011c40 comp rx=0 tx=0).stop
2024-04-25T01:15:19.697 INFO:teuthology.orchestra.run.smithi027.stdout:/usr/bin/ceph: stderr
2024-04-25T01:15:19.114+0000 7f7f9be81700 1 -- 172.21.15.27:0/1513350435 shutdown_connections
2024-04-25T01:15:19.697 INFO:teuthology.orchestra.run.smithi027.stdout:/usr/bin/ceph: stderr
2024-04-25T01:15:19.114+0000 7f7f9be81700 1 --2- 172.21.15.27:0/1513350435 >> [v2:172.21.15.27:6800/3353153293,v1:172.21.15.27:6801/3353153293] conn(0x7f7f8003c790 0x7f7f8003eb80 unknown :-1 s=CLOSED pgs=1 cs=0 l=1 rev1=1 crypto rx=0 tx=0 comp rx=0 tx=0).stop
2024-04-25T01:15:19.697 INFO:teuthology.orchestra.run.smithi027.stdout:/usr/bin/ceph: stderr
2024-04-25T01:15:19.114+0000 7f7f9be81700 1 --2- 172.21.15.27:0/1513350435 >> [v2:172.21.15.27:3300/0,v1:172.21.15.27:6789/0] conn(0x7f7f941087f0 0x7f7f94108070 unknown :-1 s=CLOSED pgs=29 cs=0 l=1 rev1=1 crypto rx=0 tx=0 comp rx=0 tx=0).stop
2024-04-25T01:15:19.697 INFO:teuthology.orchestra.run.smithi027.stdout:/usr/bin/ceph: stderr
2024-04-25T01:15:19.114+0000 7f7f9be81700 1 --2- 172.21.15.27:0/1513350435 >> [v2:172.21.15.27:6800/219526886,v1:172.21.15.27:6801/219526886] conn(0x7f7f80039050 0x7f7f8003b510 unknown :-1 s=CLOSED pgs=0 cs=0 l=1 rev1=0 crypto rx=0 tx=0 comp rx=0 tx=0).stop
2024-04-25T01:15:19.697 INFO:teuthology.orchestra.run.smithi027.stdout:/usr/bin/ceph: stderr
2024-04-25T01:15:19.114+0000 7f7f9be81700 1 -- 172.21.15.27:0/1513350435 >> 172.21.15.27:0/1513350435 conn(0x7f7f941021c0 msgr2=0x7f7f94102d00 unknown :-1 s=STATE_NONE l=0).mark_down
2024-04-25T01:15:19.697 INFO:teuthology.orchestra.run.smithi027.stdout:/usr/bin/ceph: stderr
2024-04-25T01:15:19.114+0000 7f7f9be81700 1 -- 172.21.15.27:0/1513350435 shutdown_connections
2024-04-25T01:15:19.697 INFO:teuthology.orchestra.run.smithi027.stdout:/usr/bin/ceph: stderr
2024-04-25T01:15:19.114+0000 7f7f9be81700 1 -- 172.21.15.27:0/1513350435 wait complete.
2024-04-25T01:15:19.697 INFO:teuthology.orchestra.run.smithi027.stdout:mgr epoch 5 is available
2024-04-25T01:15:19.697 INFO:teuthology.orchestra.run.smithi027.stdout:Setting orchestrator backend to cephadm...
2024-04-25T01:15:20.338 INFO:journalctl@ceph.mon.a.smithi027.stdout:Apr 25 01:15:20 smithi027 ceph-mon[29197]: from='client.14124 -' entity='client.admin' cmd=[{"prefix": "get_command_descriptions"}]: dispatch
2024-04-25T01:15:20.339 INFO:journalctl@ceph.mon.a.smithi027.stdout:Apr 25 01:15:20 smithi027 ceph-mon[29197]: from='client.14124 -' entity='client.admin' cmd=[{"prefix": "mgr_status"}]: dispatch
2024-04-25T01:15:20.339 INFO:journalctl@ceph.mon.a.smithi027.stdout:Apr 25 01:15:20 smithi027 ceph-mon[29197]: from='mgr.14120 172.21.15.27:0/3733905356' entity='mgr.x'
2024-04-25T01:15:20.339 INFO:journalctl@ceph.mon.a.smithi027.stdout:Apr 25 01:15:20 smithi027 ceph-mon[29197]: from='mgr.14120 172.21.15.27:0/3733905356' entity='mgr.x'
2024-04-25T01:15:20.339 INFO:journalctl@ceph.mon.a.smithi027.stdout:Apr 25 01:15:20 smithi027 ceph-mon[29197]: [25/Apr/2024:01:15:19] ENGINE Bus STARTING
2024-04-25T01:15:20.339 INFO:journalctl@ceph.mon.a.smithi027.stdout:Apr 25 01:15:20 smithi027 ceph-mon[29197]: [25/Apr/2024:01:15:19] ENGINE Serving on https://172.21.15.27:7150
2024-04-25T01:15:20.339 INFO:journalctl@ceph.mon.a.smithi027.stdout:Apr 25 01:15:20 smithi027 ceph-mon[29197]: from='mgr.14120 172.21.15.27:0/3733905356' entity='mgr.x' cmd=[{"prefix": "config dump", "format": "json"}]: dispatch
2024-04-25T01:15:20.939 INFO:teuthology.orchestra.run.smithi027.stdout:/usr/bin/ceph: stderr
2024-04-25T01:15:20.118+0000 7f9bd4b36700 1 Processor -- start
2024-04-25T01:15:20.947 INFO:teuthology.orchestra.run.smithi027.stdout:/usr/bin/ceph: stderr
2024-04-25T01:15:20.118+0000 7f9bd4b36700 1 -- start start
2024-04-25T01:15:20.948 INFO:teuthology.orchestra.run.smithi027.stdout:/usr/bin/ceph: stderr
2024-04-25T01:15:20.118+0000 7f9bd4b36700 1 --2- >> [v2:172.21.15.27:3300/0,v1:172.21.15.27:6789/0] conn(0x7f9bd007de40 0x7f9bd007c2a0 unknown :-1 s=NONE pgs=0 cs=0 l=0 rev1=0 crypto rx=0 tx=0 comp rx=0 tx=0).connect
2024-04-25T01:15:20.948 INFO:teuthology.orchestra.run.smithi027.stdout:/usr/bin/ceph: stderr
2024-04-25T01:15:20.118+0000 7f9bd4b36700 1 -- --> [v2:172.21.15.27:3300/0,v1:172.21.15.27:6789/0] -- mon_getmap magic: 0 -- 0x7f9bd007c870 con 0x7f9bd007de40
2024-04-25T01:15:20.948 INFO:teuthology.orchestra.run.smithi027.stdout:/usr/bin/ceph: stderr
2024-04-25T01:15:20.118+0000 7f9bce59c700 1 --2- >> [v2:172.21.15.27:3300/0,v1:172.21.15.27:6789/0] conn(0x7f9bd007de40 0x7f9bd007c2a0 unknown :-1 s=BANNER_CONNECTING pgs=0 cs=0 l=0 rev1=0 crypto rx=0 tx=0 comp rx=0 tx=0)._handle_peer_banner_payload supported=3 required=0
2024-04-25T01:15:20.949 INFO:teuthology.orchestra.run.smithi027.stdout:/usr/bin/ceph: stderr
2024-04-25T01:15:20.118+0000 7f9bce59c700 1 --2- >> [v2:172.21.15.27:3300/0,v1:172.21.15.27:6789/0] conn(0x7f9bd007de40 0x7f9bd007c2a0 unknown :-1 s=HELLO_CONNECTING pgs=0 cs=0 l=0 rev1=1 crypto rx=0 tx=0 comp rx=0 tx=0).handle_hello peer v2:172.21.15.27:3300/0 says I am v2:172.21.15.27:50362/0 (socket says 172.21.15.27:50362)
2024-04-25T01:15:20.949 INFO:teuthology.orchestra.run.smithi027.stdout:/usr/bin/ceph: stderr
2024-04-25T01:15:20.118+0000 7f9bce59c700 1 -- 172.21.15.27:0/324340482 learned_addr learned my addr 172.21.15.27:0/324340482 (peer_addr_for_me v2:172.21.15.27:0/0)
2024-04-25T01:15:20.949 INFO:teuthology.orchestra.run.smithi027.stdout:/usr/bin/ceph: stderr
2024-04-25T01:15:20.118+0000 7f9bce59c700 1 -- 172.21.15.27:0/324340482 --> [v2:172.21.15.27:3300/0,v1:172.21.15.27:6789/0] -- mon_subscribe({config=0+,monmap=0+}) -- 0x7f9bd007c9f0 con 0x7f9bd007de40
2024-04-25T01:15:20.949 INFO:teuthology.orchestra.run.smithi027.stdout:/usr/bin/ceph: stderr
2024-04-25T01:15:20.119+0000 7f9bce59c700 1 --2- 172.21.15.27:0/324340482 >> [v2:172.21.15.27:3300/0,v1:172.21.15.27:6789/0] conn(0x7f9bd007de40 0x7f9bd007c2a0 secure :-1 s=READY pgs=37 cs=0 l=1 rev1=1 crypto rx=0x7f9bc0009e80 tx=0x7f9bc000b330 comp rx=0 tx=0).ready entity=mon.0 client_cookie=47beb83b5568c23e server_cookie=0 in_seq=0 out_seq=0
2024-04-25T01:15:20.949 INFO:teuthology.orchestra.run.smithi027.stdout:/usr/bin/ceph: stderr
2024-04-25T01:15:20.119+0000 7f9bcd59a700 1 -- 172.21.15.27:0/324340482 <== mon.0 v2:172.21.15.27:3300/0 1 ==== mon_map magic: 0 ==== 205+0+0 (secure 0 0 0) 0x7f9bc0017070 con 0x7f9bd007de40
2024-04-25T01:15:20.949 INFO:teuthology.orchestra.run.smithi027.stdout:/usr/bin/ceph: stderr
2024-04-25T01:15:20.119+0000 7f9bcd59a700 1 -- 172.21.15.27:0/324340482 <== mon.0 v2:172.21.15.27:3300/0 2 ==== config(27 keys) ==== 1109+0+0 (secure 0 0 0) 0x7f9bc000b8c0 con 0x7f9bd007de40
2024-04-25T01:15:20.949 INFO:teuthology.orchestra.run.smithi027.stdout:/usr/bin/ceph: stderr
2024-04-25T01:15:20.119+0000 7f9bcd59a700 1 -- 172.21.15.27:0/324340482 <== mon.0 v2:172.21.15.27:3300/0 3 ==== mon_map magic: 0 ==== 205+0+0 (secure 0 0 0) 0x7f9bc00045c0 con 0x7f9bd007de40
2024-04-25T01:15:20.950 INFO:teuthology.orchestra.run.smithi027.stdout:/usr/bin/ceph: stderr
2024-04-25T01:15:20.119+0000 7f9bd4b36700 1 -- 172.21.15.27:0/324340482 >> [v2:172.21.15.27:3300/0,v1:172.21.15.27:6789/0] conn(0x7f9bd007de40 msgr2=0x7f9bd007c2a0 secure :-1 s=STATE_CONNECTION_ESTABLISHED l=1).mark_down
2024-04-25T01:15:20.950 INFO:teuthology.orchestra.run.smithi027.stdout:/usr/bin/ceph: stderr
2024-04-25T01:15:20.119+0000 7f9bd4b36700 1 --2- 172.21.15.27:0/324340482 >> [v2:172.21.15.27:3300/0,v1:172.21.15.27:6789/0] conn(0x7f9bd007de40 0x7f9bd007c2a0 secure :-1 s=READY pgs=37 cs=0 l=1 rev1=1 crypto rx=0x7f9bc0009e80 tx=0x7f9bc000b330 comp rx=0 tx=0).stop
2024-04-25T01:15:20.950 INFO:teuthology.orchestra.run.smithi027.stdout:/usr/bin/ceph: stderr
2024-04-25T01:15:20.119+0000 7f9bd4b36700 1 -- 172.21.15.27:0/324340482 shutdown_connections
2024-04-25T01:15:20.950 INFO:teuthology.orchestra.run.smithi027.stdout:/usr/bin/ceph: stderr
2024-04-25T01:15:20.119+0000 7f9bd4b36700 1 --2- 172.21.15.27:0/324340482 >> [v2:172.21.15.27:3300/0,v1:172.21.15.27:6789/0] conn(0x7f9bd007de40 0x7f9bd007c2a0 unknown :-1 s=CLOSED pgs=37 cs=0 l=1 rev1=1 crypto rx=0 tx=0 comp rx=0 tx=0).stop
2024-04-25T01:15:20.950 INFO:teuthology.orchestra.run.smithi027.stdout:/usr/bin/ceph: stderr
2024-04-25T01:15:20.119+0000 7f9bd4b36700 1 -- 172.21.15.27:0/324340482 >> 172.21.15.27:0/324340482 conn(0x7f9bd0103270 msgr2=0x7f9bd01056b0 unknown :-1 s=STATE_NONE l=0).mark_down
2024-04-25T01:15:20.950 INFO:teuthology.orchestra.run.smithi027.stdout:/usr/bin/ceph: stderr
2024-04-25T01:15:20.119+0000 7f9bd4b36700 1 -- 172.21.15.27:0/324340482 shutdown_connections
2024-04-25T01:15:20.950 INFO:teuthology.orchestra.run.smithi027.stdout:/usr/bin/ceph: stderr
2024-04-25T01:15:20.120+0000 7f9bd4b36700 1 -- 172.21.15.27:0/324340482 wait complete.
2024-04-25T01:15:20.950 INFO:teuthology.orchestra.run.smithi027.stdout:/usr/bin/ceph: stderr
2024-04-25T01:15:20.120+0000 7f9bd4b36700 1 Processor -- start
2024-04-25T01:15:20.950 INFO:teuthology.orchestra.run.smithi027.stdout:/usr/bin/ceph: stderr
2024-04-25T01:15:20.120+0000 7f9bd4b36700 1 -- start start
2024-04-25T01:15:20.950 INFO:teuthology.orchestra.run.smithi027.stdout:/usr/bin/ceph: stderr
2024-04-25T01:15:20.120+0000 7f9bd4b36700 1 --2- >> [v2:172.21.15.27:3300/0,v1:172.21.15.27:6789/0] conn(0x7f9bd007de40 0x7f9bd019dea0 unknown :-1 s=NONE pgs=0 cs=0 l=1 rev1=0 crypto rx=0 tx=0 comp rx=0 tx=0).connect
2024-04-25T01:15:20.951 INFO:teuthology.orchestra.run.smithi027.stdout:/usr/bin/ceph: stderr
2024-04-25T01:15:20.120+0000 7f9bd4b36700 1 -- --> [v2:172.21.15.27:3300/0,v1:172.21.15.27:6789/0] -- mon_getmap magic: 0 -- 0x7f9bd010e2e0 con 0x7f9bd007de40
2024-04-25T01:15:20.951 INFO:teuthology.orchestra.run.smithi027.stdout:/usr/bin/ceph: stderr
2024-04-25T01:15:20.121+0000 7f9bce59c700 1 --2- >> [v2:172.21.15.27:3300/0,v1:172.21.15.27:6789/0] conn(0x7f9bd007de40 0x7f9bd019dea0 unknown :-1 s=BANNER_CONNECTING pgs=0 cs=0 l=1 rev1=0 crypto rx=0 tx=0 comp rx=0 tx=0)._handle_peer_banner_payload supported=3 required=0
2024-04-25T01:15:20.951 INFO:teuthology.orchestra.run.smithi027.stdout:/usr/bin/ceph: stderr
2024-04-25T01:15:20.121+0000 7f9bce59c700 1 --2- >> [v2:172.21.15.27:3300/0,v1:172.21.15.27:6789/0] conn(0x7f9bd007de40 0x7f9bd019dea0 unknown :-1 s=HELLO_CONNECTING pgs=0 cs=0 l=1 rev1=1 crypto rx=0 tx=0 comp rx=0 tx=0).handle_hello peer v2:172.21.15.27:3300/0 says I am v2:172.21.15.27:50368/0 (socket says 172.21.15.27:50368)
2024-04-25T01:15:20.951 INFO:teuthology.orchestra.run.smithi027.stdout:/usr/bin/ceph: stderr
2024-04-25T01:15:20.121+0000 7f9bce59c700 1 -- 172.21.15.27:0/1914034423 learned_addr learned my addr 172.21.15.27:0/1914034423 (peer_addr_for_me v2:172.21.15.27:0/0)
2024-04-25T01:15:20.951 INFO:teuthology.orchestra.run.smithi027.stdout:/usr/bin/ceph: stderr
2024-04-25T01:15:20.121+0000 7f9bce59c700 1 -- 172.21.15.27:0/1914034423 --> [v2:172.21.15.27:3300/0,v1:172.21.15.27:6789/0] -- mon_subscribe({config=0+,monmap=0+}) -- 0x7f9bd019e3e0 con 0x7f9bd007de40
2024-04-25T01:15:20.951 INFO:teuthology.orchestra.run.smithi027.stdout:/usr/bin/ceph: stderr
2024-04-25T01:15:20.121+0000 7f9bce59c700 1 --2- 172.21.15.27:0/1914034423 >> [v2:172.21.15.27:3300/0,v1:172.21.15.27:6789/0] conn(0x7f9bd007de40 0x7f9bd019dea0 secure :-1 s=READY pgs=38 cs=0 l=1 rev1=1 crypto rx=0x7f9bc0009e50 tx=0x7f9bc000bd30 comp rx=0 tx=0).ready entity=mon.0 client_cookie=0 server_cookie=0 in_seq=0 out_seq=0
2024-04-25T01:15:20.951 INFO:teuthology.orchestra.run.smithi027.stdout:/usr/bin/ceph: stderr
2024-04-25T01:15:20.121+0000 7f9bc77fe700 1 -- 172.21.15.27:0/1914034423 <== mon.0 v2:172.21.15.27:3300/0 1 ==== mon_map magic: 0 ==== 205+0+0 (secure 0 0 0) 0x7f9bc0020020 con 0x7f9bd007de40
2024-04-25T01:15:20.952 INFO:teuthology.orchestra.run.smithi027.stdout:/usr/bin/ceph: stderr
2024-04-25T01:15:20.121+0000 7f9bd4b36700 1 -- 172.21.15.27:0/1914034423 --> [v2:172.21.15.27:3300/0,v1:172.21.15.27:6789/0] -- mon_subscribe({mgrmap=0+}) -- 0x7f9bd019e670 con 0x7f9bd007de40
2024-04-25T01:15:20.952 INFO:teuthology.orchestra.run.smithi027.stdout:/usr/bin/ceph: stderr
2024-04-25T01:15:20.121+0000 7f9bc77fe700 1 -- 172.21.15.27:0/1914034423 <== mon.0 v2:172.21.15.27:3300/0 2 ==== config(27 keys) ==== 1109+0+0 (secure 0 0 0) 0x7f9bc0003b50 con 0x7f9bd007de40
2024-04-25T01:15:20.952 INFO:teuthology.orchestra.run.smithi027.stdout:/usr/bin/ceph: stderr
2024-04-25T01:15:20.121+0000 7f9bc77fe700 1 -- 172.21.15.27:0/1914034423 <== mon.0 v2:172.21.15.27:3300/0 3 ==== mon_map magic: 0 ==== 205+0+0 (secure 0 0 0) 0x7f9bc0017040 con 0x7f9bd007de40
2024-04-25T01:15:20.952 INFO:teuthology.orchestra.run.smithi027.stdout:/usr/bin/ceph: stderr
2024-04-25T01:15:20.121+0000 7f9bd4b36700 1 -- 172.21.15.27:0/1914034423 --> [v2:172.21.15.27:3300/0,v1:172.21.15.27:6789/0] -- mon_subscribe({osdmap=0}) -- 0x7f9bd01a1360 con 0x7f9bd007de40
2024-04-25T01:15:20.952 INFO:teuthology.orchestra.run.smithi027.stdout:/usr/bin/ceph: stderr
2024-04-25T01:15:20.122+0000 7f9bc77fe700 1 -- 172.21.15.27:0/1914034423 <== mon.0 v2:172.21.15.27:3300/0 4 ==== mgrmap(e 7) ==== 46181+0+0 (secure 0 0 0) 0x7f9bc0023020 con 0x7f9bd007de40
2024-04-25T01:15:20.952 INFO:teuthology.orchestra.run.smithi027.stdout:/usr/bin/ceph: stderr
2024-04-25T01:15:20.122+0000 7f9bd4b36700 1 -- 172.21.15.27:0/1914034423 --> [v2:172.21.15.27:3300/0,v1:172.21.15.27:6789/0] -- mon_command({"prefix": "get_command_descriptions"} v 0) -- 0x7f9bd0063890 con 0x7f9bd007de40
2024-04-25T01:15:20.952 INFO:teuthology.orchestra.run.smithi027.stdout:/usr/bin/ceph: stderr
2024-04-25T01:15:20.122+0000 7f9bc77fe700 1 --2- 172.21.15.27:0/1914034423 >> [v2:172.21.15.27:6800/3353153293,v1:172.21.15.27:6801/3353153293] conn(0x7f9bbc038ed0 0x7f9bbc03b390 unknown :-1 s=NONE pgs=0 cs=0 l=1 rev1=0 crypto rx=0 tx=0 comp rx=0 tx=0).connect
2024-04-25T01:15:20.952 INFO:teuthology.orchestra.run.smithi027.stdout:/usr/bin/ceph: stderr
2024-04-25T01:15:20.122+0000 7f9bc77fe700 1 -- 172.21.15.27:0/1914034423 <== mon.0 v2:172.21.15.27:3300/0 5 ==== osd_map(2..2 src has 1..2) ==== 940+0+0 (secure 0 0 0) 0x7f9bc000f050 con 0x7f9bd007de40
2024-04-25T01:15:20.953 INFO:teuthology.orchestra.run.smithi027.stdout:/usr/bin/ceph: stderr
2024-04-25T01:15:20.122+0000 7f9bcdd9b700 1 --2- 172.21.15.27:0/1914034423 >> [v2:172.21.15.27:6800/3353153293,v1:172.21.15.27:6801/3353153293] conn(0x7f9bbc038ed0 0x7f9bbc03b390 unknown :-1 s=BANNER_CONNECTING pgs=0 cs=0 l=1 rev1=0 crypto rx=0 tx=0 comp rx=0 tx=0)._handle_peer_banner_payload supported=3 required=0
2024-04-25T01:15:20.953 INFO:teuthology.orchestra.run.smithi027.stdout:/usr/bin/ceph: stderr
2024-04-25T01:15:20.123+0000 7f9bcdd9b700 1 --2- 172.21.15.27:0/1914034423 >> [v2:172.21.15.27:6800/3353153293,v1:172.21.15.27:6801/3353153293] conn(0x7f9bbc038ed0 0x7f9bbc03b390 secure :-1 s=READY pgs=7 cs=0 l=1 rev1=1 crypto rx=0x7f9bb8006fd0 tx=0x7f9bb8006e40 comp rx=0 tx=0).ready entity=mgr.14120 client_cookie=0 server_cookie=0 in_seq=0 out_seq=0
2024-04-25T01:15:20.953 INFO:teuthology.orchestra.run.smithi027.stdout:/usr/bin/ceph: stderr
2024-04-25T01:15:20.128+0000 7f9bc77fe700 1 -- 172.21.15.27:0/1914034423 <== mon.0 v2:172.21.15.27:3300/0 6 ==== mon_command_ack([{"prefix": "get_command_descriptions"}]=0 v0) ==== 72+0+186147 (secure 0 0 0) 0x7f9bc002a020 con 0x7f9bd007de40
2024-04-25T01:15:20.953 INFO:teuthology.orchestra.run.smithi027.stdout:/usr/bin/ceph: stderr
2024-04-25T01:15:20.260+0000 7f9bc77fe700 1 -- 172.21.15.27:0/1914034423 <== mon.0 v2:172.21.15.27:3300/0 7 ==== mgrmap(e 8) ==== 46287+0+0 (secure 0 0 0) 0x7f9bc0025400 con 0x7f9bd007de40
2024-04-25T01:15:20.953 INFO:teuthology.orchestra.run.smithi027.stdout:/usr/bin/ceph: stderr
2024-04-25T01:15:20.353+0000 7f9bd4b36700 1 -- 172.21.15.27:0/1914034423 --> [v2:172.21.15.27:6800/3353153293,v1:172.21.15.27:6801/3353153293] -- mgr_command(tid 0: {"prefix": "orch set backend", "module_name": "cephadm", "target": ["mon-mgr", ""]}) -- 0x7f9bd01044e0 con 0x7f9bbc038ed0
2024-04-25T01:15:20.953 INFO:teuthology.orchestra.run.smithi027.stdout:/usr/bin/ceph: stderr
2024-04-25T01:15:20.358+0000 7f9bc77fe700 1 -- 172.21.15.27:0/1914034423 <== mgr.14120 v2:172.21.15.27:6800/3353153293 1 ==== mgr_command_reply(tid 0: 0 ) ==== 8+0+0 (secure 0 0 0) 0x7f9bd01044e0 con 0x7f9bbc038ed0
2024-04-25T01:15:20.953 INFO:teuthology.orchestra.run.smithi027.stdout:/usr/bin/ceph: stderr
2024-04-25T01:15:20.360+0000 7f9bd4b36700 1 -- 172.21.15.27:0/1914034423 >> [v2:172.21.15.27:6800/3353153293,v1:172.21.15.27:6801/3353153293] conn(0x7f9bbc038ed0 msgr2=0x7f9bbc03b390 secure :-1 s=STATE_CONNECTION_ESTABLISHED l=1).mark_down
2024-04-25T01:15:20.954 INFO:teuthology.orchestra.run.smithi027.stdout:/usr/bin/ceph: stderr
2024-04-25T01:15:20.360+0000 7f9bd4b36700 1 --2- 172.21.15.27:0/1914034423 >> [v2:172.21.15.27:6800/3353153293,v1:172.21.15.27:6801/3353153293] conn(0x7f9bbc038ed0 0x7f9bbc03b390 secure :-1 s=READY pgs=7 cs=0 l=1 rev1=1 crypto rx=0x7f9bb8006fd0 tx=0x7f9bb8006e40 comp rx=0 tx=0).stop
2024-04-25T01:15:20.954 INFO:teuthology.orchestra.run.smithi027.stdout:/usr/bin/ceph: stderr
2024-04-25T01:15:20.360+0000 7f9bd4b36700 1 -- 172.21.15.27:0/1914034423 >> [v2:172.21.15.27:3300/0,v1:172.21.15.27:6789/0] conn(0x7f9bd007de40 msgr2=0x7f9bd019dea0 secure :-1 s=STATE_CONNECTION_ESTABLISHED l=1).mark_down
2024-04-25T01:15:20.954 INFO:teuthology.orchestra.run.smithi027.stdout:/usr/bin/ceph: stderr
2024-04-25T01:15:20.360+0000 7f9bd4b36700 1 --2- 172.21.15.27:0/1914034423 >> [v2:172.21.15.27:3300/0,v1:172.21.15.27:6789/0] conn(0x7f9bd007de40 0x7f9bd019dea0 secure :-1 s=READY pgs=38 cs=0 l=1 rev1=1 crypto rx=0x7f9bc0009e50 tx=0x7f9bc000bd30 comp rx=0 tx=0).stop
2024-04-25T01:15:20.954 INFO:teuthology.orchestra.run.smithi027.stdout:/usr/bin/ceph: stderr
2024-04-25T01:15:20.360+0000 7f9bd4b36700 1 -- 172.21.15.27:0/1914034423 shutdown_connections
2024-04-25T01:15:20.954 INFO:teuthology.orchestra.run.smithi027.stdout:/usr/bin/ceph: stderr
2024-04-25T01:15:20.360+0000 7f9bd4b36700 1 --2- 172.21.15.27:0/1914034423 >> [v2:172.21.15.27:6800/3353153293,v1:172.21.15.27:6801/3353153293] conn(0x7f9bbc038ed0 0x7f9bbc03b390 unknown :-1 s=CLOSED pgs=7 cs=0 l=1 rev1=1 crypto rx=0 tx=0 comp rx=0 tx=0).stop
2024-04-25T01:15:20.954 INFO:teuthology.orchestra.run.smithi027.stdout:/usr/bin/ceph: stderr
2024-04-25T01:15:20.360+0000 7f9bd4b36700 1 --2- 172.21.15.27:0/1914034423 >> [v2:172.21.15.27:3300/0,v1:172.21.15.27:6789/0] conn(0x7f9bd007de40 0x7f9bd019dea0 unknown :-1 s=CLOSED pgs=38 cs=0 l=1 rev1=1 crypto rx=0 tx=0 comp rx=0 tx=0).stop
2024-04-25T01:15:20.955 INFO:teuthology.orchestra.run.smithi027.stdout:/usr/bin/ceph: stderr
2024-04-25T01:15:20.360+0000 7f9bd4b36700 1 -- 172.21.15.27:0/1914034423 >> 172.21.15.27:0/1914034423 conn(0x7f9bd0103270 msgr2=0x7f9bd0103dd0 unknown :-1 s=STATE_NONE l=0).mark_down
2024-04-25T01:15:20.955 INFO:teuthology.orchestra.run.smithi027.stdout:/usr/bin/ceph: stderr
2024-04-25T01:15:20.360+0000 7f9bd4b36700 1 -- 172.21.15.27:0/1914034423 shutdown_connections
2024-04-25T01:15:20.955 INFO:teuthology.orchestra.run.smithi027.stdout:/usr/bin/ceph: stderr
2024-04-25T01:15:20.360+0000 7f9bd4b36700 1 -- 172.21.15.27:0/1914034423 wait complete.
2024-04-25T01:15:21.357 INFO:journalctl@ceph.mon.a.smithi027.stdout:Apr 25 01:15:21 smithi027 ceph-mon[29197]: [25/Apr/2024:01:15:20] ENGINE Serving on http://172.21.15.27:8765
2024-04-25T01:15:21.357 INFO:journalctl@ceph.mon.a.smithi027.stdout:Apr 25 01:15:21 smithi027 ceph-mon[29197]: [25/Apr/2024:01:15:20] ENGINE Bus STARTED
2024-04-25T01:15:21.357 INFO:journalctl@ceph.mon.a.smithi027.stdout:Apr 25 01:15:21 smithi027 ceph-mon[29197]: mgrmap e8: x(active, since 2s)
2024-04-25T01:15:21.357 INFO:journalctl@ceph.mon.a.smithi027.stdout:Apr 25 01:15:21 smithi027 ceph-mon[29197]: from='client.14132 -' entity='client.admin' cmd=[{"prefix": "orch set backend", "module_name": "cephadm", "target": ["mon-mgr", ""]}]: dispatch
2024-04-25T01:15:21.358 INFO:journalctl@ceph.mon.a.smithi027.stdout:Apr 25 01:15:21 smithi027 ceph-mon[29197]: from='mgr.14120 172.21.15.27:0/3733905356' entity='mgr.x'
2024-04-25T01:15:21.358 INFO:journalctl@ceph.mon.a.smithi027.stdout:Apr 25 01:15:21 smithi027 ceph-mon[29197]: from='mgr.14120 172.21.15.27:0/3733905356' entity='mgr.x' cmd=[{"prefix": "config dump", "format": "json"}]: dispatch
2024-04-25T01:15:22.196 INFO:teuthology.orchestra.run.smithi027.stdout:/usr/bin/ceph: stdout value unchanged
2024-04-25T01:15:22.196 INFO:teuthology.orchestra.run.smithi027.stdout:/usr/bin/ceph: stderr
2024-04-25T01:15:21.404+0000 7fcafe4d7700 1 Processor -- start
2024-04-25T01:15:22.196 INFO:teuthology.orchestra.run.smithi027.stdout:/usr/bin/ceph: stderr
2024-04-25T01:15:21.404+0000 7fcafe4d7700 1 -- start start
2024-04-25T01:15:22.196 INFO:teuthology.orchestra.run.smithi027.stdout:/usr/bin/ceph: stderr
2024-04-25T01:15:21.404+0000 7fcafe4d7700 1 --2- >> [v2:172.21.15.27:3300/0,v1:172.21.15.27:6789/0] conn(0x7fcaf8108800 0x7fcaf810abf0 unknown :-1 s=NONE pgs=0 cs=0 l=0 rev1=0 crypto rx=0 tx=0 comp rx=0 tx=0).connect
2024-04-25T01:15:22.197 INFO:teuthology.orchestra.run.smithi027.stdout:/usr/bin/ceph: stderr
2024-04-25T01:15:21.404+0000 7fcafe4d7700 1 -- --> [v2:172.21.15.27:3300/0,v1:172.21.15.27:6789/0] -- mon_getmap magic: 0 -- 0x7fcaf807bdd0 con 0x7fcaf8108800
2024-04-25T01:15:22.197 INFO:teuthology.orchestra.run.smithi027.stdout:/usr/bin/ceph: stderr
2024-04-25T01:15:21.404+0000 7fcaf7fff700 1 --2- >> [v2:172.21.15.27:3300/0,v1:172.21.15.27:6789/0] conn(0x7fcaf8108800 0x7fcaf810abf0 unknown :-1 s=BANNER_CONNECTING pgs=0 cs=0 l=0 rev1=0 crypto rx=0 tx=0 comp rx=0 tx=0)._handle_peer_banner_payload supported=3 required=0
2024-04-25T01:15:22.197 INFO:teuthology.orchestra.run.smithi027.stdout:/usr/bin/ceph: stderr
2024-04-25T01:15:21.404+0000 7fcaf7fff700 1 --2- >> [v2:172.21.15.27:3300/0,v1:172.21.15.27:6789/0] conn(0x7fcaf8108800 0x7fcaf810abf0 unknown :-1 s=HELLO_CONNECTING pgs=0 cs=0 l=0 rev1=1 crypto rx=0 tx=0 comp rx=0 tx=0).handle_hello peer v2:172.21.15.27:3300/0 says I am v2:172.21.15.27:50382/0 (socket says 172.21.15.27:50382)
2024-04-25T01:15:22.197 INFO:teuthology.orchestra.run.smithi027.stdout:/usr/bin/ceph: stderr
2024-04-25T01:15:21.404+0000 7fcaf7fff700 1 -- 172.21.15.27:0/3430443860 learned_addr learned my addr 172.21.15.27:0/3430443860 (peer_addr_for_me v2:172.21.15.27:0/0)
2024-04-25T01:15:22.197 INFO:teuthology.orchestra.run.smithi027.stdout:/usr/bin/ceph: stderr
2024-04-25T01:15:21.404+0000 7fcaf7fff700 1 -- 172.21.15.27:0/3430443860 --> [v2:172.21.15.27:3300/0,v1:172.21.15.27:6789/0] -- mon_subscribe({config=0+,monmap=0+}) -- 0x7fcaf810b130 con 0x7fcaf8108800
2024-04-25T01:15:22.197 INFO:teuthology.orchestra.run.smithi027.stdout:/usr/bin/ceph: stderr
2024-04-25T01:15:21.405+0000 7fcaf7fff700 1 --2- 172.21.15.27:0/3430443860 >> [v2:172.21.15.27:3300/0,v1:172.21.15.27:6789/0] conn(0x7fcaf8108800 0x7fcaf810abf0 secure :-1 s=READY pgs=39 cs=0 l=1 rev1=1 crypto rx=0x7fcae80098a0 tx=0x7fcae8009bb0 comp rx=0 tx=0).ready entity=mon.0 client_cookie=5b4a0f3cc93602df server_cookie=0 in_seq=0 out_seq=0
2024-04-25T01:15:22.197 INFO:teuthology.orchestra.run.smithi027.stdout:/usr/bin/ceph: stderr
2024-04-25T01:15:21.405+0000 7fcaf6ffd700 1 -- 172.21.15.27:0/3430443860 <== mon.0 v2:172.21.15.27:3300/0 1 ==== mon_map magic: 0 ==== 205+0+0 (secure 0 0 0) 0x7fcae8004160 con 0x7fcaf8108800
2024-04-25T01:15:22.197 INFO:teuthology.orchestra.run.smithi027.stdout:/usr/bin/ceph: stderr
2024-04-25T01:15:21.405+0000 7fcaf6ffd700 1 -- 172.21.15.27:0/3430443860 <== mon.0 v2:172.21.15.27:3300/0 2 ==== config(27 keys) ==== 1109+0+0 (secure 0 0 0) 0x7fcae8004300 con 0x7fcaf8108800
2024-04-25T01:15:22.198 INFO:teuthology.orchestra.run.smithi027.stdout:/usr/bin/ceph: stderr
2024-04-25T01:15:21.405+0000 7fcaf6ffd700 1 -- 172.21.15.27:0/3430443860 <== mon.0 v2:172.21.15.27:3300/0 3 ==== mon_map magic: 0 ==== 205+0+0 (secure 0 0 0) 0x7fcae8011b50 con 0x7fcaf8108800
2024-04-25T01:15:22.198 INFO:teuthology.orchestra.run.smithi027.stdout:/usr/bin/ceph: stderr
2024-04-25T01:15:21.405+0000 7fcafe4d7700 1 -- 172.21.15.27:0/3430443860 >> [v2:172.21.15.27:3300/0,v1:172.21.15.27:6789/0] conn(0x7fcaf8108800 msgr2=0x7fcaf810abf0 secure :-1 s=STATE_CONNECTION_ESTABLISHED l=1).mark_down
2024-04-25T01:15:22.198 INFO:teuthology.orchestra.run.smithi027.stdout:/usr/bin/ceph: stderr
2024-04-25T01:15:21.405+0000 7fcafe4d7700 1 --2- 172.21.15.27:0/3430443860 >> [v2:172.21.15.27:3300/0,v1:172.21.15.27:6789/0] conn(0x7fcaf8108800 0x7fcaf810abf0 secure :-1 s=READY pgs=39 cs=0 l=1 rev1=1 crypto rx=0x7fcae80098a0 tx=0x7fcae8009bb0 comp rx=0 tx=0).stop
2024-04-25T01:15:22.198 INFO:teuthology.orchestra.run.smithi027.stdout:/usr/bin/ceph: stderr
2024-04-25T01:15:21.405+0000 7fcafe4d7700 1 -- 172.21.15.27:0/3430443860 shutdown_connections
2024-04-25T01:15:22.198 INFO:teuthology.orchestra.run.smithi027.stdout:/usr/bin/ceph: stderr
2024-04-25T01:15:21.405+0000 7fcafe4d7700 1 --2- 172.21.15.27:0/3430443860 >> [v2:172.21.15.27:3300/0,v1:172.21.15.27:6789/0] conn(0x7fcaf8108800 0x7fcaf810abf0 unknown :-1 s=CLOSED pgs=39 cs=0 l=1 rev1=1 crypto rx=0 tx=0 comp rx=0 tx=0).stop
2024-04-25T01:15:22.198 INFO:teuthology.orchestra.run.smithi027.stdout:/usr/bin/ceph: stderr
2024-04-25T01:15:21.405+0000 7fcafe4d7700 1 -- 172.21.15.27:0/3430443860 >> 172.21.15.27:0/3430443860 conn(0x7fcaf81021d0 msgr2=0x7fcaf81045f0 unknown :-1 s=STATE_NONE l=0).mark_down
2024-04-25T01:15:22.198 INFO:teuthology.orchestra.run.smithi027.stdout:/usr/bin/ceph: stderr
2024-04-25T01:15:21.405+0000 7fcafe4d7700 1 -- 172.21.15.27:0/3430443860 shutdown_connections
2024-04-25T01:15:22.198 INFO:teuthology.orchestra.run.smithi027.stdout:/usr/bin/ceph: stderr
2024-04-25T01:15:21.405+0000 7fcafe4d7700 1 -- 172.21.15.27:0/3430443860 wait complete.
2024-04-25T01:15:22.198 INFO:teuthology.orchestra.run.smithi027.stdout:/usr/bin/ceph: stderr
2024-04-25T01:15:21.406+0000 7fcafe4d7700 1 Processor -- start
2024-04-25T01:15:22.199 INFO:teuthology.orchestra.run.smithi027.stdout:/usr/bin/ceph: stderr
2024-04-25T01:15:21.406+0000 7fcafe4d7700 1 -- start start
2024-04-25T01:15:22.199 INFO:teuthology.orchestra.run.smithi027.stdout:/usr/bin/ceph: stderr
2024-04-25T01:15:21.406+0000 7fcafe4d7700 1 --2- >> [v2:172.21.15.27:3300/0,v1:172.21.15.27:6789/0] conn(0x7fcaf8108800 0x7fcaf819bc90 unknown :-1 s=NONE pgs=0 cs=0 l=1 rev1=0 crypto rx=0 tx=0 comp rx=0 tx=0).connect
2024-04-25T01:15:22.199 INFO:teuthology.orchestra.run.smithi027.stdout:/usr/bin/ceph: stderr
2024-04-25T01:15:21.406+0000 7fcafe4d7700 1 -- --> [v2:172.21.15.27:3300/0,v1:172.21.15.27:6789/0] -- mon_getmap magic: 0 -- 0x7fcaf810c0f0 con 0x7fcaf8108800
2024-04-25T01:15:22.199 INFO:teuthology.orchestra.run.smithi027.stdout:/usr/bin/ceph: stderr
2024-04-25T01:15:21.406+0000 7fcaf7fff700 1 --2- >> [v2:172.21.15.27:3300/0,v1:172.21.15.27:6789/0] conn(0x7fcaf8108800 0x7fcaf819bc90 unknown :-1 s=BANNER_CONNECTING pgs=0 cs=0 l=1 rev1=0 crypto rx=0 tx=0 comp rx=0 tx=0)._handle_peer_banner_payload supported=3 required=0
2024-04-25T01:15:22.199 INFO:teuthology.orchestra.run.smithi027.stdout:/usr/bin/ceph: stderr
2024-04-25T01:15:21.406+0000 7fcaf7fff700 1 --2- >> [v2:172.21.15.27:3300/0,v1:172.21.15.27:6789/0] conn(0x7fcaf8108800 0x7fcaf819bc90 unknown :-1 s=HELLO_CONNECTING pgs=0 cs=0 l=1 rev1=1 crypto rx=0 tx=0 comp rx=0 tx=0).handle_hello peer v2:172.21.15.27:3300/0 says I am v2:172.21.15.27:50384/0 (socket says 172.21.15.27:50384)
2024-04-25T01:15:22.199 INFO:teuthology.orchestra.run.smithi027.stdout:/usr/bin/ceph: stderr
2024-04-25T01:15:21.406+0000 7fcaf7fff700 1 -- 172.21.15.27:0/1756719368 learned_addr learned my addr 172.21.15.27:0/1756719368 (peer_addr_for_me v2:172.21.15.27:0/0)
2024-04-25T01:15:22.199 INFO:teuthology.orchestra.run.smithi027.stdout:/usr/bin/ceph: stderr
2024-04-25T01:15:21.407+0000 7fcaf7fff700 1 -- 172.21.15.27:0/1756719368 --> [v2:172.21.15.27:3300/0,v1:172.21.15.27:6789/0] -- mon_subscribe({config=0+,monmap=0+}) -- 0x7fcaf819c1d0 con 0x7fcaf8108800
2024-04-25T01:15:22.199 INFO:teuthology.orchestra.run.smithi027.stdout:/usr/bin/ceph: stderr
2024-04-25T01:15:21.407+0000 7fcaf7fff700 1 --2- 172.21.15.27:0/1756719368 >> [v2:172.21.15.27:3300/0,v1:172.21.15.27:6789/0] conn(0x7fcaf8108800 0x7fcaf819bc90 secure :-1 s=READY pgs=40 cs=0 l=1 rev1=1 crypto rx=0x7fcae8011670 tx=0x7fcae8011b60 comp rx=0 tx=0).ready entity=mon.0 client_cookie=0 server_cookie=0 in_seq=0 out_seq=0
2024-04-25T01:15:22.199 INFO:teuthology.orchestra.run.smithi027.stdout:/usr/bin/ceph: stderr
2024-04-25T01:15:21.407+0000 7fcaf57fa700 1 -- 172.21.15.27:0/1756719368 <== mon.0 v2:172.21.15.27:3300/0 1 ==== mon_map magic: 0 ==== 205+0+0 (secure 0 0 0) 0x7fcae80039c0 con 0x7fcaf8108800
2024-04-25T01:15:22.199 INFO:teuthology.orchestra.run.smithi027.stdout:/usr/bin/ceph: stderr
2024-04-25T01:15:21.407+0000 7fcaf57fa700 1 -- 172.21.15.27:0/1756719368 <== mon.0 v2:172.21.15.27:3300/0 2 ==== config(27 keys) ==== 1109+0+0 (secure 0 0 0) 0x7fcae8011e50 con 0x7fcaf8108800
2024-04-25T01:15:22.199 INFO:teuthology.orchestra.run.smithi027.stdout:/usr/bin/ceph: stderr
2024-04-25T01:15:21.407+0000 7fcafe4d7700 1 -- 172.21.15.27:0/1756719368 --> [v2:172.21.15.27:3300/0,v1:172.21.15.27:6789/0] -- mon_subscribe({mgrmap=0+}) -- 0x7fcaf819c460 con 0x7fcaf8108800
2024-04-25T01:15:22.200 INFO:teuthology.orchestra.run.smithi027.stdout:/usr/bin/ceph: stderr
2024-04-25T01:15:21.407+0000 7fcaf57fa700 1 -- 172.21.15.27:0/1756719368 <== mon.0 v2:172.21.15.27:3300/0 3 ==== mon_map magic: 0 ==== 205+0+0 (secure 0 0 0) 0x7fcae801a5c0 con 0x7fcaf8108800
2024-04-25T01:15:22.200 INFO:teuthology.orchestra.run.smithi027.stdout:/usr/bin/ceph: stderr
2024-04-25T01:15:21.407+0000 7fcafe4d7700 1 -- 172.21.15.27:0/1756719368 --> [v2:172.21.15.27:3300/0,v1:172.21.15.27:6789/0] -- mon_subscribe({osdmap=0}) -- 0x7fcaf819f150 con 0x7fcaf8108800
2024-04-25T01:15:22.200 INFO:teuthology.orchestra.run.smithi027.stdout:/usr/bin/ceph: stderr
2024-04-25T01:15:21.408+0000 7fcaf57fa700 1 -- 172.21.15.27:0/1756719368 <== mon.0 v2:172.21.15.27:3300/0 4 ==== mgrmap(e 8) ==== 46287+0+0 (secure 0 0 0) 0x7fcae801a870 con 0x7fcaf8108800
2024-04-25T01:15:22.200 INFO:teuthology.orchestra.run.smithi027.stdout:/usr/bin/ceph: stderr
2024-04-25T01:15:21.408+0000 7fcaf57fa700 1 --2- 172.21.15.27:0/1756719368 >> [v2:172.21.15.27:6800/3353153293,v1:172.21.15.27:6801/3353153293] conn(0x7fcae0039050 0x7fcae003b510 unknown :-1 s=NONE pgs=0 cs=0 l=1 rev1=0 crypto rx=0 tx=0 comp rx=0 tx=0).connect
2024-04-25T01:15:22.200 INFO:teuthology.orchestra.run.smithi027.stdout:/usr/bin/ceph: stderr
2024-04-25T01:15:21.408+0000 7fcafe4d7700 1 -- 172.21.15.27:0/1756719368 --> [v2:172.21.15.27:3300/0,v1:172.21.15.27:6789/0] -- mon_command({"prefix": "get_command_descriptions"} v 0) -- 0x7fcaf8063890 con 0x7fcaf8108800
2024-04-25T01:15:22.200 INFO:teuthology.orchestra.run.smithi027.stdout:/usr/bin/ceph: stderr
2024-04-25T01:15:21.408+0000 7fcaf57fa700 1 -- 172.21.15.27:0/1756719368 <== mon.0 v2:172.21.15.27:3300/0 5 ==== osd_map(2..2 src has 1..2) ==== 940+0+0 (secure 0 0 0) 0x7fcae804d560 con 0x7fcaf8108800
2024-04-25T01:15:22.200 INFO:teuthology.orchestra.run.smithi027.stdout:/usr/bin/ceph: stderr
2024-04-25T01:15:21.408+0000 7fcaf77fe700 1 --2- 172.21.15.27:0/1756719368 >> [v2:172.21.15.27:6800/3353153293,v1:172.21.15.27:6801/3353153293] conn(0x7fcae0039050 0x7fcae003b510 unknown :-1 s=BANNER_CONNECTING pgs=0 cs=0 l=1 rev1=0 crypto rx=0 tx=0 comp rx=0 tx=0)._handle_peer_banner_payload supported=3 required=0
2024-04-25T01:15:22.200 INFO:teuthology.orchestra.run.smithi027.stdout:/usr/bin/ceph: stderr
2024-04-25T01:15:21.409+0000 7fcaf77fe700 1 --2- 172.21.15.27:0/1756719368 >> [v2:172.21.15.27:6800/3353153293,v1:172.21.15.27:6801/3353153293] conn(0x7fcae0039050 0x7fcae003b510 secure :-1 s=READY pgs=8 cs=0 l=1 rev1=1 crypto rx=0x7fcaec006fd0 tx=0x7fcaec006e40 comp rx=0 tx=0).ready entity=mgr.14120 client_cookie=0 server_cookie=0 in_seq=0 out_seq=0
2024-04-25T01:15:22.201 INFO:teuthology.orchestra.run.smithi027.stdout:/usr/bin/ceph: stderr
2024-04-25T01:15:21.413+0000 7fcaf57fa700 1 -- 172.21.15.27:0/1756719368 <== mon.0 v2:172.21.15.27:3300/0 6 ==== mon_command_ack([{"prefix": "get_command_descriptions"}]=0 v0) ==== 72+0+186147 (secure 0 0 0) 0x7fcae802cc00 con 0x7fcaf8108800
2024-04-25T01:15:22.201 INFO:teuthology.orchestra.run.smithi027.stdout:/usr/bin/ceph: stderr
2024-04-25T01:15:21.623+0000 7fcafe4d7700 1 -- 172.21.15.27:0/1756719368 --> [v2:172.21.15.27:6800/3353153293,v1:172.21.15.27:6801/3353153293] -- mgr_command(tid 0: {"prefix": "cephadm set-user", "user": "root", "target": ["mon-mgr", ""]}) -- 0x7fcaf81033b0 con 0x7fcae0039050
2024-04-25T01:15:22.201 INFO:teuthology.orchestra.run.smithi027.stdout:/usr/bin/ceph: stderr
2024-04-25T01:15:21.623+0000 7fcaf57fa700 1 -- 172.21.15.27:0/1756719368 <== mgr.14120 v2:172.21.15.27:6800/3353153293 1 ==== mgr_command_reply(tid 0: 0 ) ==== 8+0+16 (secure 0 0 0) 0x7fcaf81033b0 con 0x7fcae0039050
2024-04-25T01:15:22.201 INFO:teuthology.orchestra.run.smithi027.stdout:/usr/bin/ceph: stderr
2024-04-25T01:15:21.626+0000 7fcafe4d7700 1 -- 172.21.15.27:0/1756719368 >> [v2:172.21.15.27:6800/3353153293,v1:172.21.15.27:6801/3353153293] conn(0x7fcae0039050 msgr2=0x7fcae003b510 secure :-1 s=STATE_CONNECTION_ESTABLISHED l=1).mark_down
2024-04-25T01:15:22.201 INFO:teuthology.orchestra.run.smithi027.stdout:/usr/bin/ceph: stderr
2024-04-25T01:15:21.626+0000 7fcafe4d7700 1 --2- 172.21.15.27:0/1756719368 >> [v2:172.21.15.27:6800/3353153293,v1:172.21.15.27:6801/3353153293] conn(0x7fcae0039050 0x7fcae003b510 secure :-1 s=READY pgs=8 cs=0 l=1 rev1=1 crypto rx=0x7fcaec006fd0 tx=0x7fcaec006e40 comp rx=0 tx=0).stop
2024-04-25T01:15:22.201 INFO:teuthology.orchestra.run.smithi027.stdout:/usr/bin/ceph: stderr
2024-04-25T01:15:21.626+0000 7fcafe4d7700 1 -- 172.21.15.27:0/1756719368 >> [v2:172.21.15.27:3300/0,v1:172.21.15.27:6789/0] conn(0x7fcaf8108800 msgr2=0x7fcaf819bc90 secure :-1 s=STATE_CONNECTION_ESTABLISHED l=1).mark_down
2024-04-25T01:15:22.201 INFO:teuthology.orchestra.run.smithi027.stdout:/usr/bin/ceph: stderr
2024-04-25T01:15:21.626+0000 7fcafe4d7700 1 --2- 172.21.15.27:0/1756719368 >> [v2:172.21.15.27:3300/0,v1:172.21.15.27:6789/0] conn(0x7fcaf8108800 0x7fcaf819bc90 secure :-1 s=READY pgs=40 cs=0 l=1 rev1=1 crypto rx=0x7fcae8011670 tx=0x7fcae8011b60 comp rx=0 tx=0).stop
2024-04-25T01:15:22.201 INFO:teuthology.orchestra.run.smithi027.stdout:/usr/bin/ceph: stderr
2024-04-25T01:15:21.626+0000 7fcafe4d7700 1 -- 172.21.15.27:0/1756719368 shutdown_connections
2024-04-25T01:15:22.201 INFO:teuthology.orchestra.run.smithi027.stdout:/usr/bin/ceph: stderr
2024-04-25T01:15:21.626+0000 7fcafe4d7700 1 --2- 172.21.15.27:0/1756719368 >> [v2:172.21.15.27:6800/3353153293,v1:172.21.15.27:6801/3353153293] conn(0x7fcae0039050 0x7fcae003b510 unknown :-1 s=CLOSED pgs=8 cs=0 l=1 rev1=1 crypto rx=0 tx=0 comp rx=0 tx=0).stop
2024-04-25T01:15:22.201 INFO:teuthology.orchestra.run.smithi027.stdout:/usr/bin/ceph: stderr
2024-04-25T01:15:21.626+0000 7fcafe4d7700 1 --2- 172.21.15.27:0/1756719368 >> [v2:172.21.15.27:3300/0,v1:172.21.15.27:6789/0] conn(0x7fcaf8108800 0x7fcaf819bc90 unknown :-1 s=CLOSED pgs=40 cs=0 l=1 rev1=1 crypto rx=0 tx=0 comp rx=0 tx=0).stop
2024-04-25T01:15:22.202 INFO:teuthology.orchestra.run.smithi027.stdout:/usr/bin/ceph: stderr
2024-04-25T01:15:21.627+0000 7fcafe4d7700 1 -- 172.21.15.27:0/1756719368 >> 172.21.15.27:0/1756719368 conn(0x7fcaf81021d0 msgr2=0x7fcaf8102ca0 unknown :-1 s=STATE_NONE l=0).mark_down
2024-04-25T01:15:22.202 INFO:teuthology.orchestra.run.smithi027.stdout:/usr/bin/ceph: stderr
2024-04-25T01:15:21.627+0000 7fcafe4d7700 1 -- 172.21.15.27:0/1756719368 shutdown_connections
2024-04-25T01:15:22.202 INFO:teuthology.orchestra.run.smithi027.stdout:/usr/bin/ceph: stderr
2024-04-25T01:15:21.627+0000 7fcafe4d7700 1 -- 172.21.15.27:0/1756719368 wait complete.
2024-04-25T01:15:22.202 INFO:teuthology.orchestra.run.smithi027.stdout:Generating ssh key...
2024-04-25T01:15:22.450 INFO:journalctl@ceph.mon.a.smithi027.stdout:Apr 25 01:15:22 smithi027 ceph-mon[29197]: from='client.14134 -' entity='client.admin' cmd=[{"prefix": "cephadm set-user", "user": "root", "target": ["mon-mgr", ""]}]: dispatch
2024-04-25T01:15:23.201 INFO:journalctl@ceph.mgr.x.smithi027.stdout:Apr 25 01:15:22 smithi027 ceph-1469ec2e-02a1-11ef-bc93-c7b262605968-mgr-x[29427]: Generating public/private rsa key pair.
2024-04-25T01:15:23.201 INFO:journalctl@ceph.mgr.x.smithi027.stdout:Apr 25 01:15:22 smithi027 ceph-1469ec2e-02a1-11ef-bc93-c7b262605968-mgr-x[29427]: Your identification has been saved in /tmp/tmpnjf7wdgv/key.
2024-04-25T01:15:23.201 INFO:journalctl@ceph.mgr.x.smithi027.stdout:Apr 25 01:15:22 smithi027 ceph-1469ec2e-02a1-11ef-bc93-c7b262605968-mgr-x[29427]: Your public key has been saved in /tmp/tmpnjf7wdgv/key.pub.
2024-04-25T01:15:23.201 INFO:journalctl@ceph.mgr.x.smithi027.stdout:Apr 25 01:15:22 smithi027 ceph-1469ec2e-02a1-11ef-bc93-c7b262605968-mgr-x[29427]: The key fingerprint is:
2024-04-25T01:15:23.201 INFO:journalctl@ceph.mgr.x.smithi027.stdout:Apr 25 01:15:22 smithi027 ceph-1469ec2e-02a1-11ef-bc93-c7b262605968-mgr-x[29427]: SHA256:LvbvUUNvCLRlf7pc4hALOkyTDDZn3GX8Zw/x5OBODVI ceph-1469ec2e-02a1-11ef-bc93-c7b262605968
2024-04-25T01:15:23.201 INFO:journalctl@ceph.mgr.x.smithi027.stdout:Apr 25 01:15:22 smithi027 ceph-1469ec2e-02a1-11ef-bc93-c7b262605968-mgr-x[29427]: The key's randomart image is:
2024-04-25T01:15:23.201 INFO:journalctl@ceph.mgr.x.smithi027.stdout:Apr 25 01:15:22 smithi027 ceph-1469ec2e-02a1-11ef-bc93-c7b262605968-mgr-x[29427]: +---[RSA 3072]----+
2024-04-25T01:15:23.201 INFO:journalctl@ceph.mgr.x.smithi027.stdout:Apr 25 01:15:22 smithi027 ceph-1469ec2e-02a1-11ef-bc93-c7b262605968-mgr-x[29427]: | +.o..o=.E |
2024-04-25T01:15:23.201 INFO:journalctl@ceph.mgr.x.smithi027.stdout:Apr 25 01:15:22 smithi027 ceph-1469ec2e-02a1-11ef-bc93-c7b262605968-mgr-x[29427]: | . *.o.=o.+ .|
2024-04-25T01:15:23.201 INFO:journalctl@ceph.mgr.x.smithi027.stdout:Apr 25 01:15:22 smithi027 ceph-1469ec2e-02a1-11ef-bc93-c7b262605968-mgr-x[29427]: | = + o+.O.|
2024-04-25T01:15:23.202 INFO:journalctl@ceph.mgr.x.smithi027.stdout:Apr 25 01:15:22 smithi027 ceph-1469ec2e-02a1-11ef-bc93-c7b262605968-mgr-x[29427]: | o o + ==o*|
2024-04-25T01:15:23.202 INFO:journalctl@ceph.mgr.x.smithi027.stdout:Apr 25 01:15:22 smithi027 ceph-1469ec2e-02a1-11ef-bc93-c7b262605968-mgr-x[29427]: | S *o=+o|
2024-04-25T01:15:23.202 INFO:journalctl@ceph.mgr.x.smithi027.stdout:Apr 25 01:15:22 smithi027 ceph-1469ec2e-02a1-11ef-bc93-c7b262605968-mgr-x[29427]: | . . . *.+.|
2024-04-25T01:15:23.202 INFO:journalctl@ceph.mgr.x.smithi027.stdout:Apr 25 01:15:22 smithi027 ceph-1469ec2e-02a1-11ef-bc93-c7b262605968-mgr-x[29427]: | o . . + |
2024-04-25T01:15:23.202 INFO:journalctl@ceph.mgr.x.smithi027.stdout:Apr 25 01:15:22 smithi027 ceph-1469ec2e-02a1-11ef-bc93-c7b262605968-mgr-x[29427]: | . o . |
2024-04-25T01:15:23.202 INFO:journalctl@ceph.mgr.x.smithi027.stdout:Apr 25 01:15:22 smithi027 ceph-1469ec2e-02a1-11ef-bc93-c7b262605968-mgr-x[29427]: | .oo |
2024-04-25T01:15:23.202 INFO:journalctl@ceph.mgr.x.smithi027.stdout:Apr 25 01:15:22 smithi027 ceph-1469ec2e-02a1-11ef-bc93-c7b262605968-mgr-x[29427]: +----[SHA256]-----+
2024-04-25T01:15:23.533 INFO:teuthology.orchestra.run.smithi027.stdout:/usr/bin/ceph: stderr
2024-04-25T01:15:22.618+0000 7f74c9575700 1 Processor -- start
2024-04-25T01:15:23.534 INFO:teuthology.orchestra.run.smithi027.stdout:/usr/bin/ceph: stderr
2024-04-25T01:15:22.618+0000 7f74c9575700 1 -- start start
2024-04-25T01:15:23.534 INFO:teuthology.orchestra.run.smithi027.stdout:/usr/bin/ceph: stderr
