2024-04-25T01:17:38.854+0000 7f400bf97700 1 --2- 172.21.15.16:0/865655630 >> [v2:172.21.15.16:3300/0,v1:172.21.15.16:6789/0] conn(0x7f4004108680 0x7f400410aa70 unknown :-1 s=CLOSED pgs=45 cs=0 l=1 rev1=1 crypto rx=0 tx=0 comp rx=0 tx=0).stop
2024-04-25T01:17:44.163 INFO:teuthology.orchestra.run.smithi016.stdout:/usr/bin/ceph: stderr
2024-04-25T01:17:38.854+0000 7f400bf97700 1 -- 172.21.15.16:0/865655630 >> 172.21.15.16:0/865655630 conn(0x7f4004102050 msgr2=0x7f4004104470 unknown :-1 s=STATE_NONE l=0).mark_down
2024-04-25T01:17:44.163 INFO:teuthology.orchestra.run.smithi016.stdout:/usr/bin/ceph: stderr
2024-04-25T01:17:38.855+0000 7f400bf97700 1 -- 172.21.15.16:0/865655630 shutdown_connections
2024-04-25T01:17:44.163 INFO:teuthology.orchestra.run.smithi016.stdout:/usr/bin/ceph: stderr
2024-04-25T01:17:38.855+0000 7f400bf97700 1 -- 172.21.15.16:0/865655630 wait complete.
2024-04-25T01:17:44.163 INFO:teuthology.orchestra.run.smithi016.stdout:/usr/bin/ceph: stderr
2024-04-25T01:17:38.855+0000 7f400bf97700 1 Processor -- start
2024-04-25T01:17:44.163 INFO:teuthology.orchestra.run.smithi016.stdout:/usr/bin/ceph: stderr
2024-04-25T01:17:38.855+0000 7f400bf97700 1 -- start start
2024-04-25T01:17:44.163 INFO:teuthology.orchestra.run.smithi016.stdout:/usr/bin/ceph: stderr
2024-04-25T01:17:38.855+0000 7f400bf97700 1 --2- >> [v2:172.21.15.16:3300/0,v1:172.21.15.16:6789/0] conn(0x7f4004108680 0x7f4004107f00 unknown :-1 s=NONE pgs=0 cs=0 l=1 rev1=0 crypto rx=0 tx=0 comp rx=0 tx=0).connect
2024-04-25T01:17:44.163 INFO:teuthology.orchestra.run.smithi016.stdout:/usr/bin/ceph: stderr
2024-04-25T01:17:38.855+0000 7f400bf97700 1 -- --> [v2:172.21.15.16:3300/0,v1:172.21.15.16:6789/0] -- mon_getmap magic: 0 -- 0x7f400410bf10 con 0x7f4004108680
2024-04-25T01:17:44.164 INFO:teuthology.orchestra.run.smithi016.stdout:/usr/bin/ceph: stderr
2024-04-25T01:17:38.856+0000 7f4009d33700 1 --2- >> [v2:172.21.15.16:3300/0,v1:172.21.15.16:6789/0] conn(0x7f4004108680 0x7f4004107f00 unknown :-1 s=BANNER_CONNECTING pgs=0 cs=0 l=1 rev1=0 crypto rx=0 tx=0 comp rx=0 tx=0)._handle_peer_banner_payload supported=3 required=0
2024-04-25T01:17:44.164 INFO:teuthology.orchestra.run.smithi016.stdout:/usr/bin/ceph: stderr
2024-04-25T01:17:38.856+0000 7f4009d33700 1 --2- >> [v2:172.21.15.16:3300/0,v1:172.21.15.16:6789/0] conn(0x7f4004108680 0x7f4004107f00 unknown :-1 s=HELLO_CONNECTING pgs=0 cs=0 l=1 rev1=1 crypto rx=0 tx=0 comp rx=0 tx=0).handle_hello peer v2:172.21.15.16:3300/0 says I am v2:172.21.15.16:51700/0 (socket says 172.21.15.16:51700)
2024-04-25T01:17:44.164 INFO:teuthology.orchestra.run.smithi016.stdout:/usr/bin/ceph: stderr
2024-04-25T01:17:38.856+0000 7f4009d33700 1 -- 172.21.15.16:0/988892930 learned_addr learned my addr 172.21.15.16:0/988892930 (peer_addr_for_me v2:172.21.15.16:0/0)
2024-04-25T01:17:44.164 INFO:teuthology.orchestra.run.smithi016.stdout:/usr/bin/ceph: stderr
2024-04-25T01:17:38.856+0000 7f4009d33700 1 -- 172.21.15.16:0/988892930 --> [v2:172.21.15.16:3300/0,v1:172.21.15.16:6789/0] -- mon_subscribe({config=0+,monmap=0+}) -- 0x7f4004108440 con 0x7f4004108680
2024-04-25T01:17:44.164 INFO:teuthology.orchestra.run.smithi016.stdout:/usr/bin/ceph: stderr
2024-04-25T01:17:38.856+0000 7f4009d33700 1 --2- 172.21.15.16:0/988892930 >> [v2:172.21.15.16:3300/0,v1:172.21.15.16:6789/0] conn(0x7f4004108680 0x7f4004107f00 secure :-1 s=READY pgs=46 cs=0 l=1 rev1=1 crypto rx=0x7f4000011a50 tx=0x7f4000011b30 comp rx=0 tx=0).ready entity=mon.0 client_cookie=0 server_cookie=0 in_seq=0 out_seq=0
2024-04-25T01:17:44.164 INFO:teuthology.orchestra.run.smithi016.stdout:/usr/bin/ceph: stderr
2024-04-25T01:17:38.856+0000 7f3ffaffd700 1 -- 172.21.15.16:0/988892930 <== mon.0 v2:172.21.15.16:3300/0 1 ==== mon_map magic: 0 ==== 205+0+0 (secure 0 0 0) 0x7f4000003a80 con 0x7f4004108680
2024-04-25T01:17:44.164 INFO:teuthology.orchestra.run.smithi016.stdout:/usr/bin/ceph: stderr
2024-04-25T01:17:38.856+0000 7f3ffaffd700 1 -- 172.21.15.16:0/988892930 <== mon.0 v2:172.21.15.16:3300/0 2 ==== config(26 keys) ==== 1071+0+0 (secure 0 0 0) 0x7f4000003c20 con 0x7f4004108680
2024-04-25T01:17:44.165 INFO:teuthology.orchestra.run.smithi016.stdout:/usr/bin/ceph: stderr
2024-04-25T01:17:38.856+0000 7f400bf97700 1 -- 172.21.15.16:0/988892930 --> [v2:172.21.15.16:3300/0,v1:172.21.15.16:6789/0] -- mon_subscribe({mgrmap=0+}) -- 0x7f4004106630 con 0x7f4004108680
2024-04-25T01:17:44.165 INFO:teuthology.orchestra.run.smithi016.stdout:/usr/bin/ceph: stderr
2024-04-25T01:17:38.856+0000 7f3ffaffd700 1 -- 172.21.15.16:0/988892930 <== mon.0 v2:172.21.15.16:3300/0 3 ==== mon_map magic: 0 ==== 205+0+0 (secure 0 0 0) 0x7f400001a650 con 0x7f4004108680
2024-04-25T01:17:44.165 INFO:teuthology.orchestra.run.smithi016.stdout:/usr/bin/ceph: stderr
2024-04-25T01:17:38.856+0000 7f400bf97700 1 -- 172.21.15.16:0/988892930 --> [v2:172.21.15.16:3300/0,v1:172.21.15.16:6789/0] -- mon_subscribe({osdmap=0}) -- 0x7f4004106b70 con 0x7f4004108680
2024-04-25T01:17:44.165 INFO:teuthology.orchestra.run.smithi016.stdout:/usr/bin/ceph: stderr
2024-04-25T01:17:38.857+0000 7f3ffaffd700 1 -- 172.21.15.16:0/988892930 <== mon.0 v2:172.21.15.16:3300/0 4 ==== mgrmap(e 8) ==== 46287+0+0 (secure 0 0 0) 0x7f4000024ad0 con 0x7f4004108680
2024-04-25T01:17:44.165 INFO:teuthology.orchestra.run.smithi016.stdout:/usr/bin/ceph: stderr
2024-04-25T01:17:38.857+0000 7f400bf97700 1 -- 172.21.15.16:0/988892930 --> [v2:172.21.15.16:3300/0,v1:172.21.15.16:6789/0] -- mon_command({"prefix": "get_command_descriptions"} v 0) -- 0x7f4004063890 con 0x7f4004108680
2024-04-25T01:17:44.165 INFO:teuthology.orchestra.run.smithi016.stdout:/usr/bin/ceph: stderr
2024-04-25T01:17:38.857+0000 7f3ffaffd700 1 --2- 172.21.15.16:0/988892930 >> [v2:172.21.15.16:6800/1190188268,v1:172.21.15.16:6801/1190188268] conn(0x7f3ff0039100 0x7f3ff003b5c0 unknown :-1 s=NONE pgs=0 cs=0 l=1 rev1=0 crypto rx=0 tx=0 comp rx=0 tx=0).connect
2024-04-25T01:17:44.165 INFO:teuthology.orchestra.run.smithi016.stdout:/usr/bin/ceph: stderr
2024-04-25T01:17:38.857+0000 7f3ffaffd700 1 -- 172.21.15.16:0/988892930 <== mon.0 v2:172.21.15.16:3300/0 5 ==== osd_map(2..2 src has 1..2) ==== 940+0+0 (secure 0 0 0) 0x7f400004d5c0 con 0x7f4004108680
2024-04-25T01:17:44.165 INFO:teuthology.orchestra.run.smithi016.stdout:/usr/bin/ceph: stderr
2024-04-25T01:17:38.857+0000 7f4009532700 1 --2- 172.21.15.16:0/988892930 >> [v2:172.21.15.16:6800/1190188268,v1:172.21.15.16:6801/1190188268] conn(0x7f3ff0039100 0x7f3ff003b5c0 unknown :-1 s=BANNER_CONNECTING pgs=0 cs=0 l=1 rev1=0 crypto rx=0 tx=0 comp rx=0 tx=0)._handle_peer_banner_payload supported=3 required=0
2024-04-25T01:17:44.165 INFO:teuthology.orchestra.run.smithi016.stdout:/usr/bin/ceph: stderr
2024-04-25T01:17:38.858+0000 7f4009532700 1 --2- 172.21.15.16:0/988892930 >> [v2:172.21.15.16:6800/1190188268,v1:172.21.15.16:6801/1190188268] conn(0x7f3ff0039100 0x7f3ff003b5c0 secure :-1 s=READY pgs=11 cs=0 l=1 rev1=1 crypto rx=0x7f3ff4006fd0 tx=0x7f3ff4006e40 comp rx=0 tx=0).ready entity=mgr.14120 client_cookie=0 server_cookie=0 in_seq=0 out_seq=0
2024-04-25T01:17:44.165 INFO:teuthology.orchestra.run.smithi016.stdout:/usr/bin/ceph: stderr
2024-04-25T01:17:38.862+0000 7f3ffaffd700 1 -- 172.21.15.16:0/988892930 <== mon.0 v2:172.21.15.16:3300/0 6 ==== mon_command_ack([{"prefix": "get_command_descriptions"}]=0 v0) ==== 72+0+186147 (secure 0 0 0) 0x7f400000f2e0 con 0x7f4004108680
2024-04-25T01:17:44.165 INFO:teuthology.orchestra.run.smithi016.stdout:/usr/bin/ceph: stderr
2024-04-25T01:17:39.074+0000 7f400bf97700 1 -- 172.21.15.16:0/988892930 --> [v2:172.21.15.16:6800/1190188268,v1:172.21.15.16:6801/1190188268] -- mgr_command(tid 0: {"prefix": "orch host add", "hostname": "smithi016", "addr": "172.21.15.16", "target": ["mon-mgr", ""]}) -- 0x7f40041073d0 con 0x7f3ff0039100
2024-04-25T01:17:44.166 INFO:teuthology.orchestra.run.smithi016.stdout:/usr/bin/ceph: stderr
2024-04-25T01:17:43.565+0000 7f3ffaffd700 1 -- 172.21.15.16:0/988892930 <== mgr.14120 v2:172.21.15.16:6800/1190188268 1 ==== mgr_command_reply(tid 0: 0 ) ==== 8+0+48 (secure 0 0 0) 0x7f40041073d0 con 0x7f3ff0039100
2024-04-25T01:17:44.166 INFO:teuthology.orchestra.run.smithi016.stdout:/usr/bin/ceph: stderr
2024-04-25T01:17:43.567+0000 7f400bf97700 1 -- 172.21.15.16:0/988892930 >> [v2:172.21.15.16:6800/1190188268,v1:172.21.15.16:6801/1190188268] conn(0x7f3ff0039100 msgr2=0x7f3ff003b5c0 secure :-1 s=STATE_CONNECTION_ESTABLISHED l=1).mark_down
2024-04-25T01:17:44.166 INFO:teuthology.orchestra.run.smithi016.stdout:/usr/bin/ceph: stderr
2024-04-25T01:17:43.567+0000 7f400bf97700 1 --2- 172.21.15.16:0/988892930 >> [v2:172.21.15.16:6800/1190188268,v1:172.21.15.16:6801/1190188268] conn(0x7f3ff0039100 0x7f3ff003b5c0 secure :-1 s=READY pgs=11 cs=0 l=1 rev1=1 crypto rx=0x7f3ff4006fd0 tx=0x7f3ff4006e40 comp rx=0 tx=0).stop
2024-04-25T01:17:44.166 INFO:teuthology.orchestra.run.smithi016.stdout:/usr/bin/ceph: stderr
2024-04-25T01:17:43.567+0000 7f400bf97700 1 -- 172.21.15.16:0/988892930 >> [v2:172.21.15.16:3300/0,v1:172.21.15.16:6789/0] conn(0x7f4004108680 msgr2=0x7f4004107f00 secure :-1 s=STATE_CONNECTION_ESTABLISHED l=1).mark_down
2024-04-25T01:17:44.166 INFO:teuthology.orchestra.run.smithi016.stdout:/usr/bin/ceph: stderr
2024-04-25T01:17:43.567+0000 7f400bf97700 1 --2- 172.21.15.16:0/988892930 >> [v2:172.21.15.16:3300/0,v1:172.21.15.16:6789/0] conn(0x7f4004108680 0x7f4004107f00 secure :-1 s=READY pgs=46 cs=0 l=1 rev1=1 crypto rx=0x7f4000011a50 tx=0x7f4000011b30 comp rx=0 tx=0).stop
2024-04-25T01:17:44.166 INFO:teuthology.orchestra.run.smithi016.stdout:/usr/bin/ceph: stderr
2024-04-25T01:17:43.567+0000 7f400bf97700 1 -- 172.21.15.16:0/988892930 shutdown_connections
2024-04-25T01:17:44.166 INFO:teuthology.orchestra.run.smithi016.stdout:/usr/bin/ceph: stderr
2024-04-25T01:17:43.567+0000 7f400bf97700 1 --2- 172.21.15.16:0/988892930 >> [v2:172.21.15.16:6800/1190188268,v1:172.21.15.16:6801/1190188268] conn(0x7f3ff0039100 0x7f3ff003b5c0 unknown :-1 s=CLOSED pgs=11 cs=0 l=1 rev1=1 crypto rx=0 tx=0 comp rx=0 tx=0).stop
2024-04-25T01:17:44.167 INFO:teuthology.orchestra.run.smithi016.stdout:/usr/bin/ceph: stderr
2024-04-25T01:17:43.567+0000 7f400bf97700 1 --2- 172.21.15.16:0/988892930 >> [v2:172.21.15.16:3300/0,v1:172.21.15.16:6789/0] conn(0x7f4004108680 0x7f4004107f00 unknown :-1 s=CLOSED pgs=46 cs=0 l=1 rev1=1 crypto rx=0 tx=0 comp rx=0 tx=0).stop
2024-04-25T01:17:44.167 INFO:teuthology.orchestra.run.smithi016.stdout:/usr/bin/ceph: stderr
2024-04-25T01:17:43.567+0000 7f400bf97700 1 -- 172.21.15.16:0/988892930 >> 172.21.15.16:0/988892930 conn(0x7f4004102050 msgr2=0x7f4004102b40 unknown :-1 s=STATE_NONE l=0).mark_down
2024-04-25T01:17:44.167 INFO:teuthology.orchestra.run.smithi016.stdout:/usr/bin/ceph: stderr
2024-04-25T01:17:43.567+0000 7f400bf97700 1 -- 172.21.15.16:0/988892930 shutdown_connections
2024-04-25T01:17:44.167 INFO:teuthology.orchestra.run.smithi016.stdout:/usr/bin/ceph: stderr
2024-04-25T01:17:43.567+0000 7f400bf97700 1 -- 172.21.15.16:0/988892930 wait complete.
2024-04-25T01:17:44.167 INFO:teuthology.orchestra.run.smithi016.stdout:Deploying unmanaged mon service...
2024-04-25T01:17:44.679 INFO:journalctl@ceph.mon.a.smithi016.stdout:Apr 25 01:17:44 smithi016 ceph-mon[29153]: from='mgr.14120 172.21.15.16:0/187786147' entity='mgr.x'
2024-04-25T01:17:44.679 INFO:journalctl@ceph.mon.a.smithi016.stdout:Apr 25 01:17:44 smithi016 ceph-mon[29153]: Added host smithi016
2024-04-25T01:17:44.679 INFO:journalctl@ceph.mon.a.smithi016.stdout:Apr 25 01:17:44 smithi016 ceph-mon[29153]: from='mgr.14120 172.21.15.16:0/187786147' entity='mgr.x' cmd=[{"prefix": "config dump", "format": "json"}]: dispatch
2024-04-25T01:17:46.024 INFO:journalctl@ceph.mon.a.smithi016.stdout:Apr 25 01:17:45 smithi016 ceph-mon[29153]: from='client.14142 -' entity='client.admin' cmd=[{"prefix": "orch apply", "service_type": "mon", "unmanaged": true, "target": ["mon-mgr", ""]}]: dispatch
2024-04-25T01:17:46.024 INFO:journalctl@ceph.mon.a.smithi016.stdout:Apr 25 01:17:45 smithi016 ceph-mon[29153]: Saving service mon spec with placement count:5
2024-04-25T01:17:46.024 INFO:journalctl@ceph.mon.a.smithi016.stdout:Apr 25 01:17:45 smithi016 ceph-mon[29153]: from='mgr.14120 172.21.15.16:0/187786147' entity='mgr.x'
2024-04-25T01:17:46.426 INFO:teuthology.orchestra.run.smithi016.stdout:/usr/bin/ceph: stdout Scheduled mon update...
2024-04-25T01:17:46.426 INFO:teuthology.orchestra.run.smithi016.stdout:/usr/bin/ceph: stderr
2024-04-25T01:17:44.695+0000 7facb1b87700 1 Processor -- start
2024-04-25T01:17:46.426 INFO:teuthology.orchestra.run.smithi016.stdout:/usr/bin/ceph: stderr
2024-04-25T01:17:44.695+0000 7facb1b87700 1 -- start start
2024-04-25T01:17:46.427 INFO:teuthology.orchestra.run.smithi016.stdout:/usr/bin/ceph: stderr
2024-04-25T01:17:44.695+0000 7facb1b87700 1 --2- >> [v2:172.21.15.16:3300/0,v1:172.21.15.16:6789/0] conn(0x7facac07de80 0x7facac07c2e0 unknown :-1 s=NONE pgs=0 cs=0 l=0 rev1=0 crypto rx=0 tx=0 comp rx=0 tx=0).connect
2024-04-25T01:17:46.427 INFO:teuthology.orchestra.run.smithi016.stdout:/usr/bin/ceph: stderr
2024-04-25T01:17:44.695+0000 7facb1b87700 1 -- --> [v2:172.21.15.16:3300/0,v1:172.21.15.16:6789/0] -- mon_getmap magic: 0 -- 0x7facac07c8b0 con 0x7facac07de80
2024-04-25T01:17:46.427 INFO:teuthology.orchestra.run.smithi016.stdout:/usr/bin/ceph: stderr
2024-04-25T01:17:44.695+0000 7facab7fe700 1 --2- >> [v2:172.21.15.16:3300/0,v1:172.21.15.16:6789/0] conn(0x7facac07de80 0x7facac07c2e0 unknown :-1 s=BANNER_CONNECTING pgs=0 cs=0 l=0 rev1=0 crypto rx=0 tx=0 comp rx=0 tx=0)._handle_peer_banner_payload supported=3 required=0
2024-04-25T01:17:46.427 INFO:teuthology.orchestra.run.smithi016.stdout:/usr/bin/ceph: stderr
2024-04-25T01:17:44.695+0000 7facab7fe700 1 --2- >> [v2:172.21.15.16:3300/0,v1:172.21.15.16:6789/0] conn(0x7facac07de80 0x7facac07c2e0 unknown :-1 s=HELLO_CONNECTING pgs=0 cs=0 l=0 rev1=1 crypto rx=0 tx=0 comp rx=0 tx=0).handle_hello peer v2:172.21.15.16:3300/0 says I am v2:172.21.15.16:39496/0 (socket says 172.21.15.16:39496)
2024-04-25T01:17:46.427 INFO:teuthology.orchestra.run.smithi016.stdout:/usr/bin/ceph: stderr
2024-04-25T01:17:44.695+0000 7facab7fe700 1 -- 172.21.15.16:0/2546361055 learned_addr learned my addr 172.21.15.16:0/2546361055 (peer_addr_for_me v2:172.21.15.16:0/0)
2024-04-25T01:17:46.427 INFO:teuthology.orchestra.run.smithi016.stdout:/usr/bin/ceph: stderr
2024-04-25T01:17:44.696+0000 7facab7fe700 1 -- 172.21.15.16:0/2546361055 --> [v2:172.21.15.16:3300/0,v1:172.21.15.16:6789/0] -- mon_subscribe({config=0+,monmap=0+}) -- 0x7facac07ca30 con 0x7facac07de80
2024-04-25T01:17:46.427 INFO:teuthology.orchestra.run.smithi016.stdout:/usr/bin/ceph: stderr
2024-04-25T01:17:44.696+0000 7facab7fe700 1 --2- 172.21.15.16:0/2546361055 >> [v2:172.21.15.16:3300/0,v1:172.21.15.16:6789/0] conn(0x7facac07de80 0x7facac07c2e0 secure :-1 s=READY pgs=47 cs=0 l=1 rev1=1 crypto rx=0x7fac9c0098a0 tx=0x7fac9c009bb0 comp rx=0 tx=0).ready entity=mon.0 client_cookie=15c82499369578de server_cookie=0 in_seq=0 out_seq=0
2024-04-25T01:17:46.427 INFO:teuthology.orchestra.run.smithi016.stdout:/usr/bin/ceph: stderr
2024-04-25T01:17:44.696+0000 7facaa7fc700 1 -- 172.21.15.16:0/2546361055 <== mon.0 v2:172.21.15.16:3300/0 1 ==== mon_map magic: 0 ==== 205+0+0 (secure 0 0 0) 0x7fac9c004160 con 0x7facac07de80
2024-04-25T01:17:46.427 INFO:teuthology.orchestra.run.smithi016.stdout:/usr/bin/ceph: stderr
2024-04-25T01:17:44.696+0000 7facaa7fc700 1 -- 172.21.15.16:0/2546361055 <== mon.0 v2:172.21.15.16:3300/0 2 ==== config(26 keys) ==== 1071+0+0 (secure 0 0 0) 0x7fac9c004300 con 0x7facac07de80
2024-04-25T01:17:46.427 INFO:teuthology.orchestra.run.smithi016.stdout:/usr/bin/ceph: stderr
2024-04-25T01:17:44.696+0000 7facaa7fc700 1 -- 172.21.15.16:0/2546361055 <== mon.0 v2:172.21.15.16:3300/0 3 ==== mon_map magic: 0 ==== 205+0+0 (secure 0 0 0) 0x7fac9c011a80 con 0x7facac07de80
2024-04-25T01:17:46.427 INFO:teuthology.orchestra.run.smithi016.stdout:/usr/bin/ceph: stderr
2024-04-25T01:17:44.696+0000 7facb1b87700 1 -- 172.21.15.16:0/2546361055 >> [v2:172.21.15.16:3300/0,v1:172.21.15.16:6789/0] conn(0x7facac07de80 msgr2=0x7facac07c2e0 secure :-1 s=STATE_CONNECTION_ESTABLISHED l=1).mark_down
2024-04-25T01:17:46.427 INFO:teuthology.orchestra.run.smithi016.stdout:/usr/bin/ceph: stderr
2024-04-25T01:17:44.696+0000 7facb1b87700 1 --2- 172.21.15.16:0/2546361055 >> [v2:172.21.15.16:3300/0,v1:172.21.15.16:6789/0] conn(0x7facac07de80 0x7facac07c2e0 secure :-1 s=READY pgs=47 cs=0 l=1 rev1=1 crypto rx=0x7fac9c0098a0 tx=0x7fac9c009bb0 comp rx=0 tx=0).stop
2024-04-25T01:17:46.428 INFO:teuthology.orchestra.run.smithi016.stdout:/usr/bin/ceph: stderr
2024-04-25T01:17:44.696+0000 7facb1b87700 1 -- 172.21.15.16:0/2546361055 shutdown_connections
2024-04-25T01:17:46.428 INFO:teuthology.orchestra.run.smithi016.stdout:/usr/bin/ceph: stderr
2024-04-25T01:17:44.696+0000 7facb1b87700 1 --2- 172.21.15.16:0/2546361055 >> [v2:172.21.15.16:3300/0,v1:172.21.15.16:6789/0] conn(0x7facac07de80 0x7facac07c2e0 unknown :-1 s=CLOSED pgs=47 cs=0 l=1 rev1=1 crypto rx=0 tx=0 comp rx=0 tx=0).stop
2024-04-25T01:17:46.428 INFO:teuthology.orchestra.run.smithi016.stdout:/usr/bin/ceph: stderr
2024-04-25T01:17:44.696+0000 7facb1b87700 1 -- 172.21.15.16:0/2546361055 >> 172.21.15.16:0/2546361055 conn(0x7facac103180 msgr2=0x7facac1055a0 unknown :-1 s=STATE_NONE l=0).mark_down
2024-04-25T01:17:46.428 INFO:teuthology.orchestra.run.smithi016.stdout:/usr/bin/ceph: stderr
2024-04-25T01:17:44.697+0000 7facb1b87700 1 -- 172.21.15.16:0/2546361055 shutdown_connections
2024-04-25T01:17:46.428 INFO:teuthology.orchestra.run.smithi016.stdout:/usr/bin/ceph: stderr
2024-04-25T01:17:44.697+0000 7facb1b87700 1 -- 172.21.15.16:0/2546361055 wait complete.
2024-04-25T01:17:46.428 INFO:teuthology.orchestra.run.smithi016.stdout:/usr/bin/ceph: stderr
2024-04-25T01:17:44.697+0000 7facb1b87700 1 Processor -- start
2024-04-25T01:17:46.428 INFO:teuthology.orchestra.run.smithi016.stdout:/usr/bin/ceph: stderr
2024-04-25T01:17:44.697+0000 7facb1b87700 1 -- start start
2024-04-25T01:17:46.428 INFO:teuthology.orchestra.run.smithi016.stdout:/usr/bin/ceph: stderr
2024-04-25T01:17:44.697+0000 7facb1b87700 1 --2- >> [v2:172.21.15.16:3300/0,v1:172.21.15.16:6789/0] conn(0x7facac07de80 0x7facac19dcf0 unknown :-1 s=NONE pgs=0 cs=0 l=1 rev1=0 crypto rx=0 tx=0 comp rx=0 tx=0).connect
2024-04-25T01:17:46.428 INFO:teuthology.orchestra.run.smithi016.stdout:/usr/bin/ceph: stderr
2024-04-25T01:17:44.697+0000 7facb1b87700 1 -- --> [v2:172.21.15.16:3300/0,v1:172.21.15.16:6789/0] -- mon_getmap magic: 0 -- 0x7facac10e160 con 0x7facac07de80
2024-04-25T01:17:46.428 INFO:teuthology.orchestra.run.smithi016.stdout:/usr/bin/ceph: stderr
2024-04-25T01:17:44.698+0000 7facab7fe700 1 --2- >> [v2:172.21.15.16:3300/0,v1:172.21.15.16:6789/0] conn(0x7facac07de80 0x7facac19dcf0 unknown :-1 s=BANNER_CONNECTING pgs=0 cs=0 l=1 rev1=0 crypto rx=0 tx=0 comp rx=0 tx=0)._handle_peer_banner_payload supported=3 required=0
2024-04-25T01:17:46.428 INFO:teuthology.orchestra.run.smithi016.stdout:/usr/bin/ceph: stderr
2024-04-25T01:17:44.698+0000 7facab7fe700 1 --2- >> [v2:172.21.15.16:3300/0,v1:172.21.15.16:6789/0] conn(0x7facac07de80 0x7facac19dcf0 unknown :-1 s=HELLO_CONNECTING pgs=0 cs=0 l=1 rev1=1 crypto rx=0 tx=0 comp rx=0 tx=0).handle_hello peer v2:172.21.15.16:3300/0 says I am v2:172.21.15.16:39502/0 (socket says 172.21.15.16:39502)
2024-04-25T01:17:46.428 INFO:teuthology.orchestra.run.smithi016.stdout:/usr/bin/ceph: stderr
2024-04-25T01:17:44.698+0000 7facab7fe700 1 -- 172.21.15.16:0/2359918046 learned_addr learned my addr 172.21.15.16:0/2359918046 (peer_addr_for_me v2:172.21.15.16:0/0)
2024-04-25T01:17:46.428 INFO:teuthology.orchestra.run.smithi016.stdout:/usr/bin/ceph: stderr
2024-04-25T01:17:44.698+0000 7facab7fe700 1 -- 172.21.15.16:0/2359918046 --> [v2:172.21.15.16:3300/0,v1:172.21.15.16:6789/0] -- mon_subscribe({config=0+,monmap=0+}) -- 0x7facac19e230 con 0x7facac07de80
2024-04-25T01:17:46.428 INFO:teuthology.orchestra.run.smithi016.stdout:/usr/bin/ceph: stderr
2024-04-25T01:17:44.698+0000 7facab7fe700 1 --2- 172.21.15.16:0/2359918046 >> [v2:172.21.15.16:3300/0,v1:172.21.15.16:6789/0] conn(0x7facac07de80 0x7facac19dcf0 secure :-1 s=READY pgs=48 cs=0 l=1 rev1=1 crypto rx=0x7fac9c000c00 tx=0x7fac9c011b00 comp rx=0 tx=0).ready entity=mon.0 client_cookie=0 server_cookie=0 in_seq=0 out_seq=0
2024-04-25T01:17:46.429 INFO:teuthology.orchestra.run.smithi016.stdout:/usr/bin/ceph: stderr
2024-04-25T01:17:44.698+0000 7faca8ff9700 1 -- 172.21.15.16:0/2359918046 <== mon.0 v2:172.21.15.16:3300/0 1 ==== mon_map magic: 0 ==== 205+0+0 (secure 0 0 0) 0x7fac9c0039f0 con 0x7facac07de80
2024-04-25T01:17:46.429 INFO:teuthology.orchestra.run.smithi016.stdout:/usr/bin/ceph: stderr
2024-04-25T01:17:44.698+0000 7faca8ff9700 1 -- 172.21.15.16:0/2359918046 <== mon.0 v2:172.21.15.16:3300/0 2 ==== config(26 keys) ==== 1071+0+0 (secure 0 0 0) 0x7fac9c003b90 con 0x7facac07de80
2024-04-25T01:17:46.429 INFO:teuthology.orchestra.run.smithi016.stdout:/usr/bin/ceph: stderr
2024-04-25T01:17:44.698+0000 7faca8ff9700 1 -- 172.21.15.16:0/2359918046 <== mon.0 v2:172.21.15.16:3300/0 3 ==== mon_map magic: 0 ==== 205+0+0 (secure 0 0 0) 0x7fac9c01a740 con 0x7facac07de80
2024-04-25T01:17:46.429 INFO:teuthology.orchestra.run.smithi016.stdout:/usr/bin/ceph: stderr
2024-04-25T01:17:44.698+0000 7facb1b87700 1 -- 172.21.15.16:0/2359918046 --> [v2:172.21.15.16:3300/0,v1:172.21.15.16:6789/0] -- mon_subscribe({mgrmap=0+}) -- 0x7facac19e4c0 con 0x7facac07de80
2024-04-25T01:17:46.429 INFO:teuthology.orchestra.run.smithi016.stdout:/usr/bin/ceph: stderr
2024-04-25T01:17:44.698+0000 7facb1b87700 1 -- 172.21.15.16:0/2359918046 --> [v2:172.21.15.16:3300/0,v1:172.21.15.16:6789/0] -- mon_subscribe({osdmap=0}) -- 0x7facac1a11a0 con 0x7facac07de80
2024-04-25T01:17:46.429 INFO:teuthology.orchestra.run.smithi016.stdout:/usr/bin/ceph: stderr
2024-04-25T01:17:44.699+0000 7faca8ff9700 1 -- 172.21.15.16:0/2359918046 <== mon.0 v2:172.21.15.16:3300/0 4 ==== mgrmap(e 8) ==== 46287+0+0 (secure 0 0 0) 0x7fac9c01a9f0 con 0x7facac07de80
2024-04-25T01:17:46.429 INFO:teuthology.orchestra.run.smithi016.stdout:/usr/bin/ceph: stderr
2024-04-25T01:17:44.699+0000 7facb1b87700 1 -- 172.21.15.16:0/2359918046 --> [v2:172.21.15.16:3300/0,v1:172.21.15.16:6789/0] -- mon_command({"prefix": "get_command_descriptions"} v 0) -- 0x7facac063890 con 0x7facac07de80
2024-04-25T01:17:46.429 INFO:teuthology.orchestra.run.smithi016.stdout:/usr/bin/ceph: stderr
2024-04-25T01:17:44.699+0000 7faca8ff9700 1 --2- 172.21.15.16:0/2359918046 >> [v2:172.21.15.16:6800/1190188268,v1:172.21.15.16:6801/1190188268] conn(0x7fac980390a0 0x7fac9803b560 unknown :-1 s=NONE pgs=0 cs=0 l=1 rev1=0 crypto rx=0 tx=0 comp rx=0 tx=0).connect
2024-04-25T01:17:46.429 INFO:teuthology.orchestra.run.smithi016.stdout:/usr/bin/ceph: stderr
2024-04-25T01:17:44.699+0000 7faca8ff9700 1 -- 172.21.15.16:0/2359918046 <== mon.0 v2:172.21.15.16:3300/0 5 ==== osd_map(2..2 src has 1..2) ==== 940+0+0 (secure 0 0 0) 0x7fac9c04d4c0 con 0x7facac07de80
2024-04-25T01:17:46.429 INFO:teuthology.orchestra.run.smithi016.stdout:/usr/bin/ceph: stderr
2024-04-25T01:17:44.699+0000 7facaaffd700 1 --2- 172.21.15.16:0/2359918046 >> [v2:172.21.15.16:6800/1190188268,v1:172.21.15.16:6801/1190188268] conn(0x7fac980390a0 0x7fac9803b560 unknown :-1 s=BANNER_CONNECTING pgs=0 cs=0 l=1 rev1=0 crypto rx=0 tx=0 comp rx=0 tx=0)._handle_peer_banner_payload supported=3 required=0
2024-04-25T01:17:46.429 INFO:teuthology.orchestra.run.smithi016.stdout:/usr/bin/ceph: stderr
2024-04-25T01:17:44.700+0000 7facaaffd700 1 --2- 172.21.15.16:0/2359918046 >> [v2:172.21.15.16:6800/1190188268,v1:172.21.15.16:6801/1190188268] conn(0x7fac980390a0 0x7fac9803b560 secure :-1 s=READY pgs=12 cs=0 l=1 rev1=1 crypto rx=0x7fac94006fd0 tx=0x7fac94006e40 comp rx=0 tx=0).ready entity=mgr.14120 client_cookie=0 server_cookie=0 in_seq=0 out_seq=0
2024-04-25T01:17:46.429 INFO:teuthology.orchestra.run.smithi016.stdout:/usr/bin/ceph: stderr
2024-04-25T01:17:44.704+0000 7faca8ff9700 1 -- 172.21.15.16:0/2359918046 <== mon.0 v2:172.21.15.16:3300/0 6 ==== mon_command_ack([{"prefix": "get_command_descriptions"}]=0 v0) ==== 72+0+186147 (secure 0 0 0) 0x7fac9c01ace0 con 0x7facac07de80
2024-04-25T01:17:46.429 INFO:teuthology.orchestra.run.smithi016.stdout:/usr/bin/ceph: stderr
2024-04-25T01:17:44.932+0000 7facb1b87700 1 -- 172.21.15.16:0/2359918046 --> [v2:172.21.15.16:6800/1190188268,v1:172.21.15.16:6801/1190188268] -- mgr_command(tid 0: {"prefix": "orch apply", "service_type": "mon", "unmanaged": true, "target": ["mon-mgr", ""]}) -- 0x7facac104380 con 0x7fac980390a0
2024-04-25T01:17:46.429 INFO:teuthology.orchestra.run.smithi016.stdout:/usr/bin/ceph: stderr
2024-04-25T01:17:44.938+0000 7faca8ff9700 1 -- 172.21.15.16:0/2359918046 <== mgr.14120 v2:172.21.15.16:6800/1190188268 1 ==== mgr_command_reply(tid 0: 0 ) ==== 8+0+24 (secure 0 0 0) 0x7facac104380 con 0x7fac980390a0
2024-04-25T01:17:46.429 INFO:teuthology.orchestra.run.smithi016.stdout:/usr/bin/ceph: stderr
2024-04-25T01:17:44.940+0000 7facb1b87700 1 -- 172.21.15.16:0/2359918046 >> [v2:172.21.15.16:6800/1190188268,v1:172.21.15.16:6801/1190188268] conn(0x7fac980390a0 msgr2=0x7fac9803b560 secure :-1 s=STATE_CONNECTION_ESTABLISHED l=1).mark_down
2024-04-25T01:17:46.430 INFO:teuthology.orchestra.run.smithi016.stdout:/usr/bin/ceph: stderr
2024-04-25T01:17:44.940+0000 7facb1b87700 1 --2- 172.21.15.16:0/2359918046 >> [v2:172.21.15.16:6800/1190188268,v1:172.21.15.16:6801/1190188268] conn(0x7fac980390a0 0x7fac9803b560 secure :-1 s=READY pgs=12 cs=0 l=1 rev1=1 crypto rx=0x7fac94006fd0 tx=0x7fac94006e40 comp rx=0 tx=0).stop
2024-04-25T01:17:46.430 INFO:teuthology.orchestra.run.smithi016.stdout:/usr/bin/ceph: stderr
2024-04-25T01:17:44.940+0000 7facb1b87700 1 -- 172.21.15.16:0/2359918046 >> [v2:172.21.15.16:3300/0,v1:172.21.15.16:6789/0] conn(0x7facac07de80 msgr2=0x7facac19dcf0 secure :-1 s=STATE_CONNECTION_ESTABLISHED l=1).mark_down
2024-04-25T01:17:46.430 INFO:teuthology.orchestra.run.smithi016.stdout:/usr/bin/ceph: stderr
2024-04-25T01:17:44.940+0000 7facb1b87700 1 --2- 172.21.15.16:0/2359918046 >> [v2:172.21.15.16:3300/0,v1:172.21.15.16:6789/0] conn(0x7facac07de80 0x7facac19dcf0 secure :-1 s=READY pgs=48 cs=0 l=1 rev1=1 crypto rx=0x7fac9c000c00 tx=0x7fac9c011b00 comp rx=0 tx=0).stop
2024-04-25T01:17:46.430 INFO:teuthology.orchestra.run.smithi016.stdout:/usr/bin/ceph: stderr
2024-04-25T01:17:44.940+0000 7facb1b87700 1 -- 172.21.15.16:0/2359918046 shutdown_connections
2024-04-25T01:17:46.430 INFO:teuthology.orchestra.run.smithi016.stdout:/usr/bin/ceph: stderr
2024-04-25T01:17:44.940+0000 7facb1b87700 1 --2- 172.21.15.16:0/2359918046 >> [v2:172.21.15.16:6800/1190188268,v1:172.21.15.16:6801/1190188268] conn(0x7fac980390a0 0x7fac9803b560 unknown :-1 s=CLOSED pgs=12 cs=0 l=1 rev1=1 crypto rx=0 tx=0 comp rx=0 tx=0).stop
2024-04-25T01:17:46.430 INFO:teuthology.orchestra.run.smithi016.stdout:/usr/bin/ceph: stderr
2024-04-25T01:17:44.940+0000 7facb1b87700 1 --2- 172.21.15.16:0/2359918046 >> [v2:172.21.15.16:3300/0,v1:172.21.15.16:6789/0] conn(0x7facac07de80 0x7facac19dcf0 unknown :-1 s=CLOSED pgs=48 cs=0 l=1 rev1=1 crypto rx=0 tx=0 comp rx=0 tx=0).stop
2024-04-25T01:17:46.430 INFO:teuthology.orchestra.run.smithi016.stdout:/usr/bin/ceph: stderr
2024-04-25T01:17:44.940+0000 7facb1b87700 1 -- 172.21.15.16:0/2359918046 >> 172.21.15.16:0/2359918046 conn(0x7facac103180 msgr2=0x7facac103c70 unknown :-1 s=STATE_NONE l=0).mark_down
2024-04-25T01:17:46.430 INFO:teuthology.orchestra.run.smithi016.stdout:/usr/bin/ceph: stderr
2024-04-25T01:17:44.940+0000 7facb1b87700 1 -- 172.21.15.16:0/2359918046 shutdown_connections
2024-04-25T01:17:46.430 INFO:teuthology.orchestra.run.smithi016.stdout:/usr/bin/ceph: stderr
2024-04-25T01:17:44.940+0000 7facb1b87700 1 -- 172.21.15.16:0/2359918046 wait complete.
2024-04-25T01:17:46.430 INFO:teuthology.orchestra.run.smithi016.stdout:Deploying unmanaged mgr service...
2024-04-25T01:17:47.364 INFO:journalctl@ceph.mon.a.smithi016.stdout:Apr 25 01:17:47 smithi016 ceph-mon[29153]: from='mgr.14120 172.21.15.16:0/187786147' entity='mgr.x'
2024-04-25T01:17:47.364 INFO:journalctl@ceph.mon.a.smithi016.stdout:Apr 25 01:17:47 smithi016 ceph-mon[29153]: from='mgr.14120 172.21.15.16:0/187786147' entity='mgr.x'
2024-04-25T01:17:47.716 INFO:teuthology.orchestra.run.smithi016.stdout:/usr/bin/ceph: stdout Scheduled mgr update...
2024-04-25T01:17:47.717 INFO:teuthology.orchestra.run.smithi016.stdout:/usr/bin/ceph: stderr
2024-04-25T01:17:46.891+0000 7fc0e7d2a700 1 Processor -- start
2024-04-25T01:17:47.717 INFO:teuthology.orchestra.run.smithi016.stdout:/usr/bin/ceph: stderr
2024-04-25T01:17:46.891+0000 7fc0e7d2a700 1 -- start start
2024-04-25T01:17:47.717 INFO:teuthology.orchestra.run.smithi016.stdout:/usr/bin/ceph: stderr
2024-04-25T01:17:46.892+0000 7fc0e7d2a700 1 --2- >> [v2:172.21.15.16:3300/0,v1:172.21.15.16:6789/0] conn(0x7fc0e0106aa0 0x7fc0e0106ec0 unknown :-1 s=NONE pgs=0 cs=0 l=0 rev1=0 crypto rx=0 tx=0 comp rx=0 tx=0).connect
2024-04-25T01:17:47.717 INFO:teuthology.orchestra.run.smithi016.stdout:/usr/bin/ceph: stderr
2024-04-25T01:17:46.892+0000 7fc0e7d2a700 1 -- --> [v2:172.21.15.16:3300/0,v1:172.21.15.16:6789/0] -- mon_getmap magic: 0 -- 0x7fc0e0107490 con 0x7fc0e0106aa0
2024-04-25T01:17:47.717 INFO:teuthology.orchestra.run.smithi016.stdout:/usr/bin/ceph: stderr
2024-04-25T01:17:46.892+0000 7fc0e5ac6700 1 --2- >> [v2:172.21.15.16:3300/0,v1:172.21.15.16:6789/0] conn(0x7fc0e0106aa0 0x7fc0e0106ec0 unknown :-1 s=BANNER_CONNECTING pgs=0 cs=0 l=0 rev1=0 crypto rx=0 tx=0 comp rx=0 tx=0)._handle_peer_banner_payload supported=3 required=0
2024-04-25T01:17:47.717 INFO:teuthology.orchestra.run.smithi016.stdout:/usr/bin/ceph: stderr
2024-04-25T01:17:46.892+0000 7fc0e5ac6700 1 --2- >> [v2:172.21.15.16:3300/0,v1:172.21.15.16:6789/0] conn(0x7fc0e0106aa0 0x7fc0e0106ec0 unknown :-1 s=HELLO_CONNECTING pgs=0 cs=0 l=0 rev1=1 crypto rx=0 tx=0 comp rx=0 tx=0).handle_hello peer v2:172.21.15.16:3300/0 says I am v2:172.21.15.16:39508/0 (socket says 172.21.15.16:39508)
2024-04-25T01:17:47.717 INFO:teuthology.orchestra.run.smithi016.stdout:/usr/bin/ceph: stderr
2024-04-25T01:17:46.892+0000 7fc0e5ac6700 1 -- 172.21.15.16:0/3768919382 learned_addr learned my addr 172.21.15.16:0/3768919382 (peer_addr_for_me v2:172.21.15.16:0/0)
2024-04-25T01:17:47.717 INFO:teuthology.orchestra.run.smithi016.stdout:/usr/bin/ceph: stderr
2024-04-25T01:17:46.892+0000 7fc0e5ac6700 1 -- 172.21.15.16:0/3768919382 --> [v2:172.21.15.16:3300/0,v1:172.21.15.16:6789/0] -- mon_subscribe({config=0+,monmap=0+}) -- 0x7fc0e0107ca0 con 0x7fc0e0106aa0
2024-04-25T01:17:47.717 INFO:teuthology.orchestra.run.smithi016.stdout:/usr/bin/ceph: stderr
2024-04-25T01:17:46.892+0000 7fc0e5ac6700 1 --2- 172.21.15.16:0/3768919382 >> [v2:172.21.15.16:3300/0,v1:172.21.15.16:6789/0] conn(0x7fc0e0106aa0 0x7fc0e0106ec0 secure :-1 s=READY pgs=49 cs=0 l=1 rev1=1 crypto rx=0x7fc0d40098a0 tx=0x7fc0d4009bb0 comp rx=0 tx=0).ready entity=mon.0 client_cookie=8ef4099db378be34 server_cookie=0 in_seq=0 out_seq=0
2024-04-25T01:17:47.717 INFO:teuthology.orchestra.run.smithi016.stdout:/usr/bin/ceph: stderr
2024-04-25T01:17:46.892+0000 7fc0e4ac4700 1 -- 172.21.15.16:0/3768919382 <== mon.0 v2:172.21.15.16:3300/0 1 ==== mon_map magic: 0 ==== 205+0+0 (secure 0 0 0) 0x7fc0d4004160 con 0x7fc0e0106aa0
2024-04-25T01:17:47.717 INFO:teuthology.orchestra.run.smithi016.stdout:/usr/bin/ceph: stderr
2024-04-25T01:17:46.892+0000 7fc0e4ac4700 1 -- 172.21.15.16:0/3768919382 <== mon.0 v2:172.21.15.16:3300/0 2 ==== config(26 keys) ==== 1102+0+0 (secure 0 0 0) 0x7fc0d4004300 con 0x7fc0e0106aa0
2024-04-25T01:17:47.717 INFO:teuthology.orchestra.run.smithi016.stdout:/usr/bin/ceph: stderr
2024-04-25T01:17:46.892+0000 7fc0e4ac4700 1 -- 172.21.15.16:0/3768919382 <== mon.0 v2:172.21.15.16:3300/0 3 ==== mon_map magic: 0 ==== 205+0+0 (secure 0 0 0) 0x7fc0d4011a50 con 0x7fc0e0106aa0
2024-04-25T01:17:47.718 INFO:teuthology.orchestra.run.smithi016.stdout:/usr/bin/ceph: stderr
2024-04-25T01:17:46.893+0000 7fc0e7d2a700 1 -- 172.21.15.16:0/3768919382 >> [v2:172.21.15.16:3300/0,v1:172.21.15.16:6789/0] conn(0x7fc0e0106aa0 msgr2=0x7fc0e0106ec0 secure :-1 s=STATE_CONNECTION_ESTABLISHED l=1).mark_down
2024-04-25T01:17:47.718 INFO:teuthology.orchestra.run.smithi016.stdout:/usr/bin/ceph: stderr
2024-04-25T01:17:46.893+0000 7fc0e7d2a700 1 --2- 172.21.15.16:0/3768919382 >> [v2:172.21.15.16:3300/0,v1:172.21.15.16:6789/0] conn(0x7fc0e0106aa0 0x7fc0e0106ec0 secure :-1 s=READY pgs=49 cs=0 l=1 rev1=1 crypto rx=0x7fc0d40098a0 tx=0x7fc0d4009bb0 comp rx=0 tx=0).stop
2024-04-25T01:17:47.718 INFO:teuthology.orchestra.run.smithi016.stdout:/usr/bin/ceph: stderr
2024-04-25T01:17:46.893+0000 7fc0e7d2a700 1 -- 172.21.15.16:0/3768919382 shutdown_connections
2024-04-25T01:17:47.718 INFO:teuthology.orchestra.run.smithi016.stdout:/usr/bin/ceph: stderr
2024-04-25T01:17:46.893+0000 7fc0e7d2a700 1 --2- 172.21.15.16:0/3768919382 >> [v2:172.21.15.16:3300/0,v1:172.21.15.16:6789/0] conn(0x7fc0e0106aa0 0x7fc0e0106ec0 unknown :-1 s=CLOSED pgs=49 cs=0 l=1 rev1=1 crypto rx=0 tx=0 comp rx=0 tx=0).stop
2024-04-25T01:17:47.718 INFO:teuthology.orchestra.run.smithi016.stdout:/usr/bin/ceph: stderr
2024-04-25T01:17:46.893+0000 7fc0e7d2a700 1 -- 172.21.15.16:0/3768919382 >> 172.21.15.16:0/3768919382 conn(0x7fc0e0102060 msgr2=0x7fc0e0104480 unknown :-1 s=STATE_NONE l=0).mark_down
2024-04-25T01:17:47.718 INFO:teuthology.orchestra.run.smithi016.stdout:/usr/bin/ceph: stderr
2024-04-25T01:17:46.893+0000 7fc0e7d2a700 1 -- 172.21.15.16:0/3768919382 shutdown_connections
2024-04-25T01:17:47.718 INFO:teuthology.orchestra.run.smithi016.stdout:/usr/bin/ceph: stderr
2024-04-25T01:17:46.893+0000 7fc0e7d2a700 1 -- 172.21.15.16:0/3768919382 wait complete.
2024-04-25T01:17:47.718 INFO:teuthology.orchestra.run.smithi016.stdout:/usr/bin/ceph: stderr
2024-04-25T01:17:46.894+0000 7fc0e7d2a700 1 Processor -- start
2024-04-25T01:17:47.718 INFO:teuthology.orchestra.run.smithi016.stdout:/usr/bin/ceph: stderr
2024-04-25T01:17:46.894+0000 7fc0e7d2a700 1 -- start start
2024-04-25T01:17:47.718 INFO:teuthology.orchestra.run.smithi016.stdout:/usr/bin/ceph: stderr
2024-04-25T01:17:46.894+0000 7fc0e7d2a700 1 --2- >> [v2:172.21.15.16:3300/0,v1:172.21.15.16:6789/0] conn(0x7fc0e0106aa0 0x7fc0e007ba50 unknown :-1 s=NONE pgs=0 cs=0 l=1 rev1=0 crypto rx=0 tx=0 comp rx=0 tx=0).connect
2024-04-25T01:17:47.718 INFO:teuthology.orchestra.run.smithi016.stdout:/usr/bin/ceph: stderr
2024-04-25T01:17:46.894+0000 7fc0e7d2a700 1 -- --> [v2:172.21.15.16:3300/0,v1:172.21.15.16:6789/0] -- mon_getmap magic: 0 -- 0x7fc0e010b050 con 0x7fc0e0106aa0
2024-04-25T01:17:47.718 INFO:teuthology.orchestra.run.smithi016.stdout:/usr/bin/ceph: stderr
2024-04-25T01:17:46.894+0000 7fc0e5ac6700 1 --2- >> [v2:172.21.15.16:3300/0,v1:172.21.15.16:6789/0] conn(0x7fc0e0106aa0 0x7fc0e007ba50 unknown :-1 s=BANNER_CONNECTING pgs=0 cs=0 l=1 rev1=0 crypto rx=0 tx=0 comp rx=0 tx=0)._handle_peer_banner_payload supported=3 required=0
2024-04-25T01:17:47.718 INFO:teuthology.orchestra.run.smithi016.stdout:/usr/bin/ceph: stderr
2024-04-25T01:17:46.894+0000 7fc0e5ac6700 1 --2- >> [v2:172.21.15.16:3300/0,v1:172.21.15.16:6789/0] conn(0x7fc0e0106aa0 0x7fc0e007ba50 unknown :-1 s=HELLO_CONNECTING pgs=0 cs=0 l=1 rev1=1 crypto rx=0 tx=0 comp rx=0 tx=0).handle_hello peer v2:172.21.15.16:3300/0 says I am v2:172.21.15.16:39524/0 (socket says 172.21.15.16:39524)
2024-04-25T01:17:47.719 INFO:teuthology.orchestra.run.smithi016.stdout:/usr/bin/ceph: stderr
2024-04-25T01:17:46.894+0000 7fc0e5ac6700 1 -- 172.21.15.16:0/3498542249 learned_addr learned my addr 172.21.15.16:0/3498542249 (peer_addr_for_me v2:172.21.15.16:0/0)
2024-04-25T01:17:47.719 INFO:teuthology.orchestra.run.smithi016.stdout:/usr/bin/ceph: stderr
2024-04-25T01:17:46.894+0000 7fc0e5ac6700 1 -- 172.21.15.16:0/3498542249 --> [v2:172.21.15.16:3300/0,v1:172.21.15.16:6789/0] -- mon_subscribe({config=0+,monmap=0+}) -- 0x7fc0e019e790 con 0x7fc0e0106aa0
2024-04-25T01:17:47.719 INFO:teuthology.orchestra.run.smithi016.stdout:/usr/bin/ceph: stderr
2024-04-25T01:17:46.895+0000 7fc0e5ac6700 1 --2- 172.21.15.16:0/3498542249 >> [v2:172.21.15.16:3300/0,v1:172.21.15.16:6789/0] conn(0x7fc0e0106aa0 0x7fc0e007ba50 secure :-1 s=READY pgs=50 cs=0 l=1 rev1=1 crypto rx=0x7fc0d4006ba0 tx=0x7fc0d4011ad0 comp rx=0 tx=0).ready entity=mon.0 client_cookie=0 server_cookie=0 in_seq=0 out_seq=0
2024-04-25T01:17:47.719 INFO:teuthology.orchestra.run.smithi016.stdout:/usr/bin/ceph: stderr
2024-04-25T01:17:46.895+0000 7fc0d2ffd700 1 -- 172.21.15.16:0/3498542249 <== mon.0 v2:172.21.15.16:3300/0 1 ==== mon_map magic: 0 ==== 205+0+0 (secure 0 0 0) 0x7fc0d4003af0 con 0x7fc0e0106aa0
2024-04-25T01:17:47.719 INFO:teuthology.orchestra.run.smithi016.stdout:/usr/bin/ceph: stderr
2024-04-25T01:17:46.895+0000 7fc0e7d2a700 1 -- 172.21.15.16:0/3498542249 --> [v2:172.21.15.16:3300/0,v1:172.21.15.16:6789/0] -- mon_subscribe({mgrmap=0+}) -- 0x7fc0e019e960 con 0x7fc0e0106aa0
2024-04-25T01:17:47.719 INFO:teuthology.orchestra.run.smithi016.stdout:/usr/bin/ceph: stderr
2024-04-25T01:17:46.895+0000 7fc0d2ffd700 1 -- 172.21.15.16:0/3498542249 <== mon.0 v2:172.21.15.16:3300/0 2 ==== config(26 keys) ==== 1102+0+0 (secure 0 0 0) 0x7fc0d401a8e0 con 0x7fc0e0106aa0
2024-04-25T01:17:47.719 INFO:teuthology.orchestra.run.smithi016.stdout:/usr/bin/ceph: stderr
2024-04-25T01:17:46.895+0000 7fc0d2ffd700 1 -- 172.21.15.16:0/3498542249 <== mon.0 v2:172.21.15.16:3300/0 3 ==== mon_map magic: 0 ==== 205+0+0 (secure 0 0 0) 0x7fc0d4024900 con 0x7fc0e0106aa0
2024-04-25T01:17:47.719 INFO:teuthology.orchestra.run.smithi016.stdout:/usr/bin/ceph: stderr
2024-04-25T01:17:46.895+0000 7fc0e7d2a700 1 -- 172.21.15.16:0/3498542249 --> [v2:172.21.15.16:3300/0,v1:172.21.15.16:6789/0] -- mon_subscribe({osdmap=0}) -- 0x7fc0e019ed80 con 0x7fc0e0106aa0
2024-04-25T01:17:47.719 INFO:teuthology.orchestra.run.smithi016.stdout:/usr/bin/ceph: stderr
2024-04-25T01:17:46.896+0000 7fc0d2ffd700 1 -- 172.21.15.16:0/3498542249 <== mon.0 v2:172.21.15.16:3300/0 4 ==== mgrmap(e 8) ==== 46287+0+0 (secure 0 0 0) 0x7fc0d4022020 con 0x7fc0e0106aa0
2024-04-25T01:17:47.719 INFO:teuthology.orchestra.run.smithi016.stdout:/usr/bin/ceph: stderr
2024-04-25T01:17:46.896+0000 7fc0e7d2a700 1 -- 172.21.15.16:0/3498542249 --> [v2:172.21.15.16:3300/0,v1:172.21.15.16:6789/0] -- mon_command({"prefix": "get_command_descriptions"} v 0) -- 0x7fc0e0063890 con 0x7fc0e0106aa0
2024-04-25T01:17:47.719 INFO:teuthology.orchestra.run.smithi016.stdout:/usr/bin/ceph: stderr
2024-04-25T01:17:46.896+0000 7fc0d2ffd700 1 --2- 172.21.15.16:0/3498542249 >> [v2:172.21.15.16:6800/1190188268,v1:172.21.15.16:6801/1190188268] conn(0x7fc0cc039000 0x7fc0cc03b4c0 unknown :-1 s=NONE pgs=0 cs=0 l=1 rev1=0 crypto rx=0 tx=0 comp rx=0 tx=0).connect
2024-04-25T01:17:47.719 INFO:teuthology.orchestra.run.smithi016.stdout:/usr/bin/ceph: stderr
2024-04-25T01:17:46.896+0000 7fc0d2ffd700 1 -- 172.21.15.16:0/3498542249 <== mon.0 v2:172.21.15.16:3300/0 5 ==== osd_map(2..2 src has 1..2) ==== 940+0+0 (secure 0 0 0) 0x7fc0d404d5f0 con 0x7fc0e0106aa0
2024-04-25T01:17:47.719 INFO:teuthology.orchestra.run.smithi016.stdout:/usr/bin/ceph: stderr
2024-04-25T01:17:46.896+0000 7fc0e52c5700 1 --2- 172.21.15.16:0/3498542249 >> [v2:172.21.15.16:6800/1190188268,v1:172.21.15.16:6801/1190188268] conn(0x7fc0cc039000 0x7fc0cc03b4c0 unknown :-1 s=BANNER_CONNECTING pgs=0 cs=0 l=1 rev1=0 crypto rx=0 tx=0 comp rx=0 tx=0)._handle_peer_banner_payload supported=3 required=0
2024-04-25T01:17:47.719 INFO:teuthology.orchestra.run.smithi016.stdout:/usr/bin/ceph: stderr
2024-04-25T01:17:46.897+0000 7fc0e52c5700 1 --2- 172.21.15.16:0/3498542249 >> [v2:172.21.15.16:6800/1190188268,v1:172.21.15.16:6801/1190188268] conn(0x7fc0cc039000 0x7fc0cc03b4c0 secure :-1 s=READY pgs=13 cs=0 l=1 rev1=1 crypto rx=0x7fc0dc006fd0 tx=0x7fc0dc006e40 comp rx=0 tx=0).ready entity=mgr.14120 client_cookie=0 server_cookie=0 in_seq=0 out_seq=0
2024-04-25T01:17:47.720 INFO:teuthology.orchestra.run.smithi016.stdout:/usr/bin/ceph: stderr
2024-04-25T01:17:46.901+0000 7fc0d2ffd700 1 -- 172.21.15.16:0/3498542249 <== mon.0 v2:172.21.15.16:3300/0 6 ==== mon_command_ack([{"prefix": "get_command_descriptions"}]=0 v0) ==== 72+0+186147 (secure 0 0 0) 0x7fc0d400b5a0 con 0x7fc0e0106aa0
2024-04-25T01:17:47.720 INFO:teuthology.orchestra.run.smithi016.stdout:/usr/bin/ceph: stderr
2024-04-25T01:17:47.124+0000 7fc0e7d2a700 1 -- 172.21.15.16:0/3498542249 --> [v2:172.21.15.16:6800/1190188268,v1:172.21.15.16:6801/1190188268] -- mgr_command(tid 0: {"prefix": "orch apply", "service_type": "mgr", "unmanaged": true, "target": ["mon-mgr", ""]}) -- 0x7fc0e01031f0 con 0x7fc0cc039000
2024-04-25T01:17:47.720 INFO:teuthology.orchestra.run.smithi016.stdout:/usr/bin/ceph: stderr
2024-04-25T01:17:47.129+0000 7fc0d2ffd700 1 -- 172.21.15.16:0/3498542249 <== mgr.14120 v2:172.21.15.16:6800/1190188268 1 ==== mgr_command_reply(tid 0: 0 ) ==== 8+0+24 (secure 0 0 0) 0x7fc0e01031f0 con 0x7fc0cc039000
2024-04-25T01:17:47.720 INFO:teuthology.orchestra.run.smithi016.stdout:/usr/bin/ceph: stderr
2024-04-25T01:17:47.132+0000 7fc0e7d2a700 1 -- 172.21.15.16:0/3498542249 >> [v2:172.21.15.16:6800/1190188268,v1:172.21.15.16:6801/1190188268] conn(0x7fc0cc039000 msgr2=0x7fc0cc03b4c0 secure :-1 s=STATE_CONNECTION_ESTABLISHED l=1).mark_down
2024-04-25T01:17:47.720 INFO:teuthology.orchestra.run.smithi016.stdout:/usr/bin/ceph: stderr
2024-04-25T01:17:47.132+0000 7fc0e7d2a700 1 --2- 172.21.15.16:0/3498542249 >> [v2:172.21.15.16:6800/1190188268,v1:172.21.15.16:6801/1190188268] conn(0x7fc0cc039000 0x7fc0cc03b4c0 secure :-1 s=READY pgs=13 cs=0 l=1 rev1=1 crypto rx=0x7fc0dc006fd0 tx=0x7fc0dc006e40 comp rx=0 tx=0).stop
2024-04-25T01:17:47.720 INFO:teuthology.orchestra.run.smithi016.stdout:/usr/bin/ceph: stderr
2024-04-25T01:17:47.132+0000 7fc0e7d2a700 1 -- 172.21.15.16:0/3498542249 >> [v2:172.21.15.16:3300/0,v1:172.21.15.16:6789/0] conn(0x7fc0e0106aa0 msgr2=0x7fc0e007ba50 secure :-1 s=STATE_CONNECTION_ESTABLISHED l=1).mark_down
2024-04-25T01:17:47.720 INFO:teuthology.orchestra.run.smithi016.stdout:/usr/bin/ceph: stderr
2024-04-25T01:17:47.132+0000 7fc0e7d2a700 1 --2- 172.21.15.16:0/3498542249 >> [v2:172.21.15.16:3300/0,v1:172.21.15.16:6789/0] conn(0x7fc0e0106aa0 0x7fc0e007ba50 secure :-1 s=READY pgs=50 cs=0 l=1 rev1=1 crypto rx=0x7fc0d4006ba0 tx=0x7fc0d4011ad0 comp rx=0 tx=0).stop
2024-04-25T01:17:47.720 INFO:teuthology.orchestra.run.smithi016.stdout:/usr/bin/ceph: stderr
2024-04-25T01:17:47.132+0000 7fc0e7d2a700 1 -- 172.21.15.16:0/3498542249 shutdown_connections
2024-04-25T01:17:47.720 INFO:teuthology.orchestra.run.smithi016.stdout:/usr/bin/ceph: stderr
2024-04-25T01:17:47.132+0000 7fc0e7d2a700 1 --2- 172.21.15.16:0/3498542249 >> [v2:172.21.15.16:6800/1190188268,v1:172.21.15.16:6801/1190188268] conn(0x7fc0cc039000 0x7fc0cc03b4c0 unknown :-1 s=CLOSED pgs=13 cs=0 l=1 rev1=1 crypto rx=0 tx=0 comp rx=0 tx=0).stop
2024-04-25T01:17:47.720 INFO:teuthology.orchestra.run.smithi016.stdout:/usr/bin/ceph: stderr
2024-04-25T01:17:47.132+0000 7fc0e7d2a700 1 --2- 172.21.15.16:0/3498542249 >> [v2:172.21.15.16:3300/0,v1:172.21.15.16:6789/0] conn(0x7fc0e0106aa0 0x7fc0e007ba50 unknown :-1 s=CLOSED pgs=50 cs=0 l=1 rev1=1 crypto rx=0 tx=0 comp rx=0 tx=0).stop
2024-04-25T01:17:47.720 INFO:teuthology.orchestra.run.smithi016.stdout:/usr/bin/ceph: stderr
2024-04-25T01:17:47.132+0000 7fc0e7d2a700 1 -- 172.21.15.16:0/3498542249 >> 172.21.15.16:0/3498542249 conn(0x7fc0e0102060 msgr2=0x7fc0e0102ae0 unknown :-1 s=STATE_NONE l=0).mark_down
2024-04-25T01:17:47.720 INFO:teuthology.orchestra.run.smithi016.stdout:/usr/bin/ceph: stderr
2024-04-25T01:17:47.132+0000 7fc0e7d2a700 1 -- 172.21.15.16:0/3498542249 shutdown_connections
2024-04-25T01:17:47.720 INFO:teuthology.orchestra.run.smithi016.stdout:/usr/bin/ceph: stderr
2024-04-25T01:17:47.132+0000 7fc0e7d2a700 1 -- 172.21.15.16:0/3498542249 wait complete.
2024-04-25T01:17:48.363 INFO:journalctl@ceph.mon.a.smithi016.stdout:Apr 25 01:17:48 smithi016 ceph-mon[29153]: from='client.14144 -' entity='client.admin' cmd=[{"prefix": "orch apply", "service_type": "mgr", "unmanaged": true, "target": ["mon-mgr", ""]}]: dispatch
2024-04-25T01:17:48.364 INFO:journalctl@ceph.mon.a.smithi016.stdout:Apr 25 01:17:48 smithi016 ceph-mon[29153]: Saving service mgr spec with placement count:2
2024-04-25T01:17:48.364 INFO:journalctl@ceph.mon.a.smithi016.stdout:Apr 25 01:17:48 smithi016 ceph-mon[29153]: from='mgr.14120 172.21.15.16:0/187786147' entity='mgr.x'
2024-04-25T01:17:49.510 INFO:journalctl@ceph.mon.a.smithi016.stdout:Apr 25 01:17:49 smithi016 ceph-mon[29153]: from='client.? 172.21.15.16:0/3175250080' entity='client.admin'
2024-04-25T01:17:49.511 INFO:journalctl@ceph.mon.a.smithi016.stdout:Apr 25 01:17:49 smithi016 ceph-mon[29153]: from='mgr.14120 172.21.15.16:0/187786147' entity='mgr.x'
2024-04-25T01:17:49.518 INFO:teuthology.orchestra.run.smithi016.stdout:/usr/bin/ceph: stderr
2024-04-25T01:17:48.163+0000 7fbdacfb6700 1 Processor -- start
2024-04-25T01:17:49.519 INFO:teuthology.orchestra.run.smithi016.stdout:/usr/bin/ceph: stderr
2024-04-25T01:17:48.163+0000 7fbdacfb6700 1 -- start start
2024-04-25T01:17:49.519 INFO:teuthology.orchestra.run.smithi016.stdout:/usr/bin/ceph: stderr
2024-04-25T01:17:48.164+0000 7fbdacfb6700 1 --2- >> [v2:172.21.15.16:3300/0,v1:172.21.15.16:6789/0] conn(0x7fbda8107ba0 0x7fbda8107fc0 unknown :-1 s=NONE pgs=0 cs=0 l=0 rev1=0 crypto rx=0 tx=0 comp rx=0 tx=0).connect
2024-04-25T01:17:49.519 INFO:teuthology.orchestra.run.smithi016.stdout:/usr/bin/ceph: stderr
2024-04-25T01:17:48.164+0000 7fbdacfb6700 1 -- --> [v2:172.21.15.16:3300/0,v1:172.21.15.16:6789/0] -- mon_getmap magic: 0 -- 0x7fbda8108590 con 0x7fbda8107ba0
2024-04-25T01:17:49.519 INFO:teuthology.orchestra.run.smithi016.stdout:/usr/bin/ceph: stderr
2024-04-25T01:17:48.164+0000 7fbda659c700 1 --2- >> [v2:172.21.15.16:3300/0,v1:172.21.15.16:6789/0] conn(0x7fbda8107ba0 0x7fbda8107fc0 unknown :-1 s=BANNER_CONNECTING pgs=0 cs=0 l=0 rev1=0 crypto rx=0 tx=0 comp rx=0 tx=0)._handle_peer_banner_payload supported=3 required=0
2024-04-25T01:17:49.519 INFO:teuthology.orchestra.run.smithi016.stdout:/usr/bin/ceph: stderr
2024-04-25T01:17:48.164+0000 7fbda659c700 1 --2- >> [v2:172.21.15.16:3300/0,v1:172.21.15.16:6789/0] conn(0x7fbda8107ba0 0x7fbda8107fc0 unknown :-1 s=HELLO_CONNECTING pgs=0 cs=0 l=0 rev1=1 crypto rx=0 tx=0 comp rx=0 tx=0).handle_hello peer v2:172.21.15.16:3300/0 says I am v2:172.21.15.16:39536/0 (socket says 172.21.15.16:39536)
2024-04-25T01:17:49.519 INFO:teuthology.orchestra.run.smithi016.stdout:/usr/bin/ceph: stderr
2024-04-25T01:17:48.164+0000 7fbda659c700 1 -- 172.21.15.16:0/3788619861 learned_addr learned my addr 172.21.15.16:0/3788619861 (peer_addr_for_me v2:172.21.15.16:0/0)
2024-04-25T01:17:49.519 INFO:teuthology.orchestra.run.smithi016.stdout:/usr/bin/ceph: stderr
2024-04-25T01:17:48.164+0000 7fbda659c700 1 -- 172.21.15.16:0/3788619861 --> [v2:172.21.15.16:3300/0,v1:172.21.15.16:6789/0] -- mon_subscribe({config=0+,monmap=0+}) -- 0x7fbda8108da0 con 0x7fbda8107ba0
2024-04-25T01:17:49.519 INFO:teuthology.orchestra.run.smithi016.stdout:/usr/bin/ceph: stderr
2024-04-25T01:17:48.164+0000 7fbda659c700 1 --2- 172.21.15.16:0/3788619861 >> [v2:172.21.15.16:3300/0,v1:172.21.15.16:6789/0] conn(0x7fbda8107ba0 0x7fbda8107fc0 secure :-1 s=READY pgs=51 cs=0 l=1 rev1=1 crypto rx=0x7fbd980098a0 tx=0x7fbd98009bb0 comp rx=0 tx=0).ready entity=mon.0 client_cookie=1e555a7671f7ade server_cookie=0 in_seq=0 out_seq=0
2024-04-25T01:17:49.519 INFO:teuthology.orchestra.run.smithi016.stdout:/usr/bin/ceph: stderr
2024-04-25T01:17:48.164+0000 7fbda559a700 1 -- 172.21.15.16:0/3788619861 <== mon.0 v2:172.21.15.16:3300/0 1 ==== mon_map magic: 0 ==== 205+0+0 (secure 0 0 0) 0x7fbd98004160 con 0x7fbda8107ba0
2024-04-25T01:17:49.519 INFO:teuthology.orchestra.run.smithi016.stdout:/usr/bin/ceph: stderr
2024-04-25T01:17:48.165+0000 7fbda559a700 1 -- 172.21.15.16:0/3788619861 <== mon.0 v2:172.21.15.16:3300/0 2 ==== config(26 keys) ==== 1102+0+0 (secure 0 0 0) 0x7fbd98004300 con 0x7fbda8107ba0
2024-04-25T01:17:49.519 INFO:teuthology.orchestra.run.smithi016.stdout:/usr/bin/ceph: stderr
2024-04-25T01:17:48.165+0000 7fbda559a700 1 -- 172.21.15.16:0/3788619861 <== mon.0 v2:172.21.15.16:3300/0 3 ==== mon_map magic: 0 ==== 205+0+0 (secure 0 0 0) 0x7fbd98011a50 con 0x7fbda8107ba0
2024-04-25T01:17:49.520 INFO:teuthology.orchestra.run.smithi016.stdout:/usr/bin/ceph: stderr
2024-04-25T01:17:48.165+0000 7fbdacfb6700 1 -- 172.21.15.16:0/3788619861 >> [v2:172.21.15.16:3300/0,v1:172.21.15.16:6789/0] conn(0x7fbda8107ba0 msgr2=0x7fbda8107fc0 secure :-1 s=STATE_CONNECTION_ESTABLISHED l=1).mark_down
2024-04-25T01:17:49.520 INFO:teuthology.orchestra.run.smithi016.stdout:/usr/bin/ceph: stderr
2024-04-25T01:17:48.165+0000 7fbdacfb6700 1 --2- 172.21.15.16:0/3788619861 >> [v2:172.21.15.16:3300/0,v1:172.21.15.16:6789/0] conn(0x7fbda8107ba0 0x7fbda8107fc0 secure :-1 s=READY pgs=51 cs=0 l=1 rev1=1 crypto rx=0x7fbd980098a0 tx=0x7fbd98009bb0 comp rx=0 tx=0).stop
2024-04-25T01:17:49.520 INFO:teuthology.orchestra.run.smithi016.stdout:/usr/bin/ceph: stderr
2024-04-25T01:17:48.165+0000 7fbdacfb6700 1 -- 172.21.15.16:0/3788619861 shutdown_connections
2024-04-25T01:17:49.520 INFO:teuthology.orchestra.run.smithi016.stdout:/usr/bin/ceph: stderr
2024-04-25T01:17:48.165+0000 7fbdacfb6700 1 --2- 172.21.15.16:0/3788619861 >> [v2:172.21.15.16:3300/0,v1:172.21.15.16:6789/0] conn(0x7fbda8107ba0 0x7fbda8107fc0 unknown :-1 s=CLOSED pgs=51 cs=0 l=1 rev1=1 crypto rx=0 tx=0 comp rx=0 tx=0).stop
2024-04-25T01:17:49.520 INFO:teuthology.orchestra.run.smithi016.stdout:/usr/bin/ceph: stderr
2024-04-25T01:17:48.165+0000 7fbdacfb6700 1 -- 172.21.15.16:0/3788619861 >> 172.21.15.16:0/3788619861 conn(0x7fbda8103180 msgr2=0x7fbda81055a0 unknown :-1 s=STATE_NONE l=0).mark_down
2024-04-25T01:17:49.520 INFO:teuthology.orchestra.run.smithi016.stdout:/usr/bin/ceph: stderr
2024-04-25T01:17:48.165+0000 7fbdacfb6700 1 -- 172.21.15.16:0/3788619861 shutdown_connections
2024-04-25T01:17:49.520 INFO:teuthology.orchestra.run.smithi016.stdout:/usr/bin/ceph: stderr
