2024-04-25T01:17:54.351 INFO:teuthology.orchestra.run.smithi016.stdout:/usr/bin/ceph: stderr
2024-04-25T01:17:53.473+0000 7f28cee78700 1 -- 172.21.15.16:0/3616629655 wait complete.
2024-04-25T01:17:54.352 INFO:teuthology.orchestra.run.smithi016.stdout:/usr/bin/ceph: stderr
2024-04-25T01:17:53.474+0000 7f28cee78700 1 Processor -- start
2024-04-25T01:17:54.352 INFO:teuthology.orchestra.run.smithi016.stdout:/usr/bin/ceph: stderr
2024-04-25T01:17:53.474+0000 7f28cee78700 1 -- start start
2024-04-25T01:17:54.352 INFO:teuthology.orchestra.run.smithi016.stdout:/usr/bin/ceph: stderr
2024-04-25T01:17:53.474+0000 7f28cee78700 1 --2- >> [v2:172.21.15.16:3300/0,v1:172.21.15.16:6789/0] conn(0x7f28c8107b70 0x7f28c819dcf0 unknown :-1 s=NONE pgs=0 cs=0 l=1 rev1=0 crypto rx=0 tx=0 comp rx=0 tx=0).connect
2024-04-25T01:17:54.352 INFO:teuthology.orchestra.run.smithi016.stdout:/usr/bin/ceph: stderr
2024-04-25T01:17:53.474+0000 7f28cee78700 1 -- --> [v2:172.21.15.16:3300/0,v1:172.21.15.16:6789/0] -- mon_getmap magic: 0 -- 0x7f28c810c120 con 0x7f28c8107b70
2024-04-25T01:17:54.352 INFO:teuthology.orchestra.run.smithi016.stdout:/usr/bin/ceph: stderr
2024-04-25T01:17:53.474+0000 7f28ccc14700 1 --2- >> [v2:172.21.15.16:3300/0,v1:172.21.15.16:6789/0] conn(0x7f28c8107b70 0x7f28c819dcf0 unknown :-1 s=BANNER_CONNECTING pgs=0 cs=0 l=1 rev1=0 crypto rx=0 tx=0 comp rx=0 tx=0)._handle_peer_banner_payload supported=3 required=0
2024-04-25T01:17:54.352 INFO:teuthology.orchestra.run.smithi016.stdout:/usr/bin/ceph: stderr
2024-04-25T01:17:53.474+0000 7f28ccc14700 1 --2- >> [v2:172.21.15.16:3300/0,v1:172.21.15.16:6789/0] conn(0x7f28c8107b70 0x7f28c819dcf0 unknown :-1 s=HELLO_CONNECTING pgs=0 cs=0 l=1 rev1=1 crypto rx=0 tx=0 comp rx=0 tx=0).handle_hello peer v2:172.21.15.16:3300/0 says I am v2:172.21.15.16:57498/0 (socket says 172.21.15.16:57498)
2024-04-25T01:17:54.352 INFO:teuthology.orchestra.run.smithi016.stdout:/usr/bin/ceph: stderr
2024-04-25T01:17:53.474+0000 7f28ccc14700 1 -- 172.21.15.16:0/3611088865 learned_addr learned my addr 172.21.15.16:0/3611088865 (peer_addr_for_me v2:172.21.15.16:0/0)
2024-04-25T01:17:54.352 INFO:teuthology.orchestra.run.smithi016.stdout:/usr/bin/ceph: stderr
2024-04-25T01:17:53.474+0000 7f28ccc14700 1 -- 172.21.15.16:0/3611088865 --> [v2:172.21.15.16:3300/0,v1:172.21.15.16:6789/0] -- mon_subscribe({config=0+,monmap=0+}) -- 0x7f28c819e230 con 0x7f28c8107b70
2024-04-25T01:17:54.352 INFO:teuthology.orchestra.run.smithi016.stdout:/usr/bin/ceph: stderr
2024-04-25T01:17:53.475+0000 7f28ccc14700 1 --2- 172.21.15.16:0/3611088865 >> [v2:172.21.15.16:3300/0,v1:172.21.15.16:6789/0] conn(0x7f28c8107b70 0x7f28c819dcf0 secure :-1 s=READY pgs=60 cs=0 l=1 rev1=1 crypto rx=0x7f28bc011710 tx=0x7f28bc011ad0 comp rx=0 tx=0).ready entity=mon.0 client_cookie=0 server_cookie=0 in_seq=0 out_seq=0
2024-04-25T01:17:54.352 INFO:teuthology.orchestra.run.smithi016.stdout:/usr/bin/ceph: stderr
2024-04-25T01:17:53.475+0000 7f28c5ffb700 1 -- 172.21.15.16:0/3611088865 <== mon.0 v2:172.21.15.16:3300/0 1 ==== mon_map magic: 0 ==== 205+0+0 (secure 0 0 0) 0x7f28bc0039c0 con 0x7f28c8107b70
2024-04-25T01:17:54.352 INFO:teuthology.orchestra.run.smithi016.stdout:/usr/bin/ceph: stderr
2024-04-25T01:17:53.475+0000 7f28cee78700 1 -- 172.21.15.16:0/3611088865 --> [v2:172.21.15.16:3300/0,v1:172.21.15.16:6789/0] -- mon_subscribe({mgrmap=0+}) -- 0x7f28c819e4c0 con 0x7f28c8107b70
2024-04-25T01:17:54.352 INFO:teuthology.orchestra.run.smithi016.stdout:/usr/bin/ceph: stderr
2024-04-25T01:17:53.475+0000 7f28c5ffb700 1 -- 172.21.15.16:0/3611088865 <== mon.0 v2:172.21.15.16:3300/0 2 ==== config(26 keys) ==== 1102+0+0 (secure 0 0 0) 0x7f28bc003b60 con 0x7f28c8107b70
2024-04-25T01:17:54.352 INFO:teuthology.orchestra.run.smithi016.stdout:/usr/bin/ceph: stderr
2024-04-25T01:17:53.475+0000 7f28c5ffb700 1 -- 172.21.15.16:0/3611088865 <== mon.0 v2:172.21.15.16:3300/0 3 ==== mon_map magic: 0 ==== 205+0+0 (secure 0 0 0) 0x7f28bc01a690 con 0x7f28c8107b70
2024-04-25T01:17:54.352 INFO:teuthology.orchestra.run.smithi016.stdout:/usr/bin/ceph: stderr
2024-04-25T01:17:53.475+0000 7f28cee78700 1 -- 172.21.15.16:0/3611088865 --> [v2:172.21.15.16:3300/0,v1:172.21.15.16:6789/0] -- mon_subscribe({osdmap=0}) -- 0x7f28c81a11a0 con 0x7f28c8107b70
2024-04-25T01:17:54.353 INFO:teuthology.orchestra.run.smithi016.stdout:/usr/bin/ceph: stderr
2024-04-25T01:17:53.476+0000 7f28cee78700 1 -- 172.21.15.16:0/3611088865 --> [v2:172.21.15.16:3300/0,v1:172.21.15.16:6789/0] -- mon_command({"prefix": "get_command_descriptions"} v 0) -- 0x7f28c8063890 con 0x7f28c8107b70
2024-04-25T01:17:54.353 INFO:teuthology.orchestra.run.smithi016.stdout:/usr/bin/ceph: stderr
2024-04-25T01:17:53.476+0000 7f28c5ffb700 1 -- 172.21.15.16:0/3611088865 <== mon.0 v2:172.21.15.16:3300/0 4 ==== mgrmap(e 9) ==== 46300+0+0 (secure 0 0 0) 0x7f28bc01a990 con 0x7f28c8107b70
2024-04-25T01:17:54.353 INFO:teuthology.orchestra.run.smithi016.stdout:/usr/bin/ceph: stderr
2024-04-25T01:17:53.476+0000 7f28c5ffb700 1 --2- 172.21.15.16:0/3611088865 >> [v2:172.21.15.16:6800/1190188268,v1:172.21.15.16:6801/1190188268] conn(0x7f28b8039050 0x7f28b803b510 unknown :-1 s=NONE pgs=0 cs=0 l=1 rev1=0 crypto rx=0 tx=0 comp rx=0 tx=0).connect
2024-04-25T01:17:54.353 INFO:teuthology.orchestra.run.smithi016.stdout:/usr/bin/ceph: stderr
2024-04-25T01:17:53.476+0000 7f28c5ffb700 1 -- 172.21.15.16:0/3611088865 <== mon.0 v2:172.21.15.16:3300/0 5 ==== osd_map(2..2 src has 1..2) ==== 940+0+0 (secure 0 0 0) 0x7f28bc04d720 con 0x7f28c8107b70
2024-04-25T01:17:54.353 INFO:teuthology.orchestra.run.smithi016.stdout:/usr/bin/ceph: stderr
2024-04-25T01:17:53.476+0000 7f28c7fff700 1 -- 172.21.15.16:0/3611088865 >> [v2:172.21.15.16:6800/1190188268,v1:172.21.15.16:6801/1190188268] conn(0x7f28b8039050 msgr2=0x7f28b803b510 unknown :-1 s=STATE_CONNECTING_RE l=1).process reconnect failed to v2:172.21.15.16:6800/1190188268
2024-04-25T01:17:54.353 INFO:teuthology.orchestra.run.smithi016.stdout:/usr/bin/ceph: stderr
2024-04-25T01:17:53.476+0000 7f28c7fff700 1 --2- 172.21.15.16:0/3611088865 >> [v2:172.21.15.16:6800/1190188268,v1:172.21.15.16:6801/1190188268] conn(0x7f28b8039050 0x7f28b803b510 unknown :-1 s=START_CONNECT pgs=0 cs=0 l=1 rev1=0 crypto rx=0 tx=0 comp rx=0 tx=0)._fault waiting 0.200000
2024-04-25T01:17:54.353 INFO:teuthology.orchestra.run.smithi016.stdout:/usr/bin/ceph: stderr
2024-04-25T01:17:53.484+0000 7f28c5ffb700 1 -- 172.21.15.16:0/3611088865 <== mon.0 v2:172.21.15.16:3300/0 6 ==== mon_command_ack([{"prefix": "get_command_descriptions"}]=0 v0) ==== 72+0+186147 (secure 0 0 0) 0x7f28bc019c70 con 0x7f28c8107b70
2024-04-25T01:17:54.353 INFO:teuthology.orchestra.run.smithi016.stdout:/usr/bin/ceph: stderr
2024-04-25T01:17:53.677+0000 7f28c7fff700 1 -- 172.21.15.16:0/3611088865 >> [v2:172.21.15.16:6800/1190188268,v1:172.21.15.16:6801/1190188268] conn(0x7f28b8039050 msgr2=0x7f28b803b510 unknown :-1 s=STATE_CONNECTING_RE l=1).process reconnect failed to v2:172.21.15.16:6800/1190188268
2024-04-25T01:17:54.353 INFO:teuthology.orchestra.run.smithi016.stdout:/usr/bin/ceph: stderr
2024-04-25T01:17:53.677+0000 7f28c7fff700 1 --2- 172.21.15.16:0/3611088865 >> [v2:172.21.15.16:6800/1190188268,v1:172.21.15.16:6801/1190188268] conn(0x7f28b8039050 0x7f28b803b510 unknown :-1 s=START_CONNECT pgs=0 cs=0 l=1 rev1=0 crypto rx=0 tx=0 comp rx=0 tx=0)._fault waiting 0.400000
2024-04-25T01:17:54.353 INFO:teuthology.orchestra.run.smithi016.stdout:/usr/bin/ceph: stderr
2024-04-25T01:17:53.796+0000 7f28cee78700 1 -- 172.21.15.16:0/3611088865 --> [v2:172.21.15.16:3300/0,v1:172.21.15.16:6789/0] -- mon_command({"prefix": "mgr stat"} v 0) -- 0x7f28c81a1750 con 0x7f28c8107b70
2024-04-25T01:17:54.353 INFO:teuthology.orchestra.run.smithi016.stdout:/usr/bin/ceph: stderr
2024-04-25T01:17:53.797+0000 7f28c5ffb700 1 -- 172.21.15.16:0/3611088865 <== mon.0 v2:172.21.15.16:3300/0 7 ==== mon_command_ack([{"prefix": "mgr stat"}]=0 v9) ==== 56+0+88 (secure 0 0 0) 0x7f28bc016df0 con 0x7f28c8107b70
2024-04-25T01:17:54.353 INFO:teuthology.orchestra.run.smithi016.stdout:/usr/bin/ceph: stderr
2024-04-25T01:17:53.799+0000 7f28cee78700 1 -- 172.21.15.16:0/3611088865 >> [v2:172.21.15.16:6800/1190188268,v1:172.21.15.16:6801/1190188268] conn(0x7f28b8039050 msgr2=0x7f28b803b510 unknown :-1 s=STATE_CONNECTING l=1).mark_down
2024-04-25T01:17:54.353 INFO:teuthology.orchestra.run.smithi016.stdout:/usr/bin/ceph: stderr
2024-04-25T01:17:53.799+0000 7f28cee78700 1 --2- 172.21.15.16:0/3611088865 >> [v2:172.21.15.16:6800/1190188268,v1:172.21.15.16:6801/1190188268] conn(0x7f28b8039050 0x7f28b803b510 unknown :-1 s=START_CONNECT pgs=0 cs=0 l=1 rev1=0 crypto rx=0 tx=0 comp rx=0 tx=0).stop
2024-04-25T01:17:54.354 INFO:teuthology.orchestra.run.smithi016.stdout:/usr/bin/ceph: stderr
2024-04-25T01:17:53.799+0000 7f28cee78700 1 -- 172.21.15.16:0/3611088865 >> [v2:172.21.15.16:3300/0,v1:172.21.15.16:6789/0] conn(0x7f28c8107b70 msgr2=0x7f28c819dcf0 secure :-1 s=STATE_CONNECTION_ESTABLISHED l=1).mark_down
2024-04-25T01:17:54.354 INFO:teuthology.orchestra.run.smithi016.stdout:/usr/bin/ceph: stderr
2024-04-25T01:17:53.799+0000 7f28cee78700 1 --2- 172.21.15.16:0/3611088865 >> [v2:172.21.15.16:3300/0,v1:172.21.15.16:6789/0] conn(0x7f28c8107b70 0x7f28c819dcf0 secure :-1 s=READY pgs=60 cs=0 l=1 rev1=1 crypto rx=0x7f28bc011710 tx=0x7f28bc011ad0 comp rx=0 tx=0).stop
2024-04-25T01:17:54.354 INFO:teuthology.orchestra.run.smithi016.stdout:/usr/bin/ceph: stderr
2024-04-25T01:17:53.799+0000 7f28cee78700 1 -- 172.21.15.16:0/3611088865 shutdown_connections
2024-04-25T01:17:54.354 INFO:teuthology.orchestra.run.smithi016.stdout:/usr/bin/ceph: stderr
2024-04-25T01:17:53.799+0000 7f28cee78700 1 --2- 172.21.15.16:0/3611088865 >> [v2:172.21.15.16:6800/1190188268,v1:172.21.15.16:6801/1190188268] conn(0x7f28b8039050 0x7f28b803b510 unknown :-1 s=CLOSED pgs=0 cs=0 l=1 rev1=0 crypto rx=0 tx=0 comp rx=0 tx=0).stop
2024-04-25T01:17:54.354 INFO:teuthology.orchestra.run.smithi016.stdout:/usr/bin/ceph: stderr
2024-04-25T01:17:53.799+0000 7f28cee78700 1 --2- 172.21.15.16:0/3611088865 >> [v2:172.21.15.16:3300/0,v1:172.21.15.16:6789/0] conn(0x7f28c8107b70 0x7f28c819dcf0 unknown :-1 s=CLOSED pgs=60 cs=0 l=1 rev1=1 crypto rx=0 tx=0 comp rx=0 tx=0).stop
2024-04-25T01:17:54.354 INFO:teuthology.orchestra.run.smithi016.stdout:/usr/bin/ceph: stderr
2024-04-25T01:17:53.799+0000 7f28cee78700 1 -- 172.21.15.16:0/3611088865 >> 172.21.15.16:0/3611088865 conn(0x7f28c8103130 msgr2=0x7f28c8103be0 unknown :-1 s=STATE_NONE l=0).mark_down
2024-04-25T01:17:54.354 INFO:teuthology.orchestra.run.smithi016.stdout:/usr/bin/ceph: stderr
2024-04-25T01:17:53.799+0000 7f28cee78700 1 -- 172.21.15.16:0/3611088865 shutdown_connections
2024-04-25T01:17:54.354 INFO:teuthology.orchestra.run.smithi016.stdout:/usr/bin/ceph: stderr
2024-04-25T01:17:53.799+0000 7f28cee78700 1 -- 172.21.15.16:0/3611088865 wait complete.
2024-04-25T01:17:54.354 INFO:teuthology.orchestra.run.smithi016.stdout:Waiting for the mgr to restart...
2024-04-25T01:17:54.354 INFO:teuthology.orchestra.run.smithi016.stdout:Waiting for mgr epoch 9...
2024-04-25T01:17:54.464 INFO:journalctl@ceph.mon.a.smithi016.stdout:Apr 25 01:17:54 smithi016 ceph-mon[29153]: from='client.? 172.21.15.16:0/3611088865' entity='client.admin' cmd=[{"prefix": "mgr stat"}]: dispatch
2024-04-25T01:17:54.738 INFO:journalctl@ceph.mgr.x.smithi016.stdout:Apr 25 01:17:54 smithi016 ceph-605c42f8-02a1-11ef-bc93-c7b262605968-mgr-x[29386]:
2024-04-25T01:17:54.573+0000 7f039b34d200 -1 mgr[py] Module telegraf has missing NOTIFY_TYPES member
2024-04-25T01:17:54.738 INFO:journalctl@ceph.mgr.x.smithi016.stdout:Apr 25 01:17:54 smithi016 ceph-605c42f8-02a1-11ef-bc93-c7b262605968-mgr-x[29386]:
2024-04-25T01:17:54.754+0000 7f039b34d200 -1 mgr[py] Module osd_support has missing NOTIFY_TYPES member
2024-04-25T01:17:55.010 INFO:journalctl@ceph.mgr.x.smithi016.stdout:Apr 25 01:17:54 smithi016 ceph-605c42f8-02a1-11ef-bc93-c7b262605968-mgr-x[29386]:
2024-04-25T01:17:54.933+0000 7f039b34d200 -1 mgr[py] Module iostat has missing NOTIFY_TYPES member
2024-04-25T01:17:55.313 INFO:journalctl@ceph.mgr.x.smithi016.stdout:Apr 25 01:17:55 smithi016 ceph-605c42f8-02a1-11ef-bc93-c7b262605968-mgr-x[29386]:
2024-04-25T01:17:55.234+0000 7f039b34d200 -1 mgr[py] Module alerts has missing NOTIFY_TYPES member
2024-04-25T01:17:55.313 INFO:journalctl@ceph.mgr.x.smithi016.stdout:Apr 25 01:17:55 smithi016 ceph-605c42f8-02a1-11ef-bc93-c7b262605968-mgr-x[29386]:
2024-04-25T01:17:55.330+0000 7f039b34d200 -1 mgr[py] Module selftest has missing NOTIFY_TYPES member
2024-04-25T01:17:55.614 INFO:journalctl@ceph.mgr.x.smithi016.stdout:Apr 25 01:17:55 smithi016 ceph-605c42f8-02a1-11ef-bc93-c7b262605968-mgr-x[29386]:
2024-04-25T01:17:55.540+0000 7f039b34d200 -1 mgr[py] Module pg_autoscaler has missing NOTIFY_TYPES member
2024-04-25T01:17:56.119 INFO:journalctl@ceph.mgr.x.smithi016.stdout:Apr 25 01:17:55 smithi016 ceph-605c42f8-02a1-11ef-bc93-c7b262605968-mgr-x[29386]:
2024-04-25T01:17:55.740+0000 7f039b34d200 -1 mgr[py] Module test_orchestrator has missing NOTIFY_TYPES member
2024-04-25T01:17:56.614 INFO:journalctl@ceph.mgr.x.smithi016.stdout:Apr 25 01:17:56 smithi016 ceph-605c42f8-02a1-11ef-bc93-c7b262605968-mgr-x[29386]:
2024-04-25T01:17:56.364+0000 7f039b34d200 -1 mgr[py] Module rook has missing NOTIFY_TYPES member
2024-04-25T01:17:57.098 INFO:journalctl@ceph.mgr.x.smithi016.stdout:Apr 25 01:17:56 smithi016 ceph-605c42f8-02a1-11ef-bc93-c7b262605968-mgr-x[29386]:
2024-04-25T01:17:56.806+0000 7f039b34d200 -1 mgr[py] Module volumes has missing NOTIFY_TYPES member
2024-04-25T01:17:57.098 INFO:journalctl@ceph.mgr.x.smithi016.stdout:Apr 25 01:17:56 smithi016 ceph-605c42f8-02a1-11ef-bc93-c7b262605968-mgr-x[29386]:
2024-04-25T01:17:56.906+0000 7f039b34d200 -1 mgr[py] Module crash has missing NOTIFY_TYPES member
2024-04-25T01:17:57.098 INFO:journalctl@ceph.mgr.x.smithi016.stdout:Apr 25 01:17:57 smithi016 ceph-605c42f8-02a1-11ef-bc93-c7b262605968-mgr-x[29386]:
2024-04-25T01:17:57.114+0000 7f039b34d200 -1 mgr[py] Module rgw has missing NOTIFY_TYPES member
2024-04-25T01:17:57.990 INFO:journalctl@ceph.mgr.x.smithi016.stdout:Apr 25 01:17:57 smithi016 ceph-605c42f8-02a1-11ef-bc93-c7b262605968-mgr-x[29386]:
2024-04-25T01:17:57.657+0000 7f039b34d200 -1 mgr[py] Module prometheus has missing NOTIFY_TYPES member
2024-04-25T01:17:57.990 INFO:journalctl@ceph.mgr.x.smithi016.stdout:Apr 25 01:17:57 smithi016 ceph-605c42f8-02a1-11ef-bc93-c7b262605968-mgr-x[29386]:
2024-04-25T01:17:57.753+0000 7f039b34d200 -1 mgr[py] Module devicehealth has missing NOTIFY_TYPES member
2024-04-25T01:17:58.346 INFO:journalctl@ceph.mgr.x.smithi016.stdout:Apr 25 01:17:58 smithi016 ceph-605c42f8-02a1-11ef-bc93-c7b262605968-mgr-x[29386]:
2024-04-25T01:17:58.003+0000 7f039b34d200 -1 mgr[py] Module telemetry has missing NOTIFY_TYPES member
2024-04-25T01:17:58.346 INFO:journalctl@ceph.mgr.x.smithi016.stdout:Apr 25 01:17:58 smithi016 ceph-605c42f8-02a1-11ef-bc93-c7b262605968-mgr-x[29386]:
2024-04-25T01:17:58.142+0000 7f039b34d200 -1 mgr[py] Module diskprediction_local has missing NOTIFY_TYPES member
2024-04-25T01:17:58.346 INFO:journalctl@ceph.mgr.x.smithi016.stdout:Apr 25 01:17:58 smithi016 ceph-605c42f8-02a1-11ef-bc93-c7b262605968-mgr-x[29386]:
2024-04-25T01:17:58.241+0000 7f039b34d200 -1 mgr[py] Module osd_perf_query has missing NOTIFY_TYPES member
2024-04-25T01:17:58.346 INFO:journalctl@ceph.mgr.x.smithi016.stdout:Apr 25 01:17:58 smithi016 ceph-605c42f8-02a1-11ef-bc93-c7b262605968-mgr-x[29386]:
2024-04-25T01:17:58.361+0000 7f039b34d200 -1 mgr[py] Module rbd_support has missing NOTIFY_TYPES member
2024-04-25T01:17:58.613 INFO:journalctl@ceph.mgr.x.smithi016.stdout:Apr 25 01:17:58 smithi016 ceph-605c42f8-02a1-11ef-bc93-c7b262605968-mgr-x[29386]:
2024-04-25T01:17:58.457+0000 7f039b34d200 -1 mgr[py] Module zabbix has missing NOTIFY_TYPES member
2024-04-25T01:17:59.561 INFO:journalctl@ceph.mgr.x.smithi016.stdout:Apr 25 01:17:59 smithi016 ceph-605c42f8-02a1-11ef-bc93-c7b262605968-mgr-x[29386]:
2024-04-25T01:17:59.299+0000 7f039b34d200 -1 mgr[py] Module status has missing NOTIFY_TYPES member
2024-04-25T01:17:59.561 INFO:journalctl@ceph.mgr.x.smithi016.stdout:Apr 25 01:17:59 smithi016 ceph-605c42f8-02a1-11ef-bc93-c7b262605968-mgr-x[29386]:
2024-04-25T01:17:59.523+0000 7f039b34d200 -1 mgr[py] Module nfs has missing NOTIFY_TYPES member
2024-04-25T01:17:59.863 INFO:journalctl@ceph.mon.a.smithi016.stdout:Apr 25 01:17:59 smithi016 ceph-mon[29153]: Active manager daemon x restarted
2024-04-25T01:17:59.864 INFO:journalctl@ceph.mon.a.smithi016.stdout:Apr 25 01:17:59 smithi016 ceph-mon[29153]: Activating manager daemon x
2024-04-25T01:17:59.864 INFO:journalctl@ceph.mon.a.smithi016.stdout:Apr 25 01:17:59 smithi016 ceph-mon[29153]: osdmap e3: 0 total, 0 up, 0 in
2024-04-25T01:17:59.864 INFO:journalctl@ceph.mon.a.smithi016.stdout:Apr 25 01:17:59 smithi016 ceph-mon[29153]: mgrmap e10: x(active, starting, since 0.00360269s)
2024-04-25T01:17:59.864 INFO:journalctl@ceph.mon.a.smithi016.stdout:Apr 25 01:17:59 smithi016 ceph-mon[29153]: from='mgr.14152 172.21.15.16:0/2251504136' entity='mgr.x' cmd=[{"prefix": "mon metadata", "id": "a"}]: dispatch
2024-04-25T01:17:59.864 INFO:journalctl@ceph.mon.a.smithi016.stdout:Apr 25 01:17:59 smithi016 ceph-mon[29153]: from='mgr.14152 172.21.15.16:0/2251504136' entity='mgr.x' cmd=[{"prefix": "mgr metadata", "who": "x", "id": "x"}]: dispatch
2024-04-25T01:17:59.864 INFO:journalctl@ceph.mon.a.smithi016.stdout:Apr 25 01:17:59 smithi016 ceph-mon[29153]: from='mgr.14152 172.21.15.16:0/2251504136' entity='mgr.x' cmd=[{"prefix": "mds metadata"}]: dispatch
2024-04-25T01:17:59.864 INFO:journalctl@ceph.mon.a.smithi016.stdout:Apr 25 01:17:59 smithi016 ceph-mon[29153]: from='mgr.14152 172.21.15.16:0/2251504136' entity='mgr.x' cmd=[{"prefix": "osd metadata"}]: dispatch
2024-04-25T01:17:59.864 INFO:journalctl@ceph.mon.a.smithi016.stdout:Apr 25 01:17:59 smithi016 ceph-mon[29153]: from='mgr.14152 172.21.15.16:0/2251504136' entity='mgr.x' cmd=[{"prefix": "mon metadata"}]: dispatch
2024-04-25T01:17:59.864 INFO:journalctl@ceph.mon.a.smithi016.stdout:Apr 25 01:17:59 smithi016 ceph-mon[29153]: Manager daemon x is now available
2024-04-25T01:17:59.864 INFO:journalctl@ceph.mon.a.smithi016.stdout:Apr 25 01:17:59 smithi016 ceph-mon[29153]: from='mgr.14152 172.21.15.16:0/2251504136' entity='mgr.x' cmd=[{"prefix": "config dump", "format": "json"}]: dispatch
2024-04-25T01:17:59.864 INFO:journalctl@ceph.mon.a.smithi016.stdout:Apr 25 01:17:59 smithi016 ceph-mon[29153]: from='mgr.14152 172.21.15.16:0/2251504136' entity='mgr.x' cmd=[{"prefix":"config rm","who":"mgr","name":"mgr/rbd_support/x/mirror_snapshot_schedule"}]: dispatch
2024-04-25T01:18:00.750 INFO:journalctl@ceph.mon.a.smithi016.stdout:Apr 25 01:18:00 smithi016 ceph-mon[29153]: from='mgr.14152 172.21.15.16:0/2251504136' entity='mgr.x' cmd=[{"prefix":"config rm","who":"mgr","name":"mgr/rbd_support/x/trash_purge_schedule"}]: dispatch
2024-04-25T01:18:00.751 INFO:journalctl@ceph.mon.a.smithi016.stdout:Apr 25 01:18:00 smithi016 ceph-mon[29153]: [25/Apr/2024:01:18:00] ENGINE Bus STARTING
2024-04-25T01:18:00.751 INFO:journalctl@ceph.mon.a.smithi016.stdout:Apr 25 01:18:00 smithi016 ceph-mon[29153]: [25/Apr/2024:01:18:00] ENGINE Serving on https://172.21.15.16:7150
2024-04-25T01:18:00.751 INFO:journalctl@ceph.mon.a.smithi016.stdout:Apr 25 01:18:00 smithi016 ceph-mon[29153]: mgrmap e11: x(active, since 1.00643s)
2024-04-25T01:18:01.458 INFO:teuthology.orchestra.run.smithi016.stdout:/usr/bin/ceph: stdout {
2024-04-25T01:18:01.458 INFO:teuthology.orchestra.run.smithi016.stdout:/usr/bin/ceph: stdout "mgrmap_epoch": 11,
2024-04-25T01:18:01.459 INFO:teuthology.orchestra.run.smithi016.stdout:/usr/bin/ceph: stdout "initialized": true
2024-04-25T01:18:01.459 INFO:teuthology.orchestra.run.smithi016.stdout:/usr/bin/ceph: stdout }
2024-04-25T01:18:01.459 INFO:teuthology.orchestra.run.smithi016.stdout:/usr/bin/ceph: stderr
2024-04-25T01:17:54.821+0000 7f72f491c700 1 Processor -- start
2024-04-25T01:18:01.459 INFO:teuthology.orchestra.run.smithi016.stdout:/usr/bin/ceph: stderr
2024-04-25T01:17:54.821+0000 7f72f491c700 1 -- start start
2024-04-25T01:18:01.459 INFO:teuthology.orchestra.run.smithi016.stdout:/usr/bin/ceph: stderr
2024-04-25T01:17:54.821+0000 7f72f491c700 1 --2- >> [v2:172.21.15.16:3300/0,v1:172.21.15.16:6789/0] conn(0x7f72f0108010 0x7f72f0108430 unknown :-1 s=NONE pgs=0 cs=0 l=0 rev1=0 crypto rx=0 tx=0 comp rx=0 tx=0).connect
2024-04-25T01:18:01.459 INFO:teuthology.orchestra.run.smithi016.stdout:/usr/bin/ceph: stderr
2024-04-25T01:17:54.821+0000 7f72f491c700 1 -- --> [v2:172.21.15.16:3300/0,v1:172.21.15.16:6789/0] -- mon_getmap magic: 0 -- 0x7f72f0108a00 con 0x7f72f0108010
2024-04-25T01:18:01.459 INFO:teuthology.orchestra.run.smithi016.stdout:/usr/bin/ceph: stderr
2024-04-25T01:17:54.821+0000 7f72ee59c700 1 --2- >> [v2:172.21.15.16:3300/0,v1:172.21.15.16:6789/0] conn(0x7f72f0108010 0x7f72f0108430 unknown :-1 s=BANNER_CONNECTING pgs=0 cs=0 l=0 rev1=0 crypto rx=0 tx=0 comp rx=0 tx=0)._handle_peer_banner_payload supported=3 required=0
2024-04-25T01:18:01.459 INFO:teuthology.orchestra.run.smithi016.stdout:/usr/bin/ceph: stderr
2024-04-25T01:17:54.821+0000 7f72ee59c700 1 --2- >> [v2:172.21.15.16:3300/0,v1:172.21.15.16:6789/0] conn(0x7f72f0108010 0x7f72f0108430 unknown :-1 s=HELLO_CONNECTING pgs=0 cs=0 l=0 rev1=1 crypto rx=0 tx=0 comp rx=0 tx=0).handle_hello peer v2:172.21.15.16:3300/0 says I am v2:172.21.15.16:57500/0 (socket says 172.21.15.16:57500)
2024-04-25T01:18:01.459 INFO:teuthology.orchestra.run.smithi016.stdout:/usr/bin/ceph: stderr
2024-04-25T01:17:54.821+0000 7f72ee59c700 1 -- 172.21.15.16:0/1119033498 learned_addr learned my addr 172.21.15.16:0/1119033498 (peer_addr_for_me v2:172.21.15.16:0/0)
2024-04-25T01:18:01.460 INFO:teuthology.orchestra.run.smithi016.stdout:/usr/bin/ceph: stderr
2024-04-25T01:17:54.822+0000 7f72ee59c700 1 -- 172.21.15.16:0/1119033498 --> [v2:172.21.15.16:3300/0,v1:172.21.15.16:6789/0] -- mon_subscribe({config=0+,monmap=0+}) -- 0x7f72f0108b80 con 0x7f72f0108010
2024-04-25T01:18:01.460 INFO:teuthology.orchestra.run.smithi016.stdout:/usr/bin/ceph: stderr
2024-04-25T01:17:54.822+0000 7f72ee59c700 1 --2- 172.21.15.16:0/1119033498 >> [v2:172.21.15.16:3300/0,v1:172.21.15.16:6789/0] conn(0x7f72f0108010 0x7f72f0108430 secure :-1 s=READY pgs=61 cs=0 l=1 rev1=1 crypto rx=0x7f72e00098a0 tx=0x7f72e0009bb0 comp rx=0 tx=0).ready entity=mon.0 client_cookie=fff15d827ea2a7f server_cookie=0 in_seq=0 out_seq=0
2024-04-25T01:18:01.460 INFO:teuthology.orchestra.run.smithi016.stdout:/usr/bin/ceph: stderr
2024-04-25T01:17:54.822+0000 7f72ed59a700 1 -- 172.21.15.16:0/1119033498 <== mon.0 v2:172.21.15.16:3300/0 1 ==== mon_map magic: 0 ==== 205+0+0 (secure 0 0 0) 0x7f72e0004160 con 0x7f72f0108010
2024-04-25T01:18:01.460 INFO:teuthology.orchestra.run.smithi016.stdout:/usr/bin/ceph: stderr
2024-04-25T01:17:54.822+0000 7f72ed59a700 1 -- 172.21.15.16:0/1119033498 <== mon.0 v2:172.21.15.16:3300/0 2 ==== config(26 keys) ==== 1102+0+0 (secure 0 0 0) 0x7f72e0004300 con 0x7f72f0108010
2024-04-25T01:18:01.460 INFO:teuthology.orchestra.run.smithi016.stdout:/usr/bin/ceph: stderr
2024-04-25T01:17:54.822+0000 7f72ed59a700 1 -- 172.21.15.16:0/1119033498 <== mon.0 v2:172.21.15.16:3300/0 3 ==== mon_map magic: 0 ==== 205+0+0 (secure 0 0 0) 0x7f72e0011a50 con 0x7f72f0108010
2024-04-25T01:18:01.460 INFO:teuthology.orchestra.run.smithi016.stdout:/usr/bin/ceph: stderr
2024-04-25T01:17:54.823+0000 7f72f491c700 1 -- 172.21.15.16:0/1119033498 >> [v2:172.21.15.16:3300/0,v1:172.21.15.16:6789/0] conn(0x7f72f0108010 msgr2=0x7f72f0108430 secure :-1 s=STATE_CONNECTION_ESTABLISHED l=1).mark_down
2024-04-25T01:18:01.460 INFO:teuthology.orchestra.run.smithi016.stdout:/usr/bin/ceph: stderr
2024-04-25T01:17:54.823+0000 7f72f491c700 1 --2- 172.21.15.16:0/1119033498 >> [v2:172.21.15.16:3300/0,v1:172.21.15.16:6789/0] conn(0x7f72f0108010 0x7f72f0108430 secure :-1 s=READY pgs=61 cs=0 l=1 rev1=1 crypto rx=0x7f72e00098a0 tx=0x7f72e0009bb0 comp rx=0 tx=0).stop
2024-04-25T01:18:01.460 INFO:teuthology.orchestra.run.smithi016.stdout:/usr/bin/ceph: stderr
2024-04-25T01:17:54.823+0000 7f72f491c700 1 -- 172.21.15.16:0/1119033498 shutdown_connections
2024-04-25T01:18:01.460 INFO:teuthology.orchestra.run.smithi016.stdout:/usr/bin/ceph: stderr
2024-04-25T01:17:54.823+0000 7f72f491c700 1 --2- 172.21.15.16:0/1119033498 >> [v2:172.21.15.16:3300/0,v1:172.21.15.16:6789/0] conn(0x7f72f0108010 0x7f72f0108430 unknown :-1 s=CLOSED pgs=61 cs=0 l=1 rev1=1 crypto rx=0 tx=0 comp rx=0 tx=0).stop
2024-04-25T01:18:01.460 INFO:teuthology.orchestra.run.smithi016.stdout:/usr/bin/ceph: stderr
2024-04-25T01:17:54.823+0000 7f72f491c700 1 -- 172.21.15.16:0/1119033498 >> 172.21.15.16:0/1119033498 conn(0x7f72f0101780 msgr2=0x7f72f0103ba0 unknown :-1 s=STATE_NONE l=0).mark_down
2024-04-25T01:18:01.460 INFO:teuthology.orchestra.run.smithi016.stdout:/usr/bin/ceph: stderr
2024-04-25T01:17:54.823+0000 7f72f491c700 1 -- 172.21.15.16:0/1119033498 shutdown_connections
2024-04-25T01:18:01.460 INFO:teuthology.orchestra.run.smithi016.stdout:/usr/bin/ceph: stderr
2024-04-25T01:17:54.823+0000 7f72f491c700 1 -- 172.21.15.16:0/1119033498 wait complete.
2024-04-25T01:18:01.461 INFO:teuthology.orchestra.run.smithi016.stdout:/usr/bin/ceph: stderr
2024-04-25T01:17:54.824+0000 7f72f491c700 1 Processor -- start
2024-04-25T01:18:01.461 INFO:teuthology.orchestra.run.smithi016.stdout:/usr/bin/ceph: stderr
2024-04-25T01:17:54.824+0000 7f72f491c700 1 -- start start
2024-04-25T01:18:01.461 INFO:teuthology.orchestra.run.smithi016.stdout:/usr/bin/ceph: stderr
2024-04-25T01:17:54.824+0000 7f72f491c700 1 --2- >> [v2:172.21.15.16:3300/0,v1:172.21.15.16:6789/0] conn(0x7f72f0108010 0x7f72f019db50 unknown :-1 s=NONE pgs=0 cs=0 l=1 rev1=0 crypto rx=0 tx=0 comp rx=0 tx=0).connect
2024-04-25T01:18:01.461 INFO:teuthology.orchestra.run.smithi016.stdout:/usr/bin/ceph: stderr
2024-04-25T01:17:54.824+0000 7f72f491c700 1 -- --> [v2:172.21.15.16:3300/0,v1:172.21.15.16:6789/0] -- mon_getmap magic: 0 -- 0x7f72f01069d0 con 0x7f72f0108010
2024-04-25T01:18:01.461 INFO:teuthology.orchestra.run.smithi016.stdout:/usr/bin/ceph: stderr
2024-04-25T01:17:54.824+0000 7f72ee59c700 1 --2- >> [v2:172.21.15.16:3300/0,v1:172.21.15.16:6789/0] conn(0x7f72f0108010 0x7f72f019db50 unknown :-1 s=BANNER_CONNECTING pgs=0 cs=0 l=1 rev1=0 crypto rx=0 tx=0 comp rx=0 tx=0)._handle_peer_banner_payload supported=3 required=0
2024-04-25T01:18:01.461 INFO:teuthology.orchestra.run.smithi016.stdout:/usr/bin/ceph: stderr
2024-04-25T01:17:54.824+0000 7f72ee59c700 1 --2- >> [v2:172.21.15.16:3300/0,v1:172.21.15.16:6789/0] conn(0x7f72f0108010 0x7f72f019db50 unknown :-1 s=HELLO_CONNECTING pgs=0 cs=0 l=1 rev1=1 crypto rx=0 tx=0 comp rx=0 tx=0).handle_hello peer v2:172.21.15.16:3300/0 says I am v2:172.21.15.16:57506/0 (socket says 172.21.15.16:57506)
2024-04-25T01:18:01.461 INFO:teuthology.orchestra.run.smithi016.stdout:/usr/bin/ceph: stderr
2024-04-25T01:17:54.824+0000 7f72ee59c700 1 -- 172.21.15.16:0/2371966067 learned_addr learned my addr 172.21.15.16:0/2371966067 (peer_addr_for_me v2:172.21.15.16:0/0)
2024-04-25T01:18:01.461 INFO:teuthology.orchestra.run.smithi016.stdout:/usr/bin/ceph: stderr
2024-04-25T01:17:54.824+0000 7f72ee59c700 1 -- 172.21.15.16:0/2371966067 --> [v2:172.21.15.16:3300/0,v1:172.21.15.16:6789/0] -- mon_subscribe({config=0+,monmap=0+}) -- 0x7f72f019e090 con 0x7f72f0108010
2024-04-25T01:18:01.461 INFO:teuthology.orchestra.run.smithi016.stdout:/usr/bin/ceph: stderr
2024-04-25T01:17:54.825+0000 7f72ee59c700 1 --2- 172.21.15.16:0/2371966067 >> [v2:172.21.15.16:3300/0,v1:172.21.15.16:6789/0] conn(0x7f72f0108010 0x7f72f019db50 secure :-1 s=READY pgs=62 cs=0 l=1 rev1=1 crypto rx=0x7f72e0011a20 tx=0x7f72e0011b00 comp rx=0 tx=0).ready entity=mon.0 client_cookie=0 server_cookie=0 in_seq=0 out_seq=0
2024-04-25T01:18:01.461 INFO:teuthology.orchestra.run.smithi016.stdout:/usr/bin/ceph: stderr
2024-04-25T01:17:54.825+0000 7f72df7fe700 1 -- 172.21.15.16:0/2371966067 <== mon.0 v2:172.21.15.16:3300/0 1 ==== mon_map magic: 0 ==== 205+0+0 (secure 0 0 0) 0x7f72e0003b70 con 0x7f72f0108010
2024-04-25T01:18:01.462 INFO:teuthology.orchestra.run.smithi016.stdout:/usr/bin/ceph: stderr
2024-04-25T01:17:54.825+0000 7f72df7fe700 1 -- 172.21.15.16:0/2371966067 <== mon.0 v2:172.21.15.16:3300/0 2 ==== config(26 keys) ==== 1102+0+0 (secure 0 0 0) 0x7f72e001a8e0 con 0x7f72f0108010
2024-04-25T01:18:01.462 INFO:teuthology.orchestra.run.smithi016.stdout:/usr/bin/ceph: stderr
2024-04-25T01:17:54.825+0000 7f72f491c700 1 -- 172.21.15.16:0/2371966067 --> [v2:172.21.15.16:3300/0,v1:172.21.15.16:6789/0] -- mon_subscribe({mgrmap=0+}) -- 0x7f72f019e380 con 0x7f72f0108010
2024-04-25T01:18:01.462 INFO:teuthology.orchestra.run.smithi016.stdout:/usr/bin/ceph: stderr
2024-04-25T01:17:54.825+0000 7f72df7fe700 1 -- 172.21.15.16:0/2371966067 <== mon.0 v2:172.21.15.16:3300/0 3 ==== mon_map magic: 0 ==== 205+0+0 (secure 0 0 0) 0x7f72e0024990 con 0x7f72f0108010
2024-04-25T01:18:01.462 INFO:teuthology.orchestra.run.smithi016.stdout:/usr/bin/ceph: stderr
2024-04-25T01:17:54.825+0000 7f72f491c700 1 -- 172.21.15.16:0/2371966067 --> [v2:172.21.15.16:3300/0,v1:172.21.15.16:6789/0] -- mon_subscribe({osdmap=0}) -- 0x7f72f01a1010 con 0x7f72f0108010
2024-04-25T01:18:01.462 INFO:teuthology.orchestra.run.smithi016.stdout:/usr/bin/ceph: stderr
2024-04-25T01:17:54.826+0000 7f72df7fe700 1 -- 172.21.15.16:0/2371966067 <== mon.0 v2:172.21.15.16:3300/0 4 ==== mgrmap(e 9) ==== 46300+0+0 (secure 0 0 0) 0x7f72e0022020 con 0x7f72f0108010
2024-04-25T01:18:01.462 INFO:teuthology.orchestra.run.smithi016.stdout:/usr/bin/ceph: stderr
2024-04-25T01:17:54.826+0000 7f72df7fe700 1 --2- 172.21.15.16:0/2371966067 >> [v2:172.21.15.16:6800/1190188268,v1:172.21.15.16:6801/1190188268] conn(0x7f72d8039050 0x7f72d803b510 unknown :-1 s=NONE pgs=0 cs=0 l=1 rev1=0 crypto rx=0 tx=0 comp rx=0 tx=0).connect
2024-04-25T01:18:01.462 INFO:teuthology.orchestra.run.smithi016.stdout:/usr/bin/ceph: stderr
2024-04-25T01:17:54.826+0000 7f72df7fe700 1 -- 172.21.15.16:0/2371966067 --> [v2:172.21.15.16:6800/1190188268,v1:172.21.15.16:6801/1190188268] -- command(tid 0: {"prefix": "get_command_descriptions"}) -- 0x7f72d803bc20 con 0x7f72d8039050
2024-04-25T01:18:01.462 INFO:teuthology.orchestra.run.smithi016.stdout:/usr/bin/ceph: stderr
2024-04-25T01:17:54.826+0000 7f72df7fe700 1 -- 172.21.15.16:0/2371966067 <== mon.0 v2:172.21.15.16:3300/0 5 ==== osd_map(2..2 src has 1..2) ==== 940+0+0 (secure 0 0 0) 0x7f72e004d8b0 con 0x7f72f0108010
2024-04-25T01:18:01.462 INFO:teuthology.orchestra.run.smithi016.stdout:/usr/bin/ceph: stderr
2024-04-25T01:17:54.826+0000 7f72edd9b700 1 -- 172.21.15.16:0/2371966067 >> [v2:172.21.15.16:6800/1190188268,v1:172.21.15.16:6801/1190188268] conn(0x7f72d8039050 msgr2=0x7f72d803b510 unknown :-1 s=STATE_CONNECTING_RE l=1).process reconnect failed to v2:172.21.15.16:6800/1190188268
2024-04-25T01:18:01.462 INFO:teuthology.orchestra.run.smithi016.stdout:/usr/bin/ceph: stderr
2024-04-25T01:17:54.826+0000 7f72edd9b700 1 --2- 172.21.15.16:0/2371966067 >> [v2:172.21.15.16:6800/1190188268,v1:172.21.15.16:6801/1190188268] conn(0x7f72d8039050 0x7f72d803b510 unknown :-1 s=START_CONNECT pgs=0 cs=0 l=1 rev1=0 crypto rx=0 tx=0 comp rx=0 tx=0)._fault waiting 0.200000
2024-04-25T01:18:01.463 INFO:teuthology.orchestra.run.smithi016.stdout:/usr/bin/ceph: stderr
2024-04-25T01:17:55.027+0000 7f72edd9b700 1 -- 172.21.15.16:0/2371966067 >> [v2:172.21.15.16:6800/1190188268,v1:172.21.15.16:6801/1190188268] conn(0x7f72d8039050 msgr2=0x7f72d803b510 unknown :-1 s=STATE_CONNECTING_RE l=1).process reconnect failed to v2:172.21.15.16:6800/1190188268
2024-04-25T01:18:01.463 INFO:teuthology.orchestra.run.smithi016.stdout:/usr/bin/ceph: stderr
2024-04-25T01:17:55.027+0000 7f72edd9b700 1 --2- 172.21.15.16:0/2371966067 >> [v2:172.21.15.16:6800/1190188268,v1:172.21.15.16:6801/1190188268] conn(0x7f72d8039050 0x7f72d803b510 unknown :-1 s=START_CONNECT pgs=0 cs=0 l=1 rev1=0 crypto rx=0 tx=0 comp rx=0 tx=0)._fault waiting 0.400000
2024-04-25T01:18:01.463 INFO:teuthology.orchestra.run.smithi016.stdout:/usr/bin/ceph: stderr
2024-04-25T01:17:55.428+0000 7f72edd9b700 1 -- 172.21.15.16:0/2371966067 >> [v2:172.21.15.16:6800/1190188268,v1:172.21.15.16:6801/1190188268] conn(0x7f72d8039050 msgr2=0x7f72d803b510 unknown :-1 s=STATE_CONNECTING_RE l=1).process reconnect failed to v2:172.21.15.16:6800/1190188268
2024-04-25T01:18:01.463 INFO:teuthology.orchestra.run.smithi016.stdout:/usr/bin/ceph: stderr
2024-04-25T01:17:55.428+0000 7f72edd9b700 1 --2- 172.21.15.16:0/2371966067 >> [v2:172.21.15.16:6800/1190188268,v1:172.21.15.16:6801/1190188268] conn(0x7f72d8039050 0x7f72d803b510 unknown :-1 s=START_CONNECT pgs=0 cs=0 l=1 rev1=0 crypto rx=0 tx=0 comp rx=0 tx=0)._fault waiting 0.800000
2024-04-25T01:18:01.463 INFO:teuthology.orchestra.run.smithi016.stdout:/usr/bin/ceph: stderr
2024-04-25T01:17:56.229+0000 7f72edd9b700 1 -- 172.21.15.16:0/2371966067 >> [v2:172.21.15.16:6800/1190188268,v1:172.21.15.16:6801/1190188268] conn(0x7f72d8039050 msgr2=0x7f72d803b510 unknown :-1 s=STATE_CONNECTING_RE l=1).process reconnect failed to v2:172.21.15.16:6800/1190188268
2024-04-25T01:18:01.463 INFO:teuthology.orchestra.run.smithi016.stdout:/usr/bin/ceph: stderr
2024-04-25T01:17:56.229+0000 7f72edd9b700 1 --2- 172.21.15.16:0/2371966067 >> [v2:172.21.15.16:6800/1190188268,v1:172.21.15.16:6801/1190188268] conn(0x7f72d8039050 0x7f72d803b510 unknown :-1 s=START_CONNECT pgs=0 cs=0 l=1 rev1=0 crypto rx=0 tx=0 comp rx=0 tx=0)._fault waiting 1.600000
2024-04-25T01:18:01.463 INFO:teuthology.orchestra.run.smithi016.stdout:/usr/bin/ceph: stderr
2024-04-25T01:17:57.830+0000 7f72edd9b700 1 -- 172.21.15.16:0/2371966067 >> [v2:172.21.15.16:6800/1190188268,v1:172.21.15.16:6801/1190188268] conn(0x7f72d8039050 msgr2=0x7f72d803b510 unknown :-1 s=STATE_CONNECTING_RE l=1).process reconnect failed to v2:172.21.15.16:6800/1190188268
2024-04-25T01:18:01.463 INFO:teuthology.orchestra.run.smithi016.stdout:/usr/bin/ceph: stderr
2024-04-25T01:17:57.830+0000 7f72edd9b700 1 --2- 172.21.15.16:0/2371966067 >> [v2:172.21.15.16:6800/1190188268,v1:172.21.15.16:6801/1190188268] conn(0x7f72d8039050 0x7f72d803b510 unknown :-1 s=START_CONNECT pgs=0 cs=0 l=1 rev1=0 crypto rx=0 tx=0 comp rx=0 tx=0)._fault waiting 3.200000
2024-04-25T01:18:01.463 INFO:teuthology.orchestra.run.smithi016.stdout:/usr/bin/ceph: stderr
2024-04-25T01:17:59.527+0000 7f72df7fe700 1 -- 172.21.15.16:0/2371966067 <== mon.0 v2:172.21.15.16:3300/0 6 ==== mgrmap(e 10) ==== 46067+0+0 (secure 0 0 0) 0x7f72e00193c0 con 0x7f72f0108010
2024-04-25T01:18:01.463 INFO:teuthology.orchestra.run.smithi016.stdout:/usr/bin/ceph: stderr
2024-04-25T01:17:59.527+0000 7f72df7fe700 1 -- 172.21.15.16:0/2371966067 >> [v2:172.21.15.16:6800/1190188268,v1:172.21.15.16:6801/1190188268] conn(0x7f72d8039050 msgr2=0x7f72d803b510 unknown :-1 s=STATE_CONNECTING l=1).mark_down
2024-04-25T01:18:01.464 INFO:teuthology.orchestra.run.smithi016.stdout:/usr/bin/ceph: stderr
2024-04-25T01:17:59.527+0000 7f72df7fe700 1 --2- 172.21.15.16:0/2371966067 >> [v2:172.21.15.16:6800/1190188268,v1:172.21.15.16:6801/1190188268] conn(0x7f72d8039050 0x7f72d803b510 unknown :-1 s=START_CONNECT pgs=0 cs=0 l=1 rev1=0 crypto rx=0 tx=0 comp rx=0 tx=0).stop
2024-04-25T01:18:01.464 INFO:teuthology.orchestra.run.smithi016.stdout:/usr/bin/ceph: stderr
2024-04-25T01:18:00.528+0000 7f72df7fe700 1 -- 172.21.15.16:0/2371966067 <== mon.0 v2:172.21.15.16:3300/0 7 ==== mgrmap(e 11) ==== 46194+0+0 (secure 0 0 0) 0x7f72e004f700 con 0x7f72f0108010
2024-04-25T01:18:01.464 INFO:teuthology.orchestra.run.smithi016.stdout:/usr/bin/ceph: stderr
2024-04-25T01:18:00.529+0000 7f72df7fe700 1 --2- 172.21.15.16:0/2371966067 >> [v2:172.21.15.16:6800/1051975299,v1:172.21.15.16:6801/1051975299] conn(0x7f72d803cb10 0x7f72d803ef00 unknown :-1 s=NONE pgs=0 cs=0 l=1 rev1=0 crypto rx=0 tx=0 comp rx=0 tx=0).connect
2024-04-25T01:18:01.464 INFO:teuthology.orchestra.run.smithi016.stdout:/usr/bin/ceph: stderr
2024-04-25T01:18:00.529+0000 7f72df7fe700 1 -- 172.21.15.16:0/2371966067 --> [v2:172.21.15.16:6800/1051975299,v1:172.21.15.16:6801/1051975299] -- command(tid 0: {"prefix": "get_command_descriptions"}) -- 0x7f72d803bc20 con 0x7f72d803cb10
2024-04-25T01:18:01.464 INFO:teuthology.orchestra.run.smithi016.stdout:/usr/bin/ceph: stderr
2024-04-25T01:18:00.529+0000 7f72edd9b700 1 --2- 172.21.15.16:0/2371966067 >> [v2:172.21.15.16:6800/1051975299,v1:172.21.15.16:6801/1051975299] conn(0x7f72d803cb10 0x7f72d803ef00 unknown :-1 s=BANNER_CONNECTING pgs=0 cs=0 l=1 rev1=0 crypto rx=0 tx=0 comp rx=0 tx=0)._handle_peer_banner_payload supported=3 required=0
2024-04-25T01:18:01.464 INFO:teuthology.orchestra.run.smithi016.stdout:/usr/bin/ceph: stderr
2024-04-25T01:18:00.530+0000 7f72edd9b700 1 --2- 172.21.15.16:0/2371966067 >> [v2:172.21.15.16:6800/1051975299,v1:172.21.15.16:6801/1051975299] conn(0x7f72d803cb10 0x7f72d803ef00 secure :-1 s=READY pgs=1 cs=0 l=1 rev1=1 crypto rx=0x7f72e4003a10 tx=0x7f72e40092b0 comp rx=0 tx=0).ready entity=mgr.14152 client_cookie=0 server_cookie=0 in_seq=0 out_seq=0
2024-04-25T01:18:01.464 INFO:teuthology.orchestra.run.smithi016.stdout:/usr/bin/ceph: stderr
2024-04-25T01:18:00.530+0000 7f72df7fe700 1 -- 172.21.15.16:0/2371966067 <== mgr.14152 v2:172.21.15.16:6800/1051975299 1 ==== command_reply(tid 0: 0 ) ==== 8+0+7774 (secure 0 0 0) 0x7f72d803bc20 con 0x7f72d803cb10
2024-04-25T01:18:01.464 INFO:teuthology.orchestra.run.smithi016.stdout:/usr/bin/ceph: stderr
2024-04-25T01:18:00.537+0000 7f72f491c700 1 -- 172.21.15.16:0/2371966067 --> [v2:172.21.15.16:6800/1051975299,v1:172.21.15.16:6801/1051975299] -- command(tid 1: {"prefix": "mgr_status"}) -- 0x7f72f0063890 con 0x7f72d803cb10
2024-04-25T01:18:01.464 INFO:teuthology.orchestra.run.smithi016.stdout:/usr/bin/ceph: stderr
2024-04-25T01:18:00.537+0000 7f72df7fe700 1 -- 172.21.15.16:0/2371966067 <== mgr.14152 v2:172.21.15.16:6800/1051975299 2 ==== command_reply(tid 1: 0 ) ==== 8+0+52 (secure 0 0 0) 0x7f72f0063890 con 0x7f72d803cb10
2024-04-25T01:18:01.464 INFO:teuthology.orchestra.run.smithi016.stdout:/usr/bin/ceph: stderr
2024-04-25T01:18:00.538+0000 7f72f491c700 1 -- 172.21.15.16:0/2371966067 >> [v2:172.21.15.16:6800/1051975299,v1:172.21.15.16:6801/1051975299] conn(0x7f72d803cb10 msgr2=0x7f72d803ef00 secure :-1 s=STATE_CONNECTION_ESTABLISHED l=1).mark_down
2024-04-25T01:18:01.464 INFO:teuthology.orchestra.run.smithi016.stdout:/usr/bin/ceph: stderr
2024-04-25T01:18:00.538+0000 7f72f491c700 1 --2- 172.21.15.16:0/2371966067 >> [v2:172.21.15.16:6800/1051975299,v1:172.21.15.16:6801/1051975299] conn(0x7f72d803cb10 0x7f72d803ef00 secure :-1 s=READY pgs=1 cs=0 l=1 rev1=1 crypto rx=0x7f72e4003a10 tx=0x7f72e40092b0 comp rx=0 tx=0).stop
2024-04-25T01:18:01.464 INFO:teuthology.orchestra.run.smithi016.stdout:/usr/bin/ceph: stderr
2024-04-25T01:18:00.538+0000 7f72f491c700 1 -- 172.21.15.16:0/2371966067 >> [v2:172.21.15.16:3300/0,v1:172.21.15.16:6789/0] conn(0x7f72f0108010 msgr2=0x7f72f019db50 secure :-1 s=STATE_CONNECTION_ESTABLISHED l=1).mark_down
2024-04-25T01:18:01.465 INFO:teuthology.orchestra.run.smithi016.stdout:/usr/bin/ceph: stderr
2024-04-25T01:18:00.538+0000 7f72f491c700 1 --2- 172.21.15.16:0/2371966067 >> [v2:172.21.15.16:3300/0,v1:172.21.15.16:6789/0] conn(0x7f72f0108010 0x7f72f019db50 secure :-1 s=READY pgs=62 cs=0 l=1 rev1=1 crypto rx=0x7f72e0011a20 tx=0x7f72e0011b00 comp rx=0 tx=0).stop
2024-04-25T01:18:01.465 INFO:teuthology.orchestra.run.smithi016.stdout:/usr/bin/ceph: stderr
2024-04-25T01:18:00.538+0000 7f72f491c700 1 -- 172.21.15.16:0/2371966067 shutdown_connections
2024-04-25T01:18:01.465 INFO:teuthology.orchestra.run.smithi016.stdout:/usr/bin/ceph: stderr
2024-04-25T01:18:00.538+0000 7f72f491c700 1 --2- 172.21.15.16:0/2371966067 >> [v2:172.21.15.16:3300/0,v1:172.21.15.16:6789/0] conn(0x7f72f0108010 0x7f72f019db50 unknown :-1 s=CLOSED pgs=62 cs=0 l=1 rev1=1 crypto rx=0 tx=0 comp rx=0 tx=0).stop
2024-04-25T01:18:01.465 INFO:teuthology.orchestra.run.smithi016.stdout:/usr/bin/ceph: stderr
2024-04-25T01:18:00.538+0000 7f72f491c700 1 --2- 172.21.15.16:0/2371966067 >> [v2:172.21.15.16:6800/1051975299,v1:172.21.15.16:6801/1051975299] conn(0x7f72d803cb10 0x7f72d803ef00 unknown :-1 s=CLOSED pgs=1 cs=0 l=1 rev1=1 crypto rx=0 tx=0 comp rx=0 tx=0).stop
2024-04-25T01:18:01.465 INFO:teuthology.orchestra.run.smithi016.stdout:/usr/bin/ceph: stderr
2024-04-25T01:18:00.538+0000 7f72f491c700 1 --2- 172.21.15.16:0/2371966067 >> [v2:172.21.15.16:6800/1190188268,v1:172.21.15.16:6801/1190188268] conn(0x7f72d8039050 0x7f72d803b510 unknown :-1 s=CLOSED pgs=0 cs=0 l=1 rev1=0 crypto rx=0 tx=0 comp rx=0 tx=0).stop
2024-04-25T01:18:01.465 INFO:teuthology.orchestra.run.smithi016.stdout:/usr/bin/ceph: stderr
2024-04-25T01:18:00.538+0000 7f72f491c700 1 -- 172.21.15.16:0/2371966067 >> 172.21.15.16:0/2371966067 conn(0x7f72f0101780 msgr2=0x7f72f0194190 unknown :-1 s=STATE_NONE l=0).mark_down
2024-04-25T01:18:01.465 INFO:teuthology.orchestra.run.smithi016.stdout:/usr/bin/ceph: stderr
2024-04-25T01:18:00.538+0000 7f72f491c700 1 -- 172.21.15.16:0/2371966067 shutdown_connections
2024-04-25T01:18:01.465 INFO:teuthology.orchestra.run.smithi016.stdout:/usr/bin/ceph: stderr
2024-04-25T01:18:00.538+0000 7f72f491c700 1 -- 172.21.15.16:0/2371966067 wait complete.
2024-04-25T01:18:01.465 INFO:teuthology.orchestra.run.smithi016.stdout:mgr epoch 9 is available
2024-04-25T01:18:01.465 INFO:teuthology.orchestra.run.smithi016.stdout:Generating a dashboard self-signed certificate...
2024-04-25T01:18:02.300 INFO:journalctl@ceph.mon.a.smithi016.stdout:Apr 25 01:18:02 smithi016 ceph-mon[29153]: from='client.14156 -' entity='client.admin' cmd=[{"prefix": "get_command_descriptions"}]: dispatch
2024-04-25T01:18:02.301 INFO:journalctl@ceph.mon.a.smithi016.stdout:Apr 25 01:18:02 smithi016 ceph-mon[29153]: from='client.14156 -' entity='client.admin' cmd=[{"prefix": "mgr_status"}]: dispatch
2024-04-25T01:18:02.301 INFO:journalctl@ceph.mon.a.smithi016.stdout:Apr 25 01:18:02 smithi016 ceph-mon[29153]: [25/Apr/2024:01:18:00] ENGINE Serving on http://172.21.15.16:8765
2024-04-25T01:18:02.301 INFO:journalctl@ceph.mon.a.smithi016.stdout:Apr 25 01:18:02 smithi016 ceph-mon[29153]: [25/Apr/2024:01:18:00] ENGINE Bus STARTED
2024-04-25T01:18:02.301 INFO:journalctl@ceph.mon.a.smithi016.stdout:Apr 25 01:18:02 smithi016 ceph-mon[29153]: from='mgr.14152 172.21.15.16:0/2251504136' entity='mgr.x'
2024-04-25T01:18:02.972 INFO:teuthology.orchestra.run.smithi016.stdout:/usr/bin/ceph: stdout Self-signed certificate created
2024-04-25T01:18:02.972 INFO:teuthology.orchestra.run.smithi016.stdout:/usr/bin/ceph: stderr
2024-04-25T01:18:01.942+0000 7f7a0f9e9700 1 Processor -- start
2024-04-25T01:18:02.972 INFO:teuthology.orchestra.run.smithi016.stdout:/usr/bin/ceph: stderr
2024-04-25T01:18:01.942+0000 7f7a0f9e9700 1 -- start start
2024-04-25T01:18:02.973 INFO:teuthology.orchestra.run.smithi016.stdout:/usr/bin/ceph: stderr
2024-04-25T01:18:01.942+0000 7f7a0f9e9700 1 --2- >> [v2:172.21.15.16:3300/0,v1:172.21.15.16:6789/0] conn(0x7f7a08108650 0x7f7a0810aa40 unknown :-1 s=NONE pgs=0 cs=0 l=0 rev1=0 crypto rx=0 tx=0 comp rx=0 tx=0).connect
2024-04-25T01:18:02.973 INFO:teuthology.orchestra.run.smithi016.stdout:/usr/bin/ceph: stderr
2024-04-25T01:18:01.942+0000 7f7a0f9e9700 1 -- --> [v2:172.21.15.16:3300/0,v1:172.21.15.16:6789/0] -- mon_getmap magic: 0 -- 0x7f7a0807bdf0 con 0x7f7a08108650
2024-04-25T01:18:02.973 INFO:teuthology.orchestra.run.smithi016.stdout:/usr/bin/ceph: stderr
2024-04-25T01:18:01.942+0000 7f7a0d785700 1 --2- >> [v2:172.21.15.16:3300/0,v1:172.21.15.16:6789/0] conn(0x7f7a08108650 0x7f7a0810aa40 unknown :-1 s=BANNER_CONNECTING pgs=0 cs=0 l=0 rev1=0 crypto rx=0 tx=0 comp rx=0 tx=0)._handle_peer_banner_payload supported=3 required=0
2024-04-25T01:18:02.973 INFO:teuthology.orchestra.run.smithi016.stdout:/usr/bin/ceph: stderr
2024-04-25T01:18:01.942+0000 7f7a0d785700 1 --2- >> [v2:172.21.15.16:3300/0,v1:172.21.15.16:6789/0] conn(0x7f7a08108650 0x7f7a0810aa40 unknown :-1 s=HELLO_CONNECTING pgs=0 cs=0 l=0 rev1=1 crypto rx=0 tx=0 comp rx=0 tx=0).handle_hello peer v2:172.21.15.16:3300/0 says I am v2:172.21.15.16:41528/0 (socket says 172.21.15.16:41528)
2024-04-25T01:18:02.973 INFO:teuthology.orchestra.run.smithi016.stdout:/usr/bin/ceph: stderr
2024-04-25T01:18:01.942+0000 7f7a0d785700 1 -- 172.21.15.16:0/57625546 learned_addr learned my addr 172.21.15.16:0/57625546 (peer_addr_for_me v2:172.21.15.16:0/0)
2024-04-25T01:18:02.973 INFO:teuthology.orchestra.run.smithi016.stdout:/usr/bin/ceph: stderr
2024-04-25T01:18:01.943+0000 7f7a0d785700 1 -- 172.21.15.16:0/57625546 --> [v2:172.21.15.16:3300/0,v1:172.21.15.16:6789/0] -- mon_subscribe({config=0+,monmap=0+}) -- 0x7f7a0810af80 con 0x7f7a08108650
2024-04-25T01:18:02.973 INFO:teuthology.orchestra.run.smithi016.stdout:/usr/bin/ceph: stderr
2024-04-25T01:18:01.943+0000 7f7a0d785700 1 --2- 172.21.15.16:0/57625546 >> [v2:172.21.15.16:3300/0,v1:172.21.15.16:6789/0] conn(0x7f7a08108650 0x7f7a0810aa40 secure :-1 s=READY pgs=70 cs=0 l=1 rev1=1 crypto rx=0x7f7a040098a0 tx=0x7f7a04009bb0 comp rx=0 tx=0).ready entity=mon.0 client_cookie=92c186b573e2330b server_cookie=0 in_seq=0 out_seq=0
2024-04-25T01:18:02.973 INFO:teuthology.orchestra.run.smithi016.stdout:/usr/bin/ceph: stderr
2024-04-25T01:18:01.943+0000 7f79fffff700 1 -- 172.21.15.16:0/57625546 <== mon.0 v2:172.21.15.16:3300/0 1 ==== mon_map magic: 0 ==== 205+0+0 (secure 0 0 0) 0x7f7a04004160 con 0x7f7a08108650
2024-04-25T01:18:02.973 INFO:teuthology.orchestra.run.smithi016.stdout:/usr/bin/ceph: stderr
2024-04-25T01:18:01.943+0000 7f79fffff700 1 -- 172.21.15.16:0/57625546 <== mon.0 v2:172.21.15.16:3300/0 2 ==== config(26 keys) ==== 1102+0+0 (secure 0 0 0) 0x7f7a04004300 con 0x7f7a08108650
2024-04-25T01:18:02.973 INFO:teuthology.orchestra.run.smithi016.stdout:/usr/bin/ceph: stderr
2024-04-25T01:18:01.943+0000 7f79fffff700 1 -- 172.21.15.16:0/57625546 <== mon.0 v2:172.21.15.16:3300/0 3 ==== mon_map magic: 0 ==== 205+0+0 (secure 0 0 0) 0x7f7a04011a50 con 0x7f7a08108650
2024-04-25T01:18:02.973 INFO:teuthology.orchestra.run.smithi016.stdout:/usr/bin/ceph: stderr
2024-04-25T01:18:01.944+0000 7f7a0f9e9700 1 -- 172.21.15.16:0/57625546 >> [v2:172.21.15.16:3300/0,v1:172.21.15.16:6789/0] conn(0x7f7a08108650 msgr2=0x7f7a0810aa40 secure :-1 s=STATE_CONNECTION_ESTABLISHED l=1).mark_down
2024-04-25T01:18:02.973 INFO:teuthology.orchestra.run.smithi016.stdout:/usr/bin/ceph: stderr
2024-04-25T01:18:01.944+0000 7f7a0f9e9700 1 --2- 172.21.15.16:0/57625546 >> [v2:172.21.15.16:3300/0,v1:172.21.15.16:6789/0] conn(0x7f7a08108650 0x7f7a0810aa40 secure :-1 s=READY pgs=70 cs=0 l=1 rev1=1 crypto rx=0x7f7a040098a0 tx=0x7f7a04009bb0 comp rx=0 tx=0).stop
2024-04-25T01:18:02.973 INFO:teuthology.orchestra.run.smithi016.stdout:/usr/bin/ceph: stderr
2024-04-25T01:18:01.944+0000 7f7a0f9e9700 1 -- 172.21.15.16:0/57625546 shutdown_connections
2024-04-25T01:18:02.974 INFO:teuthology.orchestra.run.smithi016.stdout:/usr/bin/ceph: stderr
2024-04-25T01:18:01.944+0000 7f7a0f9e9700 1 --2- 172.21.15.16:0/57625546 >> [v2:172.21.15.16:3300/0,v1:172.21.15.16:6789/0] conn(0x7f7a08108650 0x7f7a0810aa40 unknown :-1 s=CLOSED pgs=70 cs=0 l=1 rev1=1 crypto rx=0 tx=0 comp rx=0 tx=0).stop
2024-04-25T01:18:02.974 INFO:teuthology.orchestra.run.smithi016.stdout:/usr/bin/ceph: stderr
2024-04-25T01:18:01.944+0000 7f7a0f9e9700 1 -- 172.21.15.16:0/57625546 >> 172.21.15.16:0/57625546 conn(0x7f7a08102020 msgr2=0x7f7a08104460 unknown :-1 s=STATE_NONE l=0).mark_down
2024-04-25T01:18:02.974 INFO:teuthology.orchestra.run.smithi016.stdout:/usr/bin/ceph: stderr
2024-04-25T01:18:01.944+0000 7f7a0f9e9700 1 -- 172.21.15.16:0/57625546 shutdown_connections
2024-04-25T01:18:02.974 INFO:teuthology.orchestra.run.smithi016.stdout:/usr/bin/ceph: stderr
2024-04-25T01:18:01.944+0000 7f7a0f9e9700 1 -- 172.21.15.16:0/57625546 wait complete.
2024-04-25T01:18:02.974 INFO:teuthology.orchestra.run.smithi016.stdout:/usr/bin/ceph: stderr
2024-04-25T01:18:01.945+0000 7f7a0f9e9700 1 Processor -- start
2024-04-25T01:18:02.974 INFO:teuthology.orchestra.run.smithi016.stdout:/usr/bin/ceph: stderr
2024-04-25T01:18:01.945+0000 7f7a0f9e9700 1 -- start start
2024-04-25T01:18:02.974 INFO:teuthology.orchestra.run.smithi016.stdout:/usr/bin/ceph: stderr
2024-04-25T01:18:01.945+0000 7f7a0f9e9700 1 --2- >> [v2:172.21.15.16:3300/0,v1:172.21.15.16:6789/0] conn(0x7f7a08108650 0x7f7a0819ba50 unknown :-1 s=NONE pgs=0 cs=0 l=1 rev1=0 crypto rx=0 tx=0 comp rx=0 tx=0).connect
2024-04-25T01:18:02.974 INFO:teuthology.orchestra.run.smithi016.stdout:/usr/bin/ceph: stderr
2024-04-25T01:18:01.945+0000 7f7a0f9e9700 1 -- --> [v2:172.21.15.16:3300/0,v1:172.21.15.16:6789/0] -- mon_getmap magic: 0 -- 0x7f7a0810bf30 con 0x7f7a08108650
2024-04-25T01:18:02.974 INFO:teuthology.orchestra.run.smithi016.stdout:/usr/bin/ceph: stderr
2024-04-25T01:18:01.945+0000 7f7a0d785700 1 --2- >> [v2:172.21.15.16:3300/0,v1:172.21.15.16:6789/0] conn(0x7f7a08108650 0x7f7a0819ba50 unknown :-1 s=BANNER_CONNECTING pgs=0 cs=0 l=1 rev1=0 crypto rx=0 tx=0 comp rx=0 tx=0)._handle_peer_banner_payload supported=3 required=0
2024-04-25T01:18:02.974 INFO:teuthology.orchestra.run.smithi016.stdout:/usr/bin/ceph: stderr
2024-04-25T01:18:01.945+0000 7f7a0d785700 1 --2- >> [v2:172.21.15.16:3300/0,v1:172.21.15.16:6789/0] conn(0x7f7a08108650 0x7f7a0819ba50 unknown :-1 s=HELLO_CONNECTING pgs=0 cs=0 l=1 rev1=1 crypto rx=0 tx=0 comp rx=0 tx=0).handle_hello peer v2:172.21.15.16:3300/0 says I am v2:172.21.15.16:41532/0 (socket says 172.21.15.16:41532)
2024-04-25T01:18:02.974 INFO:teuthology.orchestra.run.smithi016.stdout:/usr/bin/ceph: stderr
2024-04-25T01:18:01.945+0000 7f7a0d785700 1 -- 172.21.15.16:0/3593857267 learned_addr learned my addr 172.21.15.16:0/3593857267 (peer_addr_for_me v2:172.21.15.16:0/0)
2024-04-25T01:18:02.974 INFO:teuthology.orchestra.run.smithi016.stdout:/usr/bin/ceph: stderr
2024-04-25T01:18:01.945+0000 7f7a0d785700 1 -- 172.21.15.16:0/3593857267 --> [v2:172.21.15.16:3300/0,v1:172.21.15.16:6789/0] -- mon_subscribe({config=0+,monmap=0+}) -- 0x7f7a0819bf90 con 0x7f7a08108650
