2024-04-25T01:23:24.777 INFO:teuthology.orchestra.run.smithi028.stdout:/usr/bin/ceph: stderr
2024-04-25T01:23:23.769+0000 7f38c78a1700 1 -- --> [v2:172.21.15.28:3300/0,v1:172.21.15.28:6789/0] -- mon_getmap magic: 0 -- 0x7f38c010bfc0 con 0x7f38c0108620
2024-04-25T01:23:24.777 INFO:teuthology.orchestra.run.smithi028.stdout:/usr/bin/ceph: stderr
2024-04-25T01:23:23.769+0000 7f38c563d700 1 --2- >> [v2:172.21.15.28:3300/0,v1:172.21.15.28:6789/0] conn(0x7f38c0108620 0x7f38c0107ea0 unknown :-1 s=BANNER_CONNECTING pgs=0 cs=0 l=1 rev1=0 crypto rx=0 tx=0 comp rx=0 tx=0)._handle_peer_banner_payload supported=3 required=0
2024-04-25T01:23:24.777 INFO:teuthology.orchestra.run.smithi028.stdout:/usr/bin/ceph: stderr
2024-04-25T01:23:23.769+0000 7f38c563d700 1 --2- >> [v2:172.21.15.28:3300/0,v1:172.21.15.28:6789/0] conn(0x7f38c0108620 0x7f38c0107ea0 unknown :-1 s=HELLO_CONNECTING pgs=0 cs=0 l=1 rev1=1 crypto rx=0 tx=0 comp rx=0 tx=0).handle_hello peer v2:172.21.15.28:3300/0 says I am v2:172.21.15.28:35738/0 (socket says 172.21.15.28:35738)
2024-04-25T01:23:24.777 INFO:teuthology.orchestra.run.smithi028.stdout:/usr/bin/ceph: stderr
2024-04-25T01:23:23.769+0000 7f38c563d700 1 -- 172.21.15.28:0/3993475657 learned_addr learned my addr 172.21.15.28:0/3993475657 (peer_addr_for_me v2:172.21.15.28:0/0)
2024-04-25T01:23:24.777 INFO:teuthology.orchestra.run.smithi028.stdout:/usr/bin/ceph: stderr
2024-04-25T01:23:23.770+0000 7f38c563d700 1 -- 172.21.15.28:0/3993475657 --> [v2:172.21.15.28:3300/0,v1:172.21.15.28:6789/0] -- mon_subscribe({config=0+,monmap=0+}) -- 0x7f38c01083e0 con 0x7f38c0108620
2024-04-25T01:23:24.777 INFO:teuthology.orchestra.run.smithi028.stdout:/usr/bin/ceph: stderr
2024-04-25T01:23:23.770+0000 7f38c563d700 1 --2- 172.21.15.28:0/3993475657 >> [v2:172.21.15.28:3300/0,v1:172.21.15.28:6789/0] conn(0x7f38c0108620 0x7f38c0107ea0 secure :-1 s=READY pgs=73 cs=0 l=1 rev1=1 crypto rx=0x7f38bc0117e0 tx=0x7f38bc011c10 comp rx=0 tx=0).ready entity=mon.0 client_cookie=0 server_cookie=0 in_seq=0 out_seq=0
2024-04-25T01:23:24.777 INFO:teuthology.orchestra.run.smithi028.stdout:/usr/bin/ceph: stderr
2024-04-25T01:23:23.770+0000 7f38b67fc700 1 -- 172.21.15.28:0/3993475657 <== mon.0 v2:172.21.15.28:3300/0 1 ==== mon_map magic: 0 ==== 205+0+0 (secure 0 0 0) 0x7f38bc003bf0 con 0x7f38c0108620
2024-04-25T01:23:24.777 INFO:teuthology.orchestra.run.smithi028.stdout:/usr/bin/ceph: stderr
2024-04-25T01:23:23.770+0000 7f38c78a1700 1 -- 172.21.15.28:0/3993475657 --> [v2:172.21.15.28:3300/0,v1:172.21.15.28:6789/0] -- mon_subscribe({mgrmap=0+}) -- 0x7f38c01065d0 con 0x7f38c0108620
2024-04-25T01:23:24.778 INFO:teuthology.orchestra.run.smithi028.stdout:/usr/bin/ceph: stderr
2024-04-25T01:23:23.770+0000 7f38b67fc700 1 -- 172.21.15.28:0/3993475657 <== mon.0 v2:172.21.15.28:3300/0 2 ==== config(27 keys) ==== 1140+0+0 (secure 0 0 0) 0x7f38bc01a910 con 0x7f38c0108620
2024-04-25T01:23:24.778 INFO:teuthology.orchestra.run.smithi028.stdout:/usr/bin/ceph: stderr
2024-04-25T01:23:23.770+0000 7f38c78a1700 1 -- 172.21.15.28:0/3993475657 --> [v2:172.21.15.28:3300/0,v1:172.21.15.28:6789/0] -- mon_subscribe({osdmap=0}) -- 0x7f38c0106a90 con 0x7f38c0108620
2024-04-25T01:23:24.778 INFO:teuthology.orchestra.run.smithi028.stdout:/usr/bin/ceph: stderr
2024-04-25T01:23:23.770+0000 7f38b67fc700 1 -- 172.21.15.28:0/3993475657 <== mon.0 v2:172.21.15.28:3300/0 3 ==== mon_map magic: 0 ==== 205+0+0 (secure 0 0 0) 0x7f38bc024970 con 0x7f38c0108620
2024-04-25T01:23:24.778 INFO:teuthology.orchestra.run.smithi028.stdout:/usr/bin/ceph: stderr
2024-04-25T01:23:23.771+0000 7f38b67fc700 1 -- 172.21.15.28:0/3993475657 <== mon.0 v2:172.21.15.28:3300/0 4 ==== mgrmap(e 12) ==== 46300+0+0 (secure 0 0 0) 0x7f38bc022020 con 0x7f38c0108620
2024-04-25T01:23:24.778 INFO:teuthology.orchestra.run.smithi028.stdout:/usr/bin/ceph: stderr
2024-04-25T01:23:23.771+0000 7f38b67fc700 1 --2- 172.21.15.28:0/3993475657 >> [v2:172.21.15.28:6800/1149553567,v1:172.21.15.28:6801/1149553567] conn(0x7f38ac0390b0 0x7f38ac03b570 unknown :-1 s=NONE pgs=0 cs=0 l=1 rev1=0 crypto rx=0 tx=0 comp rx=0 tx=0).connect
2024-04-25T01:23:24.778 INFO:teuthology.orchestra.run.smithi028.stdout:/usr/bin/ceph: stderr
2024-04-25T01:23:23.771+0000 7f38b67fc700 1 -- 172.21.15.28:0/3993475657 <== mon.0 v2:172.21.15.28:3300/0 5 ==== osd_map(3..3 src has 1..3) ==== 1155+0+0 (secure 0 0 0) 0x7f38bc04d580 con 0x7f38c0108620
2024-04-25T01:23:24.778 INFO:teuthology.orchestra.run.smithi028.stdout:/usr/bin/ceph: stderr
2024-04-25T01:23:23.771+0000 7f38c78a1700 1 -- 172.21.15.28:0/3993475657 --> [v2:172.21.15.28:3300/0,v1:172.21.15.28:6789/0] -- mon_command({"prefix": "get_command_descriptions"} v 0) -- 0x7f38c0063890 con 0x7f38c0108620
2024-04-25T01:23:24.778 INFO:teuthology.orchestra.run.smithi028.stdout:/usr/bin/ceph: stderr
2024-04-25T01:23:23.771+0000 7f38c4e3c700 1 --2- 172.21.15.28:0/3993475657 >> [v2:172.21.15.28:6800/1149553567,v1:172.21.15.28:6801/1149553567] conn(0x7f38ac0390b0 0x7f38ac03b570 unknown :-1 s=BANNER_CONNECTING pgs=0 cs=0 l=1 rev1=0 crypto rx=0 tx=0 comp rx=0 tx=0)._handle_peer_banner_payload supported=3 required=0
2024-04-25T01:23:24.778 INFO:teuthology.orchestra.run.smithi028.stdout:/usr/bin/ceph: stderr
2024-04-25T01:23:23.772+0000 7f38c4e3c700 1 --2- 172.21.15.28:0/3993475657 >> [v2:172.21.15.28:6800/1149553567,v1:172.21.15.28:6801/1149553567] conn(0x7f38ac0390b0 0x7f38ac03b570 secure :-1 s=READY pgs=8 cs=0 l=1 rev1=1 crypto rx=0x7f38b0006fd0 tx=0x7f38b0006e40 comp rx=0 tx=0).ready entity=mgr.14152 client_cookie=0 server_cookie=0 in_seq=0 out_seq=0
2024-04-25T01:23:24.778 INFO:teuthology.orchestra.run.smithi028.stdout:/usr/bin/ceph: stderr
2024-04-25T01:23:23.781+0000 7f38b67fc700 1 -- 172.21.15.28:0/3993475657 <== mon.0 v2:172.21.15.28:3300/0 6 ==== mon_command_ack([{"prefix": "get_command_descriptions"}]=0 v0) ==== 72+0+186147 (secure 0 0 0) 0x7f38bc011e20 con 0x7f38c0108620
2024-04-25T01:23:24.778 INFO:teuthology.orchestra.run.smithi028.stdout:/usr/bin/ceph: stderr
2024-04-25T01:23:24.009+0000 7f38c78a1700 1 -- 172.21.15.28:0/3993475657 --> [v2:172.21.15.28:6800/1149553567,v1:172.21.15.28:6801/1149553567] -- mgr_command(tid 0: {"prefix": "dashboard ac-user-create", "username": "admin", "rolename": "administrator", "force_password": true, "pwd_update_required": true, "target": ["mon-mgr", ""]}) -- 0x7f38c0106d10 con 0x7f38ac0390b0
2024-04-25T01:23:24.778 INFO:teuthology.orchestra.run.smithi028.stdout:/usr/bin/ceph: stderr
2024-04-25T01:23:24.255+0000 7f38b67fc700 1 -- 172.21.15.28:0/3993475657 <== mgr.14152 v2:172.21.15.28:6800/1149553567 1 ==== mgr_command_reply(tid 0: 0 ) ==== 8+0+252 (secure 0 0 0) 0x7f38c0106d10 con 0x7f38ac0390b0
2024-04-25T01:23:24.778 INFO:teuthology.orchestra.run.smithi028.stdout:/usr/bin/ceph: stderr
2024-04-25T01:23:24.257+0000 7f38c78a1700 1 -- 172.21.15.28:0/3993475657 >> [v2:172.21.15.28:6800/1149553567,v1:172.21.15.28:6801/1149553567] conn(0x7f38ac0390b0 msgr2=0x7f38ac03b570 secure :-1 s=STATE_CONNECTION_ESTABLISHED l=1).mark_down
2024-04-25T01:23:24.779 INFO:teuthology.orchestra.run.smithi028.stdout:/usr/bin/ceph: stderr
2024-04-25T01:23:24.257+0000 7f38c78a1700 1 --2- 172.21.15.28:0/3993475657 >> [v2:172.21.15.28:6800/1149553567,v1:172.21.15.28:6801/1149553567] conn(0x7f38ac0390b0 0x7f38ac03b570 secure :-1 s=READY pgs=8 cs=0 l=1 rev1=1 crypto rx=0x7f38b0006fd0 tx=0x7f38b0006e40 comp rx=0 tx=0).stop
2024-04-25T01:23:24.779 INFO:teuthology.orchestra.run.smithi028.stdout:/usr/bin/ceph: stderr
2024-04-25T01:23:24.257+0000 7f38c78a1700 1 -- 172.21.15.28:0/3993475657 >> [v2:172.21.15.28:3300/0,v1:172.21.15.28:6789/0] conn(0x7f38c0108620 msgr2=0x7f38c0107ea0 secure :-1 s=STATE_CONNECTION_ESTABLISHED l=1).mark_down
2024-04-25T01:23:24.779 INFO:teuthology.orchestra.run.smithi028.stdout:/usr/bin/ceph: stderr
2024-04-25T01:23:24.257+0000 7f38c78a1700 1 --2- 172.21.15.28:0/3993475657 >> [v2:172.21.15.28:3300/0,v1:172.21.15.28:6789/0] conn(0x7f38c0108620 0x7f38c0107ea0 secure :-1 s=READY pgs=73 cs=0 l=1 rev1=1 crypto rx=0x7f38bc0117e0 tx=0x7f38bc011c10 comp rx=0 tx=0).stop
2024-04-25T01:23:24.779 INFO:teuthology.orchestra.run.smithi028.stdout:/usr/bin/ceph: stderr
2024-04-25T01:23:24.257+0000 7f38c78a1700 1 -- 172.21.15.28:0/3993475657 shutdown_connections
2024-04-25T01:23:24.779 INFO:teuthology.orchestra.run.smithi028.stdout:/usr/bin/ceph: stderr
2024-04-25T01:23:24.257+0000 7f38c78a1700 1 --2- 172.21.15.28:0/3993475657 >> [v2:172.21.15.28:6800/1149553567,v1:172.21.15.28:6801/1149553567] conn(0x7f38ac0390b0 0x7f38ac03b570 unknown :-1 s=CLOSED pgs=8 cs=0 l=1 rev1=1 crypto rx=0 tx=0 comp rx=0 tx=0).stop
2024-04-25T01:23:24.779 INFO:teuthology.orchestra.run.smithi028.stdout:/usr/bin/ceph: stderr
2024-04-25T01:23:24.257+0000 7f38c78a1700 1 --2- 172.21.15.28:0/3993475657 >> [v2:172.21.15.28:3300/0,v1:172.21.15.28:6789/0] conn(0x7f38c0108620 0x7f38c0107ea0 unknown :-1 s=CLOSED pgs=73 cs=0 l=1 rev1=1 crypto rx=0 tx=0 comp rx=0 tx=0).stop
2024-04-25T01:23:24.779 INFO:teuthology.orchestra.run.smithi028.stdout:/usr/bin/ceph: stderr
2024-04-25T01:23:24.257+0000 7f38c78a1700 1 -- 172.21.15.28:0/3993475657 >> 172.21.15.28:0/3993475657 conn(0x7f38c0102070 msgr2=0x7f38c0102af0 unknown :-1 s=STATE_NONE l=0).mark_down
2024-04-25T01:23:24.779 INFO:teuthology.orchestra.run.smithi028.stdout:/usr/bin/ceph: stderr
2024-04-25T01:23:24.258+0000 7f38c78a1700 1 -- 172.21.15.28:0/3993475657 shutdown_connections
2024-04-25T01:23:24.779 INFO:teuthology.orchestra.run.smithi028.stdout:/usr/bin/ceph: stderr
2024-04-25T01:23:24.258+0000 7f38c78a1700 1 -- 172.21.15.28:0/3993475657 wait complete.
2024-04-25T01:23:24.779 INFO:teuthology.orchestra.run.smithi028.stdout:Fetching dashboard port number...
2024-04-25T01:23:25.060 INFO:journalctl@ceph.mon.a.smithi028.stdout:Apr 25 01:23:25 smithi028 ceph-mon[29390]: from='client.14166 -' entity='client.admin' cmd=[{"prefix": "dashboard ac-user-create", "username": "admin", "rolename": "administrator", "force_password": true, "pwd_update_required": true, "target": ["mon-mgr", ""]}]: dispatch
2024-04-25T01:23:25.060 INFO:journalctl@ceph.mon.a.smithi028.stdout:Apr 25 01:23:25 smithi028 ceph-mon[29390]: from='mgr.14152 172.21.15.28:0/2082289020' entity='mgr.x'
2024-04-25T01:23:25.060 INFO:journalctl@ceph.mon.a.smithi028.stdout:Apr 25 01:23:25 smithi028 ceph-mon[29390]: from='mgr.14152 172.21.15.28:0/2082289020' entity='mgr.x'
2024-04-25T01:23:26.024 INFO:teuthology.orchestra.run.smithi028.stdout:/usr/bin/ceph: stdout 8443
2024-04-25T01:23:26.025 INFO:teuthology.orchestra.run.smithi028.stdout:/usr/bin/ceph: stderr
2024-04-25T01:23:25.185+0000 7faa885d8700 1 Processor -- start
2024-04-25T01:23:26.025 INFO:teuthology.orchestra.run.smithi028.stdout:/usr/bin/ceph: stderr
2024-04-25T01:23:25.185+0000 7faa885d8700 1 -- start start
2024-04-25T01:23:26.025 INFO:teuthology.orchestra.run.smithi028.stdout:/usr/bin/ceph: stderr
2024-04-25T01:23:25.186+0000 7faa885d8700 1 --2- >> [v2:172.21.15.28:3300/0,v1:172.21.15.28:6789/0] conn(0x7faa80109e10 0x7faa8010a230 unknown :-1 s=NONE pgs=0 cs=0 l=0 rev1=0 crypto rx=0 tx=0 comp rx=0 tx=0).connect
2024-04-25T01:23:26.025 INFO:teuthology.orchestra.run.smithi028.stdout:/usr/bin/ceph: stderr
2024-04-25T01:23:25.186+0000 7faa885d8700 1 -- --> [v2:172.21.15.28:3300/0,v1:172.21.15.28:6789/0] -- mon_getmap magic: 0 -- 0x7faa8010a800 con 0x7faa80109e10
2024-04-25T01:23:26.025 INFO:teuthology.orchestra.run.smithi028.stdout:/usr/bin/ceph: stderr
2024-04-25T01:23:25.186+0000 7faa86374700 1 --2- >> [v2:172.21.15.28:3300/0,v1:172.21.15.28:6789/0] conn(0x7faa80109e10 0x7faa8010a230 unknown :-1 s=BANNER_CONNECTING pgs=0 cs=0 l=0 rev1=0 crypto rx=0 tx=0 comp rx=0 tx=0)._handle_peer_banner_payload supported=3 required=0
2024-04-25T01:23:26.025 INFO:teuthology.orchestra.run.smithi028.stdout:/usr/bin/ceph: stderr
2024-04-25T01:23:25.186+0000 7faa86374700 1 --2- >> [v2:172.21.15.28:3300/0,v1:172.21.15.28:6789/0] conn(0x7faa80109e10 0x7faa8010a230 unknown :-1 s=HELLO_CONNECTING pgs=0 cs=0 l=0 rev1=1 crypto rx=0 tx=0 comp rx=0 tx=0).handle_hello peer v2:172.21.15.28:3300/0 says I am v2:172.21.15.28:35742/0 (socket says 172.21.15.28:35742)
2024-04-25T01:23:26.025 INFO:teuthology.orchestra.run.smithi028.stdout:/usr/bin/ceph: stderr
2024-04-25T01:23:25.186+0000 7faa86374700 1 -- 172.21.15.28:0/297466869 learned_addr learned my addr 172.21.15.28:0/297466869 (peer_addr_for_me v2:172.21.15.28:0/0)
2024-04-25T01:23:26.025 INFO:teuthology.orchestra.run.smithi028.stdout:/usr/bin/ceph: stderr
2024-04-25T01:23:25.186+0000 7faa86374700 1 -- 172.21.15.28:0/297466869 --> [v2:172.21.15.28:3300/0,v1:172.21.15.28:6789/0] -- mon_subscribe({config=0+,monmap=0+}) -- 0x7faa8010afc0 con 0x7faa80109e10
2024-04-25T01:23:26.025 INFO:teuthology.orchestra.run.smithi028.stdout:/usr/bin/ceph: stderr
2024-04-25T01:23:25.186+0000 7faa86374700 1 --2- 172.21.15.28:0/297466869 >> [v2:172.21.15.28:3300/0,v1:172.21.15.28:6789/0] conn(0x7faa80109e10 0x7faa8010a230 secure :-1 s=READY pgs=74 cs=0 l=1 rev1=1 crypto rx=0x7faa7c0098a0 tx=0x7faa7c009bb0 comp rx=0 tx=0).ready entity=mon.0 client_cookie=84f3a2751a9128bd server_cookie=0 in_seq=0 out_seq=0
2024-04-25T01:23:26.025 INFO:teuthology.orchestra.run.smithi028.stdout:/usr/bin/ceph: stderr
2024-04-25T01:23:25.186+0000 7faa85372700 1 -- 172.21.15.28:0/297466869 <== mon.0 v2:172.21.15.28:3300/0 1 ==== mon_map magic: 0 ==== 205+0+0 (secure 0 0 0) 0x7faa7c004160 con 0x7faa80109e10
2024-04-25T01:23:26.025 INFO:teuthology.orchestra.run.smithi028.stdout:/usr/bin/ceph: stderr
2024-04-25T01:23:25.186+0000 7faa85372700 1 -- 172.21.15.28:0/297466869 <== mon.0 v2:172.21.15.28:3300/0 2 ==== config(27 keys) ==== 1140+0+0 (secure 0 0 0) 0x7faa7c004300 con 0x7faa80109e10
2024-04-25T01:23:26.026 INFO:teuthology.orchestra.run.smithi028.stdout:/usr/bin/ceph: stderr
2024-04-25T01:23:25.186+0000 7faa85372700 1 -- 172.21.15.28:0/297466869 <== mon.0 v2:172.21.15.28:3300/0 3 ==== mon_map magic: 0 ==== 205+0+0 (secure 0 0 0) 0x7faa7c011b20 con 0x7faa80109e10
2024-04-25T01:23:26.026 INFO:teuthology.orchestra.run.smithi028.stdout:/usr/bin/ceph: stderr
2024-04-25T01:23:25.187+0000 7faa885d8700 1 -- 172.21.15.28:0/297466869 >> [v2:172.21.15.28:3300/0,v1:172.21.15.28:6789/0] conn(0x7faa80109e10 msgr2=0x7faa8010a230 secure :-1 s=STATE_CONNECTION_ESTABLISHED l=1).mark_down
2024-04-25T01:23:26.026 INFO:teuthology.orchestra.run.smithi028.stdout:/usr/bin/ceph: stderr
2024-04-25T01:23:25.187+0000 7faa885d8700 1 --2- 172.21.15.28:0/297466869 >> [v2:172.21.15.28:3300/0,v1:172.21.15.28:6789/0] conn(0x7faa80109e10 0x7faa8010a230 secure :-1 s=READY pgs=74 cs=0 l=1 rev1=1 crypto rx=0x7faa7c0098a0 tx=0x7faa7c009bb0 comp rx=0 tx=0).stop
2024-04-25T01:23:26.026 INFO:teuthology.orchestra.run.smithi028.stdout:/usr/bin/ceph: stderr
2024-04-25T01:23:25.187+0000 7faa885d8700 1 -- 172.21.15.28:0/297466869 shutdown_connections
2024-04-25T01:23:26.026 INFO:teuthology.orchestra.run.smithi028.stdout:/usr/bin/ceph: stderr
2024-04-25T01:23:25.187+0000 7faa885d8700 1 --2- 172.21.15.28:0/297466869 >> [v2:172.21.15.28:3300/0,v1:172.21.15.28:6789/0] conn(0x7faa80109e10 0x7faa8010a230 unknown :-1 s=CLOSED pgs=74 cs=0 l=1 rev1=1 crypto rx=0 tx=0 comp rx=0 tx=0).stop
2024-04-25T01:23:26.026 INFO:teuthology.orchestra.run.smithi028.stdout:/usr/bin/ceph: stderr
2024-04-25T01:23:25.187+0000 7faa885d8700 1 -- 172.21.15.28:0/297466869 >> 172.21.15.28:0/297466869 conn(0x7faa8007d280 msgr2=0x7faa8007d690 unknown :-1 s=STATE_NONE l=0).mark_down
2024-04-25T01:23:26.026 INFO:teuthology.orchestra.run.smithi028.stdout:/usr/bin/ceph: stderr
2024-04-25T01:23:25.187+0000 7faa885d8700 1 -- 172.21.15.28:0/297466869 shutdown_connections
2024-04-25T01:23:26.026 INFO:teuthology.orchestra.run.smithi028.stdout:/usr/bin/ceph: stderr
2024-04-25T01:23:25.187+0000 7faa885d8700 1 -- 172.21.15.28:0/297466869 wait complete.
2024-04-25T01:23:26.026 INFO:teuthology.orchestra.run.smithi028.stdout:/usr/bin/ceph: stderr
2024-04-25T01:23:25.188+0000 7faa885d8700 1 Processor -- start
2024-04-25T01:23:26.026 INFO:teuthology.orchestra.run.smithi028.stdout:/usr/bin/ceph: stderr
2024-04-25T01:23:25.188+0000 7faa885d8700 1 -- start start
2024-04-25T01:23:26.026 INFO:teuthology.orchestra.run.smithi028.stdout:/usr/bin/ceph: stderr
2024-04-25T01:23:25.188+0000 7faa885d8700 1 --2- >> [v2:172.21.15.28:3300/0,v1:172.21.15.28:6789/0] conn(0x7faa80109e10 0x7faa8019dcf0 unknown :-1 s=NONE pgs=0 cs=0 l=1 rev1=0 crypto rx=0 tx=0 comp rx=0 tx=0).connect
2024-04-25T01:23:26.026 INFO:teuthology.orchestra.run.smithi028.stdout:/usr/bin/ceph: stderr
2024-04-25T01:23:25.188+0000 7faa885d8700 1 -- --> [v2:172.21.15.28:3300/0,v1:172.21.15.28:6789/0] -- mon_getmap magic: 0 -- 0x7faa8010e370 con 0x7faa80109e10
2024-04-25T01:23:26.026 INFO:teuthology.orchestra.run.smithi028.stdout:/usr/bin/ceph: stderr
2024-04-25T01:23:25.188+0000 7faa86374700 1 --2- >> [v2:172.21.15.28:3300/0,v1:172.21.15.28:6789/0] conn(0x7faa80109e10 0x7faa8019dcf0 unknown :-1 s=BANNER_CONNECTING pgs=0 cs=0 l=1 rev1=0 crypto rx=0 tx=0 comp rx=0 tx=0)._handle_peer_banner_payload supported=3 required=0
2024-04-25T01:23:26.026 INFO:teuthology.orchestra.run.smithi028.stdout:/usr/bin/ceph: stderr
2024-04-25T01:23:25.188+0000 7faa86374700 1 --2- >> [v2:172.21.15.28:3300/0,v1:172.21.15.28:6789/0] conn(0x7faa80109e10 0x7faa8019dcf0 unknown :-1 s=HELLO_CONNECTING pgs=0 cs=0 l=1 rev1=1 crypto rx=0 tx=0 comp rx=0 tx=0).handle_hello peer v2:172.21.15.28:3300/0 says I am v2:172.21.15.28:35756/0 (socket says 172.21.15.28:35756)
2024-04-25T01:23:26.027 INFO:teuthology.orchestra.run.smithi028.stdout:/usr/bin/ceph: stderr
2024-04-25T01:23:25.189+0000 7faa86374700 1 -- 172.21.15.28:0/1272695117 learned_addr learned my addr 172.21.15.28:0/1272695117 (peer_addr_for_me v2:172.21.15.28:0/0)
2024-04-25T01:23:26.027 INFO:teuthology.orchestra.run.smithi028.stdout:/usr/bin/ceph: stderr
2024-04-25T01:23:25.189+0000 7faa86374700 1 -- 172.21.15.28:0/1272695117 --> [v2:172.21.15.28:3300/0,v1:172.21.15.28:6789/0] -- mon_subscribe({config=0+,monmap=0+}) -- 0x7faa8019e230 con 0x7faa80109e10
2024-04-25T01:23:26.027 INFO:teuthology.orchestra.run.smithi028.stdout:/usr/bin/ceph: stderr
2024-04-25T01:23:25.189+0000 7faa86374700 1 --2- 172.21.15.28:0/1272695117 >> [v2:172.21.15.28:3300/0,v1:172.21.15.28:6789/0] conn(0x7faa80109e10 0x7faa8019dcf0 secure :-1 s=READY pgs=75 cs=0 l=1 rev1=1 crypto rx=0x7faa7c0117e0 tx=0x7faa7c011ba0 comp rx=0 tx=0).ready entity=mon.0 client_cookie=0 server_cookie=0 in_seq=0 out_seq=0
2024-04-25T01:23:26.027 INFO:teuthology.orchestra.run.smithi028.stdout:/usr/bin/ceph: stderr
2024-04-25T01:23:25.189+0000 7faa777fe700 1 -- 172.21.15.28:0/1272695117 <== mon.0 v2:172.21.15.28:3300/0 1 ==== mon_map magic: 0 ==== 205+0+0 (secure 0 0 0) 0x7faa7c003bf0 con 0x7faa80109e10
2024-04-25T01:23:26.027 INFO:teuthology.orchestra.run.smithi028.stdout:/usr/bin/ceph: stderr
2024-04-25T01:23:25.189+0000 7faa777fe700 1 -- 172.21.15.28:0/1272695117 <== mon.0 v2:172.21.15.28:3300/0 2 ==== config(27 keys) ==== 1140+0+0 (secure 0 0 0) 0x7faa7c01a910 con 0x7faa80109e10
2024-04-25T01:23:26.027 INFO:teuthology.orchestra.run.smithi028.stdout:/usr/bin/ceph: stderr
2024-04-25T01:23:25.189+0000 7faa885d8700 1 -- 172.21.15.28:0/1272695117 --> [v2:172.21.15.28:3300/0,v1:172.21.15.28:6789/0] -- mon_subscribe({mgrmap=0+}) -- 0x7faa8019e4c0 con 0x7faa80109e10
2024-04-25T01:23:26.027 INFO:teuthology.orchestra.run.smithi028.stdout:/usr/bin/ceph: stderr
2024-04-25T01:23:25.189+0000 7faa777fe700 1 -- 172.21.15.28:0/1272695117 <== mon.0 v2:172.21.15.28:3300/0 3 ==== mon_map magic: 0 ==== 205+0+0 (secure 0 0 0) 0x7faa7c024970 con 0x7faa80109e10
2024-04-25T01:23:26.027 INFO:teuthology.orchestra.run.smithi028.stdout:/usr/bin/ceph: stderr
2024-04-25T01:23:25.189+0000 7faa885d8700 1 -- 172.21.15.28:0/1272695117 --> [v2:172.21.15.28:3300/0,v1:172.21.15.28:6789/0] -- mon_subscribe({osdmap=0}) -- 0x7faa8019e920 con 0x7faa80109e10
2024-04-25T01:23:26.027 INFO:teuthology.orchestra.run.smithi028.stdout:/usr/bin/ceph: stderr
2024-04-25T01:23:25.190+0000 7faa777fe700 1 -- 172.21.15.28:0/1272695117 <== mon.0 v2:172.21.15.28:3300/0 4 ==== mgrmap(e 12) ==== 46300+0+0 (secure 0 0 0) 0x7faa7c022020 con 0x7faa80109e10
2024-04-25T01:23:26.027 INFO:teuthology.orchestra.run.smithi028.stdout:/usr/bin/ceph: stderr
2024-04-25T01:23:25.191+0000 7faa885d8700 1 -- 172.21.15.28:0/1272695117 --> [v2:172.21.15.28:3300/0,v1:172.21.15.28:6789/0] -- mon_command({"prefix": "get_command_descriptions"} v 0) -- 0x7faa80063890 con 0x7faa80109e10
2024-04-25T01:23:26.027 INFO:teuthology.orchestra.run.smithi028.stdout:/usr/bin/ceph: stderr
2024-04-25T01:23:25.191+0000 7faa777fe700 1 --2- 172.21.15.28:0/1272695117 >> [v2:172.21.15.28:6800/1149553567,v1:172.21.15.28:6801/1149553567] conn(0x7faa6c0390a0 0x7faa6c03b560 unknown :-1 s=NONE pgs=0 cs=0 l=1 rev1=0 crypto rx=0 tx=0 comp rx=0 tx=0).connect
2024-04-25T01:23:26.027 INFO:teuthology.orchestra.run.smithi028.stdout:/usr/bin/ceph: stderr
2024-04-25T01:23:25.191+0000 7faa777fe700 1 -- 172.21.15.28:0/1272695117 <== mon.0 v2:172.21.15.28:3300/0 5 ==== osd_map(3..3 src has 1..3) ==== 1155+0+0 (secure 0 0 0) 0x7faa7c04daa0 con 0x7faa80109e10
2024-04-25T01:23:26.027 INFO:teuthology.orchestra.run.smithi028.stdout:/usr/bin/ceph: stderr
2024-04-25T01:23:25.191+0000 7faa85b73700 1 --2- 172.21.15.28:0/1272695117 >> [v2:172.21.15.28:6800/1149553567,v1:172.21.15.28:6801/1149553567] conn(0x7faa6c0390a0 0x7faa6c03b560 unknown :-1 s=BANNER_CONNECTING pgs=0 cs=0 l=1 rev1=0 crypto rx=0 tx=0 comp rx=0 tx=0)._handle_peer_banner_payload supported=3 required=0
2024-04-25T01:23:26.027 INFO:teuthology.orchestra.run.smithi028.stdout:/usr/bin/ceph: stderr
2024-04-25T01:23:25.191+0000 7faa85b73700 1 --2- 172.21.15.28:0/1272695117 >> [v2:172.21.15.28:6800/1149553567,v1:172.21.15.28:6801/1149553567] conn(0x7faa6c0390a0 0x7faa6c03b560 secure :-1 s=READY pgs=9 cs=0 l=1 rev1=1 crypto rx=0x7faa70006fd0 tx=0x7faa70006e40 comp rx=0 tx=0).ready entity=mgr.14152 client_cookie=0 server_cookie=0 in_seq=0 out_seq=0
2024-04-25T01:23:26.028 INFO:teuthology.orchestra.run.smithi028.stdout:/usr/bin/ceph: stderr
2024-04-25T01:23:25.197+0000 7faa777fe700 1 -- 172.21.15.28:0/1272695117 <== mon.0 v2:172.21.15.28:3300/0 6 ==== mon_command_ack([{"prefix": "get_command_descriptions"}]=0 v0) ==== 72+0+186147 (secure 0 0 0) 0x7faa7c02dce0 con 0x7faa80109e10
2024-04-25T01:23:26.028 INFO:teuthology.orchestra.run.smithi028.stdout:/usr/bin/ceph: stderr
2024-04-25T01:23:25.410+0000 7faa885d8700 1 -- 172.21.15.28:0/1272695117 --> [v2:172.21.15.28:3300/0,v1:172.21.15.28:6789/0] -- mon_command({"prefix": "config get", "who": "mgr", "key": "mgr/dashboard/ssl_server_port"} v 0) -- 0x7faa801a1440 con 0x7faa80109e10
2024-04-25T01:23:26.028 INFO:teuthology.orchestra.run.smithi028.stdout:/usr/bin/ceph: stderr
2024-04-25T01:23:25.411+0000 7faa777fe700 1 -- 172.21.15.28:0/1272695117 <== mon.0 v2:172.21.15.28:3300/0 7 ==== mon_command_ack([{"prefix": "config get", "who": "mgr", "key": "mgr/dashboard/ssl_server_port"}]=0 v8) ==== 112+0+5 (secure 0 0 0) 0x7faa7c018350 con 0x7faa80109e10
2024-04-25T01:23:26.028 INFO:teuthology.orchestra.run.smithi028.stdout:/usr/bin/ceph: stderr
2024-04-25T01:23:25.413+0000 7faa885d8700 1 -- 172.21.15.28:0/1272695117 >> [v2:172.21.15.28:6800/1149553567,v1:172.21.15.28:6801/1149553567] conn(0x7faa6c0390a0 msgr2=0x7faa6c03b560 secure :-1 s=STATE_CONNECTION_ESTABLISHED l=1).mark_down
2024-04-25T01:23:26.028 INFO:teuthology.orchestra.run.smithi028.stdout:/usr/bin/ceph: stderr
2024-04-25T01:23:25.413+0000 7faa885d8700 1 --2- 172.21.15.28:0/1272695117 >> [v2:172.21.15.28:6800/1149553567,v1:172.21.15.28:6801/1149553567] conn(0x7faa6c0390a0 0x7faa6c03b560 secure :-1 s=READY pgs=9 cs=0 l=1 rev1=1 crypto rx=0x7faa70006fd0 tx=0x7faa70006e40 comp rx=0 tx=0).stop
2024-04-25T01:23:26.028 INFO:teuthology.orchestra.run.smithi028.stdout:/usr/bin/ceph: stderr
2024-04-25T01:23:25.413+0000 7faa885d8700 1 -- 172.21.15.28:0/1272695117 >> [v2:172.21.15.28:3300/0,v1:172.21.15.28:6789/0] conn(0x7faa80109e10 msgr2=0x7faa8019dcf0 secure :-1 s=STATE_CONNECTION_ESTABLISHED l=1).mark_down
2024-04-25T01:23:26.028 INFO:teuthology.orchestra.run.smithi028.stdout:/usr/bin/ceph: stderr
2024-04-25T01:23:25.413+0000 7faa885d8700 1 --2- 172.21.15.28:0/1272695117 >> [v2:172.21.15.28:3300/0,v1:172.21.15.28:6789/0] conn(0x7faa80109e10 0x7faa8019dcf0 secure :-1 s=READY pgs=75 cs=0 l=1 rev1=1 crypto rx=0x7faa7c0117e0 tx=0x7faa7c011ba0 comp rx=0 tx=0).stop
2024-04-25T01:23:26.028 INFO:teuthology.orchestra.run.smithi028.stdout:/usr/bin/ceph: stderr
2024-04-25T01:23:25.413+0000 7faa885d8700 1 -- 172.21.15.28:0/1272695117 shutdown_connections
2024-04-25T01:23:26.028 INFO:teuthology.orchestra.run.smithi028.stdout:/usr/bin/ceph: stderr
2024-04-25T01:23:25.413+0000 7faa885d8700 1 --2- 172.21.15.28:0/1272695117 >> [v2:172.21.15.28:6800/1149553567,v1:172.21.15.28:6801/1149553567] conn(0x7faa6c0390a0 0x7faa6c03b560 unknown :-1 s=CLOSED pgs=9 cs=0 l=1 rev1=1 crypto rx=0 tx=0 comp rx=0 tx=0).stop
2024-04-25T01:23:26.028 INFO:teuthology.orchestra.run.smithi028.stdout:/usr/bin/ceph: stderr
2024-04-25T01:23:25.413+0000 7faa885d8700 1 --2- 172.21.15.28:0/1272695117 >> [v2:172.21.15.28:3300/0,v1:172.21.15.28:6789/0] conn(0x7faa80109e10 0x7faa8019dcf0 unknown :-1 s=CLOSED pgs=75 cs=0 l=1 rev1=1 crypto rx=0 tx=0 comp rx=0 tx=0).stop
2024-04-25T01:23:26.028 INFO:teuthology.orchestra.run.smithi028.stdout:/usr/bin/ceph: stderr
2024-04-25T01:23:25.413+0000 7faa885d8700 1 -- 172.21.15.28:0/1272695117 >> 172.21.15.28:0/1272695117 conn(0x7faa8007d280 msgr2=0x7faa80107480 unknown :-1 s=STATE_NONE l=0).mark_down
2024-04-25T01:23:26.028 INFO:teuthology.orchestra.run.smithi028.stdout:/usr/bin/ceph: stderr
2024-04-25T01:23:25.413+0000 7faa885d8700 1 -- 172.21.15.28:0/1272695117 shutdown_connections
2024-04-25T01:23:26.028 INFO:teuthology.orchestra.run.smithi028.stdout:/usr/bin/ceph: stderr
2024-04-25T01:23:25.413+0000 7faa885d8700 1 -- 172.21.15.28:0/1272695117 wait complete.
2024-04-25T01:23:26.033 INFO:teuthology.orchestra.run.smithi028.stdout:Non-zero exit code 1 from systemctl is-enabled firewalld.service
2024-04-25T01:23:26.033 INFO:teuthology.orchestra.run.smithi028.stdout:systemctl: stdout disabled
2024-04-25T01:23:26.041 INFO:teuthology.orchestra.run.smithi028.stdout:Non-zero exit code 3 from systemctl is-active firewalld.service
2024-04-25T01:23:26.041 INFO:teuthology.orchestra.run.smithi028.stdout:systemctl: stdout inactive
2024-04-25T01:23:26.041 INFO:teuthology.orchestra.run.smithi028.stdout:firewalld.service is not enabled
2024-04-25T01:23:26.041 INFO:teuthology.orchestra.run.smithi028.stdout:Not possible to open ports <[8443]>. firewalld.service is not available
2024-04-25T01:23:26.043 INFO:teuthology.orchestra.run.smithi028.stdout:Ceph Dashboard is now available at:
2024-04-25T01:23:26.043 INFO:teuthology.orchestra.run.smithi028.stdout:
2024-04-25T01:23:26.043 INFO:teuthology.orchestra.run.smithi028.stdout: URL: https://smithi028:8443/
2024-04-25T01:23:26.043 INFO:teuthology.orchestra.run.smithi028.stdout: User: admin
2024-04-25T01:23:26.043 INFO:teuthology.orchestra.run.smithi028.stdout: Password: dulrk1au6j
2024-04-25T01:23:26.043 INFO:teuthology.orchestra.run.smithi028.stdout:
2024-04-25T01:23:26.043 INFO:teuthology.orchestra.run.smithi028.stdout:Saving cluster configuration to /var/lib/ceph/0e88f60a-02a2-11ef-bc93-c7b262605968/config directory
2024-04-25T01:23:26.044 INFO:teuthology.orchestra.run.smithi028.stdout:Enabling autotune for osd_memory_target
2024-04-25T01:23:26.064 INFO:journalctl@ceph.mon.a.smithi028.stdout:Apr 25 01:23:26 smithi028 ceph-mon[29390]: from='client.? 172.21.15.28:0/1272695117' entity='client.admin' cmd=[{"prefix": "config get", "who": "mgr", "key": "mgr/dashboard/ssl_server_port"}]: dispatch
2024-04-25T01:23:27.876 INFO:teuthology.orchestra.run.smithi028.stdout:/usr/bin/ceph: stderr
2024-04-25T01:23:26.480+0000 7f6d99037700 1 Processor -- start
2024-04-25T01:23:27.876 INFO:teuthology.orchestra.run.smithi028.stdout:/usr/bin/ceph: stderr
2024-04-25T01:23:26.480+0000 7f6d99037700 1 -- start start
2024-04-25T01:23:27.877 INFO:teuthology.orchestra.run.smithi028.stdout:/usr/bin/ceph: stderr
2024-04-25T01:23:26.480+0000 7f6d99037700 1 --2- >> [v2:172.21.15.28:3300/0,v1:172.21.15.28:6789/0] conn(0x7f6d94107bf0 0x7f6d94108010 unknown :-1 s=NONE pgs=0 cs=0 l=0 rev1=0 crypto rx=0 tx=0 comp rx=0 tx=0).connect
2024-04-25T01:23:27.877 INFO:teuthology.orchestra.run.smithi028.stdout:/usr/bin/ceph: stderr
2024-04-25T01:23:26.480+0000 7f6d99037700 1 -- --> [v2:172.21.15.28:3300/0,v1:172.21.15.28:6789/0] -- mon_getmap magic: 0 -- 0x7f6d941085e0 con 0x7f6d94107bf0
2024-04-25T01:23:27.877 INFO:teuthology.orchestra.run.smithi028.stdout:/usr/bin/ceph: stderr
2024-04-25T01:23:26.480+0000 7f6d92d9d700 1 --2- >> [v2:172.21.15.28:3300/0,v1:172.21.15.28:6789/0] conn(0x7f6d94107bf0 0x7f6d94108010 unknown :-1 s=BANNER_CONNECTING pgs=0 cs=0 l=0 rev1=0 crypto rx=0 tx=0 comp rx=0 tx=0)._handle_peer_banner_payload supported=3 required=0
2024-04-25T01:23:27.877 INFO:teuthology.orchestra.run.smithi028.stdout:/usr/bin/ceph: stderr
2024-04-25T01:23:26.480+0000 7f6d92d9d700 1 --2- >> [v2:172.21.15.28:3300/0,v1:172.21.15.28:6789/0] conn(0x7f6d94107bf0 0x7f6d94108010 unknown :-1 s=HELLO_CONNECTING pgs=0 cs=0 l=0 rev1=1 crypto rx=0 tx=0 comp rx=0 tx=0).handle_hello peer v2:172.21.15.28:3300/0 says I am v2:172.21.15.28:35770/0 (socket says 172.21.15.28:35770)
2024-04-25T01:23:27.877 INFO:teuthology.orchestra.run.smithi028.stdout:/usr/bin/ceph: stderr
2024-04-25T01:23:26.480+0000 7f6d92d9d700 1 -- 172.21.15.28:0/553049812 learned_addr learned my addr 172.21.15.28:0/553049812 (peer_addr_for_me v2:172.21.15.28:0/0)
2024-04-25T01:23:27.877 INFO:teuthology.orchestra.run.smithi028.stdout:/usr/bin/ceph: stderr
2024-04-25T01:23:26.480+0000 7f6d92d9d700 1 -- 172.21.15.28:0/553049812 --> [v2:172.21.15.28:3300/0,v1:172.21.15.28:6789/0] -- mon_subscribe({config=0+,monmap=0+}) -- 0x7f6d94108da0 con 0x7f6d94107bf0
2024-04-25T01:23:27.877 INFO:teuthology.orchestra.run.smithi028.stdout:/usr/bin/ceph: stderr
2024-04-25T01:23:26.481+0000 7f6d92d9d700 1 --2- 172.21.15.28:0/553049812 >> [v2:172.21.15.28:3300/0,v1:172.21.15.28:6789/0] conn(0x7f6d94107bf0 0x7f6d94108010 secure :-1 s=READY pgs=76 cs=0 l=1 rev1=1 crypto rx=0x7f6d840098a0 tx=0x7f6d84009bb0 comp rx=0 tx=0).ready entity=mon.0 client_cookie=c5d1ae0e7ab11718 server_cookie=0 in_seq=0 out_seq=0
2024-04-25T01:23:27.877 INFO:teuthology.orchestra.run.smithi028.stdout:/usr/bin/ceph: stderr
2024-04-25T01:23:26.481+0000 7f6d91d9b700 1 -- 172.21.15.28:0/553049812 <== mon.0 v2:172.21.15.28:3300/0 1 ==== mon_map magic: 0 ==== 205+0+0 (secure 0 0 0) 0x7f6d84004160 con 0x7f6d94107bf0
2024-04-25T01:23:27.877 INFO:teuthology.orchestra.run.smithi028.stdout:/usr/bin/ceph: stderr
2024-04-25T01:23:26.481+0000 7f6d91d9b700 1 -- 172.21.15.28:0/553049812 <== mon.0 v2:172.21.15.28:3300/0 2 ==== config(27 keys) ==== 1140+0+0 (secure 0 0 0) 0x7f6d84004300 con 0x7f6d94107bf0
2024-04-25T01:23:27.877 INFO:teuthology.orchestra.run.smithi028.stdout:/usr/bin/ceph: stderr
2024-04-25T01:23:26.481+0000 7f6d91d9b700 1 -- 172.21.15.28:0/553049812 <== mon.0 v2:172.21.15.28:3300/0 3 ==== mon_map magic: 0 ==== 205+0+0 (secure 0 0 0) 0x7f6d84011b20 con 0x7f6d94107bf0
2024-04-25T01:23:27.877 INFO:teuthology.orchestra.run.smithi028.stdout:/usr/bin/ceph: stderr
2024-04-25T01:23:26.481+0000 7f6d99037700 1 -- 172.21.15.28:0/553049812 >> [v2:172.21.15.28:3300/0,v1:172.21.15.28:6789/0] conn(0x7f6d94107bf0 msgr2=0x7f6d94108010 secure :-1 s=STATE_CONNECTION_ESTABLISHED l=1).mark_down
2024-04-25T01:23:27.877 INFO:teuthology.orchestra.run.smithi028.stdout:/usr/bin/ceph: stderr
2024-04-25T01:23:26.481+0000 7f6d99037700 1 --2- 172.21.15.28:0/553049812 >> [v2:172.21.15.28:3300/0,v1:172.21.15.28:6789/0] conn(0x7f6d94107bf0 0x7f6d94108010 secure :-1 s=READY pgs=76 cs=0 l=1 rev1=1 crypto rx=0x7f6d840098a0 tx=0x7f6d84009bb0 comp rx=0 tx=0).stop
2024-04-25T01:23:27.877 INFO:teuthology.orchestra.run.smithi028.stdout:/usr/bin/ceph: stderr
2024-04-25T01:23:26.481+0000 7f6d99037700 1 -- 172.21.15.28:0/553049812 shutdown_connections
2024-04-25T01:23:27.878 INFO:teuthology.orchestra.run.smithi028.stdout:/usr/bin/ceph: stderr
2024-04-25T01:23:26.481+0000 7f6d99037700 1 --2- 172.21.15.28:0/553049812 >> [v2:172.21.15.28:3300/0,v1:172.21.15.28:6789/0] conn(0x7f6d94107bf0 0x7f6d94108010 unknown :-1 s=CLOSED pgs=76 cs=0 l=1 rev1=1 crypto rx=0 tx=0 comp rx=0 tx=0).stop
2024-04-25T01:23:27.878 INFO:teuthology.orchestra.run.smithi028.stdout:/usr/bin/ceph: stderr
2024-04-25T01:23:26.481+0000 7f6d99037700 1 -- 172.21.15.28:0/553049812 >> 172.21.15.28:0/553049812 conn(0x7f6d94103170 msgr2=0x7f6d941055d0 unknown :-1 s=STATE_NONE l=0).mark_down
2024-04-25T01:23:27.878 INFO:teuthology.orchestra.run.smithi028.stdout:/usr/bin/ceph: stderr
2024-04-25T01:23:26.481+0000 7f6d99037700 1 -- 172.21.15.28:0/553049812 shutdown_connections
2024-04-25T01:23:27.878 INFO:teuthology.orchestra.run.smithi028.stdout:/usr/bin/ceph: stderr
2024-04-25T01:23:26.481+0000 7f6d99037700 1 -- 172.21.15.28:0/553049812 wait complete.
2024-04-25T01:23:27.878 INFO:teuthology.orchestra.run.smithi028.stdout:/usr/bin/ceph: stderr
2024-04-25T01:23:26.482+0000 7f6d99037700 1 Processor -- start
2024-04-25T01:23:27.878 INFO:teuthology.orchestra.run.smithi028.stdout:/usr/bin/ceph: stderr
2024-04-25T01:23:26.482+0000 7f6d99037700 1 -- start start
2024-04-25T01:23:27.878 INFO:teuthology.orchestra.run.smithi028.stdout:/usr/bin/ceph: stderr
2024-04-25T01:23:26.482+0000 7f6d99037700 1 --2- >> [v2:172.21.15.28:3300/0,v1:172.21.15.28:6789/0] conn(0x7f6d94107bf0 0x7f6d9419bb10 unknown :-1 s=NONE pgs=0 cs=0 l=1 rev1=0 crypto rx=0 tx=0 comp rx=0 tx=0).connect
2024-04-25T01:23:27.878 INFO:teuthology.orchestra.run.smithi028.stdout:/usr/bin/ceph: stderr
2024-04-25T01:23:26.482+0000 7f6d99037700 1 -- --> [v2:172.21.15.28:3300/0,v1:172.21.15.28:6789/0] -- mon_getmap magic: 0 -- 0x7f6d9410c150 con 0x7f6d94107bf0
2024-04-25T01:23:27.878 INFO:teuthology.orchestra.run.smithi028.stdout:/usr/bin/ceph: stderr
2024-04-25T01:23:26.483+0000 7f6d92d9d700 1 --2- >> [v2:172.21.15.28:3300/0,v1:172.21.15.28:6789/0] conn(0x7f6d94107bf0 0x7f6d9419bb10 unknown :-1 s=BANNER_CONNECTING pgs=0 cs=0 l=1 rev1=0 crypto rx=0 tx=0 comp rx=0 tx=0)._handle_peer_banner_payload supported=3 required=0
2024-04-25T01:23:27.878 INFO:teuthology.orchestra.run.smithi028.stdout:/usr/bin/ceph: stderr
2024-04-25T01:23:26.483+0000 7f6d92d9d700 1 --2- >> [v2:172.21.15.28:3300/0,v1:172.21.15.28:6789/0] conn(0x7f6d94107bf0 0x7f6d9419bb10 unknown :-1 s=HELLO_CONNECTING pgs=0 cs=0 l=1 rev1=1 crypto rx=0 tx=0 comp rx=0 tx=0).handle_hello peer v2:172.21.15.28:3300/0 says I am v2:172.21.15.28:35774/0 (socket says 172.21.15.28:35774)
2024-04-25T01:23:27.878 INFO:teuthology.orchestra.run.smithi028.stdout:/usr/bin/ceph: stderr
2024-04-25T01:23:26.483+0000 7f6d92d9d700 1 -- 172.21.15.28:0/1830795581 learned_addr learned my addr 172.21.15.28:0/1830795581 (peer_addr_for_me v2:172.21.15.28:0/0)
2024-04-25T01:23:27.878 INFO:teuthology.orchestra.run.smithi028.stdout:/usr/bin/ceph: stderr
2024-04-25T01:23:26.483+0000 7f6d92d9d700 1 -- 172.21.15.28:0/1830795581 --> [v2:172.21.15.28:3300/0,v1:172.21.15.28:6789/0] -- mon_subscribe({config=0+,monmap=0+}) -- 0x7f6d9419c050 con 0x7f6d94107bf0
2024-04-25T01:23:27.878 INFO:teuthology.orchestra.run.smithi028.stdout:/usr/bin/ceph: stderr
2024-04-25T01:23:26.483+0000 7f6d92d9d700 1 --2- 172.21.15.28:0/1830795581 >> [v2:172.21.15.28:3300/0,v1:172.21.15.28:6789/0] conn(0x7f6d94107bf0 0x7f6d9419bb10 secure :-1 s=READY pgs=77 cs=0 l=1 rev1=1 crypto rx=0x7f6d840117e0 tx=0x7f6d84011ba0 comp rx=0 tx=0).ready entity=mon.0 client_cookie=0 server_cookie=0 in_seq=0 out_seq=0
2024-04-25T01:23:27.879 INFO:teuthology.orchestra.run.smithi028.stdout:/usr/bin/ceph: stderr
2024-04-25T01:23:26.483+0000 7f6d7bfff700 1 -- 172.21.15.28:0/1830795581 <== mon.0 v2:172.21.15.28:3300/0 1 ==== mon_map magic: 0 ==== 205+0+0 (secure 0 0 0) 0x7f6d84003bf0 con 0x7f6d94107bf0
2024-04-25T01:23:27.879 INFO:teuthology.orchestra.run.smithi028.stdout:/usr/bin/ceph: stderr
2024-04-25T01:23:26.483+0000 7f6d7bfff700 1 -- 172.21.15.28:0/1830795581 <== mon.0 v2:172.21.15.28:3300/0 2 ==== config(27 keys) ==== 1140+0+0 (secure 0 0 0) 0x7f6d8401a910 con 0x7f6d94107bf0
2024-04-25T01:23:27.879 INFO:teuthology.orchestra.run.smithi028.stdout:/usr/bin/ceph: stderr
2024-04-25T01:23:26.483+0000 7f6d99037700 1 -- 172.21.15.28:0/1830795581 --> [v2:172.21.15.28:3300/0,v1:172.21.15.28:6789/0] -- mon_subscribe({mgrmap=0+}) -- 0x7f6d9419c2e0 con 0x7f6d94107bf0
2024-04-25T01:23:27.879 INFO:teuthology.orchestra.run.smithi028.stdout:/usr/bin/ceph: stderr
2024-04-25T01:23:26.483+0000 7f6d7bfff700 1 -- 172.21.15.28:0/1830795581 <== mon.0 v2:172.21.15.28:3300/0 3 ==== mon_map magic: 0 ==== 205+0+0 (secure 0 0 0) 0x7f6d84024970 con 0x7f6d94107bf0
2024-04-25T01:23:27.879 INFO:teuthology.orchestra.run.smithi028.stdout:/usr/bin/ceph: stderr
2024-04-25T01:23:26.483+0000 7f6d99037700 1 -- 172.21.15.28:0/1830795581 --> [v2:172.21.15.28:3300/0,v1:172.21.15.28:6789/0] -- mon_subscribe({osdmap=0}) -- 0x7f6d9419c740 con 0x7f6d94107bf0
2024-04-25T01:23:27.879 INFO:teuthology.orchestra.run.smithi028.stdout:/usr/bin/ceph: stderr
2024-04-25T01:23:26.484+0000 7f6d7bfff700 1 -- 172.21.15.28:0/1830795581 <== mon.0 v2:172.21.15.28:3300/0 4 ==== mgrmap(e 12) ==== 46300+0+0 (secure 0 0 0) 0x7f6d84022020 con 0x7f6d94107bf0
2024-04-25T01:23:27.879 INFO:teuthology.orchestra.run.smithi028.stdout:/usr/bin/ceph: stderr
2024-04-25T01:23:26.484+0000 7f6d99037700 1 -- 172.21.15.28:0/1830795581 --> [v2:172.21.15.28:3300/0,v1:172.21.15.28:6789/0] -- mon_command({"prefix": "get_command_descriptions"} v 0) -- 0x7f6d94063890 con 0x7f6d94107bf0
2024-04-25T01:23:27.879 INFO:teuthology.orchestra.run.smithi028.stdout:/usr/bin/ceph: stderr
2024-04-25T01:23:26.484+0000 7f6d7bfff700 1 --2- 172.21.15.28:0/1830795581 >> [v2:172.21.15.28:6800/1149553567,v1:172.21.15.28:6801/1149553567] conn(0x7f6d7c039100 0x7f6d7c03b5c0 unknown :-1 s=NONE pgs=0 cs=0 l=1 rev1=0 crypto rx=0 tx=0 comp rx=0 tx=0).connect
2024-04-25T01:23:27.879 INFO:teuthology.orchestra.run.smithi028.stdout:/usr/bin/ceph: stderr
2024-04-25T01:23:26.484+0000 7f6d7bfff700 1 -- 172.21.15.28:0/1830795581 <== mon.0 v2:172.21.15.28:3300/0 5 ==== osd_map(3..3 src has 1..3) ==== 1155+0+0 (secure 0 0 0) 0x7f6d8404d5c0 con 0x7f6d94107bf0
2024-04-25T01:23:27.879 INFO:teuthology.orchestra.run.smithi028.stdout:/usr/bin/ceph: stderr
2024-04-25T01:23:26.485+0000 7f6d9259c700 1 --2- 172.21.15.28:0/1830795581 >> [v2:172.21.15.28:6800/1149553567,v1:172.21.15.28:6801/1149553567] conn(0x7f6d7c039100 0x7f6d7c03b5c0 unknown :-1 s=BANNER_CONNECTING pgs=0 cs=0 l=1 rev1=0 crypto rx=0 tx=0 comp rx=0 tx=0)._handle_peer_banner_payload supported=3 required=0
2024-04-25T01:23:27.879 INFO:teuthology.orchestra.run.smithi028.stdout:/usr/bin/ceph: stderr
2024-04-25T01:23:26.485+0000 7f6d9259c700 1 --2- 172.21.15.28:0/1830795581 >> [v2:172.21.15.28:6800/1149553567,v1:172.21.15.28:6801/1149553567] conn(0x7f6d7c039100 0x7f6d7c03b5c0 secure :-1 s=READY pgs=10 cs=0 l=1 rev1=1 crypto rx=0x7f6d88006fd0 tx=0x7f6d88006e40 comp rx=0 tx=0).ready entity=mgr.14152 client_cookie=0 server_cookie=0 in_seq=0 out_seq=0
2024-04-25T01:23:27.879 INFO:teuthology.orchestra.run.smithi028.stdout:/usr/bin/ceph: stderr
2024-04-25T01:23:26.490+0000 7f6d7bfff700 1 -- 172.21.15.28:0/1830795581 <== mon.0 v2:172.21.15.28:3300/0 6 ==== mon_command_ack([{"prefix": "get_command_descriptions"}]=0 v0) ==== 72+0+186147 (secure 0 0 0) 0x7f6d84020c10 con 0x7f6d94107bf0
2024-04-25T01:23:27.879 INFO:teuthology.orchestra.run.smithi028.stdout:/usr/bin/ceph: stderr
2024-04-25T01:23:26.701+0000 7f6d99037700 1 -- 172.21.15.28:0/1830795581 --> [v2:172.21.15.28:3300/0,v1:172.21.15.28:6789/0] -- mon_command([{prefix=config set, name=osd_memory_target_autotune}] v 0) -- 0x7f6d9419f110 con 0x7f6d94107bf0
2024-04-25T01:23:27.879 INFO:teuthology.orchestra.run.smithi028.stdout:/usr/bin/ceph: stderr
2024-04-25T01:23:26.702+0000 7f6d7bfff700 1 -- 172.21.15.28:0/1830795581 <== mon.0 v2:172.21.15.28:3300/0 7 ==== mon_command_ack([{prefix=config set, name=osd_memory_target_autotune}]=0 v8)=0 v8) ==== 127+0+0 (secure 0 0 0) 0x7f6d8401abe0 con 0x7f6d94107bf0
2024-04-25T01:23:27.880 INFO:teuthology.orchestra.run.smithi028.stdout:/usr/bin/ceph: stderr
2024-04-25T01:23:26.704+0000 7f6d99037700 1 -- 172.21.15.28:0/1830795581 >> [v2:172.21.15.28:6800/1149553567,v1:172.21.15.28:6801/1149553567] conn(0x7f6d7c039100 msgr2=0x7f6d7c03b5c0 secure :-1 s=STATE_CONNECTION_ESTABLISHED l=1).mark_down
2024-04-25T01:23:27.880 INFO:teuthology.orchestra.run.smithi028.stdout:/usr/bin/ceph: stderr
2024-04-25T01:23:26.704+0000 7f6d99037700 1 --2- 172.21.15.28:0/1830795581 >> [v2:172.21.15.28:6800/1149553567,v1:172.21.15.28:6801/1149553567] conn(0x7f6d7c039100 0x7f6d7c03b5c0 secure :-1 s=READY pgs=10 cs=0 l=1 rev1=1 crypto rx=0x7f6d88006fd0 tx=0x7f6d88006e40 comp rx=0 tx=0).stop
2024-04-25T01:23:27.880 INFO:teuthology.orchestra.run.smithi028.stdout:/usr/bin/ceph: stderr
2024-04-25T01:23:26.704+0000 7f6d99037700 1 -- 172.21.15.28:0/1830795581 >> [v2:172.21.15.28:3300/0,v1:172.21.15.28:6789/0] conn(0x7f6d94107bf0 msgr2=0x7f6d9419bb10 secure :-1 s=STATE_CONNECTION_ESTABLISHED l=1).mark_down
2024-04-25T01:23:27.880 INFO:teuthology.orchestra.run.smithi028.stdout:/usr/bin/ceph: stderr
2024-04-25T01:23:26.704+0000 7f6d99037700 1 --2- 172.21.15.28:0/1830795581 >> [v2:172.21.15.28:3300/0,v1:172.21.15.28:6789/0] conn(0x7f6d94107bf0 0x7f6d9419bb10 secure :-1 s=READY pgs=77 cs=0 l=1 rev1=1 crypto rx=0x7f6d840117e0 tx=0x7f6d84011ba0 comp rx=0 tx=0).stop
2024-04-25T01:23:27.880 INFO:teuthology.orchestra.run.smithi028.stdout:/usr/bin/ceph: stderr
2024-04-25T01:23:26.704+0000 7f6d99037700 1 -- 172.21.15.28:0/1830795581 shutdown_connections
2024-04-25T01:23:27.880 INFO:teuthology.orchestra.run.smithi028.stdout:/usr/bin/ceph: stderr
2024-04-25T01:23:26.704+0000 7f6d99037700 1 --2- 172.21.15.28:0/1830795581 >> [v2:172.21.15.28:6800/1149553567,v1:172.21.15.28:6801/1149553567] conn(0x7f6d7c039100 0x7f6d7c03b5c0 unknown :-1 s=CLOSED pgs=10 cs=0 l=1 rev1=1 crypto rx=0 tx=0 comp rx=0 tx=0).stop
2024-04-25T01:23:27.880 INFO:teuthology.orchestra.run.smithi028.stdout:/usr/bin/ceph: stderr
2024-04-25T01:23:26.704+0000 7f6d99037700 1 --2- 172.21.15.28:0/1830795581 >> [v2:172.21.15.28:3300/0,v1:172.21.15.28:6789/0] conn(0x7f6d94107bf0 0x7f6d9419bb10 unknown :-1 s=CLOSED pgs=77 cs=0 l=1 rev1=1 crypto rx=0 tx=0 comp rx=0 tx=0).stop
2024-04-25T01:23:27.880 INFO:teuthology.orchestra.run.smithi028.stdout:/usr/bin/ceph: stderr
2024-04-25T01:23:26.704+0000 7f6d99037700 1 -- 172.21.15.28:0/1830795581 >> 172.21.15.28:0/1830795581 conn(0x7f6d94103170 msgr2=0x7f6d94103c80 unknown :-1 s=STATE_NONE l=0).mark_down
2024-04-25T01:23:27.880 INFO:teuthology.orchestra.run.smithi028.stdout:/usr/bin/ceph: stderr
2024-04-25T01:23:26.704+0000 7f6d99037700 1 -- 172.21.15.28:0/1830795581 shutdown_connections
2024-04-25T01:23:27.880 INFO:teuthology.orchestra.run.smithi028.stdout:/usr/bin/ceph: stderr
2024-04-25T01:23:26.704+0000 7f6d99037700 1 -- 172.21.15.28:0/1830795581 wait complete.
2024-04-25T01:23:28.119 INFO:journalctl@ceph.mon.a.smithi028.stdout:Apr 25 01:23:28 smithi028 ceph-mon[29390]: mgrmap e13: x(active, since 6s)
2024-04-25T01:23:29.206 INFO:teuthology.orchestra.run.smithi028.stdout:/usr/bin/ceph: stderr
2024-04-25T01:23:28.334+0000 7efdcc771700 1 Processor -- start
2024-04-25T01:23:29.207 INFO:teuthology.orchestra.run.smithi028.stdout:/usr/bin/ceph: stderr
2024-04-25T01:23:28.334+0000 7efdcc771700 1 -- start start
2024-04-25T01:23:29.207 INFO:teuthology.orchestra.run.smithi028.stdout:/usr/bin/ceph: stderr
2024-04-25T01:23:28.334+0000 7efdcc771700 1 --2- >> [v2:172.21.15.28:3300/0,v1:172.21.15.28:6789/0] conn(0x7efdc4107bf0 0x7efdc4108010 unknown :-1 s=NONE pgs=0 cs=0 l=0 rev1=0 crypto rx=0 tx=0 comp rx=0 tx=0).connect
2024-04-25T01:23:29.207 INFO:teuthology.orchestra.run.smithi028.stdout:/usr/bin/ceph: stderr
2024-04-25T01:23:28.334+0000 7efdcc771700 1 -- --> [v2:172.21.15.28:3300/0,v1:172.21.15.28:6789/0] -- mon_getmap magic: 0 -- 0x7efdc41085e0 con 0x7efdc4107bf0
2024-04-25T01:23:29.207 INFO:teuthology.orchestra.run.smithi028.stdout:/usr/bin/ceph: stderr
2024-04-25T01:23:28.334+0000 7efdca50d700 1 --2- >> [v2:172.21.15.28:3300/0,v1:172.21.15.28:6789/0] conn(0x7efdc4107bf0 0x7efdc4108010 unknown :-1 s=BANNER_CONNECTING pgs=0 cs=0 l=0 rev1=0 crypto rx=0 tx=0 comp rx=0 tx=0)._handle_peer_banner_payload supported=3 required=0
2024-04-25T01:23:29.207 INFO:teuthology.orchestra.run.smithi028.stdout:/usr/bin/ceph: stderr
2024-04-25T01:23:28.334+0000 7efdca50d700 1 --2- >> [v2:172.21.15.28:3300/0,v1:172.21.15.28:6789/0] conn(0x7efdc4107bf0 0x7efdc4108010 unknown :-1 s=HELLO_CONNECTING pgs=0 cs=0 l=0 rev1=1 crypto rx=0 tx=0 comp rx=0 tx=0).handle_hello peer v2:172.21.15.28:3300/0 says I am v2:172.21.15.28:36852/0 (socket says 172.21.15.28:36852)
2024-04-25T01:23:29.207 INFO:teuthology.orchestra.run.smithi028.stdout:/usr/bin/ceph: stderr
2024-04-25T01:23:28.334+0000 7efdca50d700 1 -- 172.21.15.28:0/1508526550 learned_addr learned my addr 172.21.15.28:0/1508526550 (peer_addr_for_me v2:172.21.15.28:0/0)
2024-04-25T01:23:29.207 INFO:teuthology.orchestra.run.smithi028.stdout:/usr/bin/ceph: stderr
2024-04-25T01:23:28.335+0000 7efdca50d700 1 -- 172.21.15.28:0/1508526550 --> [v2:172.21.15.28:3300/0,v1:172.21.15.28:6789/0] -- mon_subscribe({config=0+,monmap=0+}) -- 0x7efdc4108da0 con 0x7efdc4107bf0
2024-04-25T01:23:29.207 INFO:teuthology.orchestra.run.smithi028.stdout:/usr/bin/ceph: stderr
2024-04-25T01:23:28.335+0000 7efdca50d700 1 --2- 172.21.15.28:0/1508526550 >> [v2:172.21.15.28:3300/0,v1:172.21.15.28:6789/0] conn(0x7efdc4107bf0 0x7efdc4108010 secure :-1 s=READY pgs=78 cs=0 l=1 rev1=1 crypto rx=0x7efdc00098a0 tx=0x7efdc0009bb0 comp rx=0 tx=0).ready entity=mon.0 client_cookie=525fc8ffd38c7518 server_cookie=0 in_seq=0 out_seq=0
2024-04-25T01:23:29.207 INFO:teuthology.orchestra.run.smithi028.stdout:/usr/bin/ceph: stderr
2024-04-25T01:23:28.335+0000 7efdc950b700 1 -- 172.21.15.28:0/1508526550 <== mon.0 v2:172.21.15.28:3300/0 1 ==== mon_map magic: 0 ==== 205+0+0 (secure 0 0 0) 0x7efdc0004160 con 0x7efdc4107bf0
2024-04-25T01:23:29.207 INFO:teuthology.orchestra.run.smithi028.stdout:/usr/bin/ceph: stderr
2024-04-25T01:23:28.335+0000 7efdc950b700 1 -- 172.21.15.28:0/1508526550 <== mon.0 v2:172.21.15.28:3300/0 2 ==== config(27 keys) ==== 1140+0+0 (secure 0 0 0) 0x7efdc0004300 con 0x7efdc4107bf0
2024-04-25T01:23:29.207 INFO:teuthology.orchestra.run.smithi028.stdout:/usr/bin/ceph: stderr
2024-04-25T01:23:28.335+0000 7efdc950b700 1 -- 172.21.15.28:0/1508526550 <== mon.0 v2:172.21.15.28:3300/0 3 ==== mon_map magic: 0 ==== 205+0+0 (secure 0 0 0) 0x7efdc0011b20 con 0x7efdc4107bf0
2024-04-25T01:23:29.207 INFO:teuthology.orchestra.run.smithi028.stdout:/usr/bin/ceph: stderr
2024-04-25T01:23:28.336+0000 7efdcc771700 1 -- 172.21.15.28:0/1508526550 >> [v2:172.21.15.28:3300/0,v1:172.21.15.28:6789/0] conn(0x7efdc4107bf0 msgr2=0x7efdc4108010 secure :-1 s=STATE_CONNECTION_ESTABLISHED l=1).mark_down
2024-04-25T01:23:29.207 INFO:teuthology.orchestra.run.smithi028.stdout:/usr/bin/ceph: stderr
2024-04-25T01:23:28.336+0000 7efdcc771700 1 --2- 172.21.15.28:0/1508526550 >> [v2:172.21.15.28:3300/0,v1:172.21.15.28:6789/0] conn(0x7efdc4107bf0 0x7efdc4108010 secure :-1 s=READY pgs=78 cs=0 l=1 rev1=1 crypto rx=0x7efdc00098a0 tx=0x7efdc0009bb0 comp rx=0 tx=0).stop
2024-04-25T01:23:29.208 INFO:teuthology.orchestra.run.smithi028.stdout:/usr/bin/ceph: stderr
2024-04-25T01:23:28.336+0000 7efdcc771700 1 -- 172.21.15.28:0/1508526550 shutdown_connections
2024-04-25T01:23:29.208 INFO:teuthology.orchestra.run.smithi028.stdout:/usr/bin/ceph: stderr
2024-04-25T01:23:28.336+0000 7efdcc771700 1 --2- 172.21.15.28:0/1508526550 >> [v2:172.21.15.28:3300/0,v1:172.21.15.28:6789/0] conn(0x7efdc4107bf0 0x7efdc4108010 unknown :-1 s=CLOSED pgs=78 cs=0 l=1 rev1=1 crypto rx=0 tx=0 comp rx=0 tx=0).stop
2024-04-25T01:23:29.208 INFO:teuthology.orchestra.run.smithi028.stdout:/usr/bin/ceph: stderr
2024-04-25T01:23:28.336+0000 7efdcc771700 1 -- 172.21.15.28:0/1508526550 >> 172.21.15.28:0/1508526550 conn(0x7efdc4103170 msgr2=0x7efdc41055d0 unknown :-1 s=STATE_NONE l=0).mark_down
2024-04-25T01:23:29.208 INFO:teuthology.orchestra.run.smithi028.stdout:/usr/bin/ceph: stderr
2024-04-25T01:23:28.336+0000 7efdcc771700 1 -- 172.21.15.28:0/1508526550 shutdown_connections
2024-04-25T01:23:29.208 INFO:teuthology.orchestra.run.smithi028.stdout:/usr/bin/ceph: stderr
2024-04-25T01:23:28.336+0000 7efdcc771700 1 -- 172.21.15.28:0/1508526550 wait complete.
2024-04-25T01:23:29.208 INFO:teuthology.orchestra.run.smithi028.stdout:/usr/bin/ceph: stderr
2024-04-25T01:23:28.336+0000 7efdcc771700 1 Processor -- start
2024-04-25T01:23:29.208 INFO:teuthology.orchestra.run.smithi028.stdout:/usr/bin/ceph: stderr
2024-04-25T01:23:28.336+0000 7efdcc771700 1 -- start start
2024-04-25T01:23:29.208 INFO:teuthology.orchestra.run.smithi028.stdout:/usr/bin/ceph: stderr
2024-04-25T01:23:28.337+0000 7efdcc771700 1 --2- >> [v2:172.21.15.28:3300/0,v1:172.21.15.28:6789/0] conn(0x7efdc4107bf0 0x7efdc419bb00 unknown :-1 s=NONE pgs=0 cs=0 l=1 rev1=0 crypto rx=0 tx=0 comp rx=0 tx=0).connect
2024-04-25T01:23:29.208 INFO:teuthology.orchestra.run.smithi028.stdout:/usr/bin/ceph: stderr
2024-04-25T01:23:28.337+0000 7efdcc771700 1 -- --> [v2:172.21.15.28:3300/0,v1:172.21.15.28:6789/0] -- mon_getmap magic: 0 -- 0x7efdc410c150 con 0x7efdc4107bf0
2024-04-25T01:23:29.208 INFO:teuthology.orchestra.run.smithi028.stdout:/usr/bin/ceph: stderr
2024-04-25T01:23:28.337+0000 7efdca50d700 1 --2- >> [v2:172.21.15.28:3300/0,v1:172.21.15.28:6789/0] conn(0x7efdc4107bf0 0x7efdc419bb00 unknown :-1 s=BANNER_CONNECTING pgs=0 cs=0 l=1 rev1=0 crypto rx=0 tx=0 comp rx=0 tx=0)._handle_peer_banner_payload supported=3 required=0
2024-04-25T01:23:29.208 INFO:teuthology.orchestra.run.smithi028.stdout:/usr/bin/ceph: stderr
