2024-04-25T01:23:06.013+0000 7f3d06ffd700 1 -- 172.21.15.28:0/475705340 <== mon.0 v2:172.21.15.28:3300/0 2 ==== config(27 keys) ==== 1109+0+0 (secure 0 0 0) 0x7f3cf8004300 con 0x7f3d08108070
2024-04-25T01:23:07.152 INFO:teuthology.orchestra.run.smithi028.stdout:/usr/bin/ceph: stderr
2024-04-25T01:23:06.013+0000 7f3d06ffd700 1 -- 172.21.15.28:0/475705340 <== mon.0 v2:172.21.15.28:3300/0 3 ==== mon_map magic: 0 ==== 205+0+0 (secure 0 0 0) 0x7f3cf8011b50 con 0x7f3d08108070
2024-04-25T01:23:07.152 INFO:teuthology.orchestra.run.smithi028.stdout:/usr/bin/ceph: stderr
2024-04-25T01:23:06.013+0000 7f3d0e52e700 1 -- 172.21.15.28:0/475705340 >> [v2:172.21.15.28:3300/0,v1:172.21.15.28:6789/0] conn(0x7f3d08108070 msgr2=0x7f3d08108490 secure :-1 s=STATE_CONNECTION_ESTABLISHED l=1).mark_down
2024-04-25T01:23:07.153 INFO:teuthology.orchestra.run.smithi028.stdout:/usr/bin/ceph: stderr
2024-04-25T01:23:06.013+0000 7f3d0e52e700 1 --2- 172.21.15.28:0/475705340 >> [v2:172.21.15.28:3300/0,v1:172.21.15.28:6789/0] conn(0x7f3d08108070 0x7f3d08108490 secure :-1 s=READY pgs=47 cs=0 l=1 rev1=1 crypto rx=0x7f3cf80098a0 tx=0x7f3cf8009bb0 comp rx=0 tx=0).stop
2024-04-25T01:23:07.153 INFO:teuthology.orchestra.run.smithi028.stdout:/usr/bin/ceph: stderr
2024-04-25T01:23:06.013+0000 7f3d0e52e700 1 -- 172.21.15.28:0/475705340 shutdown_connections
2024-04-25T01:23:07.153 INFO:teuthology.orchestra.run.smithi028.stdout:/usr/bin/ceph: stderr
2024-04-25T01:23:06.013+0000 7f3d0e52e700 1 --2- 172.21.15.28:0/475705340 >> [v2:172.21.15.28:3300/0,v1:172.21.15.28:6789/0] conn(0x7f3d08108070 0x7f3d08108490 unknown :-1 s=CLOSED pgs=47 cs=0 l=1 rev1=1 crypto rx=0 tx=0 comp rx=0 tx=0).stop
2024-04-25T01:23:07.153 INFO:teuthology.orchestra.run.smithi028.stdout:/usr/bin/ceph: stderr
2024-04-25T01:23:06.013+0000 7f3d0e52e700 1 -- 172.21.15.28:0/475705340 >> 172.21.15.28:0/475705340 conn(0x7f3d081017d0 msgr2=0x7f3d08103bf0 unknown :-1 s=STATE_NONE l=0).mark_down
2024-04-25T01:23:07.153 INFO:teuthology.orchestra.run.smithi028.stdout:/usr/bin/ceph: stderr
2024-04-25T01:23:06.013+0000 7f3d0e52e700 1 -- 172.21.15.28:0/475705340 shutdown_connections
2024-04-25T01:23:07.153 INFO:teuthology.orchestra.run.smithi028.stdout:/usr/bin/ceph: stderr
2024-04-25T01:23:06.013+0000 7f3d0e52e700 1 -- 172.21.15.28:0/475705340 wait complete.
2024-04-25T01:23:07.153 INFO:teuthology.orchestra.run.smithi028.stdout:/usr/bin/ceph: stderr
2024-04-25T01:23:06.014+0000 7f3d0e52e700 1 Processor -- start
2024-04-25T01:23:07.153 INFO:teuthology.orchestra.run.smithi028.stdout:/usr/bin/ceph: stderr
2024-04-25T01:23:06.014+0000 7f3d0e52e700 1 -- start start
2024-04-25T01:23:07.153 INFO:teuthology.orchestra.run.smithi028.stdout:/usr/bin/ceph: stderr
2024-04-25T01:23:06.014+0000 7f3d0e52e700 1 --2- >> [v2:172.21.15.28:3300/0,v1:172.21.15.28:6789/0] conn(0x7f3d08108070 0x7f3d0819bb50 unknown :-1 s=NONE pgs=0 cs=0 l=1 rev1=0 crypto rx=0 tx=0 comp rx=0 tx=0).connect
2024-04-25T01:23:07.153 INFO:teuthology.orchestra.run.smithi028.stdout:/usr/bin/ceph: stderr
2024-04-25T01:23:06.014+0000 7f3d0e52e700 1 -- --> [v2:172.21.15.28:3300/0,v1:172.21.15.28:6789/0] -- mon_getmap magic: 0 -- 0x7f3d0810b040 con 0x7f3d08108070
2024-04-25T01:23:07.153 INFO:teuthology.orchestra.run.smithi028.stdout:/usr/bin/ceph: stderr
2024-04-25T01:23:06.014+0000 7f3d07fff700 1 --2- >> [v2:172.21.15.28:3300/0,v1:172.21.15.28:6789/0] conn(0x7f3d08108070 0x7f3d0819bb50 unknown :-1 s=BANNER_CONNECTING pgs=0 cs=0 l=1 rev1=0 crypto rx=0 tx=0 comp rx=0 tx=0)._handle_peer_banner_payload supported=3 required=0
2024-04-25T01:23:07.153 INFO:teuthology.orchestra.run.smithi028.stdout:/usr/bin/ceph: stderr
2024-04-25T01:23:06.014+0000 7f3d07fff700 1 --2- >> [v2:172.21.15.28:3300/0,v1:172.21.15.28:6789/0] conn(0x7f3d08108070 0x7f3d0819bb50 unknown :-1 s=HELLO_CONNECTING pgs=0 cs=0 l=1 rev1=1 crypto rx=0 tx=0 comp rx=0 tx=0).handle_hello peer v2:172.21.15.28:3300/0 says I am v2:172.21.15.28:46494/0 (socket says 172.21.15.28:46494)
2024-04-25T01:23:07.153 INFO:teuthology.orchestra.run.smithi028.stdout:/usr/bin/ceph: stderr
2024-04-25T01:23:06.014+0000 7f3d07fff700 1 -- 172.21.15.28:0/2029355959 learned_addr learned my addr 172.21.15.28:0/2029355959 (peer_addr_for_me v2:172.21.15.28:0/0)
2024-04-25T01:23:07.153 INFO:teuthology.orchestra.run.smithi028.stdout:/usr/bin/ceph: stderr
2024-04-25T01:23:06.015+0000 7f3d07fff700 1 -- 172.21.15.28:0/2029355959 --> [v2:172.21.15.28:3300/0,v1:172.21.15.28:6789/0] -- mon_subscribe({config=0+,monmap=0+}) -- 0x7f3d0819c090 con 0x7f3d08108070
2024-04-25T01:23:07.153 INFO:teuthology.orchestra.run.smithi028.stdout:/usr/bin/ceph: stderr
2024-04-25T01:23:06.015+0000 7f3d07fff700 1 --2- 172.21.15.28:0/2029355959 >> [v2:172.21.15.28:3300/0,v1:172.21.15.28:6789/0] conn(0x7f3d08108070 0x7f3d0819bb50 secure :-1 s=READY pgs=48 cs=0 l=1 rev1=1 crypto rx=0x7f3cf8011670 tx=0x7f3cf8011b60 comp rx=0 tx=0).ready entity=mon.0 client_cookie=0 server_cookie=0 in_seq=0 out_seq=0
2024-04-25T01:23:07.154 INFO:teuthology.orchestra.run.smithi028.stdout:/usr/bin/ceph: stderr
2024-04-25T01:23:06.015+0000 7f3d057fa700 1 -- 172.21.15.28:0/2029355959 <== mon.0 v2:172.21.15.28:3300/0 1 ==== mon_map magic: 0 ==== 205+0+0 (secure 0 0 0) 0x7f3cf80039c0 con 0x7f3d08108070
2024-04-25T01:23:07.154 INFO:teuthology.orchestra.run.smithi028.stdout:/usr/bin/ceph: stderr
2024-04-25T01:23:06.015+0000 7f3d057fa700 1 -- 172.21.15.28:0/2029355959 <== mon.0 v2:172.21.15.28:3300/0 2 ==== config(27 keys) ==== 1109+0+0 (secure 0 0 0) 0x7f3cf8011e50 con 0x7f3d08108070
2024-04-25T01:23:07.154 INFO:teuthology.orchestra.run.smithi028.stdout:/usr/bin/ceph: stderr
2024-04-25T01:23:06.015+0000 7f3d0e52e700 1 -- 172.21.15.28:0/2029355959 --> [v2:172.21.15.28:3300/0,v1:172.21.15.28:6789/0] -- mon_subscribe({mgrmap=0+}) -- 0x7f3d0819c320 con 0x7f3d08108070
2024-04-25T01:23:07.154 INFO:teuthology.orchestra.run.smithi028.stdout:/usr/bin/ceph: stderr
2024-04-25T01:23:06.015+0000 7f3d057fa700 1 -- 172.21.15.28:0/2029355959 <== mon.0 v2:172.21.15.28:3300/0 3 ==== mon_map magic: 0 ==== 205+0+0 (secure 0 0 0) 0x7f3cf801a5c0 con 0x7f3d08108070
2024-04-25T01:23:07.154 INFO:teuthology.orchestra.run.smithi028.stdout:/usr/bin/ceph: stderr
2024-04-25T01:23:06.015+0000 7f3d0e52e700 1 -- 172.21.15.28:0/2029355959 --> [v2:172.21.15.28:3300/0,v1:172.21.15.28:6789/0] -- mon_subscribe({osdmap=0}) -- 0x7f3d0819f010 con 0x7f3d08108070
2024-04-25T01:23:07.154 INFO:teuthology.orchestra.run.smithi028.stdout:/usr/bin/ceph: stderr
2024-04-25T01:23:06.016+0000 7f3d057fa700 1 -- 172.21.15.28:0/2029355959 <== mon.0 v2:172.21.15.28:3300/0 4 ==== mgrmap(e 8) ==== 46287+0+0 (secure 0 0 0) 0x7f3cf801a870 con 0x7f3d08108070
2024-04-25T01:23:07.154 INFO:teuthology.orchestra.run.smithi028.stdout:/usr/bin/ceph: stderr
2024-04-25T01:23:06.016+0000 7f3d0e52e700 1 -- 172.21.15.28:0/2029355959 --> [v2:172.21.15.28:3300/0,v1:172.21.15.28:6789/0] -- mon_command({"prefix": "get_command_descriptions"} v 0) -- 0x7f3d08063890 con 0x7f3d08108070
2024-04-25T01:23:07.154 INFO:teuthology.orchestra.run.smithi028.stdout:/usr/bin/ceph: stderr
2024-04-25T01:23:06.016+0000 7f3d057fa700 1 --2- 172.21.15.28:0/2029355959 >> [v2:172.21.15.28:6800/2407469300,v1:172.21.15.28:6801/2407469300] conn(0x7f3cf4039050 0x7f3cf403b510 unknown :-1 s=NONE pgs=0 cs=0 l=1 rev1=0 crypto rx=0 tx=0 comp rx=0 tx=0).connect
2024-04-25T01:23:07.154 INFO:teuthology.orchestra.run.smithi028.stdout:/usr/bin/ceph: stderr
2024-04-25T01:23:06.016+0000 7f3d057fa700 1 -- 172.21.15.28:0/2029355959 <== mon.0 v2:172.21.15.28:3300/0 5 ==== osd_map(2..2 src has 1..2) ==== 940+0+0 (secure 0 0 0) 0x7f3cf804d420 con 0x7f3d08108070
2024-04-25T01:23:07.154 INFO:teuthology.orchestra.run.smithi028.stdout:/usr/bin/ceph: stderr
2024-04-25T01:23:06.016+0000 7f3d077fe700 1 --2- 172.21.15.28:0/2029355959 >> [v2:172.21.15.28:6800/2407469300,v1:172.21.15.28:6801/2407469300] conn(0x7f3cf4039050 0x7f3cf403b510 unknown :-1 s=BANNER_CONNECTING pgs=0 cs=0 l=1 rev1=0 crypto rx=0 tx=0 comp rx=0 tx=0)._handle_peer_banner_payload supported=3 required=0
2024-04-25T01:23:07.154 INFO:teuthology.orchestra.run.smithi028.stdout:/usr/bin/ceph: stderr
2024-04-25T01:23:06.017+0000 7f3d077fe700 1 --2- 172.21.15.28:0/2029355959 >> [v2:172.21.15.28:6800/2407469300,v1:172.21.15.28:6801/2407469300] conn(0x7f3cf4039050 0x7f3cf403b510 secure :-1 s=READY pgs=12 cs=0 l=1 rev1=1 crypto rx=0x7f3cf0006fd0 tx=0x7f3cf0006e40 comp rx=0 tx=0).ready entity=mgr.14120 client_cookie=0 server_cookie=0 in_seq=0 out_seq=0
2024-04-25T01:23:07.154 INFO:teuthology.orchestra.run.smithi028.stdout:/usr/bin/ceph: stderr
2024-04-25T01:23:06.021+0000 7f3d057fa700 1 -- 172.21.15.28:0/2029355959 <== mon.0 v2:172.21.15.28:3300/0 6 ==== mon_command_ack([{"prefix": "get_command_descriptions"}]=0 v0) ==== 72+0+186147 (secure 0 0 0) 0x7f3cf8019c70 con 0x7f3d08108070
2024-04-25T01:23:07.155 INFO:teuthology.orchestra.run.smithi028.stdout:/usr/bin/ceph: stderr
2024-04-25T01:23:06.245+0000 7f3d0e52e700 1 -- 172.21.15.28:0/2029355959 --> [v2:172.21.15.28:6800/2407469300,v1:172.21.15.28:6801/2407469300] -- mgr_command(tid 0: {"prefix": "orch apply", "service_type": "mon", "unmanaged": true, "target": ["mon-mgr", ""]}) -- 0x7f3d080008d0 con 0x7f3cf4039050
2024-04-25T01:23:07.155 INFO:teuthology.orchestra.run.smithi028.stdout:/usr/bin/ceph: stderr
2024-04-25T01:23:06.251+0000 7f3d057fa700 1 -- 172.21.15.28:0/2029355959 <== mgr.14120 v2:172.21.15.28:6800/2407469300 1 ==== mgr_command_reply(tid 0: 0 ) ==== 8+0+24 (secure 0 0 0) 0x7f3d080008d0 con 0x7f3cf4039050
2024-04-25T01:23:07.155 INFO:teuthology.orchestra.run.smithi028.stdout:/usr/bin/ceph: stderr
2024-04-25T01:23:06.253+0000 7f3d0e52e700 1 -- 172.21.15.28:0/2029355959 >> [v2:172.21.15.28:6800/2407469300,v1:172.21.15.28:6801/2407469300] conn(0x7f3cf4039050 msgr2=0x7f3cf403b510 secure :-1 s=STATE_CONNECTION_ESTABLISHED l=1).mark_down
2024-04-25T01:23:07.155 INFO:teuthology.orchestra.run.smithi028.stdout:/usr/bin/ceph: stderr
2024-04-25T01:23:06.253+0000 7f3d0e52e700 1 --2- 172.21.15.28:0/2029355959 >> [v2:172.21.15.28:6800/2407469300,v1:172.21.15.28:6801/2407469300] conn(0x7f3cf4039050 0x7f3cf403b510 secure :-1 s=READY pgs=12 cs=0 l=1 rev1=1 crypto rx=0x7f3cf0006fd0 tx=0x7f3cf0006e40 comp rx=0 tx=0).stop
2024-04-25T01:23:07.155 INFO:teuthology.orchestra.run.smithi028.stdout:/usr/bin/ceph: stderr
2024-04-25T01:23:06.253+0000 7f3d0e52e700 1 -- 172.21.15.28:0/2029355959 >> [v2:172.21.15.28:3300/0,v1:172.21.15.28:6789/0] conn(0x7f3d08108070 msgr2=0x7f3d0819bb50 secure :-1 s=STATE_CONNECTION_ESTABLISHED l=1).mark_down
2024-04-25T01:23:07.155 INFO:teuthology.orchestra.run.smithi028.stdout:/usr/bin/ceph: stderr
2024-04-25T01:23:06.253+0000 7f3d0e52e700 1 --2- 172.21.15.28:0/2029355959 >> [v2:172.21.15.28:3300/0,v1:172.21.15.28:6789/0] conn(0x7f3d08108070 0x7f3d0819bb50 secure :-1 s=READY pgs=48 cs=0 l=1 rev1=1 crypto rx=0x7f3cf8011670 tx=0x7f3cf8011b60 comp rx=0 tx=0).stop
2024-04-25T01:23:07.155 INFO:teuthology.orchestra.run.smithi028.stdout:/usr/bin/ceph: stderr
2024-04-25T01:23:06.254+0000 7f3d0e52e700 1 -- 172.21.15.28:0/2029355959 shutdown_connections
2024-04-25T01:23:07.155 INFO:teuthology.orchestra.run.smithi028.stdout:/usr/bin/ceph: stderr
2024-04-25T01:23:06.254+0000 7f3d0e52e700 1 --2- 172.21.15.28:0/2029355959 >> [v2:172.21.15.28:6800/2407469300,v1:172.21.15.28:6801/2407469300] conn(0x7f3cf4039050 0x7f3cf403b510 unknown :-1 s=CLOSED pgs=12 cs=0 l=1 rev1=1 crypto rx=0 tx=0 comp rx=0 tx=0).stop
2024-04-25T01:23:07.155 INFO:teuthology.orchestra.run.smithi028.stdout:/usr/bin/ceph: stderr
2024-04-25T01:23:06.254+0000 7f3d0e52e700 1 --2- 172.21.15.28:0/2029355959 >> [v2:172.21.15.28:3300/0,v1:172.21.15.28:6789/0] conn(0x7f3d08108070 0x7f3d0819bb50 unknown :-1 s=CLOSED pgs=48 cs=0 l=1 rev1=1 crypto rx=0 tx=0 comp rx=0 tx=0).stop
2024-04-25T01:23:07.155 INFO:teuthology.orchestra.run.smithi028.stdout:/usr/bin/ceph: stderr
2024-04-25T01:23:06.254+0000 7f3d0e52e700 1 -- 172.21.15.28:0/2029355959 >> 172.21.15.28:0/2029355959 conn(0x7f3d081017d0 msgr2=0x7f3d08102670 unknown :-1 s=STATE_NONE l=0).mark_down
2024-04-25T01:23:07.155 INFO:teuthology.orchestra.run.smithi028.stdout:/usr/bin/ceph: stderr
2024-04-25T01:23:06.254+0000 7f3d0e52e700 1 -- 172.21.15.28:0/2029355959 shutdown_connections
2024-04-25T01:23:07.155 INFO:teuthology.orchestra.run.smithi028.stdout:/usr/bin/ceph: stderr
2024-04-25T01:23:06.254+0000 7f3d0e52e700 1 -- 172.21.15.28:0/2029355959 wait complete.
2024-04-25T01:23:07.155 INFO:teuthology.orchestra.run.smithi028.stdout:Deploying unmanaged mgr service...
2024-04-25T01:23:07.451 INFO:journalctl@ceph.mon.a.smithi028.stdout:Apr 25 01:23:07 smithi028 ceph-mon[29390]: from='client.14142 -' entity='client.admin' cmd=[{"prefix": "orch apply", "service_type": "mon", "unmanaged": true, "target": ["mon-mgr", ""]}]: dispatch
2024-04-25T01:23:07.451 INFO:journalctl@ceph.mon.a.smithi028.stdout:Apr 25 01:23:07 smithi028 ceph-mon[29390]: Saving service mon spec with placement count:5
2024-04-25T01:23:07.451 INFO:journalctl@ceph.mon.a.smithi028.stdout:Apr 25 01:23:07 smithi028 ceph-mon[29390]: from='mgr.14120 172.21.15.28:0/1059139565' entity='mgr.x'
2024-04-25T01:23:08.984 INFO:teuthology.orchestra.run.smithi028.stdout:/usr/bin/ceph: stdout Scheduled mgr update...
2024-04-25T01:23:08.984 INFO:teuthology.orchestra.run.smithi028.stdout:/usr/bin/ceph: stderr
2024-04-25T01:23:08.230+0000 7fdd88030700 1 Processor -- start
2024-04-25T01:23:08.984 INFO:teuthology.orchestra.run.smithi028.stdout:/usr/bin/ceph: stderr
2024-04-25T01:23:08.230+0000 7fdd88030700 1 -- start start
2024-04-25T01:23:08.984 INFO:teuthology.orchestra.run.smithi028.stdout:/usr/bin/ceph: stderr
2024-04-25T01:23:08.230+0000 7fdd88030700 1 --2- >> [v2:172.21.15.28:3300/0,v1:172.21.15.28:6789/0] conn(0x7fdd80106af0 0x7fdd80106f10 unknown :-1 s=NONE pgs=0 cs=0 l=0 rev1=0 crypto rx=0 tx=0 comp rx=0 tx=0).connect
2024-04-25T01:23:08.984 INFO:teuthology.orchestra.run.smithi028.stdout:/usr/bin/ceph: stderr
2024-04-25T01:23:08.230+0000 7fdd88030700 1 -- --> [v2:172.21.15.28:3300/0,v1:172.21.15.28:6789/0] -- mon_getmap magic: 0 -- 0x7fdd801074e0 con 0x7fdd80106af0
2024-04-25T01:23:08.984 INFO:teuthology.orchestra.run.smithi028.stdout:/usr/bin/ceph: stderr
2024-04-25T01:23:08.231+0000 7fdd85dcc700 1 --2- >> [v2:172.21.15.28:3300/0,v1:172.21.15.28:6789/0] conn(0x7fdd80106af0 0x7fdd80106f10 unknown :-1 s=BANNER_CONNECTING pgs=0 cs=0 l=0 rev1=0 crypto rx=0 tx=0 comp rx=0 tx=0)._handle_peer_banner_payload supported=3 required=0
2024-04-25T01:23:08.984 INFO:teuthology.orchestra.run.smithi028.stdout:/usr/bin/ceph: stderr
2024-04-25T01:23:08.231+0000 7fdd85dcc700 1 --2- >> [v2:172.21.15.28:3300/0,v1:172.21.15.28:6789/0] conn(0x7fdd80106af0 0x7fdd80106f10 unknown :-1 s=HELLO_CONNECTING pgs=0 cs=0 l=0 rev1=1 crypto rx=0 tx=0 comp rx=0 tx=0).handle_hello peer v2:172.21.15.28:3300/0 says I am v2:172.21.15.28:36448/0 (socket says 172.21.15.28:36448)
2024-04-25T01:23:08.984 INFO:teuthology.orchestra.run.smithi028.stdout:/usr/bin/ceph: stderr
2024-04-25T01:23:08.231+0000 7fdd85dcc700 1 -- 172.21.15.28:0/913577704 learned_addr learned my addr 172.21.15.28:0/913577704 (peer_addr_for_me v2:172.21.15.28:0/0)
2024-04-25T01:23:08.984 INFO:teuthology.orchestra.run.smithi028.stdout:/usr/bin/ceph: stderr
2024-04-25T01:23:08.231+0000 7fdd85dcc700 1 -- 172.21.15.28:0/913577704 --> [v2:172.21.15.28:3300/0,v1:172.21.15.28:6789/0] -- mon_subscribe({config=0+,monmap=0+}) -- 0x7fdd80107cf0 con 0x7fdd80106af0
2024-04-25T01:23:08.984 INFO:teuthology.orchestra.run.smithi028.stdout:/usr/bin/ceph: stderr
2024-04-25T01:23:08.231+0000 7fdd85dcc700 1 --2- 172.21.15.28:0/913577704 >> [v2:172.21.15.28:3300/0,v1:172.21.15.28:6789/0] conn(0x7fdd80106af0 0x7fdd80106f10 secure :-1 s=READY pgs=49 cs=0 l=1 rev1=1 crypto rx=0x7fdd7c0098a0 tx=0x7fdd7c009bb0 comp rx=0 tx=0).ready entity=mon.0 client_cookie=7381fe5368b9fd5d server_cookie=0 in_seq=0 out_seq=0
2024-04-25T01:23:08.984 INFO:teuthology.orchestra.run.smithi028.stdout:/usr/bin/ceph: stderr
2024-04-25T01:23:08.232+0000 7fdd84dca700 1 -- 172.21.15.28:0/913577704 <== mon.0 v2:172.21.15.28:3300/0 1 ==== mon_map magic: 0 ==== 205+0+0 (secure 0 0 0) 0x7fdd7c004160 con 0x7fdd80106af0
2024-04-25T01:23:08.985 INFO:teuthology.orchestra.run.smithi028.stdout:/usr/bin/ceph: stderr
2024-04-25T01:23:08.232+0000 7fdd84dca700 1 -- 172.21.15.28:0/913577704 <== mon.0 v2:172.21.15.28:3300/0 2 ==== config(27 keys) ==== 1140+0+0 (secure 0 0 0) 0x7fdd7c004300 con 0x7fdd80106af0
2024-04-25T01:23:08.985 INFO:teuthology.orchestra.run.smithi028.stdout:/usr/bin/ceph: stderr
2024-04-25T01:23:08.232+0000 7fdd84dca700 1 -- 172.21.15.28:0/913577704 <== mon.0 v2:172.21.15.28:3300/0 3 ==== mon_map magic: 0 ==== 205+0+0 (secure 0 0 0) 0x7fdd7c011b20 con 0x7fdd80106af0
2024-04-25T01:23:08.985 INFO:teuthology.orchestra.run.smithi028.stdout:/usr/bin/ceph: stderr
2024-04-25T01:23:08.232+0000 7fdd88030700 1 -- 172.21.15.28:0/913577704 >> [v2:172.21.15.28:3300/0,v1:172.21.15.28:6789/0] conn(0x7fdd80106af0 msgr2=0x7fdd80106f10 secure :-1 s=STATE_CONNECTION_ESTABLISHED l=1).mark_down
2024-04-25T01:23:08.985 INFO:teuthology.orchestra.run.smithi028.stdout:/usr/bin/ceph: stderr
2024-04-25T01:23:08.232+0000 7fdd88030700 1 --2- 172.21.15.28:0/913577704 >> [v2:172.21.15.28:3300/0,v1:172.21.15.28:6789/0] conn(0x7fdd80106af0 0x7fdd80106f10 secure :-1 s=READY pgs=49 cs=0 l=1 rev1=1 crypto rx=0x7fdd7c0098a0 tx=0x7fdd7c009bb0 comp rx=0 tx=0).stop
2024-04-25T01:23:08.985 INFO:teuthology.orchestra.run.smithi028.stdout:/usr/bin/ceph: stderr
2024-04-25T01:23:08.232+0000 7fdd88030700 1 -- 172.21.15.28:0/913577704 shutdown_connections
2024-04-25T01:23:08.985 INFO:teuthology.orchestra.run.smithi028.stdout:/usr/bin/ceph: stderr
2024-04-25T01:23:08.232+0000 7fdd88030700 1 --2- 172.21.15.28:0/913577704 >> [v2:172.21.15.28:3300/0,v1:172.21.15.28:6789/0] conn(0x7fdd80106af0 0x7fdd80106f10 unknown :-1 s=CLOSED pgs=49 cs=0 l=1 rev1=1 crypto rx=0 tx=0 comp rx=0 tx=0).stop
2024-04-25T01:23:08.985 INFO:teuthology.orchestra.run.smithi028.stdout:/usr/bin/ceph: stderr
2024-04-25T01:23:08.232+0000 7fdd88030700 1 -- 172.21.15.28:0/913577704 >> 172.21.15.28:0/913577704 conn(0x7fdd801020d0 msgr2=0x7fdd801044f0 unknown :-1 s=STATE_NONE l=0).mark_down
2024-04-25T01:23:08.985 INFO:teuthology.orchestra.run.smithi028.stdout:/usr/bin/ceph: stderr
2024-04-25T01:23:08.233+0000 7fdd88030700 1 -- 172.21.15.28:0/913577704 shutdown_connections
2024-04-25T01:23:08.985 INFO:teuthology.orchestra.run.smithi028.stdout:/usr/bin/ceph: stderr
2024-04-25T01:23:08.233+0000 7fdd88030700 1 -- 172.21.15.28:0/913577704 wait complete.
2024-04-25T01:23:08.985 INFO:teuthology.orchestra.run.smithi028.stdout:/usr/bin/ceph: stderr
2024-04-25T01:23:08.233+0000 7fdd88030700 1 Processor -- start
2024-04-25T01:23:08.985 INFO:teuthology.orchestra.run.smithi028.stdout:/usr/bin/ceph: stderr
2024-04-25T01:23:08.233+0000 7fdd88030700 1 -- start start
2024-04-25T01:23:08.985 INFO:teuthology.orchestra.run.smithi028.stdout:/usr/bin/ceph: stderr
2024-04-25T01:23:08.233+0000 7fdd88030700 1 --2- >> [v2:172.21.15.28:3300/0,v1:172.21.15.28:6789/0] conn(0x7fdd80106af0 0x7fdd8019bb00 unknown :-1 s=NONE pgs=0 cs=0 l=1 rev1=0 crypto rx=0 tx=0 comp rx=0 tx=0).connect
2024-04-25T01:23:08.985 INFO:teuthology.orchestra.run.smithi028.stdout:/usr/bin/ceph: stderr
2024-04-25T01:23:08.233+0000 7fdd88030700 1 -- --> [v2:172.21.15.28:3300/0,v1:172.21.15.28:6789/0] -- mon_getmap magic: 0 -- 0x7fdd8010b0a0 con 0x7fdd80106af0
2024-04-25T01:23:08.985 INFO:teuthology.orchestra.run.smithi028.stdout:/usr/bin/ceph: stderr
2024-04-25T01:23:08.233+0000 7fdd85dcc700 1 --2- >> [v2:172.21.15.28:3300/0,v1:172.21.15.28:6789/0] conn(0x7fdd80106af0 0x7fdd8019bb00 unknown :-1 s=BANNER_CONNECTING pgs=0 cs=0 l=1 rev1=0 crypto rx=0 tx=0 comp rx=0 tx=0)._handle_peer_banner_payload supported=3 required=0
2024-04-25T01:23:08.986 INFO:teuthology.orchestra.run.smithi028.stdout:/usr/bin/ceph: stderr
2024-04-25T01:23:08.233+0000 7fdd85dcc700 1 --2- >> [v2:172.21.15.28:3300/0,v1:172.21.15.28:6789/0] conn(0x7fdd80106af0 0x7fdd8019bb00 unknown :-1 s=HELLO_CONNECTING pgs=0 cs=0 l=1 rev1=1 crypto rx=0 tx=0 comp rx=0 tx=0).handle_hello peer v2:172.21.15.28:3300/0 says I am v2:172.21.15.28:36464/0 (socket says 172.21.15.28:36464)
2024-04-25T01:23:08.986 INFO:teuthology.orchestra.run.smithi028.stdout:/usr/bin/ceph: stderr
2024-04-25T01:23:08.233+0000 7fdd85dcc700 1 -- 172.21.15.28:0/1560205557 learned_addr learned my addr 172.21.15.28:0/1560205557 (peer_addr_for_me v2:172.21.15.28:0/0)
2024-04-25T01:23:08.986 INFO:teuthology.orchestra.run.smithi028.stdout:/usr/bin/ceph: stderr
2024-04-25T01:23:08.234+0000 7fdd85dcc700 1 -- 172.21.15.28:0/1560205557 --> [v2:172.21.15.28:3300/0,v1:172.21.15.28:6789/0] -- mon_subscribe({config=0+,monmap=0+}) -- 0x7fdd8019c040 con 0x7fdd80106af0
2024-04-25T01:23:08.986 INFO:teuthology.orchestra.run.smithi028.stdout:/usr/bin/ceph: stderr
2024-04-25T01:23:08.234+0000 7fdd85dcc700 1 --2- 172.21.15.28:0/1560205557 >> [v2:172.21.15.28:3300/0,v1:172.21.15.28:6789/0] conn(0x7fdd80106af0 0x7fdd8019bb00 secure :-1 s=READY pgs=50 cs=0 l=1 rev1=1 crypto rx=0x7fdd7c0117e0 tx=0x7fdd7c011c10 comp rx=0 tx=0).ready entity=mon.0 client_cookie=0 server_cookie=0 in_seq=0 out_seq=0
2024-04-25T01:23:08.986 INFO:teuthology.orchestra.run.smithi028.stdout:/usr/bin/ceph: stderr
2024-04-25T01:23:08.234+0000 7fdd76ffd700 1 -- 172.21.15.28:0/1560205557 <== mon.0 v2:172.21.15.28:3300/0 1 ==== mon_map magic: 0 ==== 205+0+0 (secure 0 0 0) 0x7fdd7c003bf0 con 0x7fdd80106af0
2024-04-25T01:23:08.986 INFO:teuthology.orchestra.run.smithi028.stdout:/usr/bin/ceph: stderr
2024-04-25T01:23:08.234+0000 7fdd76ffd700 1 -- 172.21.15.28:0/1560205557 <== mon.0 v2:172.21.15.28:3300/0 2 ==== config(27 keys) ==== 1140+0+0 (secure 0 0 0) 0x7fdd7c01a910 con 0x7fdd80106af0
2024-04-25T01:23:08.986 INFO:teuthology.orchestra.run.smithi028.stdout:/usr/bin/ceph: stderr
2024-04-25T01:23:08.234+0000 7fdd88030700 1 -- 172.21.15.28:0/1560205557 --> [v2:172.21.15.28:3300/0,v1:172.21.15.28:6789/0] -- mon_subscribe({mgrmap=0+}) -- 0x7fdd8019c2d0 con 0x7fdd80106af0
2024-04-25T01:23:08.986 INFO:teuthology.orchestra.run.smithi028.stdout:/usr/bin/ceph: stderr
2024-04-25T01:23:08.234+0000 7fdd76ffd700 1 -- 172.21.15.28:0/1560205557 <== mon.0 v2:172.21.15.28:3300/0 3 ==== mon_map magic: 0 ==== 205+0+0 (secure 0 0 0) 0x7fdd7c0249a0 con 0x7fdd80106af0
2024-04-25T01:23:08.986 INFO:teuthology.orchestra.run.smithi028.stdout:/usr/bin/ceph: stderr
2024-04-25T01:23:08.234+0000 7fdd88030700 1 -- 172.21.15.28:0/1560205557 --> [v2:172.21.15.28:3300/0,v1:172.21.15.28:6789/0] -- mon_subscribe({osdmap=0}) -- 0x7fdd8019c730 con 0x7fdd80106af0
2024-04-25T01:23:08.986 INFO:teuthology.orchestra.run.smithi028.stdout:/usr/bin/ceph: stderr
2024-04-25T01:23:08.235+0000 7fdd76ffd700 1 -- 172.21.15.28:0/1560205557 <== mon.0 v2:172.21.15.28:3300/0 4 ==== mgrmap(e 8) ==== 46287+0+0 (secure 0 0 0) 0x7fdd7c022020 con 0x7fdd80106af0
2024-04-25T01:23:08.986 INFO:teuthology.orchestra.run.smithi028.stdout:/usr/bin/ceph: stderr
2024-04-25T01:23:08.235+0000 7fdd88030700 1 -- 172.21.15.28:0/1560205557 --> [v2:172.21.15.28:3300/0,v1:172.21.15.28:6789/0] -- mon_command({"prefix": "get_command_descriptions"} v 0) -- 0x7fdd80063890 con 0x7fdd80106af0
2024-04-25T01:23:08.986 INFO:teuthology.orchestra.run.smithi028.stdout:/usr/bin/ceph: stderr
2024-04-25T01:23:08.236+0000 7fdd76ffd700 1 --2- 172.21.15.28:0/1560205557 >> [v2:172.21.15.28:6800/2407469300,v1:172.21.15.28:6801/2407469300] conn(0x7fdd6c039050 0x7fdd6c03b510 unknown :-1 s=NONE pgs=0 cs=0 l=1 rev1=0 crypto rx=0 tx=0 comp rx=0 tx=0).connect
2024-04-25T01:23:08.986 INFO:teuthology.orchestra.run.smithi028.stdout:/usr/bin/ceph: stderr
2024-04-25T01:23:08.236+0000 7fdd76ffd700 1 -- 172.21.15.28:0/1560205557 <== mon.0 v2:172.21.15.28:3300/0 5 ==== osd_map(2..2 src has 1..2) ==== 940+0+0 (secure 0 0 0) 0x7fdd7c04d310 con 0x7fdd80106af0
2024-04-25T01:23:08.987 INFO:teuthology.orchestra.run.smithi028.stdout:/usr/bin/ceph: stderr
2024-04-25T01:23:08.236+0000 7fdd855cb700 1 --2- 172.21.15.28:0/1560205557 >> [v2:172.21.15.28:6800/2407469300,v1:172.21.15.28:6801/2407469300] conn(0x7fdd6c039050 0x7fdd6c03b510 unknown :-1 s=BANNER_CONNECTING pgs=0 cs=0 l=1 rev1=0 crypto rx=0 tx=0 comp rx=0 tx=0)._handle_peer_banner_payload supported=3 required=0
2024-04-25T01:23:08.987 INFO:teuthology.orchestra.run.smithi028.stdout:/usr/bin/ceph: stderr
2024-04-25T01:23:08.236+0000 7fdd855cb700 1 --2- 172.21.15.28:0/1560205557 >> [v2:172.21.15.28:6800/2407469300,v1:172.21.15.28:6801/2407469300] conn(0x7fdd6c039050 0x7fdd6c03b510 secure :-1 s=READY pgs=13 cs=0 l=1 rev1=1 crypto rx=0x7fdd70006fd0 tx=0x7fdd70006e40 comp rx=0 tx=0).ready entity=mgr.14120 client_cookie=0 server_cookie=0 in_seq=0 out_seq=0
2024-04-25T01:23:08.987 INFO:teuthology.orchestra.run.smithi028.stdout:/usr/bin/ceph: stderr
2024-04-25T01:23:08.241+0000 7fdd76ffd700 1 -- 172.21.15.28:0/1560205557 <== mon.0 v2:172.21.15.28:3300/0 6 ==== mon_command_ack([{"prefix": "get_command_descriptions"}]=0 v0) ==== 72+0+186147 (secure 0 0 0) 0x7fdd7c011e20 con 0x7fdd80106af0
2024-04-25T01:23:08.987 INFO:teuthology.orchestra.run.smithi028.stdout:/usr/bin/ceph: stderr
2024-04-25T01:23:08.461+0000 7fdd88030700 1 -- 172.21.15.28:0/1560205557 --> [v2:172.21.15.28:6800/2407469300,v1:172.21.15.28:6801/2407469300] -- mgr_command(tid 0: {"prefix": "orch apply", "service_type": "mgr", "unmanaged": true, "target": ["mon-mgr", ""]}) -- 0x7fdd80062670 con 0x7fdd6c039050
2024-04-25T01:23:08.987 INFO:teuthology.orchestra.run.smithi028.stdout:/usr/bin/ceph: stderr
2024-04-25T01:23:08.467+0000 7fdd76ffd700 1 -- 172.21.15.28:0/1560205557 <== mgr.14120 v2:172.21.15.28:6800/2407469300 1 ==== mgr_command_reply(tid 0: 0 ) ==== 8+0+24 (secure 0 0 0) 0x7fdd80062670 con 0x7fdd6c039050
2024-04-25T01:23:08.987 INFO:teuthology.orchestra.run.smithi028.stdout:/usr/bin/ceph: stderr
2024-04-25T01:23:08.469+0000 7fdd88030700 1 -- 172.21.15.28:0/1560205557 >> [v2:172.21.15.28:6800/2407469300,v1:172.21.15.28:6801/2407469300] conn(0x7fdd6c039050 msgr2=0x7fdd6c03b510 secure :-1 s=STATE_CONNECTION_ESTABLISHED l=1).mark_down
2024-04-25T01:23:08.987 INFO:teuthology.orchestra.run.smithi028.stdout:/usr/bin/ceph: stderr
2024-04-25T01:23:08.469+0000 7fdd88030700 1 --2- 172.21.15.28:0/1560205557 >> [v2:172.21.15.28:6800/2407469300,v1:172.21.15.28:6801/2407469300] conn(0x7fdd6c039050 0x7fdd6c03b510 secure :-1 s=READY pgs=13 cs=0 l=1 rev1=1 crypto rx=0x7fdd70006fd0 tx=0x7fdd70006e40 comp rx=0 tx=0).stop
2024-04-25T01:23:08.987 INFO:teuthology.orchestra.run.smithi028.stdout:/usr/bin/ceph: stderr
2024-04-25T01:23:08.469+0000 7fdd88030700 1 -- 172.21.15.28:0/1560205557 >> [v2:172.21.15.28:3300/0,v1:172.21.15.28:6789/0] conn(0x7fdd80106af0 msgr2=0x7fdd8019bb00 secure :-1 s=STATE_CONNECTION_ESTABLISHED l=1).mark_down
2024-04-25T01:23:08.987 INFO:teuthology.orchestra.run.smithi028.stdout:/usr/bin/ceph: stderr
2024-04-25T01:23:08.469+0000 7fdd88030700 1 --2- 172.21.15.28:0/1560205557 >> [v2:172.21.15.28:3300/0,v1:172.21.15.28:6789/0] conn(0x7fdd80106af0 0x7fdd8019bb00 secure :-1 s=READY pgs=50 cs=0 l=1 rev1=1 crypto rx=0x7fdd7c0117e0 tx=0x7fdd7c011c10 comp rx=0 tx=0).stop
2024-04-25T01:23:08.987 INFO:teuthology.orchestra.run.smithi028.stdout:/usr/bin/ceph: stderr
2024-04-25T01:23:08.469+0000 7fdd88030700 1 -- 172.21.15.28:0/1560205557 shutdown_connections
2024-04-25T01:23:08.987 INFO:teuthology.orchestra.run.smithi028.stdout:/usr/bin/ceph: stderr
2024-04-25T01:23:08.469+0000 7fdd88030700 1 --2- 172.21.15.28:0/1560205557 >> [v2:172.21.15.28:6800/2407469300,v1:172.21.15.28:6801/2407469300] conn(0x7fdd6c039050 0x7fdd6c03b510 unknown :-1 s=CLOSED pgs=13 cs=0 l=1 rev1=1 crypto rx=0 tx=0 comp rx=0 tx=0).stop
2024-04-25T01:23:08.987 INFO:teuthology.orchestra.run.smithi028.stdout:/usr/bin/ceph: stderr
2024-04-25T01:23:08.469+0000 7fdd88030700 1 --2- 172.21.15.28:0/1560205557 >> [v2:172.21.15.28:3300/0,v1:172.21.15.28:6789/0] conn(0x7fdd80106af0 0x7fdd8019bb00 unknown :-1 s=CLOSED pgs=50 cs=0 l=1 rev1=1 crypto rx=0 tx=0 comp rx=0 tx=0).stop
2024-04-25T01:23:08.987 INFO:teuthology.orchestra.run.smithi028.stdout:/usr/bin/ceph: stderr
2024-04-25T01:23:08.469+0000 7fdd88030700 1 -- 172.21.15.28:0/1560205557 >> 172.21.15.28:0/1560205557 conn(0x7fdd801020d0 msgr2=0x7fdd80102ef0 unknown :-1 s=STATE_NONE l=0).mark_down
2024-04-25T01:23:08.987 INFO:teuthology.orchestra.run.smithi028.stdout:/usr/bin/ceph: stderr
2024-04-25T01:23:08.469+0000 7fdd88030700 1 -- 172.21.15.28:0/1560205557 shutdown_connections
2024-04-25T01:23:08.987 INFO:teuthology.orchestra.run.smithi028.stdout:/usr/bin/ceph: stderr
2024-04-25T01:23:08.469+0000 7fdd88030700 1 -- 172.21.15.28:0/1560205557 wait complete.
2024-04-25T01:23:09.292 INFO:journalctl@ceph.mon.a.smithi028.stdout:Apr 25 01:23:09 smithi028 ceph-mon[29390]: from='mgr.14120 172.21.15.28:0/1059139565' entity='mgr.x'
2024-04-25T01:23:09.292 INFO:journalctl@ceph.mon.a.smithi028.stdout:Apr 25 01:23:09 smithi028 ceph-mon[29390]: from='mgr.14120 172.21.15.28:0/1059139565' entity='mgr.x'
2024-04-25T01:23:10.307 INFO:journalctl@ceph.mon.a.smithi028.stdout:Apr 25 01:23:10 smithi028 ceph-mon[29390]: from='client.14144 -' entity='client.admin' cmd=[{"prefix": "orch apply", "service_type": "mgr", "unmanaged": true, "target": ["mon-mgr", ""]}]: dispatch
2024-04-25T01:23:10.307 INFO:journalctl@ceph.mon.a.smithi028.stdout:Apr 25 01:23:10 smithi028 ceph-mon[29390]: Saving service mgr spec with placement count:2
2024-04-25T01:23:10.308 INFO:journalctl@ceph.mon.a.smithi028.stdout:Apr 25 01:23:10 smithi028 ceph-mon[29390]: from='mgr.14120 172.21.15.28:0/1059139565' entity='mgr.x'
2024-04-25T01:23:10.308 INFO:journalctl@ceph.mon.a.smithi028.stdout:Apr 25 01:23:10 smithi028 ceph-mon[29390]: from='client.? 172.21.15.28:0/885204357' entity='client.admin'
2024-04-25T01:23:10.315 INFO:teuthology.orchestra.run.smithi028.stdout:/usr/bin/ceph: stderr
2024-04-25T01:23:09.463+0000 7f7dfe8c8700 1 Processor -- start
2024-04-25T01:23:10.315 INFO:teuthology.orchestra.run.smithi028.stdout:/usr/bin/ceph: stderr
2024-04-25T01:23:09.463+0000 7f7dfe8c8700 1 -- start start
2024-04-25T01:23:10.315 INFO:teuthology.orchestra.run.smithi028.stdout:/usr/bin/ceph: stderr
2024-04-25T01:23:09.463+0000 7f7dfe8c8700 1 --2- >> [v2:172.21.15.28:3300/0,v1:172.21.15.28:6789/0] conn(0x7f7df8108690 0x7f7df810aa80 unknown :-1 s=NONE pgs=0 cs=0 l=0 rev1=0 crypto rx=0 tx=0 comp rx=0 tx=0).connect
2024-04-25T01:23:10.315 INFO:teuthology.orchestra.run.smithi028.stdout:/usr/bin/ceph: stderr
2024-04-25T01:23:09.463+0000 7f7dfe8c8700 1 -- --> [v2:172.21.15.28:3300/0,v1:172.21.15.28:6789/0] -- mon_getmap magic: 0 -- 0x7f7df807be90 con 0x7f7df8108690
2024-04-25T01:23:10.315 INFO:teuthology.orchestra.run.smithi028.stdout:/usr/bin/ceph: stderr
2024-04-25T01:23:09.464+0000 7f7df7fff700 1 --2- >> [v2:172.21.15.28:3300/0,v1:172.21.15.28:6789/0] conn(0x7f7df8108690 0x7f7df810aa80 unknown :-1 s=BANNER_CONNECTING pgs=0 cs=0 l=0 rev1=0 crypto rx=0 tx=0 comp rx=0 tx=0)._handle_peer_banner_payload supported=3 required=0
2024-04-25T01:23:10.315 INFO:teuthology.orchestra.run.smithi028.stdout:/usr/bin/ceph: stderr
2024-04-25T01:23:09.464+0000 7f7df7fff700 1 --2- >> [v2:172.21.15.28:3300/0,v1:172.21.15.28:6789/0] conn(0x7f7df8108690 0x7f7df810aa80 unknown :-1 s=HELLO_CONNECTING pgs=0 cs=0 l=0 rev1=1 crypto rx=0 tx=0 comp rx=0 tx=0).handle_hello peer v2:172.21.15.28:3300/0 says I am v2:172.21.15.28:36466/0 (socket says 172.21.15.28:36466)
2024-04-25T01:23:10.315 INFO:teuthology.orchestra.run.smithi028.stdout:/usr/bin/ceph: stderr
2024-04-25T01:23:09.464+0000 7f7df7fff700 1 -- 172.21.15.28:0/4140910762 learned_addr learned my addr 172.21.15.28:0/4140910762 (peer_addr_for_me v2:172.21.15.28:0/0)
2024-04-25T01:23:10.316 INFO:teuthology.orchestra.run.smithi028.stdout:/usr/bin/ceph: stderr
2024-04-25T01:23:09.464+0000 7f7df7fff700 1 -- 172.21.15.28:0/4140910762 --> [v2:172.21.15.28:3300/0,v1:172.21.15.28:6789/0] -- mon_subscribe({config=0+,monmap=0+}) -- 0x7f7df810afc0 con 0x7f7df8108690
2024-04-25T01:23:10.316 INFO:teuthology.orchestra.run.smithi028.stdout:/usr/bin/ceph: stderr
2024-04-25T01:23:09.464+0000 7f7df7fff700 1 --2- 172.21.15.28:0/4140910762 >> [v2:172.21.15.28:3300/0,v1:172.21.15.28:6789/0] conn(0x7f7df8108690 0x7f7df810aa80 secure :-1 s=READY pgs=51 cs=0 l=1 rev1=1 crypto rx=0x7f7de80098a0 tx=0x7f7de8009bb0 comp rx=0 tx=0).ready entity=mon.0 client_cookie=ab7da20b5c3f76ec server_cookie=0 in_seq=0 out_seq=0
2024-04-25T01:23:10.316 INFO:teuthology.orchestra.run.smithi028.stdout:/usr/bin/ceph: stderr
2024-04-25T01:23:09.464+0000 7f7df6ffd700 1 -- 172.21.15.28:0/4140910762 <== mon.0 v2:172.21.15.28:3300/0 1 ==== mon_map magic: 0 ==== 205+0+0 (secure 0 0 0) 0x7f7de8004160 con 0x7f7df8108690
2024-04-25T01:23:10.316 INFO:teuthology.orchestra.run.smithi028.stdout:/usr/bin/ceph: stderr
2024-04-25T01:23:09.464+0000 7f7df6ffd700 1 -- 172.21.15.28:0/4140910762 <== mon.0 v2:172.21.15.28:3300/0 2 ==== config(27 keys) ==== 1140+0+0 (secure 0 0 0) 0x7f7de8004300 con 0x7f7df8108690
2024-04-25T01:23:10.316 INFO:teuthology.orchestra.run.smithi028.stdout:/usr/bin/ceph: stderr
2024-04-25T01:23:09.464+0000 7f7df6ffd700 1 -- 172.21.15.28:0/4140910762 <== mon.0 v2:172.21.15.28:3300/0 3 ==== mon_map magic: 0 ==== 205+0+0 (secure 0 0 0) 0x7f7de8011b20 con 0x7f7df8108690
2024-04-25T01:23:10.316 INFO:teuthology.orchestra.run.smithi028.stdout:/usr/bin/ceph: stderr
2024-04-25T01:23:09.465+0000 7f7dfe8c8700 1 -- 172.21.15.28:0/4140910762 >> [v2:172.21.15.28:3300/0,v1:172.21.15.28:6789/0] conn(0x7f7df8108690 msgr2=0x7f7df810aa80 secure :-1 s=STATE_CONNECTION_ESTABLISHED l=1).mark_down
2024-04-25T01:23:10.316 INFO:teuthology.orchestra.run.smithi028.stdout:/usr/bin/ceph: stderr
2024-04-25T01:23:09.465+0000 7f7dfe8c8700 1 --2- 172.21.15.28:0/4140910762 >> [v2:172.21.15.28:3300/0,v1:172.21.15.28:6789/0] conn(0x7f7df8108690 0x7f7df810aa80 secure :-1 s=READY pgs=51 cs=0 l=1 rev1=1 crypto rx=0x7f7de80098a0 tx=0x7f7de8009bb0 comp rx=0 tx=0).stop
2024-04-25T01:23:10.316 INFO:teuthology.orchestra.run.smithi028.stdout:/usr/bin/ceph: stderr
2024-04-25T01:23:09.465+0000 7f7dfe8c8700 1 -- 172.21.15.28:0/4140910762 shutdown_connections
2024-04-25T01:23:10.316 INFO:teuthology.orchestra.run.smithi028.stdout:/usr/bin/ceph: stderr
2024-04-25T01:23:09.465+0000 7f7dfe8c8700 1 --2- 172.21.15.28:0/4140910762 >> [v2:172.21.15.28:3300/0,v1:172.21.15.28:6789/0] conn(0x7f7df8108690 0x7f7df810aa80 unknown :-1 s=CLOSED pgs=51 cs=0 l=1 rev1=1 crypto rx=0 tx=0 comp rx=0 tx=0).stop
2024-04-25T01:23:10.316 INFO:teuthology.orchestra.run.smithi028.stdout:/usr/bin/ceph: stderr
2024-04-25T01:23:09.465+0000 7f7dfe8c8700 1 -- 172.21.15.28:0/4140910762 >> 172.21.15.28:0/4140910762 conn(0x7f7df81020a0 msgr2=0x7f7df81044c0 unknown :-1 s=STATE_NONE l=0).mark_down
2024-04-25T01:23:10.316 INFO:teuthology.orchestra.run.smithi028.stdout:/usr/bin/ceph: stderr
2024-04-25T01:23:09.465+0000 7f7dfe8c8700 1 -- 172.21.15.28:0/4140910762 shutdown_connections
2024-04-25T01:23:10.316 INFO:teuthology.orchestra.run.smithi028.stdout:/usr/bin/ceph: stderr
2024-04-25T01:23:09.465+0000 7f7dfe8c8700 1 -- 172.21.15.28:0/4140910762 wait complete.
2024-04-25T01:23:10.316 INFO:teuthology.orchestra.run.smithi028.stdout:/usr/bin/ceph: stderr
2024-04-25T01:23:09.466+0000 7f7dfe8c8700 1 Processor -- start
2024-04-25T01:23:10.316 INFO:teuthology.orchestra.run.smithi028.stdout:/usr/bin/ceph: stderr
2024-04-25T01:23:09.466+0000 7f7dfe8c8700 1 -- start start
2024-04-25T01:23:10.316 INFO:teuthology.orchestra.run.smithi028.stdout:/usr/bin/ceph: stderr
2024-04-25T01:23:09.466+0000 7f7dfe8c8700 1 --2- >> [v2:172.21.15.28:3300/0,v1:172.21.15.28:6789/0] conn(0x7f7df8108690 0x7f7df819bb10 unknown :-1 s=NONE pgs=0 cs=0 l=1 rev1=0 crypto rx=0 tx=0 comp rx=0 tx=0).connect
2024-04-25T01:23:10.317 INFO:teuthology.orchestra.run.smithi028.stdout:/usr/bin/ceph: stderr
2024-04-25T01:23:09.466+0000 7f7dfe8c8700 1 -- --> [v2:172.21.15.28:3300/0,v1:172.21.15.28:6789/0] -- mon_getmap magic: 0 -- 0x7f7df810c020 con 0x7f7df8108690
2024-04-25T01:23:10.317 INFO:teuthology.orchestra.run.smithi028.stdout:/usr/bin/ceph: stderr
2024-04-25T01:23:09.466+0000 7f7df7fff700 1 --2- >> [v2:172.21.15.28:3300/0,v1:172.21.15.28:6789/0] conn(0x7f7df8108690 0x7f7df819bb10 unknown :-1 s=BANNER_CONNECTING pgs=0 cs=0 l=1 rev1=0 crypto rx=0 tx=0 comp rx=0 tx=0)._handle_peer_banner_payload supported=3 required=0
2024-04-25T01:23:10.317 INFO:teuthology.orchestra.run.smithi028.stdout:/usr/bin/ceph: stderr
2024-04-25T01:23:09.466+0000 7f7df7fff700 1 --2- >> [v2:172.21.15.28:3300/0,v1:172.21.15.28:6789/0] conn(0x7f7df8108690 0x7f7df819bb10 unknown :-1 s=HELLO_CONNECTING pgs=0 cs=0 l=1 rev1=1 crypto rx=0 tx=0 comp rx=0 tx=0).handle_hello peer v2:172.21.15.28:3300/0 says I am v2:172.21.15.28:36478/0 (socket says 172.21.15.28:36478)
2024-04-25T01:23:10.317 INFO:teuthology.orchestra.run.smithi028.stdout:/usr/bin/ceph: stderr
2024-04-25T01:23:09.466+0000 7f7df7fff700 1 -- 172.21.15.28:0/885204357 learned_addr learned my addr 172.21.15.28:0/885204357 (peer_addr_for_me v2:172.21.15.28:0/0)
2024-04-25T01:23:10.317 INFO:teuthology.orchestra.run.smithi028.stdout:/usr/bin/ceph: stderr
2024-04-25T01:23:09.466+0000 7f7df7fff700 1 -- 172.21.15.28:0/885204357 --> [v2:172.21.15.28:3300/0,v1:172.21.15.28:6789/0] -- mon_subscribe({config=0+,monmap=0+}) -- 0x7f7df819c050 con 0x7f7df8108690
2024-04-25T01:23:10.317 INFO:teuthology.orchestra.run.smithi028.stdout:/usr/bin/ceph: stderr
2024-04-25T01:23:09.467+0000 7f7df7fff700 1 --2- 172.21.15.28:0/885204357 >> [v2:172.21.15.28:3300/0,v1:172.21.15.28:6789/0] conn(0x7f7df8108690 0x7f7df819bb10 secure :-1 s=READY pgs=52 cs=0 l=1 rev1=1 crypto rx=0x7f7de80117e0 tx=0x7f7de8011c10 comp rx=0 tx=0).ready entity=mon.0 client_cookie=0 server_cookie=0 in_seq=0 out_seq=0
2024-04-25T01:23:10.317 INFO:teuthology.orchestra.run.smithi028.stdout:/usr/bin/ceph: stderr
2024-04-25T01:23:09.467+0000 7f7df57fa700 1 -- 172.21.15.28:0/885204357 <== mon.0 v2:172.21.15.28:3300/0 1 ==== mon_map magic: 0 ==== 205+0+0 (secure 0 0 0) 0x7f7de8003bf0 con 0x7f7df8108690
2024-04-25T01:23:10.317 INFO:teuthology.orchestra.run.smithi028.stdout:/usr/bin/ceph: stderr
2024-04-25T01:23:09.467+0000 7f7df57fa700 1 -- 172.21.15.28:0/885204357 <== mon.0 v2:172.21.15.28:3300/0 2 ==== config(27 keys) ==== 1140+0+0 (secure 0 0 0) 0x7f7de801a910 con 0x7f7df8108690
2024-04-25T01:23:10.317 INFO:teuthology.orchestra.run.smithi028.stdout:/usr/bin/ceph: stderr
2024-04-25T01:23:09.467+0000 7f7dfe8c8700 1 -- 172.21.15.28:0/885204357 --> [v2:172.21.15.28:3300/0,v1:172.21.15.28:6789/0] -- mon_subscribe({mgrmap=0+}) -- 0x7f7df819c2e0 con 0x7f7df8108690
2024-04-25T01:23:10.317 INFO:teuthology.orchestra.run.smithi028.stdout:/usr/bin/ceph: stderr
2024-04-25T01:23:09.467+0000 7f7df57fa700 1 -- 172.21.15.28:0/885204357 <== mon.0 v2:172.21.15.28:3300/0 3 ==== mon_map magic: 0 ==== 205+0+0 (secure 0 0 0) 0x7f7de8024970 con 0x7f7df8108690
2024-04-25T01:23:10.317 INFO:teuthology.orchestra.run.smithi028.stdout:/usr/bin/ceph: stderr
2024-04-25T01:23:09.467+0000 7f7dfe8c8700 1 -- 172.21.15.28:0/885204357 --> [v2:172.21.15.28:3300/0,v1:172.21.15.28:6789/0] -- mon_subscribe({osdmap=0}) -- 0x7f7df819c740 con 0x7f7df8108690
2024-04-25T01:23:10.317 INFO:teuthology.orchestra.run.smithi028.stdout:/usr/bin/ceph: stderr
2024-04-25T01:23:09.468+0000 7f7df57fa700 1 -- 172.21.15.28:0/885204357 <== mon.0 v2:172.21.15.28:3300/0 4 ==== mgrmap(e 8) ==== 46287+0+0 (secure 0 0 0) 0x7f7de8022020 con 0x7f7df8108690
2024-04-25T01:23:10.317 INFO:teuthology.orchestra.run.smithi028.stdout:/usr/bin/ceph: stderr
2024-04-25T01:23:09.468+0000 7f7dfe8c8700 1 -- 172.21.15.28:0/885204357 --> [v2:172.21.15.28:3300/0,v1:172.21.15.28:6789/0] -- mon_command({"prefix": "get_command_descriptions"} v 0) -- 0x7f7df8063890 con 0x7f7df8108690
2024-04-25T01:23:10.317 INFO:teuthology.orchestra.run.smithi028.stdout:/usr/bin/ceph: stderr
2024-04-25T01:23:09.468+0000 7f7df57fa700 1 --2- 172.21.15.28:0/885204357 >> [v2:172.21.15.28:6800/2407469300,v1:172.21.15.28:6801/2407469300] conn(0x7f7de0039050 0x7f7de003b510 unknown :-1 s=NONE pgs=0 cs=0 l=1 rev1=0 crypto rx=0 tx=0 comp rx=0 tx=0).connect
2024-04-25T01:23:10.317 INFO:teuthology.orchestra.run.smithi028.stdout:/usr/bin/ceph: stderr
2024-04-25T01:23:09.468+0000 7f7df57fa700 1 -- 172.21.15.28:0/885204357 <== mon.0 v2:172.21.15.28:3300/0 5 ==== osd_map(2..2 src has 1..2) ==== 940+0+0 (secure 0 0 0) 0x7f7de804d370 con 0x7f7df8108690
2024-04-25T01:23:10.317 INFO:teuthology.orchestra.run.smithi028.stdout:/usr/bin/ceph: stderr
2024-04-25T01:23:09.468+0000 7f7df77fe700 1 --2- 172.21.15.28:0/885204357 >> [v2:172.21.15.28:6800/2407469300,v1:172.21.15.28:6801/2407469300] conn(0x7f7de0039050 0x7f7de003b510 unknown :-1 s=BANNER_CONNECTING pgs=0 cs=0 l=1 rev1=0 crypto rx=0 tx=0 comp rx=0 tx=0)._handle_peer_banner_payload supported=3 required=0
2024-04-25T01:23:10.318 INFO:teuthology.orchestra.run.smithi028.stdout:/usr/bin/ceph: stderr
2024-04-25T01:23:09.469+0000 7f7df77fe700 1 --2- 172.21.15.28:0/885204357 >> [v2:172.21.15.28:6800/2407469300,v1:172.21.15.28:6801/2407469300] conn(0x7f7de0039050 0x7f7de003b510 secure :-1 s=READY pgs=14 cs=0 l=1 rev1=1 crypto rx=0x7f7dec006fd0 tx=0x7f7dec006e40 comp rx=0 tx=0).ready entity=mgr.14120 client_cookie=0 server_cookie=0 in_seq=0 out_seq=0
2024-04-25T01:23:10.318 INFO:teuthology.orchestra.run.smithi028.stdout:/usr/bin/ceph: stderr
2024-04-25T01:23:09.474+0000 7f7df57fa700 1 -- 172.21.15.28:0/885204357 <== mon.0 v2:172.21.15.28:3300/0 6 ==== mon_command_ack([{"prefix": "get_command_descriptions"}]=0 v0) ==== 72+0+186147 (secure 0 0 0) 0x7f7de8011e20 con 0x7f7df8108690
2024-04-25T01:23:10.318 INFO:teuthology.orchestra.run.smithi028.stdout:/usr/bin/ceph: stderr
2024-04-25T01:23:09.691+0000 7f7dfe8c8700 1 -- 172.21.15.28:0/885204357 --> [v2:172.21.15.28:3300/0,v1:172.21.15.28:6789/0] -- mon_command([{prefix=config set, name=mgr/cephadm/container_init}] v 0) -- 0x7f7df819efd0 con 0x7f7df8108690
2024-04-25T01:23:10.318 INFO:teuthology.orchestra.run.smithi028.stdout:/usr/bin/ceph: stderr
2024-04-25T01:23:09.693+0000 7f7df57fa700 1 -- 172.21.15.28:0/885204357 <== mon.0 v2:172.21.15.28:3300/0 7 ==== mon_command_ack([{prefix=config set, name=mgr/cephadm/container_init}]=0 v7)=0 v7) ==== 142+0+0 (secure 0 0 0) 0x7f7de800b3e0 con 0x7f7df8108690
2024-04-25T01:23:10.318 INFO:teuthology.orchestra.run.smithi028.stdout:/usr/bin/ceph: stderr
2024-04-25T01:23:09.695+0000 7f7dfe8c8700 1 -- 172.21.15.28:0/885204357 >> [v2:172.21.15.28:6800/2407469300,v1:172.21.15.28:6801/2407469300] conn(0x7f7de0039050 msgr2=0x7f7de003b510 secure :-1 s=STATE_CONNECTION_ESTABLISHED l=1).mark_down
2024-04-25T01:23:10.318 INFO:teuthology.orchestra.run.smithi028.stdout:/usr/bin/ceph: stderr
2024-04-25T01:23:09.695+0000 7f7dfe8c8700 1 --2- 172.21.15.28:0/885204357 >> [v2:172.21.15.28:6800/2407469300,v1:172.21.15.28:6801/2407469300] conn(0x7f7de0039050 0x7f7de003b510 secure :-1 s=READY pgs=14 cs=0 l=1 rev1=1 crypto rx=0x7f7dec006fd0 tx=0x7f7dec006e40 comp rx=0 tx=0).stop
2024-04-25T01:23:10.318 INFO:teuthology.orchestra.run.smithi028.stdout:/usr/bin/ceph: stderr
2024-04-25T01:23:09.695+0000 7f7dfe8c8700 1 -- 172.21.15.28:0/885204357 >> [v2:172.21.15.28:3300/0,v1:172.21.15.28:6789/0] conn(0x7f7df8108690 msgr2=0x7f7df819bb10 secure :-1 s=STATE_CONNECTION_ESTABLISHED l=1).mark_down
2024-04-25T01:23:10.318 INFO:teuthology.orchestra.run.smithi028.stdout:/usr/bin/ceph: stderr
2024-04-25T01:23:09.695+0000 7f7dfe8c8700 1 --2- 172.21.15.28:0/885204357 >> [v2:172.21.15.28:3300/0,v1:172.21.15.28:6789/0] conn(0x7f7df8108690 0x7f7df819bb10 secure :-1 s=READY pgs=52 cs=0 l=1 rev1=1 crypto rx=0x7f7de80117e0 tx=0x7f7de8011c10 comp rx=0 tx=0).stop
2024-04-25T01:23:10.318 INFO:teuthology.orchestra.run.smithi028.stdout:/usr/bin/ceph: stderr
2024-04-25T01:23:09.695+0000 7f7dfe8c8700 1 -- 172.21.15.28:0/885204357 shutdown_connections
2024-04-25T01:23:10.318 INFO:teuthology.orchestra.run.smithi028.stdout:/usr/bin/ceph: stderr
2024-04-25T01:23:09.695+0000 7f7dfe8c8700 1 --2- 172.21.15.28:0/885204357 >> [v2:172.21.15.28:6800/2407469300,v1:172.21.15.28:6801/2407469300] conn(0x7f7de0039050 0x7f7de003b510 unknown :-1 s=CLOSED pgs=14 cs=0 l=1 rev1=1 crypto rx=0 tx=0 comp rx=0 tx=0).stop
2024-04-25T01:23:10.318 INFO:teuthology.orchestra.run.smithi028.stdout:/usr/bin/ceph: stderr
2024-04-25T01:23:09.695+0000 7f7dfe8c8700 1 --2- 172.21.15.28:0/885204357 >> [v2:172.21.15.28:3300/0,v1:172.21.15.28:6789/0] conn(0x7f7df8108690 0x7f7df819bb10 unknown :-1 s=CLOSED pgs=52 cs=0 l=1 rev1=1 crypto rx=0 tx=0 comp rx=0 tx=0).stop
2024-04-25T01:23:10.318 INFO:teuthology.orchestra.run.smithi028.stdout:/usr/bin/ceph: stderr
2024-04-25T01:23:09.695+0000 7f7dfe8c8700 1 -- 172.21.15.28:0/885204357 >> 172.21.15.28:0/885204357 conn(0x7f7df81020a0 msgr2=0x7f7df8102b40 unknown :-1 s=STATE_NONE l=0).mark_down
2024-04-25T01:23:10.318 INFO:teuthology.orchestra.run.smithi028.stdout:/usr/bin/ceph: stderr
2024-04-25T01:23:09.695+0000 7f7dfe8c8700 1 -- 172.21.15.28:0/885204357 shutdown_connections
2024-04-25T01:23:10.318 INFO:teuthology.orchestra.run.smithi028.stdout:/usr/bin/ceph: stderr
2024-04-25T01:23:09.696+0000 7f7dfe8c8700 1 -- 172.21.15.28:0/885204357 wait complete.
2024-04-25T01:23:12.234 INFO:journalctl@ceph.mon.a.smithi028.stdout:Apr 25 01:23:11 smithi028 ceph-mon[29390]: from='client.? 172.21.15.28:0/3608217111' entity='client.admin'
2024-04-25T01:23:12.234 INFO:journalctl@ceph.mon.a.smithi028.stdout:Apr 25 01:23:11 smithi028 ceph-mon[29390]: from='mgr.14120 172.21.15.28:0/1059139565' entity='mgr.x'
2024-04-25T01:23:12.241 INFO:teuthology.orchestra.run.smithi028.stdout:/usr/bin/ceph: stderr
2024-04-25T01:23:10.770+0000 7fc48b40a700 1 Processor -- start
2024-04-25T01:23:12.241 INFO:teuthology.orchestra.run.smithi028.stdout:/usr/bin/ceph: stderr
2024-04-25T01:23:10.770+0000 7fc48b40a700 1 -- start start
2024-04-25T01:23:12.242 INFO:teuthology.orchestra.run.smithi028.stdout:/usr/bin/ceph: stderr
2024-04-25T01:23:10.770+0000 7fc48b40a700 1 --2- >> [v2:172.21.15.28:3300/0,v1:172.21.15.28:6789/0] conn(0x7fc484107c50 0x7fc484108070 unknown :-1 s=NONE pgs=0 cs=0 l=0 rev1=0 crypto rx=0 tx=0 comp rx=0 tx=0).connect
2024-04-25T01:23:12.242 INFO:teuthology.orchestra.run.smithi028.stdout:/usr/bin/ceph: stderr
2024-04-25T01:23:10.770+0000 7fc48b40a700 1 -- --> [v2:172.21.15.28:3300/0,v1:172.21.15.28:6789/0] -- mon_getmap magic: 0 -- 0x7fc484108640 con 0x7fc484107c50
2024-04-25T01:23:12.242 INFO:teuthology.orchestra.run.smithi028.stdout:/usr/bin/ceph: stderr
2024-04-25T01:23:10.771+0000 7fc4891a6700 1 --2- >> [v2:172.21.15.28:3300/0,v1:172.21.15.28:6789/0] conn(0x7fc484107c50 0x7fc484108070 unknown :-1 s=BANNER_CONNECTING pgs=0 cs=0 l=0 rev1=0 crypto rx=0 tx=0 comp rx=0 tx=0)._handle_peer_banner_payload supported=3 required=0
2024-04-25T01:23:12.242 INFO:teuthology.orchestra.run.smithi028.stdout:/usr/bin/ceph: stderr
2024-04-25T01:23:10.771+0000 7fc4891a6700 1 --2- >> [v2:172.21.15.28:3300/0,v1:172.21.15.28:6789/0] conn(0x7fc484107c50 0x7fc484108070 unknown :-1 s=HELLO_CONNECTING pgs=0 cs=0 l=0 rev1=1 crypto rx=0 tx=0 comp rx=0 tx=0).handle_hello peer v2:172.21.15.28:3300/0 says I am v2:172.21.15.28:36490/0 (socket says 172.21.15.28:36490)
2024-04-25T01:23:12.242 INFO:teuthology.orchestra.run.smithi028.stdout:/usr/bin/ceph: stderr
2024-04-25T01:23:10.771+0000 7fc4891a6700 1 -- 172.21.15.28:0/2702695223 learned_addr learned my addr 172.21.15.28:0/2702695223 (peer_addr_for_me v2:172.21.15.28:0/0)
2024-04-25T01:23:12.242 INFO:teuthology.orchestra.run.smithi028.stdout:/usr/bin/ceph: stderr
2024-04-25T01:23:10.771+0000 7fc4891a6700 1 -- 172.21.15.28:0/2702695223 --> [v2:172.21.15.28:3300/0,v1:172.21.15.28:6789/0] -- mon_subscribe({config=0+,monmap=0+}) -- 0x7fc484108db0 con 0x7fc484107c50
2024-04-25T01:23:12.242 INFO:teuthology.orchestra.run.smithi028.stdout:/usr/bin/ceph: stderr
2024-04-25T01:23:10.771+0000 7fc4891a6700 1 --2- 172.21.15.28:0/2702695223 >> [v2:172.21.15.28:3300/0,v1:172.21.15.28:6789/0] conn(0x7fc484107c50 0x7fc484108070 secure :-1 s=READY pgs=53 cs=0 l=1 rev1=1 crypto rx=0x7fc47c009e80 tx=0x7fc47c00b330 comp rx=0 tx=0).ready entity=mon.0 client_cookie=f07d2ceb922f4764 server_cookie=0 in_seq=0 out_seq=0
2024-04-25T01:23:12.242 INFO:teuthology.orchestra.run.smithi028.stdout:/usr/bin/ceph: stderr
2024-04-25T01:23:10.771+0000 7fc483fff700 1 -- 172.21.15.28:0/2702695223 <== mon.0 v2:172.21.15.28:3300/0 1 ==== mon_map magic: 0 ==== 205+0+0 (secure 0 0 0) 0x7fc47c017070 con 0x7fc484107c50
2024-04-25T01:23:12.242 INFO:teuthology.orchestra.run.smithi028.stdout:/usr/bin/ceph: stderr
2024-04-25T01:23:10.772+0000 7fc483fff700 1 -- 172.21.15.28:0/2702695223 <== mon.0 v2:172.21.15.28:3300/0 2 ==== config(27 keys) ==== 1140+0+0 (secure 0 0 0) 0x7fc47c00b8c0 con 0x7fc484107c50
2024-04-25T01:23:12.242 INFO:teuthology.orchestra.run.smithi028.stdout:/usr/bin/ceph: stderr
2024-04-25T01:23:10.772+0000 7fc483fff700 1 -- 172.21.15.28:0/2702695223 <== mon.0 v2:172.21.15.28:3300/0 3 ==== mon_map magic: 0 ==== 205+0+0 (secure 0 0 0) 0x7fc47c0045c0 con 0x7fc484107c50
2024-04-25T01:23:12.243 INFO:teuthology.orchestra.run.smithi028.stdout:/usr/bin/ceph: stderr
2024-04-25T01:23:10.772+0000 7fc48b40a700 1 -- 172.21.15.28:0/2702695223 >> [v2:172.21.15.28:3300/0,v1:172.21.15.28:6789/0] conn(0x7fc484107c50 msgr2=0x7fc484108070 secure :-1 s=STATE_CONNECTION_ESTABLISHED l=1).mark_down
2024-04-25T01:23:12.243 INFO:teuthology.orchestra.run.smithi028.stdout:/usr/bin/ceph: stderr
2024-04-25T01:23:10.772+0000 7fc48b40a700 1 --2- 172.21.15.28:0/2702695223 >> [v2:172.21.15.28:3300/0,v1:172.21.15.28:6789/0] conn(0x7fc484107c50 0x7fc484108070 secure :-1 s=READY pgs=53 cs=0 l=1 rev1=1 crypto rx=0x7fc47c009e80 tx=0x7fc47c00b330 comp rx=0 tx=0).stop
2024-04-25T01:23:12.243 INFO:teuthology.orchestra.run.smithi028.stdout:/usr/bin/ceph: stderr
2024-04-25T01:23:10.772+0000 7fc48b40a700 1 -- 172.21.15.28:0/2702695223 shutdown_connections
2024-04-25T01:23:12.243 INFO:teuthology.orchestra.run.smithi028.stdout:/usr/bin/ceph: stderr
