2024-04-25T01:23:10.772+0000 7fc48b40a700 1 --2- 172.21.15.28:0/2702695223 >> [v2:172.21.15.28:3300/0,v1:172.21.15.28:6789/0] conn(0x7fc484107c50 0x7fc484108070 unknown :-1 s=CLOSED pgs=53 cs=0 l=1 rev1=1 crypto rx=0 tx=0 comp rx=0 tx=0).stop
2024-04-25T01:23:12.243 INFO:teuthology.orchestra.run.smithi028.stdout:/usr/bin/ceph: stderr
2024-04-25T01:23:10.772+0000 7fc48b40a700 1 -- 172.21.15.28:0/2702695223 >> 172.21.15.28:0/2702695223 conn(0x7fc484103230 msgr2=0x7fc484105650 unknown :-1 s=STATE_NONE l=0).mark_down
2024-04-25T01:23:12.243 INFO:teuthology.orchestra.run.smithi028.stdout:/usr/bin/ceph: stderr
2024-04-25T01:23:10.772+0000 7fc48b40a700 1 -- 172.21.15.28:0/2702695223 shutdown_connections
2024-04-25T01:23:12.243 INFO:teuthology.orchestra.run.smithi028.stdout:/usr/bin/ceph: stderr
2024-04-25T01:23:10.772+0000 7fc48b40a700 1 -- 172.21.15.28:0/2702695223 wait complete.
2024-04-25T01:23:12.243 INFO:teuthology.orchestra.run.smithi028.stdout:/usr/bin/ceph: stderr
2024-04-25T01:23:10.773+0000 7fc48b40a700 1 Processor -- start
2024-04-25T01:23:12.243 INFO:teuthology.orchestra.run.smithi028.stdout:/usr/bin/ceph: stderr
2024-04-25T01:23:10.773+0000 7fc48b40a700 1 -- start start
2024-04-25T01:23:12.243 INFO:teuthology.orchestra.run.smithi028.stdout:/usr/bin/ceph: stderr
2024-04-25T01:23:10.773+0000 7fc48b40a700 1 --2- >> [v2:172.21.15.28:3300/0,v1:172.21.15.28:6789/0] conn(0x7fc484107c50 0x7fc48419bba0 unknown :-1 s=NONE pgs=0 cs=0 l=1 rev1=0 crypto rx=0 tx=0 comp rx=0 tx=0).connect
2024-04-25T01:23:12.243 INFO:teuthology.orchestra.run.smithi028.stdout:/usr/bin/ceph: stderr
2024-04-25T01:23:10.773+0000 7fc48b40a700 1 -- --> [v2:172.21.15.28:3300/0,v1:172.21.15.28:6789/0] -- mon_getmap magic: 0 -- 0x7fc48410c160 con 0x7fc484107c50
2024-04-25T01:23:12.243 INFO:teuthology.orchestra.run.smithi028.stdout:/usr/bin/ceph: stderr
2024-04-25T01:23:10.773+0000 7fc4891a6700 1 --2- >> [v2:172.21.15.28:3300/0,v1:172.21.15.28:6789/0] conn(0x7fc484107c50 0x7fc48419bba0 unknown :-1 s=BANNER_CONNECTING pgs=0 cs=0 l=1 rev1=0 crypto rx=0 tx=0 comp rx=0 tx=0)._handle_peer_banner_payload supported=3 required=0
2024-04-25T01:23:12.244 INFO:teuthology.orchestra.run.smithi028.stdout:/usr/bin/ceph: stderr
2024-04-25T01:23:10.773+0000 7fc4891a6700 1 --2- >> [v2:172.21.15.28:3300/0,v1:172.21.15.28:6789/0] conn(0x7fc484107c50 0x7fc48419bba0 unknown :-1 s=HELLO_CONNECTING pgs=0 cs=0 l=1 rev1=1 crypto rx=0 tx=0 comp rx=0 tx=0).handle_hello peer v2:172.21.15.28:3300/0 says I am v2:172.21.15.28:36496/0 (socket says 172.21.15.28:36496)
2024-04-25T01:23:12.244 INFO:teuthology.orchestra.run.smithi028.stdout:/usr/bin/ceph: stderr
2024-04-25T01:23:10.773+0000 7fc4891a6700 1 -- 172.21.15.28:0/3608217111 learned_addr learned my addr 172.21.15.28:0/3608217111 (peer_addr_for_me v2:172.21.15.28:0/0)
2024-04-25T01:23:12.244 INFO:teuthology.orchestra.run.smithi028.stdout:/usr/bin/ceph: stderr
2024-04-25T01:23:10.773+0000 7fc4891a6700 1 -- 172.21.15.28:0/3608217111 --> [v2:172.21.15.28:3300/0,v1:172.21.15.28:6789/0] -- mon_subscribe({config=0+,monmap=0+}) -- 0x7fc48419c0e0 con 0x7fc484107c50
2024-04-25T01:23:12.244 INFO:teuthology.orchestra.run.smithi028.stdout:/usr/bin/ceph: stderr
2024-04-25T01:23:10.774+0000 7fc4891a6700 1 --2- 172.21.15.28:0/3608217111 >> [v2:172.21.15.28:3300/0,v1:172.21.15.28:6789/0] conn(0x7fc484107c50 0x7fc48419bba0 secure :-1 s=READY pgs=54 cs=0 l=1 rev1=1 crypto rx=0x7fc47c003fa0 tx=0x7fc47c004080 comp rx=0 tx=0).ready entity=mon.0 client_cookie=0 server_cookie=0 in_seq=0 out_seq=0
2024-04-25T01:23:12.244 INFO:teuthology.orchestra.run.smithi028.stdout:/usr/bin/ceph: stderr
2024-04-25T01:23:10.774+0000 7fc4827fc700 1 -- 172.21.15.28:0/3608217111 <== mon.0 v2:172.21.15.28:3300/0 1 ==== mon_map magic: 0 ==== 205+0+0 (secure 0 0 0) 0x7fc47c020020 con 0x7fc484107c50
2024-04-25T01:23:12.244 INFO:teuthology.orchestra.run.smithi028.stdout:/usr/bin/ceph: stderr
2024-04-25T01:23:10.774+0000 7fc48b40a700 1 -- 172.21.15.28:0/3608217111 --> [v2:172.21.15.28:3300/0,v1:172.21.15.28:6789/0] -- mon_subscribe({mgrmap=0+}) -- 0x7fc48419c370 con 0x7fc484107c50
2024-04-25T01:23:12.244 INFO:teuthology.orchestra.run.smithi028.stdout:/usr/bin/ceph: stderr
2024-04-25T01:23:10.774+0000 7fc4827fc700 1 -- 172.21.15.28:0/3608217111 <== mon.0 v2:172.21.15.28:3300/0 2 ==== config(27 keys) ==== 1140+0+0 (secure 0 0 0) 0x7fc47c00bba0 con 0x7fc484107c50
2024-04-25T01:23:12.244 INFO:teuthology.orchestra.run.smithi028.stdout:/usr/bin/ceph: stderr
2024-04-25T01:23:10.774+0000 7fc4827fc700 1 -- 172.21.15.28:0/3608217111 <== mon.0 v2:172.21.15.28:3300/0 3 ==== mon_map magic: 0 ==== 205+0+0 (secure 0 0 0) 0x7fc47c017040 con 0x7fc484107c50
2024-04-25T01:23:12.244 INFO:teuthology.orchestra.run.smithi028.stdout:/usr/bin/ceph: stderr
2024-04-25T01:23:10.774+0000 7fc48b40a700 1 -- 172.21.15.28:0/3608217111 --> [v2:172.21.15.28:3300/0,v1:172.21.15.28:6789/0] -- mon_subscribe({osdmap=0}) -- 0x7fc48419f060 con 0x7fc484107c50
2024-04-25T01:23:12.244 INFO:teuthology.orchestra.run.smithi028.stdout:/usr/bin/ceph: stderr
2024-04-25T01:23:10.775+0000 7fc4827fc700 1 -- 172.21.15.28:0/3608217111 <== mon.0 v2:172.21.15.28:3300/0 4 ==== mgrmap(e 8) ==== 46287+0+0 (secure 0 0 0) 0x7fc47c023020 con 0x7fc484107c50
2024-04-25T01:23:12.244 INFO:teuthology.orchestra.run.smithi028.stdout:/usr/bin/ceph: stderr
2024-04-25T01:23:10.775+0000 7fc48b40a700 1 -- 172.21.15.28:0/3608217111 --> [v2:172.21.15.28:3300/0,v1:172.21.15.28:6789/0] -- mon_command({"prefix": "get_command_descriptions"} v 0) -- 0x7fc484063890 con 0x7fc484107c50
2024-04-25T01:23:12.244 INFO:teuthology.orchestra.run.smithi028.stdout:/usr/bin/ceph: stderr
2024-04-25T01:23:10.775+0000 7fc4827fc700 1 --2- 172.21.15.28:0/3608217111 >> [v2:172.21.15.28:6800/2407469300,v1:172.21.15.28:6801/2407469300] conn(0x7fc46c039000 0x7fc46c03b4c0 unknown :-1 s=NONE pgs=0 cs=0 l=1 rev1=0 crypto rx=0 tx=0 comp rx=0 tx=0).connect
2024-04-25T01:23:12.244 INFO:teuthology.orchestra.run.smithi028.stdout:/usr/bin/ceph: stderr
2024-04-25T01:23:10.775+0000 7fc4827fc700 1 -- 172.21.15.28:0/3608217111 <== mon.0 v2:172.21.15.28:3300/0 5 ==== osd_map(2..2 src has 1..2) ==== 940+0+0 (secure 0 0 0) 0x7fc47c00f050 con 0x7fc484107c50
2024-04-25T01:23:12.245 INFO:teuthology.orchestra.run.smithi028.stdout:/usr/bin/ceph: stderr
2024-04-25T01:23:10.775+0000 7fc4889a5700 1 --2- 172.21.15.28:0/3608217111 >> [v2:172.21.15.28:6800/2407469300,v1:172.21.15.28:6801/2407469300] conn(0x7fc46c039000 0x7fc46c03b4c0 unknown :-1 s=BANNER_CONNECTING pgs=0 cs=0 l=1 rev1=0 crypto rx=0 tx=0 comp rx=0 tx=0)._handle_peer_banner_payload supported=3 required=0
2024-04-25T01:23:12.245 INFO:teuthology.orchestra.run.smithi028.stdout:/usr/bin/ceph: stderr
2024-04-25T01:23:10.775+0000 7fc4889a5700 1 --2- 172.21.15.28:0/3608217111 >> [v2:172.21.15.28:6800/2407469300,v1:172.21.15.28:6801/2407469300] conn(0x7fc46c039000 0x7fc46c03b4c0 secure :-1 s=READY pgs=15 cs=0 l=1 rev1=1 crypto rx=0x7fc478006fd0 tx=0x7fc478006e40 comp rx=0 tx=0).ready entity=mgr.14120 client_cookie=0 server_cookie=0 in_seq=0 out_seq=0
2024-04-25T01:23:12.245 INFO:teuthology.orchestra.run.smithi028.stdout:/usr/bin/ceph: stderr
2024-04-25T01:23:10.780+0000 7fc4827fc700 1 -- 172.21.15.28:0/3608217111 <== mon.0 v2:172.21.15.28:3300/0 6 ==== mon_command_ack([{"prefix": "get_command_descriptions"}]=0 v0) ==== 72+0+186147 (secure 0 0 0) 0x7fc47c02a020 con 0x7fc484107c50
2024-04-25T01:23:12.245 INFO:teuthology.orchestra.run.smithi028.stdout:/usr/bin/ceph: stderr
2024-04-25T01:23:10.997+0000 7fc48b40a700 1 -- 172.21.15.28:0/3608217111 --> [v2:172.21.15.28:3300/0,v1:172.21.15.28:6789/0] -- mon_command([{prefix=config set, name=mgr/dashboard/ssl_server_port}] v 0) -- 0x7fc48419f230 con 0x7fc484107c50
2024-04-25T01:23:12.245 INFO:teuthology.orchestra.run.smithi028.stdout:/usr/bin/ceph: stderr
2024-04-25T01:23:11.000+0000 7fc4827fc700 1 -- 172.21.15.28:0/3608217111 <== mon.0 v2:172.21.15.28:3300/0 7 ==== mon_command_ack([{prefix=config set, name=mgr/dashboard/ssl_server_port}]=0 v8)=0 v8) ==== 130+0+0 (secure 0 0 0) 0x7fc48419f230 con 0x7fc484107c50
2024-04-25T01:23:12.245 INFO:teuthology.orchestra.run.smithi028.stdout:/usr/bin/ceph: stderr
2024-04-25T01:23:11.002+0000 7fc48b40a700 1 -- 172.21.15.28:0/3608217111 >> [v2:172.21.15.28:6800/2407469300,v1:172.21.15.28:6801/2407469300] conn(0x7fc46c039000 msgr2=0x7fc46c03b4c0 secure :-1 s=STATE_CONNECTION_ESTABLISHED l=1).mark_down
2024-04-25T01:23:12.245 INFO:teuthology.orchestra.run.smithi028.stdout:/usr/bin/ceph: stderr
2024-04-25T01:23:11.002+0000 7fc48b40a700 1 --2- 172.21.15.28:0/3608217111 >> [v2:172.21.15.28:6800/2407469300,v1:172.21.15.28:6801/2407469300] conn(0x7fc46c039000 0x7fc46c03b4c0 secure :-1 s=READY pgs=15 cs=0 l=1 rev1=1 crypto rx=0x7fc478006fd0 tx=0x7fc478006e40 comp rx=0 tx=0).stop
2024-04-25T01:23:12.245 INFO:teuthology.orchestra.run.smithi028.stdout:/usr/bin/ceph: stderr
2024-04-25T01:23:11.002+0000 7fc48b40a700 1 -- 172.21.15.28:0/3608217111 >> [v2:172.21.15.28:3300/0,v1:172.21.15.28:6789/0] conn(0x7fc484107c50 msgr2=0x7fc48419bba0 secure :-1 s=STATE_CONNECTION_ESTABLISHED l=1).mark_down
2024-04-25T01:23:12.245 INFO:teuthology.orchestra.run.smithi028.stdout:/usr/bin/ceph: stderr
2024-04-25T01:23:11.002+0000 7fc48b40a700 1 --2- 172.21.15.28:0/3608217111 >> [v2:172.21.15.28:3300/0,v1:172.21.15.28:6789/0] conn(0x7fc484107c50 0x7fc48419bba0 secure :-1 s=READY pgs=54 cs=0 l=1 rev1=1 crypto rx=0x7fc47c003fa0 tx=0x7fc47c004080 comp rx=0 tx=0).stop
2024-04-25T01:23:12.245 INFO:teuthology.orchestra.run.smithi028.stdout:/usr/bin/ceph: stderr
2024-04-25T01:23:11.002+0000 7fc48b40a700 1 -- 172.21.15.28:0/3608217111 shutdown_connections
2024-04-25T01:23:12.245 INFO:teuthology.orchestra.run.smithi028.stdout:/usr/bin/ceph: stderr
2024-04-25T01:23:11.002+0000 7fc48b40a700 1 --2- 172.21.15.28:0/3608217111 >> [v2:172.21.15.28:6800/2407469300,v1:172.21.15.28:6801/2407469300] conn(0x7fc46c039000 0x7fc46c03b4c0 unknown :-1 s=CLOSED pgs=15 cs=0 l=1 rev1=1 crypto rx=0 tx=0 comp rx=0 tx=0).stop
2024-04-25T01:23:12.245 INFO:teuthology.orchestra.run.smithi028.stdout:/usr/bin/ceph: stderr
2024-04-25T01:23:11.002+0000 7fc48b40a700 1 --2- 172.21.15.28:0/3608217111 >> [v2:172.21.15.28:3300/0,v1:172.21.15.28:6789/0] conn(0x7fc484107c50 0x7fc48419bba0 unknown :-1 s=CLOSED pgs=54 cs=0 l=1 rev1=1 crypto rx=0 tx=0 comp rx=0 tx=0).stop
2024-04-25T01:23:12.245 INFO:teuthology.orchestra.run.smithi028.stdout:/usr/bin/ceph: stderr
2024-04-25T01:23:11.002+0000 7fc48b40a700 1 -- 172.21.15.28:0/3608217111 >> 172.21.15.28:0/3608217111 conn(0x7fc484103230 msgr2=0x7fc484103d90 unknown :-1 s=STATE_NONE l=0).mark_down
2024-04-25T01:23:12.245 INFO:teuthology.orchestra.run.smithi028.stdout:/usr/bin/ceph: stderr
2024-04-25T01:23:11.002+0000 7fc48b40a700 1 -- 172.21.15.28:0/3608217111 shutdown_connections
2024-04-25T01:23:12.246 INFO:teuthology.orchestra.run.smithi028.stdout:/usr/bin/ceph: stderr
2024-04-25T01:23:11.002+0000 7fc48b40a700 1 -- 172.21.15.28:0/3608217111 wait complete.
2024-04-25T01:23:12.246 INFO:teuthology.orchestra.run.smithi028.stdout:Enabling the dashboard module...
2024-04-25T01:23:13.231 INFO:journalctl@ceph.mon.a.smithi028.stdout:Apr 25 01:23:12 smithi028 ceph-mon[29390]: from='client.? 172.21.15.28:0/3396151816' entity='client.admin' cmd=[{"prefix": "mgr module enable", "module": "dashboard"}]: dispatch
2024-04-25T01:23:13.231 INFO:journalctl@ceph.mgr.x.smithi028.stdout:Apr 25 01:23:13 smithi028 ceph-0e88f60a-02a2-11ef-bc93-c7b262605968-mgr-x[29616]: ignoring --setuser ceph since I am not root
2024-04-25T01:23:13.231 INFO:journalctl@ceph.mgr.x.smithi028.stdout:Apr 25 01:23:13 smithi028 ceph-0e88f60a-02a2-11ef-bc93-c7b262605968-mgr-x[29616]: ignoring --setgroup ceph since I am not root
2024-04-25T01:23:13.232 INFO:journalctl@ceph.mgr.x.smithi028.stdout:Apr 25 01:23:13 smithi028 ceph-0e88f60a-02a2-11ef-bc93-c7b262605968-mgr-x[29616]:
2024-04-25T01:23:13.192+0000 7f9040de4200 -1 mgr[py] Module balancer has missing NOTIFY_TYPES member
2024-04-25T01:23:13.564 INFO:journalctl@ceph.mgr.x.smithi028.stdout:Apr 25 01:23:13 smithi028 ceph-0e88f60a-02a2-11ef-bc93-c7b262605968-mgr-x[29616]:
2024-04-25T01:23:13.390+0000 7f9040de4200 -1 mgr[py] Module orchestrator has missing NOTIFY_TYPES member
2024-04-25T01:23:13.565 INFO:journalctl@ceph.mgr.x.smithi028.stdout:Apr 25 01:23:13 smithi028 ceph-0e88f60a-02a2-11ef-bc93-c7b262605968-mgr-x[29616]:
2024-04-25T01:23:13.497+0000 7f9040de4200 -1 mgr[py] Module snap_schedule has missing NOTIFY_TYPES member
2024-04-25T01:23:13.640 INFO:teuthology.orchestra.run.smithi028.stdout:/usr/bin/ceph: stderr
2024-04-25T01:23:12.705+0000 7f8159f0a700 1 Processor -- start
2024-04-25T01:23:13.640 INFO:teuthology.orchestra.run.smithi028.stdout:/usr/bin/ceph: stderr
2024-04-25T01:23:12.705+0000 7f8159f0a700 1 -- start start
2024-04-25T01:23:13.640 INFO:teuthology.orchestra.run.smithi028.stdout:/usr/bin/ceph: stderr
2024-04-25T01:23:12.706+0000 7f8159f0a700 1 --2- >> [v2:172.21.15.28:3300/0,v1:172.21.15.28:6789/0] conn(0x7f815407de20 0x7f815407c320 unknown :-1 s=NONE pgs=0 cs=0 l=0 rev1=0 crypto rx=0 tx=0 comp rx=0 tx=0).connect
2024-04-25T01:23:13.640 INFO:teuthology.orchestra.run.smithi028.stdout:/usr/bin/ceph: stderr
2024-04-25T01:23:12.706+0000 7f8159f0a700 1 -- --> [v2:172.21.15.28:3300/0,v1:172.21.15.28:6789/0] -- mon_getmap magic: 0 -- 0x7f815407c860 con 0x7f815407de20
2024-04-25T01:23:13.640 INFO:teuthology.orchestra.run.smithi028.stdout:/usr/bin/ceph: stderr
2024-04-25T01:23:12.706+0000 7f81537fe700 1 --2- >> [v2:172.21.15.28:3300/0,v1:172.21.15.28:6789/0] conn(0x7f815407de20 0x7f815407c320 unknown :-1 s=BANNER_CONNECTING pgs=0 cs=0 l=0 rev1=0 crypto rx=0 tx=0 comp rx=0 tx=0)._handle_peer_banner_payload supported=3 required=0
2024-04-25T01:23:13.640 INFO:teuthology.orchestra.run.smithi028.stdout:/usr/bin/ceph: stderr
2024-04-25T01:23:12.706+0000 7f81537fe700 1 --2- >> [v2:172.21.15.28:3300/0,v1:172.21.15.28:6789/0] conn(0x7f815407de20 0x7f815407c320 unknown :-1 s=HELLO_CONNECTING pgs=0 cs=0 l=0 rev1=1 crypto rx=0 tx=0 comp rx=0 tx=0).handle_hello peer v2:172.21.15.28:3300/0 says I am v2:172.21.15.28:36506/0 (socket says 172.21.15.28:36506)
2024-04-25T01:23:13.640 INFO:teuthology.orchestra.run.smithi028.stdout:/usr/bin/ceph: stderr
2024-04-25T01:23:12.706+0000 7f81537fe700 1 -- 172.21.15.28:0/2207849017 learned_addr learned my addr 172.21.15.28:0/2207849017 (peer_addr_for_me v2:172.21.15.28:0/0)
2024-04-25T01:23:13.640 INFO:teuthology.orchestra.run.smithi028.stdout:/usr/bin/ceph: stderr
2024-04-25T01:23:12.706+0000 7f81537fe700 1 -- 172.21.15.28:0/2207849017 --> [v2:172.21.15.28:3300/0,v1:172.21.15.28:6789/0] -- mon_subscribe({config=0+,monmap=0+}) -- 0x7f815407c9e0 con 0x7f815407de20
2024-04-25T01:23:13.640 INFO:teuthology.orchestra.run.smithi028.stdout:/usr/bin/ceph: stderr
2024-04-25T01:23:12.706+0000 7f81537fe700 1 --2- 172.21.15.28:0/2207849017 >> [v2:172.21.15.28:3300/0,v1:172.21.15.28:6789/0] conn(0x7f815407de20 0x7f815407c320 secure :-1 s=READY pgs=55 cs=0 l=1 rev1=1 crypto rx=0x7f81440098a0 tx=0x7f8144009bb0 comp rx=0 tx=0).ready entity=mon.0 client_cookie=5d457cc784f18e70 server_cookie=0 in_seq=0 out_seq=0
2024-04-25T01:23:13.641 INFO:teuthology.orchestra.run.smithi028.stdout:/usr/bin/ceph: stderr
2024-04-25T01:23:12.706+0000 7f8152ffd700 1 -- 172.21.15.28:0/2207849017 <== mon.0 v2:172.21.15.28:3300/0 1 ==== mon_map magic: 0 ==== 205+0+0 (secure 0 0 0) 0x7f8144004160 con 0x7f815407de20
2024-04-25T01:23:13.641 INFO:teuthology.orchestra.run.smithi028.stdout:/usr/bin/ceph: stderr
2024-04-25T01:23:12.706+0000 7f8152ffd700 1 -- 172.21.15.28:0/2207849017 <== mon.0 v2:172.21.15.28:3300/0 2 ==== config(27 keys) ==== 1140+0+0 (secure 0 0 0) 0x7f8144004300 con 0x7f815407de20
2024-04-25T01:23:13.641 INFO:teuthology.orchestra.run.smithi028.stdout:/usr/bin/ceph: stderr
2024-04-25T01:23:12.706+0000 7f8152ffd700 1 -- 172.21.15.28:0/2207849017 <== mon.0 v2:172.21.15.28:3300/0 3 ==== mon_map magic: 0 ==== 205+0+0 (secure 0 0 0) 0x7f8144011b20 con 0x7f815407de20
2024-04-25T01:23:13.641 INFO:teuthology.orchestra.run.smithi028.stdout:/usr/bin/ceph: stderr
2024-04-25T01:23:12.707+0000 7f8159f0a700 1 -- 172.21.15.28:0/2207849017 >> [v2:172.21.15.28:3300/0,v1:172.21.15.28:6789/0] conn(0x7f815407de20 msgr2=0x7f815407c320 secure :-1 s=STATE_CONNECTION_ESTABLISHED l=1).mark_down
2024-04-25T01:23:13.641 INFO:teuthology.orchestra.run.smithi028.stdout:/usr/bin/ceph: stderr
2024-04-25T01:23:12.707+0000 7f8159f0a700 1 --2- 172.21.15.28:0/2207849017 >> [v2:172.21.15.28:3300/0,v1:172.21.15.28:6789/0] conn(0x7f815407de20 0x7f815407c320 secure :-1 s=READY pgs=55 cs=0 l=1 rev1=1 crypto rx=0x7f81440098a0 tx=0x7f8144009bb0 comp rx=0 tx=0).stop
2024-04-25T01:23:13.641 INFO:teuthology.orchestra.run.smithi028.stdout:/usr/bin/ceph: stderr
2024-04-25T01:23:12.707+0000 7f8159f0a700 1 -- 172.21.15.28:0/2207849017 shutdown_connections
2024-04-25T01:23:13.641 INFO:teuthology.orchestra.run.smithi028.stdout:/usr/bin/ceph: stderr
2024-04-25T01:23:12.707+0000 7f8159f0a700 1 --2- 172.21.15.28:0/2207849017 >> [v2:172.21.15.28:3300/0,v1:172.21.15.28:6789/0] conn(0x7f815407de20 0x7f815407c320 unknown :-1 s=CLOSED pgs=55 cs=0 l=1 rev1=1 crypto rx=0 tx=0 comp rx=0 tx=0).stop
2024-04-25T01:23:13.641 INFO:teuthology.orchestra.run.smithi028.stdout:/usr/bin/ceph: stderr
2024-04-25T01:23:12.707+0000 7f8159f0a700 1 -- 172.21.15.28:0/2207849017 >> 172.21.15.28:0/2207849017 conn(0x7f8154103230 msgr2=0x7f8154105650 unknown :-1 s=STATE_NONE l=0).mark_down
2024-04-25T01:23:13.641 INFO:teuthology.orchestra.run.smithi028.stdout:/usr/bin/ceph: stderr
2024-04-25T01:23:12.707+0000 7f8159f0a700 1 -- 172.21.15.28:0/2207849017 shutdown_connections
2024-04-25T01:23:13.641 INFO:teuthology.orchestra.run.smithi028.stdout:/usr/bin/ceph: stderr
2024-04-25T01:23:12.707+0000 7f8159f0a700 1 -- 172.21.15.28:0/2207849017 wait complete.
2024-04-25T01:23:13.641 INFO:teuthology.orchestra.run.smithi028.stdout:/usr/bin/ceph: stderr
2024-04-25T01:23:12.708+0000 7f8159f0a700 1 Processor -- start
2024-04-25T01:23:13.641 INFO:teuthology.orchestra.run.smithi028.stdout:/usr/bin/ceph: stderr
2024-04-25T01:23:12.708+0000 7f8159f0a700 1 -- start start
2024-04-25T01:23:13.641 INFO:teuthology.orchestra.run.smithi028.stdout:/usr/bin/ceph: stderr
2024-04-25T01:23:12.708+0000 7f8159f0a700 1 --2- >> [v2:172.21.15.28:3300/0,v1:172.21.15.28:6789/0] conn(0x7f815407de20 0x7f815419dcf0 unknown :-1 s=NONE pgs=0 cs=0 l=1 rev1=0 crypto rx=0 tx=0 comp rx=0 tx=0).connect
2024-04-25T01:23:13.641 INFO:teuthology.orchestra.run.smithi028.stdout:/usr/bin/ceph: stderr
2024-04-25T01:23:12.708+0000 7f8159f0a700 1 -- --> [v2:172.21.15.28:3300/0,v1:172.21.15.28:6789/0] -- mon_getmap magic: 0 -- 0x7f815410e1b0 con 0x7f815407de20
2024-04-25T01:23:13.642 INFO:teuthology.orchestra.run.smithi028.stdout:/usr/bin/ceph: stderr
2024-04-25T01:23:12.708+0000 7f81537fe700 1 --2- >> [v2:172.21.15.28:3300/0,v1:172.21.15.28:6789/0] conn(0x7f815407de20 0x7f815419dcf0 unknown :-1 s=BANNER_CONNECTING pgs=0 cs=0 l=1 rev1=0 crypto rx=0 tx=0 comp rx=0 tx=0)._handle_peer_banner_payload supported=3 required=0
2024-04-25T01:23:13.642 INFO:teuthology.orchestra.run.smithi028.stdout:/usr/bin/ceph: stderr
2024-04-25T01:23:12.708+0000 7f81537fe700 1 --2- >> [v2:172.21.15.28:3300/0,v1:172.21.15.28:6789/0] conn(0x7f815407de20 0x7f815419dcf0 unknown :-1 s=HELLO_CONNECTING pgs=0 cs=0 l=1 rev1=1 crypto rx=0 tx=0 comp rx=0 tx=0).handle_hello peer v2:172.21.15.28:3300/0 says I am v2:172.21.15.28:36510/0 (socket says 172.21.15.28:36510)
2024-04-25T01:23:13.642 INFO:teuthology.orchestra.run.smithi028.stdout:/usr/bin/ceph: stderr
2024-04-25T01:23:12.708+0000 7f81537fe700 1 -- 172.21.15.28:0/3396151816 learned_addr learned my addr 172.21.15.28:0/3396151816 (peer_addr_for_me v2:172.21.15.28:0/0)
2024-04-25T01:23:13.642 INFO:teuthology.orchestra.run.smithi028.stdout:/usr/bin/ceph: stderr
2024-04-25T01:23:12.709+0000 7f81537fe700 1 -- 172.21.15.28:0/3396151816 --> [v2:172.21.15.28:3300/0,v1:172.21.15.28:6789/0] -- mon_subscribe({config=0+,monmap=0+}) -- 0x7f815419e230 con 0x7f815407de20
2024-04-25T01:23:13.642 INFO:teuthology.orchestra.run.smithi028.stdout:/usr/bin/ceph: stderr
2024-04-25T01:23:12.709+0000 7f81537fe700 1 --2- 172.21.15.28:0/3396151816 >> [v2:172.21.15.28:3300/0,v1:172.21.15.28:6789/0] conn(0x7f815407de20 0x7f815419dcf0 secure :-1 s=READY pgs=56 cs=0 l=1 rev1=1 crypto rx=0x7f8144011b60 tx=0x7f8144011c40 comp rx=0 tx=0).ready entity=mon.0 client_cookie=0 server_cookie=0 in_seq=0 out_seq=0
2024-04-25T01:23:13.642 INFO:teuthology.orchestra.run.smithi028.stdout:/usr/bin/ceph: stderr
2024-04-25T01:23:12.709+0000 7f81517fa700 1 -- 172.21.15.28:0/3396151816 <== mon.0 v2:172.21.15.28:3300/0 1 ==== mon_map magic: 0 ==== 205+0+0 (secure 0 0 0) 0x7f8144003b60 con 0x7f815407de20
2024-04-25T01:23:13.642 INFO:teuthology.orchestra.run.smithi028.stdout:/usr/bin/ceph: stderr
2024-04-25T01:23:12.709+0000 7f8159f0a700 1 -- 172.21.15.28:0/3396151816 --> [v2:172.21.15.28:3300/0,v1:172.21.15.28:6789/0] -- mon_subscribe({mgrmap=0+}) -- 0x7f815419e4c0 con 0x7f815407de20
2024-04-25T01:23:13.642 INFO:teuthology.orchestra.run.smithi028.stdout:/usr/bin/ceph: stderr
2024-04-25T01:23:12.709+0000 7f81517fa700 1 -- 172.21.15.28:0/3396151816 <== mon.0 v2:172.21.15.28:3300/0 2 ==== config(27 keys) ==== 1140+0+0 (secure 0 0 0) 0x7f814401a910 con 0x7f815407de20
2024-04-25T01:23:13.642 INFO:teuthology.orchestra.run.smithi028.stdout:/usr/bin/ceph: stderr
2024-04-25T01:23:12.709+0000 7f81517fa700 1 -- 172.21.15.28:0/3396151816 <== mon.0 v2:172.21.15.28:3300/0 3 ==== mon_map magic: 0 ==== 205+0+0 (secure 0 0 0) 0x7f8144024930 con 0x7f815407de20
2024-04-25T01:23:13.642 INFO:teuthology.orchestra.run.smithi028.stdout:/usr/bin/ceph: stderr
2024-04-25T01:23:12.709+0000 7f8159f0a700 1 -- 172.21.15.28:0/3396151816 --> [v2:172.21.15.28:3300/0,v1:172.21.15.28:6789/0] -- mon_subscribe({osdmap=0}) -- 0x7f815419e920 con 0x7f815407de20
2024-04-25T01:23:13.642 INFO:teuthology.orchestra.run.smithi028.stdout:/usr/bin/ceph: stderr
2024-04-25T01:23:12.710+0000 7f81517fa700 1 -- 172.21.15.28:0/3396151816 <== mon.0 v2:172.21.15.28:3300/0 4 ==== mgrmap(e 8) ==== 46287+0+0 (secure 0 0 0) 0x7f8144022020 con 0x7f815407de20
2024-04-25T01:23:13.642 INFO:teuthology.orchestra.run.smithi028.stdout:/usr/bin/ceph: stderr
2024-04-25T01:23:12.710+0000 7f8159f0a700 1 -- 172.21.15.28:0/3396151816 --> [v2:172.21.15.28:3300/0,v1:172.21.15.28:6789/0] -- mon_command({"prefix": "get_command_descriptions"} v 0) -- 0x7f8154063890 con 0x7f815407de20
2024-04-25T01:23:13.642 INFO:teuthology.orchestra.run.smithi028.stdout:/usr/bin/ceph: stderr
2024-04-25T01:23:12.711+0000 7f81517fa700 1 --2- 172.21.15.28:0/3396151816 >> [v2:172.21.15.28:6800/2407469300,v1:172.21.15.28:6801/2407469300] conn(0x7f8140039050 0x7f814003b510 unknown :-1 s=NONE pgs=0 cs=0 l=1 rev1=0 crypto rx=0 tx=0 comp rx=0 tx=0).connect
2024-04-25T01:23:13.643 INFO:teuthology.orchestra.run.smithi028.stdout:/usr/bin/ceph: stderr
2024-04-25T01:23:12.711+0000 7f81517fa700 1 -- 172.21.15.28:0/3396151816 <== mon.0 v2:172.21.15.28:3300/0 5 ==== osd_map(2..2 src has 1..2) ==== 940+0+0 (secure 0 0 0) 0x7f814404d270 con 0x7f815407de20
2024-04-25T01:23:13.643 INFO:teuthology.orchestra.run.smithi028.stdout:/usr/bin/ceph: stderr
2024-04-25T01:23:12.711+0000 7f814affd700 1 --2- 172.21.15.28:0/3396151816 >> [v2:172.21.15.28:6800/2407469300,v1:172.21.15.28:6801/2407469300] conn(0x7f8140039050 0x7f814003b510 unknown :-1 s=BANNER_CONNECTING pgs=0 cs=0 l=1 rev1=0 crypto rx=0 tx=0 comp rx=0 tx=0)._handle_peer_banner_payload supported=3 required=0
2024-04-25T01:23:13.643 INFO:teuthology.orchestra.run.smithi028.stdout:/usr/bin/ceph: stderr
2024-04-25T01:23:12.711+0000 7f814affd700 1 --2- 172.21.15.28:0/3396151816 >> [v2:172.21.15.28:6800/2407469300,v1:172.21.15.28:6801/2407469300] conn(0x7f8140039050 0x7f814003b510 secure :-1 s=READY pgs=16 cs=0 l=1 rev1=1 crypto rx=0x7f813c006fd0 tx=0x7f813c006e40 comp rx=0 tx=0).ready entity=mgr.14120 client_cookie=0 server_cookie=0 in_seq=0 out_seq=0
2024-04-25T01:23:13.643 INFO:teuthology.orchestra.run.smithi028.stdout:/usr/bin/ceph: stderr
2024-04-25T01:23:12.716+0000 7f81517fa700 1 -- 172.21.15.28:0/3396151816 <== mon.0 v2:172.21.15.28:3300/0 6 ==== mon_command_ack([{"prefix": "get_command_descriptions"}]=0 v0) ==== 72+0+186147 (secure 0 0 0) 0x7f8144019c70 con 0x7f815407de20
2024-04-25T01:23:13.643 INFO:teuthology.orchestra.run.smithi028.stdout:/usr/bin/ceph: stderr
2024-04-25T01:23:12.983+0000 7f8159f0a700 1 -- 172.21.15.28:0/3396151816 --> [v2:172.21.15.28:3300/0,v1:172.21.15.28:6789/0] -- mon_command({"prefix": "mgr module enable", "module": "dashboard"} v 0) -- 0x7f81541a1380 con 0x7f815407de20
2024-04-25T01:23:13.643 INFO:teuthology.orchestra.run.smithi028.stdout:/usr/bin/ceph: stderr
2024-04-25T01:23:13.000+0000 7f81517fa700 1 -- 172.21.15.28:0/3396151816 <== mon.0 v2:172.21.15.28:3300/0 7 ==== mon_command_ack([{"prefix": "mgr module enable", "module": "dashboard"}]=0 v9) ==== 88+0+0 (secure 0 0 0) 0x7f81440172b0 con 0x7f815407de20
2024-04-25T01:23:13.643 INFO:teuthology.orchestra.run.smithi028.stdout:/usr/bin/ceph: stderr
2024-04-25T01:23:13.002+0000 7f81517fa700 1 -- 172.21.15.28:0/3396151816 <== mon.0 v2:172.21.15.28:3300/0 8 ==== mgrmap(e 9) ==== 46300+0+0 (secure 0 0 0) 0x7f814402d910 con 0x7f815407de20
2024-04-25T01:23:13.643 INFO:teuthology.orchestra.run.smithi028.stdout:/usr/bin/ceph: stderr
2024-04-25T01:23:13.003+0000 7f8159f0a700 1 -- 172.21.15.28:0/3396151816 >> [v2:172.21.15.28:6800/2407469300,v1:172.21.15.28:6801/2407469300] conn(0x7f8140039050 msgr2=0x7f814003b510 secure :-1 s=STATE_CONNECTION_ESTABLISHED l=1).mark_down
2024-04-25T01:23:13.643 INFO:teuthology.orchestra.run.smithi028.stdout:/usr/bin/ceph: stderr
2024-04-25T01:23:13.003+0000 7f8159f0a700 1 --2- 172.21.15.28:0/3396151816 >> [v2:172.21.15.28:6800/2407469300,v1:172.21.15.28:6801/2407469300] conn(0x7f8140039050 0x7f814003b510 secure :-1 s=READY pgs=16 cs=0 l=1 rev1=1 crypto rx=0x7f813c006fd0 tx=0x7f813c006e40 comp rx=0 tx=0).stop
2024-04-25T01:23:13.643 INFO:teuthology.orchestra.run.smithi028.stdout:/usr/bin/ceph: stderr
2024-04-25T01:23:13.003+0000 7f8159f0a700 1 -- 172.21.15.28:0/3396151816 >> [v2:172.21.15.28:3300/0,v1:172.21.15.28:6789/0] conn(0x7f815407de20 msgr2=0x7f815419dcf0 secure :-1 s=STATE_CONNECTION_ESTABLISHED l=1).mark_down
2024-04-25T01:23:13.643 INFO:teuthology.orchestra.run.smithi028.stdout:/usr/bin/ceph: stderr
2024-04-25T01:23:13.003+0000 7f8159f0a700 1 --2- 172.21.15.28:0/3396151816 >> [v2:172.21.15.28:3300/0,v1:172.21.15.28:6789/0] conn(0x7f815407de20 0x7f815419dcf0 secure :-1 s=READY pgs=56 cs=0 l=1 rev1=1 crypto rx=0x7f8144011b60 tx=0x7f8144011c40 comp rx=0 tx=0).stop
2024-04-25T01:23:13.643 INFO:teuthology.orchestra.run.smithi028.stdout:/usr/bin/ceph: stderr
2024-04-25T01:23:13.004+0000 7f8159f0a700 1 -- 172.21.15.28:0/3396151816 shutdown_connections
2024-04-25T01:23:13.643 INFO:teuthology.orchestra.run.smithi028.stdout:/usr/bin/ceph: stderr
2024-04-25T01:23:13.004+0000 7f8159f0a700 1 --2- 172.21.15.28:0/3396151816 >> [v2:172.21.15.28:6800/2407469300,v1:172.21.15.28:6801/2407469300] conn(0x7f8140039050 0x7f814003b510 unknown :-1 s=CLOSED pgs=16 cs=0 l=1 rev1=1 crypto rx=0 tx=0 comp rx=0 tx=0).stop
2024-04-25T01:23:13.643 INFO:teuthology.orchestra.run.smithi028.stdout:/usr/bin/ceph: stderr
2024-04-25T01:23:13.004+0000 7f8159f0a700 1 --2- 172.21.15.28:0/3396151816 >> [v2:172.21.15.28:3300/0,v1:172.21.15.28:6789/0] conn(0x7f815407de20 0x7f815419dcf0 unknown :-1 s=CLOSED pgs=56 cs=0 l=1 rev1=1 crypto rx=0 tx=0 comp rx=0 tx=0).stop
2024-04-25T01:23:13.644 INFO:teuthology.orchestra.run.smithi028.stdout:/usr/bin/ceph: stderr
2024-04-25T01:23:13.004+0000 7f8159f0a700 1 -- 172.21.15.28:0/3396151816 >> 172.21.15.28:0/3396151816 conn(0x7f8154103230 msgr2=0x7f8154103d50 unknown :-1 s=STATE_NONE l=0).mark_down
2024-04-25T01:23:13.644 INFO:teuthology.orchestra.run.smithi028.stdout:/usr/bin/ceph: stderr
2024-04-25T01:23:13.004+0000 7f8159f0a700 1 -- 172.21.15.28:0/3396151816 shutdown_connections
2024-04-25T01:23:13.644 INFO:teuthology.orchestra.run.smithi028.stdout:/usr/bin/ceph: stderr
2024-04-25T01:23:13.004+0000 7f8159f0a700 1 -- 172.21.15.28:0/3396151816 wait complete.
2024-04-25T01:23:13.897 INFO:journalctl@ceph.mgr.x.smithi028.stdout:Apr 25 01:23:13 smithi028 ceph-0e88f60a-02a2-11ef-bc93-c7b262605968-mgr-x[29616]:
2024-04-25T01:23:13.826+0000 7f9040de4200 -1 mgr[py] Module progress has missing NOTIFY_TYPES member
2024-04-25T01:23:13.897 INFO:journalctl@ceph.mgr.x.smithi028.stdout:Apr 25 01:23:13 smithi028 ceph-0e88f60a-02a2-11ef-bc93-c7b262605968-mgr-x[29616]:
2024-04-25T01:23:13.916+0000 7f9040de4200 -1 mgr[py] Module influx has missing NOTIFY_TYPES member
2024-04-25T01:23:14.311 INFO:journalctl@ceph.mon.a.smithi028.stdout:Apr 25 01:23:14 smithi028 ceph-mon[29390]: from='client.? 172.21.15.28:0/3396151816' entity='client.admin' cmd='[{"prefix": "mgr module enable", "module": "dashboard"}]': finished
2024-04-25T01:23:14.311 INFO:journalctl@ceph.mon.a.smithi028.stdout:Apr 25 01:23:14 smithi028 ceph-mon[29390]: mgrmap e9: x(active, since 19s)
2024-04-25T01:23:15.049 INFO:teuthology.orchestra.run.smithi028.stdout:/usr/bin/ceph: stdout {
2024-04-25T01:23:15.055 INFO:teuthology.orchestra.run.smithi028.stdout:/usr/bin/ceph: stdout "epoch": 9,
2024-04-25T01:23:15.055 INFO:teuthology.orchestra.run.smithi028.stdout:/usr/bin/ceph: stdout "available": true,
2024-04-25T01:23:15.056 INFO:teuthology.orchestra.run.smithi028.stdout:/usr/bin/ceph: stdout "active_name": "x",
2024-04-25T01:23:15.056 INFO:teuthology.orchestra.run.smithi028.stdout:/usr/bin/ceph: stdout "num_standby": 0
2024-04-25T01:23:15.056 INFO:teuthology.orchestra.run.smithi028.stdout:/usr/bin/ceph: stdout }
2024-04-25T01:23:15.056 INFO:teuthology.orchestra.run.smithi028.stdout:/usr/bin/ceph: stderr
2024-04-25T01:23:14.124+0000 7f13212bf700 1 Processor -- start
2024-04-25T01:23:15.056 INFO:teuthology.orchestra.run.smithi028.stdout:/usr/bin/ceph: stderr
2024-04-25T01:23:14.125+0000 7f13212bf700 1 -- start start
2024-04-25T01:23:15.056 INFO:teuthology.orchestra.run.smithi028.stdout:/usr/bin/ceph: stderr
2024-04-25T01:23:14.125+0000 7f13212bf700 1 --2- >> [v2:172.21.15.28:3300/0,v1:172.21.15.28:6789/0] conn(0x7f131c107bf0 0x7f131c108010 unknown :-1 s=NONE pgs=0 cs=0 l=0 rev1=0 crypto rx=0 tx=0 comp rx=0 tx=0).connect
2024-04-25T01:23:15.056 INFO:teuthology.orchestra.run.smithi028.stdout:/usr/bin/ceph: stderr
2024-04-25T01:23:14.125+0000 7f13212bf700 1 -- --> [v2:172.21.15.28:3300/0,v1:172.21.15.28:6789/0] -- mon_getmap magic: 0 -- 0x7f131c1085e0 con 0x7f131c107bf0
2024-04-25T01:23:15.056 INFO:teuthology.orchestra.run.smithi028.stdout:/usr/bin/ceph: stderr
2024-04-25T01:23:14.125+0000 7f131affd700 1 --2- >> [v2:172.21.15.28:3300/0,v1:172.21.15.28:6789/0] conn(0x7f131c107bf0 0x7f131c108010 unknown :-1 s=BANNER_CONNECTING pgs=0 cs=0 l=0 rev1=0 crypto rx=0 tx=0 comp rx=0 tx=0)._handle_peer_banner_payload supported=3 required=0
2024-04-25T01:23:15.056 INFO:teuthology.orchestra.run.smithi028.stdout:/usr/bin/ceph: stderr
2024-04-25T01:23:14.125+0000 7f131affd700 1 --2- >> [v2:172.21.15.28:3300/0,v1:172.21.15.28:6789/0] conn(0x7f131c107bf0 0x7f131c108010 unknown :-1 s=HELLO_CONNECTING pgs=0 cs=0 l=0 rev1=1 crypto rx=0 tx=0 comp rx=0 tx=0).handle_hello peer v2:172.21.15.28:3300/0 says I am v2:172.21.15.28:36526/0 (socket says 172.21.15.28:36526)
2024-04-25T01:23:15.056 INFO:teuthology.orchestra.run.smithi028.stdout:/usr/bin/ceph: stderr
2024-04-25T01:23:14.125+0000 7f131affd700 1 -- 172.21.15.28:0/672006255 learned_addr learned my addr 172.21.15.28:0/672006255 (peer_addr_for_me v2:172.21.15.28:0/0)
2024-04-25T01:23:15.056 INFO:teuthology.orchestra.run.smithi028.stdout:/usr/bin/ceph: stderr
2024-04-25T01:23:14.125+0000 7f131affd700 1 -- 172.21.15.28:0/672006255 --> [v2:172.21.15.28:3300/0,v1:172.21.15.28:6789/0] -- mon_subscribe({config=0+,monmap=0+}) -- 0x7f131c108da0 con 0x7f131c107bf0
2024-04-25T01:23:15.056 INFO:teuthology.orchestra.run.smithi028.stdout:/usr/bin/ceph: stderr
2024-04-25T01:23:14.126+0000 7f131affd700 1 --2- 172.21.15.28:0/672006255 >> [v2:172.21.15.28:3300/0,v1:172.21.15.28:6789/0] conn(0x7f131c107bf0 0x7f131c108010 secure :-1 s=READY pgs=59 cs=0 l=1 rev1=1 crypto rx=0x7f130c0098a0 tx=0x7f130c009bb0 comp rx=0 tx=0).ready entity=mon.0 client_cookie=5ed610b87470a6b5 server_cookie=0 in_seq=0 out_seq=0
2024-04-25T01:23:15.056 INFO:teuthology.orchestra.run.smithi028.stdout:/usr/bin/ceph: stderr
2024-04-25T01:23:14.126+0000 7f1319ffb700 1 -- 172.21.15.28:0/672006255 <== mon.0 v2:172.21.15.28:3300/0 1 ==== mon_map magic: 0 ==== 205+0+0 (secure 0 0 0) 0x7f130c004160 con 0x7f131c107bf0
2024-04-25T01:23:15.056 INFO:teuthology.orchestra.run.smithi028.stdout:/usr/bin/ceph: stderr
2024-04-25T01:23:14.126+0000 7f1319ffb700 1 -- 172.21.15.28:0/672006255 <== mon.0 v2:172.21.15.28:3300/0 2 ==== config(27 keys) ==== 1140+0+0 (secure 0 0 0) 0x7f130c004300 con 0x7f131c107bf0
2024-04-25T01:23:15.057 INFO:teuthology.orchestra.run.smithi028.stdout:/usr/bin/ceph: stderr
2024-04-25T01:23:14.126+0000 7f1319ffb700 1 -- 172.21.15.28:0/672006255 <== mon.0 v2:172.21.15.28:3300/0 3 ==== mon_map magic: 0 ==== 205+0+0 (secure 0 0 0) 0x7f130c011b20 con 0x7f131c107bf0
2024-04-25T01:23:15.057 INFO:teuthology.orchestra.run.smithi028.stdout:/usr/bin/ceph: stderr
2024-04-25T01:23:14.126+0000 7f13212bf700 1 -- 172.21.15.28:0/672006255 >> [v2:172.21.15.28:3300/0,v1:172.21.15.28:6789/0] conn(0x7f131c107bf0 msgr2=0x7f131c108010 secure :-1 s=STATE_CONNECTION_ESTABLISHED l=1).mark_down
2024-04-25T01:23:15.057 INFO:teuthology.orchestra.run.smithi028.stdout:/usr/bin/ceph: stderr
2024-04-25T01:23:14.126+0000 7f13212bf700 1 --2- 172.21.15.28:0/672006255 >> [v2:172.21.15.28:3300/0,v1:172.21.15.28:6789/0] conn(0x7f131c107bf0 0x7f131c108010 secure :-1 s=READY pgs=59 cs=0 l=1 rev1=1 crypto rx=0x7f130c0098a0 tx=0x7f130c009bb0 comp rx=0 tx=0).stop
2024-04-25T01:23:15.057 INFO:teuthology.orchestra.run.smithi028.stdout:/usr/bin/ceph: stderr
2024-04-25T01:23:14.126+0000 7f13212bf700 1 -- 172.21.15.28:0/672006255 shutdown_connections
2024-04-25T01:23:15.057 INFO:teuthology.orchestra.run.smithi028.stdout:/usr/bin/ceph: stderr
2024-04-25T01:23:14.126+0000 7f13212bf700 1 --2- 172.21.15.28:0/672006255 >> [v2:172.21.15.28:3300/0,v1:172.21.15.28:6789/0] conn(0x7f131c107bf0 0x7f131c108010 unknown :-1 s=CLOSED pgs=59 cs=0 l=1 rev1=1 crypto rx=0 tx=0 comp rx=0 tx=0).stop
2024-04-25T01:23:15.057 INFO:teuthology.orchestra.run.smithi028.stdout:/usr/bin/ceph: stderr
2024-04-25T01:23:14.126+0000 7f13212bf700 1 -- 172.21.15.28:0/672006255 >> 172.21.15.28:0/672006255 conn(0x7f131c103170 msgr2=0x7f131c1055d0 unknown :-1 s=STATE_NONE l=0).mark_down
2024-04-25T01:23:15.057 INFO:teuthology.orchestra.run.smithi028.stdout:/usr/bin/ceph: stderr
2024-04-25T01:23:14.127+0000 7f13212bf700 1 -- 172.21.15.28:0/672006255 shutdown_connections
2024-04-25T01:23:15.057 INFO:teuthology.orchestra.run.smithi028.stdout:/usr/bin/ceph: stderr
2024-04-25T01:23:14.127+0000 7f13212bf700 1 -- 172.21.15.28:0/672006255 wait complete.
2024-04-25T01:23:15.057 INFO:teuthology.orchestra.run.smithi028.stdout:/usr/bin/ceph: stderr
2024-04-25T01:23:14.127+0000 7f13212bf700 1 Processor -- start
2024-04-25T01:23:15.057 INFO:teuthology.orchestra.run.smithi028.stdout:/usr/bin/ceph: stderr
2024-04-25T01:23:14.127+0000 7f13212bf700 1 -- start start
2024-04-25T01:23:15.057 INFO:teuthology.orchestra.run.smithi028.stdout:/usr/bin/ceph: stderr
2024-04-25T01:23:14.127+0000 7f13212bf700 1 --2- >> [v2:172.21.15.28:3300/0,v1:172.21.15.28:6789/0] conn(0x7f131c107bf0 0x7f131c19bb10 unknown :-1 s=NONE pgs=0 cs=0 l=1 rev1=0 crypto rx=0 tx=0 comp rx=0 tx=0).connect
2024-04-25T01:23:15.057 INFO:teuthology.orchestra.run.smithi028.stdout:/usr/bin/ceph: stderr
2024-04-25T01:23:14.127+0000 7f13212bf700 1 -- --> [v2:172.21.15.28:3300/0,v1:172.21.15.28:6789/0] -- mon_getmap magic: 0 -- 0x7f131c10c150 con 0x7f131c107bf0
2024-04-25T01:23:15.057 INFO:teuthology.orchestra.run.smithi028.stdout:/usr/bin/ceph: stderr
2024-04-25T01:23:14.128+0000 7f131affd700 1 --2- >> [v2:172.21.15.28:3300/0,v1:172.21.15.28:6789/0] conn(0x7f131c107bf0 0x7f131c19bb10 unknown :-1 s=BANNER_CONNECTING pgs=0 cs=0 l=1 rev1=0 crypto rx=0 tx=0 comp rx=0 tx=0)._handle_peer_banner_payload supported=3 required=0
2024-04-25T01:23:15.057 INFO:teuthology.orchestra.run.smithi028.stdout:/usr/bin/ceph: stderr
2024-04-25T01:23:14.128+0000 7f131affd700 1 --2- >> [v2:172.21.15.28:3300/0,v1:172.21.15.28:6789/0] conn(0x7f131c107bf0 0x7f131c19bb10 unknown :-1 s=HELLO_CONNECTING pgs=0 cs=0 l=1 rev1=1 crypto rx=0 tx=0 comp rx=0 tx=0).handle_hello peer v2:172.21.15.28:3300/0 says I am v2:172.21.15.28:36542/0 (socket says 172.21.15.28:36542)
2024-04-25T01:23:15.058 INFO:teuthology.orchestra.run.smithi028.stdout:/usr/bin/ceph: stderr
2024-04-25T01:23:14.128+0000 7f131affd700 1 -- 172.21.15.28:0/1105297205 learned_addr learned my addr 172.21.15.28:0/1105297205 (peer_addr_for_me v2:172.21.15.28:0/0)
2024-04-25T01:23:15.058 INFO:teuthology.orchestra.run.smithi028.stdout:/usr/bin/ceph: stderr
2024-04-25T01:23:14.128+0000 7f131affd700 1 -- 172.21.15.28:0/1105297205 --> [v2:172.21.15.28:3300/0,v1:172.21.15.28:6789/0] -- mon_subscribe({config=0+,monmap=0+}) -- 0x7f131c19c050 con 0x7f131c107bf0
2024-04-25T01:23:15.058 INFO:teuthology.orchestra.run.smithi028.stdout:/usr/bin/ceph: stderr
2024-04-25T01:23:14.128+0000 7f131affd700 1 --2- 172.21.15.28:0/1105297205 >> [v2:172.21.15.28:3300/0,v1:172.21.15.28:6789/0] conn(0x7f131c107bf0 0x7f131c19bb10 secure :-1 s=READY pgs=60 cs=0 l=1 rev1=1 crypto rx=0x7f130c0117e0 tx=0x7f130c011c10 comp rx=0 tx=0).ready entity=mon.0 client_cookie=0 server_cookie=0 in_seq=0 out_seq=0
2024-04-25T01:23:15.058 INFO:teuthology.orchestra.run.smithi028.stdout:/usr/bin/ceph: stderr
2024-04-25T01:23:14.128+0000 7f1303fff700 1 -- 172.21.15.28:0/1105297205 <== mon.0 v2:172.21.15.28:3300/0 1 ==== mon_map magic: 0 ==== 205+0+0 (secure 0 0 0) 0x7f130c003bf0 con 0x7f131c107bf0
2024-04-25T01:23:15.058 INFO:teuthology.orchestra.run.smithi028.stdout:/usr/bin/ceph: stderr
2024-04-25T01:23:14.128+0000 7f1303fff700 1 -- 172.21.15.28:0/1105297205 <== mon.0 v2:172.21.15.28:3300/0 2 ==== config(27 keys) ==== 1140+0+0 (secure 0 0 0) 0x7f130c01a910 con 0x7f131c107bf0
2024-04-25T01:23:15.058 INFO:teuthology.orchestra.run.smithi028.stdout:/usr/bin/ceph: stderr
2024-04-25T01:23:14.128+0000 7f13212bf700 1 -- 172.21.15.28:0/1105297205 --> [v2:172.21.15.28:3300/0,v1:172.21.15.28:6789/0] -- mon_subscribe({mgrmap=0+}) -- 0x7f131c19c2e0 con 0x7f131c107bf0
2024-04-25T01:23:15.058 INFO:teuthology.orchestra.run.smithi028.stdout:/usr/bin/ceph: stderr
2024-04-25T01:23:14.128+0000 7f1303fff700 1 -- 172.21.15.28:0/1105297205 <== mon.0 v2:172.21.15.28:3300/0 3 ==== mon_map magic: 0 ==== 205+0+0 (secure 0 0 0) 0x7f130c0249a0 con 0x7f131c107bf0
2024-04-25T01:23:15.058 INFO:teuthology.orchestra.run.smithi028.stdout:/usr/bin/ceph: stderr
2024-04-25T01:23:14.128+0000 7f13212bf700 1 -- 172.21.15.28:0/1105297205 --> [v2:172.21.15.28:3300/0,v1:172.21.15.28:6789/0] -- mon_subscribe({osdmap=0}) -- 0x7f131c19c740 con 0x7f131c107bf0
2024-04-25T01:23:15.058 INFO:teuthology.orchestra.run.smithi028.stdout:/usr/bin/ceph: stderr
2024-04-25T01:23:14.129+0000 7f1303fff700 1 -- 172.21.15.28:0/1105297205 <== mon.0 v2:172.21.15.28:3300/0 4 ==== mgrmap(e 9) ==== 46300+0+0 (secure 0 0 0) 0x7f130c022020 con 0x7f131c107bf0
2024-04-25T01:23:15.058 INFO:teuthology.orchestra.run.smithi028.stdout:/usr/bin/ceph: stderr
2024-04-25T01:23:14.129+0000 7f1303fff700 1 --2- 172.21.15.28:0/1105297205 >> [v2:172.21.15.28:6800/2407469300,v1:172.21.15.28:6801/2407469300] conn(0x7f13040390b0 0x7f130403b570 unknown :-1 s=NONE pgs=0 cs=0 l=1 rev1=0 crypto rx=0 tx=0 comp rx=0 tx=0).connect
2024-04-25T01:23:15.058 INFO:teuthology.orchestra.run.smithi028.stdout:/usr/bin/ceph: stderr
2024-04-25T01:23:14.129+0000 7f1303fff700 1 -- 172.21.15.28:0/1105297205 <== mon.0 v2:172.21.15.28:3300/0 5 ==== osd_map(2..2 src has 1..2) ==== 940+0+0 (secure 0 0 0) 0x7f130c04d350 con 0x7f131c107bf0
2024-04-25T01:23:15.058 INFO:teuthology.orchestra.run.smithi028.stdout:/usr/bin/ceph: stderr
2024-04-25T01:23:14.129+0000 7f131a7fc700 1 -- 172.21.15.28:0/1105297205 >> [v2:172.21.15.28:6800/2407469300,v1:172.21.15.28:6801/2407469300] conn(0x7f13040390b0 msgr2=0x7f130403b570 unknown :-1 s=STATE_CONNECTING_RE l=1).process reconnect failed to v2:172.21.15.28:6800/2407469300
2024-04-25T01:23:15.058 INFO:teuthology.orchestra.run.smithi028.stdout:/usr/bin/ceph: stderr
2024-04-25T01:23:14.129+0000 7f131a7fc700 1 --2- 172.21.15.28:0/1105297205 >> [v2:172.21.15.28:6800/2407469300,v1:172.21.15.28:6801/2407469300] conn(0x7f13040390b0 0x7f130403b570 unknown :-1 s=START_CONNECT pgs=0 cs=0 l=1 rev1=0 crypto rx=0 tx=0 comp rx=0 tx=0)._fault waiting 0.200000
2024-04-25T01:23:15.058 INFO:teuthology.orchestra.run.smithi028.stdout:/usr/bin/ceph: stderr
2024-04-25T01:23:14.130+0000 7f13212bf700 1 -- 172.21.15.28:0/1105297205 --> [v2:172.21.15.28:3300/0,v1:172.21.15.28:6789/0] -- mon_command({"prefix": "get_command_descriptions"} v 0) -- 0x7f131c063890 con 0x7f131c107bf0
2024-04-25T01:23:15.059 INFO:teuthology.orchestra.run.smithi028.stdout:/usr/bin/ceph: stderr
2024-04-25T01:23:14.135+0000 7f1303fff700 1 -- 172.21.15.28:0/1105297205 <== mon.0 v2:172.21.15.28:3300/0 6 ==== mon_command_ack([{"prefix": "get_command_descriptions"}]=0 v0) ==== 72+0+186147 (secure 0 0 0) 0x7f130c011e20 con 0x7f131c107bf0
2024-04-25T01:23:15.059 INFO:teuthology.orchestra.run.smithi028.stdout:/usr/bin/ceph: stderr
2024-04-25T01:23:14.330+0000 7f131a7fc700 1 -- 172.21.15.28:0/1105297205 >> [v2:172.21.15.28:6800/2407469300,v1:172.21.15.28:6801/2407469300] conn(0x7f13040390b0 msgr2=0x7f130403b570 unknown :-1 s=STATE_CONNECTING_RE l=1).process reconnect failed to v2:172.21.15.28:6800/2407469300
2024-04-25T01:23:15.059 INFO:teuthology.orchestra.run.smithi028.stdout:/usr/bin/ceph: stderr
2024-04-25T01:23:14.330+0000 7f131a7fc700 1 --2- 172.21.15.28:0/1105297205 >> [v2:172.21.15.28:6800/2407469300,v1:172.21.15.28:6801/2407469300] conn(0x7f13040390b0 0x7f130403b570 unknown :-1 s=START_CONNECT pgs=0 cs=0 l=1 rev1=0 crypto rx=0 tx=0 comp rx=0 tx=0)._fault waiting 0.400000
2024-04-25T01:23:15.059 INFO:teuthology.orchestra.run.smithi028.stdout:/usr/bin/ceph: stderr
2024-04-25T01:23:14.520+0000 7f13212bf700 1 -- 172.21.15.28:0/1105297205 --> [v2:172.21.15.28:3300/0,v1:172.21.15.28:6789/0] -- mon_command({"prefix": "mgr stat"} v 0) -- 0x7f131c19f070 con 0x7f131c107bf0
2024-04-25T01:23:15.059 INFO:teuthology.orchestra.run.smithi028.stdout:/usr/bin/ceph: stderr
2024-04-25T01:23:14.520+0000 7f1303fff700 1 -- 172.21.15.28:0/1105297205 <== mon.0 v2:172.21.15.28:3300/0 7 ==== mon_command_ack([{"prefix": "mgr stat"}]=0 v9) ==== 56+0+88 (secure 0 0 0) 0x7f130c00ba00 con 0x7f131c107bf0
2024-04-25T01:23:15.059 INFO:teuthology.orchestra.run.smithi028.stdout:/usr/bin/ceph: stderr
2024-04-25T01:23:14.522+0000 7f13212bf700 1 -- 172.21.15.28:0/1105297205 >> [v2:172.21.15.28:6800/2407469300,v1:172.21.15.28:6801/2407469300] conn(0x7f13040390b0 msgr2=0x7f130403b570 unknown :-1 s=STATE_CONNECTING l=1).mark_down
2024-04-25T01:23:15.059 INFO:teuthology.orchestra.run.smithi028.stdout:/usr/bin/ceph: stderr
2024-04-25T01:23:14.522+0000 7f13212bf700 1 --2- 172.21.15.28:0/1105297205 >> [v2:172.21.15.28:6800/2407469300,v1:172.21.15.28:6801/2407469300] conn(0x7f13040390b0 0x7f130403b570 unknown :-1 s=START_CONNECT pgs=0 cs=0 l=1 rev1=0 crypto rx=0 tx=0 comp rx=0 tx=0).stop
2024-04-25T01:23:15.059 INFO:teuthology.orchestra.run.smithi028.stdout:/usr/bin/ceph: stderr
2024-04-25T01:23:14.522+0000 7f13212bf700 1 -- 172.21.15.28:0/1105297205 >> [v2:172.21.15.28:3300/0,v1:172.21.15.28:6789/0] conn(0x7f131c107bf0 msgr2=0x7f131c19bb10 secure :-1 s=STATE_CONNECTION_ESTABLISHED l=1).mark_down
2024-04-25T01:23:15.059 INFO:teuthology.orchestra.run.smithi028.stdout:/usr/bin/ceph: stderr
2024-04-25T01:23:14.522+0000 7f13212bf700 1 --2- 172.21.15.28:0/1105297205 >> [v2:172.21.15.28:3300/0,v1:172.21.15.28:6789/0] conn(0x7f131c107bf0 0x7f131c19bb10 secure :-1 s=READY pgs=60 cs=0 l=1 rev1=1 crypto rx=0x7f130c0117e0 tx=0x7f130c011c10 comp rx=0 tx=0).stop
2024-04-25T01:23:15.059 INFO:teuthology.orchestra.run.smithi028.stdout:/usr/bin/ceph: stderr
2024-04-25T01:23:14.523+0000 7f13212bf700 1 -- 172.21.15.28:0/1105297205 shutdown_connections
2024-04-25T01:23:15.059 INFO:teuthology.orchestra.run.smithi028.stdout:/usr/bin/ceph: stderr
2024-04-25T01:23:14.523+0000 7f13212bf700 1 --2- 172.21.15.28:0/1105297205 >> [v2:172.21.15.28:6800/2407469300,v1:172.21.15.28:6801/2407469300] conn(0x7f13040390b0 0x7f130403b570 unknown :-1 s=CLOSED pgs=0 cs=0 l=1 rev1=0 crypto rx=0 tx=0 comp rx=0 tx=0).stop
2024-04-25T01:23:15.059 INFO:teuthology.orchestra.run.smithi028.stdout:/usr/bin/ceph: stderr
2024-04-25T01:23:14.523+0000 7f13212bf700 1 --2- 172.21.15.28:0/1105297205 >> [v2:172.21.15.28:3300/0,v1:172.21.15.28:6789/0] conn(0x7f131c107bf0 0x7f131c19bb10 unknown :-1 s=CLOSED pgs=60 cs=0 l=1 rev1=1 crypto rx=0 tx=0 comp rx=0 tx=0).stop
2024-04-25T01:23:15.059 INFO:teuthology.orchestra.run.smithi028.stdout:/usr/bin/ceph: stderr
2024-04-25T01:23:14.523+0000 7f13212bf700 1 -- 172.21.15.28:0/1105297205 >> 172.21.15.28:0/1105297205 conn(0x7f131c103170 msgr2=0x7f131c103c80 unknown :-1 s=STATE_NONE l=0).mark_down
2024-04-25T01:23:15.059 INFO:teuthology.orchestra.run.smithi028.stdout:/usr/bin/ceph: stderr
2024-04-25T01:23:14.523+0000 7f13212bf700 1 -- 172.21.15.28:0/1105297205 shutdown_connections
2024-04-25T01:23:15.059 INFO:teuthology.orchestra.run.smithi028.stdout:/usr/bin/ceph: stderr
2024-04-25T01:23:14.523+0000 7f13212bf700 1 -- 172.21.15.28:0/1105297205 wait complete.
2024-04-25T01:23:15.060 INFO:teuthology.orchestra.run.smithi028.stdout:Waiting for the mgr to restart...
2024-04-25T01:23:15.060 INFO:teuthology.orchestra.run.smithi028.stdout:Waiting for mgr epoch 9...
2024-04-25T01:23:15.064 INFO:journalctl@ceph.mon.a.smithi028.stdout:Apr 25 01:23:15 smithi028 ceph-mon[29390]: from='client.? 172.21.15.28:0/1105297205' entity='client.admin' cmd=[{"prefix": "mgr stat"}]: dispatch
2024-04-25T01:23:15.416 INFO:journalctl@ceph.mgr.x.smithi028.stdout:Apr 25 01:23:15 smithi028 ceph-0e88f60a-02a2-11ef-bc93-c7b262605968-mgr-x[29616]:
2024-04-25T01:23:15.251+0000 7f9040de4200 -1 mgr[py] Module telegraf has missing NOTIFY_TYPES member
2024-04-25T01:23:15.416 INFO:journalctl@ceph.mgr.x.smithi028.stdout:Apr 25 01:23:15 smithi028 ceph-0e88f60a-02a2-11ef-bc93-c7b262605968-mgr-x[29616]:
2024-04-25T01:23:15.435+0000 7f9040de4200 -1 mgr[py] Module osd_support has missing NOTIFY_TYPES member
2024-04-25T01:23:15.676 INFO:journalctl@ceph.mgr.x.smithi028.stdout:Apr 25 01:23:15 smithi028 ceph-0e88f60a-02a2-11ef-bc93-c7b262605968-mgr-x[29616]:
2024-04-25T01:23:15.615+0000 7f9040de4200 -1 mgr[py] Module iostat has missing NOTIFY_TYPES member
2024-04-25T01:23:15.995 INFO:journalctl@ceph.mgr.x.smithi028.stdout:Apr 25 01:23:15 smithi028 ceph-0e88f60a-02a2-11ef-bc93-c7b262605968-mgr-x[29616]:
2024-04-25T01:23:15.917+0000 7f9040de4200 -1 mgr[py] Module alerts has missing NOTIFY_TYPES member
2024-04-25T01:23:15.995 INFO:journalctl@ceph.mgr.x.smithi028.stdout:Apr 25 01:23:16 smithi028 ceph-0e88f60a-02a2-11ef-bc93-c7b262605968-mgr-x[29616]:
2024-04-25T01:23:16.014+0000 7f9040de4200 -1 mgr[py] Module selftest has missing NOTIFY_TYPES member
2024-04-25T01:23:16.314 INFO:journalctl@ceph.mgr.x.smithi028.stdout:Apr 25 01:23:16 smithi028 ceph-0e88f60a-02a2-11ef-bc93-c7b262605968-mgr-x[29616]:
2024-04-25T01:23:16.224+0000 7f9040de4200 -1 mgr[py] Module pg_autoscaler has missing NOTIFY_TYPES member
2024-04-25T01:23:16.814 INFO:journalctl@ceph.mgr.x.smithi028.stdout:Apr 25 01:23:16 smithi028 ceph-0e88f60a-02a2-11ef-bc93-c7b262605968-mgr-x[29616]:
2024-04-25T01:23:16.426+0000 7f9040de4200 -1 mgr[py] Module test_orchestrator has missing NOTIFY_TYPES member
2024-04-25T01:23:17.314 INFO:journalctl@ceph.mgr.x.smithi028.stdout:Apr 25 01:23:17 smithi028 ceph-0e88f60a-02a2-11ef-bc93-c7b262605968-mgr-x[29616]:
2024-04-25T01:23:17.055+0000 7f9040de4200 -1 mgr[py] Module rook has missing NOTIFY_TYPES member
2024-04-25T01:23:17.789 INFO:journalctl@ceph.mgr.x.smithi028.stdout:Apr 25 01:23:17 smithi028 ceph-0e88f60a-02a2-11ef-bc93-c7b262605968-mgr-x[29616]:
2024-04-25T01:23:17.497+0000 7f9040de4200 -1 mgr[py] Module volumes has missing NOTIFY_TYPES member
2024-04-25T01:23:17.790 INFO:journalctl@ceph.mgr.x.smithi028.stdout:Apr 25 01:23:17 smithi028 ceph-0e88f60a-02a2-11ef-bc93-c7b262605968-mgr-x[29616]:
2024-04-25T01:23:17.598+0000 7f9040de4200 -1 mgr[py] Module crash has missing NOTIFY_TYPES member
2024-04-25T01:23:17.790 INFO:journalctl@ceph.mgr.x.smithi028.stdout:Apr 25 01:23:17 smithi028 ceph-0e88f60a-02a2-11ef-bc93-c7b262605968-mgr-x[29616]:
2024-04-25T01:23:17.808+0000 7f9040de4200 -1 mgr[py] Module rgw has missing NOTIFY_TYPES member
2024-04-25T01:23:18.684 INFO:journalctl@ceph.mgr.x.smithi028.stdout:Apr 25 01:23:18 smithi028 ceph-0e88f60a-02a2-11ef-bc93-c7b262605968-mgr-x[29616]:
2024-04-25T01:23:18.354+0000 7f9040de4200 -1 mgr[py] Module prometheus has missing NOTIFY_TYPES member
2024-04-25T01:23:18.684 INFO:journalctl@ceph.mgr.x.smithi028.stdout:Apr 25 01:23:18 smithi028 ceph-0e88f60a-02a2-11ef-bc93-c7b262605968-mgr-x[29616]:
2024-04-25T01:23:18.450+0000 7f9040de4200 -1 mgr[py] Module devicehealth has missing NOTIFY_TYPES member
2024-04-25T01:23:19.050 INFO:journalctl@ceph.mgr.x.smithi028.stdout:Apr 25 01:23:18 smithi028 ceph-0e88f60a-02a2-11ef-bc93-c7b262605968-mgr-x[29616]:
2024-04-25T01:23:18.703+0000 7f9040de4200 -1 mgr[py] Module telemetry has missing NOTIFY_TYPES member
2024-04-25T01:23:19.050 INFO:journalctl@ceph.mgr.x.smithi028.stdout:Apr 25 01:23:18 smithi028 ceph-0e88f60a-02a2-11ef-bc93-c7b262605968-mgr-x[29616]:
2024-04-25T01:23:18.848+0000 7f9040de4200 -1 mgr[py] Module diskprediction_local has missing NOTIFY_TYPES member
