2024-04-25T01:32:08.279+0000 7f0259a00700 1 -- 172.21.15.173:0/1636395915 shutdown_connections
2024-04-25T01:32:09.828 INFO:teuthology.orchestra.run.smithi173.stdout:/usr/bin/ceph: stderr
2024-04-25T01:32:08.279+0000 7f0259a00700 1 --2- 172.21.15.173:0/1636395915 >> [v2:172.21.15.173:6800/330461214,v1:172.21.15.173:6801/330461214] conn(0x7f02380390a0 0x7f023803b560 unknown :-1 s=CLOSED pgs=12 cs=0 l=1 rev1=1 crypto rx=0 tx=0 comp rx=0 tx=0).stop
2024-04-25T01:32:09.828 INFO:teuthology.orchestra.run.smithi173.stdout:/usr/bin/ceph: stderr
2024-04-25T01:32:08.279+0000 7f0259a00700 1 --2- 172.21.15.173:0/1636395915 >> [v2:172.21.15.173:3300/0,v1:172.21.15.173:6789/0] conn(0x7f0254108a00 0x7f025419e150 unknown :-1 s=CLOSED pgs=48 cs=0 l=1 rev1=1 crypto rx=0 tx=0 comp rx=0 tx=0).stop
2024-04-25T01:32:09.828 INFO:teuthology.orchestra.run.smithi173.stdout:/usr/bin/ceph: stderr
2024-04-25T01:32:08.279+0000 7f0259a00700 1 -- 172.21.15.173:0/1636395915 >> 172.21.15.173:0/1636395915 conn(0x7f02541023f0 msgr2=0x7f0254102e10 unknown :-1 s=STATE_NONE l=0).mark_down
2024-04-25T01:32:09.828 INFO:teuthology.orchestra.run.smithi173.stdout:/usr/bin/ceph: stderr
2024-04-25T01:32:08.279+0000 7f0259a00700 1 -- 172.21.15.173:0/1636395915 shutdown_connections
2024-04-25T01:32:09.828 INFO:teuthology.orchestra.run.smithi173.stdout:/usr/bin/ceph: stderr
2024-04-25T01:32:08.279+0000 7f0259a00700 1 -- 172.21.15.173:0/1636395915 wait complete.
2024-04-25T01:32:09.828 INFO:teuthology.orchestra.run.smithi173.stdout:Deploying unmanaged mgr service...
2024-04-25T01:32:11.073 INFO:journalctl@ceph.mon.a.smithi173.stdout:Apr 25 01:32:11 smithi173 ceph-mon[27789]: from='mgr.14120 172.21.15.173:0/2887401593' entity='mgr.x'
2024-04-25T01:32:11.073 INFO:journalctl@ceph.mon.a.smithi173.stdout:Apr 25 01:32:11 smithi173 ceph-mon[27789]: from='mgr.14120 172.21.15.173:0/2887401593' entity='mgr.x'
2024-04-25T01:32:11.073 INFO:journalctl@ceph.mon.a.smithi173.stdout:Apr 25 01:32:11 smithi173 ceph-mon[27789]: from='mgr.14120 172.21.15.173:0/2887401593' entity='mgr.x'
2024-04-25T01:32:11.602 INFO:teuthology.orchestra.run.smithi173.stdout:/usr/bin/ceph: stdout Scheduled mgr update...
2024-04-25T01:32:11.602 INFO:teuthology.orchestra.run.smithi173.stdout:/usr/bin/ceph: stderr
2024-04-25T01:32:10.555+0000 7fcdf2400700 1 Processor -- start
2024-04-25T01:32:11.602 INFO:teuthology.orchestra.run.smithi173.stdout:/usr/bin/ceph: stderr
2024-04-25T01:32:10.555+0000 7fcdf2400700 1 -- start start
2024-04-25T01:32:11.602 INFO:teuthology.orchestra.run.smithi173.stdout:/usr/bin/ceph: stderr
2024-04-25T01:32:10.556+0000 7fcdf2400700 1 --2- >> [v2:172.21.15.173:3300/0,v1:172.21.15.173:6789/0] conn(0x7fcdec107000 0x7fcdec107420 unknown :-1 s=NONE pgs=0 cs=0 l=0 rev1=0 crypto rx=0 tx=0 comp rx=0 tx=0).connect
2024-04-25T01:32:11.603 INFO:teuthology.orchestra.run.smithi173.stdout:/usr/bin/ceph: stderr
2024-04-25T01:32:10.556+0000 7fcdf2400700 1 -- --> [v2:172.21.15.173:3300/0,v1:172.21.15.173:6789/0] -- mon_getmap magic: 0 -- 0x7fcdec1079f0 con 0x7fcdec107000
2024-04-25T01:32:11.603 INFO:teuthology.orchestra.run.smithi173.stdout:/usr/bin/ceph: stderr
2024-04-25T01:32:10.556+0000 7fcdeb400700 1 --2- >> [v2:172.21.15.173:3300/0,v1:172.21.15.173:6789/0] conn(0x7fcdec107000 0x7fcdec107420 unknown :-1 s=BANNER_CONNECTING pgs=0 cs=0 l=0 rev1=0 crypto rx=0 tx=0 comp rx=0 tx=0)._handle_peer_banner_payload supported=3 required=0
2024-04-25T01:32:11.603 INFO:teuthology.orchestra.run.smithi173.stdout:/usr/bin/ceph: stderr
2024-04-25T01:32:10.556+0000 7fcdeb400700 1 --2- >> [v2:172.21.15.173:3300/0,v1:172.21.15.173:6789/0] conn(0x7fcdec107000 0x7fcdec107420 unknown :-1 s=HELLO_CONNECTING pgs=0 cs=0 l=0 rev1=1 crypto rx=0 tx=0 comp rx=0 tx=0).handle_hello peer v2:172.21.15.173:3300/0 says I am v2:172.21.15.173:37732/0 (socket says 172.21.15.173:37732)
2024-04-25T01:32:11.603 INFO:teuthology.orchestra.run.smithi173.stdout:/usr/bin/ceph: stderr
2024-04-25T01:32:10.556+0000 7fcdeb400700 1 -- 172.21.15.173:0/2505156799 learned_addr learned my addr 172.21.15.173:0/2505156799 (peer_addr_for_me v2:172.21.15.173:0/0)
2024-04-25T01:32:11.603 INFO:teuthology.orchestra.run.smithi173.stdout:/usr/bin/ceph: stderr
2024-04-25T01:32:10.557+0000 7fcdeb400700 1 -- 172.21.15.173:0/2505156799 --> [v2:172.21.15.173:3300/0,v1:172.21.15.173:6789/0] -- mon_subscribe({config=0+,monmap=0+}) -- 0x7fcdec108200 con 0x7fcdec107000
2024-04-25T01:32:11.603 INFO:teuthology.orchestra.run.smithi173.stdout:/usr/bin/ceph: stderr
2024-04-25T01:32:10.557+0000 7fcdeb400700 1 --2- 172.21.15.173:0/2505156799 >> [v2:172.21.15.173:3300/0,v1:172.21.15.173:6789/0] conn(0x7fcdec107000 0x7fcdec107420 secure :-1 s=READY pgs=49 cs=0 l=1 rev1=1 crypto rx=0x7fcddc0098a0 tx=0x7fcddc009bb0 comp rx=0 tx=0).ready entity=mon.0 client_cookie=a3108fc91c601f8e server_cookie=0 in_seq=0 out_seq=0
2024-04-25T01:32:11.604 INFO:teuthology.orchestra.run.smithi173.stdout:/usr/bin/ceph: stderr
2024-04-25T01:32:10.557+0000 7fcdeaa00700 1 -- 172.21.15.173:0/2505156799 <== mon.0 v2:172.21.15.173:3300/0 1 ==== mon_map magic: 0 ==== 205+0+0 (secure 0 0 0) 0x7fcddc004160 con 0x7fcdec107000
2024-04-25T01:32:11.604 INFO:teuthology.orchestra.run.smithi173.stdout:/usr/bin/ceph: stderr
2024-04-25T01:32:10.557+0000 7fcdeaa00700 1 -- 172.21.15.173:0/2505156799 <== mon.0 v2:172.21.15.173:3300/0 2 ==== config(29 keys) ==== 1209+0+0 (secure 0 0 0) 0x7fcddc004300 con 0x7fcdec107000
2024-04-25T01:32:11.604 INFO:teuthology.orchestra.run.smithi173.stdout:/usr/bin/ceph: stderr
2024-04-25T01:32:10.557+0000 7fcdeaa00700 1 -- 172.21.15.173:0/2505156799 <== mon.0 v2:172.21.15.173:3300/0 3 ==== mon_map magic: 0 ==== 205+0+0 (secure 0 0 0) 0x7fcddc011c70 con 0x7fcdec107000
2024-04-25T01:32:11.604 INFO:teuthology.orchestra.run.smithi173.stdout:/usr/bin/ceph: stderr
2024-04-25T01:32:10.558+0000 7fcdf2400700 1 -- 172.21.15.173:0/2505156799 >> [v2:172.21.15.173:3300/0,v1:172.21.15.173:6789/0] conn(0x7fcdec107000 msgr2=0x7fcdec107420 secure :-1 s=STATE_CONNECTION_ESTABLISHED l=1).mark_down
2024-04-25T01:32:11.604 INFO:teuthology.orchestra.run.smithi173.stdout:/usr/bin/ceph: stderr
2024-04-25T01:32:10.558+0000 7fcdf2400700 1 --2- 172.21.15.173:0/2505156799 >> [v2:172.21.15.173:3300/0,v1:172.21.15.173:6789/0] conn(0x7fcdec107000 0x7fcdec107420 secure :-1 s=READY pgs=49 cs=0 l=1 rev1=1 crypto rx=0x7fcddc0098a0 tx=0x7fcddc009bb0 comp rx=0 tx=0).stop
2024-04-25T01:32:11.605 INFO:teuthology.orchestra.run.smithi173.stdout:/usr/bin/ceph: stderr
2024-04-25T01:32:10.558+0000 7fcdf2400700 1 -- 172.21.15.173:0/2505156799 shutdown_connections
2024-04-25T01:32:11.605 INFO:teuthology.orchestra.run.smithi173.stdout:/usr/bin/ceph: stderr
2024-04-25T01:32:10.558+0000 7fcdf2400700 1 --2- 172.21.15.173:0/2505156799 >> [v2:172.21.15.173:3300/0,v1:172.21.15.173:6789/0] conn(0x7fcdec107000 0x7fcdec107420 unknown :-1 s=CLOSED pgs=49 cs=0 l=1 rev1=1 crypto rx=0 tx=0 comp rx=0 tx=0).stop
2024-04-25T01:32:11.605 INFO:teuthology.orchestra.run.smithi173.stdout:/usr/bin/ceph: stderr
2024-04-25T01:32:10.558+0000 7fcdf2400700 1 -- 172.21.15.173:0/2505156799 >> 172.21.15.173:0/2505156799 conn(0x7fcdec1025e0 msgr2=0x7fcdec104a00 unknown :-1 s=STATE_NONE l=0).mark_down
2024-04-25T01:32:11.605 INFO:teuthology.orchestra.run.smithi173.stdout:/usr/bin/ceph: stderr
2024-04-25T01:32:10.558+0000 7fcdf2400700 1 -- 172.21.15.173:0/2505156799 shutdown_connections
2024-04-25T01:32:11.605 INFO:teuthology.orchestra.run.smithi173.stdout:/usr/bin/ceph: stderr
2024-04-25T01:32:10.558+0000 7fcdf2400700 1 -- 172.21.15.173:0/2505156799 wait complete.
2024-04-25T01:32:11.605 INFO:teuthology.orchestra.run.smithi173.stdout:/usr/bin/ceph: stderr
2024-04-25T01:32:10.560+0000 7fcdf2400700 1 Processor -- start
2024-04-25T01:32:11.606 INFO:teuthology.orchestra.run.smithi173.stdout:/usr/bin/ceph: stderr
2024-04-25T01:32:10.560+0000 7fcdf2400700 1 -- start start
2024-04-25T01:32:11.606 INFO:teuthology.orchestra.run.smithi173.stdout:/usr/bin/ceph: stderr
2024-04-25T01:32:10.561+0000 7fcdf2400700 1 --2- >> [v2:172.21.15.173:3300/0,v1:172.21.15.173:6789/0] conn(0x7fcdec107000 0x7fcdec0756f0 unknown :-1 s=NONE pgs=0 cs=0 l=1 rev1=0 crypto rx=0 tx=0 comp rx=0 tx=0).connect
2024-04-25T01:32:11.606 INFO:teuthology.orchestra.run.smithi173.stdout:/usr/bin/ceph: stderr
2024-04-25T01:32:10.561+0000 7fcdf2400700 1 -- --> [v2:172.21.15.173:3300/0,v1:172.21.15.173:6789/0] -- mon_getmap magic: 0 -- 0x7fcdec10b5b0 con 0x7fcdec107000
2024-04-25T01:32:11.606 INFO:teuthology.orchestra.run.smithi173.stdout:/usr/bin/ceph: stderr
2024-04-25T01:32:10.561+0000 7fcdeb400700 1 --2- >> [v2:172.21.15.173:3300/0,v1:172.21.15.173:6789/0] conn(0x7fcdec107000 0x7fcdec0756f0 unknown :-1 s=BANNER_CONNECTING pgs=0 cs=0 l=1 rev1=0 crypto rx=0 tx=0 comp rx=0 tx=0)._handle_peer_banner_payload supported=3 required=0
2024-04-25T01:32:11.606 INFO:teuthology.orchestra.run.smithi173.stdout:/usr/bin/ceph: stderr
2024-04-25T01:32:10.561+0000 7fcdeb400700 1 --2- >> [v2:172.21.15.173:3300/0,v1:172.21.15.173:6789/0] conn(0x7fcdec107000 0x7fcdec0756f0 unknown :-1 s=HELLO_CONNECTING pgs=0 cs=0 l=1 rev1=1 crypto rx=0 tx=0 comp rx=0 tx=0).handle_hello peer v2:172.21.15.173:3300/0 says I am v2:172.21.15.173:37738/0 (socket says 172.21.15.173:37738)
2024-04-25T01:32:11.606 INFO:teuthology.orchestra.run.smithi173.stdout:/usr/bin/ceph: stderr
2024-04-25T01:32:10.561+0000 7fcdeb400700 1 -- 172.21.15.173:0/2079270634 learned_addr learned my addr 172.21.15.173:0/2079270634 (peer_addr_for_me v2:172.21.15.173:0/0)
2024-04-25T01:32:11.607 INFO:teuthology.orchestra.run.smithi173.stdout:/usr/bin/ceph: stderr
2024-04-25T01:32:10.561+0000 7fcdeb400700 1 -- 172.21.15.173:0/2079270634 --> [v2:172.21.15.173:3300/0,v1:172.21.15.173:6789/0] -- mon_subscribe({config=0+,monmap=0+}) -- 0x7fcdec19ef30 con 0x7fcdec107000
2024-04-25T01:32:11.607 INFO:teuthology.orchestra.run.smithi173.stdout:/usr/bin/ceph: stderr
2024-04-25T01:32:10.562+0000 7fcdeb400700 1 --2- 172.21.15.173:0/2079270634 >> [v2:172.21.15.173:3300/0,v1:172.21.15.173:6789/0] conn(0x7fcdec107000 0x7fcdec0756f0 secure :-1 s=READY pgs=50 cs=0 l=1 rev1=1 crypto rx=0x7fcddc000c00 tx=0x7fcddc011700 comp rx=0 tx=0).ready entity=mon.0 client_cookie=0 server_cookie=0 in_seq=0 out_seq=0
2024-04-25T01:32:11.607 INFO:teuthology.orchestra.run.smithi173.stdout:/usr/bin/ceph: stderr
2024-04-25T01:32:10.562+0000 7fcde8c00700 1 -- 172.21.15.173:0/2079270634 <== mon.0 v2:172.21.15.173:3300/0 1 ==== mon_map magic: 0 ==== 205+0+0 (secure 0 0 0) 0x7fcddc0036a0 con 0x7fcdec107000
2024-04-25T01:32:11.607 INFO:teuthology.orchestra.run.smithi173.stdout:/usr/bin/ceph: stderr
2024-04-25T01:32:10.562+0000 7fcde8c00700 1 -- 172.21.15.173:0/2079270634 <== mon.0 v2:172.21.15.173:3300/0 2 ==== config(29 keys) ==== 1209+0+0 (secure 0 0 0) 0x7fcddc003d60 con 0x7fcdec107000
2024-04-25T01:32:11.607 INFO:teuthology.orchestra.run.smithi173.stdout:/usr/bin/ceph: stderr
2024-04-25T01:32:10.562+0000 7fcdf2400700 1 -- 172.21.15.173:0/2079270634 --> [v2:172.21.15.173:3300/0,v1:172.21.15.173:6789/0] -- mon_subscribe({mgrmap=0+}) -- 0x7fcdec19f100 con 0x7fcdec107000
2024-04-25T01:32:11.608 INFO:teuthology.orchestra.run.smithi173.stdout:/usr/bin/ceph: stderr
2024-04-25T01:32:10.562+0000 7fcde8c00700 1 -- 172.21.15.173:0/2079270634 <== mon.0 v2:172.21.15.173:3300/0 3 ==== mon_map magic: 0 ==== 205+0+0 (secure 0 0 0) 0x7fcddc0193c0 con 0x7fcdec107000
2024-04-25T01:32:11.608 INFO:teuthology.orchestra.run.smithi173.stdout:/usr/bin/ceph: stderr
2024-04-25T01:32:10.562+0000 7fcdf2400700 1 -- 172.21.15.173:0/2079270634 --> [v2:172.21.15.173:3300/0,v1:172.21.15.173:6789/0] -- mon_subscribe({osdmap=0}) -- 0x7fcdec19f520 con 0x7fcdec107000
2024-04-25T01:32:11.608 INFO:teuthology.orchestra.run.smithi173.stdout:/usr/bin/ceph: stderr
2024-04-25T01:32:10.564+0000 7fcdf2400700 1 -- 172.21.15.173:0/2079270634 --> [v2:172.21.15.173:3300/0,v1:172.21.15.173:6789/0] -- mon_command({"prefix": "get_command_descriptions"} v 0) -- 0x7fcdec10b730 con 0x7fcdec107000
2024-04-25T01:32:11.608 INFO:teuthology.orchestra.run.smithi173.stdout:/usr/bin/ceph: stderr
2024-04-25T01:32:10.564+0000 7fcde8c00700 1 -- 172.21.15.173:0/2079270634 <== mon.0 v2:172.21.15.173:3300/0 4 ==== mgrmap(e 8) ==== 46287+0+0 (secure 0 0 0) 0x7fcddc01a730 con 0x7fcdec107000
2024-04-25T01:32:11.608 INFO:teuthology.orchestra.run.smithi173.stdout:/usr/bin/ceph: stderr
2024-04-25T01:32:10.564+0000 7fcde8c00700 1 --2- 172.21.15.173:0/2079270634 >> [v2:172.21.15.173:6800/330461214,v1:172.21.15.173:6801/330461214] conn(0x7fcdd00390a0 0x7fcdd003b560 unknown :-1 s=NONE pgs=0 cs=0 l=1 rev1=0 crypto rx=0 tx=0 comp rx=0 tx=0).connect
2024-04-25T01:32:11.608 INFO:teuthology.orchestra.run.smithi173.stdout:/usr/bin/ceph: stderr
2024-04-25T01:32:10.565+0000 7fcde8c00700 1 -- 172.21.15.173:0/2079270634 <== mon.0 v2:172.21.15.173:3300/0 5 ==== osd_map(2..2 src has 1..2) ==== 940+0+0 (secure 0 0 0) 0x7fcddc04d0c0 con 0x7fcdec107000
2024-04-25T01:32:11.609 INFO:teuthology.orchestra.run.smithi173.stdout:/usr/bin/ceph: stderr
2024-04-25T01:32:10.565+0000 7fcde3e00700 1 --2- 172.21.15.173:0/2079270634 >> [v2:172.21.15.173:6800/330461214,v1:172.21.15.173:6801/330461214] conn(0x7fcdd00390a0 0x7fcdd003b560 unknown :-1 s=BANNER_CONNECTING pgs=0 cs=0 l=1 rev1=0 crypto rx=0 tx=0 comp rx=0 tx=0)._handle_peer_banner_payload supported=3 required=0
2024-04-25T01:32:11.609 INFO:teuthology.orchestra.run.smithi173.stdout:/usr/bin/ceph: stderr
2024-04-25T01:32:10.566+0000 7fcde3e00700 1 --2- 172.21.15.173:0/2079270634 >> [v2:172.21.15.173:6800/330461214,v1:172.21.15.173:6801/330461214] conn(0x7fcdd00390a0 0x7fcdd003b560 secure :-1 s=READY pgs=13 cs=0 l=1 rev1=1 crypto rx=0x7fcdd4006fd0 tx=0x7fcdd4006e40 comp rx=0 tx=0).ready entity=mgr.14120 client_cookie=0 server_cookie=0 in_seq=0 out_seq=0
2024-04-25T01:32:11.609 INFO:teuthology.orchestra.run.smithi173.stdout:/usr/bin/ceph: stderr
2024-04-25T01:32:10.570+0000 7fcde8c00700 1 -- 172.21.15.173:0/2079270634 <== mon.0 v2:172.21.15.173:3300/0 6 ==== mon_command_ack([{"prefix": "get_command_descriptions"}]=0 v0) ==== 72+0+186147 (secure 0 0 0) 0x7fcddc0172b0 con 0x7fcdec107000
2024-04-25T01:32:11.609 INFO:teuthology.orchestra.run.smithi173.stdout:/usr/bin/ceph: stderr
2024-04-25T01:32:10.814+0000 7fcdf2400700 1 -- 172.21.15.173:0/2079270634 --> [v2:172.21.15.173:6800/330461214,v1:172.21.15.173:6801/330461214] -- mgr_command(tid 0: {"prefix": "orch apply", "service_type": "mgr", "unmanaged": true, "target": ["mon-mgr", ""]}) -- 0x7fcdec103850 con 0x7fcdd00390a0
2024-04-25T01:32:11.609 INFO:teuthology.orchestra.run.smithi173.stdout:/usr/bin/ceph: stderr
2024-04-25T01:32:10.823+0000 7fcde8c00700 1 -- 172.21.15.173:0/2079270634 <== mgr.14120 v2:172.21.15.173:6800/330461214 1 ==== mgr_command_reply(tid 0: 0 ) ==== 8+0+24 (secure 0 0 0) 0x7fcdec103850 con 0x7fcdd00390a0
2024-04-25T01:32:11.609 INFO:teuthology.orchestra.run.smithi173.stdout:/usr/bin/ceph: stderr
2024-04-25T01:32:10.826+0000 7fcdf2400700 1 -- 172.21.15.173:0/2079270634 >> [v2:172.21.15.173:6800/330461214,v1:172.21.15.173:6801/330461214] conn(0x7fcdd00390a0 msgr2=0x7fcdd003b560 secure :-1 s=STATE_CONNECTION_ESTABLISHED l=1).mark_down
2024-04-25T01:32:11.609 INFO:teuthology.orchestra.run.smithi173.stdout:/usr/bin/ceph: stderr
2024-04-25T01:32:10.826+0000 7fcdf2400700 1 --2- 172.21.15.173:0/2079270634 >> [v2:172.21.15.173:6800/330461214,v1:172.21.15.173:6801/330461214] conn(0x7fcdd00390a0 0x7fcdd003b560 secure :-1 s=READY pgs=13 cs=0 l=1 rev1=1 crypto rx=0x7fcdd4006fd0 tx=0x7fcdd4006e40 comp rx=0 tx=0).stop
2024-04-25T01:32:11.610 INFO:teuthology.orchestra.run.smithi173.stdout:/usr/bin/ceph: stderr
2024-04-25T01:32:10.826+0000 7fcdf2400700 1 -- 172.21.15.173:0/2079270634 >> [v2:172.21.15.173:3300/0,v1:172.21.15.173:6789/0] conn(0x7fcdec107000 msgr2=0x7fcdec0756f0 secure :-1 s=STATE_CONNECTION_ESTABLISHED l=1).mark_down
2024-04-25T01:32:11.610 INFO:teuthology.orchestra.run.smithi173.stdout:/usr/bin/ceph: stderr
2024-04-25T01:32:10.826+0000 7fcdf2400700 1 --2- 172.21.15.173:0/2079270634 >> [v2:172.21.15.173:3300/0,v1:172.21.15.173:6789/0] conn(0x7fcdec107000 0x7fcdec0756f0 secure :-1 s=READY pgs=50 cs=0 l=1 rev1=1 crypto rx=0x7fcddc000c00 tx=0x7fcddc011700 comp rx=0 tx=0).stop
2024-04-25T01:32:11.610 INFO:teuthology.orchestra.run.smithi173.stdout:/usr/bin/ceph: stderr
2024-04-25T01:32:10.826+0000 7fcdf2400700 1 -- 172.21.15.173:0/2079270634 shutdown_connections
2024-04-25T01:32:11.610 INFO:teuthology.orchestra.run.smithi173.stdout:/usr/bin/ceph: stderr
2024-04-25T01:32:10.826+0000 7fcdf2400700 1 --2- 172.21.15.173:0/2079270634 >> [v2:172.21.15.173:6800/330461214,v1:172.21.15.173:6801/330461214] conn(0x7fcdd00390a0 0x7fcdd003b560 unknown :-1 s=CLOSED pgs=13 cs=0 l=1 rev1=1 crypto rx=0 tx=0 comp rx=0 tx=0).stop
2024-04-25T01:32:11.610 INFO:teuthology.orchestra.run.smithi173.stdout:/usr/bin/ceph: stderr
2024-04-25T01:32:10.826+0000 7fcdf2400700 1 --2- 172.21.15.173:0/2079270634 >> [v2:172.21.15.173:3300/0,v1:172.21.15.173:6789/0] conn(0x7fcdec107000 0x7fcdec0756f0 unknown :-1 s=CLOSED pgs=50 cs=0 l=1 rev1=1 crypto rx=0 tx=0 comp rx=0 tx=0).stop
2024-04-25T01:32:11.611 INFO:teuthology.orchestra.run.smithi173.stdout:/usr/bin/ceph: stderr
2024-04-25T01:32:10.826+0000 7fcdf2400700 1 -- 172.21.15.173:0/2079270634 >> 172.21.15.173:0/2079270634 conn(0x7fcdec1025e0 msgr2=0x7fcdec103140 unknown :-1 s=STATE_NONE l=0).mark_down
2024-04-25T01:32:11.611 INFO:teuthology.orchestra.run.smithi173.stdout:/usr/bin/ceph: stderr
2024-04-25T01:32:10.826+0000 7fcdf2400700 1 -- 172.21.15.173:0/2079270634 shutdown_connections
2024-04-25T01:32:11.611 INFO:teuthology.orchestra.run.smithi173.stdout:/usr/bin/ceph: stderr
2024-04-25T01:32:10.827+0000 7fcdf2400700 1 -- 172.21.15.173:0/2079270634 wait complete.
2024-04-25T01:32:12.475 INFO:journalctl@ceph.mon.a.smithi173.stdout:Apr 25 01:32:12 smithi173 ceph-mon[27789]: from='client.14144 -' entity='client.admin' cmd=[{"prefix": "orch apply", "service_type": "mgr", "unmanaged": true, "target": ["mon-mgr", ""]}]: dispatch
2024-04-25T01:32:12.476 INFO:journalctl@ceph.mon.a.smithi173.stdout:Apr 25 01:32:12 smithi173 ceph-mon[27789]: Saving service mgr spec with placement count:2
2024-04-25T01:32:12.823 INFO:journalctl@ceph.mon.a.smithi173.stdout:Apr 25 01:32:12 smithi173 ceph-mon[27789]: pgmap v3: 0 pgs: ; 0 B data, 0 B used, 0 B / 0 B avail
2024-04-25T01:32:13.826 INFO:journalctl@ceph.mon.a.smithi173.stdout:Apr 25 01:32:13 smithi173 ceph-mon[27789]: from='client.? 172.21.15.173:0/2469983868' entity='client.admin'
2024-04-25T01:32:13.947 INFO:teuthology.orchestra.run.smithi173.stdout:/usr/bin/ceph: stderr
2024-04-25T01:32:12.247+0000 7ff80a800700 1 Processor -- start
2024-04-25T01:32:13.947 INFO:teuthology.orchestra.run.smithi173.stdout:/usr/bin/ceph: stderr
2024-04-25T01:32:12.247+0000 7ff80a800700 1 -- start start
2024-04-25T01:32:13.947 INFO:teuthology.orchestra.run.smithi173.stdout:/usr/bin/ceph: stderr
2024-04-25T01:32:12.248+0000 7ff80a800700 1 --2- >> [v2:172.21.15.173:3300/0,v1:172.21.15.173:6789/0] conn(0x7ff80407dd90 0x7ff80407c300 unknown :-1 s=NONE pgs=0 cs=0 l=0 rev1=0 crypto rx=0 tx=0 comp rx=0 tx=0).connect
2024-04-25T01:32:13.948 INFO:teuthology.orchestra.run.smithi173.stdout:/usr/bin/ceph: stderr
2024-04-25T01:32:12.248+0000 7ff80a800700 1 -- --> [v2:172.21.15.173:3300/0,v1:172.21.15.173:6789/0] -- mon_getmap magic: 0 -- 0x7ff80407c840 con 0x7ff80407dd90
2024-04-25T01:32:13.948 INFO:teuthology.orchestra.run.smithi173.stdout:/usr/bin/ceph: stderr
2024-04-25T01:32:12.248+0000 7ff803400700 1 --2- >> [v2:172.21.15.173:3300/0,v1:172.21.15.173:6789/0] conn(0x7ff80407dd90 0x7ff80407c300 unknown :-1 s=BANNER_CONNECTING pgs=0 cs=0 l=0 rev1=0 crypto rx=0 tx=0 comp rx=0 tx=0)._handle_peer_banner_payload supported=3 required=0
2024-04-25T01:32:13.948 INFO:teuthology.orchestra.run.smithi173.stdout:/usr/bin/ceph: stderr
2024-04-25T01:32:12.248+0000 7ff803400700 1 --2- >> [v2:172.21.15.173:3300/0,v1:172.21.15.173:6789/0] conn(0x7ff80407dd90 0x7ff80407c300 unknown :-1 s=HELLO_CONNECTING pgs=0 cs=0 l=0 rev1=1 crypto rx=0 tx=0 comp rx=0 tx=0).handle_hello peer v2:172.21.15.173:3300/0 says I am v2:172.21.15.173:37744/0 (socket says 172.21.15.173:37744)
2024-04-25T01:32:13.948 INFO:teuthology.orchestra.run.smithi173.stdout:/usr/bin/ceph: stderr
2024-04-25T01:32:12.248+0000 7ff803400700 1 -- 172.21.15.173:0/2708098859 learned_addr learned my addr 172.21.15.173:0/2708098859 (peer_addr_for_me v2:172.21.15.173:0/0)
2024-04-25T01:32:13.948 INFO:teuthology.orchestra.run.smithi173.stdout:/usr/bin/ceph: stderr
2024-04-25T01:32:12.249+0000 7ff803400700 1 -- 172.21.15.173:0/2708098859 --> [v2:172.21.15.173:3300/0,v1:172.21.15.173:6789/0] -- mon_subscribe({config=0+,monmap=0+}) -- 0x7ff80407c9c0 con 0x7ff80407dd90
2024-04-25T01:32:13.948 INFO:teuthology.orchestra.run.smithi173.stdout:/usr/bin/ceph: stderr
2024-04-25T01:32:12.249+0000 7ff803400700 1 --2- 172.21.15.173:0/2708098859 >> [v2:172.21.15.173:3300/0,v1:172.21.15.173:6789/0] conn(0x7ff80407dd90 0x7ff80407c300 secure :-1 s=READY pgs=51 cs=0 l=1 rev1=1 crypto rx=0x7ff7f40098a0 tx=0x7ff7f4009bb0 comp rx=0 tx=0).ready entity=mon.0 client_cookie=a1f14d494a4f6567 server_cookie=0 in_seq=0 out_seq=0
2024-04-25T01:32:13.953 INFO:teuthology.orchestra.run.smithi173.stdout:/usr/bin/ceph: stderr
2024-04-25T01:32:12.250+0000 7ff802000700 1 -- 172.21.15.173:0/2708098859 <== mon.0 v2:172.21.15.173:3300/0 1 ==== mon_map magic: 0 ==== 205+0+0 (secure 0 0 0) 0x7ff7f4004160 con 0x7ff80407dd90
2024-04-25T01:32:13.953 INFO:teuthology.orchestra.run.smithi173.stdout:/usr/bin/ceph: stderr
2024-04-25T01:32:12.250+0000 7ff802000700 1 -- 172.21.15.173:0/2708098859 <== mon.0 v2:172.21.15.173:3300/0 2 ==== config(29 keys) ==== 1209+0+0 (secure 0 0 0) 0x7ff7f4004300 con 0x7ff80407dd90
2024-04-25T01:32:13.953 INFO:teuthology.orchestra.run.smithi173.stdout:/usr/bin/ceph: stderr
2024-04-25T01:32:12.250+0000 7ff802000700 1 -- 172.21.15.173:0/2708098859 <== mon.0 v2:172.21.15.173:3300/0 3 ==== mon_map magic: 0 ==== 205+0+0 (secure 0 0 0) 0x7ff7f4011c70 con 0x7ff80407dd90
2024-04-25T01:32:13.954 INFO:teuthology.orchestra.run.smithi173.stdout:/usr/bin/ceph: stderr
2024-04-25T01:32:12.251+0000 7ff80a800700 1 -- 172.21.15.173:0/2708098859 >> [v2:172.21.15.173:3300/0,v1:172.21.15.173:6789/0] conn(0x7ff80407dd90 msgr2=0x7ff80407c300 secure :-1 s=STATE_CONNECTION_ESTABLISHED l=1).mark_down
2024-04-25T01:32:13.954 INFO:teuthology.orchestra.run.smithi173.stdout:/usr/bin/ceph: stderr
2024-04-25T01:32:12.251+0000 7ff80a800700 1 --2- 172.21.15.173:0/2708098859 >> [v2:172.21.15.173:3300/0,v1:172.21.15.173:6789/0] conn(0x7ff80407dd90 0x7ff80407c300 secure :-1 s=READY pgs=51 cs=0 l=1 rev1=1 crypto rx=0x7ff7f40098a0 tx=0x7ff7f4009bb0 comp rx=0 tx=0).stop
2024-04-25T01:32:13.954 INFO:teuthology.orchestra.run.smithi173.stdout:/usr/bin/ceph: stderr
2024-04-25T01:32:12.251+0000 7ff80a800700 1 -- 172.21.15.173:0/2708098859 shutdown_connections
2024-04-25T01:32:13.954 INFO:teuthology.orchestra.run.smithi173.stdout:/usr/bin/ceph: stderr
2024-04-25T01:32:12.251+0000 7ff80a800700 1 --2- 172.21.15.173:0/2708098859 >> [v2:172.21.15.173:3300/0,v1:172.21.15.173:6789/0] conn(0x7ff80407dd90 0x7ff80407c300 unknown :-1 s=CLOSED pgs=51 cs=0 l=1 rev1=1 crypto rx=0 tx=0 comp rx=0 tx=0).stop
2024-04-25T01:32:13.954 INFO:teuthology.orchestra.run.smithi173.stdout:/usr/bin/ceph: stderr
2024-04-25T01:32:12.251+0000 7ff80a800700 1 -- 172.21.15.173:0/2708098859 >> 172.21.15.173:0/2708098859 conn(0x7ff804103770 msgr2=0x7ff804105b90 unknown :-1 s=STATE_NONE l=0).mark_down
2024-04-25T01:32:13.954 INFO:teuthology.orchestra.run.smithi173.stdout:/usr/bin/ceph: stderr
2024-04-25T01:32:12.251+0000 7ff80a800700 1 -- 172.21.15.173:0/2708098859 shutdown_connections
2024-04-25T01:32:13.954 INFO:teuthology.orchestra.run.smithi173.stdout:/usr/bin/ceph: stderr
2024-04-25T01:32:12.251+0000 7ff80a800700 1 -- 172.21.15.173:0/2708098859 wait complete.
2024-04-25T01:32:13.954 INFO:teuthology.orchestra.run.smithi173.stdout:/usr/bin/ceph: stderr
2024-04-25T01:32:12.252+0000 7ff80a800700 1 Processor -- start
2024-04-25T01:32:13.954 INFO:teuthology.orchestra.run.smithi173.stdout:/usr/bin/ceph: stderr
2024-04-25T01:32:12.252+0000 7ff80a800700 1 -- start start
2024-04-25T01:32:13.954 INFO:teuthology.orchestra.run.smithi173.stdout:/usr/bin/ceph: stderr
2024-04-25T01:32:12.252+0000 7ff80a800700 1 --2- >> [v2:172.21.15.173:3300/0,v1:172.21.15.173:6789/0] conn(0x7ff80407dd90 0x7ff80419e370 unknown :-1 s=NONE pgs=0 cs=0 l=1 rev1=0 crypto rx=0 tx=0 comp rx=0 tx=0).connect
2024-04-25T01:32:13.954 INFO:teuthology.orchestra.run.smithi173.stdout:/usr/bin/ceph: stderr
2024-04-25T01:32:12.252+0000 7ff80a800700 1 -- --> [v2:172.21.15.173:3300/0,v1:172.21.15.173:6789/0] -- mon_getmap magic: 0 -- 0x7ff80410e6e0 con 0x7ff80407dd90
2024-04-25T01:32:13.955 INFO:teuthology.orchestra.run.smithi173.stdout:/usr/bin/ceph: stderr
2024-04-25T01:32:12.253+0000 7ff803400700 1 --2- >> [v2:172.21.15.173:3300/0,v1:172.21.15.173:6789/0] conn(0x7ff80407dd90 0x7ff80419e370 unknown :-1 s=BANNER_CONNECTING pgs=0 cs=0 l=1 rev1=0 crypto rx=0 tx=0 comp rx=0 tx=0)._handle_peer_banner_payload supported=3 required=0
2024-04-25T01:32:13.955 INFO:teuthology.orchestra.run.smithi173.stdout:/usr/bin/ceph: stderr
2024-04-25T01:32:12.253+0000 7ff803400700 1 --2- >> [v2:172.21.15.173:3300/0,v1:172.21.15.173:6789/0] conn(0x7ff80407dd90 0x7ff80419e370 unknown :-1 s=HELLO_CONNECTING pgs=0 cs=0 l=1 rev1=1 crypto rx=0 tx=0 comp rx=0 tx=0).handle_hello peer v2:172.21.15.173:3300/0 says I am v2:172.21.15.173:37756/0 (socket says 172.21.15.173:37756)
2024-04-25T01:32:13.955 INFO:teuthology.orchestra.run.smithi173.stdout:/usr/bin/ceph: stderr
2024-04-25T01:32:12.253+0000 7ff803400700 1 -- 172.21.15.173:0/2469983868 learned_addr learned my addr 172.21.15.173:0/2469983868 (peer_addr_for_me v2:172.21.15.173:0/0)
2024-04-25T01:32:13.955 INFO:teuthology.orchestra.run.smithi173.stdout:/usr/bin/ceph: stderr
2024-04-25T01:32:12.253+0000 7ff803400700 1 -- 172.21.15.173:0/2469983868 --> [v2:172.21.15.173:3300/0,v1:172.21.15.173:6789/0] -- mon_subscribe({config=0+,monmap=0+}) -- 0x7ff80419e8b0 con 0x7ff80407dd90
2024-04-25T01:32:13.955 INFO:teuthology.orchestra.run.smithi173.stdout:/usr/bin/ceph: stderr
2024-04-25T01:32:12.253+0000 7ff803400700 1 --2- 172.21.15.173:0/2469983868 >> [v2:172.21.15.173:3300/0,v1:172.21.15.173:6789/0] conn(0x7ff80407dd90 0x7ff80419e370 secure :-1 s=READY pgs=52 cs=0 l=1 rev1=1 crypto rx=0x7ff7f40117f0 tx=0x7ff7f4011cf0 comp rx=0 tx=0).ready entity=mon.0 client_cookie=0 server_cookie=0 in_seq=0 out_seq=0
2024-04-25T01:32:13.955 INFO:teuthology.orchestra.run.smithi173.stdout:/usr/bin/ceph: stderr
2024-04-25T01:32:12.254+0000 7ff7fbe00700 1 -- 172.21.15.173:0/2469983868 <== mon.0 v2:172.21.15.173:3300/0 1 ==== mon_map magic: 0 ==== 205+0+0 (secure 0 0 0) 0x7ff7f40038b0 con 0x7ff80407dd90
2024-04-25T01:32:13.955 INFO:teuthology.orchestra.run.smithi173.stdout:/usr/bin/ceph: stderr
2024-04-25T01:32:12.254+0000 7ff80a800700 1 -- 172.21.15.173:0/2469983868 --> [v2:172.21.15.173:3300/0,v1:172.21.15.173:6789/0] -- mon_subscribe({mgrmap=0+}) -- 0x7ff80419eb40 con 0x7ff80407dd90
2024-04-25T01:32:13.955 INFO:teuthology.orchestra.run.smithi173.stdout:/usr/bin/ceph: stderr
2024-04-25T01:32:12.254+0000 7ff7fbe00700 1 -- 172.21.15.173:0/2469983868 <== mon.0 v2:172.21.15.173:3300/0 2 ==== config(29 keys) ==== 1209+0+0 (secure 0 0 0) 0x7ff7f4024430 con 0x7ff80407dd90
2024-04-25T01:32:13.955 INFO:teuthology.orchestra.run.smithi173.stdout:/usr/bin/ceph: stderr
2024-04-25T01:32:12.254+0000 7ff7fbe00700 1 -- 172.21.15.173:0/2469983868 <== mon.0 v2:172.21.15.173:3300/0 3 ==== mon_map magic: 0 ==== 205+0+0 (secure 0 0 0) 0x7ff7f401a5c0 con 0x7ff80407dd90
2024-04-25T01:32:13.955 INFO:teuthology.orchestra.run.smithi173.stdout:/usr/bin/ceph: stderr
2024-04-25T01:32:12.254+0000 7ff80a800700 1 -- 172.21.15.173:0/2469983868 --> [v2:172.21.15.173:3300/0,v1:172.21.15.173:6789/0] -- mon_subscribe({osdmap=0}) -- 0x7ff8041a1830 con 0x7ff80407dd90
2024-04-25T01:32:13.955 INFO:teuthology.orchestra.run.smithi173.stdout:/usr/bin/ceph: stderr
2024-04-25T01:32:12.255+0000 7ff7fbe00700 1 -- 172.21.15.173:0/2469983868 <== mon.0 v2:172.21.15.173:3300/0 4 ==== mgrmap(e 8) ==== 46287+0+0 (secure 0 0 0) 0x7ff7f401a860 con 0x7ff80407dd90
2024-04-25T01:32:13.955 INFO:teuthology.orchestra.run.smithi173.stdout:/usr/bin/ceph: stderr
2024-04-25T01:32:12.255+0000 7ff80a800700 1 -- 172.21.15.173:0/2469983868 --> [v2:172.21.15.173:3300/0,v1:172.21.15.173:6789/0] -- mon_command({"prefix": "get_command_descriptions"} v 0) -- 0x7ff804063890 con 0x7ff80407dd90
2024-04-25T01:32:13.955 INFO:teuthology.orchestra.run.smithi173.stdout:/usr/bin/ceph: stderr
2024-04-25T01:32:12.256+0000 7ff7fbe00700 1 --2- 172.21.15.173:0/2469983868 >> [v2:172.21.15.173:6800/330461214,v1:172.21.15.173:6801/330461214] conn(0x7ff7e8039050 0x7ff7e803b510 unknown :-1 s=NONE pgs=0 cs=0 l=1 rev1=0 crypto rx=0 tx=0 comp rx=0 tx=0).connect
2024-04-25T01:32:13.956 INFO:teuthology.orchestra.run.smithi173.stdout:/usr/bin/ceph: stderr
2024-04-25T01:32:12.256+0000 7ff7fbe00700 1 -- 172.21.15.173:0/2469983868 <== mon.0 v2:172.21.15.173:3300/0 5 ==== osd_map(2..2 src has 1..2) ==== 940+0+0 (secure 0 0 0) 0x7ff7f404d1e0 con 0x7ff80407dd90
2024-04-25T01:32:13.956 INFO:teuthology.orchestra.run.smithi173.stdout:/usr/bin/ceph: stderr
2024-04-25T01:32:12.256+0000 7ff802a00700 1 --2- 172.21.15.173:0/2469983868 >> [v2:172.21.15.173:6800/330461214,v1:172.21.15.173:6801/330461214] conn(0x7ff7e8039050 0x7ff7e803b510 unknown :-1 s=BANNER_CONNECTING pgs=0 cs=0 l=1 rev1=0 crypto rx=0 tx=0 comp rx=0 tx=0)._handle_peer_banner_payload supported=3 required=0
2024-04-25T01:32:13.956 INFO:teuthology.orchestra.run.smithi173.stdout:/usr/bin/ceph: stderr
2024-04-25T01:32:12.257+0000 7ff802a00700 1 --2- 172.21.15.173:0/2469983868 >> [v2:172.21.15.173:6800/330461214,v1:172.21.15.173:6801/330461214] conn(0x7ff7e8039050 0x7ff7e803b510 secure :-1 s=READY pgs=14 cs=0 l=1 rev1=1 crypto rx=0x7ff7f0006fd0 tx=0x7ff7f0006e40 comp rx=0 tx=0).ready entity=mgr.14120 client_cookie=0 server_cookie=0 in_seq=0 out_seq=0
2024-04-25T01:32:13.956 INFO:teuthology.orchestra.run.smithi173.stdout:/usr/bin/ceph: stderr
2024-04-25T01:32:12.261+0000 7ff7fbe00700 1 -- 172.21.15.173:0/2469983868 <== mon.0 v2:172.21.15.173:3300/0 6 ==== mon_command_ack([{"prefix": "get_command_descriptions"}]=0 v0) ==== 72+0+186147 (secure 0 0 0) 0x7ff7f4020240 con 0x7ff80407dd90
2024-04-25T01:32:13.956 INFO:teuthology.orchestra.run.smithi173.stdout:/usr/bin/ceph: stderr
2024-04-25T01:32:12.501+0000 7ff80a800700 1 -- 172.21.15.173:0/2469983868 --> [v2:172.21.15.173:3300/0,v1:172.21.15.173:6789/0] -- mon_command([{prefix=config set, name=mgr/cephadm/container_init}] v 0) -- 0x7ff8041a1de0 con 0x7ff80407dd90
2024-04-25T01:32:13.956 INFO:teuthology.orchestra.run.smithi173.stdout:/usr/bin/ceph: stderr
2024-04-25T01:32:12.510+0000 7ff7fbe00700 1 -- 172.21.15.173:0/2469983868 <== mon.0 v2:172.21.15.173:3300/0 7 ==== mon_command_ack([{prefix=config set, name=mgr/cephadm/container_init}]=0 v7)=0 v7) ==== 142+0+0 (secure 0 0 0) 0x7ff7f400ba00 con 0x7ff80407dd90
2024-04-25T01:32:13.956 INFO:teuthology.orchestra.run.smithi173.stdout:/usr/bin/ceph: stderr
2024-04-25T01:32:12.514+0000 7ff80a800700 1 -- 172.21.15.173:0/2469983868 >> [v2:172.21.15.173:6800/330461214,v1:172.21.15.173:6801/330461214] conn(0x7ff7e8039050 msgr2=0x7ff7e803b510 secure :-1 s=STATE_CONNECTION_ESTABLISHED l=1).mark_down
2024-04-25T01:32:13.956 INFO:teuthology.orchestra.run.smithi173.stdout:/usr/bin/ceph: stderr
2024-04-25T01:32:12.514+0000 7ff80a800700 1 --2- 172.21.15.173:0/2469983868 >> [v2:172.21.15.173:6800/330461214,v1:172.21.15.173:6801/330461214] conn(0x7ff7e8039050 0x7ff7e803b510 secure :-1 s=READY pgs=14 cs=0 l=1 rev1=1 crypto rx=0x7ff7f0006fd0 tx=0x7ff7f0006e40 comp rx=0 tx=0).stop
2024-04-25T01:32:13.956 INFO:teuthology.orchestra.run.smithi173.stdout:/usr/bin/ceph: stderr
2024-04-25T01:32:12.514+0000 7ff80a800700 1 -- 172.21.15.173:0/2469983868 >> [v2:172.21.15.173:3300/0,v1:172.21.15.173:6789/0] conn(0x7ff80407dd90 msgr2=0x7ff80419e370 secure :-1 s=STATE_CONNECTION_ESTABLISHED l=1).mark_down
2024-04-25T01:32:13.956 INFO:teuthology.orchestra.run.smithi173.stdout:/usr/bin/ceph: stderr
2024-04-25T01:32:12.514+0000 7ff80a800700 1 --2- 172.21.15.173:0/2469983868 >> [v2:172.21.15.173:3300/0,v1:172.21.15.173:6789/0] conn(0x7ff80407dd90 0x7ff80419e370 secure :-1 s=READY pgs=52 cs=0 l=1 rev1=1 crypto rx=0x7ff7f40117f0 tx=0x7ff7f4011cf0 comp rx=0 tx=0).stop
2024-04-25T01:32:13.956 INFO:teuthology.orchestra.run.smithi173.stdout:/usr/bin/ceph: stderr
2024-04-25T01:32:12.514+0000 7ff80a800700 1 -- 172.21.15.173:0/2469983868 shutdown_connections
2024-04-25T01:32:13.956 INFO:teuthology.orchestra.run.smithi173.stdout:/usr/bin/ceph: stderr
2024-04-25T01:32:12.514+0000 7ff80a800700 1 --2- 172.21.15.173:0/2469983868 >> [v2:172.21.15.173:6800/330461214,v1:172.21.15.173:6801/330461214] conn(0x7ff7e8039050 0x7ff7e803b510 unknown :-1 s=CLOSED pgs=14 cs=0 l=1 rev1=1 crypto rx=0 tx=0 comp rx=0 tx=0).stop
2024-04-25T01:32:13.956 INFO:teuthology.orchestra.run.smithi173.stdout:/usr/bin/ceph: stderr
2024-04-25T01:32:12.514+0000 7ff80a800700 1 --2- 172.21.15.173:0/2469983868 >> [v2:172.21.15.173:3300/0,v1:172.21.15.173:6789/0] conn(0x7ff80407dd90 0x7ff80419e370 unknown :-1 s=CLOSED pgs=52 cs=0 l=1 rev1=1 crypto rx=0 tx=0 comp rx=0 tx=0).stop
2024-04-25T01:32:13.957 INFO:teuthology.orchestra.run.smithi173.stdout:/usr/bin/ceph: stderr
2024-04-25T01:32:12.514+0000 7ff80a800700 1 -- 172.21.15.173:0/2469983868 >> 172.21.15.173:0/2469983868 conn(0x7ff804103770 msgr2=0x7ff8041042d0 unknown :-1 s=STATE_NONE l=0).mark_down
2024-04-25T01:32:13.957 INFO:teuthology.orchestra.run.smithi173.stdout:/usr/bin/ceph: stderr
2024-04-25T01:32:12.514+0000 7ff80a800700 1 -- 172.21.15.173:0/2469983868 shutdown_connections
2024-04-25T01:32:13.957 INFO:teuthology.orchestra.run.smithi173.stdout:/usr/bin/ceph: stderr
2024-04-25T01:32:12.514+0000 7ff80a800700 1 -- 172.21.15.173:0/2469983868 wait complete.
2024-04-25T01:32:14.573 INFO:journalctl@ceph.mon.a.smithi173.stdout:Apr 25 01:32:14 smithi173 ceph-mon[27789]: pgmap v4: 0 pgs: ; 0 B data, 0 B used, 0 B / 0 B avail
2024-04-25T01:32:14.573 INFO:journalctl@ceph.mon.a.smithi173.stdout:Apr 25 01:32:14 smithi173 ceph-mon[27789]: from='mgr.14120 172.21.15.173:0/2887401593' entity='mgr.x'
2024-04-25T01:32:15.577 INFO:teuthology.orchestra.run.smithi173.stdout:/usr/bin/ceph: stderr
2024-04-25T01:32:14.630+0000 7f9ee4400700 1 Processor -- start
2024-04-25T01:32:15.577 INFO:teuthology.orchestra.run.smithi173.stdout:/usr/bin/ceph: stderr
2024-04-25T01:32:14.630+0000 7f9ee4400700 1 -- start start
2024-04-25T01:32:15.577 INFO:teuthology.orchestra.run.smithi173.stdout:/usr/bin/ceph: stderr
2024-04-25T01:32:14.631+0000 7f9ee4400700 1 --2- >> [v2:172.21.15.173:3300/0,v1:172.21.15.173:6789/0] conn(0x7f9edc1081d0 0x7f9edc1085f0 unknown :-1 s=NONE pgs=0 cs=0 l=0 rev1=0 crypto rx=0 tx=0 comp rx=0 tx=0).connect
2024-04-25T01:32:15.578 INFO:teuthology.orchestra.run.smithi173.stdout:/usr/bin/ceph: stderr
2024-04-25T01:32:14.631+0000 7f9ee4400700 1 -- --> [v2:172.21.15.173:3300/0,v1:172.21.15.173:6789/0] -- mon_getmap magic: 0 -- 0x7f9edc108b30 con 0x7f9edc1081d0
2024-04-25T01:32:15.578 INFO:teuthology.orchestra.run.smithi173.stdout:/usr/bin/ceph: stderr
2024-04-25T01:32:14.631+0000 7f9ee1a00700 1 --2- >> [v2:172.21.15.173:3300/0,v1:172.21.15.173:6789/0] conn(0x7f9edc1081d0 0x7f9edc1085f0 unknown :-1 s=BANNER_CONNECTING pgs=0 cs=0 l=0 rev1=0 crypto rx=0 tx=0 comp rx=0 tx=0)._handle_peer_banner_payload supported=3 required=0
2024-04-25T01:32:15.578 INFO:teuthology.orchestra.run.smithi173.stdout:/usr/bin/ceph: stderr
2024-04-25T01:32:14.631+0000 7f9ee1a00700 1 --2- >> [v2:172.21.15.173:3300/0,v1:172.21.15.173:6789/0] conn(0x7f9edc1081d0 0x7f9edc1085f0 unknown :-1 s=HELLO_CONNECTING pgs=0 cs=0 l=0 rev1=1 crypto rx=0 tx=0 comp rx=0 tx=0).handle_hello peer v2:172.21.15.173:3300/0 says I am v2:172.21.15.173:37772/0 (socket says 172.21.15.173:37772)
2024-04-25T01:32:15.578 INFO:teuthology.orchestra.run.smithi173.stdout:/usr/bin/ceph: stderr
2024-04-25T01:32:14.631+0000 7f9ee1a00700 1 -- 172.21.15.173:0/372167056 learned_addr learned my addr 172.21.15.173:0/372167056 (peer_addr_for_me v2:172.21.15.173:0/0)
2024-04-25T01:32:15.578 INFO:teuthology.orchestra.run.smithi173.stdout:/usr/bin/ceph: stderr
2024-04-25T01:32:14.632+0000 7f9ee1a00700 1 -- 172.21.15.173:0/372167056 --> [v2:172.21.15.173:3300/0,v1:172.21.15.173:6789/0] -- mon_subscribe({config=0+,monmap=0+}) -- 0x7f9edc108cb0 con 0x7f9edc1081d0
2024-04-25T01:32:15.578 INFO:teuthology.orchestra.run.smithi173.stdout:/usr/bin/ceph: stderr
2024-04-25T01:32:14.632+0000 7f9ee1a00700 1 --2- 172.21.15.173:0/372167056 >> [v2:172.21.15.173:3300/0,v1:172.21.15.173:6789/0] conn(0x7f9edc1081d0 0x7f9edc1085f0 secure :-1 s=READY pgs=53 cs=0 l=1 rev1=1 crypto rx=0x7f9ed00098a0 tx=0x7f9ed0009bb0 comp rx=0 tx=0).ready entity=mon.0 client_cookie=f2a38d2454844513 server_cookie=0 in_seq=0 out_seq=0
2024-04-25T01:32:15.578 INFO:teuthology.orchestra.run.smithi173.stdout:/usr/bin/ceph: stderr
2024-04-25T01:32:14.632+0000 7f9edbe00700 1 -- 172.21.15.173:0/372167056 <== mon.0 v2:172.21.15.173:3300/0 1 ==== mon_map magic: 0 ==== 205+0+0 (secure 0 0 0) 0x7f9ed0004160 con 0x7f9edc1081d0
2024-04-25T01:32:15.578 INFO:teuthology.orchestra.run.smithi173.stdout:/usr/bin/ceph: stderr
2024-04-25T01:32:14.632+0000 7f9edbe00700 1 -- 172.21.15.173:0/372167056 <== mon.0 v2:172.21.15.173:3300/0 2 ==== config(29 keys) ==== 1209+0+0 (secure 0 0 0) 0x7f9ed0004300 con 0x7f9edc1081d0
2024-04-25T01:32:15.578 INFO:teuthology.orchestra.run.smithi173.stdout:/usr/bin/ceph: stderr
2024-04-25T01:32:14.632+0000 7f9edbe00700 1 -- 172.21.15.173:0/372167056 <== mon.0 v2:172.21.15.173:3300/0 3 ==== mon_map magic: 0 ==== 205+0+0 (secure 0 0 0) 0x7f9ed0011c70 con 0x7f9edc1081d0
2024-04-25T01:32:15.578 INFO:teuthology.orchestra.run.smithi173.stdout:/usr/bin/ceph: stderr
2024-04-25T01:32:14.633+0000 7f9ee4400700 1 -- 172.21.15.173:0/372167056 >> [v2:172.21.15.173:3300/0,v1:172.21.15.173:6789/0] conn(0x7f9edc1081d0 msgr2=0x7f9edc1085f0 secure :-1 s=STATE_CONNECTION_ESTABLISHED l=1).mark_down
2024-04-25T01:32:15.578 INFO:teuthology.orchestra.run.smithi173.stdout:/usr/bin/ceph: stderr
2024-04-25T01:32:14.633+0000 7f9ee4400700 1 --2- 172.21.15.173:0/372167056 >> [v2:172.21.15.173:3300/0,v1:172.21.15.173:6789/0] conn(0x7f9edc1081d0 0x7f9edc1085f0 secure :-1 s=READY pgs=53 cs=0 l=1 rev1=1 crypto rx=0x7f9ed00098a0 tx=0x7f9ed0009bb0 comp rx=0 tx=0).stop
2024-04-25T01:32:15.578 INFO:teuthology.orchestra.run.smithi173.stdout:/usr/bin/ceph: stderr
2024-04-25T01:32:14.633+0000 7f9ee4400700 1 -- 172.21.15.173:0/372167056 shutdown_connections
2024-04-25T01:32:15.578 INFO:teuthology.orchestra.run.smithi173.stdout:/usr/bin/ceph: stderr
2024-04-25T01:32:14.633+0000 7f9ee4400700 1 --2- 172.21.15.173:0/372167056 >> [v2:172.21.15.173:3300/0,v1:172.21.15.173:6789/0] conn(0x7f9edc1081d0 0x7f9edc1085f0 unknown :-1 s=CLOSED pgs=53 cs=0 l=1 rev1=1 crypto rx=0 tx=0 comp rx=0 tx=0).stop
2024-04-25T01:32:15.578 INFO:teuthology.orchestra.run.smithi173.stdout:/usr/bin/ceph: stderr
2024-04-25T01:32:14.633+0000 7f9ee4400700 1 -- 172.21.15.173:0/372167056 >> 172.21.15.173:0/372167056 conn(0x7f9edc103830 msgr2=0x7f9edc105c50 unknown :-1 s=STATE_NONE l=0).mark_down
2024-04-25T01:32:15.579 INFO:teuthology.orchestra.run.smithi173.stdout:/usr/bin/ceph: stderr
2024-04-25T01:32:14.633+0000 7f9ee4400700 1 -- 172.21.15.173:0/372167056 shutdown_connections
2024-04-25T01:32:15.579 INFO:teuthology.orchestra.run.smithi173.stdout:/usr/bin/ceph: stderr
2024-04-25T01:32:14.634+0000 7f9ee4400700 1 -- 172.21.15.173:0/372167056 wait complete.
2024-04-25T01:32:15.579 INFO:teuthology.orchestra.run.smithi173.stdout:/usr/bin/ceph: stderr
2024-04-25T01:32:14.635+0000 7f9ee4400700 1 Processor -- start
2024-04-25T01:32:15.579 INFO:teuthology.orchestra.run.smithi173.stdout:/usr/bin/ceph: stderr
2024-04-25T01:32:14.635+0000 7f9ee4400700 1 -- start start
2024-04-25T01:32:15.580 INFO:teuthology.orchestra.run.smithi173.stdout:/usr/bin/ceph: stderr
2024-04-25T01:32:14.635+0000 7f9ee4400700 1 --2- >> [v2:172.21.15.173:3300/0,v1:172.21.15.173:6789/0] conn(0x7f9edc1081d0 0x7f9edc19e3d0 unknown :-1 s=NONE pgs=0 cs=0 l=1 rev1=0 crypto rx=0 tx=0 comp rx=0 tx=0).connect
2024-04-25T01:32:15.580 INFO:teuthology.orchestra.run.smithi173.stdout:/usr/bin/ceph: stderr
2024-04-25T01:32:14.635+0000 7f9ee4400700 1 -- --> [v2:172.21.15.173:3300/0,v1:172.21.15.173:6789/0] -- mon_getmap magic: 0 -- 0x7f9edc10c640 con 0x7f9edc1081d0
2024-04-25T01:32:15.580 INFO:teuthology.orchestra.run.smithi173.stdout:/usr/bin/ceph: stderr
2024-04-25T01:32:14.635+0000 7f9ee1a00700 1 --2- >> [v2:172.21.15.173:3300/0,v1:172.21.15.173:6789/0] conn(0x7f9edc1081d0 0x7f9edc19e3d0 unknown :-1 s=BANNER_CONNECTING pgs=0 cs=0 l=1 rev1=0 crypto rx=0 tx=0 comp rx=0 tx=0)._handle_peer_banner_payload supported=3 required=0
2024-04-25T01:32:15.581 INFO:teuthology.orchestra.run.smithi173.stdout:/usr/bin/ceph: stderr
2024-04-25T01:32:14.635+0000 7f9ee1a00700 1 --2- >> [v2:172.21.15.173:3300/0,v1:172.21.15.173:6789/0] conn(0x7f9edc1081d0 0x7f9edc19e3d0 unknown :-1 s=HELLO_CONNECTING pgs=0 cs=0 l=1 rev1=1 crypto rx=0 tx=0 comp rx=0 tx=0).handle_hello peer v2:172.21.15.173:3300/0 says I am v2:172.21.15.173:37782/0 (socket says 172.21.15.173:37782)
2024-04-25T01:32:15.581 INFO:teuthology.orchestra.run.smithi173.stdout:/usr/bin/ceph: stderr
2024-04-25T01:32:14.636+0000 7f9ee1a00700 1 -- 172.21.15.173:0/1033434348 learned_addr learned my addr 172.21.15.173:0/1033434348 (peer_addr_for_me v2:172.21.15.173:0/0)
2024-04-25T01:32:15.581 INFO:teuthology.orchestra.run.smithi173.stdout:/usr/bin/ceph: stderr
2024-04-25T01:32:14.636+0000 7f9ee1a00700 1 -- 172.21.15.173:0/1033434348 --> [v2:172.21.15.173:3300/0,v1:172.21.15.173:6789/0] -- mon_subscribe({config=0+,monmap=0+}) -- 0x7f9edc19e910 con 0x7f9edc1081d0
2024-04-25T01:32:15.581 INFO:teuthology.orchestra.run.smithi173.stdout:/usr/bin/ceph: stderr
2024-04-25T01:32:14.636+0000 7f9ee1a00700 1 --2- 172.21.15.173:0/1033434348 >> [v2:172.21.15.173:3300/0,v1:172.21.15.173:6789/0] conn(0x7f9edc1081d0 0x7f9edc19e3d0 secure :-1 s=READY pgs=54 cs=0 l=1 rev1=1 crypto rx=0x7f9ed00117f0 tx=0x7f9ed0011cf0 comp rx=0 tx=0).ready entity=mon.0 client_cookie=0 server_cookie=0 in_seq=0 out_seq=0
2024-04-25T01:32:15.581 INFO:teuthology.orchestra.run.smithi173.stdout:/usr/bin/ceph: stderr
2024-04-25T01:32:14.636+0000 7f9eda000700 1 -- 172.21.15.173:0/1033434348 <== mon.0 v2:172.21.15.173:3300/0 1 ==== mon_map magic: 0 ==== 205+0+0 (secure 0 0 0) 0x7f9ed00038b0 con 0x7f9edc1081d0
2024-04-25T01:32:15.581 INFO:teuthology.orchestra.run.smithi173.stdout:/usr/bin/ceph: stderr
2024-04-25T01:32:14.636+0000 7f9eda000700 1 -- 172.21.15.173:0/1033434348 <== mon.0 v2:172.21.15.173:3300/0 2 ==== config(29 keys) ==== 1209+0+0 (secure 0 0 0) 0x7f9ed0024430 con 0x7f9edc1081d0
2024-04-25T01:32:15.581 INFO:teuthology.orchestra.run.smithi173.stdout:/usr/bin/ceph: stderr
2024-04-25T01:32:14.636+0000 7f9ee4400700 1 -- 172.21.15.173:0/1033434348 --> [v2:172.21.15.173:3300/0,v1:172.21.15.173:6789/0] -- mon_subscribe({mgrmap=0+}) -- 0x7f9edc19eba0 con 0x7f9edc1081d0
2024-04-25T01:32:15.581 INFO:teuthology.orchestra.run.smithi173.stdout:/usr/bin/ceph: stderr
2024-04-25T01:32:14.637+0000 7f9eda000700 1 -- 172.21.15.173:0/1033434348 <== mon.0 v2:172.21.15.173:3300/0 3 ==== mon_map magic: 0 ==== 205+0+0 (secure 0 0 0) 0x7f9ed001a5a0 con 0x7f9edc1081d0
2024-04-25T01:32:15.581 INFO:teuthology.orchestra.run.smithi173.stdout:/usr/bin/ceph: stderr
2024-04-25T01:32:14.637+0000 7f9ee4400700 1 -- 172.21.15.173:0/1033434348 --> [v2:172.21.15.173:3300/0,v1:172.21.15.173:6789/0] -- mon_subscribe({osdmap=0}) -- 0x7f9edc1a1890 con 0x7f9edc1081d0
2024-04-25T01:32:15.581 INFO:teuthology.orchestra.run.smithi173.stdout:/usr/bin/ceph: stderr
2024-04-25T01:32:14.638+0000 7f9ee4400700 1 -- 172.21.15.173:0/1033434348 --> [v2:172.21.15.173:3300/0,v1:172.21.15.173:6789/0] -- mon_command({"prefix": "get_command_descriptions"} v 0) -- 0x7f9edc10c7c0 con 0x7f9edc1081d0
2024-04-25T01:32:15.581 INFO:teuthology.orchestra.run.smithi173.stdout:/usr/bin/ceph: stderr
2024-04-25T01:32:14.638+0000 7f9eda000700 1 -- 172.21.15.173:0/1033434348 <== mon.0 v2:172.21.15.173:3300/0 4 ==== mgrmap(e 8) ==== 46287+0+0 (secure 0 0 0) 0x7f9ed0024a20 con 0x7f9edc1081d0
2024-04-25T01:32:15.581 INFO:teuthology.orchestra.run.smithi173.stdout:/usr/bin/ceph: stderr
2024-04-25T01:32:14.638+0000 7f9eda000700 1 --2- 172.21.15.173:0/1033434348 >> [v2:172.21.15.173:6800/330461214,v1:172.21.15.173:6801/330461214] conn(0x7f9ec4039000 0x7f9ec403b4c0 unknown :-1 s=NONE pgs=0 cs=0 l=1 rev1=0 crypto rx=0 tx=0 comp rx=0 tx=0).connect
2024-04-25T01:32:15.581 INFO:teuthology.orchestra.run.smithi173.stdout:/usr/bin/ceph: stderr
2024-04-25T01:32:14.639+0000 7f9eda000700 1 -- 172.21.15.173:0/1033434348 <== mon.0 v2:172.21.15.173:3300/0 5 ==== osd_map(2..2 src has 1..2) ==== 940+0+0 (secure 0 0 0) 0x7f9ed004d3e0 con 0x7f9edc1081d0
2024-04-25T01:32:15.582 INFO:teuthology.orchestra.run.smithi173.stdout:/usr/bin/ceph: stderr
2024-04-25T01:32:14.639+0000 7f9ee1000700 1 --2- 172.21.15.173:0/1033434348 >> [v2:172.21.15.173:6800/330461214,v1:172.21.15.173:6801/330461214] conn(0x7f9ec4039000 0x7f9ec403b4c0 unknown :-1 s=BANNER_CONNECTING pgs=0 cs=0 l=1 rev1=0 crypto rx=0 tx=0 comp rx=0 tx=0)._handle_peer_banner_payload supported=3 required=0
2024-04-25T01:32:15.582 INFO:teuthology.orchestra.run.smithi173.stdout:/usr/bin/ceph: stderr
2024-04-25T01:32:14.640+0000 7f9ee1000700 1 --2- 172.21.15.173:0/1033434348 >> [v2:172.21.15.173:6800/330461214,v1:172.21.15.173:6801/330461214] conn(0x7f9ec4039000 0x7f9ec403b4c0 secure :-1 s=READY pgs=15 cs=0 l=1 rev1=1 crypto rx=0x7f9ec8006fd0 tx=0x7f9ec8006e40 comp rx=0 tx=0).ready entity=mgr.14120 client_cookie=0 server_cookie=0 in_seq=0 out_seq=0
2024-04-25T01:32:15.582 INFO:teuthology.orchestra.run.smithi173.stdout:/usr/bin/ceph: stderr
2024-04-25T01:32:14.644+0000 7f9eda000700 1 -- 172.21.15.173:0/1033434348 <== mon.0 v2:172.21.15.173:3300/0 6 ==== mon_command_ack([{"prefix": "get_command_descriptions"}]=0 v0) ==== 72+0+186147 (secure 0 0 0) 0x7f9ed004ccb0 con 0x7f9edc1081d0
2024-04-25T01:32:15.582 INFO:teuthology.orchestra.run.smithi173.stdout:/usr/bin/ceph: stderr
2024-04-25T01:32:14.866+0000 7f9ee4400700 1 -- 172.21.15.173:0/1033434348 --> [v2:172.21.15.173:3300/0,v1:172.21.15.173:6789/0] -- mon_command([{prefix=config set, name=mgr/dashboard/ssl_server_port}] v 0) -- 0x7f9edc063890 con 0x7f9edc1081d0
2024-04-25T01:32:15.582 INFO:teuthology.orchestra.run.smithi173.stdout:/usr/bin/ceph: stderr
2024-04-25T01:32:14.874+0000 7f9eda000700 1 -- 172.21.15.173:0/1033434348 <== mon.0 v2:172.21.15.173:3300/0 7 ==== mon_command_ack([{prefix=config set, name=mgr/dashboard/ssl_server_port}]=0 v8)=0 v8) ==== 130+0+0 (secure 0 0 0) 0x7f9ed002d3f0 con 0x7f9edc1081d0
2024-04-25T01:32:15.582 INFO:teuthology.orchestra.run.smithi173.stdout:/usr/bin/ceph: stderr
2024-04-25T01:32:14.877+0000 7f9ee4400700 1 -- 172.21.15.173:0/1033434348 >> [v2:172.21.15.173:6800/330461214,v1:172.21.15.173:6801/330461214] conn(0x7f9ec4039000 msgr2=0x7f9ec403b4c0 secure :-1 s=STATE_CONNECTION_ESTABLISHED l=1).mark_down
2024-04-25T01:32:15.582 INFO:teuthology.orchestra.run.smithi173.stdout:/usr/bin/ceph: stderr
2024-04-25T01:32:14.877+0000 7f9ee4400700 1 --2- 172.21.15.173:0/1033434348 >> [v2:172.21.15.173:6800/330461214,v1:172.21.15.173:6801/330461214] conn(0x7f9ec4039000 0x7f9ec403b4c0 secure :-1 s=READY pgs=15 cs=0 l=1 rev1=1 crypto rx=0x7f9ec8006fd0 tx=0x7f9ec8006e40 comp rx=0 tx=0).stop
2024-04-25T01:32:15.582 INFO:teuthology.orchestra.run.smithi173.stdout:/usr/bin/ceph: stderr
2024-04-25T01:32:14.877+0000 7f9ee4400700 1 -- 172.21.15.173:0/1033434348 >> [v2:172.21.15.173:3300/0,v1:172.21.15.173:6789/0] conn(0x7f9edc1081d0 msgr2=0x7f9edc19e3d0 secure :-1 s=STATE_CONNECTION_ESTABLISHED l=1).mark_down
2024-04-25T01:32:15.582 INFO:teuthology.orchestra.run.smithi173.stdout:/usr/bin/ceph: stderr
2024-04-25T01:32:14.877+0000 7f9ee4400700 1 --2- 172.21.15.173:0/1033434348 >> [v2:172.21.15.173:3300/0,v1:172.21.15.173:6789/0] conn(0x7f9edc1081d0 0x7f9edc19e3d0 secure :-1 s=READY pgs=54 cs=0 l=1 rev1=1 crypto rx=0x7f9ed00117f0 tx=0x7f9ed0011cf0 comp rx=0 tx=0).stop
2024-04-25T01:32:15.582 INFO:teuthology.orchestra.run.smithi173.stdout:/usr/bin/ceph: stderr
2024-04-25T01:32:14.878+0000 7f9ee4400700 1 -- 172.21.15.173:0/1033434348 shutdown_connections
2024-04-25T01:32:15.582 INFO:teuthology.orchestra.run.smithi173.stdout:/usr/bin/ceph: stderr
2024-04-25T01:32:14.878+0000 7f9ee4400700 1 --2- 172.21.15.173:0/1033434348 >> [v2:172.21.15.173:6800/330461214,v1:172.21.15.173:6801/330461214] conn(0x7f9ec4039000 0x7f9ec403b4c0 unknown :-1 s=CLOSED pgs=15 cs=0 l=1 rev1=1 crypto rx=0 tx=0 comp rx=0 tx=0).stop
2024-04-25T01:32:15.582 INFO:teuthology.orchestra.run.smithi173.stdout:/usr/bin/ceph: stderr
2024-04-25T01:32:14.878+0000 7f9ee4400700 1 --2- 172.21.15.173:0/1033434348 >> [v2:172.21.15.173:3300/0,v1:172.21.15.173:6789/0] conn(0x7f9edc1081d0 0x7f9edc19e3d0 unknown :-1 s=CLOSED pgs=54 cs=0 l=1 rev1=1 crypto rx=0 tx=0 comp rx=0 tx=0).stop
2024-04-25T01:32:15.582 INFO:teuthology.orchestra.run.smithi173.stdout:/usr/bin/ceph: stderr
2024-04-25T01:32:14.878+0000 7f9ee4400700 1 -- 172.21.15.173:0/1033434348 >> 172.21.15.173:0/1033434348 conn(0x7f9edc103830 msgr2=0x7f9edc104280 unknown :-1 s=STATE_NONE l=0).mark_down
2024-04-25T01:32:15.582 INFO:teuthology.orchestra.run.smithi173.stdout:/usr/bin/ceph: stderr
2024-04-25T01:32:14.878+0000 7f9ee4400700 1 -- 172.21.15.173:0/1033434348 shutdown_connections
2024-04-25T01:32:15.583 INFO:teuthology.orchestra.run.smithi173.stdout:/usr/bin/ceph: stderr
2024-04-25T01:32:14.878+0000 7f9ee4400700 1 -- 172.21.15.173:0/1033434348 wait complete.
