2024-04-25T01:35:42.376+0000 7fa60b62f700 1 -- 172.21.15.78:0/58284058 >> 172.21.15.78:0/58284058 conn(0x7fa6041018f0 msgr2=0x7fa6041027d0 unknown :-1 s=STATE_NONE l=0).mark_down
2024-04-25T01:35:42.900 INFO:teuthology.orchestra.run.smithi078.stdout:/usr/bin/ceph: stderr
2024-04-25T01:35:42.376+0000 7fa60b62f700 1 -- 172.21.15.78:0/58284058 shutdown_connections
2024-04-25T01:35:42.900 INFO:teuthology.orchestra.run.smithi078.stdout:/usr/bin/ceph: stderr
2024-04-25T01:35:42.376+0000 7fa60b62f700 1 -- 172.21.15.78:0/58284058 wait complete.
2024-04-25T01:35:42.900 INFO:teuthology.orchestra.run.smithi078.stdout:Enabling cephadm module...
2024-04-25T01:35:43.949 INFO:journalctl@ceph.mon.a.smithi078.stdout:Apr 25 01:35:43 smithi078 ceph-mon[29469]: from='client.? 172.21.15.78:0/3516641214' entity='client.admin' cmd=[{"prefix": "mgr module enable", "module": "cephadm"}]: dispatch
2024-04-25T01:35:43.949 INFO:journalctl@ceph.mgr.x.smithi078.stdout:Apr 25 01:35:43 smithi078 ceph-df36bea8-02a3-11ef-bc93-c7b262605968-mgr-x[29700]: ignoring --setuser ceph since I am not root
2024-04-25T01:35:43.949 INFO:journalctl@ceph.mgr.x.smithi078.stdout:Apr 25 01:35:43 smithi078 ceph-df36bea8-02a3-11ef-bc93-c7b262605968-mgr-x[29700]: ignoring --setgroup ceph since I am not root
2024-04-25T01:35:43.949 INFO:journalctl@ceph.mgr.x.smithi078.stdout:Apr 25 01:35:43 smithi078 ceph-df36bea8-02a3-11ef-bc93-c7b262605968-mgr-x[29700]:
2024-04-25T01:35:43.790+0000 7f4675f68200 -1 mgr[py] Module balancer has missing NOTIFY_TYPES member
2024-04-25T01:35:43.949 INFO:journalctl@ceph.mgr.x.smithi078.stdout:Apr 25 01:35:43 smithi078 ceph-df36bea8-02a3-11ef-bc93-c7b262605968-mgr-x[29700]:
2024-04-25T01:35:43.972+0000 7f4675f68200 -1 mgr[py] Module orchestrator has missing NOTIFY_TYPES member
2024-04-25T01:35:44.159 INFO:teuthology.orchestra.run.smithi078.stdout:/usr/bin/ceph: stderr
2024-04-25T01:35:43.316+0000 7fe880649700 1 Processor -- start
2024-04-25T01:35:44.159 INFO:teuthology.orchestra.run.smithi078.stdout:/usr/bin/ceph: stderr
2024-04-25T01:35:43.316+0000 7fe880649700 1 -- start start
2024-04-25T01:35:44.159 INFO:teuthology.orchestra.run.smithi078.stdout:/usr/bin/ceph: stderr
2024-04-25T01:35:43.316+0000 7fe880649700 1 --2- >> [v2:172.21.15.78:3300/0,v1:172.21.15.78:6789/0] conn(0x7fe8781087a0 0x7fe87810ab90 unknown :-1 s=NONE pgs=0 cs=0 l=0 rev1=0 crypto rx=0 tx=0 comp rx=0 tx=0).connect
2024-04-25T01:35:44.159 INFO:teuthology.orchestra.run.smithi078.stdout:/usr/bin/ceph: stderr
2024-04-25T01:35:43.316+0000 7fe880649700 1 -- --> [v2:172.21.15.78:3300/0,v1:172.21.15.78:6789/0] -- mon_getmap magic: 0 -- 0x7fe87807c670 con 0x7fe8781087a0
2024-04-25T01:35:44.159 INFO:teuthology.orchestra.run.smithi078.stdout:/usr/bin/ceph: stderr
2024-04-25T01:35:43.316+0000 7fe87e3e5700 1 --2- >> [v2:172.21.15.78:3300/0,v1:172.21.15.78:6789/0] conn(0x7fe8781087a0 0x7fe87810ab90 unknown :-1 s=BANNER_CONNECTING pgs=0 cs=0 l=0 rev1=0 crypto rx=0 tx=0 comp rx=0 tx=0)._handle_peer_banner_payload supported=3 required=0
2024-04-25T01:35:44.159 INFO:teuthology.orchestra.run.smithi078.stdout:/usr/bin/ceph: stderr
2024-04-25T01:35:43.316+0000 7fe87e3e5700 1 --2- >> [v2:172.21.15.78:3300/0,v1:172.21.15.78:6789/0] conn(0x7fe8781087a0 0x7fe87810ab90 unknown :-1 s=HELLO_CONNECTING pgs=0 cs=0 l=0 rev1=1 crypto rx=0 tx=0 comp rx=0 tx=0).handle_hello peer v2:172.21.15.78:3300/0 says I am v2:172.21.15.78:33556/0 (socket says 172.21.15.78:33556)
2024-04-25T01:35:44.159 INFO:teuthology.orchestra.run.smithi078.stdout:/usr/bin/ceph: stderr
2024-04-25T01:35:43.316+0000 7fe87e3e5700 1 -- 172.21.15.78:0/3547035974 learned_addr learned my addr 172.21.15.78:0/3547035974 (peer_addr_for_me v2:172.21.15.78:0/0)
2024-04-25T01:35:44.160 INFO:teuthology.orchestra.run.smithi078.stdout:/usr/bin/ceph: stderr
2024-04-25T01:35:43.317+0000 7fe87e3e5700 1 -- 172.21.15.78:0/3547035974 --> [v2:172.21.15.78:3300/0,v1:172.21.15.78:6789/0] -- mon_subscribe({config=0+,monmap=0+}) -- 0x7fe87810b0d0 con 0x7fe8781087a0
2024-04-25T01:35:44.160 INFO:teuthology.orchestra.run.smithi078.stdout:/usr/bin/ceph: stderr
2024-04-25T01:35:43.317+0000 7fe87e3e5700 1 --2- 172.21.15.78:0/3547035974 >> [v2:172.21.15.78:3300/0,v1:172.21.15.78:6789/0] conn(0x7fe8781087a0 0x7fe87810ab90 secure :-1 s=READY pgs=18 cs=0 l=1 rev1=1 crypto rx=0x7fe8740098a0 tx=0x7fe874009bb0 comp rx=0 tx=0).ready entity=mon.0 client_cookie=9f681568570f260 server_cookie=0 in_seq=0 out_seq=0
2024-04-25T01:35:44.160 INFO:teuthology.orchestra.run.smithi078.stdout:/usr/bin/ceph: stderr
2024-04-25T01:35:43.317+0000 7fe87d3e3700 1 -- 172.21.15.78:0/3547035974 <== mon.0 v2:172.21.15.78:3300/0 1 ==== mon_map magic: 0 ==== 205+0+0 (secure 0 0 0) 0x7fe874004160 con 0x7fe8781087a0
2024-04-25T01:35:44.160 INFO:teuthology.orchestra.run.smithi078.stdout:/usr/bin/ceph: stderr
2024-04-25T01:35:43.317+0000 7fe87d3e3700 1 -- 172.21.15.78:0/3547035974 <== mon.0 v2:172.21.15.78:3300/0 2 ==== config(27 keys) ==== 1109+0+0 (secure 0 0 0) 0x7fe874004300 con 0x7fe8781087a0
2024-04-25T01:35:44.160 INFO:teuthology.orchestra.run.smithi078.stdout:/usr/bin/ceph: stderr
2024-04-25T01:35:43.317+0000 7fe87d3e3700 1 -- 172.21.15.78:0/3547035974 <== mon.0 v2:172.21.15.78:3300/0 3 ==== mon_map magic: 0 ==== 205+0+0 (secure 0 0 0) 0x7fe874011b50 con 0x7fe8781087a0
2024-04-25T01:35:44.160 INFO:teuthology.orchestra.run.smithi078.stdout:/usr/bin/ceph: stderr
2024-04-25T01:35:43.317+0000 7fe880649700 1 -- 172.21.15.78:0/3547035974 >> [v2:172.21.15.78:3300/0,v1:172.21.15.78:6789/0] conn(0x7fe8781087a0 msgr2=0x7fe87810ab90 secure :-1 s=STATE_CONNECTION_ESTABLISHED l=1).mark_down
2024-04-25T01:35:44.160 INFO:teuthology.orchestra.run.smithi078.stdout:/usr/bin/ceph: stderr
2024-04-25T01:35:43.318+0000 7fe880649700 1 --2- 172.21.15.78:0/3547035974 >> [v2:172.21.15.78:3300/0,v1:172.21.15.78:6789/0] conn(0x7fe8781087a0 0x7fe87810ab90 secure :-1 s=READY pgs=18 cs=0 l=1 rev1=1 crypto rx=0x7fe8740098a0 tx=0x7fe874009bb0 comp rx=0 tx=0).stop
2024-04-25T01:35:44.160 INFO:teuthology.orchestra.run.smithi078.stdout:/usr/bin/ceph: stderr
2024-04-25T01:35:43.318+0000 7fe880649700 1 -- 172.21.15.78:0/3547035974 shutdown_connections
2024-04-25T01:35:44.161 INFO:teuthology.orchestra.run.smithi078.stdout:/usr/bin/ceph: stderr
2024-04-25T01:35:43.318+0000 7fe880649700 1 --2- 172.21.15.78:0/3547035974 >> [v2:172.21.15.78:3300/0,v1:172.21.15.78:6789/0] conn(0x7fe8781087a0 0x7fe87810ab90 unknown :-1 s=CLOSED pgs=18 cs=0 l=1 rev1=1 crypto rx=0 tx=0 comp rx=0 tx=0).stop
2024-04-25T01:35:44.161 INFO:teuthology.orchestra.run.smithi078.stdout:/usr/bin/ceph: stderr
2024-04-25T01:35:43.318+0000 7fe880649700 1 -- 172.21.15.78:0/3547035974 >> 172.21.15.78:0/3547035974 conn(0x7fe8781021d0 msgr2=0x7fe8781045f0 unknown :-1 s=STATE_NONE l=0).mark_down
2024-04-25T01:35:44.161 INFO:teuthology.orchestra.run.smithi078.stdout:/usr/bin/ceph: stderr
2024-04-25T01:35:43.318+0000 7fe880649700 1 -- 172.21.15.78:0/3547035974 shutdown_connections
2024-04-25T01:35:44.161 INFO:teuthology.orchestra.run.smithi078.stdout:/usr/bin/ceph: stderr
2024-04-25T01:35:43.318+0000 7fe880649700 1 -- 172.21.15.78:0/3547035974 wait complete.
2024-04-25T01:35:44.161 INFO:teuthology.orchestra.run.smithi078.stdout:/usr/bin/ceph: stderr
2024-04-25T01:35:43.318+0000 7fe880649700 1 Processor -- start
2024-04-25T01:35:44.161 INFO:teuthology.orchestra.run.smithi078.stdout:/usr/bin/ceph: stderr
2024-04-25T01:35:43.318+0000 7fe880649700 1 -- start start
2024-04-25T01:35:44.161 INFO:teuthology.orchestra.run.smithi078.stdout:/usr/bin/ceph: stderr
2024-04-25T01:35:43.318+0000 7fe880649700 1 --2- >> [v2:172.21.15.78:3300/0,v1:172.21.15.78:6789/0] conn(0x7fe8781087a0 0x7fe87819bbf0 unknown :-1 s=NONE pgs=0 cs=0 l=1 rev1=0 crypto rx=0 tx=0 comp rx=0 tx=0).connect
2024-04-25T01:35:44.161 INFO:teuthology.orchestra.run.smithi078.stdout:/usr/bin/ceph: stderr
2024-04-25T01:35:43.318+0000 7fe880649700 1 -- --> [v2:172.21.15.78:3300/0,v1:172.21.15.78:6789/0] -- mon_getmap magic: 0 -- 0x7fe87810c090 con 0x7fe8781087a0
2024-04-25T01:35:44.162 INFO:teuthology.orchestra.run.smithi078.stdout:/usr/bin/ceph: stderr
2024-04-25T01:35:43.319+0000 7fe87e3e5700 1 --2- >> [v2:172.21.15.78:3300/0,v1:172.21.15.78:6789/0] conn(0x7fe8781087a0 0x7fe87819bbf0 unknown :-1 s=BANNER_CONNECTING pgs=0 cs=0 l=1 rev1=0 crypto rx=0 tx=0 comp rx=0 tx=0)._handle_peer_banner_payload supported=3 required=0
2024-04-25T01:35:44.162 INFO:teuthology.orchestra.run.smithi078.stdout:/usr/bin/ceph: stderr
2024-04-25T01:35:43.319+0000 7fe87e3e5700 1 --2- >> [v2:172.21.15.78:3300/0,v1:172.21.15.78:6789/0] conn(0x7fe8781087a0 0x7fe87819bbf0 unknown :-1 s=HELLO_CONNECTING pgs=0 cs=0 l=1 rev1=1 crypto rx=0 tx=0 comp rx=0 tx=0).handle_hello peer v2:172.21.15.78:3300/0 says I am v2:172.21.15.78:33566/0 (socket says 172.21.15.78:33566)
2024-04-25T01:35:44.162 INFO:teuthology.orchestra.run.smithi078.stdout:/usr/bin/ceph: stderr
2024-04-25T01:35:43.319+0000 7fe87e3e5700 1 -- 172.21.15.78:0/3516641214 learned_addr learned my addr 172.21.15.78:0/3516641214 (peer_addr_for_me v2:172.21.15.78:0/0)
2024-04-25T01:35:44.162 INFO:teuthology.orchestra.run.smithi078.stdout:/usr/bin/ceph: stderr
2024-04-25T01:35:43.319+0000 7fe87e3e5700 1 -- 172.21.15.78:0/3516641214 --> [v2:172.21.15.78:3300/0,v1:172.21.15.78:6789/0] -- mon_subscribe({config=0+,monmap=0+}) -- 0x7fe87819c130 con 0x7fe8781087a0
2024-04-25T01:35:44.162 INFO:teuthology.orchestra.run.smithi078.stdout:/usr/bin/ceph: stderr
2024-04-25T01:35:43.319+0000 7fe87e3e5700 1 --2- 172.21.15.78:0/3516641214 >> [v2:172.21.15.78:3300/0,v1:172.21.15.78:6789/0] conn(0x7fe8781087a0 0x7fe87819bbf0 secure :-1 s=READY pgs=19 cs=0 l=1 rev1=1 crypto rx=0x7fe874011670 tx=0x7fe874011b60 comp rx=0 tx=0).ready entity=mon.0 client_cookie=0 server_cookie=0 in_seq=0 out_seq=0
2024-04-25T01:35:44.162 INFO:teuthology.orchestra.run.smithi078.stdout:/usr/bin/ceph: stderr
2024-04-25T01:35:43.319+0000 7fe86f7fe700 1 -- 172.21.15.78:0/3516641214 <== mon.0 v2:172.21.15.78:3300/0 1 ==== mon_map magic: 0 ==== 205+0+0 (secure 0 0 0) 0x7fe8740039c0 con 0x7fe8781087a0
2024-04-25T01:35:44.162 INFO:teuthology.orchestra.run.smithi078.stdout:/usr/bin/ceph: stderr
2024-04-25T01:35:43.319+0000 7fe86f7fe700 1 -- 172.21.15.78:0/3516641214 <== mon.0 v2:172.21.15.78:3300/0 2 ==== config(27 keys) ==== 1109+0+0 (secure 0 0 0) 0x7fe874011e50 con 0x7fe8781087a0
2024-04-25T01:35:44.162 INFO:teuthology.orchestra.run.smithi078.stdout:/usr/bin/ceph: stderr
2024-04-25T01:35:43.319+0000 7fe880649700 1 -- 172.21.15.78:0/3516641214 --> [v2:172.21.15.78:3300/0,v1:172.21.15.78:6789/0] -- mon_subscribe({mgrmap=0+}) -- 0x7fe87819c3c0 con 0x7fe8781087a0
2024-04-25T01:35:44.162 INFO:teuthology.orchestra.run.smithi078.stdout:/usr/bin/ceph: stderr
2024-04-25T01:35:43.319+0000 7fe86f7fe700 1 -- 172.21.15.78:0/3516641214 <== mon.0 v2:172.21.15.78:3300/0 3 ==== mon_map magic: 0 ==== 205+0+0 (secure 0 0 0) 0x7fe87401a5c0 con 0x7fe8781087a0
2024-04-25T01:35:44.162 INFO:teuthology.orchestra.run.smithi078.stdout:/usr/bin/ceph: stderr
2024-04-25T01:35:43.319+0000 7fe880649700 1 -- 172.21.15.78:0/3516641214 --> [v2:172.21.15.78:3300/0,v1:172.21.15.78:6789/0] -- mon_subscribe({osdmap=0}) -- 0x7fe87819f0b0 con 0x7fe8781087a0
2024-04-25T01:35:44.162 INFO:teuthology.orchestra.run.smithi078.stdout:/usr/bin/ceph: stderr
2024-04-25T01:35:43.320+0000 7fe86f7fe700 1 -- 172.21.15.78:0/3516641214 <== mon.0 v2:172.21.15.78:3300/0 4 ==== mgrmap(e 4) ==== 46276+0+0 (secure 0 0 0) 0x7fe87401a870 con 0x7fe8781087a0
2024-04-25T01:35:44.162 INFO:teuthology.orchestra.run.smithi078.stdout:/usr/bin/ceph: stderr
2024-04-25T01:35:43.320+0000 7fe86f7fe700 1 --2- 172.21.15.78:0/3516641214 >> [v2:172.21.15.78:6800/1544860340,v1:172.21.15.78:6801/1544860340] conn(0x7fe864039000 0x7fe86403b4c0 unknown :-1 s=NONE pgs=0 cs=0 l=1 rev1=0 crypto rx=0 tx=0 comp rx=0 tx=0).connect
2024-04-25T01:35:44.163 INFO:teuthology.orchestra.run.smithi078.stdout:/usr/bin/ceph: stderr
2024-04-25T01:35:43.320+0000 7fe880649700 1 -- 172.21.15.78:0/3516641214 --> [v2:172.21.15.78:3300/0,v1:172.21.15.78:6789/0] -- mon_command({"prefix": "get_command_descriptions"} v 0) -- 0x7fe878063890 con 0x7fe8781087a0
2024-04-25T01:35:44.163 INFO:teuthology.orchestra.run.smithi078.stdout:/usr/bin/ceph: stderr
2024-04-25T01:35:43.320+0000 7fe86f7fe700 1 -- 172.21.15.78:0/3516641214 <== mon.0 v2:172.21.15.78:3300/0 5 ==== osd_map(1..1 src has 1..1) ==== 725+0+0 (secure 0 0 0) 0x7fe87404d230 con 0x7fe8781087a0
2024-04-25T01:35:44.163 INFO:teuthology.orchestra.run.smithi078.stdout:/usr/bin/ceph: stderr
2024-04-25T01:35:43.320+0000 7fe87dbe4700 1 --2- 172.21.15.78:0/3516641214 >> [v2:172.21.15.78:6800/1544860340,v1:172.21.15.78:6801/1544860340] conn(0x7fe864039000 0x7fe86403b4c0 unknown :-1 s=BANNER_CONNECTING pgs=0 cs=0 l=1 rev1=0 crypto rx=0 tx=0 comp rx=0 tx=0)._handle_peer_banner_payload supported=3 required=0
2024-04-25T01:35:44.163 INFO:teuthology.orchestra.run.smithi078.stdout:/usr/bin/ceph: stderr
2024-04-25T01:35:43.321+0000 7fe87dbe4700 1 --2- 172.21.15.78:0/3516641214 >> [v2:172.21.15.78:6800/1544860340,v1:172.21.15.78:6801/1544860340] conn(0x7fe864039000 0x7fe86403b4c0 secure :-1 s=READY pgs=8 cs=0 l=1 rev1=1 crypto rx=0x7fe868006fd0 tx=0x7fe868006e40 comp rx=0 tx=0).ready entity=mgr.14100 client_cookie=0 server_cookie=0 in_seq=0 out_seq=0
2024-04-25T01:35:44.163 INFO:teuthology.orchestra.run.smithi078.stdout:/usr/bin/ceph: stderr
2024-04-25T01:35:43.325+0000 7fe86f7fe700 1 -- 172.21.15.78:0/3516641214 <== mon.0 v2:172.21.15.78:3300/0 6 ==== mon_command_ack([{"prefix": "get_command_descriptions"}]=0 v0) ==== 72+0+186147 (secure 0 0 0) 0x7fe874017ca0 con 0x7fe8781087a0
2024-04-25T01:35:44.163 INFO:teuthology.orchestra.run.smithi078.stdout:/usr/bin/ceph: stderr
2024-04-25T01:35:43.573+0000 7fe880649700 1 -- 172.21.15.78:0/3516641214 --> [v2:172.21.15.78:3300/0,v1:172.21.15.78:6789/0] -- mon_command({"prefix": "mgr module enable", "module": "cephadm"} v 0) -- 0x7fe87819f280 con 0x7fe8781087a0
2024-04-25T01:35:44.163 INFO:teuthology.orchestra.run.smithi078.stdout:/usr/bin/ceph: stderr
2024-04-25T01:35:43.624+0000 7fe86f7fe700 1 -- 172.21.15.78:0/3516641214 <== mon.0 v2:172.21.15.78:3300/0 7 ==== mon_command_ack([{"prefix": "mgr module enable", "module": "cephadm"}]=0 v5) ==== 86+0+0 (secure 0 0 0) 0x7fe87819f280 con 0x7fe8781087a0
2024-04-25T01:35:44.163 INFO:teuthology.orchestra.run.smithi078.stdout:/usr/bin/ceph: stderr
2024-04-25T01:35:43.626+0000 7fe86f7fe700 1 -- 172.21.15.78:0/3516641214 <== mon.0 v2:172.21.15.78:3300/0 8 ==== mgrmap(e 5) ==== 46287+0+0 (secure 0 0 0) 0x7fe87402d910 con 0x7fe8781087a0
2024-04-25T01:35:44.163 INFO:teuthology.orchestra.run.smithi078.stdout:/usr/bin/ceph: stderr
2024-04-25T01:35:43.627+0000 7fe880649700 1 -- 172.21.15.78:0/3516641214 >> [v2:172.21.15.78:6800/1544860340,v1:172.21.15.78:6801/1544860340] conn(0x7fe864039000 msgr2=0x7fe86403b4c0 secure :-1 s=STATE_CONNECTION_ESTABLISHED l=1).mark_down
2024-04-25T01:35:44.163 INFO:teuthology.orchestra.run.smithi078.stdout:/usr/bin/ceph: stderr
2024-04-25T01:35:43.627+0000 7fe880649700 1 --2- 172.21.15.78:0/3516641214 >> [v2:172.21.15.78:6800/1544860340,v1:172.21.15.78:6801/1544860340] conn(0x7fe864039000 0x7fe86403b4c0 secure :-1 s=READY pgs=8 cs=0 l=1 rev1=1 crypto rx=0x7fe868006fd0 tx=0x7fe868006e40 comp rx=0 tx=0).stop
2024-04-25T01:35:44.163 INFO:teuthology.orchestra.run.smithi078.stdout:/usr/bin/ceph: stderr
2024-04-25T01:35:43.627+0000 7fe880649700 1 -- 172.21.15.78:0/3516641214 >> [v2:172.21.15.78:3300/0,v1:172.21.15.78:6789/0] conn(0x7fe8781087a0 msgr2=0x7fe87819bbf0 secure :-1 s=STATE_CONNECTION_ESTABLISHED l=1).mark_down
2024-04-25T01:35:44.163 INFO:teuthology.orchestra.run.smithi078.stdout:/usr/bin/ceph: stderr
2024-04-25T01:35:43.627+0000 7fe880649700 1 --2- 172.21.15.78:0/3516641214 >> [v2:172.21.15.78:3300/0,v1:172.21.15.78:6789/0] conn(0x7fe8781087a0 0x7fe87819bbf0 secure :-1 s=READY pgs=19 cs=0 l=1 rev1=1 crypto rx=0x7fe874011670 tx=0x7fe874011b60 comp rx=0 tx=0).stop
2024-04-25T01:35:44.163 INFO:teuthology.orchestra.run.smithi078.stdout:/usr/bin/ceph: stderr
2024-04-25T01:35:43.627+0000 7fe880649700 1 -- 172.21.15.78:0/3516641214 shutdown_connections
2024-04-25T01:35:44.163 INFO:teuthology.orchestra.run.smithi078.stdout:/usr/bin/ceph: stderr
2024-04-25T01:35:43.627+0000 7fe880649700 1 --2- 172.21.15.78:0/3516641214 >> [v2:172.21.15.78:6800/1544860340,v1:172.21.15.78:6801/1544860340] conn(0x7fe864039000 0x7fe86403b4c0 unknown :-1 s=CLOSED pgs=8 cs=0 l=1 rev1=1 crypto rx=0 tx=0 comp rx=0 tx=0).stop
2024-04-25T01:35:44.164 INFO:teuthology.orchestra.run.smithi078.stdout:/usr/bin/ceph: stderr
2024-04-25T01:35:43.627+0000 7fe880649700 1 --2- 172.21.15.78:0/3516641214 >> [v2:172.21.15.78:3300/0,v1:172.21.15.78:6789/0] conn(0x7fe8781087a0 0x7fe87819bbf0 unknown :-1 s=CLOSED pgs=19 cs=0 l=1 rev1=1 crypto rx=0 tx=0 comp rx=0 tx=0).stop
2024-04-25T01:35:44.164 INFO:teuthology.orchestra.run.smithi078.stdout:/usr/bin/ceph: stderr
2024-04-25T01:35:43.627+0000 7fe880649700 1 -- 172.21.15.78:0/3516641214 >> 172.21.15.78:0/3516641214 conn(0x7fe8781021d0 msgr2=0x7fe878102cc0 unknown :-1 s=STATE_NONE l=0).mark_down
2024-04-25T01:35:44.164 INFO:teuthology.orchestra.run.smithi078.stdout:/usr/bin/ceph: stderr
2024-04-25T01:35:43.627+0000 7fe880649700 1 -- 172.21.15.78:0/3516641214 shutdown_connections
2024-04-25T01:35:44.164 INFO:teuthology.orchestra.run.smithi078.stdout:/usr/bin/ceph: stderr
2024-04-25T01:35:43.627+0000 7fe880649700 1 -- 172.21.15.78:0/3516641214 wait complete.
2024-04-25T01:35:44.241 INFO:journalctl@ceph.mgr.x.smithi078.stdout:Apr 25 01:35:44 smithi078 ceph-df36bea8-02a3-11ef-bc93-c7b262605968-mgr-x[29700]:
2024-04-25T01:35:44.075+0000 7f4675f68200 -1 mgr[py] Module snap_schedule has missing NOTIFY_TYPES member
2024-04-25T01:35:44.544 INFO:journalctl@ceph.mgr.x.smithi078.stdout:Apr 25 01:35:44 smithi078 ceph-df36bea8-02a3-11ef-bc93-c7b262605968-mgr-x[29700]:
2024-04-25T01:35:44.391+0000 7f4675f68200 -1 mgr[py] Module progress has missing NOTIFY_TYPES member
2024-04-25T01:35:44.545 INFO:journalctl@ceph.mgr.x.smithi078.stdout:Apr 25 01:35:44 smithi078 ceph-df36bea8-02a3-11ef-bc93-c7b262605968-mgr-x[29700]:
2024-04-25T01:35:44.476+0000 7f4675f68200 -1 mgr[py] Module influx has missing NOTIFY_TYPES member
2024-04-25T01:35:44.842 INFO:journalctl@ceph.mon.a.smithi078.stdout:Apr 25 01:35:44 smithi078 ceph-mon[29469]: from='client.? 172.21.15.78:0/3516641214' entity='client.admin' cmd='[{"prefix": "mgr module enable", "module": "cephadm"}]': finished
2024-04-25T01:35:44.842 INFO:journalctl@ceph.mon.a.smithi078.stdout:Apr 25 01:35:44 smithi078 ceph-mon[29469]: mgrmap e5: x(active, since 7s)
2024-04-25T01:35:45.443 INFO:teuthology.orchestra.run.smithi078.stdout:/usr/bin/ceph: stdout {
2024-04-25T01:35:45.444 INFO:teuthology.orchestra.run.smithi078.stdout:/usr/bin/ceph: stdout "epoch": 5,
2024-04-25T01:35:45.444 INFO:teuthology.orchestra.run.smithi078.stdout:/usr/bin/ceph: stdout "available": true,
2024-04-25T01:35:45.445 INFO:teuthology.orchestra.run.smithi078.stdout:/usr/bin/ceph: stdout "active_name": "x",
2024-04-25T01:35:45.445 INFO:teuthology.orchestra.run.smithi078.stdout:/usr/bin/ceph: stdout "num_standby": 0
2024-04-25T01:35:45.445 INFO:teuthology.orchestra.run.smithi078.stdout:/usr/bin/ceph: stdout }
2024-04-25T01:35:45.445 INFO:teuthology.orchestra.run.smithi078.stdout:/usr/bin/ceph: stderr
2024-04-25T01:35:44.583+0000 7fea8d783700 1 Processor -- start
2024-04-25T01:35:45.445 INFO:teuthology.orchestra.run.smithi078.stdout:/usr/bin/ceph: stderr
2024-04-25T01:35:44.583+0000 7fea8d783700 1 -- start start
2024-04-25T01:35:45.446 INFO:teuthology.orchestra.run.smithi078.stdout:/usr/bin/ceph: stderr
2024-04-25T01:35:44.583+0000 7fea8d783700 1 --2- >> [v2:172.21.15.78:3300/0,v1:172.21.15.78:6789/0] conn(0x7fea88108810 0x7fea8810ac00 unknown :-1 s=NONE pgs=0 cs=0 l=0 rev1=0 crypto rx=0 tx=0 comp rx=0 tx=0).connect
2024-04-25T01:35:45.446 INFO:teuthology.orchestra.run.smithi078.stdout:/usr/bin/ceph: stderr
2024-04-25T01:35:44.583+0000 7fea8d783700 1 -- --> [v2:172.21.15.78:3300/0,v1:172.21.15.78:6789/0] -- mon_getmap magic: 0 -- 0x7fea8807c5f0 con 0x7fea88108810
2024-04-25T01:35:45.446 INFO:teuthology.orchestra.run.smithi078.stdout:/usr/bin/ceph: stderr
2024-04-25T01:35:44.583+0000 7fea86ffd700 1 --2- >> [v2:172.21.15.78:3300/0,v1:172.21.15.78:6789/0] conn(0x7fea88108810 0x7fea8810ac00 unknown :-1 s=BANNER_CONNECTING pgs=0 cs=0 l=0 rev1=0 crypto rx=0 tx=0 comp rx=0 tx=0)._handle_peer_banner_payload supported=3 required=0
2024-04-25T01:35:45.446 INFO:teuthology.orchestra.run.smithi078.stdout:/usr/bin/ceph: stderr
2024-04-25T01:35:44.583+0000 7fea86ffd700 1 --2- >> [v2:172.21.15.78:3300/0,v1:172.21.15.78:6789/0] conn(0x7fea88108810 0x7fea8810ac00 unknown :-1 s=HELLO_CONNECTING pgs=0 cs=0 l=0 rev1=1 crypto rx=0 tx=0 comp rx=0 tx=0).handle_hello peer v2:172.21.15.78:3300/0 says I am v2:172.21.15.78:33588/0 (socket says 172.21.15.78:33588)
2024-04-25T01:35:45.447 INFO:teuthology.orchestra.run.smithi078.stdout:/usr/bin/ceph: stderr
2024-04-25T01:35:44.583+0000 7fea86ffd700 1 -- 172.21.15.78:0/528934920 learned_addr learned my addr 172.21.15.78:0/528934920 (peer_addr_for_me v2:172.21.15.78:0/0)
2024-04-25T01:35:45.447 INFO:teuthology.orchestra.run.smithi078.stdout:/usr/bin/ceph: stderr
2024-04-25T01:35:44.584+0000 7fea86ffd700 1 -- 172.21.15.78:0/528934920 --> [v2:172.21.15.78:3300/0,v1:172.21.15.78:6789/0] -- mon_subscribe({config=0+,monmap=0+}) -- 0x7fea8810b140 con 0x7fea88108810
2024-04-25T01:35:45.447 INFO:teuthology.orchestra.run.smithi078.stdout:/usr/bin/ceph: stderr
2024-04-25T01:35:44.584+0000 7fea86ffd700 1 --2- 172.21.15.78:0/528934920 >> [v2:172.21.15.78:3300/0,v1:172.21.15.78:6789/0] conn(0x7fea88108810 0x7fea8810ac00 secure :-1 s=READY pgs=22 cs=0 l=1 rev1=1 crypto rx=0x7fea780098a0 tx=0x7fea78009bb0 comp rx=0 tx=0).ready entity=mon.0 client_cookie=b9cc383ab5d13dd4 server_cookie=0 in_seq=0 out_seq=0
2024-04-25T01:35:45.447 INFO:teuthology.orchestra.run.smithi078.stdout:/usr/bin/ceph: stderr
2024-04-25T01:35:44.584+0000 7fea85ffb700 1 -- 172.21.15.78:0/528934920 <== mon.0 v2:172.21.15.78:3300/0 1 ==== mon_map magic: 0 ==== 205+0+0 (secure 0 0 0) 0x7fea78004160 con 0x7fea88108810
2024-04-25T01:35:45.447 INFO:teuthology.orchestra.run.smithi078.stdout:/usr/bin/ceph: stderr
2024-04-25T01:35:44.584+0000 7fea85ffb700 1 -- 172.21.15.78:0/528934920 <== mon.0 v2:172.21.15.78:3300/0 2 ==== config(27 keys) ==== 1109+0+0 (secure 0 0 0) 0x7fea78004300 con 0x7fea88108810
2024-04-25T01:35:45.447 INFO:teuthology.orchestra.run.smithi078.stdout:/usr/bin/ceph: stderr
2024-04-25T01:35:44.584+0000 7fea85ffb700 1 -- 172.21.15.78:0/528934920 <== mon.0 v2:172.21.15.78:3300/0 3 ==== mon_map magic: 0 ==== 205+0+0 (secure 0 0 0) 0x7fea78011b50 con 0x7fea88108810
2024-04-25T01:35:45.447 INFO:teuthology.orchestra.run.smithi078.stdout:/usr/bin/ceph: stderr
2024-04-25T01:35:44.585+0000 7fea8d783700 1 -- 172.21.15.78:0/528934920 >> [v2:172.21.15.78:3300/0,v1:172.21.15.78:6789/0] conn(0x7fea88108810 msgr2=0x7fea8810ac00 secure :-1 s=STATE_CONNECTION_ESTABLISHED l=1).mark_down
2024-04-25T01:35:45.447 INFO:teuthology.orchestra.run.smithi078.stdout:/usr/bin/ceph: stderr
2024-04-25T01:35:44.585+0000 7fea8d783700 1 --2- 172.21.15.78:0/528934920 >> [v2:172.21.15.78:3300/0,v1:172.21.15.78:6789/0] conn(0x7fea88108810 0x7fea8810ac00 secure :-1 s=READY pgs=22 cs=0 l=1 rev1=1 crypto rx=0x7fea780098a0 tx=0x7fea78009bb0 comp rx=0 tx=0).stop
2024-04-25T01:35:45.447 INFO:teuthology.orchestra.run.smithi078.stdout:/usr/bin/ceph: stderr
2024-04-25T01:35:44.585+0000 7fea8d783700 1 -- 172.21.15.78:0/528934920 shutdown_connections
2024-04-25T01:35:45.447 INFO:teuthology.orchestra.run.smithi078.stdout:/usr/bin/ceph: stderr
2024-04-25T01:35:44.585+0000 7fea8d783700 1 --2- 172.21.15.78:0/528934920 >> [v2:172.21.15.78:3300/0,v1:172.21.15.78:6789/0] conn(0x7fea88108810 0x7fea8810ac00 unknown :-1 s=CLOSED pgs=22 cs=0 l=1 rev1=1 crypto rx=0 tx=0 comp rx=0 tx=0).stop
2024-04-25T01:35:45.447 INFO:teuthology.orchestra.run.smithi078.stdout:/usr/bin/ceph: stderr
2024-04-25T01:35:44.585+0000 7fea8d783700 1 -- 172.21.15.78:0/528934920 >> 172.21.15.78:0/528934920 conn(0x7fea881021a0 msgr2=0x7fea881045c0 unknown :-1 s=STATE_NONE l=0).mark_down
2024-04-25T01:35:45.447 INFO:teuthology.orchestra.run.smithi078.stdout:/usr/bin/ceph: stderr
2024-04-25T01:35:44.585+0000 7fea8d783700 1 -- 172.21.15.78:0/528934920 shutdown_connections
2024-04-25T01:35:45.447 INFO:teuthology.orchestra.run.smithi078.stdout:/usr/bin/ceph: stderr
2024-04-25T01:35:44.585+0000 7fea8d783700 1 -- 172.21.15.78:0/528934920 wait complete.
2024-04-25T01:35:45.448 INFO:teuthology.orchestra.run.smithi078.stdout:/usr/bin/ceph: stderr
2024-04-25T01:35:44.585+0000 7fea8d783700 1 Processor -- start
2024-04-25T01:35:45.448 INFO:teuthology.orchestra.run.smithi078.stdout:/usr/bin/ceph: stderr
2024-04-25T01:35:44.586+0000 7fea8d783700 1 -- start start
2024-04-25T01:35:45.448 INFO:teuthology.orchestra.run.smithi078.stdout:/usr/bin/ceph: stderr
2024-04-25T01:35:44.586+0000 7fea8d783700 1 --2- >> [v2:172.21.15.78:3300/0,v1:172.21.15.78:6789/0] conn(0x7fea88108810 0x7fea8819bc00 unknown :-1 s=NONE pgs=0 cs=0 l=1 rev1=0 crypto rx=0 tx=0 comp rx=0 tx=0).connect
2024-04-25T01:35:45.448 INFO:teuthology.orchestra.run.smithi078.stdout:/usr/bin/ceph: stderr
2024-04-25T01:35:44.586+0000 7fea8d783700 1 -- --> [v2:172.21.15.78:3300/0,v1:172.21.15.78:6789/0] -- mon_getmap magic: 0 -- 0x7fea8810c0a0 con 0x7fea88108810
2024-04-25T01:35:45.448 INFO:teuthology.orchestra.run.smithi078.stdout:/usr/bin/ceph: stderr
2024-04-25T01:35:44.586+0000 7fea86ffd700 1 --2- >> [v2:172.21.15.78:3300/0,v1:172.21.15.78:6789/0] conn(0x7fea88108810 0x7fea8819bc00 unknown :-1 s=BANNER_CONNECTING pgs=0 cs=0 l=1 rev1=0 crypto rx=0 tx=0 comp rx=0 tx=0)._handle_peer_banner_payload supported=3 required=0
2024-04-25T01:35:45.448 INFO:teuthology.orchestra.run.smithi078.stdout:/usr/bin/ceph: stderr
2024-04-25T01:35:44.586+0000 7fea86ffd700 1 --2- >> [v2:172.21.15.78:3300/0,v1:172.21.15.78:6789/0] conn(0x7fea88108810 0x7fea8819bc00 unknown :-1 s=HELLO_CONNECTING pgs=0 cs=0 l=1 rev1=1 crypto rx=0 tx=0 comp rx=0 tx=0).handle_hello peer v2:172.21.15.78:3300/0 says I am v2:172.21.15.78:33594/0 (socket says 172.21.15.78:33594)
2024-04-25T01:35:45.448 INFO:teuthology.orchestra.run.smithi078.stdout:/usr/bin/ceph: stderr
2024-04-25T01:35:44.586+0000 7fea86ffd700 1 -- 172.21.15.78:0/767869017 learned_addr learned my addr 172.21.15.78:0/767869017 (peer_addr_for_me v2:172.21.15.78:0/0)
2024-04-25T01:35:45.448 INFO:teuthology.orchestra.run.smithi078.stdout:/usr/bin/ceph: stderr
2024-04-25T01:35:44.586+0000 7fea86ffd700 1 -- 172.21.15.78:0/767869017 --> [v2:172.21.15.78:3300/0,v1:172.21.15.78:6789/0] -- mon_subscribe({config=0+,monmap=0+}) -- 0x7fea8819c140 con 0x7fea88108810
2024-04-25T01:35:45.448 INFO:teuthology.orchestra.run.smithi078.stdout:/usr/bin/ceph: stderr
2024-04-25T01:35:44.586+0000 7fea86ffd700 1 --2- 172.21.15.78:0/767869017 >> [v2:172.21.15.78:3300/0,v1:172.21.15.78:6789/0] conn(0x7fea88108810 0x7fea8819bc00 secure :-1 s=READY pgs=23 cs=0 l=1 rev1=1 crypto rx=0x7fea78011b60 tx=0x7fea78011c40 comp rx=0 tx=0).ready entity=mon.0 client_cookie=0 server_cookie=0 in_seq=0 out_seq=0
2024-04-25T01:35:45.448 INFO:teuthology.orchestra.run.smithi078.stdout:/usr/bin/ceph: stderr
2024-04-25T01:35:44.587+0000 7fea7ffff700 1 -- 172.21.15.78:0/767869017 <== mon.0 v2:172.21.15.78:3300/0 1 ==== mon_map magic: 0 ==== 205+0+0 (secure 0 0 0) 0x7fea78003b20 con 0x7fea88108810
2024-04-25T01:35:45.448 INFO:teuthology.orchestra.run.smithi078.stdout:/usr/bin/ceph: stderr
2024-04-25T01:35:44.587+0000 7fea8d783700 1 -- 172.21.15.78:0/767869017 --> [v2:172.21.15.78:3300/0,v1:172.21.15.78:6789/0] -- mon_subscribe({mgrmap=0+}) -- 0x7fea8819c3d0 con 0x7fea88108810
2024-04-25T01:35:45.449 INFO:teuthology.orchestra.run.smithi078.stdout:/usr/bin/ceph: stderr
2024-04-25T01:35:44.587+0000 7fea7ffff700 1 -- 172.21.15.78:0/767869017 <== mon.0 v2:172.21.15.78:3300/0 2 ==== config(27 keys) ==== 1109+0+0 (secure 0 0 0) 0x7fea78003cc0 con 0x7fea88108810
2024-04-25T01:35:45.449 INFO:teuthology.orchestra.run.smithi078.stdout:/usr/bin/ceph: stderr
2024-04-25T01:35:44.587+0000 7fea7ffff700 1 -- 172.21.15.78:0/767869017 <== mon.0 v2:172.21.15.78:3300/0 3 ==== mon_map magic: 0 ==== 205+0+0 (secure 0 0 0) 0x7fea78024840 con 0x7fea88108810
2024-04-25T01:35:45.449 INFO:teuthology.orchestra.run.smithi078.stdout:/usr/bin/ceph: stderr
2024-04-25T01:35:44.587+0000 7fea8d783700 1 -- 172.21.15.78:0/767869017 --> [v2:172.21.15.78:3300/0,v1:172.21.15.78:6789/0] -- mon_subscribe({osdmap=0}) -- 0x7fea8819f0c0 con 0x7fea88108810
2024-04-25T01:35:45.449 INFO:teuthology.orchestra.run.smithi078.stdout:/usr/bin/ceph: stderr
2024-04-25T01:35:44.587+0000 7fea7ffff700 1 -- 172.21.15.78:0/767869017 <== mon.0 v2:172.21.15.78:3300/0 4 ==== mgrmap(e 5) ==== 46287+0+0 (secure 0 0 0) 0x7fea78022020 con 0x7fea88108810
2024-04-25T01:35:45.449 INFO:teuthology.orchestra.run.smithi078.stdout:/usr/bin/ceph: stderr
2024-04-25T01:35:44.588+0000 7fea7ffff700 1 --2- 172.21.15.78:0/767869017 >> [v2:172.21.15.78:6800/1544860340,v1:172.21.15.78:6801/1544860340] conn(0x7fea74039050 0x7fea7403b510 unknown :-1 s=NONE pgs=0 cs=0 l=1 rev1=0 crypto rx=0 tx=0 comp rx=0 tx=0).connect
2024-04-25T01:35:45.449 INFO:teuthology.orchestra.run.smithi078.stdout:/usr/bin/ceph: stderr
2024-04-25T01:35:44.588+0000 7fea7ffff700 1 -- 172.21.15.78:0/767869017 <== mon.0 v2:172.21.15.78:3300/0 5 ==== osd_map(1..1 src has 1..1) ==== 725+0+0 (secure 0 0 0) 0x7fea78011e00 con 0x7fea88108810
2024-04-25T01:35:45.450 INFO:teuthology.orchestra.run.smithi078.stdout:/usr/bin/ceph: stderr
2024-04-25T01:35:44.588+0000 7fea867fc700 1 -- 172.21.15.78:0/767869017 >> [v2:172.21.15.78:6800/1544860340,v1:172.21.15.78:6801/1544860340] conn(0x7fea74039050 msgr2=0x7fea7403b510 unknown :-1 s=STATE_CONNECTING_RE l=1).process reconnect failed to v2:172.21.15.78:6800/1544860340
2024-04-25T01:35:45.450 INFO:teuthology.orchestra.run.smithi078.stdout:/usr/bin/ceph: stderr
2024-04-25T01:35:44.588+0000 7fea867fc700 1 --2- 172.21.15.78:0/767869017 >> [v2:172.21.15.78:6800/1544860340,v1:172.21.15.78:6801/1544860340] conn(0x7fea74039050 0x7fea7403b510 unknown :-1 s=START_CONNECT pgs=0 cs=0 l=1 rev1=0 crypto rx=0 tx=0 comp rx=0 tx=0)._fault waiting 0.200000
2024-04-25T01:35:45.450 INFO:teuthology.orchestra.run.smithi078.stdout:/usr/bin/ceph: stderr
2024-04-25T01:35:44.588+0000 7fea8d783700 1 -- 172.21.15.78:0/767869017 --> [v2:172.21.15.78:3300/0,v1:172.21.15.78:6789/0] -- mon_command({"prefix": "get_command_descriptions"} v 0) -- 0x7fea88063890 con 0x7fea88108810
2024-04-25T01:35:45.450 INFO:teuthology.orchestra.run.smithi078.stdout:/usr/bin/ceph: stderr
2024-04-25T01:35:44.597+0000 7fea7ffff700 1 -- 172.21.15.78:0/767869017 <== mon.0 v2:172.21.15.78:3300/0 6 ==== mon_command_ack([{"prefix": "get_command_descriptions"}]=0 v0) ==== 72+0+186147 (secure 0 0 0) 0x7fea78019c70 con 0x7fea88108810
2024-04-25T01:35:45.450 INFO:teuthology.orchestra.run.smithi078.stdout:/usr/bin/ceph: stderr
2024-04-25T01:35:44.789+0000 7fea867fc700 1 -- 172.21.15.78:0/767869017 >> [v2:172.21.15.78:6800/1544860340,v1:172.21.15.78:6801/1544860340] conn(0x7fea74039050 msgr2=0x7fea7403b510 unknown :-1 s=STATE_CONNECTING_RE l=1).process reconnect failed to v2:172.21.15.78:6800/1544860340
2024-04-25T01:35:45.450 INFO:teuthology.orchestra.run.smithi078.stdout:/usr/bin/ceph: stderr
2024-04-25T01:35:44.789+0000 7fea867fc700 1 --2- 172.21.15.78:0/767869017 >> [v2:172.21.15.78:6800/1544860340,v1:172.21.15.78:6801/1544860340] conn(0x7fea74039050 0x7fea7403b510 unknown :-1 s=START_CONNECT pgs=0 cs=0 l=1 rev1=0 crypto rx=0 tx=0 comp rx=0 tx=0)._fault waiting 0.400000
2024-04-25T01:35:45.450 INFO:teuthology.orchestra.run.smithi078.stdout:/usr/bin/ceph: stderr
2024-04-25T01:35:44.865+0000 7fea8d783700 1 -- 172.21.15.78:0/767869017 --> [v2:172.21.15.78:3300/0,v1:172.21.15.78:6789/0] -- mon_command({"prefix": "mgr stat"} v 0) -- 0x7fea8819f290 con 0x7fea88108810
2024-04-25T01:35:45.450 INFO:teuthology.orchestra.run.smithi078.stdout:/usr/bin/ceph: stderr
2024-04-25T01:35:44.867+0000 7fea7ffff700 1 -- 172.21.15.78:0/767869017 <== mon.0 v2:172.21.15.78:3300/0 7 ==== mon_command_ack([{"prefix": "mgr stat"}]=0 v5) ==== 56+0+88 (secure 0 0 0) 0x7fea7804cb70 con 0x7fea88108810
2024-04-25T01:35:45.451 INFO:teuthology.orchestra.run.smithi078.stdout:/usr/bin/ceph: stderr
2024-04-25T01:35:44.870+0000 7fea8d783700 1 -- 172.21.15.78:0/767869017 >> [v2:172.21.15.78:6800/1544860340,v1:172.21.15.78:6801/1544860340] conn(0x7fea74039050 msgr2=0x7fea7403b510 unknown :-1 s=STATE_CONNECTING l=1).mark_down
2024-04-25T01:35:45.451 INFO:teuthology.orchestra.run.smithi078.stdout:/usr/bin/ceph: stderr
2024-04-25T01:35:44.870+0000 7fea8d783700 1 --2- 172.21.15.78:0/767869017 >> [v2:172.21.15.78:6800/1544860340,v1:172.21.15.78:6801/1544860340] conn(0x7fea74039050 0x7fea7403b510 unknown :-1 s=START_CONNECT pgs=0 cs=0 l=1 rev1=0 crypto rx=0 tx=0 comp rx=0 tx=0).stop
2024-04-25T01:35:45.451 INFO:teuthology.orchestra.run.smithi078.stdout:/usr/bin/ceph: stderr
2024-04-25T01:35:44.870+0000 7fea8d783700 1 -- 172.21.15.78:0/767869017 >> [v2:172.21.15.78:3300/0,v1:172.21.15.78:6789/0] conn(0x7fea88108810 msgr2=0x7fea8819bc00 secure :-1 s=STATE_CONNECTION_ESTABLISHED l=1).mark_down
2024-04-25T01:35:45.451 INFO:teuthology.orchestra.run.smithi078.stdout:/usr/bin/ceph: stderr
2024-04-25T01:35:44.870+0000 7fea8d783700 1 --2- 172.21.15.78:0/767869017 >> [v2:172.21.15.78:3300/0,v1:172.21.15.78:6789/0] conn(0x7fea88108810 0x7fea8819bc00 secure :-1 s=READY pgs=23 cs=0 l=1 rev1=1 crypto rx=0x7fea78011b60 tx=0x7fea78011c40 comp rx=0 tx=0).stop
2024-04-25T01:35:45.451 INFO:teuthology.orchestra.run.smithi078.stdout:/usr/bin/ceph: stderr
2024-04-25T01:35:44.871+0000 7fea8d783700 1 -- 172.21.15.78:0/767869017 shutdown_connections
2024-04-25T01:35:45.451 INFO:teuthology.orchestra.run.smithi078.stdout:/usr/bin/ceph: stderr
2024-04-25T01:35:44.871+0000 7fea8d783700 1 --2- 172.21.15.78:0/767869017 >> [v2:172.21.15.78:6800/1544860340,v1:172.21.15.78:6801/1544860340] conn(0x7fea74039050 0x7fea7403b510 unknown :-1 s=CLOSED pgs=0 cs=0 l=1 rev1=0 crypto rx=0 tx=0 comp rx=0 tx=0).stop
2024-04-25T01:35:45.451 INFO:teuthology.orchestra.run.smithi078.stdout:/usr/bin/ceph: stderr
2024-04-25T01:35:44.871+0000 7fea8d783700 1 --2- 172.21.15.78:0/767869017 >> [v2:172.21.15.78:3300/0,v1:172.21.15.78:6789/0] conn(0x7fea88108810 0x7fea8819bc00 unknown :-1 s=CLOSED pgs=23 cs=0 l=1 rev1=1 crypto rx=0 tx=0 comp rx=0 tx=0).stop
2024-04-25T01:35:45.451 INFO:teuthology.orchestra.run.smithi078.stdout:/usr/bin/ceph: stderr
2024-04-25T01:35:44.871+0000 7fea8d783700 1 -- 172.21.15.78:0/767869017 >> 172.21.15.78:0/767869017 conn(0x7fea881021a0 msgr2=0x7fea88102c40 unknown :-1 s=STATE_NONE l=0).mark_down
2024-04-25T01:35:45.451 INFO:teuthology.orchestra.run.smithi078.stdout:/usr/bin/ceph: stderr
2024-04-25T01:35:44.876+0000 7fea8d783700 1 -- 172.21.15.78:0/767869017 shutdown_connections
2024-04-25T01:35:45.451 INFO:teuthology.orchestra.run.smithi078.stdout:/usr/bin/ceph: stderr
2024-04-25T01:35:44.876+0000 7fea8d783700 1 -- 172.21.15.78:0/767869017 wait complete.
2024-04-25T01:35:45.451 INFO:teuthology.orchestra.run.smithi078.stdout:Waiting for the mgr to restart...
2024-04-25T01:35:45.451 INFO:teuthology.orchestra.run.smithi078.stdout:Waiting for mgr epoch 5...
2024-04-25T01:35:45.695 INFO:journalctl@ceph.mon.a.smithi078.stdout:Apr 25 01:35:45 smithi078 ceph-mon[29469]: from='client.? 172.21.15.78:0/767869017' entity='client.admin' cmd=[{"prefix": "mgr stat"}]: dispatch
2024-04-25T01:35:45.991 INFO:journalctl@ceph.mgr.x.smithi078.stdout:Apr 25 01:35:45 smithi078 ceph-df36bea8-02a3-11ef-bc93-c7b262605968-mgr-x[29700]:
2024-04-25T01:35:45.719+0000 7f4675f68200 -1 mgr[py] Module telegraf has missing NOTIFY_TYPES member
2024-04-25T01:35:45.991 INFO:journalctl@ceph.mgr.x.smithi078.stdout:Apr 25 01:35:45 smithi078 ceph-df36bea8-02a3-11ef-bc93-c7b262605968-mgr-x[29700]:
2024-04-25T01:35:45.897+0000 7f4675f68200 -1 mgr[py] Module osd_support has missing NOTIFY_TYPES member
2024-04-25T01:35:46.297 INFO:journalctl@ceph.mgr.x.smithi078.stdout:Apr 25 01:35:46 smithi078 ceph-df36bea8-02a3-11ef-bc93-c7b262605968-mgr-x[29700]:
2024-04-25T01:35:46.068+0000 7f4675f68200 -1 mgr[py] Module iostat has missing NOTIFY_TYPES member
2024-04-25T01:35:46.633 INFO:journalctl@ceph.mgr.x.smithi078.stdout:Apr 25 01:35:46 smithi078 ceph-df36bea8-02a3-11ef-bc93-c7b262605968-mgr-x[29700]:
2024-04-25T01:35:46.362+0000 7f4675f68200 -1 mgr[py] Module alerts has missing NOTIFY_TYPES member
2024-04-25T01:35:46.633 INFO:journalctl@ceph.mgr.x.smithi078.stdout:Apr 25 01:35:46 smithi078 ceph-df36bea8-02a3-11ef-bc93-c7b262605968-mgr-x[29700]:
2024-04-25T01:35:46.454+0000 7f4675f68200 -1 mgr[py] Module selftest has missing NOTIFY_TYPES member
2024-04-25T01:35:46.634 INFO:journalctl@ceph.mgr.x.smithi078.stdout:Apr 25 01:35:46 smithi078 ceph-df36bea8-02a3-11ef-bc93-c7b262605968-mgr-x[29700]:
2024-04-25T01:35:46.657+0000 7f4675f68200 -1 mgr[py] Module pg_autoscaler has missing NOTIFY_TYPES member
2024-04-25T01:35:46.991 INFO:journalctl@ceph.mgr.x.smithi078.stdout:Apr 25 01:35:46 smithi078 ceph-df36bea8-02a3-11ef-bc93-c7b262605968-mgr-x[29700]:
2024-04-25T01:35:46.849+0000 7f4675f68200 -1 mgr[py] Module test_orchestrator has missing NOTIFY_TYPES member
2024-04-25T01:35:47.741 INFO:journalctl@ceph.mgr.x.smithi078.stdout:Apr 25 01:35:47 smithi078 ceph-df36bea8-02a3-11ef-bc93-c7b262605968-mgr-x[29700]:
2024-04-25T01:35:47.452+0000 7f4675f68200 -1 mgr[py] Module rook has missing NOTIFY_TYPES member
2024-04-25T01:35:48.156 INFO:journalctl@ceph.mgr.x.smithi078.stdout:Apr 25 01:35:47 smithi078 ceph-df36bea8-02a3-11ef-bc93-c7b262605968-mgr-x[29700]:
2024-04-25T01:35:47.879+0000 7f4675f68200 -1 mgr[py] Module volumes has missing NOTIFY_TYPES member
2024-04-25T01:35:48.156 INFO:journalctl@ceph.mgr.x.smithi078.stdout:Apr 25 01:35:47 smithi078 ceph-df36bea8-02a3-11ef-bc93-c7b262605968-mgr-x[29700]:
2024-04-25T01:35:47.976+0000 7f4675f68200 -1 mgr[py] Module crash has missing NOTIFY_TYPES member
2024-04-25T01:35:48.156 INFO:journalctl@ceph.mgr.x.smithi078.stdout:Apr 25 01:35:48 smithi078 ceph-df36bea8-02a3-11ef-bc93-c7b262605968-mgr-x[29700]:
2024-04-25T01:35:48.180+0000 7f4675f68200 -1 mgr[py] Module rgw has missing NOTIFY_TYPES member
2024-04-25T01:35:48.991 INFO:journalctl@ceph.mgr.x.smithi078.stdout:Apr 25 01:35:48 smithi078 ceph-df36bea8-02a3-11ef-bc93-c7b262605968-mgr-x[29700]:
2024-04-25T01:35:48.720+0000 7f4675f68200 -1 mgr[py] Module prometheus has missing NOTIFY_TYPES member
2024-04-25T01:35:48.991 INFO:journalctl@ceph.mgr.x.smithi078.stdout:Apr 25 01:35:48 smithi078 ceph-df36bea8-02a3-11ef-bc93-c7b262605968-mgr-x[29700]:
2024-04-25T01:35:48.811+0000 7f4675f68200 -1 mgr[py] Module devicehealth has missing NOTIFY_TYPES member
2024-04-25T01:35:49.375 INFO:journalctl@ceph.mgr.x.smithi078.stdout:Apr 25 01:35:49 smithi078 ceph-df36bea8-02a3-11ef-bc93-c7b262605968-mgr-x[29700]:
2024-04-25T01:35:49.055+0000 7f4675f68200 -1 mgr[py] Module telemetry has missing NOTIFY_TYPES member
2024-04-25T01:35:49.375 INFO:journalctl@ceph.mgr.x.smithi078.stdout:Apr 25 01:35:49 smithi078 ceph-df36bea8-02a3-11ef-bc93-c7b262605968-mgr-x[29700]:
2024-04-25T01:35:49.190+0000 7f4675f68200 -1 mgr[py] Module diskprediction_local has missing NOTIFY_TYPES member
2024-04-25T01:35:49.375 INFO:journalctl@ceph.mgr.x.smithi078.stdout:Apr 25 01:35:49 smithi078 ceph-df36bea8-02a3-11ef-bc93-c7b262605968-mgr-x[29700]:
2024-04-25T01:35:49.284+0000 7f4675f68200 -1 mgr[py] Module osd_perf_query has missing NOTIFY_TYPES member
2024-04-25T01:35:49.375 INFO:journalctl@ceph.mgr.x.smithi078.stdout:Apr 25 01:35:49 smithi078 ceph-df36bea8-02a3-11ef-bc93-c7b262605968-mgr-x[29700]:
2024-04-25T01:35:49.398+0000 7f4675f68200 -1 mgr[py] Module rbd_support has missing NOTIFY_TYPES member
2024-04-25T01:35:49.741 INFO:journalctl@ceph.mgr.x.smithi078.stdout:Apr 25 01:35:49 smithi078 ceph-df36bea8-02a3-11ef-bc93-c7b262605968-mgr-x[29700]:
2024-04-25T01:35:49.490+0000 7f4675f68200 -1 mgr[py] Module zabbix has missing NOTIFY_TYPES member
2024-04-25T01:35:50.534 INFO:journalctl@ceph.mgr.x.smithi078.stdout:Apr 25 01:35:50 smithi078 ceph-df36bea8-02a3-11ef-bc93-c7b262605968-mgr-x[29700]:
2024-04-25T01:35:50.291+0000 7f4675f68200 -1 mgr[py] Module status has missing NOTIFY_TYPES member
2024-04-25T01:35:50.534 INFO:journalctl@ceph.mgr.x.smithi078.stdout:Apr 25 01:35:50 smithi078 ceph-df36bea8-02a3-11ef-bc93-c7b262605968-mgr-x[29700]:
2024-04-25T01:35:50.505+0000 7f4675f68200 -1 mgr[py] Module nfs has missing NOTIFY_TYPES member
2024-04-25T01:35:50.991 INFO:journalctl@ceph.mon.a.smithi078.stdout:Apr 25 01:35:50 smithi078 ceph-mon[29469]: Active manager daemon x restarted
2024-04-25T01:35:50.991 INFO:journalctl@ceph.mon.a.smithi078.stdout:Apr 25 01:35:50 smithi078 ceph-mon[29469]: Activating manager daemon x
2024-04-25T01:35:50.991 INFO:journalctl@ceph.mon.a.smithi078.stdout:Apr 25 01:35:50 smithi078 ceph-mon[29469]: osdmap e2: 0 total, 0 up, 0 in
2024-04-25T01:35:50.992 INFO:journalctl@ceph.mon.a.smithi078.stdout:Apr 25 01:35:50 smithi078 ceph-mon[29469]: mgrmap e6: x(active, starting, since 0.00373837s)
2024-04-25T01:35:50.992 INFO:journalctl@ceph.mon.a.smithi078.stdout:Apr 25 01:35:50 smithi078 ceph-mon[29469]: from='mgr.14116 172.21.15.78:0/3548838998' entity='mgr.x' cmd=[{"prefix": "mon metadata", "id": "a"}]: dispatch
2024-04-25T01:35:50.992 INFO:journalctl@ceph.mon.a.smithi078.stdout:Apr 25 01:35:50 smithi078 ceph-mon[29469]: from='mgr.14116 172.21.15.78:0/3548838998' entity='mgr.x' cmd=[{"prefix": "mgr metadata", "who": "x", "id": "x"}]: dispatch
2024-04-25T01:35:50.992 INFO:journalctl@ceph.mon.a.smithi078.stdout:Apr 25 01:35:50 smithi078 ceph-mon[29469]: from='mgr.14116 172.21.15.78:0/3548838998' entity='mgr.x' cmd=[{"prefix": "mds metadata"}]: dispatch
2024-04-25T01:35:50.992 INFO:journalctl@ceph.mon.a.smithi078.stdout:Apr 25 01:35:50 smithi078 ceph-mon[29469]: from='mgr.14116 172.21.15.78:0/3548838998' entity='mgr.x' cmd=[{"prefix": "osd metadata"}]: dispatch
2024-04-25T01:35:50.992 INFO:journalctl@ceph.mon.a.smithi078.stdout:Apr 25 01:35:50 smithi078 ceph-mon[29469]: from='mgr.14116 172.21.15.78:0/3548838998' entity='mgr.x' cmd=[{"prefix": "mon metadata"}]: dispatch
2024-04-25T01:35:50.992 INFO:journalctl@ceph.mon.a.smithi078.stdout:Apr 25 01:35:50 smithi078 ceph-mon[29469]: Manager daemon x is now available
2024-04-25T01:35:50.992 INFO:journalctl@ceph.mon.a.smithi078.stdout:Apr 25 01:35:50 smithi078 ceph-mon[29469]: from='mgr.14116 172.21.15.78:0/3548838998' entity='mgr.x'
2024-04-25T01:35:50.992 INFO:journalctl@ceph.mon.a.smithi078.stdout:Apr 25 01:35:50 smithi078 ceph-mon[29469]: from='mgr.14116 172.21.15.78:0/3548838998' entity='mgr.x'
2024-04-25T01:35:50.992 INFO:journalctl@ceph.mon.a.smithi078.stdout:Apr 25 01:35:50 smithi078 ceph-mon[29469]: from='mgr.14116 172.21.15.78:0/3548838998' entity='mgr.x' cmd=[{"prefix": "config dump", "format": "json"}]: dispatch
2024-04-25T01:35:50.992 INFO:journalctl@ceph.mon.a.smithi078.stdout:Apr 25 01:35:50 smithi078 ceph-mon[29469]: from='mgr.14116 172.21.15.78:0/3548838998' entity='mgr.x' cmd=[{"prefix": "config dump", "format": "json"}]: dispatch
2024-04-25T01:35:50.993 INFO:journalctl@ceph.mon.a.smithi078.stdout:Apr 25 01:35:50 smithi078 ceph-mon[29469]: from='mgr.14116 172.21.15.78:0/3548838998' entity='mgr.x' cmd=[{"prefix":"config rm","who":"mgr","name":"mgr/rbd_support/x/mirror_snapshot_schedule"}]: dispatch
2024-04-25T01:35:51.741 INFO:journalctl@ceph.mon.a.smithi078.stdout:Apr 25 01:35:51 smithi078 ceph-mon[29469]: Found migration_current of "None". Setting to last migration.
2024-04-25T01:35:51.741 INFO:journalctl@ceph.mon.a.smithi078.stdout:Apr 25 01:35:51 smithi078 ceph-mon[29469]: from='mgr.14116 172.21.15.78:0/3548838998' entity='mgr.x' cmd=[{"prefix":"config rm","who":"mgr","name":"mgr/rbd_support/x/trash_purge_schedule"}]: dispatch
2024-04-25T01:35:51.741 INFO:journalctl@ceph.mon.a.smithi078.stdout:Apr 25 01:35:51 smithi078 ceph-mon[29469]: from='mgr.14116 172.21.15.78:0/3548838998' entity='mgr.x'
2024-04-25T01:35:51.742 INFO:journalctl@ceph.mon.a.smithi078.stdout:Apr 25 01:35:51 smithi078 ceph-mon[29469]: from='mgr.14116 172.21.15.78:0/3548838998' entity='mgr.x'
2024-04-25T01:35:51.742 INFO:journalctl@ceph.mon.a.smithi078.stdout:Apr 25 01:35:51 smithi078 ceph-mon[29469]: mgrmap e7: x(active, since 1.00633s)
2024-04-25T01:35:52.090 INFO:teuthology.orchestra.run.smithi078.stdout:/usr/bin/ceph: stdout {
2024-04-25T01:35:52.090 INFO:teuthology.orchestra.run.smithi078.stdout:/usr/bin/ceph: stdout "mgrmap_epoch": 7,
2024-04-25T01:35:52.090 INFO:teuthology.orchestra.run.smithi078.stdout:/usr/bin/ceph: stdout "initialized": true
2024-04-25T01:35:52.091 INFO:teuthology.orchestra.run.smithi078.stdout:/usr/bin/ceph: stdout }
2024-04-25T01:35:52.091 INFO:teuthology.orchestra.run.smithi078.stdout:/usr/bin/ceph: stderr
2024-04-25T01:35:45.907+0000 7ff34c1f8700 1 Processor -- start
2024-04-25T01:35:52.091 INFO:teuthology.orchestra.run.smithi078.stdout:/usr/bin/ceph: stderr
2024-04-25T01:35:45.907+0000 7ff34c1f8700 1 -- start start
2024-04-25T01:35:52.091 INFO:teuthology.orchestra.run.smithi078.stdout:/usr/bin/ceph: stderr
2024-04-25T01:35:45.907+0000 7ff34c1f8700 1 --2- >> [v2:172.21.15.78:3300/0,v1:172.21.15.78:6789/0] conn(0x7ff344108790 0x7ff34410ab80 unknown :-1 s=NONE pgs=0 cs=0 l=0 rev1=0 crypto rx=0 tx=0 comp rx=0 tx=0).connect
2024-04-25T01:35:52.091 INFO:teuthology.orchestra.run.smithi078.stdout:/usr/bin/ceph: stderr
2024-04-25T01:35:45.908+0000 7ff34c1f8700 1 -- --> [v2:172.21.15.78:3300/0,v1:172.21.15.78:6789/0] -- mon_getmap magic: 0 -- 0x7ff34407c670 con 0x7ff344108790
2024-04-25T01:35:52.091 INFO:teuthology.orchestra.run.smithi078.stdout:/usr/bin/ceph: stderr
2024-04-25T01:35:45.908+0000 7ff349f94700 1 --2- >> [v2:172.21.15.78:3300/0,v1:172.21.15.78:6789/0] conn(0x7ff344108790 0x7ff34410ab80 unknown :-1 s=BANNER_CONNECTING pgs=0 cs=0 l=0 rev1=0 crypto rx=0 tx=0 comp rx=0 tx=0)._handle_peer_banner_payload supported=3 required=0
2024-04-25T01:35:52.091 INFO:teuthology.orchestra.run.smithi078.stdout:/usr/bin/ceph: stderr
2024-04-25T01:35:45.908+0000 7ff349f94700 1 --2- >> [v2:172.21.15.78:3300/0,v1:172.21.15.78:6789/0] conn(0x7ff344108790 0x7ff34410ab80 unknown :-1 s=HELLO_CONNECTING pgs=0 cs=0 l=0 rev1=1 crypto rx=0 tx=0 comp rx=0 tx=0).handle_hello peer v2:172.21.15.78:3300/0 says I am v2:172.21.15.78:33600/0 (socket says 172.21.15.78:33600)
2024-04-25T01:35:52.091 INFO:teuthology.orchestra.run.smithi078.stdout:/usr/bin/ceph: stderr
2024-04-25T01:35:45.908+0000 7ff349f94700 1 -- 172.21.15.78:0/2362367508 learned_addr learned my addr 172.21.15.78:0/2362367508 (peer_addr_for_me v2:172.21.15.78:0/0)
2024-04-25T01:35:52.091 INFO:teuthology.orchestra.run.smithi078.stdout:/usr/bin/ceph: stderr
2024-04-25T01:35:45.908+0000 7ff349f94700 1 -- 172.21.15.78:0/2362367508 --> [v2:172.21.15.78:3300/0,v1:172.21.15.78:6789/0] -- mon_subscribe({config=0+,monmap=0+}) -- 0x7ff34410b0c0 con 0x7ff344108790
2024-04-25T01:35:52.091 INFO:teuthology.orchestra.run.smithi078.stdout:/usr/bin/ceph: stderr
2024-04-25T01:35:45.908+0000 7ff349f94700 1 --2- 172.21.15.78:0/2362367508 >> [v2:172.21.15.78:3300/0,v1:172.21.15.78:6789/0] conn(0x7ff344108790 0x7ff34410ab80 secure :-1 s=READY pgs=24 cs=0 l=1 rev1=1 crypto rx=0x7ff3340098a0 tx=0x7ff334009bb0 comp rx=0 tx=0).ready entity=mon.0 client_cookie=debbabbe6b259586 server_cookie=0 in_seq=0 out_seq=0
2024-04-25T01:35:52.091 INFO:teuthology.orchestra.run.smithi078.stdout:/usr/bin/ceph: stderr
2024-04-25T01:35:45.908+0000 7ff348f92700 1 -- 172.21.15.78:0/2362367508 <== mon.0 v2:172.21.15.78:3300/0 1 ==== mon_map magic: 0 ==== 205+0+0 (secure 0 0 0) 0x7ff334004160 con 0x7ff344108790
2024-04-25T01:35:52.091 INFO:teuthology.orchestra.run.smithi078.stdout:/usr/bin/ceph: stderr
2024-04-25T01:35:45.908+0000 7ff348f92700 1 -- 172.21.15.78:0/2362367508 <== mon.0 v2:172.21.15.78:3300/0 2 ==== config(27 keys) ==== 1109+0+0 (secure 0 0 0) 0x7ff334004300 con 0x7ff344108790
2024-04-25T01:35:52.091 INFO:teuthology.orchestra.run.smithi078.stdout:/usr/bin/ceph: stderr
2024-04-25T01:35:45.908+0000 7ff348f92700 1 -- 172.21.15.78:0/2362367508 <== mon.0 v2:172.21.15.78:3300/0 3 ==== mon_map magic: 0 ==== 205+0+0 (secure 0 0 0) 0x7ff334011b50 con 0x7ff344108790
2024-04-25T01:35:52.092 INFO:teuthology.orchestra.run.smithi078.stdout:/usr/bin/ceph: stderr
2024-04-25T01:35:45.909+0000 7ff34c1f8700 1 -- 172.21.15.78:0/2362367508 >> [v2:172.21.15.78:3300/0,v1:172.21.15.78:6789/0] conn(0x7ff344108790 msgr2=0x7ff34410ab80 secure :-1 s=STATE_CONNECTION_ESTABLISHED l=1).mark_down
2024-04-25T01:35:52.092 INFO:teuthology.orchestra.run.smithi078.stdout:/usr/bin/ceph: stderr
2024-04-25T01:35:45.909+0000 7ff34c1f8700 1 --2- 172.21.15.78:0/2362367508 >> [v2:172.21.15.78:3300/0,v1:172.21.15.78:6789/0] conn(0x7ff344108790 0x7ff34410ab80 secure :-1 s=READY pgs=24 cs=0 l=1 rev1=1 crypto rx=0x7ff3340098a0 tx=0x7ff334009bb0 comp rx=0 tx=0).stop
2024-04-25T01:35:52.092 INFO:teuthology.orchestra.run.smithi078.stdout:/usr/bin/ceph: stderr
2024-04-25T01:35:45.909+0000 7ff34c1f8700 1 -- 172.21.15.78:0/2362367508 shutdown_connections
2024-04-25T01:35:52.092 INFO:teuthology.orchestra.run.smithi078.stdout:/usr/bin/ceph: stderr
2024-04-25T01:35:45.909+0000 7ff34c1f8700 1 --2- 172.21.15.78:0/2362367508 >> [v2:172.21.15.78:3300/0,v1:172.21.15.78:6789/0] conn(0x7ff344108790 0x7ff34410ab80 unknown :-1 s=CLOSED pgs=24 cs=0 l=1 rev1=1 crypto rx=0 tx=0 comp rx=0 tx=0).stop
2024-04-25T01:35:52.092 INFO:teuthology.orchestra.run.smithi078.stdout:/usr/bin/ceph: stderr
2024-04-25T01:35:45.909+0000 7ff34c1f8700 1 -- 172.21.15.78:0/2362367508 >> 172.21.15.78:0/2362367508 conn(0x7ff3441021a0 msgr2=0x7ff3441045c0 unknown :-1 s=STATE_NONE l=0).mark_down
2024-04-25T01:35:52.092 INFO:teuthology.orchestra.run.smithi078.stdout:/usr/bin/ceph: stderr
