2024-04-25T01:35:55.697 INFO:journalctl@ceph.mon.a.smithi078.stdout:Apr 25 01:35:55 smithi078 ceph-mon[29469]: from='mgr.14116 172.21.15.78:0/3548838998' entity='mgr.x'
2024-04-25T01:35:55.697 INFO:journalctl@ceph.mon.a.smithi078.stdout:Apr 25 01:35:55 smithi078 ceph-mon[29469]: from='mgr.14116 172.21.15.78:0/3548838998' entity='mgr.x'
2024-04-25T01:35:55.698 INFO:journalctl@ceph.mgr.x.smithi078.stdout:Apr 25 01:35:55 smithi078 ceph-df36bea8-02a3-11ef-bc93-c7b262605968-mgr-x[29700]: Generating public/private rsa key pair.
2024-04-25T01:35:55.698 INFO:journalctl@ceph.mgr.x.smithi078.stdout:Apr 25 01:35:55 smithi078 ceph-df36bea8-02a3-11ef-bc93-c7b262605968-mgr-x[29700]: Your identification has been saved in /tmp/tmp5jhq9s2_/key.
2024-04-25T01:35:55.698 INFO:journalctl@ceph.mgr.x.smithi078.stdout:Apr 25 01:35:55 smithi078 ceph-df36bea8-02a3-11ef-bc93-c7b262605968-mgr-x[29700]: Your public key has been saved in /tmp/tmp5jhq9s2_/key.pub.
2024-04-25T01:35:55.698 INFO:journalctl@ceph.mgr.x.smithi078.stdout:Apr 25 01:35:55 smithi078 ceph-df36bea8-02a3-11ef-bc93-c7b262605968-mgr-x[29700]: The key fingerprint is:
2024-04-25T01:35:55.698 INFO:journalctl@ceph.mgr.x.smithi078.stdout:Apr 25 01:35:55 smithi078 ceph-df36bea8-02a3-11ef-bc93-c7b262605968-mgr-x[29700]: SHA256:irqhJPxnFGCcnlWJcjWnlfFs5qgJhnO6mkhlNPjA3nk ceph-df36bea8-02a3-11ef-bc93-c7b262605968
2024-04-25T01:35:55.698 INFO:journalctl@ceph.mgr.x.smithi078.stdout:Apr 25 01:35:55 smithi078 ceph-df36bea8-02a3-11ef-bc93-c7b262605968-mgr-x[29700]: The key's randomart image is:
2024-04-25T01:35:55.698 INFO:journalctl@ceph.mgr.x.smithi078.stdout:Apr 25 01:35:55 smithi078 ceph-df36bea8-02a3-11ef-bc93-c7b262605968-mgr-x[29700]: +---[RSA 3072]----+
2024-04-25T01:35:55.698 INFO:journalctl@ceph.mgr.x.smithi078.stdout:Apr 25 01:35:55 smithi078 ceph-df36bea8-02a3-11ef-bc93-c7b262605968-mgr-x[29700]: | . . ++.+o |
2024-04-25T01:35:55.698 INFO:journalctl@ceph.mgr.x.smithi078.stdout:Apr 25 01:35:55 smithi078 ceph-df36bea8-02a3-11ef-bc93-c7b262605968-mgr-x[29700]: |. .* + .=.o |
2024-04-25T01:35:55.699 INFO:journalctl@ceph.mgr.x.smithi078.stdout:Apr 25 01:35:55 smithi078 ceph-df36bea8-02a3-11ef-bc93-c7b262605968-mgr-x[29700]: | +oo* . = |
2024-04-25T01:35:55.699 INFO:journalctl@ceph.mgr.x.smithi078.stdout:Apr 25 01:35:55 smithi078 ceph-df36bea8-02a3-11ef-bc93-c7b262605968-mgr-x[29700]: |. =o+. = |
2024-04-25T01:35:55.699 INFO:journalctl@ceph.mgr.x.smithi078.stdout:Apr 25 01:35:55 smithi078 ceph-df36bea8-02a3-11ef-bc93-c7b262605968-mgr-x[29700]: | . O E. S. . |
2024-04-25T01:35:55.699 INFO:journalctl@ceph.mgr.x.smithi078.stdout:Apr 25 01:35:55 smithi078 ceph-df36bea8-02a3-11ef-bc93-c7b262605968-mgr-x[29700]: |. o *o..o |
2024-04-25T01:35:55.699 INFO:journalctl@ceph.mgr.x.smithi078.stdout:Apr 25 01:35:55 smithi078 ceph-df36bea8-02a3-11ef-bc93-c7b262605968-mgr-x[29700]: |.+..o .o |
2024-04-25T01:35:55.699 INFO:journalctl@ceph.mgr.x.smithi078.stdout:Apr 25 01:35:55 smithi078 ceph-df36bea8-02a3-11ef-bc93-c7b262605968-mgr-x[29700]: |=.oo.o |
2024-04-25T01:35:55.699 INFO:journalctl@ceph.mgr.x.smithi078.stdout:Apr 25 01:35:55 smithi078 ceph-df36bea8-02a3-11ef-bc93-c7b262605968-mgr-x[29700]: |oo++o |
2024-04-25T01:35:55.699 INFO:journalctl@ceph.mgr.x.smithi078.stdout:Apr 25 01:35:55 smithi078 ceph-df36bea8-02a3-11ef-bc93-c7b262605968-mgr-x[29700]: +----[SHA256]-----+
2024-04-25T01:35:55.980 INFO:teuthology.orchestra.run.smithi078.stdout:/usr/bin/ceph: stderr
2024-04-25T01:35:54.956+0000 7f31abc27700 1 Processor -- start
2024-04-25T01:35:55.981 INFO:teuthology.orchestra.run.smithi078.stdout:/usr/bin/ceph: stderr
2024-04-25T01:35:54.956+0000 7f31abc27700 1 -- start start
2024-04-25T01:35:55.981 INFO:teuthology.orchestra.run.smithi078.stdout:/usr/bin/ceph: stderr
2024-04-25T01:35:54.956+0000 7f31abc27700 1 --2- >> [v2:172.21.15.78:3300/0,v1:172.21.15.78:6789/0] conn(0x7f31a4106c30 0x7f31a4107050 unknown :-1 s=NONE pgs=0 cs=0 l=0 rev1=0 crypto rx=0 tx=0 comp rx=0 tx=0).connect
2024-04-25T01:35:55.981 INFO:teuthology.orchestra.run.smithi078.stdout:/usr/bin/ceph: stderr
2024-04-25T01:35:54.956+0000 7f31abc27700 1 -- --> [v2:172.21.15.78:3300/0,v1:172.21.15.78:6789/0] -- mon_getmap magic: 0 -- 0x7f31a4107620 con 0x7f31a4106c30
2024-04-25T01:35:55.981 INFO:teuthology.orchestra.run.smithi078.stdout:/usr/bin/ceph: stderr
2024-04-25T01:35:54.956+0000 7f31a99c3700 1 --2- >> [v2:172.21.15.78:3300/0,v1:172.21.15.78:6789/0] conn(0x7f31a4106c30 0x7f31a4107050 unknown :-1 s=BANNER_CONNECTING pgs=0 cs=0 l=0 rev1=0 crypto rx=0 tx=0 comp rx=0 tx=0)._handle_peer_banner_payload supported=3 required=0
2024-04-25T01:35:55.981 INFO:teuthology.orchestra.run.smithi078.stdout:/usr/bin/ceph: stderr
2024-04-25T01:35:54.956+0000 7f31a99c3700 1 --2- >> [v2:172.21.15.78:3300/0,v1:172.21.15.78:6789/0] conn(0x7f31a4106c30 0x7f31a4107050 unknown :-1 s=HELLO_CONNECTING pgs=0 cs=0 l=0 rev1=1 crypto rx=0 tx=0 comp rx=0 tx=0).handle_hello peer v2:172.21.15.78:3300/0 says I am v2:172.21.15.78:51382/0 (socket says 172.21.15.78:51382)
2024-04-25T01:35:55.981 INFO:teuthology.orchestra.run.smithi078.stdout:/usr/bin/ceph: stderr
2024-04-25T01:35:54.956+0000 7f31a99c3700 1 -- 172.21.15.78:0/2762983859 learned_addr learned my addr 172.21.15.78:0/2762983859 (peer_addr_for_me v2:172.21.15.78:0/0)
2024-04-25T01:35:55.981 INFO:teuthology.orchestra.run.smithi078.stdout:/usr/bin/ceph: stderr
2024-04-25T01:35:54.957+0000 7f31a99c3700 1 -- 172.21.15.78:0/2762983859 --> [v2:172.21.15.78:3300/0,v1:172.21.15.78:6789/0] -- mon_subscribe({config=0+,monmap=0+}) -- 0x7f31a4107e30 con 0x7f31a4106c30
2024-04-25T01:35:55.981 INFO:teuthology.orchestra.run.smithi078.stdout:/usr/bin/ceph: stderr
2024-04-25T01:35:54.957+0000 7f31a99c3700 1 --2- 172.21.15.78:0/2762983859 >> [v2:172.21.15.78:3300/0,v1:172.21.15.78:6789/0] conn(0x7f31a4106c30 0x7f31a4107050 secure :-1 s=READY pgs=37 cs=0 l=1 rev1=1 crypto rx=0x7f31a00098a0 tx=0x7f31a0009bb0 comp rx=0 tx=0).ready entity=mon.0 client_cookie=9e0eeb95d2e04908 server_cookie=0 in_seq=0 out_seq=0
2024-04-25T01:35:55.981 INFO:teuthology.orchestra.run.smithi078.stdout:/usr/bin/ceph: stderr
2024-04-25T01:35:54.957+0000 7f31a89c1700 1 -- 172.21.15.78:0/2762983859 <== mon.0 v2:172.21.15.78:3300/0 1 ==== mon_map magic: 0 ==== 205+0+0 (secure 0 0 0) 0x7f31a0004160 con 0x7f31a4106c30
2024-04-25T01:35:55.982 INFO:teuthology.orchestra.run.smithi078.stdout:/usr/bin/ceph: stderr
2024-04-25T01:35:54.957+0000 7f31a89c1700 1 -- 172.21.15.78:0/2762983859 <== mon.0 v2:172.21.15.78:3300/0 2 ==== config(27 keys) ==== 1109+0+0 (secure 0 0 0) 0x7f31a0004300 con 0x7f31a4106c30
2024-04-25T01:35:55.982 INFO:teuthology.orchestra.run.smithi078.stdout:/usr/bin/ceph: stderr
2024-04-25T01:35:54.957+0000 7f31a89c1700 1 -- 172.21.15.78:0/2762983859 <== mon.0 v2:172.21.15.78:3300/0 3 ==== mon_map magic: 0 ==== 205+0+0 (secure 0 0 0) 0x7f31a0011b50 con 0x7f31a4106c30
2024-04-25T01:35:55.982 INFO:teuthology.orchestra.run.smithi078.stdout:/usr/bin/ceph: stderr
2024-04-25T01:35:54.957+0000 7f31abc27700 1 -- 172.21.15.78:0/2762983859 >> [v2:172.21.15.78:3300/0,v1:172.21.15.78:6789/0] conn(0x7f31a4106c30 msgr2=0x7f31a4107050 secure :-1 s=STATE_CONNECTION_ESTABLISHED l=1).mark_down
2024-04-25T01:35:55.982 INFO:teuthology.orchestra.run.smithi078.stdout:/usr/bin/ceph: stderr
2024-04-25T01:35:54.957+0000 7f31abc27700 1 --2- 172.21.15.78:0/2762983859 >> [v2:172.21.15.78:3300/0,v1:172.21.15.78:6789/0] conn(0x7f31a4106c30 0x7f31a4107050 secure :-1 s=READY pgs=37 cs=0 l=1 rev1=1 crypto rx=0x7f31a00098a0 tx=0x7f31a0009bb0 comp rx=0 tx=0).stop
2024-04-25T01:35:55.982 INFO:teuthology.orchestra.run.smithi078.stdout:/usr/bin/ceph: stderr
2024-04-25T01:35:54.957+0000 7f31abc27700 1 -- 172.21.15.78:0/2762983859 shutdown_connections
2024-04-25T01:35:55.982 INFO:teuthology.orchestra.run.smithi078.stdout:/usr/bin/ceph: stderr
2024-04-25T01:35:54.957+0000 7f31abc27700 1 --2- 172.21.15.78:0/2762983859 >> [v2:172.21.15.78:3300/0,v1:172.21.15.78:6789/0] conn(0x7f31a4106c30 0x7f31a4107050 unknown :-1 s=CLOSED pgs=37 cs=0 l=1 rev1=1 crypto rx=0 tx=0 comp rx=0 tx=0).stop
2024-04-25T01:35:55.982 INFO:teuthology.orchestra.run.smithi078.stdout:/usr/bin/ceph: stderr
2024-04-25T01:35:54.957+0000 7f31abc27700 1 -- 172.21.15.78:0/2762983859 >> 172.21.15.78:0/2762983859 conn(0x7f31a4102250 msgr2=0x7f31a4104670 unknown :-1 s=STATE_NONE l=0).mark_down
2024-04-25T01:35:55.982 INFO:teuthology.orchestra.run.smithi078.stdout:/usr/bin/ceph: stderr
2024-04-25T01:35:54.958+0000 7f31abc27700 1 -- 172.21.15.78:0/2762983859 shutdown_connections
2024-04-25T01:35:55.982 INFO:teuthology.orchestra.run.smithi078.stdout:/usr/bin/ceph: stderr
2024-04-25T01:35:54.958+0000 7f31abc27700 1 -- 172.21.15.78:0/2762983859 wait complete.
2024-04-25T01:35:55.982 INFO:teuthology.orchestra.run.smithi078.stdout:/usr/bin/ceph: stderr
2024-04-25T01:35:54.958+0000 7f31abc27700 1 Processor -- start
2024-04-25T01:35:55.982 INFO:teuthology.orchestra.run.smithi078.stdout:/usr/bin/ceph: stderr
2024-04-25T01:35:54.958+0000 7f31abc27700 1 -- start start
2024-04-25T01:35:55.982 INFO:teuthology.orchestra.run.smithi078.stdout:/usr/bin/ceph: stderr
2024-04-25T01:35:54.958+0000 7f31abc27700 1 --2- >> [v2:172.21.15.78:3300/0,v1:172.21.15.78:6789/0] conn(0x7f31a4106c30 0x7f31a407c2a0 unknown :-1 s=NONE pgs=0 cs=0 l=1 rev1=0 crypto rx=0 tx=0 comp rx=0 tx=0).connect
2024-04-25T01:35:55.982 INFO:teuthology.orchestra.run.smithi078.stdout:/usr/bin/ceph: stderr
2024-04-25T01:35:54.958+0000 7f31abc27700 1 -- --> [v2:172.21.15.78:3300/0,v1:172.21.15.78:6789/0] -- mon_getmap magic: 0 -- 0x7f31a410b1e0 con 0x7f31a4106c30
2024-04-25T01:35:55.983 INFO:teuthology.orchestra.run.smithi078.stdout:/usr/bin/ceph: stderr
2024-04-25T01:35:54.958+0000 7f31a99c3700 1 --2- >> [v2:172.21.15.78:3300/0,v1:172.21.15.78:6789/0] conn(0x7f31a4106c30 0x7f31a407c2a0 unknown :-1 s=BANNER_CONNECTING pgs=0 cs=0 l=1 rev1=0 crypto rx=0 tx=0 comp rx=0 tx=0)._handle_peer_banner_payload supported=3 required=0
2024-04-25T01:35:55.983 INFO:teuthology.orchestra.run.smithi078.stdout:/usr/bin/ceph: stderr
2024-04-25T01:35:54.958+0000 7f31a99c3700 1 --2- >> [v2:172.21.15.78:3300/0,v1:172.21.15.78:6789/0] conn(0x7f31a4106c30 0x7f31a407c2a0 unknown :-1 s=HELLO_CONNECTING pgs=0 cs=0 l=1 rev1=1 crypto rx=0 tx=0 comp rx=0 tx=0).handle_hello peer v2:172.21.15.78:3300/0 says I am v2:172.21.15.78:51390/0 (socket says 172.21.15.78:51390)
2024-04-25T01:35:55.983 INFO:teuthology.orchestra.run.smithi078.stdout:/usr/bin/ceph: stderr
2024-04-25T01:35:54.958+0000 7f31a99c3700 1 -- 172.21.15.78:0/3323887236 learned_addr learned my addr 172.21.15.78:0/3323887236 (peer_addr_for_me v2:172.21.15.78:0/0)
2024-04-25T01:35:55.983 INFO:teuthology.orchestra.run.smithi078.stdout:/usr/bin/ceph: stderr
2024-04-25T01:35:54.959+0000 7f31a99c3700 1 -- 172.21.15.78:0/3323887236 --> [v2:172.21.15.78:3300/0,v1:172.21.15.78:6789/0] -- mon_subscribe({config=0+,monmap=0+}) -- 0x7f31a419e9f0 con 0x7f31a4106c30
2024-04-25T01:35:55.983 INFO:teuthology.orchestra.run.smithi078.stdout:/usr/bin/ceph: stderr
2024-04-25T01:35:54.959+0000 7f31a99c3700 1 --2- 172.21.15.78:0/3323887236 >> [v2:172.21.15.78:3300/0,v1:172.21.15.78:6789/0] conn(0x7f31a4106c30 0x7f31a407c2a0 secure :-1 s=READY pgs=38 cs=0 l=1 rev1=1 crypto rx=0x7f31a0011670 tx=0x7f31a0011b60 comp rx=0 tx=0).ready entity=mon.0 client_cookie=0 server_cookie=0 in_seq=0 out_seq=0
2024-04-25T01:35:55.983 INFO:teuthology.orchestra.run.smithi078.stdout:/usr/bin/ceph: stderr
2024-04-25T01:35:54.959+0000 7f319affd700 1 -- 172.21.15.78:0/3323887236 <== mon.0 v2:172.21.15.78:3300/0 1 ==== mon_map magic: 0 ==== 205+0+0 (secure 0 0 0) 0x7f31a00039c0 con 0x7f31a4106c30
2024-04-25T01:35:55.983 INFO:teuthology.orchestra.run.smithi078.stdout:/usr/bin/ceph: stderr
2024-04-25T01:35:54.959+0000 7f319affd700 1 -- 172.21.15.78:0/3323887236 <== mon.0 v2:172.21.15.78:3300/0 2 ==== config(27 keys) ==== 1109+0+0 (secure 0 0 0) 0x7f31a0011e50 con 0x7f31a4106c30
2024-04-25T01:35:55.983 INFO:teuthology.orchestra.run.smithi078.stdout:/usr/bin/ceph: stderr
2024-04-25T01:35:54.959+0000 7f319affd700 1 -- 172.21.15.78:0/3323887236 <== mon.0 v2:172.21.15.78:3300/0 3 ==== mon_map magic: 0 ==== 205+0+0 (secure 0 0 0) 0x7f31a001a5c0 con 0x7f31a4106c30
2024-04-25T01:35:55.983 INFO:teuthology.orchestra.run.smithi078.stdout:/usr/bin/ceph: stderr
2024-04-25T01:35:54.959+0000 7f31abc27700 1 -- 172.21.15.78:0/3323887236 --> [v2:172.21.15.78:3300/0,v1:172.21.15.78:6789/0] -- mon_subscribe({mgrmap=0+}) -- 0x7f31a419ebc0 con 0x7f31a4106c30
2024-04-25T01:35:55.983 INFO:teuthology.orchestra.run.smithi078.stdout:/usr/bin/ceph: stderr
2024-04-25T01:35:54.959+0000 7f31abc27700 1 -- 172.21.15.78:0/3323887236 --> [v2:172.21.15.78:3300/0,v1:172.21.15.78:6789/0] -- mon_subscribe({osdmap=0}) -- 0x7f31a419ef60 con 0x7f31a4106c30
2024-04-25T01:35:55.983 INFO:teuthology.orchestra.run.smithi078.stdout:/usr/bin/ceph: stderr
2024-04-25T01:35:54.960+0000 7f319affd700 1 -- 172.21.15.78:0/3323887236 <== mon.0 v2:172.21.15.78:3300/0 4 ==== mgrmap(e 8) ==== 46287+0+0 (secure 0 0 0) 0x7f31a001a870 con 0x7f31a4106c30
2024-04-25T01:35:55.983 INFO:teuthology.orchestra.run.smithi078.stdout:/usr/bin/ceph: stderr
2024-04-25T01:35:54.960+0000 7f31abc27700 1 -- 172.21.15.78:0/3323887236 --> [v2:172.21.15.78:3300/0,v1:172.21.15.78:6789/0] -- mon_command({"prefix": "get_command_descriptions"} v 0) -- 0x7f31a4063890 con 0x7f31a4106c30
2024-04-25T01:35:55.983 INFO:teuthology.orchestra.run.smithi078.stdout:/usr/bin/ceph: stderr
2024-04-25T01:35:54.960+0000 7f319affd700 1 --2- 172.21.15.78:0/3323887236 >> [v2:172.21.15.78:6800/1101495738,v1:172.21.15.78:6801/1101495738] conn(0x7f3190039050 0x7f319003b510 unknown :-1 s=NONE pgs=0 cs=0 l=1 rev1=0 crypto rx=0 tx=0 comp rx=0 tx=0).connect
2024-04-25T01:35:55.983 INFO:teuthology.orchestra.run.smithi078.stdout:/usr/bin/ceph: stderr
2024-04-25T01:35:54.960+0000 7f319affd700 1 -- 172.21.15.78:0/3323887236 <== mon.0 v2:172.21.15.78:3300/0 5 ==== osd_map(2..2 src has 1..2) ==== 940+0+0 (secure 0 0 0) 0x7f31a004d420 con 0x7f31a4106c30
2024-04-25T01:35:55.984 INFO:teuthology.orchestra.run.smithi078.stdout:/usr/bin/ceph: stderr
2024-04-25T01:35:54.960+0000 7f31a91c2700 1 --2- 172.21.15.78:0/3323887236 >> [v2:172.21.15.78:6800/1101495738,v1:172.21.15.78:6801/1101495738] conn(0x7f3190039050 0x7f319003b510 unknown :-1 s=BANNER_CONNECTING pgs=0 cs=0 l=1 rev1=0 crypto rx=0 tx=0 comp rx=0 tx=0)._handle_peer_banner_payload supported=3 required=0
2024-04-25T01:35:55.984 INFO:teuthology.orchestra.run.smithi078.stdout:/usr/bin/ceph: stderr
2024-04-25T01:35:54.960+0000 7f31a91c2700 1 --2- 172.21.15.78:0/3323887236 >> [v2:172.21.15.78:6800/1101495738,v1:172.21.15.78:6801/1101495738] conn(0x7f3190039050 0x7f319003b510 secure :-1 s=READY pgs=9 cs=0 l=1 rev1=1 crypto rx=0x7f3194006fd0 tx=0x7f3194006e40 comp rx=0 tx=0).ready entity=mgr.14116 client_cookie=0 server_cookie=0 in_seq=0 out_seq=0
2024-04-25T01:35:55.984 INFO:teuthology.orchestra.run.smithi078.stdout:/usr/bin/ceph: stderr
2024-04-25T01:35:54.966+0000 7f319affd700 1 -- 172.21.15.78:0/3323887236 <== mon.0 v2:172.21.15.78:3300/0 6 ==== mon_command_ack([{"prefix": "get_command_descriptions"}]=0 v0) ==== 72+0+186147 (secure 0 0 0) 0x7f31a000f2e0 con 0x7f31a4106c30
2024-04-25T01:35:55.984 INFO:teuthology.orchestra.run.smithi078.stdout:/usr/bin/ceph: stderr
2024-04-25T01:35:55.158+0000 7f31abc27700 1 -- 172.21.15.78:0/3323887236 --> [v2:172.21.15.78:6800/1101495738,v1:172.21.15.78:6801/1101495738] -- mgr_command(tid 0: {"prefix": "cephadm generate-key", "target": ["mon-mgr", ""]}) -- 0x7f31a41033d0 con 0x7f3190039050
2024-04-25T01:35:55.984 INFO:teuthology.orchestra.run.smithi078.stdout:/usr/bin/ceph: stderr
2024-04-25T01:35:55.423+0000 7f319affd700 1 -- 172.21.15.78:0/3323887236 <== mgr.14116 v2:172.21.15.78:6800/1101495738 1 ==== mgr_command_reply(tid 0: 0 ) ==== 8+0+0 (secure 0 0 0) 0x7f31a41033d0 con 0x7f3190039050
2024-04-25T01:35:55.984 INFO:teuthology.orchestra.run.smithi078.stdout:/usr/bin/ceph: stderr
2024-04-25T01:35:55.426+0000 7f31abc27700 1 -- 172.21.15.78:0/3323887236 >> [v2:172.21.15.78:6800/1101495738,v1:172.21.15.78:6801/1101495738] conn(0x7f3190039050 msgr2=0x7f319003b510 secure :-1 s=STATE_CONNECTION_ESTABLISHED l=1).mark_down
2024-04-25T01:35:55.984 INFO:teuthology.orchestra.run.smithi078.stdout:/usr/bin/ceph: stderr
2024-04-25T01:35:55.426+0000 7f31abc27700 1 --2- 172.21.15.78:0/3323887236 >> [v2:172.21.15.78:6800/1101495738,v1:172.21.15.78:6801/1101495738] conn(0x7f3190039050 0x7f319003b510 secure :-1 s=READY pgs=9 cs=0 l=1 rev1=1 crypto rx=0x7f3194006fd0 tx=0x7f3194006e40 comp rx=0 tx=0).stop
2024-04-25T01:35:55.984 INFO:teuthology.orchestra.run.smithi078.stdout:/usr/bin/ceph: stderr
2024-04-25T01:35:55.426+0000 7f31abc27700 1 -- 172.21.15.78:0/3323887236 >> [v2:172.21.15.78:3300/0,v1:172.21.15.78:6789/0] conn(0x7f31a4106c30 msgr2=0x7f31a407c2a0 secure :-1 s=STATE_CONNECTION_ESTABLISHED l=1).mark_down
2024-04-25T01:35:55.984 INFO:teuthology.orchestra.run.smithi078.stdout:/usr/bin/ceph: stderr
2024-04-25T01:35:55.426+0000 7f31abc27700 1 --2- 172.21.15.78:0/3323887236 >> [v2:172.21.15.78:3300/0,v1:172.21.15.78:6789/0] conn(0x7f31a4106c30 0x7f31a407c2a0 secure :-1 s=READY pgs=38 cs=0 l=1 rev1=1 crypto rx=0x7f31a0011670 tx=0x7f31a0011b60 comp rx=0 tx=0).stop
2024-04-25T01:35:55.984 INFO:teuthology.orchestra.run.smithi078.stdout:/usr/bin/ceph: stderr
2024-04-25T01:35:55.426+0000 7f31abc27700 1 -- 172.21.15.78:0/3323887236 shutdown_connections
2024-04-25T01:35:55.984 INFO:teuthology.orchestra.run.smithi078.stdout:/usr/bin/ceph: stderr
2024-04-25T01:35:55.426+0000 7f31abc27700 1 --2- 172.21.15.78:0/3323887236 >> [v2:172.21.15.78:6800/1101495738,v1:172.21.15.78:6801/1101495738] conn(0x7f3190039050 0x7f319003b510 unknown :-1 s=CLOSED pgs=9 cs=0 l=1 rev1=1 crypto rx=0 tx=0 comp rx=0 tx=0).stop
2024-04-25T01:35:55.984 INFO:teuthology.orchestra.run.smithi078.stdout:/usr/bin/ceph: stderr
2024-04-25T01:35:55.426+0000 7f31abc27700 1 --2- 172.21.15.78:0/3323887236 >> [v2:172.21.15.78:3300/0,v1:172.21.15.78:6789/0] conn(0x7f31a4106c30 0x7f31a407c2a0 unknown :-1 s=CLOSED pgs=38 cs=0 l=1 rev1=1 crypto rx=0 tx=0 comp rx=0 tx=0).stop
2024-04-25T01:35:55.985 INFO:teuthology.orchestra.run.smithi078.stdout:/usr/bin/ceph: stderr
2024-04-25T01:35:55.426+0000 7f31abc27700 1 -- 172.21.15.78:0/3323887236 >> 172.21.15.78:0/3323887236 conn(0x7f31a4102250 msgr2=0x7f31a4102cc0 unknown :-1 s=STATE_NONE l=0).mark_down
2024-04-25T01:35:55.985 INFO:teuthology.orchestra.run.smithi078.stdout:/usr/bin/ceph: stderr
2024-04-25T01:35:55.426+0000 7f31abc27700 1 -- 172.21.15.78:0/3323887236 shutdown_connections
2024-04-25T01:35:55.985 INFO:teuthology.orchestra.run.smithi078.stdout:/usr/bin/ceph: stderr
2024-04-25T01:35:55.426+0000 7f31abc27700 1 -- 172.21.15.78:0/3323887236 wait complete.
2024-04-25T01:35:56.611 INFO:journalctl@ceph.mon.a.smithi078.stdout:Apr 25 01:35:56 smithi078 ceph-mon[29469]: from='client.14132 -' entity='client.admin' cmd=[{"prefix": "cephadm generate-key", "target": ["mon-mgr", ""]}]: dispatch
2024-04-25T01:35:56.611 INFO:journalctl@ceph.mon.a.smithi078.stdout:Apr 25 01:35:56 smithi078 ceph-mon[29469]: Generating ssh key...
2024-04-25T01:35:57.162 INFO:teuthology.orchestra.run.smithi078.stdout:/usr/bin/ceph: stdout ssh-rsa AAAAB3NzaC1yc2EAAAADAQABAAABgQDFGDsYAnYi1SICvR6km81JBw2ZhEj7TRQYaAnyOMmj08Skwc6Pd22INWVW6AWoPorTbcxYNkCym1Vt1CGKVRupd4T6VO4C1XO+8T/xjepKXR/Q9ams33Dpq8A3cMyLmef66eRsvSpaKoWwO9e3BawuKsfj1Mzdolnh1+kgChZjNxNmAHCwLjRBVeXWHZhl4uxDcuEI/lgBAa+1WVfcUhkkqoUeF6IHJx0HRdDYOImFO8qB+twCGoS01bJ+aQEoMPOqv6+qwS4f4mZGBQ47aBQpc28IV3ujGCQZdLBRRSXV6Ric2bwbcqIZH7Tmida9j8emSPP8mpOL1Y+uvaD25n3nXc6uwl4ZUUtfRi3GMb8vIp0oFLkCBxQwvC/lJ+VN1pLFodDzzJIHZ1jfF/KCAsewQYHRa5iy5DXDxX7WJ9KHcETu654640/krxwxR7WfLukK5kP14sRbkoPQ+6el7mTQSJ6rLyRN+iUMMhNrEUJxx7wf3p0S75seauZPL5g90wE= ceph-df36bea8-02a3-11ef-bc93-c7b262605968
2024-04-25T01:35:57.162 INFO:teuthology.orchestra.run.smithi078.stdout:/usr/bin/ceph: stderr
2024-04-25T01:35:56.428+0000 7ff143745700 1 Processor -- start
2024-04-25T01:35:57.162 INFO:teuthology.orchestra.run.smithi078.stdout:/usr/bin/ceph: stderr
2024-04-25T01:35:56.428+0000 7ff143745700 1 -- start start
2024-04-25T01:35:57.162 INFO:teuthology.orchestra.run.smithi078.stdout:/usr/bin/ceph: stderr
2024-04-25T01:35:56.428+0000 7ff143745700 1 --2- >> [v2:172.21.15.78:3300/0,v1:172.21.15.78:6789/0] conn(0x7ff13c107d60 0x7ff13c108180 unknown :-1 s=NONE pgs=0 cs=0 l=0 rev1=0 crypto rx=0 tx=0 comp rx=0 tx=0).connect
2024-04-25T01:35:57.162 INFO:teuthology.orchestra.run.smithi078.stdout:/usr/bin/ceph: stderr
2024-04-25T01:35:56.428+0000 7ff143745700 1 -- --> [v2:172.21.15.78:3300/0,v1:172.21.15.78:6789/0] -- mon_getmap magic: 0 -- 0x7ff13c108750 con 0x7ff13c107d60
2024-04-25T01:35:57.162 INFO:teuthology.orchestra.run.smithi078.stdout:/usr/bin/ceph: stderr
2024-04-25T01:35:56.428+0000 7ff1414e1700 1 --2- >> [v2:172.21.15.78:3300/0,v1:172.21.15.78:6789/0] conn(0x7ff13c107d60 0x7ff13c108180 unknown :-1 s=BANNER_CONNECTING pgs=0 cs=0 l=0 rev1=0 crypto rx=0 tx=0 comp rx=0 tx=0)._handle_peer_banner_payload supported=3 required=0
2024-04-25T01:35:57.162 INFO:teuthology.orchestra.run.smithi078.stdout:/usr/bin/ceph: stderr
2024-04-25T01:35:56.428+0000 7ff1414e1700 1 --2- >> [v2:172.21.15.78:3300/0,v1:172.21.15.78:6789/0] conn(0x7ff13c107d60 0x7ff13c108180 unknown :-1 s=HELLO_CONNECTING pgs=0 cs=0 l=0 rev1=1 crypto rx=0 tx=0 comp rx=0 tx=0).handle_hello peer v2:172.21.15.78:3300/0 says I am v2:172.21.15.78:51394/0 (socket says 172.21.15.78:51394)
2024-04-25T01:35:57.162 INFO:teuthology.orchestra.run.smithi078.stdout:/usr/bin/ceph: stderr
2024-04-25T01:35:56.428+0000 7ff1414e1700 1 -- 172.21.15.78:0/237897891 learned_addr learned my addr 172.21.15.78:0/237897891 (peer_addr_for_me v2:172.21.15.78:0/0)
2024-04-25T01:35:57.162 INFO:teuthology.orchestra.run.smithi078.stdout:/usr/bin/ceph: stderr
2024-04-25T01:35:56.429+0000 7ff1414e1700 1 -- 172.21.15.78:0/237897891 --> [v2:172.21.15.78:3300/0,v1:172.21.15.78:6789/0] -- mon_subscribe({config=0+,monmap=0+}) -- 0x7ff13c108ec0 con 0x7ff13c107d60
2024-04-25T01:35:57.162 INFO:teuthology.orchestra.run.smithi078.stdout:/usr/bin/ceph: stderr
2024-04-25T01:35:56.429+0000 7ff1414e1700 1 --2- 172.21.15.78:0/237897891 >> [v2:172.21.15.78:3300/0,v1:172.21.15.78:6789/0] conn(0x7ff13c107d60 0x7ff13c108180 secure :-1 s=READY pgs=39 cs=0 l=1 rev1=1 crypto rx=0x7ff1380098a0 tx=0x7ff138009bb0 comp rx=0 tx=0).ready entity=mon.0 client_cookie=34ac6d7d75df981b server_cookie=0 in_seq=0 out_seq=0
2024-04-25T01:35:57.163 INFO:teuthology.orchestra.run.smithi078.stdout:/usr/bin/ceph: stderr
2024-04-25T01:35:56.429+0000 7ff133fff700 1 -- 172.21.15.78:0/237897891 <== mon.0 v2:172.21.15.78:3300/0 1 ==== mon_map magic: 0 ==== 205+0+0 (secure 0 0 0) 0x7ff138004160 con 0x7ff13c107d60
2024-04-25T01:35:57.163 INFO:teuthology.orchestra.run.smithi078.stdout:/usr/bin/ceph: stderr
2024-04-25T01:35:56.429+0000 7ff133fff700 1 -- 172.21.15.78:0/237897891 <== mon.0 v2:172.21.15.78:3300/0 2 ==== config(27 keys) ==== 1109+0+0 (secure 0 0 0) 0x7ff138004300 con 0x7ff13c107d60
2024-04-25T01:35:57.163 INFO:teuthology.orchestra.run.smithi078.stdout:/usr/bin/ceph: stderr
2024-04-25T01:35:56.429+0000 7ff133fff700 1 -- 172.21.15.78:0/237897891 <== mon.0 v2:172.21.15.78:3300/0 3 ==== mon_map magic: 0 ==== 205+0+0 (secure 0 0 0) 0x7ff138011b50 con 0x7ff13c107d60
2024-04-25T01:35:57.163 INFO:teuthology.orchestra.run.smithi078.stdout:/usr/bin/ceph: stderr
2024-04-25T01:35:56.429+0000 7ff143745700 1 -- 172.21.15.78:0/237897891 >> [v2:172.21.15.78:3300/0,v1:172.21.15.78:6789/0] conn(0x7ff13c107d60 msgr2=0x7ff13c108180 secure :-1 s=STATE_CONNECTION_ESTABLISHED l=1).mark_down
2024-04-25T01:35:57.163 INFO:teuthology.orchestra.run.smithi078.stdout:/usr/bin/ceph: stderr
2024-04-25T01:35:56.429+0000 7ff143745700 1 --2- 172.21.15.78:0/237897891 >> [v2:172.21.15.78:3300/0,v1:172.21.15.78:6789/0] conn(0x7ff13c107d60 0x7ff13c108180 secure :-1 s=READY pgs=39 cs=0 l=1 rev1=1 crypto rx=0x7ff1380098a0 tx=0x7ff138009bb0 comp rx=0 tx=0).stop
2024-04-25T01:35:57.163 INFO:teuthology.orchestra.run.smithi078.stdout:/usr/bin/ceph: stderr
2024-04-25T01:35:56.430+0000 7ff143745700 1 -- 172.21.15.78:0/237897891 shutdown_connections
2024-04-25T01:35:57.163 INFO:teuthology.orchestra.run.smithi078.stdout:/usr/bin/ceph: stderr
2024-04-25T01:35:56.430+0000 7ff143745700 1 --2- 172.21.15.78:0/237897891 >> [v2:172.21.15.78:3300/0,v1:172.21.15.78:6789/0] conn(0x7ff13c107d60 0x7ff13c108180 unknown :-1 s=CLOSED pgs=39 cs=0 l=1 rev1=1 crypto rx=0 tx=0 comp rx=0 tx=0).stop
2024-04-25T01:35:57.163 INFO:teuthology.orchestra.run.smithi078.stdout:/usr/bin/ceph: stderr
2024-04-25T01:35:56.430+0000 7ff143745700 1 -- 172.21.15.78:0/237897891 >> 172.21.15.78:0/237897891 conn(0x7ff13c103300 msgr2=0x7ff13c105740 unknown :-1 s=STATE_NONE l=0).mark_down
2024-04-25T01:35:57.163 INFO:teuthology.orchestra.run.smithi078.stdout:/usr/bin/ceph: stderr
2024-04-25T01:35:56.430+0000 7ff143745700 1 -- 172.21.15.78:0/237897891 shutdown_connections
2024-04-25T01:35:57.163 INFO:teuthology.orchestra.run.smithi078.stdout:/usr/bin/ceph: stderr
2024-04-25T01:35:56.430+0000 7ff143745700 1 -- 172.21.15.78:0/237897891 wait complete.
2024-04-25T01:35:57.163 INFO:teuthology.orchestra.run.smithi078.stdout:/usr/bin/ceph: stderr
2024-04-25T01:35:56.430+0000 7ff143745700 1 Processor -- start
2024-04-25T01:35:57.163 INFO:teuthology.orchestra.run.smithi078.stdout:/usr/bin/ceph: stderr
2024-04-25T01:35:56.430+0000 7ff143745700 1 -- start start
2024-04-25T01:35:57.163 INFO:teuthology.orchestra.run.smithi078.stdout:/usr/bin/ceph: stderr
2024-04-25T01:35:56.430+0000 7ff143745700 1 --2- >> [v2:172.21.15.78:3300/0,v1:172.21.15.78:6789/0] conn(0x7ff13c107d60 0x7ff13c19bcb0 unknown :-1 s=NONE pgs=0 cs=0 l=1 rev1=0 crypto rx=0 tx=0 comp rx=0 tx=0).connect
2024-04-25T01:35:57.163 INFO:teuthology.orchestra.run.smithi078.stdout:/usr/bin/ceph: stderr
2024-04-25T01:35:56.430+0000 7ff143745700 1 -- --> [v2:172.21.15.78:3300/0,v1:172.21.15.78:6789/0] -- mon_getmap magic: 0 -- 0x7ff13c10c270 con 0x7ff13c107d60
2024-04-25T01:35:57.164 INFO:teuthology.orchestra.run.smithi078.stdout:/usr/bin/ceph: stderr
2024-04-25T01:35:56.431+0000 7ff1414e1700 1 --2- >> [v2:172.21.15.78:3300/0,v1:172.21.15.78:6789/0] conn(0x7ff13c107d60 0x7ff13c19bcb0 unknown :-1 s=BANNER_CONNECTING pgs=0 cs=0 l=1 rev1=0 crypto rx=0 tx=0 comp rx=0 tx=0)._handle_peer_banner_payload supported=3 required=0
2024-04-25T01:35:57.164 INFO:teuthology.orchestra.run.smithi078.stdout:/usr/bin/ceph: stderr
2024-04-25T01:35:56.431+0000 7ff1414e1700 1 --2- >> [v2:172.21.15.78:3300/0,v1:172.21.15.78:6789/0] conn(0x7ff13c107d60 0x7ff13c19bcb0 unknown :-1 s=HELLO_CONNECTING pgs=0 cs=0 l=1 rev1=1 crypto rx=0 tx=0 comp rx=0 tx=0).handle_hello peer v2:172.21.15.78:3300/0 says I am v2:172.21.15.78:51400/0 (socket says 172.21.15.78:51400)
2024-04-25T01:35:57.164 INFO:teuthology.orchestra.run.smithi078.stdout:/usr/bin/ceph: stderr
2024-04-25T01:35:56.431+0000 7ff1414e1700 1 -- 172.21.15.78:0/48362791 learned_addr learned my addr 172.21.15.78:0/48362791 (peer_addr_for_me v2:172.21.15.78:0/0)
2024-04-25T01:35:57.164 INFO:teuthology.orchestra.run.smithi078.stdout:/usr/bin/ceph: stderr
2024-04-25T01:35:56.431+0000 7ff1414e1700 1 -- 172.21.15.78:0/48362791 --> [v2:172.21.15.78:3300/0,v1:172.21.15.78:6789/0] -- mon_subscribe({config=0+,monmap=0+}) -- 0x7ff13c19c1f0 con 0x7ff13c107d60
2024-04-25T01:35:57.164 INFO:teuthology.orchestra.run.smithi078.stdout:/usr/bin/ceph: stderr
2024-04-25T01:35:56.431+0000 7ff1414e1700 1 --2- 172.21.15.78:0/48362791 >> [v2:172.21.15.78:3300/0,v1:172.21.15.78:6789/0] conn(0x7ff13c107d60 0x7ff13c19bcb0 secure :-1 s=READY pgs=40 cs=0 l=1 rev1=1 crypto rx=0x7ff138011670 tx=0x7ff138011b60 comp rx=0 tx=0).ready entity=mon.0 client_cookie=0 server_cookie=0 in_seq=0 out_seq=0
2024-04-25T01:35:57.164 INFO:teuthology.orchestra.run.smithi078.stdout:/usr/bin/ceph: stderr
2024-04-25T01:35:56.431+0000 7ff1327fc700 1 -- 172.21.15.78:0/48362791 <== mon.0 v2:172.21.15.78:3300/0 1 ==== mon_map magic: 0 ==== 205+0+0 (secure 0 0 0) 0x7ff1380039c0 con 0x7ff13c107d60
2024-04-25T01:35:57.164 INFO:teuthology.orchestra.run.smithi078.stdout:/usr/bin/ceph: stderr
2024-04-25T01:35:56.431+0000 7ff1327fc700 1 -- 172.21.15.78:0/48362791 <== mon.0 v2:172.21.15.78:3300/0 2 ==== config(27 keys) ==== 1109+0+0 (secure 0 0 0) 0x7ff138011e50 con 0x7ff13c107d60
2024-04-25T01:35:57.164 INFO:teuthology.orchestra.run.smithi078.stdout:/usr/bin/ceph: stderr
2024-04-25T01:35:56.431+0000 7ff143745700 1 -- 172.21.15.78:0/48362791 --> [v2:172.21.15.78:3300/0,v1:172.21.15.78:6789/0] -- mon_subscribe({mgrmap=0+}) -- 0x7ff13c19c480 con 0x7ff13c107d60
2024-04-25T01:35:57.164 INFO:teuthology.orchestra.run.smithi078.stdout:/usr/bin/ceph: stderr
2024-04-25T01:35:56.431+0000 7ff1327fc700 1 -- 172.21.15.78:0/48362791 <== mon.0 v2:172.21.15.78:3300/0 3 ==== mon_map magic: 0 ==== 205+0+0 (secure 0 0 0) 0x7ff13801a5c0 con 0x7ff13c107d60
2024-04-25T01:35:57.164 INFO:teuthology.orchestra.run.smithi078.stdout:/usr/bin/ceph: stderr
2024-04-25T01:35:56.431+0000 7ff143745700 1 -- 172.21.15.78:0/48362791 --> [v2:172.21.15.78:3300/0,v1:172.21.15.78:6789/0] -- mon_subscribe({osdmap=0}) -- 0x7ff13c19f170 con 0x7ff13c107d60
2024-04-25T01:35:57.164 INFO:teuthology.orchestra.run.smithi078.stdout:/usr/bin/ceph: stderr
2024-04-25T01:35:56.432+0000 7ff1327fc700 1 -- 172.21.15.78:0/48362791 <== mon.0 v2:172.21.15.78:3300/0 4 ==== mgrmap(e 8) ==== 46287+0+0 (secure 0 0 0) 0x7ff13801a870 con 0x7ff13c107d60
2024-04-25T01:35:57.164 INFO:teuthology.orchestra.run.smithi078.stdout:/usr/bin/ceph: stderr
2024-04-25T01:35:56.432+0000 7ff143745700 1 -- 172.21.15.78:0/48362791 --> [v2:172.21.15.78:3300/0,v1:172.21.15.78:6789/0] -- mon_command({"prefix": "get_command_descriptions"} v 0) -- 0x7ff13c063890 con 0x7ff13c107d60
2024-04-25T01:35:57.164 INFO:teuthology.orchestra.run.smithi078.stdout:/usr/bin/ceph: stderr
2024-04-25T01:35:56.432+0000 7ff1327fc700 1 --2- 172.21.15.78:0/48362791 >> [v2:172.21.15.78:6800/1101495738,v1:172.21.15.78:6801/1101495738] conn(0x7ff128039050 0x7ff12803b510 unknown :-1 s=NONE pgs=0 cs=0 l=1 rev1=0 crypto rx=0 tx=0 comp rx=0 tx=0).connect
2024-04-25T01:35:57.164 INFO:teuthology.orchestra.run.smithi078.stdout:/usr/bin/ceph: stderr
2024-04-25T01:35:56.432+0000 7ff1327fc700 1 -- 172.21.15.78:0/48362791 <== mon.0 v2:172.21.15.78:3300/0 5 ==== osd_map(2..2 src has 1..2) ==== 940+0+0 (secure 0 0 0) 0x7ff13804d3b0 con 0x7ff13c107d60
2024-04-25T01:35:57.165 INFO:teuthology.orchestra.run.smithi078.stdout:/usr/bin/ceph: stderr
2024-04-25T01:35:56.432+0000 7ff140ce0700 1 --2- 172.21.15.78:0/48362791 >> [v2:172.21.15.78:6800/1101495738,v1:172.21.15.78:6801/1101495738] conn(0x7ff128039050 0x7ff12803b510 unknown :-1 s=BANNER_CONNECTING pgs=0 cs=0 l=1 rev1=0 crypto rx=0 tx=0 comp rx=0 tx=0)._handle_peer_banner_payload supported=3 required=0
2024-04-25T01:35:57.165 INFO:teuthology.orchestra.run.smithi078.stdout:/usr/bin/ceph: stderr
2024-04-25T01:35:56.433+0000 7ff140ce0700 1 --2- 172.21.15.78:0/48362791 >> [v2:172.21.15.78:6800/1101495738,v1:172.21.15.78:6801/1101495738] conn(0x7ff128039050 0x7ff12803b510 secure :-1 s=READY pgs=10 cs=0 l=1 rev1=1 crypto rx=0x7ff12c006fd0 tx=0x7ff12c006e40 comp rx=0 tx=0).ready entity=mgr.14116 client_cookie=0 server_cookie=0 in_seq=0 out_seq=0
2024-04-25T01:35:57.165 INFO:teuthology.orchestra.run.smithi078.stdout:/usr/bin/ceph: stderr
2024-04-25T01:35:56.437+0000 7ff1327fc700 1 -- 172.21.15.78:0/48362791 <== mon.0 v2:172.21.15.78:3300/0 6 ==== mon_command_ack([{"prefix": "get_command_descriptions"}]=0 v0) ==== 72+0+186147 (secure 0 0 0) 0x7ff138003b60 con 0x7ff13c107d60
2024-04-25T01:35:57.165 INFO:teuthology.orchestra.run.smithi078.stdout:/usr/bin/ceph: stderr
2024-04-25T01:35:56.635+0000 7ff143745700 1 -- 172.21.15.78:0/48362791 --> [v2:172.21.15.78:6800/1101495738,v1:172.21.15.78:6801/1101495738] -- mgr_command(tid 0: {"prefix": "cephadm get-pub-key", "target": ["mon-mgr", ""]}) -- 0x7ff13c1045c0 con 0x7ff128039050
2024-04-25T01:35:57.165 INFO:teuthology.orchestra.run.smithi078.stdout:/usr/bin/ceph: stderr
2024-04-25T01:35:56.636+0000 7ff1327fc700 1 -- 172.21.15.78:0/48362791 <== mgr.14116 v2:172.21.15.78:6800/1101495738 1 ==== mgr_command_reply(tid 0: 0 ) ==== 8+0+595 (secure 0 0 0) 0x7ff13c1045c0 con 0x7ff128039050
2024-04-25T01:35:57.165 INFO:teuthology.orchestra.run.smithi078.stdout:/usr/bin/ceph: stderr
2024-04-25T01:35:56.639+0000 7ff143745700 1 -- 172.21.15.78:0/48362791 >> [v2:172.21.15.78:6800/1101495738,v1:172.21.15.78:6801/1101495738] conn(0x7ff128039050 msgr2=0x7ff12803b510 secure :-1 s=STATE_CONNECTION_ESTABLISHED l=1).mark_down
2024-04-25T01:35:57.165 INFO:teuthology.orchestra.run.smithi078.stdout:/usr/bin/ceph: stderr
2024-04-25T01:35:56.639+0000 7ff143745700 1 --2- 172.21.15.78:0/48362791 >> [v2:172.21.15.78:6800/1101495738,v1:172.21.15.78:6801/1101495738] conn(0x7ff128039050 0x7ff12803b510 secure :-1 s=READY pgs=10 cs=0 l=1 rev1=1 crypto rx=0x7ff12c006fd0 tx=0x7ff12c006e40 comp rx=0 tx=0).stop
2024-04-25T01:35:57.165 INFO:teuthology.orchestra.run.smithi078.stdout:/usr/bin/ceph: stderr
2024-04-25T01:35:56.639+0000 7ff143745700 1 -- 172.21.15.78:0/48362791 >> [v2:172.21.15.78:3300/0,v1:172.21.15.78:6789/0] conn(0x7ff13c107d60 msgr2=0x7ff13c19bcb0 secure :-1 s=STATE_CONNECTION_ESTABLISHED l=1).mark_down
2024-04-25T01:35:57.166 INFO:teuthology.orchestra.run.smithi078.stdout:/usr/bin/ceph: stderr
2024-04-25T01:35:56.639+0000 7ff143745700 1 --2- 172.21.15.78:0/48362791 >> [v2:172.21.15.78:3300/0,v1:172.21.15.78:6789/0] conn(0x7ff13c107d60 0x7ff13c19bcb0 secure :-1 s=READY pgs=40 cs=0 l=1 rev1=1 crypto rx=0x7ff138011670 tx=0x7ff138011b60 comp rx=0 tx=0).stop
2024-04-25T01:35:57.166 INFO:teuthology.orchestra.run.smithi078.stdout:/usr/bin/ceph: stderr
2024-04-25T01:35:56.639+0000 7ff143745700 1 -- 172.21.15.78:0/48362791 shutdown_connections
2024-04-25T01:35:57.166 INFO:teuthology.orchestra.run.smithi078.stdout:/usr/bin/ceph: stderr
2024-04-25T01:35:56.639+0000 7ff143745700 1 --2- 172.21.15.78:0/48362791 >> [v2:172.21.15.78:6800/1101495738,v1:172.21.15.78:6801/1101495738] conn(0x7ff128039050 0x7ff12803b510 unknown :-1 s=CLOSED pgs=10 cs=0 l=1 rev1=1 crypto rx=0 tx=0 comp rx=0 tx=0).stop
2024-04-25T01:35:57.166 INFO:teuthology.orchestra.run.smithi078.stdout:/usr/bin/ceph: stderr
2024-04-25T01:35:56.639+0000 7ff143745700 1 --2- 172.21.15.78:0/48362791 >> [v2:172.21.15.78:3300/0,v1:172.21.15.78:6789/0] conn(0x7ff13c107d60 0x7ff13c19bcb0 unknown :-1 s=CLOSED pgs=40 cs=0 l=1 rev1=1 crypto rx=0 tx=0 comp rx=0 tx=0).stop
2024-04-25T01:35:57.166 INFO:teuthology.orchestra.run.smithi078.stdout:/usr/bin/ceph: stderr
2024-04-25T01:35:56.639+0000 7ff143745700 1 -- 172.21.15.78:0/48362791 >> 172.21.15.78:0/48362791 conn(0x7ff13c103300 msgr2=0x7ff13c103eb0 unknown :-1 s=STATE_NONE l=0).mark_down
2024-04-25T01:35:57.166 INFO:teuthology.orchestra.run.smithi078.stdout:/usr/bin/ceph: stderr
2024-04-25T01:35:56.640+0000 7ff143745700 1 -- 172.21.15.78:0/48362791 shutdown_connections
2024-04-25T01:35:57.166 INFO:teuthology.orchestra.run.smithi078.stdout:/usr/bin/ceph: stderr
2024-04-25T01:35:56.640+0000 7ff143745700 1 -- 172.21.15.78:0/48362791 wait complete.
2024-04-25T01:35:57.166 INFO:teuthology.orchestra.run.smithi078.stdout:Wrote public SSH key to /home/ubuntu/cephtest/ceph.pub
2024-04-25T01:35:57.166 INFO:teuthology.orchestra.run.smithi078.stdout:Adding key to root@localhost authorized_keys...
2024-04-25T01:35:57.166 INFO:teuthology.orchestra.run.smithi078.stdout:Adding host smithi078...
2024-04-25T01:35:57.741 INFO:journalctl@ceph.mon.a.smithi078.stdout:Apr 25 01:35:57 smithi078 ceph-mon[29469]: from='client.14134 -' entity='client.admin' cmd=[{"prefix": "cephadm get-pub-key", "target": ["mon-mgr", ""]}]: dispatch
2024-04-25T01:35:58.991 INFO:journalctl@ceph.mon.a.smithi078.stdout:Apr 25 01:35:58 smithi078 ceph-mon[29469]: from='client.14136 -' entity='client.admin' cmd=[{"prefix": "orch host add", "hostname": "smithi078", "addr": "172.21.15.78", "target": ["mon-mgr", ""]}]: dispatch
2024-04-25T01:35:58.991 INFO:journalctl@ceph.mon.a.smithi078.stdout:Apr 25 01:35:58 smithi078 ceph-mon[29469]: Deploying cephadm binary to smithi078
2024-04-25T01:36:02.428 INFO:teuthology.orchestra.run.smithi078.stdout:/usr/bin/ceph: stdout Added host 'smithi078' with addr '172.21.15.78'
2024-04-25T01:36:02.428 INFO:teuthology.orchestra.run.smithi078.stdout:/usr/bin/ceph: stderr
2024-04-25T01:35:57.634+0000 7fd9eea4b700 1 Processor -- start
2024-04-25T01:36:02.428 INFO:teuthology.orchestra.run.smithi078.stdout:/usr/bin/ceph: stderr
2024-04-25T01:35:57.634+0000 7fd9eea4b700 1 -- start start
2024-04-25T01:36:02.428 INFO:teuthology.orchestra.run.smithi078.stdout:/usr/bin/ceph: stderr
2024-04-25T01:35:57.635+0000 7fd9eea4b700 1 --2- >> [v2:172.21.15.78:3300/0,v1:172.21.15.78:6789/0] conn(0x7fd9e8106c00 0x7fd9e8107020 unknown :-1 s=NONE pgs=0 cs=0 l=0 rev1=0 crypto rx=0 tx=0 comp rx=0 tx=0).connect
2024-04-25T01:36:02.428 INFO:teuthology.orchestra.run.smithi078.stdout:/usr/bin/ceph: stderr
2024-04-25T01:35:57.635+0000 7fd9eea4b700 1 -- --> [v2:172.21.15.78:3300/0,v1:172.21.15.78:6789/0] -- mon_getmap magic: 0 -- 0x7fd9e81075f0 con 0x7fd9e8106c00
2024-04-25T01:36:02.428 INFO:teuthology.orchestra.run.smithi078.stdout:/usr/bin/ceph: stderr
2024-04-25T01:35:57.635+0000 7fd9e7fff700 1 --2- >> [v2:172.21.15.78:3300/0,v1:172.21.15.78:6789/0] conn(0x7fd9e8106c00 0x7fd9e8107020 unknown :-1 s=BANNER_CONNECTING pgs=0 cs=0 l=0 rev1=0 crypto rx=0 tx=0 comp rx=0 tx=0)._handle_peer_banner_payload supported=3 required=0
2024-04-25T01:36:02.428 INFO:teuthology.orchestra.run.smithi078.stdout:/usr/bin/ceph: stderr
2024-04-25T01:35:57.635+0000 7fd9e7fff700 1 --2- >> [v2:172.21.15.78:3300/0,v1:172.21.15.78:6789/0] conn(0x7fd9e8106c00 0x7fd9e8107020 unknown :-1 s=HELLO_CONNECTING pgs=0 cs=0 l=0 rev1=1 crypto rx=0 tx=0 comp rx=0 tx=0).handle_hello peer v2:172.21.15.78:3300/0 says I am v2:172.21.15.78:51408/0 (socket says 172.21.15.78:51408)
2024-04-25T01:36:02.429 INFO:teuthology.orchestra.run.smithi078.stdout:/usr/bin/ceph: stderr
2024-04-25T01:35:57.635+0000 7fd9e7fff700 1 -- 172.21.15.78:0/803606935 learned_addr learned my addr 172.21.15.78:0/803606935 (peer_addr_for_me v2:172.21.15.78:0/0)
2024-04-25T01:36:02.429 INFO:teuthology.orchestra.run.smithi078.stdout:/usr/bin/ceph: stderr
2024-04-25T01:35:57.635+0000 7fd9e7fff700 1 -- 172.21.15.78:0/803606935 --> [v2:172.21.15.78:3300/0,v1:172.21.15.78:6789/0] -- mon_subscribe({config=0+,monmap=0+}) -- 0x7fd9e8107e00 con 0x7fd9e8106c00
2024-04-25T01:36:02.429 INFO:teuthology.orchestra.run.smithi078.stdout:/usr/bin/ceph: stderr
2024-04-25T01:35:57.635+0000 7fd9e7fff700 1 --2- 172.21.15.78:0/803606935 >> [v2:172.21.15.78:3300/0,v1:172.21.15.78:6789/0] conn(0x7fd9e8106c00 0x7fd9e8107020 secure :-1 s=READY pgs=41 cs=0 l=1 rev1=1 crypto rx=0x7fd9d80098a0 tx=0x7fd9d8009bb0 comp rx=0 tx=0).ready entity=mon.0 client_cookie=67ebb011a53b8c66 server_cookie=0 in_seq=0 out_seq=0
2024-04-25T01:36:02.429 INFO:teuthology.orchestra.run.smithi078.stdout:/usr/bin/ceph: stderr
2024-04-25T01:35:57.635+0000 7fd9e6ffd700 1 -- 172.21.15.78:0/803606935 <== mon.0 v2:172.21.15.78:3300/0 1 ==== mon_map magic: 0 ==== 205+0+0 (secure 0 0 0) 0x7fd9d8004160 con 0x7fd9e8106c00
2024-04-25T01:36:02.429 INFO:teuthology.orchestra.run.smithi078.stdout:/usr/bin/ceph: stderr
2024-04-25T01:35:57.635+0000 7fd9e6ffd700 1 -- 172.21.15.78:0/803606935 <== mon.0 v2:172.21.15.78:3300/0 2 ==== config(27 keys) ==== 1109+0+0 (secure 0 0 0) 0x7fd9d8004300 con 0x7fd9e8106c00
2024-04-25T01:36:02.429 INFO:teuthology.orchestra.run.smithi078.stdout:/usr/bin/ceph: stderr
2024-04-25T01:35:57.635+0000 7fd9e6ffd700 1 -- 172.21.15.78:0/803606935 <== mon.0 v2:172.21.15.78:3300/0 3 ==== mon_map magic: 0 ==== 205+0+0 (secure 0 0 0) 0x7fd9d8011b50 con 0x7fd9e8106c00
2024-04-25T01:36:02.429 INFO:teuthology.orchestra.run.smithi078.stdout:/usr/bin/ceph: stderr
2024-04-25T01:35:57.636+0000 7fd9eea4b700 1 -- 172.21.15.78:0/803606935 >> [v2:172.21.15.78:3300/0,v1:172.21.15.78:6789/0] conn(0x7fd9e8106c00 msgr2=0x7fd9e8107020 secure :-1 s=STATE_CONNECTION_ESTABLISHED l=1).mark_down
2024-04-25T01:36:02.429 INFO:teuthology.orchestra.run.smithi078.stdout:/usr/bin/ceph: stderr
2024-04-25T01:35:57.636+0000 7fd9eea4b700 1 --2- 172.21.15.78:0/803606935 >> [v2:172.21.15.78:3300/0,v1:172.21.15.78:6789/0] conn(0x7fd9e8106c00 0x7fd9e8107020 secure :-1 s=READY pgs=41 cs=0 l=1 rev1=1 crypto rx=0x7fd9d80098a0 tx=0x7fd9d8009bb0 comp rx=0 tx=0).stop
2024-04-25T01:36:02.429 INFO:teuthology.orchestra.run.smithi078.stdout:/usr/bin/ceph: stderr
2024-04-25T01:35:57.636+0000 7fd9eea4b700 1 -- 172.21.15.78:0/803606935 shutdown_connections
2024-04-25T01:36:02.429 INFO:teuthology.orchestra.run.smithi078.stdout:/usr/bin/ceph: stderr
2024-04-25T01:35:57.636+0000 7fd9eea4b700 1 --2- 172.21.15.78:0/803606935 >> [v2:172.21.15.78:3300/0,v1:172.21.15.78:6789/0] conn(0x7fd9e8106c00 0x7fd9e8107020 unknown :-1 s=CLOSED pgs=41 cs=0 l=1 rev1=1 crypto rx=0 tx=0 comp rx=0 tx=0).stop
2024-04-25T01:36:02.429 INFO:teuthology.orchestra.run.smithi078.stdout:/usr/bin/ceph: stderr
2024-04-25T01:35:57.636+0000 7fd9eea4b700 1 -- 172.21.15.78:0/803606935 >> 172.21.15.78:0/803606935 conn(0x7fd9e81021a0 msgr2=0x7fd9e81045e0 unknown :-1 s=STATE_NONE l=0).mark_down
2024-04-25T01:36:02.429 INFO:teuthology.orchestra.run.smithi078.stdout:/usr/bin/ceph: stderr
2024-04-25T01:35:57.636+0000 7fd9eea4b700 1 -- 172.21.15.78:0/803606935 shutdown_connections
2024-04-25T01:36:02.429 INFO:teuthology.orchestra.run.smithi078.stdout:/usr/bin/ceph: stderr
2024-04-25T01:35:57.636+0000 7fd9eea4b700 1 -- 172.21.15.78:0/803606935 wait complete.
2024-04-25T01:36:02.430 INFO:teuthology.orchestra.run.smithi078.stdout:/usr/bin/ceph: stderr
2024-04-25T01:35:57.637+0000 7fd9eea4b700 1 Processor -- start
2024-04-25T01:36:02.430 INFO:teuthology.orchestra.run.smithi078.stdout:/usr/bin/ceph: stderr
2024-04-25T01:35:57.637+0000 7fd9eea4b700 1 -- start start
2024-04-25T01:36:02.430 INFO:teuthology.orchestra.run.smithi078.stdout:/usr/bin/ceph: stderr
2024-04-25T01:35:57.637+0000 7fd9eea4b700 1 --2- >> [v2:172.21.15.78:3300/0,v1:172.21.15.78:6789/0] conn(0x7fd9e8106c00 0x7fd9e819bcc0 unknown :-1 s=NONE pgs=0 cs=0 l=1 rev1=0 crypto rx=0 tx=0 comp rx=0 tx=0).connect
2024-04-25T01:36:02.430 INFO:teuthology.orchestra.run.smithi078.stdout:/usr/bin/ceph: stderr
2024-04-25T01:35:57.637+0000 7fd9eea4b700 1 -- --> [v2:172.21.15.78:3300/0,v1:172.21.15.78:6789/0] -- mon_getmap magic: 0 -- 0x7fd9e810b1b0 con 0x7fd9e8106c00
2024-04-25T01:36:02.430 INFO:teuthology.orchestra.run.smithi078.stdout:/usr/bin/ceph: stderr
2024-04-25T01:35:57.637+0000 7fd9e7fff700 1 --2- >> [v2:172.21.15.78:3300/0,v1:172.21.15.78:6789/0] conn(0x7fd9e8106c00 0x7fd9e819bcc0 unknown :-1 s=BANNER_CONNECTING pgs=0 cs=0 l=1 rev1=0 crypto rx=0 tx=0 comp rx=0 tx=0)._handle_peer_banner_payload supported=3 required=0
2024-04-25T01:36:02.430 INFO:teuthology.orchestra.run.smithi078.stdout:/usr/bin/ceph: stderr
2024-04-25T01:35:57.637+0000 7fd9e7fff700 1 --2- >> [v2:172.21.15.78:3300/0,v1:172.21.15.78:6789/0] conn(0x7fd9e8106c00 0x7fd9e819bcc0 unknown :-1 s=HELLO_CONNECTING pgs=0 cs=0 l=1 rev1=1 crypto rx=0 tx=0 comp rx=0 tx=0).handle_hello peer v2:172.21.15.78:3300/0 says I am v2:172.21.15.78:51416/0 (socket says 172.21.15.78:51416)
2024-04-25T01:36:02.430 INFO:teuthology.orchestra.run.smithi078.stdout:/usr/bin/ceph: stderr
2024-04-25T01:35:57.637+0000 7fd9e7fff700 1 -- 172.21.15.78:0/1133071394 learned_addr learned my addr 172.21.15.78:0/1133071394 (peer_addr_for_me v2:172.21.15.78:0/0)
2024-04-25T01:36:02.430 INFO:teuthology.orchestra.run.smithi078.stdout:/usr/bin/ceph: stderr
2024-04-25T01:35:57.637+0000 7fd9e7fff700 1 -- 172.21.15.78:0/1133071394 --> [v2:172.21.15.78:3300/0,v1:172.21.15.78:6789/0] -- mon_subscribe({config=0+,monmap=0+}) -- 0x7fd9e819c200 con 0x7fd9e8106c00
2024-04-25T01:36:02.430 INFO:teuthology.orchestra.run.smithi078.stdout:/usr/bin/ceph: stderr
2024-04-25T01:35:57.637+0000 7fd9e7fff700 1 --2- 172.21.15.78:0/1133071394 >> [v2:172.21.15.78:3300/0,v1:172.21.15.78:6789/0] conn(0x7fd9e8106c00 0x7fd9e819bcc0 secure :-1 s=READY pgs=42 cs=0 l=1 rev1=1 crypto rx=0x7fd9d8000c00 tx=0x7fd9d8011c10 comp rx=0 tx=0).ready entity=mon.0 client_cookie=0 server_cookie=0 in_seq=0 out_seq=0
2024-04-25T01:36:02.430 INFO:teuthology.orchestra.run.smithi078.stdout:/usr/bin/ceph: stderr
2024-04-25T01:35:57.637+0000 7fd9e57fa700 1 -- 172.21.15.78:0/1133071394 <== mon.0 v2:172.21.15.78:3300/0 1 ==== mon_map magic: 0 ==== 205+0+0 (secure 0 0 0) 0x7fd9d8003b20 con 0x7fd9e8106c00
2024-04-25T01:36:02.430 INFO:teuthology.orchestra.run.smithi078.stdout:/usr/bin/ceph: stderr
2024-04-25T01:35:57.638+0000 7fd9e57fa700 1 -- 172.21.15.78:0/1133071394 <== mon.0 v2:172.21.15.78:3300/0 2 ==== config(27 keys) ==== 1109+0+0 (secure 0 0 0) 0x7fd9d8003cc0 con 0x7fd9e8106c00
2024-04-25T01:36:02.430 INFO:teuthology.orchestra.run.smithi078.stdout:/usr/bin/ceph: stderr
2024-04-25T01:35:57.638+0000 7fd9eea4b700 1 -- 172.21.15.78:0/1133071394 --> [v2:172.21.15.78:3300/0,v1:172.21.15.78:6789/0] -- mon_subscribe({mgrmap=0+}) -- 0x7fd9e819c490 con 0x7fd9e8106c00
2024-04-25T01:36:02.431 INFO:teuthology.orchestra.run.smithi078.stdout:/usr/bin/ceph: stderr
2024-04-25T01:35:57.638+0000 7fd9e57fa700 1 -- 172.21.15.78:0/1133071394 <== mon.0 v2:172.21.15.78:3300/0 3 ==== mon_map magic: 0 ==== 205+0+0 (secure 0 0 0) 0x7fd9d8024910 con 0x7fd9e8106c00
2024-04-25T01:36:02.431 INFO:teuthology.orchestra.run.smithi078.stdout:/usr/bin/ceph: stderr
2024-04-25T01:35:57.638+0000 7fd9eea4b700 1 -- 172.21.15.78:0/1133071394 --> [v2:172.21.15.78:3300/0,v1:172.21.15.78:6789/0] -- mon_subscribe({osdmap=0}) -- 0x7fd9e819f180 con 0x7fd9e8106c00
2024-04-25T01:36:02.431 INFO:teuthology.orchestra.run.smithi078.stdout:/usr/bin/ceph: stderr
2024-04-25T01:35:57.638+0000 7fd9e57fa700 1 -- 172.21.15.78:0/1133071394 <== mon.0 v2:172.21.15.78:3300/0 4 ==== mgrmap(e 8) ==== 46287+0+0 (secure 0 0 0) 0x7fd9d8022020 con 0x7fd9e8106c00
2024-04-25T01:36:02.431 INFO:teuthology.orchestra.run.smithi078.stdout:/usr/bin/ceph: stderr
2024-04-25T01:35:57.639+0000 7fd9eea4b700 1 -- 172.21.15.78:0/1133071394 --> [v2:172.21.15.78:3300/0,v1:172.21.15.78:6789/0] -- mon_command({"prefix": "get_command_descriptions"} v 0) -- 0x7fd9e8063890 con 0x7fd9e8106c00
2024-04-25T01:36:02.431 INFO:teuthology.orchestra.run.smithi078.stdout:/usr/bin/ceph: stderr
2024-04-25T01:35:57.639+0000 7fd9e57fa700 1 --2- 172.21.15.78:0/1133071394 >> [v2:172.21.15.78:6800/1101495738,v1:172.21.15.78:6801/1101495738] conn(0x7fd9d4039050 0x7fd9d403b510 unknown :-1 s=NONE pgs=0 cs=0 l=1 rev1=0 crypto rx=0 tx=0 comp rx=0 tx=0).connect
2024-04-25T01:36:02.431 INFO:teuthology.orchestra.run.smithi078.stdout:/usr/bin/ceph: stderr
2024-04-25T01:35:57.639+0000 7fd9e57fa700 1 -- 172.21.15.78:0/1133071394 <== mon.0 v2:172.21.15.78:3300/0 5 ==== osd_map(2..2 src has 1..2) ==== 940+0+0 (secure 0 0 0) 0x7fd9d8011e00 con 0x7fd9e8106c00
2024-04-25T01:36:02.431 INFO:teuthology.orchestra.run.smithi078.stdout:/usr/bin/ceph: stderr
2024-04-25T01:35:57.639+0000 7fd9e77fe700 1 --2- 172.21.15.78:0/1133071394 >> [v2:172.21.15.78:6800/1101495738,v1:172.21.15.78:6801/1101495738] conn(0x7fd9d4039050 0x7fd9d403b510 unknown :-1 s=BANNER_CONNECTING pgs=0 cs=0 l=1 rev1=0 crypto rx=0 tx=0 comp rx=0 tx=0)._handle_peer_banner_payload supported=3 required=0
2024-04-25T01:36:02.431 INFO:teuthology.orchestra.run.smithi078.stdout:/usr/bin/ceph: stderr
2024-04-25T01:35:57.639+0000 7fd9e77fe700 1 --2- 172.21.15.78:0/1133071394 >> [v2:172.21.15.78:6800/1101495738,v1:172.21.15.78:6801/1101495738] conn(0x7fd9d4039050 0x7fd9d403b510 secure :-1 s=READY pgs=11 cs=0 l=1 rev1=1 crypto rx=0x7fd9d0006fd0 tx=0x7fd9d0006e40 comp rx=0 tx=0).ready entity=mgr.14116 client_cookie=0 server_cookie=0 in_seq=0 out_seq=0
2024-04-25T01:36:02.431 INFO:teuthology.orchestra.run.smithi078.stdout:/usr/bin/ceph: stderr
2024-04-25T01:35:57.644+0000 7fd9e57fa700 1 -- 172.21.15.78:0/1133071394 <== mon.0 v2:172.21.15.78:3300/0 6 ==== mon_command_ack([{"prefix": "get_command_descriptions"}]=0 v0) ==== 72+0+186147 (secure 0 0 0) 0x7fd9d8017ca0 con 0x7fd9e8106c00
2024-04-25T01:36:02.431 INFO:teuthology.orchestra.run.smithi078.stdout:/usr/bin/ceph: stderr
2024-04-25T01:35:57.843+0000 7fd9eea4b700 1 -- 172.21.15.78:0/1133071394 --> [v2:172.21.15.78:6800/1101495738,v1:172.21.15.78:6801/1101495738] -- mgr_command(tid 0: {"prefix": "orch host add", "hostname": "smithi078", "addr": "172.21.15.78", "target": ["mon-mgr", ""]}) -- 0x7fd9e80008d0 con 0x7fd9d4039050
2024-04-25T01:36:02.431 INFO:teuthology.orchestra.run.smithi078.stdout:/usr/bin/ceph: stderr
2024-04-25T01:36:01.856+0000 7fd9e57fa700 1 -- 172.21.15.78:0/1133071394 <== mgr.14116 v2:172.21.15.78:6800/1101495738 1 ==== mgr_command_reply(tid 0: 0 ) ==== 8+0+48 (secure 0 0 0) 0x7fd9e80008d0 con 0x7fd9d4039050
2024-04-25T01:36:02.431 INFO:teuthology.orchestra.run.smithi078.stdout:/usr/bin/ceph: stderr
2024-04-25T01:36:01.859+0000 7fd9eea4b700 1 -- 172.21.15.78:0/1133071394 >> [v2:172.21.15.78:6800/1101495738,v1:172.21.15.78:6801/1101495738] conn(0x7fd9d4039050 msgr2=0x7fd9d403b510 secure :-1 s=STATE_CONNECTION_ESTABLISHED l=1).mark_down
2024-04-25T01:36:02.432 INFO:teuthology.orchestra.run.smithi078.stdout:/usr/bin/ceph: stderr
2024-04-25T01:36:01.859+0000 7fd9eea4b700 1 --2- 172.21.15.78:0/1133071394 >> [v2:172.21.15.78:6800/1101495738,v1:172.21.15.78:6801/1101495738] conn(0x7fd9d4039050 0x7fd9d403b510 secure :-1 s=READY pgs=11 cs=0 l=1 rev1=1 crypto rx=0x7fd9d0006fd0 tx=0x7fd9d0006e40 comp rx=0 tx=0).stop
2024-04-25T01:36:02.432 INFO:teuthology.orchestra.run.smithi078.stdout:/usr/bin/ceph: stderr
2024-04-25T01:36:01.859+0000 7fd9eea4b700 1 -- 172.21.15.78:0/1133071394 >> [v2:172.21.15.78:3300/0,v1:172.21.15.78:6789/0] conn(0x7fd9e8106c00 msgr2=0x7fd9e819bcc0 secure :-1 s=STATE_CONNECTION_ESTABLISHED l=1).mark_down
2024-04-25T01:36:02.432 INFO:teuthology.orchestra.run.smithi078.stdout:/usr/bin/ceph: stderr
