2024-04-25T01:39:01.533 INFO:teuthology.orchestra.run.smithi117.stdout:/usr/bin/ceph: stderr
2024-04-25T01:39:00.710+0000 7f6ec0993700 1 -- --> [v2:172.21.15.117:3300/0,v1:172.21.15.117:6789/0] -- mon_getmap magic: 0 -- 0x7f6ebc10c110 con 0x7f6ebc1091f0
2024-04-25T01:39:01.533 INFO:teuthology.orchestra.run.smithi117.stdout:/usr/bin/ceph: stderr
2024-04-25T01:39:00.710+0000 7f6eba59c700 1 --2- >> [v2:172.21.15.117:3300/0,v1:172.21.15.117:6789/0] conn(0x7f6ebc1091f0 0x7f6ebc19bab0 unknown :-1 s=BANNER_CONNECTING pgs=0 cs=0 l=1 rev1=0 crypto rx=0 tx=0 comp rx=0 tx=0)._handle_peer_banner_payload supported=3 required=0
2024-04-25T01:39:01.533 INFO:teuthology.orchestra.run.smithi117.stdout:/usr/bin/ceph: stderr
2024-04-25T01:39:00.710+0000 7f6eba59c700 1 --2- >> [v2:172.21.15.117:3300/0,v1:172.21.15.117:6789/0] conn(0x7f6ebc1091f0 0x7f6ebc19bab0 unknown :-1 s=HELLO_CONNECTING pgs=0 cs=0 l=1 rev1=1 crypto rx=0 tx=0 comp rx=0 tx=0).handle_hello peer v2:172.21.15.117:3300/0 says I am v2:172.21.15.117:36546/0 (socket says 172.21.15.117:36546)
2024-04-25T01:39:01.533 INFO:teuthology.orchestra.run.smithi117.stdout:/usr/bin/ceph: stderr
2024-04-25T01:39:00.710+0000 7f6eba59c700 1 -- 172.21.15.117:0/2906434287 learned_addr learned my addr 172.21.15.117:0/2906434287 (peer_addr_for_me v2:172.21.15.117:0/0)
2024-04-25T01:39:01.534 INFO:teuthology.orchestra.run.smithi117.stdout:/usr/bin/ceph: stderr
2024-04-25T01:39:00.711+0000 7f6eba59c700 1 -- 172.21.15.117:0/2906434287 --> [v2:172.21.15.117:3300/0,v1:172.21.15.117:6789/0] -- mon_subscribe({config=0+,monmap=0+}) -- 0x7f6ebc19bff0 con 0x7f6ebc1091f0
2024-04-25T01:39:01.534 INFO:teuthology.orchestra.run.smithi117.stdout:/usr/bin/ceph: stderr
2024-04-25T01:39:00.711+0000 7f6eba59c700 1 --2- 172.21.15.117:0/2906434287 >> [v2:172.21.15.117:3300/0,v1:172.21.15.117:6789/0] conn(0x7f6ebc1091f0 0x7f6ebc19bab0 secure :-1 s=READY pgs=60 cs=0 l=1 rev1=1 crypto rx=0x7f6eac006ba0 tx=0x7f6eac011ad0 comp rx=0 tx=0).ready entity=mon.0 client_cookie=0 server_cookie=0 in_seq=0 out_seq=0
2024-04-25T01:39:01.534 INFO:teuthology.orchestra.run.smithi117.stdout:/usr/bin/ceph: stderr
2024-04-25T01:39:00.711+0000 7f6eab7fe700 1 -- 172.21.15.117:0/2906434287 <== mon.0 v2:172.21.15.117:3300/0 1 ==== mon_map magic: 0 ==== 205+0+0 (secure 0 0 0) 0x7f6eac003af0 con 0x7f6ebc1091f0
2024-04-25T01:39:01.534 INFO:teuthology.orchestra.run.smithi117.stdout:/usr/bin/ceph: stderr
2024-04-25T01:39:00.711+0000 7f6eab7fe700 1 -- 172.21.15.117:0/2906434287 <== mon.0 v2:172.21.15.117:3300/0 2 ==== config(26 keys) ==== 1102+0+0 (secure 0 0 0) 0x7f6eac01a8e0 con 0x7f6ebc1091f0
2024-04-25T01:39:01.534 INFO:teuthology.orchestra.run.smithi117.stdout:/usr/bin/ceph: stderr
2024-04-25T01:39:00.711+0000 7f6eab7fe700 1 -- 172.21.15.117:0/2906434287 <== mon.0 v2:172.21.15.117:3300/0 3 ==== mon_map magic: 0 ==== 205+0+0 (secure 0 0 0) 0x7f6eac024900 con 0x7f6ebc1091f0
2024-04-25T01:39:01.534 INFO:teuthology.orchestra.run.smithi117.stdout:/usr/bin/ceph: stderr
2024-04-25T01:39:00.711+0000 7f6ec0993700 1 -- 172.21.15.117:0/2906434287 --> [v2:172.21.15.117:3300/0,v1:172.21.15.117:6789/0] -- mon_subscribe({mgrmap=0+}) -- 0x7f6ebc19c280 con 0x7f6ebc1091f0
2024-04-25T01:39:01.534 INFO:teuthology.orchestra.run.smithi117.stdout:/usr/bin/ceph: stderr
2024-04-25T01:39:00.711+0000 7f6ec0993700 1 -- 172.21.15.117:0/2906434287 --> [v2:172.21.15.117:3300/0,v1:172.21.15.117:6789/0] -- mon_subscribe({osdmap=0}) -- 0x7f6ebc19ef70 con 0x7f6ebc1091f0
2024-04-25T01:39:01.534 INFO:teuthology.orchestra.run.smithi117.stdout:/usr/bin/ceph: stderr
2024-04-25T01:39:00.712+0000 7f6eab7fe700 1 -- 172.21.15.117:0/2906434287 <== mon.0 v2:172.21.15.117:3300/0 4 ==== mgrmap(e 9) ==== 46300+0+0 (secure 0 0 0) 0x7f6eac022020 con 0x7f6ebc1091f0
2024-04-25T01:39:01.534 INFO:teuthology.orchestra.run.smithi117.stdout:/usr/bin/ceph: stderr
2024-04-25T01:39:00.712+0000 7f6ec0993700 1 -- 172.21.15.117:0/2906434287 --> [v2:172.21.15.117:3300/0,v1:172.21.15.117:6789/0] -- mon_command({"prefix": "get_command_descriptions"} v 0) -- 0x7f6ebc10c290 con 0x7f6ebc1091f0
2024-04-25T01:39:01.534 INFO:teuthology.orchestra.run.smithi117.stdout:/usr/bin/ceph: stderr
2024-04-25T01:39:00.712+0000 7f6eab7fe700 1 --2- 172.21.15.117:0/2906434287 >> [v2:172.21.15.117:6800/3809594811,v1:172.21.15.117:6801/3809594811] conn(0x7f6ea4039050 0x7f6ea403b510 unknown :-1 s=NONE pgs=0 cs=0 l=1 rev1=0 crypto rx=0 tx=0 comp rx=0 tx=0).connect
2024-04-25T01:39:01.534 INFO:teuthology.orchestra.run.smithi117.stdout:/usr/bin/ceph: stderr
2024-04-25T01:39:00.712+0000 7f6eab7fe700 1 -- 172.21.15.117:0/2906434287 <== mon.0 v2:172.21.15.117:3300/0 5 ==== osd_map(2..2 src has 1..2) ==== 940+0+0 (secure 0 0 0) 0x7f6eac04d4d0 con 0x7f6ebc1091f0
2024-04-25T01:39:01.534 INFO:teuthology.orchestra.run.smithi117.stdout:/usr/bin/ceph: stderr
2024-04-25T01:39:00.712+0000 7f6eb9d9b700 1 -- 172.21.15.117:0/2906434287 >> [v2:172.21.15.117:6800/3809594811,v1:172.21.15.117:6801/3809594811] conn(0x7f6ea4039050 msgr2=0x7f6ea403b510 unknown :-1 s=STATE_CONNECTING_RE l=1).process reconnect failed to v2:172.21.15.117:6800/3809594811
2024-04-25T01:39:01.534 INFO:teuthology.orchestra.run.smithi117.stdout:/usr/bin/ceph: stderr
2024-04-25T01:39:00.712+0000 7f6eb9d9b700 1 --2- 172.21.15.117:0/2906434287 >> [v2:172.21.15.117:6800/3809594811,v1:172.21.15.117:6801/3809594811] conn(0x7f6ea4039050 0x7f6ea403b510 unknown :-1 s=START_CONNECT pgs=0 cs=0 l=1 rev1=0 crypto rx=0 tx=0 comp rx=0 tx=0)._fault waiting 0.200000
2024-04-25T01:39:01.535 INFO:teuthology.orchestra.run.smithi117.stdout:/usr/bin/ceph: stderr
2024-04-25T01:39:00.717+0000 7f6eab7fe700 1 -- 172.21.15.117:0/2906434287 <== mon.0 v2:172.21.15.117:3300/0 6 ==== mon_command_ack([{"prefix": "get_command_descriptions"}]=0 v0) ==== 72+0+186147 (secure 0 0 0) 0x7f6eac00f2e0 con 0x7f6ebc1091f0
2024-04-25T01:39:01.535 INFO:teuthology.orchestra.run.smithi117.stdout:/usr/bin/ceph: stderr
2024-04-25T01:39:00.913+0000 7f6eb9d9b700 1 -- 172.21.15.117:0/2906434287 >> [v2:172.21.15.117:6800/3809594811,v1:172.21.15.117:6801/3809594811] conn(0x7f6ea4039050 msgr2=0x7f6ea403b510 unknown :-1 s=STATE_CONNECTING_RE l=1).process reconnect failed to v2:172.21.15.117:6800/3809594811
2024-04-25T01:39:01.535 INFO:teuthology.orchestra.run.smithi117.stdout:/usr/bin/ceph: stderr
2024-04-25T01:39:00.913+0000 7f6eb9d9b700 1 --2- 172.21.15.117:0/2906434287 >> [v2:172.21.15.117:6800/3809594811,v1:172.21.15.117:6801/3809594811] conn(0x7f6ea4039050 0x7f6ea403b510 unknown :-1 s=START_CONNECT pgs=0 cs=0 l=1 rev1=0 crypto rx=0 tx=0 comp rx=0 tx=0)._fault waiting 0.400000
2024-04-25T01:39:01.535 INFO:teuthology.orchestra.run.smithi117.stdout:/usr/bin/ceph: stderr
2024-04-25T01:39:01.007+0000 7f6ec0993700 1 -- 172.21.15.117:0/2906434287 --> [v2:172.21.15.117:3300/0,v1:172.21.15.117:6789/0] -- mon_command({"prefix": "mgr stat"} v 0) -- 0x7f6ebc19f430 con 0x7f6ebc1091f0
2024-04-25T01:39:01.535 INFO:teuthology.orchestra.run.smithi117.stdout:/usr/bin/ceph: stderr
2024-04-25T01:39:01.007+0000 7f6eab7fe700 1 -- 172.21.15.117:0/2906434287 <== mon.0 v2:172.21.15.117:3300/0 7 ==== mon_command_ack([{"prefix": "mgr stat"}]=0 v9) ==== 56+0+88 (secure 0 0 0) 0x7f6eac01aa90 con 0x7f6ebc1091f0
2024-04-25T01:39:01.535 INFO:teuthology.orchestra.run.smithi117.stdout:/usr/bin/ceph: stderr
2024-04-25T01:39:01.009+0000 7f6ec0993700 1 -- 172.21.15.117:0/2906434287 >> [v2:172.21.15.117:6800/3809594811,v1:172.21.15.117:6801/3809594811] conn(0x7f6ea4039050 msgr2=0x7f6ea403b510 unknown :-1 s=STATE_CONNECTING l=1).mark_down
2024-04-25T01:39:01.535 INFO:teuthology.orchestra.run.smithi117.stdout:/usr/bin/ceph: stderr
2024-04-25T01:39:01.009+0000 7f6ec0993700 1 --2- 172.21.15.117:0/2906434287 >> [v2:172.21.15.117:6800/3809594811,v1:172.21.15.117:6801/3809594811] conn(0x7f6ea4039050 0x7f6ea403b510 unknown :-1 s=START_CONNECT pgs=0 cs=0 l=1 rev1=0 crypto rx=0 tx=0 comp rx=0 tx=0).stop
2024-04-25T01:39:01.535 INFO:teuthology.orchestra.run.smithi117.stdout:/usr/bin/ceph: stderr
2024-04-25T01:39:01.009+0000 7f6ec0993700 1 -- 172.21.15.117:0/2906434287 >> [v2:172.21.15.117:3300/0,v1:172.21.15.117:6789/0] conn(0x7f6ebc1091f0 msgr2=0x7f6ebc19bab0 secure :-1 s=STATE_CONNECTION_ESTABLISHED l=1).mark_down
2024-04-25T01:39:01.535 INFO:teuthology.orchestra.run.smithi117.stdout:/usr/bin/ceph: stderr
2024-04-25T01:39:01.009+0000 7f6ec0993700 1 --2- 172.21.15.117:0/2906434287 >> [v2:172.21.15.117:3300/0,v1:172.21.15.117:6789/0] conn(0x7f6ebc1091f0 0x7f6ebc19bab0 secure :-1 s=READY pgs=60 cs=0 l=1 rev1=1 crypto rx=0x7f6eac006ba0 tx=0x7f6eac011ad0 comp rx=0 tx=0).stop
2024-04-25T01:39:01.535 INFO:teuthology.orchestra.run.smithi117.stdout:/usr/bin/ceph: stderr
2024-04-25T01:39:01.009+0000 7f6ec0993700 1 -- 172.21.15.117:0/2906434287 shutdown_connections
2024-04-25T01:39:01.535 INFO:teuthology.orchestra.run.smithi117.stdout:/usr/bin/ceph: stderr
2024-04-25T01:39:01.009+0000 7f6ec0993700 1 --2- 172.21.15.117:0/2906434287 >> [v2:172.21.15.117:6800/3809594811,v1:172.21.15.117:6801/3809594811] conn(0x7f6ea4039050 0x7f6ea403b510 unknown :-1 s=CLOSED pgs=0 cs=0 l=1 rev1=0 crypto rx=0 tx=0 comp rx=0 tx=0).stop
2024-04-25T01:39:01.535 INFO:teuthology.orchestra.run.smithi117.stdout:/usr/bin/ceph: stderr
2024-04-25T01:39:01.009+0000 7f6ec0993700 1 --2- 172.21.15.117:0/2906434287 >> [v2:172.21.15.117:3300/0,v1:172.21.15.117:6789/0] conn(0x7f6ebc1091f0 0x7f6ebc19bab0 unknown :-1 s=CLOSED pgs=60 cs=0 l=1 rev1=1 crypto rx=0 tx=0 comp rx=0 tx=0).stop
2024-04-25T01:39:01.535 INFO:teuthology.orchestra.run.smithi117.stdout:/usr/bin/ceph: stderr
2024-04-25T01:39:01.009+0000 7f6ec0993700 1 -- 172.21.15.117:0/2906434287 >> 172.21.15.117:0/2906434287 conn(0x7f6ebc101740 msgr2=0x7f6ebc102150 unknown :-1 s=STATE_NONE l=0).mark_down
2024-04-25T01:39:01.535 INFO:teuthology.orchestra.run.smithi117.stdout:/usr/bin/ceph: stderr
2024-04-25T01:39:01.009+0000 7f6ec0993700 1 -- 172.21.15.117:0/2906434287 shutdown_connections
2024-04-25T01:39:01.535 INFO:teuthology.orchestra.run.smithi117.stdout:/usr/bin/ceph: stderr
2024-04-25T01:39:01.009+0000 7f6ec0993700 1 -- 172.21.15.117:0/2906434287 wait complete.
2024-04-25T01:39:01.536 INFO:teuthology.orchestra.run.smithi117.stdout:Waiting for the mgr to restart...
2024-04-25T01:39:01.536 INFO:teuthology.orchestra.run.smithi117.stdout:Waiting for mgr epoch 9...
2024-04-25T01:39:01.649 INFO:journalctl@ceph.mon.a.smithi117.stdout:Apr 25 01:39:01 smithi117 ceph-mon[29434]: from='client.? 172.21.15.117:0/2906434287' entity='client.admin' cmd=[{"prefix": "mgr stat"}]: dispatch
2024-04-25T01:39:01.900 INFO:journalctl@ceph.mgr.x.smithi117.stdout:Apr 25 01:39:01 smithi117 ceph-4cedcc52-02a4-11ef-bc93-c7b262605968-mgr-x[29669]:
2024-04-25T01:39:01.691+0000 7f947adae200 -1 mgr[py] Module telegraf has missing NOTIFY_TYPES member
2024-04-25T01:39:01.900 INFO:journalctl@ceph.mgr.x.smithi117.stdout:Apr 25 01:39:01 smithi117 ceph-4cedcc52-02a4-11ef-bc93-c7b262605968-mgr-x[29669]:
2024-04-25T01:39:01.868+0000 7f947adae200 -1 mgr[py] Module osd_support has missing NOTIFY_TYPES member
2024-04-25T01:39:02.207 INFO:journalctl@ceph.mgr.x.smithi117.stdout:Apr 25 01:39:02 smithi117 ceph-4cedcc52-02a4-11ef-bc93-c7b262605968-mgr-x[29669]:
2024-04-25T01:39:02.043+0000 7f947adae200 -1 mgr[py] Module iostat has missing NOTIFY_TYPES member
2024-04-25T01:39:02.544 INFO:journalctl@ceph.mgr.x.smithi117.stdout:Apr 25 01:39:02 smithi117 ceph-4cedcc52-02a4-11ef-bc93-c7b262605968-mgr-x[29669]:
2024-04-25T01:39:02.327+0000 7f947adae200 -1 mgr[py] Module alerts has missing NOTIFY_TYPES member
2024-04-25T01:39:02.545 INFO:journalctl@ceph.mgr.x.smithi117.stdout:Apr 25 01:39:02 smithi117 ceph-4cedcc52-02a4-11ef-bc93-c7b262605968-mgr-x[29669]:
2024-04-25T01:39:02.418+0000 7f947adae200 -1 mgr[py] Module selftest has missing NOTIFY_TYPES member
2024-04-25T01:39:03.045 INFO:journalctl@ceph.mgr.x.smithi117.stdout:Apr 25 01:39:02 smithi117 ceph-4cedcc52-02a4-11ef-bc93-c7b262605968-mgr-x[29669]:
2024-04-25T01:39:02.617+0000 7f947adae200 -1 mgr[py] Module pg_autoscaler has missing NOTIFY_TYPES member
2024-04-25T01:39:03.045 INFO:journalctl@ceph.mgr.x.smithi117.stdout:Apr 25 01:39:02 smithi117 ceph-4cedcc52-02a4-11ef-bc93-c7b262605968-mgr-x[29669]:
2024-04-25T01:39:02.806+0000 7f947adae200 -1 mgr[py] Module test_orchestrator has missing NOTIFY_TYPES member
2024-04-25T01:39:03.791 INFO:journalctl@ceph.mgr.x.smithi117.stdout:Apr 25 01:39:03 smithi117 ceph-4cedcc52-02a4-11ef-bc93-c7b262605968-mgr-x[29669]:
2024-04-25T01:39:03.394+0000 7f947adae200 -1 mgr[py] Module rook has missing NOTIFY_TYPES member
2024-04-25T01:39:04.045 INFO:journalctl@ceph.mgr.x.smithi117.stdout:Apr 25 01:39:03 smithi117 ceph-4cedcc52-02a4-11ef-bc93-c7b262605968-mgr-x[29669]:
2024-04-25T01:39:03.810+0000 7f947adae200 -1 mgr[py] Module volumes has missing NOTIFY_TYPES member
2024-04-25T01:39:04.045 INFO:journalctl@ceph.mgr.x.smithi117.stdout:Apr 25 01:39:03 smithi117 ceph-4cedcc52-02a4-11ef-bc93-c7b262605968-mgr-x[29669]:
2024-04-25T01:39:03.905+0000 7f947adae200 -1 mgr[py] Module crash has missing NOTIFY_TYPES member
2024-04-25T01:39:04.544 INFO:journalctl@ceph.mgr.x.smithi117.stdout:Apr 25 01:39:04 smithi117 ceph-4cedcc52-02a4-11ef-bc93-c7b262605968-mgr-x[29669]:
2024-04-25T01:39:04.102+0000 7f947adae200 -1 mgr[py] Module rgw has missing NOTIFY_TYPES member
2024-04-25T01:39:04.923 INFO:journalctl@ceph.mgr.x.smithi117.stdout:Apr 25 01:39:04 smithi117 ceph-4cedcc52-02a4-11ef-bc93-c7b262605968-mgr-x[29669]:
2024-04-25T01:39:04.615+0000 7f947adae200 -1 mgr[py] Module prometheus has missing NOTIFY_TYPES member
2024-04-25T01:39:04.923 INFO:journalctl@ceph.mgr.x.smithi117.stdout:Apr 25 01:39:04 smithi117 ceph-4cedcc52-02a4-11ef-bc93-c7b262605968-mgr-x[29669]:
2024-04-25T01:39:04.704+0000 7f947adae200 -1 mgr[py] Module devicehealth has missing NOTIFY_TYPES member
2024-04-25T01:39:05.263 INFO:journalctl@ceph.mgr.x.smithi117.stdout:Apr 25 01:39:04 smithi117 ceph-4cedcc52-02a4-11ef-bc93-c7b262605968-mgr-x[29669]:
2024-04-25T01:39:04.941+0000 7f947adae200 -1 mgr[py] Module telemetry has missing NOTIFY_TYPES member
2024-04-25T01:39:05.263 INFO:journalctl@ceph.mgr.x.smithi117.stdout:Apr 25 01:39:05 smithi117 ceph-4cedcc52-02a4-11ef-bc93-c7b262605968-mgr-x[29669]:
2024-04-25T01:39:05.073+0000 7f947adae200 -1 mgr[py] Module diskprediction_local has missing NOTIFY_TYPES member
2024-04-25T01:39:05.263 INFO:journalctl@ceph.mgr.x.smithi117.stdout:Apr 25 01:39:05 smithi117 ceph-4cedcc52-02a4-11ef-bc93-c7b262605968-mgr-x[29669]:
2024-04-25T01:39:05.167+0000 7f947adae200 -1 mgr[py] Module osd_perf_query has missing NOTIFY_TYPES member
2024-04-25T01:39:05.263 INFO:journalctl@ceph.mgr.x.smithi117.stdout:Apr 25 01:39:05 smithi117 ceph-4cedcc52-02a4-11ef-bc93-c7b262605968-mgr-x[29669]:
2024-04-25T01:39:05.281+0000 7f947adae200 -1 mgr[py] Module rbd_support has missing NOTIFY_TYPES member
2024-04-25T01:39:05.533 INFO:journalctl@ceph.mgr.x.smithi117.stdout:Apr 25 01:39:05 smithi117 ceph-4cedcc52-02a4-11ef-bc93-c7b262605968-mgr-x[29669]:
2024-04-25T01:39:05.378+0000 7f947adae200 -1 mgr[py] Module zabbix has missing NOTIFY_TYPES member
2024-04-25T01:39:06.460 INFO:journalctl@ceph.mgr.x.smithi117.stdout:Apr 25 01:39:06 smithi117 ceph-4cedcc52-02a4-11ef-bc93-c7b262605968-mgr-x[29669]:
2024-04-25T01:39:06.205+0000 7f947adae200 -1 mgr[py] Module status has missing NOTIFY_TYPES member
2024-04-25T01:39:06.460 INFO:journalctl@ceph.mgr.x.smithi117.stdout:Apr 25 01:39:06 smithi117 ceph-4cedcc52-02a4-11ef-bc93-c7b262605968-mgr-x[29669]:
2024-04-25T01:39:06.425+0000 7f947adae200 -1 mgr[py] Module nfs has missing NOTIFY_TYPES member
2024-04-25T01:39:06.795 INFO:journalctl@ceph.mon.a.smithi117.stdout:Apr 25 01:39:06 smithi117 ceph-mon[29434]: Active manager daemon x restarted
2024-04-25T01:39:06.795 INFO:journalctl@ceph.mon.a.smithi117.stdout:Apr 25 01:39:06 smithi117 ceph-mon[29434]: Activating manager daemon x
2024-04-25T01:39:06.795 INFO:journalctl@ceph.mon.a.smithi117.stdout:Apr 25 01:39:06 smithi117 ceph-mon[29434]: osdmap e3: 0 total, 0 up, 0 in
2024-04-25T01:39:06.795 INFO:journalctl@ceph.mon.a.smithi117.stdout:Apr 25 01:39:06 smithi117 ceph-mon[29434]: mgrmap e10: x(active, starting, since 0.00355004s)
2024-04-25T01:39:06.795 INFO:journalctl@ceph.mon.a.smithi117.stdout:Apr 25 01:39:06 smithi117 ceph-mon[29434]: from='mgr.14152 172.21.15.117:0/3635901876' entity='mgr.x' cmd=[{"prefix": "mon metadata", "id": "a"}]: dispatch
2024-04-25T01:39:06.795 INFO:journalctl@ceph.mon.a.smithi117.stdout:Apr 25 01:39:06 smithi117 ceph-mon[29434]: from='mgr.14152 172.21.15.117:0/3635901876' entity='mgr.x' cmd=[{"prefix": "mgr metadata", "who": "x", "id": "x"}]: dispatch
2024-04-25T01:39:06.795 INFO:journalctl@ceph.mon.a.smithi117.stdout:Apr 25 01:39:06 smithi117 ceph-mon[29434]: from='mgr.14152 172.21.15.117:0/3635901876' entity='mgr.x' cmd=[{"prefix": "mds metadata"}]: dispatch
2024-04-25T01:39:06.795 INFO:journalctl@ceph.mon.a.smithi117.stdout:Apr 25 01:39:06 smithi117 ceph-mon[29434]: from='mgr.14152 172.21.15.117:0/3635901876' entity='mgr.x' cmd=[{"prefix": "osd metadata"}]: dispatch
2024-04-25T01:39:06.796 INFO:journalctl@ceph.mon.a.smithi117.stdout:Apr 25 01:39:06 smithi117 ceph-mon[29434]: from='mgr.14152 172.21.15.117:0/3635901876' entity='mgr.x' cmd=[{"prefix": "mon metadata"}]: dispatch
2024-04-25T01:39:06.796 INFO:journalctl@ceph.mon.a.smithi117.stdout:Apr 25 01:39:06 smithi117 ceph-mon[29434]: Manager daemon x is now available
2024-04-25T01:39:06.796 INFO:journalctl@ceph.mon.a.smithi117.stdout:Apr 25 01:39:06 smithi117 ceph-mon[29434]: from='mgr.14152 172.21.15.117:0/3635901876' entity='mgr.x' cmd=[{"prefix": "config dump", "format": "json"}]: dispatch
2024-04-25T01:39:06.796 INFO:journalctl@ceph.mon.a.smithi117.stdout:Apr 25 01:39:06 smithi117 ceph-mon[29434]: from='mgr.14152 172.21.15.117:0/3635901876' entity='mgr.x' cmd=[{"prefix":"config rm","who":"mgr","name":"mgr/rbd_support/x/mirror_snapshot_schedule"}]: dispatch
2024-04-25T01:39:07.762 INFO:journalctl@ceph.mon.a.smithi117.stdout:Apr 25 01:39:07 smithi117 ceph-mon[29434]: from='mgr.14152 172.21.15.117:0/3635901876' entity='mgr.x' cmd=[{"prefix":"config rm","who":"mgr","name":"mgr/rbd_support/x/trash_purge_schedule"}]: dispatch
2024-04-25T01:39:07.762 INFO:journalctl@ceph.mon.a.smithi117.stdout:Apr 25 01:39:07 smithi117 ceph-mon[29434]: mgrmap e11: x(active, since 1.00638s)
2024-04-25T01:39:08.318 INFO:teuthology.orchestra.run.smithi117.stdout:/usr/bin/ceph: stdout {
2024-04-25T01:39:08.318 INFO:teuthology.orchestra.run.smithi117.stdout:/usr/bin/ceph: stdout "mgrmap_epoch": 11,
2024-04-25T01:39:08.318 INFO:teuthology.orchestra.run.smithi117.stdout:/usr/bin/ceph: stdout "initialized": true
2024-04-25T01:39:08.318 INFO:teuthology.orchestra.run.smithi117.stdout:/usr/bin/ceph: stdout }
2024-04-25T01:39:08.318 INFO:teuthology.orchestra.run.smithi117.stdout:/usr/bin/ceph: stderr
2024-04-25T01:39:02.021+0000 7f49f2b1f700 1 Processor -- start
2024-04-25T01:39:08.318 INFO:teuthology.orchestra.run.smithi117.stdout:/usr/bin/ceph: stderr
2024-04-25T01:39:02.021+0000 7f49f2b1f700 1 -- start start
2024-04-25T01:39:08.319 INFO:teuthology.orchestra.run.smithi117.stdout:/usr/bin/ceph: stderr
2024-04-25T01:39:02.021+0000 7f49f2b1f700 1 --2- >> [v2:172.21.15.117:3300/0,v1:172.21.15.117:6789/0] conn(0x7f49ec106980 0x7f49ec106da0 unknown :-1 s=NONE pgs=0 cs=0 l=0 rev1=0 crypto rx=0 tx=0 comp rx=0 tx=0).connect
2024-04-25T01:39:08.319 INFO:teuthology.orchestra.run.smithi117.stdout:/usr/bin/ceph: stderr
2024-04-25T01:39:02.021+0000 7f49f2b1f700 1 -- --> [v2:172.21.15.117:3300/0,v1:172.21.15.117:6789/0] -- mon_getmap magic: 0 -- 0x7f49ec107370 con 0x7f49ec106980
2024-04-25T01:39:08.319 INFO:teuthology.orchestra.run.smithi117.stdout:/usr/bin/ceph: stderr
2024-04-25T01:39:02.021+0000 7f49f08bb700 1 --2- >> [v2:172.21.15.117:3300/0,v1:172.21.15.117:6789/0] conn(0x7f49ec106980 0x7f49ec106da0 unknown :-1 s=BANNER_CONNECTING pgs=0 cs=0 l=0 rev1=0 crypto rx=0 tx=0 comp rx=0 tx=0)._handle_peer_banner_payload supported=3 required=0
2024-04-25T01:39:08.319 INFO:teuthology.orchestra.run.smithi117.stdout:/usr/bin/ceph: stderr
2024-04-25T01:39:02.021+0000 7f49f08bb700 1 --2- >> [v2:172.21.15.117:3300/0,v1:172.21.15.117:6789/0] conn(0x7f49ec106980 0x7f49ec106da0 unknown :-1 s=HELLO_CONNECTING pgs=0 cs=0 l=0 rev1=1 crypto rx=0 tx=0 comp rx=0 tx=0).handle_hello peer v2:172.21.15.117:3300/0 says I am v2:172.21.15.117:48324/0 (socket says 172.21.15.117:48324)
2024-04-25T01:39:08.319 INFO:teuthology.orchestra.run.smithi117.stdout:/usr/bin/ceph: stderr
2024-04-25T01:39:02.021+0000 7f49f08bb700 1 -- 172.21.15.117:0/693035130 learned_addr learned my addr 172.21.15.117:0/693035130 (peer_addr_for_me v2:172.21.15.117:0/0)
2024-04-25T01:39:08.319 INFO:teuthology.orchestra.run.smithi117.stdout:/usr/bin/ceph: stderr
2024-04-25T01:39:02.021+0000 7f49f08bb700 1 -- 172.21.15.117:0/693035130 --> [v2:172.21.15.117:3300/0,v1:172.21.15.117:6789/0] -- mon_subscribe({config=0+,monmap=0+}) -- 0x7f49ec107b80 con 0x7f49ec106980
2024-04-25T01:39:08.319 INFO:teuthology.orchestra.run.smithi117.stdout:/usr/bin/ceph: stderr
2024-04-25T01:39:02.021+0000 7f49f08bb700 1 --2- 172.21.15.117:0/693035130 >> [v2:172.21.15.117:3300/0,v1:172.21.15.117:6789/0] conn(0x7f49ec106980 0x7f49ec106da0 secure :-1 s=READY pgs=61 cs=0 l=1 rev1=1 crypto rx=0x7f49e00098a0 tx=0x7f49e0009bb0 comp rx=0 tx=0).ready entity=mon.0 client_cookie=24b39913033fa170 server_cookie=0 in_seq=0 out_seq=0
2024-04-25T01:39:08.319 INFO:teuthology.orchestra.run.smithi117.stdout:/usr/bin/ceph: stderr
2024-04-25T01:39:02.022+0000 7f49eb7fe700 1 -- 172.21.15.117:0/693035130 <== mon.0 v2:172.21.15.117:3300/0 1 ==== mon_map magic: 0 ==== 205+0+0 (secure 0 0 0) 0x7f49e0004160 con 0x7f49ec106980
2024-04-25T01:39:08.319 INFO:teuthology.orchestra.run.smithi117.stdout:/usr/bin/ceph: stderr
2024-04-25T01:39:02.022+0000 7f49eb7fe700 1 -- 172.21.15.117:0/693035130 <== mon.0 v2:172.21.15.117:3300/0 2 ==== config(26 keys) ==== 1102+0+0 (secure 0 0 0) 0x7f49e0004300 con 0x7f49ec106980
2024-04-25T01:39:08.319 INFO:teuthology.orchestra.run.smithi117.stdout:/usr/bin/ceph: stderr
2024-04-25T01:39:02.022+0000 7f49eb7fe700 1 -- 172.21.15.117:0/693035130 <== mon.0 v2:172.21.15.117:3300/0 3 ==== mon_map magic: 0 ==== 205+0+0 (secure 0 0 0) 0x7f49e0011a50 con 0x7f49ec106980
2024-04-25T01:39:08.319 INFO:teuthology.orchestra.run.smithi117.stdout:/usr/bin/ceph: stderr
2024-04-25T01:39:02.022+0000 7f49f2b1f700 1 -- 172.21.15.117:0/693035130 >> [v2:172.21.15.117:3300/0,v1:172.21.15.117:6789/0] conn(0x7f49ec106980 msgr2=0x7f49ec106da0 secure :-1 s=STATE_CONNECTION_ESTABLISHED l=1).mark_down
2024-04-25T01:39:08.319 INFO:teuthology.orchestra.run.smithi117.stdout:/usr/bin/ceph: stderr
2024-04-25T01:39:02.022+0000 7f49f2b1f700 1 --2- 172.21.15.117:0/693035130 >> [v2:172.21.15.117:3300/0,v1:172.21.15.117:6789/0] conn(0x7f49ec106980 0x7f49ec106da0 secure :-1 s=READY pgs=61 cs=0 l=1 rev1=1 crypto rx=0x7f49e00098a0 tx=0x7f49e0009bb0 comp rx=0 tx=0).stop
2024-04-25T01:39:08.319 INFO:teuthology.orchestra.run.smithi117.stdout:/usr/bin/ceph: stderr
2024-04-25T01:39:02.022+0000 7f49f2b1f700 1 -- 172.21.15.117:0/693035130 shutdown_connections
2024-04-25T01:39:08.320 INFO:teuthology.orchestra.run.smithi117.stdout:/usr/bin/ceph: stderr
2024-04-25T01:39:02.022+0000 7f49f2b1f700 1 --2- 172.21.15.117:0/693035130 >> [v2:172.21.15.117:3300/0,v1:172.21.15.117:6789/0] conn(0x7f49ec106980 0x7f49ec106da0 unknown :-1 s=CLOSED pgs=61 cs=0 l=1 rev1=1 crypto rx=0 tx=0 comp rx=0 tx=0).stop
2024-04-25T01:39:08.320 INFO:teuthology.orchestra.run.smithi117.stdout:/usr/bin/ceph: stderr
2024-04-25T01:39:02.022+0000 7f49f2b1f700 1 -- 172.21.15.117:0/693035130 >> 172.21.15.117:0/693035130 conn(0x7f49ec101fa0 msgr2=0x7f49ec1043c0 unknown :-1 s=STATE_NONE l=0).mark_down
2024-04-25T01:39:08.320 INFO:teuthology.orchestra.run.smithi117.stdout:/usr/bin/ceph: stderr
2024-04-25T01:39:02.022+0000 7f49f2b1f700 1 -- 172.21.15.117:0/693035130 shutdown_connections
2024-04-25T01:39:08.320 INFO:teuthology.orchestra.run.smithi117.stdout:/usr/bin/ceph: stderr
2024-04-25T01:39:02.022+0000 7f49f2b1f700 1 -- 172.21.15.117:0/693035130 wait complete.
2024-04-25T01:39:08.320 INFO:teuthology.orchestra.run.smithi117.stdout:/usr/bin/ceph: stderr
2024-04-25T01:39:02.023+0000 7f49f2b1f700 1 Processor -- start
2024-04-25T01:39:08.320 INFO:teuthology.orchestra.run.smithi117.stdout:/usr/bin/ceph: stderr
2024-04-25T01:39:02.023+0000 7f49f2b1f700 1 -- start start
2024-04-25T01:39:08.320 INFO:teuthology.orchestra.run.smithi117.stdout:/usr/bin/ceph: stderr
2024-04-25T01:39:02.023+0000 7f49f2b1f700 1 --2- >> [v2:172.21.15.117:3300/0,v1:172.21.15.117:6789/0] conn(0x7f49ec106980 0x7f49ec191af0 unknown :-1 s=NONE pgs=0 cs=0 l=1 rev1=0 crypto rx=0 tx=0 comp rx=0 tx=0).connect
2024-04-25T01:39:08.321 INFO:teuthology.orchestra.run.smithi117.stdout:/usr/bin/ceph: stderr
2024-04-25T01:39:02.023+0000 7f49f2b1f700 1 -- --> [v2:172.21.15.117:3300/0,v1:172.21.15.117:6789/0] -- mon_getmap magic: 0 -- 0x7f49ec10af30 con 0x7f49ec106980
2024-04-25T01:39:08.321 INFO:teuthology.orchestra.run.smithi117.stdout:/usr/bin/ceph: stderr
2024-04-25T01:39:02.023+0000 7f49f08bb700 1 --2- >> [v2:172.21.15.117:3300/0,v1:172.21.15.117:6789/0] conn(0x7f49ec106980 0x7f49ec191af0 unknown :-1 s=BANNER_CONNECTING pgs=0 cs=0 l=1 rev1=0 crypto rx=0 tx=0 comp rx=0 tx=0)._handle_peer_banner_payload supported=3 required=0
2024-04-25T01:39:08.321 INFO:teuthology.orchestra.run.smithi117.stdout:/usr/bin/ceph: stderr
2024-04-25T01:39:02.023+0000 7f49f08bb700 1 --2- >> [v2:172.21.15.117:3300/0,v1:172.21.15.117:6789/0] conn(0x7f49ec106980 0x7f49ec191af0 unknown :-1 s=HELLO_CONNECTING pgs=0 cs=0 l=1 rev1=1 crypto rx=0 tx=0 comp rx=0 tx=0).handle_hello peer v2:172.21.15.117:3300/0 says I am v2:172.21.15.117:48326/0 (socket says 172.21.15.117:48326)
2024-04-25T01:39:08.321 INFO:teuthology.orchestra.run.smithi117.stdout:/usr/bin/ceph: stderr
2024-04-25T01:39:02.023+0000 7f49f08bb700 1 -- 172.21.15.117:0/873788516 learned_addr learned my addr 172.21.15.117:0/873788516 (peer_addr_for_me v2:172.21.15.117:0/0)
2024-04-25T01:39:08.321 INFO:teuthology.orchestra.run.smithi117.stdout:/usr/bin/ceph: stderr
2024-04-25T01:39:02.024+0000 7f49f08bb700 1 -- 172.21.15.117:0/873788516 --> [v2:172.21.15.117:3300/0,v1:172.21.15.117:6789/0] -- mon_subscribe({config=0+,monmap=0+}) -- 0x7f49ec192030 con 0x7f49ec106980
2024-04-25T01:39:08.321 INFO:teuthology.orchestra.run.smithi117.stdout:/usr/bin/ceph: stderr
2024-04-25T01:39:02.024+0000 7f49f08bb700 1 --2- 172.21.15.117:0/873788516 >> [v2:172.21.15.117:3300/0,v1:172.21.15.117:6789/0] conn(0x7f49ec106980 0x7f49ec191af0 secure :-1 s=READY pgs=62 cs=0 l=1 rev1=1 crypto rx=0x7f49e0006b20 tx=0x7f49e0011ad0 comp rx=0 tx=0).ready entity=mon.0 client_cookie=0 server_cookie=0 in_seq=0 out_seq=0
2024-04-25T01:39:08.321 INFO:teuthology.orchestra.run.smithi117.stdout:/usr/bin/ceph: stderr
2024-04-25T01:39:02.024+0000 7f49e9ffb700 1 -- 172.21.15.117:0/873788516 <== mon.0 v2:172.21.15.117:3300/0 1 ==== mon_map magic: 0 ==== 205+0+0 (secure 0 0 0) 0x7f49e00039e0 con 0x7f49ec106980
2024-04-25T01:39:08.321 INFO:teuthology.orchestra.run.smithi117.stdout:/usr/bin/ceph: stderr
2024-04-25T01:39:02.024+0000 7f49f2b1f700 1 -- 172.21.15.117:0/873788516 --> [v2:172.21.15.117:3300/0,v1:172.21.15.117:6789/0] -- mon_subscribe({mgrmap=0+}) -- 0x7f49ec190220 con 0x7f49ec106980
2024-04-25T01:39:08.321 INFO:teuthology.orchestra.run.smithi117.stdout:/usr/bin/ceph: stderr
2024-04-25T01:39:02.024+0000 7f49e9ffb700 1 -- 172.21.15.117:0/873788516 <== mon.0 v2:172.21.15.117:3300/0 2 ==== config(26 keys) ==== 1102+0+0 (secure 0 0 0) 0x7f49e001a8e0 con 0x7f49ec106980
2024-04-25T01:39:08.321 INFO:teuthology.orchestra.run.smithi117.stdout:/usr/bin/ceph: stderr
2024-04-25T01:39:02.024+0000 7f49e9ffb700 1 -- 172.21.15.117:0/873788516 <== mon.0 v2:172.21.15.117:3300/0 3 ==== mon_map magic: 0 ==== 205+0+0 (secure 0 0 0) 0x7f49e00247e0 con 0x7f49ec106980
2024-04-25T01:39:08.321 INFO:teuthology.orchestra.run.smithi117.stdout:/usr/bin/ceph: stderr
2024-04-25T01:39:02.024+0000 7f49f2b1f700 1 -- 172.21.15.117:0/873788516 --> [v2:172.21.15.117:3300/0,v1:172.21.15.117:6789/0] -- mon_subscribe({osdmap=0}) -- 0x7f49ec190760 con 0x7f49ec106980
2024-04-25T01:39:08.321 INFO:teuthology.orchestra.run.smithi117.stdout:/usr/bin/ceph: stderr
2024-04-25T01:39:02.025+0000 7f49e9ffb700 1 -- 172.21.15.117:0/873788516 <== mon.0 v2:172.21.15.117:3300/0 4 ==== mgrmap(e 9) ==== 46300+0+0 (secure 0 0 0) 0x7f49e0022020 con 0x7f49ec106980
2024-04-25T01:39:08.321 INFO:teuthology.orchestra.run.smithi117.stdout:/usr/bin/ceph: stderr
2024-04-25T01:39:02.025+0000 7f49e9ffb700 1 --2- 172.21.15.117:0/873788516 >> [v2:172.21.15.117:6800/3809594811,v1:172.21.15.117:6801/3809594811] conn(0x7f49dc0390a0 0x7f49dc03b560 unknown :-1 s=NONE pgs=0 cs=0 l=1 rev1=0 crypto rx=0 tx=0 comp rx=0 tx=0).connect
2024-04-25T01:39:08.321 INFO:teuthology.orchestra.run.smithi117.stdout:/usr/bin/ceph: stderr
2024-04-25T01:39:02.025+0000 7f49e9ffb700 1 -- 172.21.15.117:0/873788516 --> [v2:172.21.15.117:6800/3809594811,v1:172.21.15.117:6801/3809594811] -- command(tid 0: {"prefix": "get_command_descriptions"}) -- 0x7f49dc03bc70 con 0x7f49dc0390a0
2024-04-25T01:39:08.322 INFO:teuthology.orchestra.run.smithi117.stdout:/usr/bin/ceph: stderr
2024-04-25T01:39:02.025+0000 7f49e9ffb700 1 -- 172.21.15.117:0/873788516 <== mon.0 v2:172.21.15.117:3300/0 5 ==== osd_map(2..2 src has 1..2) ==== 940+0+0 (secure 0 0 0) 0x7f49e004d660 con 0x7f49ec106980
2024-04-25T01:39:08.322 INFO:teuthology.orchestra.run.smithi117.stdout:/usr/bin/ceph: stderr
2024-04-25T01:39:02.025+0000 7f49ebfff700 1 -- 172.21.15.117:0/873788516 >> [v2:172.21.15.117:6800/3809594811,v1:172.21.15.117:6801/3809594811] conn(0x7f49dc0390a0 msgr2=0x7f49dc03b560 unknown :-1 s=STATE_CONNECTING_RE l=1).process reconnect failed to v2:172.21.15.117:6800/3809594811
2024-04-25T01:39:08.322 INFO:teuthology.orchestra.run.smithi117.stdout:/usr/bin/ceph: stderr
2024-04-25T01:39:02.025+0000 7f49ebfff700 1 --2- 172.21.15.117:0/873788516 >> [v2:172.21.15.117:6800/3809594811,v1:172.21.15.117:6801/3809594811] conn(0x7f49dc0390a0 0x7f49dc03b560 unknown :-1 s=START_CONNECT pgs=0 cs=0 l=1 rev1=0 crypto rx=0 tx=0 comp rx=0 tx=0)._fault waiting 0.200000
2024-04-25T01:39:08.322 INFO:teuthology.orchestra.run.smithi117.stdout:/usr/bin/ceph: stderr
2024-04-25T01:39:02.226+0000 7f49ebfff700 1 -- 172.21.15.117:0/873788516 >> [v2:172.21.15.117:6800/3809594811,v1:172.21.15.117:6801/3809594811] conn(0x7f49dc0390a0 msgr2=0x7f49dc03b560 unknown :-1 s=STATE_CONNECTING_RE l=1).process reconnect failed to v2:172.21.15.117:6800/3809594811
2024-04-25T01:39:08.322 INFO:teuthology.orchestra.run.smithi117.stdout:/usr/bin/ceph: stderr
2024-04-25T01:39:02.226+0000 7f49ebfff700 1 --2- 172.21.15.117:0/873788516 >> [v2:172.21.15.117:6800/3809594811,v1:172.21.15.117:6801/3809594811] conn(0x7f49dc0390a0 0x7f49dc03b560 unknown :-1 s=START_CONNECT pgs=0 cs=0 l=1 rev1=0 crypto rx=0 tx=0 comp rx=0 tx=0)._fault waiting 0.400000
2024-04-25T01:39:08.322 INFO:teuthology.orchestra.run.smithi117.stdout:/usr/bin/ceph: stderr
2024-04-25T01:39:02.627+0000 7f49ebfff700 1 -- 172.21.15.117:0/873788516 >> [v2:172.21.15.117:6800/3809594811,v1:172.21.15.117:6801/3809594811] conn(0x7f49dc0390a0 msgr2=0x7f49dc03b560 unknown :-1 s=STATE_CONNECTING_RE l=1).process reconnect failed to v2:172.21.15.117:6800/3809594811
2024-04-25T01:39:08.322 INFO:teuthology.orchestra.run.smithi117.stdout:/usr/bin/ceph: stderr
2024-04-25T01:39:02.627+0000 7f49ebfff700 1 --2- 172.21.15.117:0/873788516 >> [v2:172.21.15.117:6800/3809594811,v1:172.21.15.117:6801/3809594811] conn(0x7f49dc0390a0 0x7f49dc03b560 unknown :-1 s=START_CONNECT pgs=0 cs=0 l=1 rev1=0 crypto rx=0 tx=0 comp rx=0 tx=0)._fault waiting 0.800000
2024-04-25T01:39:08.322 INFO:teuthology.orchestra.run.smithi117.stdout:/usr/bin/ceph: stderr
2024-04-25T01:39:03.428+0000 7f49ebfff700 1 -- 172.21.15.117:0/873788516 >> [v2:172.21.15.117:6800/3809594811,v1:172.21.15.117:6801/3809594811] conn(0x7f49dc0390a0 msgr2=0x7f49dc03b560 unknown :-1 s=STATE_CONNECTING_RE l=1).process reconnect failed to v2:172.21.15.117:6800/3809594811
2024-04-25T01:39:08.322 INFO:teuthology.orchestra.run.smithi117.stdout:/usr/bin/ceph: stderr
2024-04-25T01:39:03.428+0000 7f49ebfff700 1 --2- 172.21.15.117:0/873788516 >> [v2:172.21.15.117:6800/3809594811,v1:172.21.15.117:6801/3809594811] conn(0x7f49dc0390a0 0x7f49dc03b560 unknown :-1 s=START_CONNECT pgs=0 cs=0 l=1 rev1=0 crypto rx=0 tx=0 comp rx=0 tx=0)._fault waiting 1.600000
2024-04-25T01:39:08.322 INFO:teuthology.orchestra.run.smithi117.stdout:/usr/bin/ceph: stderr
2024-04-25T01:39:05.029+0000 7f49ebfff700 1 -- 172.21.15.117:0/873788516 >> [v2:172.21.15.117:6800/3809594811,v1:172.21.15.117:6801/3809594811] conn(0x7f49dc0390a0 msgr2=0x7f49dc03b560 unknown :-1 s=STATE_CONNECTING_RE l=1).process reconnect failed to v2:172.21.15.117:6800/3809594811
2024-04-25T01:39:08.322 INFO:teuthology.orchestra.run.smithi117.stdout:/usr/bin/ceph: stderr
2024-04-25T01:39:05.029+0000 7f49ebfff700 1 --2- 172.21.15.117:0/873788516 >> [v2:172.21.15.117:6800/3809594811,v1:172.21.15.117:6801/3809594811] conn(0x7f49dc0390a0 0x7f49dc03b560 unknown :-1 s=START_CONNECT pgs=0 cs=0 l=1 rev1=0 crypto rx=0 tx=0 comp rx=0 tx=0)._fault waiting 3.200000
2024-04-25T01:39:08.322 INFO:teuthology.orchestra.run.smithi117.stdout:/usr/bin/ceph: stderr
2024-04-25T01:39:06.428+0000 7f49e9ffb700 1 -- 172.21.15.117:0/873788516 <== mon.0 v2:172.21.15.117:3300/0 6 ==== mgrmap(e 10) ==== 46067+0+0 (secure 0 0 0) 0x7f49e002d3f0 con 0x7f49ec106980
2024-04-25T01:39:08.322 INFO:teuthology.orchestra.run.smithi117.stdout:/usr/bin/ceph: stderr
2024-04-25T01:39:06.428+0000 7f49e9ffb700 1 -- 172.21.15.117:0/873788516 >> [v2:172.21.15.117:6800/3809594811,v1:172.21.15.117:6801/3809594811] conn(0x7f49dc0390a0 msgr2=0x7f49dc03b560 unknown :-1 s=STATE_CONNECTING l=1).mark_down
2024-04-25T01:39:08.323 INFO:teuthology.orchestra.run.smithi117.stdout:/usr/bin/ceph: stderr
2024-04-25T01:39:06.428+0000 7f49e9ffb700 1 --2- 172.21.15.117:0/873788516 >> [v2:172.21.15.117:6800/3809594811,v1:172.21.15.117:6801/3809594811] conn(0x7f49dc0390a0 0x7f49dc03b560 unknown :-1 s=START_CONNECT pgs=0 cs=0 l=1 rev1=0 crypto rx=0 tx=0 comp rx=0 tx=0).stop
2024-04-25T01:39:08.323 INFO:teuthology.orchestra.run.smithi117.stdout:/usr/bin/ceph: stderr
2024-04-25T01:39:07.430+0000 7f49e9ffb700 1 -- 172.21.15.117:0/873788516 <== mon.0 v2:172.21.15.117:3300/0 7 ==== mgrmap(e 11) ==== 46194+0+0 (secure 0 0 0) 0x7f49e004f620 con 0x7f49ec106980
2024-04-25T01:39:08.323 INFO:teuthology.orchestra.run.smithi117.stdout:/usr/bin/ceph: stderr
2024-04-25T01:39:07.430+0000 7f49e9ffb700 1 --2- 172.21.15.117:0/873788516 >> [v2:172.21.15.117:6800/2346007617,v1:172.21.15.117:6801/2346007617] conn(0x7f49dc03cbb0 0x7f49dc03efa0 unknown :-1 s=NONE pgs=0 cs=0 l=1 rev1=0 crypto rx=0 tx=0 comp rx=0 tx=0).connect
2024-04-25T01:39:08.323 INFO:teuthology.orchestra.run.smithi117.stdout:/usr/bin/ceph: stderr
2024-04-25T01:39:07.430+0000 7f49e9ffb700 1 -- 172.21.15.117:0/873788516 --> [v2:172.21.15.117:6800/2346007617,v1:172.21.15.117:6801/2346007617] -- command(tid 0: {"prefix": "get_command_descriptions"}) -- 0x7f49e00209f0 con 0x7f49dc03cbb0
2024-04-25T01:39:08.323 INFO:teuthology.orchestra.run.smithi117.stdout:/usr/bin/ceph: stderr
2024-04-25T01:39:07.430+0000 7f49ebfff700 1 --2- 172.21.15.117:0/873788516 >> [v2:172.21.15.117:6800/2346007617,v1:172.21.15.117:6801/2346007617] conn(0x7f49dc03cbb0 0x7f49dc03efa0 unknown :-1 s=BANNER_CONNECTING pgs=0 cs=0 l=1 rev1=0 crypto rx=0 tx=0 comp rx=0 tx=0)._handle_peer_banner_payload supported=3 required=0
2024-04-25T01:39:08.323 INFO:teuthology.orchestra.run.smithi117.stdout:/usr/bin/ceph: stderr
2024-04-25T01:39:07.431+0000 7f49ebfff700 1 --2- 172.21.15.117:0/873788516 >> [v2:172.21.15.117:6800/2346007617,v1:172.21.15.117:6801/2346007617] conn(0x7f49dc03cbb0 0x7f49dc03efa0 secure :-1 s=READY pgs=1 cs=0 l=1 rev1=1 crypto rx=0x7f49d8003a10 tx=0x7f49d80092b0 comp rx=0 tx=0).ready entity=mgr.14152 client_cookie=0 server_cookie=0 in_seq=0 out_seq=0
2024-04-25T01:39:08.323 INFO:teuthology.orchestra.run.smithi117.stdout:/usr/bin/ceph: stderr
2024-04-25T01:39:07.432+0000 7f49e9ffb700 1 -- 172.21.15.117:0/873788516 <== mgr.14152 v2:172.21.15.117:6800/2346007617 1 ==== command_reply(tid 0: 0 ) ==== 8+0+7774 (secure 0 0 0) 0x7f49e00209f0 con 0x7f49dc03cbb0
2024-04-25T01:39:08.323 INFO:teuthology.orchestra.run.smithi117.stdout:/usr/bin/ceph: stderr
2024-04-25T01:39:07.438+0000 7f49f2b1f700 1 -- 172.21.15.117:0/873788516 --> [v2:172.21.15.117:6800/2346007617,v1:172.21.15.117:6801/2346007617] -- command(tid 1: {"prefix": "mgr_status"}) -- 0x7f49ec063890 con 0x7f49dc03cbb0
2024-04-25T01:39:08.323 INFO:teuthology.orchestra.run.smithi117.stdout:/usr/bin/ceph: stderr
2024-04-25T01:39:07.439+0000 7f49e9ffb700 1 -- 172.21.15.117:0/873788516 <== mgr.14152 v2:172.21.15.117:6800/2346007617 2 ==== command_reply(tid 1: 0 ) ==== 8+0+52 (secure 0 0 0) 0x7f49ec063890 con 0x7f49dc03cbb0
2024-04-25T01:39:08.323 INFO:teuthology.orchestra.run.smithi117.stdout:/usr/bin/ceph: stderr
2024-04-25T01:39:07.439+0000 7f49f2b1f700 1 -- 172.21.15.117:0/873788516 >> [v2:172.21.15.117:6800/2346007617,v1:172.21.15.117:6801/2346007617] conn(0x7f49dc03cbb0 msgr2=0x7f49dc03efa0 secure :-1 s=STATE_CONNECTION_ESTABLISHED l=1).mark_down
2024-04-25T01:39:08.323 INFO:teuthology.orchestra.run.smithi117.stdout:/usr/bin/ceph: stderr
2024-04-25T01:39:07.439+0000 7f49f2b1f700 1 --2- 172.21.15.117:0/873788516 >> [v2:172.21.15.117:6800/2346007617,v1:172.21.15.117:6801/2346007617] conn(0x7f49dc03cbb0 0x7f49dc03efa0 secure :-1 s=READY pgs=1 cs=0 l=1 rev1=1 crypto rx=0x7f49d8003a10 tx=0x7f49d80092b0 comp rx=0 tx=0).stop
2024-04-25T01:39:08.323 INFO:teuthology.orchestra.run.smithi117.stdout:/usr/bin/ceph: stderr
2024-04-25T01:39:07.439+0000 7f49f2b1f700 1 -- 172.21.15.117:0/873788516 >> [v2:172.21.15.117:3300/0,v1:172.21.15.117:6789/0] conn(0x7f49ec106980 msgr2=0x7f49ec191af0 secure :-1 s=STATE_CONNECTION_ESTABLISHED l=1).mark_down
2024-04-25T01:39:08.323 INFO:teuthology.orchestra.run.smithi117.stdout:/usr/bin/ceph: stderr
2024-04-25T01:39:07.439+0000 7f49f2b1f700 1 --2- 172.21.15.117:0/873788516 >> [v2:172.21.15.117:3300/0,v1:172.21.15.117:6789/0] conn(0x7f49ec106980 0x7f49ec191af0 secure :-1 s=READY pgs=62 cs=0 l=1 rev1=1 crypto rx=0x7f49e0006b20 tx=0x7f49e0011ad0 comp rx=0 tx=0).stop
2024-04-25T01:39:08.324 INFO:teuthology.orchestra.run.smithi117.stdout:/usr/bin/ceph: stderr
2024-04-25T01:39:07.439+0000 7f49f2b1f700 1 -- 172.21.15.117:0/873788516 shutdown_connections
2024-04-25T01:39:08.324 INFO:teuthology.orchestra.run.smithi117.stdout:/usr/bin/ceph: stderr
2024-04-25T01:39:07.439+0000 7f49f2b1f700 1 --2- 172.21.15.117:0/873788516 >> [v2:172.21.15.117:3300/0,v1:172.21.15.117:6789/0] conn(0x7f49ec106980 0x7f49ec191af0 unknown :-1 s=CLOSED pgs=62 cs=0 l=1 rev1=1 crypto rx=0 tx=0 comp rx=0 tx=0).stop
2024-04-25T01:39:08.324 INFO:teuthology.orchestra.run.smithi117.stdout:/usr/bin/ceph: stderr
2024-04-25T01:39:07.439+0000 7f49f2b1f700 1 --2- 172.21.15.117:0/873788516 >> [v2:172.21.15.117:6800/2346007617,v1:172.21.15.117:6801/2346007617] conn(0x7f49dc03cbb0 0x7f49dc03efa0 unknown :-1 s=CLOSED pgs=1 cs=0 l=1 rev1=1 crypto rx=0 tx=0 comp rx=0 tx=0).stop
2024-04-25T01:39:08.324 INFO:teuthology.orchestra.run.smithi117.stdout:/usr/bin/ceph: stderr
2024-04-25T01:39:07.439+0000 7f49f2b1f700 1 --2- 172.21.15.117:0/873788516 >> [v2:172.21.15.117:6800/3809594811,v1:172.21.15.117:6801/3809594811] conn(0x7f49dc0390a0 0x7f49dc03b560 unknown :-1 s=CLOSED pgs=0 cs=0 l=1 rev1=0 crypto rx=0 tx=0 comp rx=0 tx=0).stop
2024-04-25T01:39:08.324 INFO:teuthology.orchestra.run.smithi117.stdout:/usr/bin/ceph: stderr
2024-04-25T01:39:07.439+0000 7f49f2b1f700 1 -- 172.21.15.117:0/873788516 >> 172.21.15.117:0/873788516 conn(0x7f49ec101fa0 msgr2=0x7f49ec102e10 unknown :-1 s=STATE_NONE l=0).mark_down
2024-04-25T01:39:08.324 INFO:teuthology.orchestra.run.smithi117.stdout:/usr/bin/ceph: stderr
2024-04-25T01:39:07.439+0000 7f49f2b1f700 1 -- 172.21.15.117:0/873788516 shutdown_connections
2024-04-25T01:39:08.324 INFO:teuthology.orchestra.run.smithi117.stdout:/usr/bin/ceph: stderr
2024-04-25T01:39:07.439+0000 7f49f2b1f700 1 -- 172.21.15.117:0/873788516 wait complete.
2024-04-25T01:39:08.324 INFO:teuthology.orchestra.run.smithi117.stdout:mgr epoch 9 is available
2024-04-25T01:39:08.324 INFO:teuthology.orchestra.run.smithi117.stdout:Generating a dashboard self-signed certificate...
2024-04-25T01:39:08.559 INFO:journalctl@ceph.mon.a.smithi117.stdout:Apr 25 01:39:08 smithi117 ceph-mon[29434]: [25/Apr/2024:01:39:07] ENGINE Bus STARTING
2024-04-25T01:39:08.559 INFO:journalctl@ceph.mon.a.smithi117.stdout:Apr 25 01:39:08 smithi117 ceph-mon[29434]: [25/Apr/2024:01:39:07] ENGINE Serving on https://172.21.15.117:7150
2024-04-25T01:39:08.560 INFO:journalctl@ceph.mon.a.smithi117.stdout:Apr 25 01:39:08 smithi117 ceph-mon[29434]: [25/Apr/2024:01:39:07] ENGINE Serving on http://172.21.15.117:8765
2024-04-25T01:39:08.560 INFO:journalctl@ceph.mon.a.smithi117.stdout:Apr 25 01:39:08 smithi117 ceph-mon[29434]: [25/Apr/2024:01:39:07] ENGINE Bus STARTED
2024-04-25T01:39:08.560 INFO:journalctl@ceph.mon.a.smithi117.stdout:Apr 25 01:39:08 smithi117 ceph-mon[29434]: from='client.14156 -' entity='client.admin' cmd=[{"prefix": "get_command_descriptions"}]: dispatch
2024-04-25T01:39:08.560 INFO:journalctl@ceph.mon.a.smithi117.stdout:Apr 25 01:39:08 smithi117 ceph-mon[29434]: from='client.14156 -' entity='client.admin' cmd=[{"prefix": "mgr_status"}]: dispatch
2024-04-25T01:39:08.560 INFO:journalctl@ceph.mon.a.smithi117.stdout:Apr 25 01:39:08 smithi117 ceph-mon[29434]: from='mgr.14152 172.21.15.117:0/3635901876' entity='mgr.x'
2024-04-25T01:39:09.571 INFO:teuthology.orchestra.run.smithi117.stdout:/usr/bin/ceph: stdout Self-signed certificate created
2024-04-25T01:39:09.572 INFO:teuthology.orchestra.run.smithi117.stdout:/usr/bin/ceph: stderr
2024-04-25T01:39:08.769+0000 7f933545a700 1 Processor -- start
2024-04-25T01:39:09.572 INFO:teuthology.orchestra.run.smithi117.stdout:/usr/bin/ceph: stderr
2024-04-25T01:39:08.769+0000 7f933545a700 1 -- start start
2024-04-25T01:39:09.572 INFO:teuthology.orchestra.run.smithi117.stdout:/usr/bin/ceph: stderr
2024-04-25T01:39:08.770+0000 7f933545a700 1 --2- >> [v2:172.21.15.117:3300/0,v1:172.21.15.117:6789/0] conn(0x7f9330107b20 0x7f9330107f40 unknown :-1 s=NONE pgs=0 cs=0 l=0 rev1=0 crypto rx=0 tx=0 comp rx=0 tx=0).connect
2024-04-25T01:39:09.572 INFO:teuthology.orchestra.run.smithi117.stdout:/usr/bin/ceph: stderr
2024-04-25T01:39:08.770+0000 7f933545a700 1 -- --> [v2:172.21.15.117:3300/0,v1:172.21.15.117:6789/0] -- mon_getmap magic: 0 -- 0x7f9330108510 con 0x7f9330107b20
2024-04-25T01:39:09.572 INFO:teuthology.orchestra.run.smithi117.stdout:/usr/bin/ceph: stderr
2024-04-25T01:39:08.770+0000 7f932effd700 1 --2- >> [v2:172.21.15.117:3300/0,v1:172.21.15.117:6789/0] conn(0x7f9330107b20 0x7f9330107f40 unknown :-1 s=BANNER_CONNECTING pgs=0 cs=0 l=0 rev1=0 crypto rx=0 tx=0 comp rx=0 tx=0)._handle_peer_banner_payload supported=3 required=0
2024-04-25T01:39:09.572 INFO:teuthology.orchestra.run.smithi117.stdout:/usr/bin/ceph: stderr
2024-04-25T01:39:08.770+0000 7f932effd700 1 --2- >> [v2:172.21.15.117:3300/0,v1:172.21.15.117:6789/0] conn(0x7f9330107b20 0x7f9330107f40 unknown :-1 s=HELLO_CONNECTING pgs=0 cs=0 l=0 rev1=1 crypto rx=0 tx=0 comp rx=0 tx=0).handle_hello peer v2:172.21.15.117:3300/0 says I am v2:172.21.15.117:48414/0 (socket says 172.21.15.117:48414)
2024-04-25T01:39:09.572 INFO:teuthology.orchestra.run.smithi117.stdout:/usr/bin/ceph: stderr
2024-04-25T01:39:08.770+0000 7f932effd700 1 -- 172.21.15.117:0/68522077 learned_addr learned my addr 172.21.15.117:0/68522077 (peer_addr_for_me v2:172.21.15.117:0/0)
2024-04-25T01:39:09.572 INFO:teuthology.orchestra.run.smithi117.stdout:/usr/bin/ceph: stderr
2024-04-25T01:39:08.770+0000 7f932effd700 1 -- 172.21.15.117:0/68522077 --> [v2:172.21.15.117:3300/0,v1:172.21.15.117:6789/0] -- mon_subscribe({config=0+,monmap=0+}) -- 0x7f9330108cd0 con 0x7f9330107b20
2024-04-25T01:39:09.572 INFO:teuthology.orchestra.run.smithi117.stdout:/usr/bin/ceph: stderr
2024-04-25T01:39:08.770+0000 7f932effd700 1 --2- 172.21.15.117:0/68522077 >> [v2:172.21.15.117:3300/0,v1:172.21.15.117:6789/0] conn(0x7f9330107b20 0x7f9330107f40 secure :-1 s=READY pgs=70 cs=0 l=1 rev1=1 crypto rx=0x7f93200098a0 tx=0x7f9320009bb0 comp rx=0 tx=0).ready entity=mon.0 client_cookie=f645fe06813c9021 server_cookie=0 in_seq=0 out_seq=0
2024-04-25T01:39:09.573 INFO:teuthology.orchestra.run.smithi117.stdout:/usr/bin/ceph: stderr
2024-04-25T01:39:08.771+0000 7f932dffb700 1 -- 172.21.15.117:0/68522077 <== mon.0 v2:172.21.15.117:3300/0 1 ==== mon_map magic: 0 ==== 205+0+0 (secure 0 0 0) 0x7f9320004160 con 0x7f9330107b20
2024-04-25T01:39:09.573 INFO:teuthology.orchestra.run.smithi117.stdout:/usr/bin/ceph: stderr
2024-04-25T01:39:08.771+0000 7f932dffb700 1 -- 172.21.15.117:0/68522077 <== mon.0 v2:172.21.15.117:3300/0 2 ==== config(26 keys) ==== 1102+0+0 (secure 0 0 0) 0x7f9320004300 con 0x7f9330107b20
2024-04-25T01:39:09.573 INFO:teuthology.orchestra.run.smithi117.stdout:/usr/bin/ceph: stderr
2024-04-25T01:39:08.771+0000 7f932dffb700 1 -- 172.21.15.117:0/68522077 <== mon.0 v2:172.21.15.117:3300/0 3 ==== mon_map magic: 0 ==== 205+0+0 (secure 0 0 0) 0x7f9320011a50 con 0x7f9330107b20
2024-04-25T01:39:09.573 INFO:teuthology.orchestra.run.smithi117.stdout:/usr/bin/ceph: stderr
2024-04-25T01:39:08.771+0000 7f933545a700 1 -- 172.21.15.117:0/68522077 >> [v2:172.21.15.117:3300/0,v1:172.21.15.117:6789/0] conn(0x7f9330107b20 msgr2=0x7f9330107f40 secure :-1 s=STATE_CONNECTION_ESTABLISHED l=1).mark_down
2024-04-25T01:39:09.573 INFO:teuthology.orchestra.run.smithi117.stdout:/usr/bin/ceph: stderr
2024-04-25T01:39:08.771+0000 7f933545a700 1 --2- 172.21.15.117:0/68522077 >> [v2:172.21.15.117:3300/0,v1:172.21.15.117:6789/0] conn(0x7f9330107b20 0x7f9330107f40 secure :-1 s=READY pgs=70 cs=0 l=1 rev1=1 crypto rx=0x7f93200098a0 tx=0x7f9320009bb0 comp rx=0 tx=0).stop
2024-04-25T01:39:09.573 INFO:teuthology.orchestra.run.smithi117.stdout:/usr/bin/ceph: stderr
2024-04-25T01:39:08.771+0000 7f933545a700 1 -- 172.21.15.117:0/68522077 shutdown_connections
2024-04-25T01:39:09.573 INFO:teuthology.orchestra.run.smithi117.stdout:/usr/bin/ceph: stderr
2024-04-25T01:39:08.771+0000 7f933545a700 1 --2- 172.21.15.117:0/68522077 >> [v2:172.21.15.117:3300/0,v1:172.21.15.117:6789/0] conn(0x7f9330107b20 0x7f9330107f40 unknown :-1 s=CLOSED pgs=70 cs=0 l=1 rev1=1 crypto rx=0 tx=0 comp rx=0 tx=0).stop
2024-04-25T01:39:09.573 INFO:teuthology.orchestra.run.smithi117.stdout:/usr/bin/ceph: stderr
2024-04-25T01:39:08.771+0000 7f933545a700 1 -- 172.21.15.117:0/68522077 >> 172.21.15.117:0/68522077 conn(0x7f93301030e0 msgr2=0x7f9330105500 unknown :-1 s=STATE_NONE l=0).mark_down
2024-04-25T01:39:09.573 INFO:teuthology.orchestra.run.smithi117.stdout:/usr/bin/ceph: stderr
2024-04-25T01:39:08.771+0000 7f933545a700 1 -- 172.21.15.117:0/68522077 shutdown_connections
2024-04-25T01:39:09.573 INFO:teuthology.orchestra.run.smithi117.stdout:/usr/bin/ceph: stderr
2024-04-25T01:39:08.771+0000 7f933545a700 1 -- 172.21.15.117:0/68522077 wait complete.
2024-04-25T01:39:09.573 INFO:teuthology.orchestra.run.smithi117.stdout:/usr/bin/ceph: stderr
2024-04-25T01:39:08.772+0000 7f933545a700 1 Processor -- start
2024-04-25T01:39:09.574 INFO:teuthology.orchestra.run.smithi117.stdout:/usr/bin/ceph: stderr
2024-04-25T01:39:08.772+0000 7f933545a700 1 -- start start
2024-04-25T01:39:09.574 INFO:teuthology.orchestra.run.smithi117.stdout:/usr/bin/ceph: stderr
2024-04-25T01:39:08.772+0000 7f933545a700 1 --2- >> [v2:172.21.15.117:3300/0,v1:172.21.15.117:6789/0] conn(0x7f9330107b20 0x7f933019ba60 unknown :-1 s=NONE pgs=0 cs=0 l=1 rev1=0 crypto rx=0 tx=0 comp rx=0 tx=0).connect
2024-04-25T01:39:09.574 INFO:teuthology.orchestra.run.smithi117.stdout:/usr/bin/ceph: stderr
2024-04-25T01:39:08.772+0000 7f933545a700 1 -- --> [v2:172.21.15.117:3300/0,v1:172.21.15.117:6789/0] -- mon_getmap magic: 0 -- 0x7f933010c080 con 0x7f9330107b20
2024-04-25T01:39:09.574 INFO:teuthology.orchestra.run.smithi117.stdout:/usr/bin/ceph: stderr
2024-04-25T01:39:08.772+0000 7f932effd700 1 --2- >> [v2:172.21.15.117:3300/0,v1:172.21.15.117:6789/0] conn(0x7f9330107b20 0x7f933019ba60 unknown :-1 s=BANNER_CONNECTING pgs=0 cs=0 l=1 rev1=0 crypto rx=0 tx=0 comp rx=0 tx=0)._handle_peer_banner_payload supported=3 required=0
2024-04-25T01:39:09.574 INFO:teuthology.orchestra.run.smithi117.stdout:/usr/bin/ceph: stderr
2024-04-25T01:39:08.773+0000 7f932effd700 1 --2- >> [v2:172.21.15.117:3300/0,v1:172.21.15.117:6789/0] conn(0x7f9330107b20 0x7f933019ba60 unknown :-1 s=HELLO_CONNECTING pgs=0 cs=0 l=1 rev1=1 crypto rx=0 tx=0 comp rx=0 tx=0).handle_hello peer v2:172.21.15.117:3300/0 says I am v2:172.21.15.117:48428/0 (socket says 172.21.15.117:48428)
2024-04-25T01:39:09.574 INFO:teuthology.orchestra.run.smithi117.stdout:/usr/bin/ceph: stderr
2024-04-25T01:39:08.773+0000 7f932effd700 1 -- 172.21.15.117:0/3297302107 learned_addr learned my addr 172.21.15.117:0/3297302107 (peer_addr_for_me v2:172.21.15.117:0/0)
2024-04-25T01:39:09.574 INFO:teuthology.orchestra.run.smithi117.stdout:/usr/bin/ceph: stderr
2024-04-25T01:39:08.773+0000 7f932effd700 1 -- 172.21.15.117:0/3297302107 --> [v2:172.21.15.117:3300/0,v1:172.21.15.117:6789/0] -- mon_subscribe({config=0+,monmap=0+}) -- 0x7f933019bfa0 con 0x7f9330107b20
2024-04-25T01:39:09.574 INFO:teuthology.orchestra.run.smithi117.stdout:/usr/bin/ceph: stderr
2024-04-25T01:39:08.773+0000 7f932effd700 1 --2- 172.21.15.117:0/3297302107 >> [v2:172.21.15.117:3300/0,v1:172.21.15.117:6789/0] conn(0x7f9330107b20 0x7f933019ba60 secure :-1 s=READY pgs=71 cs=0 l=1 rev1=1 crypto rx=0x7f9320011710 tx=0x7f9320011ad0 comp rx=0 tx=0).ready entity=mon.0 client_cookie=0 server_cookie=0 in_seq=0 out_seq=0
2024-04-25T01:39:09.574 INFO:teuthology.orchestra.run.smithi117.stdout:/usr/bin/ceph: stderr
