2024-04-25T01:38:56.183+0000 7f6cb7fff700 1 --2- >> [v2:172.21.15.117:3300/0,v1:172.21.15.117:6789/0] conn(0x7f6cb8109090 0x7f6cb81086b0 unknown :-1 s=HELLO_CONNECTING pgs=0 cs=0 l=1 rev1=1 crypto rx=0 tx=0 comp rx=0 tx=0).handle_hello peer v2:172.21.15.117:3300/0 says I am v2:172.21.15.117:36480/0 (socket says 172.21.15.117:36480)
2024-04-25T01:38:56.936 INFO:teuthology.orchestra.run.smithi117.stdout:/usr/bin/ceph: stderr
2024-04-25T01:38:56.183+0000 7f6cb7fff700 1 -- 172.21.15.117:0/4110352739 learned_addr learned my addr 172.21.15.117:0/4110352739 (peer_addr_for_me v2:172.21.15.117:0/0)
2024-04-25T01:38:56.936 INFO:teuthology.orchestra.run.smithi117.stdout:/usr/bin/ceph: stderr
2024-04-25T01:38:56.183+0000 7f6cb7fff700 1 -- 172.21.15.117:0/4110352739 --> [v2:172.21.15.117:3300/0,v1:172.21.15.117:6789/0] -- mon_subscribe({config=0+,monmap=0+}) -- 0x7f6cb8108bf0 con 0x7f6cb8109090
2024-04-25T01:38:56.936 INFO:teuthology.orchestra.run.smithi117.stdout:/usr/bin/ceph: stderr
2024-04-25T01:38:56.184+0000 7f6cb7fff700 1 --2- 172.21.15.117:0/4110352739 >> [v2:172.21.15.117:3300/0,v1:172.21.15.117:6789/0] conn(0x7f6cb8109090 0x7f6cb81086b0 secure :-1 s=READY pgs=52 cs=0 l=1 rev1=1 crypto rx=0x7f6cac006b20 tx=0x7f6cac011ad0 comp rx=0 tx=0).ready entity=mon.0 client_cookie=0 server_cookie=0 in_seq=0 out_seq=0
2024-04-25T01:38:56.936 INFO:teuthology.orchestra.run.smithi117.stdout:/usr/bin/ceph: stderr
2024-04-25T01:38:56.184+0000 7f6cb57fa700 1 -- 172.21.15.117:0/4110352739 <== mon.0 v2:172.21.15.117:3300/0 1 ==== mon_map magic: 0 ==== 205+0+0 (secure 0 0 0) 0x7f6cac0039e0 con 0x7f6cb8109090
2024-04-25T01:38:56.936 INFO:teuthology.orchestra.run.smithi117.stdout:/usr/bin/ceph: stderr
2024-04-25T01:38:56.184+0000 7f6cb57fa700 1 -- 172.21.15.117:0/4110352739 <== mon.0 v2:172.21.15.117:3300/0 2 ==== config(26 keys) ==== 1102+0+0 (secure 0 0 0) 0x7f6cac01a8e0 con 0x7f6cb8109090
2024-04-25T01:38:56.936 INFO:teuthology.orchestra.run.smithi117.stdout:/usr/bin/ceph: stderr
2024-04-25T01:38:56.184+0000 7f6cbe9a9700 1 -- 172.21.15.117:0/4110352739 --> [v2:172.21.15.117:3300/0,v1:172.21.15.117:6789/0] -- mon_subscribe({mgrmap=0+}) -- 0x7f6cb8106de0 con 0x7f6cb8109090
2024-04-25T01:38:56.936 INFO:teuthology.orchestra.run.smithi117.stdout:/usr/bin/ceph: stderr
2024-04-25T01:38:56.184+0000 7f6cb57fa700 1 -- 172.21.15.117:0/4110352739 <== mon.0 v2:172.21.15.117:3300/0 3 ==== mon_map magic: 0 ==== 205+0+0 (secure 0 0 0) 0x7f6cac0247e0 con 0x7f6cb8109090
2024-04-25T01:38:56.936 INFO:teuthology.orchestra.run.smithi117.stdout:/usr/bin/ceph: stderr
2024-04-25T01:38:56.184+0000 7f6cbe9a9700 1 -- 172.21.15.117:0/4110352739 --> [v2:172.21.15.117:3300/0,v1:172.21.15.117:6789/0] -- mon_subscribe({osdmap=0}) -- 0x7f6cb8107320 con 0x7f6cb8109090
2024-04-25T01:38:56.936 INFO:teuthology.orchestra.run.smithi117.stdout:/usr/bin/ceph: stderr
2024-04-25T01:38:56.185+0000 7f6cb57fa700 1 -- 172.21.15.117:0/4110352739 <== mon.0 v2:172.21.15.117:3300/0 4 ==== mgrmap(e 8) ==== 46287+0+0 (secure 0 0 0) 0x7f6cac022020 con 0x7f6cb8109090
2024-04-25T01:38:56.936 INFO:teuthology.orchestra.run.smithi117.stdout:/usr/bin/ceph: stderr
2024-04-25T01:38:56.185+0000 7f6cbe9a9700 1 -- 172.21.15.117:0/4110352739 --> [v2:172.21.15.117:3300/0,v1:172.21.15.117:6789/0] -- mon_command({"prefix": "get_command_descriptions"} v 0) -- 0x7f6cb8063890 con 0x7f6cb8109090
2024-04-25T01:38:56.936 INFO:teuthology.orchestra.run.smithi117.stdout:/usr/bin/ceph: stderr
2024-04-25T01:38:56.185+0000 7f6cb57fa700 1 --2- 172.21.15.117:0/4110352739 >> [v2:172.21.15.117:6800/3809594811,v1:172.21.15.117:6801/3809594811] conn(0x7f6ca00390a0 0x7f6ca003b560 unknown :-1 s=NONE pgs=0 cs=0 l=1 rev1=0 crypto rx=0 tx=0 comp rx=0 tx=0).connect
2024-04-25T01:38:56.936 INFO:teuthology.orchestra.run.smithi117.stdout:/usr/bin/ceph: stderr
2024-04-25T01:38:56.185+0000 7f6cb57fa700 1 -- 172.21.15.117:0/4110352739 <== mon.0 v2:172.21.15.117:3300/0 5 ==== osd_map(2..2 src has 1..2) ==== 940+0+0 (secure 0 0 0) 0x7f6cac04d3d0 con 0x7f6cb8109090
2024-04-25T01:38:56.936 INFO:teuthology.orchestra.run.smithi117.stdout:/usr/bin/ceph: stderr
2024-04-25T01:38:56.185+0000 7f6cb77fe700 1 --2- 172.21.15.117:0/4110352739 >> [v2:172.21.15.117:6800/3809594811,v1:172.21.15.117:6801/3809594811] conn(0x7f6ca00390a0 0x7f6ca003b560 unknown :-1 s=BANNER_CONNECTING pgs=0 cs=0 l=1 rev1=0 crypto rx=0 tx=0 comp rx=0 tx=0)._handle_peer_banner_payload supported=3 required=0
2024-04-25T01:38:56.937 INFO:teuthology.orchestra.run.smithi117.stdout:/usr/bin/ceph: stderr
2024-04-25T01:38:56.186+0000 7f6cb77fe700 1 --2- 172.21.15.117:0/4110352739 >> [v2:172.21.15.117:6800/3809594811,v1:172.21.15.117:6801/3809594811] conn(0x7f6ca00390a0 0x7f6ca003b560 secure :-1 s=READY pgs=14 cs=0 l=1 rev1=1 crypto rx=0x7f6ca8006fd0 tx=0x7f6ca8006e40 comp rx=0 tx=0).ready entity=mgr.14120 client_cookie=0 server_cookie=0 in_seq=0 out_seq=0
2024-04-25T01:38:56.937 INFO:teuthology.orchestra.run.smithi117.stdout:/usr/bin/ceph: stderr
2024-04-25T01:38:56.190+0000 7f6cb57fa700 1 -- 172.21.15.117:0/4110352739 <== mon.0 v2:172.21.15.117:3300/0 6 ==== mon_command_ack([{"prefix": "get_command_descriptions"}]=0 v0) ==== 72+0+186147 (secure 0 0 0) 0x7f6cac02cdf0 con 0x7f6cb8109090
2024-04-25T01:38:56.937 INFO:teuthology.orchestra.run.smithi117.stdout:/usr/bin/ceph: stderr
2024-04-25T01:38:56.394+0000 7f6cbe9a9700 1 -- 172.21.15.117:0/4110352739 --> [v2:172.21.15.117:3300/0,v1:172.21.15.117:6789/0] -- mon_command([{prefix=config set, name=mgr/cephadm/container_init}] v 0) -- 0x7f6cb8107600 con 0x7f6cb8109090
2024-04-25T01:38:56.937 INFO:teuthology.orchestra.run.smithi117.stdout:/usr/bin/ceph: stderr
2024-04-25T01:38:56.397+0000 7f6cb57fa700 1 -- 172.21.15.117:0/4110352739 <== mon.0 v2:172.21.15.117:3300/0 7 ==== mon_command_ack([{prefix=config set, name=mgr/cephadm/container_init}]=0 v7)=0 v7) ==== 142+0+0 (secure 0 0 0) 0x7f6cac020c10 con 0x7f6cb8109090
2024-04-25T01:38:56.937 INFO:teuthology.orchestra.run.smithi117.stdout:/usr/bin/ceph: stderr
2024-04-25T01:38:56.399+0000 7f6cbe9a9700 1 -- 172.21.15.117:0/4110352739 >> [v2:172.21.15.117:6800/3809594811,v1:172.21.15.117:6801/3809594811] conn(0x7f6ca00390a0 msgr2=0x7f6ca003b560 secure :-1 s=STATE_CONNECTION_ESTABLISHED l=1).mark_down
2024-04-25T01:38:56.937 INFO:teuthology.orchestra.run.smithi117.stdout:/usr/bin/ceph: stderr
2024-04-25T01:38:56.399+0000 7f6cbe9a9700 1 --2- 172.21.15.117:0/4110352739 >> [v2:172.21.15.117:6800/3809594811,v1:172.21.15.117:6801/3809594811] conn(0x7f6ca00390a0 0x7f6ca003b560 secure :-1 s=READY pgs=14 cs=0 l=1 rev1=1 crypto rx=0x7f6ca8006fd0 tx=0x7f6ca8006e40 comp rx=0 tx=0).stop
2024-04-25T01:38:56.937 INFO:teuthology.orchestra.run.smithi117.stdout:/usr/bin/ceph: stderr
2024-04-25T01:38:56.399+0000 7f6cbe9a9700 1 -- 172.21.15.117:0/4110352739 >> [v2:172.21.15.117:3300/0,v1:172.21.15.117:6789/0] conn(0x7f6cb8109090 msgr2=0x7f6cb81086b0 secure :-1 s=STATE_CONNECTION_ESTABLISHED l=1).mark_down
2024-04-25T01:38:56.937 INFO:teuthology.orchestra.run.smithi117.stdout:/usr/bin/ceph: stderr
2024-04-25T01:38:56.399+0000 7f6cbe9a9700 1 --2- 172.21.15.117:0/4110352739 >> [v2:172.21.15.117:3300/0,v1:172.21.15.117:6789/0] conn(0x7f6cb8109090 0x7f6cb81086b0 secure :-1 s=READY pgs=52 cs=0 l=1 rev1=1 crypto rx=0x7f6cac006b20 tx=0x7f6cac011ad0 comp rx=0 tx=0).stop
2024-04-25T01:38:56.937 INFO:teuthology.orchestra.run.smithi117.stdout:/usr/bin/ceph: stderr
2024-04-25T01:38:56.399+0000 7f6cbe9a9700 1 -- 172.21.15.117:0/4110352739 shutdown_connections
2024-04-25T01:38:56.937 INFO:teuthology.orchestra.run.smithi117.stdout:/usr/bin/ceph: stderr
2024-04-25T01:38:56.399+0000 7f6cbe9a9700 1 --2- 172.21.15.117:0/4110352739 >> [v2:172.21.15.117:6800/3809594811,v1:172.21.15.117:6801/3809594811] conn(0x7f6ca00390a0 0x7f6ca003b560 unknown :-1 s=CLOSED pgs=14 cs=0 l=1 rev1=1 crypto rx=0 tx=0 comp rx=0 tx=0).stop
2024-04-25T01:38:56.937 INFO:teuthology.orchestra.run.smithi117.stdout:/usr/bin/ceph: stderr
2024-04-25T01:38:56.399+0000 7f6cbe9a9700 1 --2- 172.21.15.117:0/4110352739 >> [v2:172.21.15.117:3300/0,v1:172.21.15.117:6789/0] conn(0x7f6cb8109090 0x7f6cb81086b0 unknown :-1 s=CLOSED pgs=52 cs=0 l=1 rev1=1 crypto rx=0 tx=0 comp rx=0 tx=0).stop
2024-04-25T01:38:56.937 INFO:teuthology.orchestra.run.smithi117.stdout:/usr/bin/ceph: stderr
2024-04-25T01:38:56.399+0000 7f6cbe9a9700 1 -- 172.21.15.117:0/4110352739 >> 172.21.15.117:0/4110352739 conn(0x7f6cb8101750 msgr2=0x7f6cb81021d0 unknown :-1 s=STATE_NONE l=0).mark_down
2024-04-25T01:38:56.937 INFO:teuthology.orchestra.run.smithi117.stdout:/usr/bin/ceph: stderr
2024-04-25T01:38:56.399+0000 7f6cbe9a9700 1 -- 172.21.15.117:0/4110352739 shutdown_connections
2024-04-25T01:38:56.937 INFO:teuthology.orchestra.run.smithi117.stdout:/usr/bin/ceph: stderr
2024-04-25T01:38:56.399+0000 7f6cbe9a9700 1 -- 172.21.15.117:0/4110352739 wait complete.
2024-04-25T01:38:57.182 INFO:journalctl@ceph.mon.a.smithi117.stdout:Apr 25 01:38:57 smithi117 ceph-mon[29434]: from='mgr.14120 172.21.15.117:0/3887485397' entity='mgr.x'
2024-04-25T01:38:57.182 INFO:journalctl@ceph.mon.a.smithi117.stdout:Apr 25 01:38:57 smithi117 ceph-mon[29434]: from='client.? 172.21.15.117:0/4110352739' entity='client.admin'
2024-04-25T01:38:58.307 INFO:teuthology.orchestra.run.smithi117.stdout:/usr/bin/ceph: stderr
2024-04-25T01:38:57.389+0000 7f3627b23700 1 Processor -- start
2024-04-25T01:38:58.307 INFO:teuthology.orchestra.run.smithi117.stdout:/usr/bin/ceph: stderr
2024-04-25T01:38:57.389+0000 7f3627b23700 1 -- start start
2024-04-25T01:38:58.307 INFO:teuthology.orchestra.run.smithi117.stdout:/usr/bin/ceph: stderr
2024-04-25T01:38:57.389+0000 7f3627b23700 1 --2- >> [v2:172.21.15.117:3300/0,v1:172.21.15.117:6789/0] conn(0x7f3620107b10 0x7f3620107f30 unknown :-1 s=NONE pgs=0 cs=0 l=0 rev1=0 crypto rx=0 tx=0 comp rx=0 tx=0).connect
2024-04-25T01:38:58.307 INFO:teuthology.orchestra.run.smithi117.stdout:/usr/bin/ceph: stderr
2024-04-25T01:38:57.389+0000 7f3627b23700 1 -- --> [v2:172.21.15.117:3300/0,v1:172.21.15.117:6789/0] -- mon_getmap magic: 0 -- 0x7f3620108500 con 0x7f3620107b10
2024-04-25T01:38:58.307 INFO:teuthology.orchestra.run.smithi117.stdout:/usr/bin/ceph: stderr
2024-04-25T01:38:57.389+0000 7f36258bf700 1 --2- >> [v2:172.21.15.117:3300/0,v1:172.21.15.117:6789/0] conn(0x7f3620107b10 0x7f3620107f30 unknown :-1 s=BANNER_CONNECTING pgs=0 cs=0 l=0 rev1=0 crypto rx=0 tx=0 comp rx=0 tx=0)._handle_peer_banner_payload supported=3 required=0
2024-04-25T01:38:58.307 INFO:teuthology.orchestra.run.smithi117.stdout:/usr/bin/ceph: stderr
2024-04-25T01:38:57.389+0000 7f36258bf700 1 --2- >> [v2:172.21.15.117:3300/0,v1:172.21.15.117:6789/0] conn(0x7f3620107b10 0x7f3620107f30 unknown :-1 s=HELLO_CONNECTING pgs=0 cs=0 l=0 rev1=1 crypto rx=0 tx=0 comp rx=0 tx=0).handle_hello peer v2:172.21.15.117:3300/0 says I am v2:172.21.15.117:36494/0 (socket says 172.21.15.117:36494)
2024-04-25T01:38:58.308 INFO:teuthology.orchestra.run.smithi117.stdout:/usr/bin/ceph: stderr
2024-04-25T01:38:57.389+0000 7f36258bf700 1 -- 172.21.15.117:0/1299158409 learned_addr learned my addr 172.21.15.117:0/1299158409 (peer_addr_for_me v2:172.21.15.117:0/0)
2024-04-25T01:38:58.308 INFO:teuthology.orchestra.run.smithi117.stdout:/usr/bin/ceph: stderr
2024-04-25T01:38:57.390+0000 7f36258bf700 1 -- 172.21.15.117:0/1299158409 --> [v2:172.21.15.117:3300/0,v1:172.21.15.117:6789/0] -- mon_subscribe({config=0+,monmap=0+}) -- 0x7f3620108cc0 con 0x7f3620107b10
2024-04-25T01:38:58.308 INFO:teuthology.orchestra.run.smithi117.stdout:/usr/bin/ceph: stderr
2024-04-25T01:38:57.390+0000 7f36258bf700 1 --2- 172.21.15.117:0/1299158409 >> [v2:172.21.15.117:3300/0,v1:172.21.15.117:6789/0] conn(0x7f3620107b10 0x7f3620107f30 secure :-1 s=READY pgs=53 cs=0 l=1 rev1=1 crypto rx=0x7f361c0098a0 tx=0x7f361c009bb0 comp rx=0 tx=0).ready entity=mon.0 client_cookie=26b0db9f2f8283f2 server_cookie=0 in_seq=0 out_seq=0
2024-04-25T01:38:58.308 INFO:teuthology.orchestra.run.smithi117.stdout:/usr/bin/ceph: stderr
2024-04-25T01:38:57.390+0000 7f36248bd700 1 -- 172.21.15.117:0/1299158409 <== mon.0 v2:172.21.15.117:3300/0 1 ==== mon_map magic: 0 ==== 205+0+0 (secure 0 0 0) 0x7f361c004160 con 0x7f3620107b10
2024-04-25T01:38:58.308 INFO:teuthology.orchestra.run.smithi117.stdout:/usr/bin/ceph: stderr
2024-04-25T01:38:57.390+0000 7f36248bd700 1 -- 172.21.15.117:0/1299158409 <== mon.0 v2:172.21.15.117:3300/0 2 ==== config(26 keys) ==== 1102+0+0 (secure 0 0 0) 0x7f361c004300 con 0x7f3620107b10
2024-04-25T01:38:58.308 INFO:teuthology.orchestra.run.smithi117.stdout:/usr/bin/ceph: stderr
2024-04-25T01:38:57.390+0000 7f36248bd700 1 -- 172.21.15.117:0/1299158409 <== mon.0 v2:172.21.15.117:3300/0 3 ==== mon_map magic: 0 ==== 205+0+0 (secure 0 0 0) 0x7f361c011a50 con 0x7f3620107b10
2024-04-25T01:38:58.308 INFO:teuthology.orchestra.run.smithi117.stdout:/usr/bin/ceph: stderr
2024-04-25T01:38:57.390+0000 7f3627b23700 1 -- 172.21.15.117:0/1299158409 >> [v2:172.21.15.117:3300/0,v1:172.21.15.117:6789/0] conn(0x7f3620107b10 msgr2=0x7f3620107f30 secure :-1 s=STATE_CONNECTION_ESTABLISHED l=1).mark_down
2024-04-25T01:38:58.308 INFO:teuthology.orchestra.run.smithi117.stdout:/usr/bin/ceph: stderr
2024-04-25T01:38:57.390+0000 7f3627b23700 1 --2- 172.21.15.117:0/1299158409 >> [v2:172.21.15.117:3300/0,v1:172.21.15.117:6789/0] conn(0x7f3620107b10 0x7f3620107f30 secure :-1 s=READY pgs=53 cs=0 l=1 rev1=1 crypto rx=0x7f361c0098a0 tx=0x7f361c009bb0 comp rx=0 tx=0).stop
2024-04-25T01:38:58.308 INFO:teuthology.orchestra.run.smithi117.stdout:/usr/bin/ceph: stderr
2024-04-25T01:38:57.391+0000 7f3627b23700 1 -- 172.21.15.117:0/1299158409 shutdown_connections
2024-04-25T01:38:58.308 INFO:teuthology.orchestra.run.smithi117.stdout:/usr/bin/ceph: stderr
2024-04-25T01:38:57.391+0000 7f3627b23700 1 --2- 172.21.15.117:0/1299158409 >> [v2:172.21.15.117:3300/0,v1:172.21.15.117:6789/0] conn(0x7f3620107b10 0x7f3620107f30 unknown :-1 s=CLOSED pgs=53 cs=0 l=1 rev1=1 crypto rx=0 tx=0 comp rx=0 tx=0).stop
2024-04-25T01:38:58.308 INFO:teuthology.orchestra.run.smithi117.stdout:/usr/bin/ceph: stderr
2024-04-25T01:38:57.391+0000 7f3627b23700 1 -- 172.21.15.117:0/1299158409 >> 172.21.15.117:0/1299158409 conn(0x7f36201030b0 msgr2=0x7f36201054f0 unknown :-1 s=STATE_NONE l=0).mark_down
2024-04-25T01:38:58.308 INFO:teuthology.orchestra.run.smithi117.stdout:/usr/bin/ceph: stderr
2024-04-25T01:38:57.391+0000 7f3627b23700 1 -- 172.21.15.117:0/1299158409 shutdown_connections
2024-04-25T01:38:58.308 INFO:teuthology.orchestra.run.smithi117.stdout:/usr/bin/ceph: stderr
2024-04-25T01:38:57.391+0000 7f3627b23700 1 -- 172.21.15.117:0/1299158409 wait complete.
2024-04-25T01:38:58.308 INFO:teuthology.orchestra.run.smithi117.stdout:/usr/bin/ceph: stderr
2024-04-25T01:38:57.391+0000 7f3627b23700 1 Processor -- start
2024-04-25T01:38:58.309 INFO:teuthology.orchestra.run.smithi117.stdout:/usr/bin/ceph: stderr
2024-04-25T01:38:57.391+0000 7f3627b23700 1 -- start start
2024-04-25T01:38:58.309 INFO:teuthology.orchestra.run.smithi117.stdout:/usr/bin/ceph: stderr
2024-04-25T01:38:57.391+0000 7f3627b23700 1 --2- >> [v2:172.21.15.117:3300/0,v1:172.21.15.117:6789/0] conn(0x7f3620107b10 0x7f362007db60 unknown :-1 s=NONE pgs=0 cs=0 l=1 rev1=0 crypto rx=0 tx=0 comp rx=0 tx=0).connect
2024-04-25T01:38:58.309 INFO:teuthology.orchestra.run.smithi117.stdout:/usr/bin/ceph: stderr
2024-04-25T01:38:57.391+0000 7f3627b23700 1 -- --> [v2:172.21.15.117:3300/0,v1:172.21.15.117:6789/0] -- mon_getmap magic: 0 -- 0x7f362010c070 con 0x7f3620107b10
2024-04-25T01:38:58.309 INFO:teuthology.orchestra.run.smithi117.stdout:/usr/bin/ceph: stderr
2024-04-25T01:38:57.391+0000 7f36258bf700 1 --2- >> [v2:172.21.15.117:3300/0,v1:172.21.15.117:6789/0] conn(0x7f3620107b10 0x7f362007db60 unknown :-1 s=BANNER_CONNECTING pgs=0 cs=0 l=1 rev1=0 crypto rx=0 tx=0 comp rx=0 tx=0)._handle_peer_banner_payload supported=3 required=0
2024-04-25T01:38:58.309 INFO:teuthology.orchestra.run.smithi117.stdout:/usr/bin/ceph: stderr
2024-04-25T01:38:57.391+0000 7f36258bf700 1 --2- >> [v2:172.21.15.117:3300/0,v1:172.21.15.117:6789/0] conn(0x7f3620107b10 0x7f362007db60 unknown :-1 s=HELLO_CONNECTING pgs=0 cs=0 l=1 rev1=1 crypto rx=0 tx=0 comp rx=0 tx=0).handle_hello peer v2:172.21.15.117:3300/0 says I am v2:172.21.15.117:36496/0 (socket says 172.21.15.117:36496)
2024-04-25T01:38:58.309 INFO:teuthology.orchestra.run.smithi117.stdout:/usr/bin/ceph: stderr
2024-04-25T01:38:57.391+0000 7f36258bf700 1 -- 172.21.15.117:0/3514050430 learned_addr learned my addr 172.21.15.117:0/3514050430 (peer_addr_for_me v2:172.21.15.117:0/0)
2024-04-25T01:38:58.309 INFO:teuthology.orchestra.run.smithi117.stdout:/usr/bin/ceph: stderr
2024-04-25T01:38:57.392+0000 7f36258bf700 1 -- 172.21.15.117:0/3514050430 --> [v2:172.21.15.117:3300/0,v1:172.21.15.117:6789/0] -- mon_subscribe({config=0+,monmap=0+}) -- 0x7f362007e0a0 con 0x7f3620107b10
2024-04-25T01:38:58.309 INFO:teuthology.orchestra.run.smithi117.stdout:/usr/bin/ceph: stderr
2024-04-25T01:38:57.392+0000 7f36258bf700 1 --2- 172.21.15.117:0/3514050430 >> [v2:172.21.15.117:3300/0,v1:172.21.15.117:6789/0] conn(0x7f3620107b10 0x7f362007db60 secure :-1 s=READY pgs=54 cs=0 l=1 rev1=1 crypto rx=0x7f361c006ba0 tx=0x7f361c011ad0 comp rx=0 tx=0).ready entity=mon.0 client_cookie=0 server_cookie=0 in_seq=0 out_seq=0
2024-04-25T01:38:58.309 INFO:teuthology.orchestra.run.smithi117.stdout:/usr/bin/ceph: stderr
2024-04-25T01:38:57.392+0000 7f3616ffd700 1 -- 172.21.15.117:0/3514050430 <== mon.0 v2:172.21.15.117:3300/0 1 ==== mon_map magic: 0 ==== 205+0+0 (secure 0 0 0) 0x7f361c003af0 con 0x7f3620107b10
2024-04-25T01:38:58.309 INFO:teuthology.orchestra.run.smithi117.stdout:/usr/bin/ceph: stderr
2024-04-25T01:38:57.392+0000 7f3616ffd700 1 -- 172.21.15.117:0/3514050430 <== mon.0 v2:172.21.15.117:3300/0 2 ==== config(26 keys) ==== 1102+0+0 (secure 0 0 0) 0x7f361c01a8e0 con 0x7f3620107b10
2024-04-25T01:38:58.309 INFO:teuthology.orchestra.run.smithi117.stdout:/usr/bin/ceph: stderr
2024-04-25T01:38:57.392+0000 7f3616ffd700 1 -- 172.21.15.117:0/3514050430 <== mon.0 v2:172.21.15.117:3300/0 3 ==== mon_map magic: 0 ==== 205+0+0 (secure 0 0 0) 0x7f361c024900 con 0x7f3620107b10
2024-04-25T01:38:58.309 INFO:teuthology.orchestra.run.smithi117.stdout:/usr/bin/ceph: stderr
2024-04-25T01:38:57.392+0000 7f3627b23700 1 -- 172.21.15.117:0/3514050430 --> [v2:172.21.15.117:3300/0,v1:172.21.15.117:6789/0] -- mon_subscribe({mgrmap=0+}) -- 0x7f362007c290 con 0x7f3620107b10
2024-04-25T01:38:58.309 INFO:teuthology.orchestra.run.smithi117.stdout:/usr/bin/ceph: stderr
2024-04-25T01:38:57.392+0000 7f3627b23700 1 -- 172.21.15.117:0/3514050430 --> [v2:172.21.15.117:3300/0,v1:172.21.15.117:6789/0] -- mon_subscribe({osdmap=0}) -- 0x7f362007c7d0 con 0x7f3620107b10
2024-04-25T01:38:58.309 INFO:teuthology.orchestra.run.smithi117.stdout:/usr/bin/ceph: stderr
2024-04-25T01:38:57.393+0000 7f3616ffd700 1 -- 172.21.15.117:0/3514050430 <== mon.0 v2:172.21.15.117:3300/0 4 ==== mgrmap(e 8) ==== 46287+0+0 (secure 0 0 0) 0x7f361c022020 con 0x7f3620107b10
2024-04-25T01:38:58.309 INFO:teuthology.orchestra.run.smithi117.stdout:/usr/bin/ceph: stderr
2024-04-25T01:38:57.393+0000 7f3627b23700 1 -- 172.21.15.117:0/3514050430 --> [v2:172.21.15.117:3300/0,v1:172.21.15.117:6789/0] -- mon_command({"prefix": "get_command_descriptions"} v 0) -- 0x7f3620063890 con 0x7f3620107b10
2024-04-25T01:38:58.310 INFO:teuthology.orchestra.run.smithi117.stdout:/usr/bin/ceph: stderr
2024-04-25T01:38:57.393+0000 7f3616ffd700 1 --2- 172.21.15.117:0/3514050430 >> [v2:172.21.15.117:6800/3809594811,v1:172.21.15.117:6801/3809594811] conn(0x7f360c039050 0x7f360c03b510 unknown :-1 s=NONE pgs=0 cs=0 l=1 rev1=0 crypto rx=0 tx=0 comp rx=0 tx=0).connect
2024-04-25T01:38:58.310 INFO:teuthology.orchestra.run.smithi117.stdout:/usr/bin/ceph: stderr
2024-04-25T01:38:57.393+0000 7f3616ffd700 1 -- 172.21.15.117:0/3514050430 <== mon.0 v2:172.21.15.117:3300/0 5 ==== osd_map(2..2 src has 1..2) ==== 940+0+0 (secure 0 0 0) 0x7f361c04d560 con 0x7f3620107b10
2024-04-25T01:38:58.310 INFO:teuthology.orchestra.run.smithi117.stdout:/usr/bin/ceph: stderr
2024-04-25T01:38:57.393+0000 7f36250be700 1 --2- 172.21.15.117:0/3514050430 >> [v2:172.21.15.117:6800/3809594811,v1:172.21.15.117:6801/3809594811] conn(0x7f360c039050 0x7f360c03b510 unknown :-1 s=BANNER_CONNECTING pgs=0 cs=0 l=1 rev1=0 crypto rx=0 tx=0 comp rx=0 tx=0)._handle_peer_banner_payload supported=3 required=0
2024-04-25T01:38:58.310 INFO:teuthology.orchestra.run.smithi117.stdout:/usr/bin/ceph: stderr
2024-04-25T01:38:57.393+0000 7f36250be700 1 --2- 172.21.15.117:0/3514050430 >> [v2:172.21.15.117:6800/3809594811,v1:172.21.15.117:6801/3809594811] conn(0x7f360c039050 0x7f360c03b510 secure :-1 s=READY pgs=15 cs=0 l=1 rev1=1 crypto rx=0x7f3610006fd0 tx=0x7f3610006e40 comp rx=0 tx=0).ready entity=mgr.14120 client_cookie=0 server_cookie=0 in_seq=0 out_seq=0
2024-04-25T01:38:58.310 INFO:teuthology.orchestra.run.smithi117.stdout:/usr/bin/ceph: stderr
2024-04-25T01:38:57.398+0000 7f3616ffd700 1 -- 172.21.15.117:0/3514050430 <== mon.0 v2:172.21.15.117:3300/0 6 ==== mon_command_ack([{"prefix": "get_command_descriptions"}]=0 v0) ==== 72+0+186147 (secure 0 0 0) 0x7f361c00b3e0 con 0x7f3620107b10
2024-04-25T01:38:58.310 INFO:teuthology.orchestra.run.smithi117.stdout:/usr/bin/ceph: stderr
2024-04-25T01:38:57.621+0000 7f3627b23700 1 -- 172.21.15.117:0/3514050430 --> [v2:172.21.15.117:3300/0,v1:172.21.15.117:6789/0] -- mon_command([{prefix=config set, name=mgr/dashboard/ssl_server_port}] v 0) -- 0x7f362007ca50 con 0x7f3620107b10
2024-04-25T01:38:58.310 INFO:teuthology.orchestra.run.smithi117.stdout:/usr/bin/ceph: stderr
2024-04-25T01:38:57.624+0000 7f3616ffd700 1 -- 172.21.15.117:0/3514050430 <== mon.0 v2:172.21.15.117:3300/0 7 ==== mon_command_ack([{prefix=config set, name=mgr/dashboard/ssl_server_port}]=0 v8)=0 v8) ==== 130+0+0 (secure 0 0 0) 0x7f361c01ab00 con 0x7f3620107b10
2024-04-25T01:38:58.310 INFO:teuthology.orchestra.run.smithi117.stdout:/usr/bin/ceph: stderr
2024-04-25T01:38:57.626+0000 7f3627b23700 1 -- 172.21.15.117:0/3514050430 >> [v2:172.21.15.117:6800/3809594811,v1:172.21.15.117:6801/3809594811] conn(0x7f360c039050 msgr2=0x7f360c03b510 secure :-1 s=STATE_CONNECTION_ESTABLISHED l=1).mark_down
2024-04-25T01:38:58.310 INFO:teuthology.orchestra.run.smithi117.stdout:/usr/bin/ceph: stderr
2024-04-25T01:38:57.626+0000 7f3627b23700 1 --2- 172.21.15.117:0/3514050430 >> [v2:172.21.15.117:6800/3809594811,v1:172.21.15.117:6801/3809594811] conn(0x7f360c039050 0x7f360c03b510 secure :-1 s=READY pgs=15 cs=0 l=1 rev1=1 crypto rx=0x7f3610006fd0 tx=0x7f3610006e40 comp rx=0 tx=0).stop
2024-04-25T01:38:58.310 INFO:teuthology.orchestra.run.smithi117.stdout:/usr/bin/ceph: stderr
2024-04-25T01:38:57.626+0000 7f3627b23700 1 -- 172.21.15.117:0/3514050430 >> [v2:172.21.15.117:3300/0,v1:172.21.15.117:6789/0] conn(0x7f3620107b10 msgr2=0x7f362007db60 secure :-1 s=STATE_CONNECTION_ESTABLISHED l=1).mark_down
2024-04-25T01:38:58.310 INFO:teuthology.orchestra.run.smithi117.stdout:/usr/bin/ceph: stderr
2024-04-25T01:38:57.626+0000 7f3627b23700 1 --2- 172.21.15.117:0/3514050430 >> [v2:172.21.15.117:3300/0,v1:172.21.15.117:6789/0] conn(0x7f3620107b10 0x7f362007db60 secure :-1 s=READY pgs=54 cs=0 l=1 rev1=1 crypto rx=0x7f361c006ba0 tx=0x7f361c011ad0 comp rx=0 tx=0).stop
2024-04-25T01:38:58.310 INFO:teuthology.orchestra.run.smithi117.stdout:/usr/bin/ceph: stderr
2024-04-25T01:38:57.626+0000 7f3627b23700 1 -- 172.21.15.117:0/3514050430 shutdown_connections
2024-04-25T01:38:58.310 INFO:teuthology.orchestra.run.smithi117.stdout:/usr/bin/ceph: stderr
2024-04-25T01:38:57.626+0000 7f3627b23700 1 --2- 172.21.15.117:0/3514050430 >> [v2:172.21.15.117:6800/3809594811,v1:172.21.15.117:6801/3809594811] conn(0x7f360c039050 0x7f360c03b510 unknown :-1 s=CLOSED pgs=15 cs=0 l=1 rev1=1 crypto rx=0 tx=0 comp rx=0 tx=0).stop
2024-04-25T01:38:58.311 INFO:teuthology.orchestra.run.smithi117.stdout:/usr/bin/ceph: stderr
2024-04-25T01:38:57.626+0000 7f3627b23700 1 --2- 172.21.15.117:0/3514050430 >> [v2:172.21.15.117:3300/0,v1:172.21.15.117:6789/0] conn(0x7f3620107b10 0x7f362007db60 unknown :-1 s=CLOSED pgs=54 cs=0 l=1 rev1=1 crypto rx=0 tx=0 comp rx=0 tx=0).stop
2024-04-25T01:38:58.311 INFO:teuthology.orchestra.run.smithi117.stdout:/usr/bin/ceph: stderr
2024-04-25T01:38:57.626+0000 7f3627b23700 1 -- 172.21.15.117:0/3514050430 >> 172.21.15.117:0/3514050430 conn(0x7f36201030b0 msgr2=0x7f3620103b20 unknown :-1 s=STATE_NONE l=0).mark_down
2024-04-25T01:38:58.311 INFO:teuthology.orchestra.run.smithi117.stdout:/usr/bin/ceph: stderr
2024-04-25T01:38:57.626+0000 7f3627b23700 1 -- 172.21.15.117:0/3514050430 shutdown_connections
2024-04-25T01:38:58.311 INFO:teuthology.orchestra.run.smithi117.stdout:/usr/bin/ceph: stderr
2024-04-25T01:38:57.626+0000 7f3627b23700 1 -- 172.21.15.117:0/3514050430 wait complete.
2024-04-25T01:38:58.311 INFO:teuthology.orchestra.run.smithi117.stdout:Enabling the dashboard module...
2024-04-25T01:38:58.978 INFO:journalctl@ceph.mon.a.smithi117.stdout:Apr 25 01:38:58 smithi117 ceph-mon[29434]: from='client.? 172.21.15.117:0/3514050430' entity='client.admin'
2024-04-25T01:38:59.793 INFO:journalctl@ceph.mon.a.smithi117.stdout:Apr 25 01:38:59 smithi117 ceph-mon[29434]: from='client.? 172.21.15.117:0/2216841189' entity='client.admin' cmd=[{"prefix": "mgr module enable", "module": "dashboard"}]: dispatch
2024-04-25T01:38:59.793 INFO:journalctl@ceph.mon.a.smithi117.stdout:Apr 25 01:38:59 smithi117 ceph-mon[29434]: from='mgr.14120 172.21.15.117:0/3887485397' entity='mgr.x'
2024-04-25T01:38:59.793 INFO:journalctl@ceph.mgr.x.smithi117.stdout:Apr 25 01:38:59 smithi117 ceph-4cedcc52-02a4-11ef-bc93-c7b262605968-mgr-x[29669]: ignoring --setuser ceph since I am not root
2024-04-25T01:38:59.794 INFO:journalctl@ceph.mgr.x.smithi117.stdout:Apr 25 01:38:59 smithi117 ceph-4cedcc52-02a4-11ef-bc93-c7b262605968-mgr-x[29669]: ignoring --setgroup ceph since I am not root
2024-04-25T01:38:59.794 INFO:journalctl@ceph.mgr.x.smithi117.stdout:Apr 25 01:38:59 smithi117 ceph-4cedcc52-02a4-11ef-bc93-c7b262605968-mgr-x[29669]:
2024-04-25T01:38:59.811+0000 7f947adae200 -1 mgr[py] Module balancer has missing NOTIFY_TYPES member
2024-04-25T01:39:00.044 INFO:journalctl@ceph.mgr.x.smithi117.stdout:Apr 25 01:38:59 smithi117 ceph-4cedcc52-02a4-11ef-bc93-c7b262605968-mgr-x[29669]:
2024-04-25T01:38:59.996+0000 7f947adae200 -1 mgr[py] Module orchestrator has missing NOTIFY_TYPES member
2024-04-25T01:39:00.208 INFO:teuthology.orchestra.run.smithi117.stdout:/usr/bin/ceph: stderr
2024-04-25T01:38:58.728+0000 7f4500d7b700 1 Processor -- start
2024-04-25T01:39:00.208 INFO:teuthology.orchestra.run.smithi117.stdout:/usr/bin/ceph: stderr
2024-04-25T01:38:58.728+0000 7f4500d7b700 1 -- start start
2024-04-25T01:39:00.208 INFO:teuthology.orchestra.run.smithi117.stdout:/usr/bin/ceph: stderr
2024-04-25T01:38:58.728+0000 7f4500d7b700 1 --2- >> [v2:172.21.15.117:3300/0,v1:172.21.15.117:6789/0] conn(0x7f44fc108540 0x7f44fc10a930 unknown :-1 s=NONE pgs=0 cs=0 l=0 rev1=0 crypto rx=0 tx=0 comp rx=0 tx=0).connect
2024-04-25T01:39:00.208 INFO:teuthology.orchestra.run.smithi117.stdout:/usr/bin/ceph: stderr
2024-04-25T01:38:58.728+0000 7f4500d7b700 1 -- --> [v2:172.21.15.117:3300/0,v1:172.21.15.117:6789/0] -- mon_getmap magic: 0 -- 0x7f44fc07bea0 con 0x7f44fc108540
2024-04-25T01:39:00.208 INFO:teuthology.orchestra.run.smithi117.stdout:/usr/bin/ceph: stderr
2024-04-25T01:38:58.729+0000 7f44fa59c700 1 --2- >> [v2:172.21.15.117:3300/0,v1:172.21.15.117:6789/0] conn(0x7f44fc108540 0x7f44fc10a930 unknown :-1 s=BANNER_CONNECTING pgs=0 cs=0 l=0 rev1=0 crypto rx=0 tx=0 comp rx=0 tx=0)._handle_peer_banner_payload supported=3 required=0
2024-04-25T01:39:00.208 INFO:teuthology.orchestra.run.smithi117.stdout:/usr/bin/ceph: stderr
2024-04-25T01:38:58.729+0000 7f44fa59c700 1 --2- >> [v2:172.21.15.117:3300/0,v1:172.21.15.117:6789/0] conn(0x7f44fc108540 0x7f44fc10a930 unknown :-1 s=HELLO_CONNECTING pgs=0 cs=0 l=0 rev1=1 crypto rx=0 tx=0 comp rx=0 tx=0).handle_hello peer v2:172.21.15.117:3300/0 says I am v2:172.21.15.117:36510/0 (socket says 172.21.15.117:36510)
2024-04-25T01:39:00.208 INFO:teuthology.orchestra.run.smithi117.stdout:/usr/bin/ceph: stderr
2024-04-25T01:38:58.729+0000 7f44fa59c700 1 -- 172.21.15.117:0/203659073 learned_addr learned my addr 172.21.15.117:0/203659073 (peer_addr_for_me v2:172.21.15.117:0/0)
2024-04-25T01:39:00.208 INFO:teuthology.orchestra.run.smithi117.stdout:/usr/bin/ceph: stderr
2024-04-25T01:38:58.729+0000 7f44fa59c700 1 -- 172.21.15.117:0/203659073 --> [v2:172.21.15.117:3300/0,v1:172.21.15.117:6789/0] -- mon_subscribe({config=0+,monmap=0+}) -- 0x7f44fc10ae70 con 0x7f44fc108540
2024-04-25T01:39:00.208 INFO:teuthology.orchestra.run.smithi117.stdout:/usr/bin/ceph: stderr
2024-04-25T01:38:58.729+0000 7f44fa59c700 1 --2- 172.21.15.117:0/203659073 >> [v2:172.21.15.117:3300/0,v1:172.21.15.117:6789/0] conn(0x7f44fc108540 0x7f44fc10a930 secure :-1 s=READY pgs=55 cs=0 l=1 rev1=1 crypto rx=0x7f44ec0098a0 tx=0x7f44ec009bb0 comp rx=0 tx=0).ready entity=mon.0 client_cookie=b45449c3c21f64d2 server_cookie=0 in_seq=0 out_seq=0
2024-04-25T01:39:00.208 INFO:teuthology.orchestra.run.smithi117.stdout:/usr/bin/ceph: stderr
2024-04-25T01:38:58.729+0000 7f44f959a700 1 -- 172.21.15.117:0/203659073 <== mon.0 v2:172.21.15.117:3300/0 1 ==== mon_map magic: 0 ==== 205+0+0 (secure 0 0 0) 0x7f44ec004160 con 0x7f44fc108540
2024-04-25T01:39:00.208 INFO:teuthology.orchestra.run.smithi117.stdout:/usr/bin/ceph: stderr
2024-04-25T01:38:58.729+0000 7f44f959a700 1 -- 172.21.15.117:0/203659073 <== mon.0 v2:172.21.15.117:3300/0 2 ==== config(26 keys) ==== 1102+0+0 (secure 0 0 0) 0x7f44ec004300 con 0x7f44fc108540
2024-04-25T01:39:00.209 INFO:teuthology.orchestra.run.smithi117.stdout:/usr/bin/ceph: stderr
2024-04-25T01:38:58.729+0000 7f44f959a700 1 -- 172.21.15.117:0/203659073 <== mon.0 v2:172.21.15.117:3300/0 3 ==== mon_map magic: 0 ==== 205+0+0 (secure 0 0 0) 0x7f44ec011a50 con 0x7f44fc108540
2024-04-25T01:39:00.209 INFO:teuthology.orchestra.run.smithi117.stdout:/usr/bin/ceph: stderr
2024-04-25T01:38:58.730+0000 7f4500d7b700 1 -- 172.21.15.117:0/203659073 >> [v2:172.21.15.117:3300/0,v1:172.21.15.117:6789/0] conn(0x7f44fc108540 msgr2=0x7f44fc10a930 secure :-1 s=STATE_CONNECTION_ESTABLISHED l=1).mark_down
2024-04-25T01:39:00.209 INFO:teuthology.orchestra.run.smithi117.stdout:/usr/bin/ceph: stderr
2024-04-25T01:38:58.730+0000 7f4500d7b700 1 --2- 172.21.15.117:0/203659073 >> [v2:172.21.15.117:3300/0,v1:172.21.15.117:6789/0] conn(0x7f44fc108540 0x7f44fc10a930 secure :-1 s=READY pgs=55 cs=0 l=1 rev1=1 crypto rx=0x7f44ec0098a0 tx=0x7f44ec009bb0 comp rx=0 tx=0).stop
2024-04-25T01:39:00.209 INFO:teuthology.orchestra.run.smithi117.stdout:/usr/bin/ceph: stderr
2024-04-25T01:38:58.730+0000 7f4500d7b700 1 -- 172.21.15.117:0/203659073 shutdown_connections
2024-04-25T01:39:00.209 INFO:teuthology.orchestra.run.smithi117.stdout:/usr/bin/ceph: stderr
2024-04-25T01:38:58.730+0000 7f4500d7b700 1 --2- 172.21.15.117:0/203659073 >> [v2:172.21.15.117:3300/0,v1:172.21.15.117:6789/0] conn(0x7f44fc108540 0x7f44fc10a930 unknown :-1 s=CLOSED pgs=55 cs=0 l=1 rev1=1 crypto rx=0 tx=0 comp rx=0 tx=0).stop
2024-04-25T01:39:00.209 INFO:teuthology.orchestra.run.smithi117.stdout:/usr/bin/ceph: stderr
2024-04-25T01:38:58.730+0000 7f4500d7b700 1 -- 172.21.15.117:0/203659073 >> 172.21.15.117:0/203659073 conn(0x7f44fc101f30 msgr2=0x7f44fc1043b0 unknown :-1 s=STATE_NONE l=0).mark_down
2024-04-25T01:39:00.209 INFO:teuthology.orchestra.run.smithi117.stdout:/usr/bin/ceph: stderr
2024-04-25T01:38:58.730+0000 7f4500d7b700 1 -- 172.21.15.117:0/203659073 shutdown_connections
2024-04-25T01:39:00.209 INFO:teuthology.orchestra.run.smithi117.stdout:/usr/bin/ceph: stderr
2024-04-25T01:38:58.730+0000 7f4500d7b700 1 -- 172.21.15.117:0/203659073 wait complete.
2024-04-25T01:39:00.209 INFO:teuthology.orchestra.run.smithi117.stdout:/usr/bin/ceph: stderr
2024-04-25T01:38:58.731+0000 7f4500d7b700 1 Processor -- start
2024-04-25T01:39:00.209 INFO:teuthology.orchestra.run.smithi117.stdout:/usr/bin/ceph: stderr
2024-04-25T01:38:58.731+0000 7f4500d7b700 1 -- start start
2024-04-25T01:39:00.209 INFO:teuthology.orchestra.run.smithi117.stdout:/usr/bin/ceph: stderr
2024-04-25T01:38:58.731+0000 7f4500d7b700 1 --2- >> [v2:172.21.15.117:3300/0,v1:172.21.15.117:6789/0] conn(0x7f44fc108540 0x7f44fc107dc0 unknown :-1 s=NONE pgs=0 cs=0 l=1 rev1=0 crypto rx=0 tx=0 comp rx=0 tx=0).connect
2024-04-25T01:39:00.209 INFO:teuthology.orchestra.run.smithi117.stdout:/usr/bin/ceph: stderr
2024-04-25T01:38:58.731+0000 7f4500d7b700 1 -- --> [v2:172.21.15.117:3300/0,v1:172.21.15.117:6789/0] -- mon_getmap magic: 0 -- 0x7f44fc10be80 con 0x7f44fc108540
2024-04-25T01:39:00.209 INFO:teuthology.orchestra.run.smithi117.stdout:/usr/bin/ceph: stderr
2024-04-25T01:38:58.731+0000 7f44fa59c700 1 --2- >> [v2:172.21.15.117:3300/0,v1:172.21.15.117:6789/0] conn(0x7f44fc108540 0x7f44fc107dc0 unknown :-1 s=BANNER_CONNECTING pgs=0 cs=0 l=1 rev1=0 crypto rx=0 tx=0 comp rx=0 tx=0)._handle_peer_banner_payload supported=3 required=0
2024-04-25T01:39:00.209 INFO:teuthology.orchestra.run.smithi117.stdout:/usr/bin/ceph: stderr
2024-04-25T01:38:58.731+0000 7f44fa59c700 1 --2- >> [v2:172.21.15.117:3300/0,v1:172.21.15.117:6789/0] conn(0x7f44fc108540 0x7f44fc107dc0 unknown :-1 s=HELLO_CONNECTING pgs=0 cs=0 l=1 rev1=1 crypto rx=0 tx=0 comp rx=0 tx=0).handle_hello peer v2:172.21.15.117:3300/0 says I am v2:172.21.15.117:36514/0 (socket says 172.21.15.117:36514)
2024-04-25T01:39:00.209 INFO:teuthology.orchestra.run.smithi117.stdout:/usr/bin/ceph: stderr
2024-04-25T01:38:58.731+0000 7f44fa59c700 1 -- 172.21.15.117:0/2216841189 learned_addr learned my addr 172.21.15.117:0/2216841189 (peer_addr_for_me v2:172.21.15.117:0/0)
2024-04-25T01:39:00.210 INFO:teuthology.orchestra.run.smithi117.stdout:/usr/bin/ceph: stderr
2024-04-25T01:38:58.731+0000 7f44fa59c700 1 -- 172.21.15.117:0/2216841189 --> [v2:172.21.15.117:3300/0,v1:172.21.15.117:6789/0] -- mon_subscribe({config=0+,monmap=0+}) -- 0x7f44fc108300 con 0x7f44fc108540
2024-04-25T01:39:00.210 INFO:teuthology.orchestra.run.smithi117.stdout:/usr/bin/ceph: stderr
2024-04-25T01:38:58.731+0000 7f44fa59c700 1 --2- 172.21.15.117:0/2216841189 >> [v2:172.21.15.117:3300/0,v1:172.21.15.117:6789/0] conn(0x7f44fc108540 0x7f44fc107dc0 secure :-1 s=READY pgs=56 cs=0 l=1 rev1=1 crypto rx=0x7f44ec011a20 tx=0x7f44ec011b00 comp rx=0 tx=0).ready entity=mon.0 client_cookie=0 server_cookie=0 in_seq=0 out_seq=0
2024-04-25T01:39:00.210 INFO:teuthology.orchestra.run.smithi117.stdout:/usr/bin/ceph: stderr
2024-04-25T01:38:58.731+0000 7f44f37fe700 1 -- 172.21.15.117:0/2216841189 <== mon.0 v2:172.21.15.117:3300/0 1 ==== mon_map magic: 0 ==== 205+0+0 (secure 0 0 0) 0x7f44ec0039c0 con 0x7f44fc108540
2024-04-25T01:39:00.210 INFO:teuthology.orchestra.run.smithi117.stdout:/usr/bin/ceph: stderr
2024-04-25T01:38:58.731+0000 7f44f37fe700 1 -- 172.21.15.117:0/2216841189 <== mon.0 v2:172.21.15.117:3300/0 2 ==== config(26 keys) ==== 1102+0+0 (secure 0 0 0) 0x7f44ec003b60 con 0x7f44fc108540
2024-04-25T01:39:00.210 INFO:teuthology.orchestra.run.smithi117.stdout:/usr/bin/ceph: stderr
2024-04-25T01:38:58.731+0000 7f4500d7b700 1 -- 172.21.15.117:0/2216841189 --> [v2:172.21.15.117:3300/0,v1:172.21.15.117:6789/0] -- mon_subscribe({mgrmap=0+}) -- 0x7f44fc1064f0 con 0x7f44fc108540
2024-04-25T01:39:00.210 INFO:teuthology.orchestra.run.smithi117.stdout:/usr/bin/ceph: stderr
2024-04-25T01:38:58.732+0000 7f44f37fe700 1 -- 172.21.15.117:0/2216841189 <== mon.0 v2:172.21.15.117:3300/0 3 ==== mon_map magic: 0 ==== 205+0+0 (secure 0 0 0) 0x7f44ec01a6b0 con 0x7f44fc108540
2024-04-25T01:39:00.210 INFO:teuthology.orchestra.run.smithi117.stdout:/usr/bin/ceph: stderr
2024-04-25T01:38:58.732+0000 7f4500d7b700 1 -- 172.21.15.117:0/2216841189 --> [v2:172.21.15.117:3300/0,v1:172.21.15.117:6789/0] -- mon_subscribe({osdmap=0}) -- 0x7f44fc106a30 con 0x7f44fc108540
2024-04-25T01:39:00.210 INFO:teuthology.orchestra.run.smithi117.stdout:/usr/bin/ceph: stderr
2024-04-25T01:38:58.732+0000 7f44f37fe700 1 -- 172.21.15.117:0/2216841189 <== mon.0 v2:172.21.15.117:3300/0 4 ==== mgrmap(e 8) ==== 46287+0+0 (secure 0 0 0) 0x7f44ec01a960 con 0x7f44fc108540
2024-04-25T01:39:00.210 INFO:teuthology.orchestra.run.smithi117.stdout:/usr/bin/ceph: stderr
2024-04-25T01:38:58.732+0000 7f4500d7b700 1 -- 172.21.15.117:0/2216841189 --> [v2:172.21.15.117:3300/0,v1:172.21.15.117:6789/0] -- mon_command({"prefix": "get_command_descriptions"} v 0) -- 0x7f44fc063890 con 0x7f44fc108540
2024-04-25T01:39:00.210 INFO:teuthology.orchestra.run.smithi117.stdout:/usr/bin/ceph: stderr
2024-04-25T01:38:58.732+0000 7f44f37fe700 1 --2- 172.21.15.117:0/2216841189 >> [v2:172.21.15.117:6800/3809594811,v1:172.21.15.117:6801/3809594811] conn(0x7f44e8039050 0x7f44e803b510 unknown :-1 s=NONE pgs=0 cs=0 l=1 rev1=0 crypto rx=0 tx=0 comp rx=0 tx=0).connect
2024-04-25T01:39:00.210 INFO:teuthology.orchestra.run.smithi117.stdout:/usr/bin/ceph: stderr
2024-04-25T01:38:58.733+0000 7f44f37fe700 1 -- 172.21.15.117:0/2216841189 <== mon.0 v2:172.21.15.117:3300/0 5 ==== osd_map(2..2 src has 1..2) ==== 940+0+0 (secure 0 0 0) 0x7f44ec04d610 con 0x7f44fc108540
2024-04-25T01:39:00.210 INFO:teuthology.orchestra.run.smithi117.stdout:/usr/bin/ceph: stderr
2024-04-25T01:38:58.733+0000 7f44f9d9b700 1 --2- 172.21.15.117:0/2216841189 >> [v2:172.21.15.117:6800/3809594811,v1:172.21.15.117:6801/3809594811] conn(0x7f44e8039050 0x7f44e803b510 unknown :-1 s=BANNER_CONNECTING pgs=0 cs=0 l=1 rev1=0 crypto rx=0 tx=0 comp rx=0 tx=0)._handle_peer_banner_payload supported=3 required=0
2024-04-25T01:39:00.210 INFO:teuthology.orchestra.run.smithi117.stdout:/usr/bin/ceph: stderr
2024-04-25T01:38:58.733+0000 7f44f9d9b700 1 --2- 172.21.15.117:0/2216841189 >> [v2:172.21.15.117:6800/3809594811,v1:172.21.15.117:6801/3809594811] conn(0x7f44e8039050 0x7f44e803b510 secure :-1 s=READY pgs=16 cs=0 l=1 rev1=1 crypto rx=0x7f44e4006fd0 tx=0x7f44e4006e40 comp rx=0 tx=0).ready entity=mgr.14120 client_cookie=0 server_cookie=0 in_seq=0 out_seq=0
2024-04-25T01:39:00.211 INFO:teuthology.orchestra.run.smithi117.stdout:/usr/bin/ceph: stderr
2024-04-25T01:38:58.737+0000 7f44f37fe700 1 -- 172.21.15.117:0/2216841189 <== mon.0 v2:172.21.15.117:3300/0 6 ==== mon_command_ack([{"prefix": "get_command_descriptions"}]=0 v0) ==== 72+0+186147 (secure 0 0 0) 0x7f44ec020240 con 0x7f44fc108540
2024-04-25T01:39:00.211 INFO:teuthology.orchestra.run.smithi117.stdout:/usr/bin/ceph: stderr
2024-04-25T01:38:58.996+0000 7f4500d7b700 1 -- 172.21.15.117:0/2216841189 --> [v2:172.21.15.117:3300/0,v1:172.21.15.117:6789/0] -- mon_command({"prefix": "mgr module enable", "module": "dashboard"} v 0) -- 0x7f44fc106cb0 con 0x7f44fc108540
2024-04-25T01:39:00.211 INFO:teuthology.orchestra.run.smithi117.stdout:/usr/bin/ceph: stderr
2024-04-25T01:38:59.627+0000 7f44f37fe700 1 -- 172.21.15.117:0/2216841189 <== mon.0 v2:172.21.15.117:3300/0 7 ==== mon_command_ack([{"prefix": "mgr module enable", "module": "dashboard"}]=0 v9) ==== 88+0+0 (secure 0 0 0) 0x7f44ec00ba30 con 0x7f44fc108540
2024-04-25T01:39:00.211 INFO:teuthology.orchestra.run.smithi117.stdout:/usr/bin/ceph: stderr
2024-04-25T01:38:59.628+0000 7f44f37fe700 1 -- 172.21.15.117:0/2216841189 <== mon.0 v2:172.21.15.117:3300/0 8 ==== mgrmap(e 9) ==== 46300+0+0 (secure 0 0 0) 0x7f44ec02d910 con 0x7f44fc108540
2024-04-25T01:39:00.211 INFO:teuthology.orchestra.run.smithi117.stdout:/usr/bin/ceph: stderr
2024-04-25T01:38:59.630+0000 7f4500d7b700 1 -- 172.21.15.117:0/2216841189 >> [v2:172.21.15.117:6800/3809594811,v1:172.21.15.117:6801/3809594811] conn(0x7f44e8039050 msgr2=0x7f44e803b510 secure :-1 s=STATE_CONNECTION_ESTABLISHED l=1).mark_down
2024-04-25T01:39:00.211 INFO:teuthology.orchestra.run.smithi117.stdout:/usr/bin/ceph: stderr
2024-04-25T01:38:59.630+0000 7f4500d7b700 1 --2- 172.21.15.117:0/2216841189 >> [v2:172.21.15.117:6800/3809594811,v1:172.21.15.117:6801/3809594811] conn(0x7f44e8039050 0x7f44e803b510 secure :-1 s=READY pgs=16 cs=0 l=1 rev1=1 crypto rx=0x7f44e4006fd0 tx=0x7f44e4006e40 comp rx=0 tx=0).stop
2024-04-25T01:39:00.211 INFO:teuthology.orchestra.run.smithi117.stdout:/usr/bin/ceph: stderr
2024-04-25T01:38:59.631+0000 7f4500d7b700 1 -- 172.21.15.117:0/2216841189 >> [v2:172.21.15.117:3300/0,v1:172.21.15.117:6789/0] conn(0x7f44fc108540 msgr2=0x7f44fc107dc0 secure :-1 s=STATE_CONNECTION_ESTABLISHED l=1).mark_down
2024-04-25T01:39:00.211 INFO:teuthology.orchestra.run.smithi117.stdout:/usr/bin/ceph: stderr
2024-04-25T01:38:59.631+0000 7f4500d7b700 1 --2- 172.21.15.117:0/2216841189 >> [v2:172.21.15.117:3300/0,v1:172.21.15.117:6789/0] conn(0x7f44fc108540 0x7f44fc107dc0 secure :-1 s=READY pgs=56 cs=0 l=1 rev1=1 crypto rx=0x7f44ec011a20 tx=0x7f44ec011b00 comp rx=0 tx=0).stop
2024-04-25T01:39:00.211 INFO:teuthology.orchestra.run.smithi117.stdout:/usr/bin/ceph: stderr
2024-04-25T01:38:59.631+0000 7f4500d7b700 1 -- 172.21.15.117:0/2216841189 shutdown_connections
2024-04-25T01:39:00.211 INFO:teuthology.orchestra.run.smithi117.stdout:/usr/bin/ceph: stderr
2024-04-25T01:38:59.631+0000 7f4500d7b700 1 --2- 172.21.15.117:0/2216841189 >> [v2:172.21.15.117:6800/3809594811,v1:172.21.15.117:6801/3809594811] conn(0x7f44e8039050 0x7f44e803b510 unknown :-1 s=CLOSED pgs=16 cs=0 l=1 rev1=1 crypto rx=0 tx=0 comp rx=0 tx=0).stop
2024-04-25T01:39:00.211 INFO:teuthology.orchestra.run.smithi117.stdout:/usr/bin/ceph: stderr
2024-04-25T01:38:59.631+0000 7f4500d7b700 1 --2- 172.21.15.117:0/2216841189 >> [v2:172.21.15.117:3300/0,v1:172.21.15.117:6789/0] conn(0x7f44fc108540 0x7f44fc107dc0 unknown :-1 s=CLOSED pgs=56 cs=0 l=1 rev1=1 crypto rx=0 tx=0 comp rx=0 tx=0).stop
2024-04-25T01:39:00.211 INFO:teuthology.orchestra.run.smithi117.stdout:/usr/bin/ceph: stderr
2024-04-25T01:38:59.631+0000 7f4500d7b700 1 -- 172.21.15.117:0/2216841189 >> 172.21.15.117:0/2216841189 conn(0x7f44fc101f30 msgr2=0x7f44fc102a50 unknown :-1 s=STATE_NONE l=0).mark_down
2024-04-25T01:39:00.211 INFO:teuthology.orchestra.run.smithi117.stdout:/usr/bin/ceph: stderr
2024-04-25T01:38:59.631+0000 7f4500d7b700 1 -- 172.21.15.117:0/2216841189 shutdown_connections
2024-04-25T01:39:00.211 INFO:teuthology.orchestra.run.smithi117.stdout:/usr/bin/ceph: stderr
2024-04-25T01:38:59.631+0000 7f4500d7b700 1 -- 172.21.15.117:0/2216841189 wait complete.
2024-04-25T01:39:00.358 INFO:journalctl@ceph.mgr.x.smithi117.stdout:Apr 25 01:39:00 smithi117 ceph-4cedcc52-02a4-11ef-bc93-c7b262605968-mgr-x[29669]:
2024-04-25T01:39:00.097+0000 7f947adae200 -1 mgr[py] Module snap_schedule has missing NOTIFY_TYPES member
2024-04-25T01:39:00.609 INFO:journalctl@ceph.mgr.x.smithi117.stdout:Apr 25 01:39:00 smithi117 ceph-4cedcc52-02a4-11ef-bc93-c7b262605968-mgr-x[29669]:
2024-04-25T01:39:00.409+0000 7f947adae200 -1 mgr[py] Module progress has missing NOTIFY_TYPES member
2024-04-25T01:39:00.609 INFO:journalctl@ceph.mgr.x.smithi117.stdout:Apr 25 01:39:00 smithi117 ceph-4cedcc52-02a4-11ef-bc93-c7b262605968-mgr-x[29669]:
2024-04-25T01:39:00.496+0000 7f947adae200 -1 mgr[py] Module influx has missing NOTIFY_TYPES member
2024-04-25T01:39:00.895 INFO:journalctl@ceph.mon.a.smithi117.stdout:Apr 25 01:39:00 smithi117 ceph-mon[29434]: from='client.? 172.21.15.117:0/2216841189' entity='client.admin' cmd='[{"prefix": "mgr module enable", "module": "dashboard"}]': finished
2024-04-25T01:39:00.895 INFO:journalctl@ceph.mon.a.smithi117.stdout:Apr 25 01:39:00 smithi117 ceph-mon[29434]: mgrmap e9: x(active, since 19s)
2024-04-25T01:39:01.531 INFO:teuthology.orchestra.run.smithi117.stdout:/usr/bin/ceph: stdout {
2024-04-25T01:39:01.531 INFO:teuthology.orchestra.run.smithi117.stdout:/usr/bin/ceph: stdout "epoch": 9,
2024-04-25T01:39:01.531 INFO:teuthology.orchestra.run.smithi117.stdout:/usr/bin/ceph: stdout "available": true,
2024-04-25T01:39:01.531 INFO:teuthology.orchestra.run.smithi117.stdout:/usr/bin/ceph: stdout "active_name": "x",
2024-04-25T01:39:01.531 INFO:teuthology.orchestra.run.smithi117.stdout:/usr/bin/ceph: stdout "num_standby": 0
2024-04-25T01:39:01.531 INFO:teuthology.orchestra.run.smithi117.stdout:/usr/bin/ceph: stdout }
2024-04-25T01:39:01.531 INFO:teuthology.orchestra.run.smithi117.stdout:/usr/bin/ceph: stderr
2024-04-25T01:39:00.707+0000 7f6ec0993700 1 Processor -- start
2024-04-25T01:39:01.532 INFO:teuthology.orchestra.run.smithi117.stdout:/usr/bin/ceph: stderr
2024-04-25T01:39:00.707+0000 7f6ec0993700 1 -- start start
2024-04-25T01:39:01.532 INFO:teuthology.orchestra.run.smithi117.stdout:/usr/bin/ceph: stderr
2024-04-25T01:39:00.707+0000 7f6ec0993700 1 --2- >> [v2:172.21.15.117:3300/0,v1:172.21.15.117:6789/0] conn(0x7f6ebc1091f0 0x7f6ebc109610 unknown :-1 s=NONE pgs=0 cs=0 l=0 rev1=0 crypto rx=0 tx=0 comp rx=0 tx=0).connect
2024-04-25T01:39:01.532 INFO:teuthology.orchestra.run.smithi117.stdout:/usr/bin/ceph: stderr
2024-04-25T01:39:00.707+0000 7f6ec0993700 1 -- --> [v2:172.21.15.117:3300/0,v1:172.21.15.117:6789/0] -- mon_getmap magic: 0 -- 0x7f6ebc109be0 con 0x7f6ebc1091f0
2024-04-25T01:39:01.532 INFO:teuthology.orchestra.run.smithi117.stdout:/usr/bin/ceph: stderr
2024-04-25T01:39:00.707+0000 7f6eba59c700 1 --2- >> [v2:172.21.15.117:3300/0,v1:172.21.15.117:6789/0] conn(0x7f6ebc1091f0 0x7f6ebc109610 unknown :-1 s=BANNER_CONNECTING pgs=0 cs=0 l=0 rev1=0 crypto rx=0 tx=0 comp rx=0 tx=0)._handle_peer_banner_payload supported=3 required=0
2024-04-25T01:39:01.532 INFO:teuthology.orchestra.run.smithi117.stdout:/usr/bin/ceph: stderr
2024-04-25T01:39:00.707+0000 7f6eba59c700 1 --2- >> [v2:172.21.15.117:3300/0,v1:172.21.15.117:6789/0] conn(0x7f6ebc1091f0 0x7f6ebc109610 unknown :-1 s=HELLO_CONNECTING pgs=0 cs=0 l=0 rev1=1 crypto rx=0 tx=0 comp rx=0 tx=0).handle_hello peer v2:172.21.15.117:3300/0 says I am v2:172.21.15.117:36540/0 (socket says 172.21.15.117:36540)
2024-04-25T01:39:01.532 INFO:teuthology.orchestra.run.smithi117.stdout:/usr/bin/ceph: stderr
2024-04-25T01:39:00.707+0000 7f6eba59c700 1 -- 172.21.15.117:0/3744888816 learned_addr learned my addr 172.21.15.117:0/3744888816 (peer_addr_for_me v2:172.21.15.117:0/0)
2024-04-25T01:39:01.532 INFO:teuthology.orchestra.run.smithi117.stdout:/usr/bin/ceph: stderr
2024-04-25T01:39:00.708+0000 7f6eba59c700 1 -- 172.21.15.117:0/3744888816 --> [v2:172.21.15.117:3300/0,v1:172.21.15.117:6789/0] -- mon_subscribe({config=0+,monmap=0+}) -- 0x7f6ebc105a40 con 0x7f6ebc1091f0
2024-04-25T01:39:01.532 INFO:teuthology.orchestra.run.smithi117.stdout:/usr/bin/ceph: stderr
2024-04-25T01:39:00.708+0000 7f6eba59c700 1 --2- 172.21.15.117:0/3744888816 >> [v2:172.21.15.117:3300/0,v1:172.21.15.117:6789/0] conn(0x7f6ebc1091f0 0x7f6ebc109610 secure :-1 s=READY pgs=59 cs=0 l=1 rev1=1 crypto rx=0x7f6eac0098a0 tx=0x7f6eac009bb0 comp rx=0 tx=0).ready entity=mon.0 client_cookie=8c1da344ab1f9a91 server_cookie=0 in_seq=0 out_seq=0
2024-04-25T01:39:01.532 INFO:teuthology.orchestra.run.smithi117.stdout:/usr/bin/ceph: stderr
2024-04-25T01:39:00.708+0000 7f6eb959a700 1 -- 172.21.15.117:0/3744888816 <== mon.0 v2:172.21.15.117:3300/0 1 ==== mon_map magic: 0 ==== 205+0+0 (secure 0 0 0) 0x7f6eac004160 con 0x7f6ebc1091f0
2024-04-25T01:39:01.532 INFO:teuthology.orchestra.run.smithi117.stdout:/usr/bin/ceph: stderr
2024-04-25T01:39:00.708+0000 7f6eb959a700 1 -- 172.21.15.117:0/3744888816 <== mon.0 v2:172.21.15.117:3300/0 2 ==== config(26 keys) ==== 1102+0+0 (secure 0 0 0) 0x7f6eac004300 con 0x7f6ebc1091f0
2024-04-25T01:39:01.532 INFO:teuthology.orchestra.run.smithi117.stdout:/usr/bin/ceph: stderr
2024-04-25T01:39:00.708+0000 7f6eb959a700 1 -- 172.21.15.117:0/3744888816 <== mon.0 v2:172.21.15.117:3300/0 3 ==== mon_map magic: 0 ==== 205+0+0 (secure 0 0 0) 0x7f6eac011a50 con 0x7f6ebc1091f0
2024-04-25T01:39:01.532 INFO:teuthology.orchestra.run.smithi117.stdout:/usr/bin/ceph: stderr
2024-04-25T01:39:00.709+0000 7f6ec0993700 1 -- 172.21.15.117:0/3744888816 >> [v2:172.21.15.117:3300/0,v1:172.21.15.117:6789/0] conn(0x7f6ebc1091f0 msgr2=0x7f6ebc109610 secure :-1 s=STATE_CONNECTION_ESTABLISHED l=1).mark_down
2024-04-25T01:39:01.533 INFO:teuthology.orchestra.run.smithi117.stdout:/usr/bin/ceph: stderr
2024-04-25T01:39:00.709+0000 7f6ec0993700 1 --2- 172.21.15.117:0/3744888816 >> [v2:172.21.15.117:3300/0,v1:172.21.15.117:6789/0] conn(0x7f6ebc1091f0 0x7f6ebc109610 secure :-1 s=READY pgs=59 cs=0 l=1 rev1=1 crypto rx=0x7f6eac0098a0 tx=0x7f6eac009bb0 comp rx=0 tx=0).stop
2024-04-25T01:39:01.533 INFO:teuthology.orchestra.run.smithi117.stdout:/usr/bin/ceph: stderr
2024-04-25T01:39:00.709+0000 7f6ec0993700 1 -- 172.21.15.117:0/3744888816 shutdown_connections
2024-04-25T01:39:01.533 INFO:teuthology.orchestra.run.smithi117.stdout:/usr/bin/ceph: stderr
2024-04-25T01:39:00.709+0000 7f6ec0993700 1 --2- 172.21.15.117:0/3744888816 >> [v2:172.21.15.117:3300/0,v1:172.21.15.117:6789/0] conn(0x7f6ebc1091f0 0x7f6ebc109610 unknown :-1 s=CLOSED pgs=59 cs=0 l=1 rev1=1 crypto rx=0 tx=0 comp rx=0 tx=0).stop
2024-04-25T01:39:01.533 INFO:teuthology.orchestra.run.smithi117.stdout:/usr/bin/ceph: stderr
2024-04-25T01:39:00.709+0000 7f6ec0993700 1 -- 172.21.15.117:0/3744888816 >> 172.21.15.117:0/3744888816 conn(0x7f6ebc101740 msgr2=0x7f6ebc103b60 unknown :-1 s=STATE_NONE l=0).mark_down
2024-04-25T01:39:01.533 INFO:teuthology.orchestra.run.smithi117.stdout:/usr/bin/ceph: stderr
2024-04-25T01:39:00.709+0000 7f6ec0993700 1 -- 172.21.15.117:0/3744888816 shutdown_connections
2024-04-25T01:39:01.533 INFO:teuthology.orchestra.run.smithi117.stdout:/usr/bin/ceph: stderr
2024-04-25T01:39:00.709+0000 7f6ec0993700 1 -- 172.21.15.117:0/3744888816 wait complete.
2024-04-25T01:39:01.533 INFO:teuthology.orchestra.run.smithi117.stdout:/usr/bin/ceph: stderr
2024-04-25T01:39:00.710+0000 7f6ec0993700 1 Processor -- start
2024-04-25T01:39:01.533 INFO:teuthology.orchestra.run.smithi117.stdout:/usr/bin/ceph: stderr
2024-04-25T01:39:00.710+0000 7f6ec0993700 1 -- start start
2024-04-25T01:39:01.533 INFO:teuthology.orchestra.run.smithi117.stdout:/usr/bin/ceph: stderr
2024-04-25T01:39:00.710+0000 7f6ec0993700 1 --2- >> [v2:172.21.15.117:3300/0,v1:172.21.15.117:6789/0] conn(0x7f6ebc1091f0 0x7f6ebc19bab0 unknown :-1 s=NONE pgs=0 cs=0 l=1 rev1=0 crypto rx=0 tx=0 comp rx=0 tx=0).connect
