2024-04-25T01:44:47.936+0000 7f1136800700 1 --2- 172.21.15.102:0/3775268156 >> [v2:172.21.15.102:3300/0,v1:172.21.15.102:6789/0] conn(0x7f1130107df0 0x7f113019be50 secure :-1 s=READY pgs=73 cs=0 l=1 rev1=1 crypto rx=0x7f11200117e0 tx=0x7f1120011ba0 comp rx=0 tx=0).stop
2024-04-25T01:44:48.577 INFO:teuthology.orchestra.run.smithi102.stdout:/usr/bin/ceph: stderr
2024-04-25T01:44:47.936+0000 7f1136800700 1 -- 172.21.15.102:0/3775268156 shutdown_connections
2024-04-25T01:44:48.577 INFO:teuthology.orchestra.run.smithi102.stdout:/usr/bin/ceph: stderr
2024-04-25T01:44:47.936+0000 7f1136800700 1 --2- 172.21.15.102:0/3775268156 >> [v2:172.21.15.102:6800/83904525,v1:172.21.15.102:6801/83904525] conn(0x7f1114039100 0x7f111403b5c0 unknown :-1 s=CLOSED pgs=8 cs=0 l=1 rev1=1 crypto rx=0 tx=0 comp rx=0 tx=0).stop
2024-04-25T01:44:48.577 INFO:teuthology.orchestra.run.smithi102.stdout:/usr/bin/ceph: stderr
2024-04-25T01:44:47.936+0000 7f1136800700 1 --2- 172.21.15.102:0/3775268156 >> [v2:172.21.15.102:3300/0,v1:172.21.15.102:6789/0] conn(0x7f1130107df0 0x7f113019be50 unknown :-1 s=CLOSED pgs=73 cs=0 l=1 rev1=1 crypto rx=0 tx=0 comp rx=0 tx=0).stop
2024-04-25T01:44:48.577 INFO:teuthology.orchestra.run.smithi102.stdout:/usr/bin/ceph: stderr
2024-04-25T01:44:47.936+0000 7f1136800700 1 -- 172.21.15.102:0/3775268156 >> 172.21.15.102:0/3775268156 conn(0x7f1130103370 msgr2=0x7f1130103e30 unknown :-1 s=STATE_NONE l=0).mark_down
2024-04-25T01:44:48.578 INFO:teuthology.orchestra.run.smithi102.stdout:/usr/bin/ceph: stderr
2024-04-25T01:44:47.936+0000 7f1136800700 1 -- 172.21.15.102:0/3775268156 shutdown_connections
2024-04-25T01:44:48.578 INFO:teuthology.orchestra.run.smithi102.stdout:/usr/bin/ceph: stderr
2024-04-25T01:44:47.936+0000 7f1136800700 1 -- 172.21.15.102:0/3775268156 wait complete.
2024-04-25T01:44:48.578 INFO:teuthology.orchestra.run.smithi102.stdout:Fetching dashboard port number...
2024-04-25T01:44:48.858 INFO:journalctl@ceph.mon.a.smithi102.stdout:Apr 25 01:44:48 smithi102 ceph-mon[27796]: from='client.14166 -' entity='client.admin' cmd=[{"prefix": "dashboard ac-user-create", "username": "admin", "rolename": "administrator", "force_password": true, "pwd_update_required": true, "target": ["mon-mgr", ""]}]: dispatch
2024-04-25T01:44:48.858 INFO:journalctl@ceph.mon.a.smithi102.stdout:Apr 25 01:44:48 smithi102 ceph-mon[27796]: from='mgr.14152 172.21.15.102:0/2137057640' entity='mgr.x'
2024-04-25T01:44:50.127 INFO:journalctl@ceph.mon.a.smithi102.stdout:Apr 25 01:44:49 smithi102 ceph-mon[27796]: mgrmap e13: x(active, since 6s)
2024-04-25T01:44:50.127 INFO:journalctl@ceph.mon.a.smithi102.stdout:Apr 25 01:44:49 smithi102 ceph-mon[27796]: from='client.? 172.21.15.102:0/3688244076' entity='client.admin' cmd=[{"prefix": "config get", "who": "mgr", "key": "mgr/dashboard/ssl_server_port"}]: dispatch
2024-04-25T01:44:50.984 INFO:teuthology.orchestra.run.smithi102.stdout:/usr/bin/ceph: stdout 8443
2024-04-25T01:44:50.984 INFO:teuthology.orchestra.run.smithi102.stdout:/usr/bin/ceph: stderr
2024-04-25T01:44:49.215+0000 7fb83fe00700 1 Processor -- start
2024-04-25T01:44:50.984 INFO:teuthology.orchestra.run.smithi102.stdout:/usr/bin/ceph: stderr
2024-04-25T01:44:49.215+0000 7fb83fe00700 1 -- start start
2024-04-25T01:44:50.984 INFO:teuthology.orchestra.run.smithi102.stdout:/usr/bin/ceph: stderr
2024-04-25T01:44:49.216+0000 7fb83fe00700 1 --2- >> [v2:172.21.15.102:3300/0,v1:172.21.15.102:6789/0] conn(0x7fb83810ec70 0x7fb838111060 unknown :-1 s=NONE pgs=0 cs=0 l=0 rev1=0 crypto rx=0 tx=0 comp rx=0 tx=0).connect
2024-04-25T01:44:50.984 INFO:teuthology.orchestra.run.smithi102.stdout:/usr/bin/ceph: stderr
2024-04-25T01:44:49.216+0000 7fb83fe00700 1 -- --> [v2:172.21.15.102:3300/0,v1:172.21.15.102:6789/0] -- mon_getmap magic: 0 -- 0x7fb8381115a0 con 0x7fb83810ec70
2024-04-25T01:44:50.984 INFO:teuthology.orchestra.run.smithi102.stdout:/usr/bin/ceph: stderr
2024-04-25T01:44:49.216+0000 7fb83d400700 1 --2- >> [v2:172.21.15.102:3300/0,v1:172.21.15.102:6789/0] conn(0x7fb83810ec70 0x7fb838111060 unknown :-1 s=BANNER_CONNECTING pgs=0 cs=0 l=0 rev1=0 crypto rx=0 tx=0 comp rx=0 tx=0)._handle_peer_banner_payload supported=3 required=0
2024-04-25T01:44:50.985 INFO:teuthology.orchestra.run.smithi102.stdout:/usr/bin/ceph: stderr
2024-04-25T01:44:49.216+0000 7fb83d400700 1 --2- >> [v2:172.21.15.102:3300/0,v1:172.21.15.102:6789/0] conn(0x7fb83810ec70 0x7fb838111060 unknown :-1 s=HELLO_CONNECTING pgs=0 cs=0 l=0 rev1=1 crypto rx=0 tx=0 comp rx=0 tx=0).handle_hello peer v2:172.21.15.102:3300/0 says I am v2:172.21.15.102:43490/0 (socket says 172.21.15.102:43490)
2024-04-25T01:44:50.985 INFO:teuthology.orchestra.run.smithi102.stdout:/usr/bin/ceph: stderr
2024-04-25T01:44:49.216+0000 7fb83d400700 1 -- 172.21.15.102:0/1918899602 learned_addr learned my addr 172.21.15.102:0/1918899602 (peer_addr_for_me v2:172.21.15.102:0/0)
2024-04-25T01:44:50.985 INFO:teuthology.orchestra.run.smithi102.stdout:/usr/bin/ceph: stderr
2024-04-25T01:44:49.216+0000 7fb83d400700 1 -- 172.21.15.102:0/1918899602 --> [v2:172.21.15.102:3300/0,v1:172.21.15.102:6789/0] -- mon_subscribe({config=0+,monmap=0+}) -- 0x7fb838111720 con 0x7fb83810ec70
2024-04-25T01:44:50.985 INFO:teuthology.orchestra.run.smithi102.stdout:/usr/bin/ceph: stderr
2024-04-25T01:44:49.217+0000 7fb83d400700 1 --2- 172.21.15.102:0/1918899602 >> [v2:172.21.15.102:3300/0,v1:172.21.15.102:6789/0] conn(0x7fb83810ec70 0x7fb838111060 secure :-1 s=READY pgs=74 cs=0 l=1 rev1=1 crypto rx=0x7fb82c0098a0 tx=0x7fb82c009bb0 comp rx=0 tx=0).ready entity=mon.0 client_cookie=94effe8a5ca2d7da server_cookie=0 in_seq=0 out_seq=0
2024-04-25T01:44:50.985 INFO:teuthology.orchestra.run.smithi102.stdout:/usr/bin/ceph: stderr
2024-04-25T01:44:49.217+0000 7fb837e00700 1 -- 172.21.15.102:0/1918899602 <== mon.0 v2:172.21.15.102:3300/0 1 ==== mon_map magic: 0 ==== 205+0+0 (secure 0 0 0) 0x7fb82c004160 con 0x7fb83810ec70
2024-04-25T01:44:50.985 INFO:teuthology.orchestra.run.smithi102.stdout:/usr/bin/ceph: stderr
2024-04-25T01:44:49.217+0000 7fb837e00700 1 -- 172.21.15.102:0/1918899602 <== mon.0 v2:172.21.15.102:3300/0 2 ==== config(27 keys) ==== 1140+0+0 (secure 0 0 0) 0x7fb82c004300 con 0x7fb83810ec70
2024-04-25T01:44:50.985 INFO:teuthology.orchestra.run.smithi102.stdout:/usr/bin/ceph: stderr
2024-04-25T01:44:49.217+0000 7fb837e00700 1 -- 172.21.15.102:0/1918899602 <== mon.0 v2:172.21.15.102:3300/0 3 ==== mon_map magic: 0 ==== 205+0+0 (secure 0 0 0) 0x7fb82c011b20 con 0x7fb83810ec70
2024-04-25T01:44:50.985 INFO:teuthology.orchestra.run.smithi102.stdout:/usr/bin/ceph: stderr
2024-04-25T01:44:49.218+0000 7fb83fe00700 1 -- 172.21.15.102:0/1918899602 >> [v2:172.21.15.102:3300/0,v1:172.21.15.102:6789/0] conn(0x7fb83810ec70 msgr2=0x7fb838111060 secure :-1 s=STATE_CONNECTION_ESTABLISHED l=1).mark_down
2024-04-25T01:44:50.985 INFO:teuthology.orchestra.run.smithi102.stdout:/usr/bin/ceph: stderr
2024-04-25T01:44:49.218+0000 7fb83fe00700 1 --2- 172.21.15.102:0/1918899602 >> [v2:172.21.15.102:3300/0,v1:172.21.15.102:6789/0] conn(0x7fb83810ec70 0x7fb838111060 secure :-1 s=READY pgs=74 cs=0 l=1 rev1=1 crypto rx=0x7fb82c0098a0 tx=0x7fb82c009bb0 comp rx=0 tx=0).stop
2024-04-25T01:44:50.985 INFO:teuthology.orchestra.run.smithi102.stdout:/usr/bin/ceph: stderr
2024-04-25T01:44:49.218+0000 7fb83fe00700 1 -- 172.21.15.102:0/1918899602 shutdown_connections
2024-04-25T01:44:50.985 INFO:teuthology.orchestra.run.smithi102.stdout:/usr/bin/ceph: stderr
2024-04-25T01:44:49.218+0000 7fb83fe00700 1 --2- 172.21.15.102:0/1918899602 >> [v2:172.21.15.102:3300/0,v1:172.21.15.102:6789/0] conn(0x7fb83810ec70 0x7fb838111060 unknown :-1 s=CLOSED pgs=74 cs=0 l=1 rev1=1 crypto rx=0 tx=0 comp rx=0 tx=0).stop
2024-04-25T01:44:50.986 INFO:teuthology.orchestra.run.smithi102.stdout:/usr/bin/ceph: stderr
2024-04-25T01:44:49.218+0000 7fb83fe00700 1 -- 172.21.15.102:0/1918899602 >> 172.21.15.102:0/1918899602 conn(0x7fb83807d3c0 msgr2=0x7fb83807f800 unknown :-1 s=STATE_NONE l=0).mark_down
2024-04-25T01:44:50.986 INFO:teuthology.orchestra.run.smithi102.stdout:/usr/bin/ceph: stderr
2024-04-25T01:44:49.218+0000 7fb83fe00700 1 -- 172.21.15.102:0/1918899602 shutdown_connections
2024-04-25T01:44:50.986 INFO:teuthology.orchestra.run.smithi102.stdout:/usr/bin/ceph: stderr
2024-04-25T01:44:49.218+0000 7fb83fe00700 1 -- 172.21.15.102:0/1918899602 wait complete.
2024-04-25T01:44:50.986 INFO:teuthology.orchestra.run.smithi102.stdout:/usr/bin/ceph: stderr
2024-04-25T01:44:49.219+0000 7fb83fe00700 1 Processor -- start
2024-04-25T01:44:50.986 INFO:teuthology.orchestra.run.smithi102.stdout:/usr/bin/ceph: stderr
2024-04-25T01:44:49.219+0000 7fb83fe00700 1 -- start start
2024-04-25T01:44:50.986 INFO:teuthology.orchestra.run.smithi102.stdout:/usr/bin/ceph: stderr
2024-04-25T01:44:49.220+0000 7fb83fe00700 1 --2- >> [v2:172.21.15.102:3300/0,v1:172.21.15.102:6789/0] conn(0x7fb83810ec70 0x7fb8381a23d0 unknown :-1 s=NONE pgs=0 cs=0 l=1 rev1=0 crypto rx=0 tx=0 comp rx=0 tx=0).connect
2024-04-25T01:44:50.986 INFO:teuthology.orchestra.run.smithi102.stdout:/usr/bin/ceph: stderr
2024-04-25T01:44:49.220+0000 7fb83fe00700 1 -- --> [v2:172.21.15.102:3300/0,v1:172.21.15.102:6789/0] -- mon_getmap magic: 0 -- 0x7fb838112840 con 0x7fb83810ec70
2024-04-25T01:44:50.986 INFO:teuthology.orchestra.run.smithi102.stdout:/usr/bin/ceph: stderr
2024-04-25T01:44:49.220+0000 7fb83d400700 1 --2- >> [v2:172.21.15.102:3300/0,v1:172.21.15.102:6789/0] conn(0x7fb83810ec70 0x7fb8381a23d0 unknown :-1 s=BANNER_CONNECTING pgs=0 cs=0 l=1 rev1=0 crypto rx=0 tx=0 comp rx=0 tx=0)._handle_peer_banner_payload supported=3 required=0
2024-04-25T01:44:50.986 INFO:teuthology.orchestra.run.smithi102.stdout:/usr/bin/ceph: stderr
2024-04-25T01:44:49.220+0000 7fb83d400700 1 --2- >> [v2:172.21.15.102:3300/0,v1:172.21.15.102:6789/0] conn(0x7fb83810ec70 0x7fb8381a23d0 unknown :-1 s=HELLO_CONNECTING pgs=0 cs=0 l=1 rev1=1 crypto rx=0 tx=0 comp rx=0 tx=0).handle_hello peer v2:172.21.15.102:3300/0 says I am v2:172.21.15.102:43502/0 (socket says 172.21.15.102:43502)
2024-04-25T01:44:50.986 INFO:teuthology.orchestra.run.smithi102.stdout:/usr/bin/ceph: stderr
2024-04-25T01:44:49.220+0000 7fb83d400700 1 -- 172.21.15.102:0/3688244076 learned_addr learned my addr 172.21.15.102:0/3688244076 (peer_addr_for_me v2:172.21.15.102:0/0)
2024-04-25T01:44:50.986 INFO:teuthology.orchestra.run.smithi102.stdout:/usr/bin/ceph: stderr
2024-04-25T01:44:49.221+0000 7fb83d400700 1 -- 172.21.15.102:0/3688244076 --> [v2:172.21.15.102:3300/0,v1:172.21.15.102:6789/0] -- mon_subscribe({config=0+,monmap=0+}) -- 0x7fb8381a2910 con 0x7fb83810ec70
2024-04-25T01:44:50.986 INFO:teuthology.orchestra.run.smithi102.stdout:/usr/bin/ceph: stderr
2024-04-25T01:44:49.221+0000 7fb83d400700 1 --2- 172.21.15.102:0/3688244076 >> [v2:172.21.15.102:3300/0,v1:172.21.15.102:6789/0] conn(0x7fb83810ec70 0x7fb8381a23d0 secure :-1 s=READY pgs=75 cs=0 l=1 rev1=1 crypto rx=0x7fb82c0117e0 tx=0x7fb82c011ba0 comp rx=0 tx=0).ready entity=mon.0 client_cookie=0 server_cookie=0 in_seq=0 out_seq=0
2024-04-25T01:44:50.986 INFO:teuthology.orchestra.run.smithi102.stdout:/usr/bin/ceph: stderr
2024-04-25T01:44:49.221+0000 7fb836000700 1 -- 172.21.15.102:0/3688244076 <== mon.0 v2:172.21.15.102:3300/0 1 ==== mon_map magic: 0 ==== 205+0+0 (secure 0 0 0) 0x7fb82c003ba0 con 0x7fb83810ec70
2024-04-25T01:44:50.987 INFO:teuthology.orchestra.run.smithi102.stdout:/usr/bin/ceph: stderr
2024-04-25T01:44:49.221+0000 7fb836000700 1 -- 172.21.15.102:0/3688244076 <== mon.0 v2:172.21.15.102:3300/0 2 ==== config(27 keys) ==== 1140+0+0 (secure 0 0 0) 0x7fb82c01a910 con 0x7fb83810ec70
2024-04-25T01:44:50.987 INFO:teuthology.orchestra.run.smithi102.stdout:/usr/bin/ceph: stderr
2024-04-25T01:44:49.221+0000 7fb83fe00700 1 -- 172.21.15.102:0/3688244076 --> [v2:172.21.15.102:3300/0,v1:172.21.15.102:6789/0] -- mon_subscribe({mgrmap=0+}) -- 0x7fb8381a2ba0 con 0x7fb83810ec70
2024-04-25T01:44:50.987 INFO:teuthology.orchestra.run.smithi102.stdout:/usr/bin/ceph: stderr
2024-04-25T01:44:49.221+0000 7fb836000700 1 -- 172.21.15.102:0/3688244076 <== mon.0 v2:172.21.15.102:3300/0 3 ==== mon_map magic: 0 ==== 205+0+0 (secure 0 0 0) 0x7fb82c0248f0 con 0x7fb83810ec70
2024-04-25T01:44:50.987 INFO:teuthology.orchestra.run.smithi102.stdout:/usr/bin/ceph: stderr
2024-04-25T01:44:49.221+0000 7fb83fe00700 1 -- 172.21.15.102:0/3688244076 --> [v2:172.21.15.102:3300/0,v1:172.21.15.102:6789/0] -- mon_subscribe({osdmap=0}) -- 0x7fb8381a36c0 con 0x7fb83810ec70
2024-04-25T01:44:50.987 INFO:teuthology.orchestra.run.smithi102.stdout:/usr/bin/ceph: stderr
2024-04-25T01:44:49.222+0000 7fb836000700 1 -- 172.21.15.102:0/3688244076 <== mon.0 v2:172.21.15.102:3300/0 4 ==== mgrmap(e 13) ==== 46344+0+0 (secure 0 0 0) 0x7fb82c022020 con 0x7fb83810ec70
2024-04-25T01:44:50.987 INFO:teuthology.orchestra.run.smithi102.stdout:/usr/bin/ceph: stderr
2024-04-25T01:44:49.223+0000 7fb836000700 1 --2- 172.21.15.102:0/3688244076 >> [v2:172.21.15.102:6800/83904525,v1:172.21.15.102:6801/83904525] conn(0x7fb8200391a0 0x7fb82003b660 unknown :-1 s=NONE pgs=0 cs=0 l=1 rev1=0 crypto rx=0 tx=0 comp rx=0 tx=0).connect
2024-04-25T01:44:50.987 INFO:teuthology.orchestra.run.smithi102.stdout:/usr/bin/ceph: stderr
2024-04-25T01:44:49.223+0000 7fb83fe00700 1 -- 172.21.15.102:0/3688244076 --> [v2:172.21.15.102:3300/0,v1:172.21.15.102:6789/0] -- mon_command({"prefix": "get_command_descriptions"} v 0) -- 0x7fb838063890 con 0x7fb83810ec70
2024-04-25T01:44:50.987 INFO:teuthology.orchestra.run.smithi102.stdout:/usr/bin/ceph: stderr
2024-04-25T01:44:49.223+0000 7fb836000700 1 -- 172.21.15.102:0/3688244076 <== mon.0 v2:172.21.15.102:3300/0 5 ==== osd_map(3..3 src has 1..3) ==== 1155+0+0 (secure 0 0 0) 0x7fb82c04e6c0 con 0x7fb83810ec70
2024-04-25T01:44:50.987 INFO:teuthology.orchestra.run.smithi102.stdout:/usr/bin/ceph: stderr
2024-04-25T01:44:49.224+0000 7fb83ca00700 1 --2- 172.21.15.102:0/3688244076 >> [v2:172.21.15.102:6800/83904525,v1:172.21.15.102:6801/83904525] conn(0x7fb8200391a0 0x7fb82003b660 unknown :-1 s=BANNER_CONNECTING pgs=0 cs=0 l=1 rev1=0 crypto rx=0 tx=0 comp rx=0 tx=0)._handle_peer_banner_payload supported=3 required=0
2024-04-25T01:44:50.987 INFO:teuthology.orchestra.run.smithi102.stdout:/usr/bin/ceph: stderr
2024-04-25T01:44:49.225+0000 7fb83ca00700 1 --2- 172.21.15.102:0/3688244076 >> [v2:172.21.15.102:6800/83904525,v1:172.21.15.102:6801/83904525] conn(0x7fb8200391a0 0x7fb82003b660 secure :-1 s=READY pgs=9 cs=0 l=1 rev1=1 crypto rx=0x7fb824006fd0 tx=0x7fb824006e40 comp rx=0 tx=0).ready entity=mgr.14152 client_cookie=0 server_cookie=0 in_seq=0 out_seq=0
2024-04-25T01:44:50.987 INFO:teuthology.orchestra.run.smithi102.stdout:/usr/bin/ceph: stderr
2024-04-25T01:44:49.229+0000 7fb836000700 1 -- 172.21.15.102:0/3688244076 <== mon.0 v2:172.21.15.102:3300/0 6 ==== mon_command_ack([{"prefix": "get_command_descriptions"}]=0 v0) ==== 72+0+186147 (secure 0 0 0) 0x7fb82c020c10 con 0x7fb83810ec70
2024-04-25T01:44:50.987 INFO:teuthology.orchestra.run.smithi102.stdout:/usr/bin/ceph: stderr
2024-04-25T01:44:49.461+0000 7fb83fe00700 1 -- 172.21.15.102:0/3688244076 --> [v2:172.21.15.102:3300/0,v1:172.21.15.102:6789/0] -- mon_command({"prefix": "config get", "who": "mgr", "key": "mgr/dashboard/ssl_server_port"} v 0) -- 0x7fb8381a3ad0 con 0x7fb83810ec70
2024-04-25T01:44:50.987 INFO:teuthology.orchestra.run.smithi102.stdout:/usr/bin/ceph: stderr
2024-04-25T01:44:49.462+0000 7fb836000700 1 -- 172.21.15.102:0/3688244076 <== mon.0 v2:172.21.15.102:3300/0 7 ==== mon_command_ack([{"prefix": "config get", "who": "mgr", "key": "mgr/dashboard/ssl_server_port"}]=0 v8) ==== 112+0+5 (secure 0 0 0) 0x7fb82c00b5a0 con 0x7fb83810ec70
2024-04-25T01:44:50.988 INFO:teuthology.orchestra.run.smithi102.stdout:/usr/bin/ceph: stderr
2024-04-25T01:44:49.466+0000 7fb83fe00700 1 -- 172.21.15.102:0/3688244076 >> [v2:172.21.15.102:6800/83904525,v1:172.21.15.102:6801/83904525] conn(0x7fb8200391a0 msgr2=0x7fb82003b660 secure :-1 s=STATE_CONNECTION_ESTABLISHED l=1).mark_down
2024-04-25T01:44:50.988 INFO:teuthology.orchestra.run.smithi102.stdout:/usr/bin/ceph: stderr
2024-04-25T01:44:49.466+0000 7fb83fe00700 1 --2- 172.21.15.102:0/3688244076 >> [v2:172.21.15.102:6800/83904525,v1:172.21.15.102:6801/83904525] conn(0x7fb8200391a0 0x7fb82003b660 secure :-1 s=READY pgs=9 cs=0 l=1 rev1=1 crypto rx=0x7fb824006fd0 tx=0x7fb824006e40 comp rx=0 tx=0).stop
2024-04-25T01:44:50.988 INFO:teuthology.orchestra.run.smithi102.stdout:/usr/bin/ceph: stderr
2024-04-25T01:44:49.466+0000 7fb83fe00700 1 -- 172.21.15.102:0/3688244076 >> [v2:172.21.15.102:3300/0,v1:172.21.15.102:6789/0] conn(0x7fb83810ec70 msgr2=0x7fb8381a23d0 secure :-1 s=STATE_CONNECTION_ESTABLISHED l=1).mark_down
2024-04-25T01:44:50.988 INFO:teuthology.orchestra.run.smithi102.stdout:/usr/bin/ceph: stderr
2024-04-25T01:44:49.466+0000 7fb83fe00700 1 --2- 172.21.15.102:0/3688244076 >> [v2:172.21.15.102:3300/0,v1:172.21.15.102:6789/0] conn(0x7fb83810ec70 0x7fb8381a23d0 secure :-1 s=READY pgs=75 cs=0 l=1 rev1=1 crypto rx=0x7fb82c0117e0 tx=0x7fb82c011ba0 comp rx=0 tx=0).stop
2024-04-25T01:44:50.988 INFO:teuthology.orchestra.run.smithi102.stdout:/usr/bin/ceph: stderr
2024-04-25T01:44:49.466+0000 7fb83fe00700 1 -- 172.21.15.102:0/3688244076 shutdown_connections
2024-04-25T01:44:50.988 INFO:teuthology.orchestra.run.smithi102.stdout:/usr/bin/ceph: stderr
2024-04-25T01:44:49.466+0000 7fb83fe00700 1 --2- 172.21.15.102:0/3688244076 >> [v2:172.21.15.102:6800/83904525,v1:172.21.15.102:6801/83904525] conn(0x7fb8200391a0 0x7fb82003b660 unknown :-1 s=CLOSED pgs=9 cs=0 l=1 rev1=1 crypto rx=0 tx=0 comp rx=0 tx=0).stop
2024-04-25T01:44:50.988 INFO:teuthology.orchestra.run.smithi102.stdout:/usr/bin/ceph: stderr
2024-04-25T01:44:49.466+0000 7fb83fe00700 1 --2- 172.21.15.102:0/3688244076 >> [v2:172.21.15.102:3300/0,v1:172.21.15.102:6789/0] conn(0x7fb83810ec70 0x7fb8381a23d0 unknown :-1 s=CLOSED pgs=75 cs=0 l=1 rev1=1 crypto rx=0 tx=0 comp rx=0 tx=0).stop
2024-04-25T01:44:50.988 INFO:teuthology.orchestra.run.smithi102.stdout:/usr/bin/ceph: stderr
2024-04-25T01:44:49.466+0000 7fb83fe00700 1 -- 172.21.15.102:0/3688244076 >> 172.21.15.102:0/3688244076 conn(0x7fb83807d3c0 msgr2=0x7fb83807dde0 unknown :-1 s=STATE_NONE l=0).mark_down
2024-04-25T01:44:50.988 INFO:teuthology.orchestra.run.smithi102.stdout:/usr/bin/ceph: stderr
2024-04-25T01:44:49.466+0000 7fb83fe00700 1 -- 172.21.15.102:0/3688244076 shutdown_connections
2024-04-25T01:44:50.988 INFO:teuthology.orchestra.run.smithi102.stdout:/usr/bin/ceph: stderr
2024-04-25T01:44:49.466+0000 7fb83fe00700 1 -- 172.21.15.102:0/3688244076 wait complete.
2024-04-25T01:44:51.010 INFO:teuthology.orchestra.run.smithi102.stdout:Non-zero exit code 1 from systemctl is-enabled firewalld.service
2024-04-25T01:44:51.010 INFO:teuthology.orchestra.run.smithi102.stdout:systemctl: stdout disabled
2024-04-25T01:44:51.032 INFO:teuthology.orchestra.run.smithi102.stdout:Non-zero exit code 3 from systemctl is-active firewalld.service
2024-04-25T01:44:51.032 INFO:teuthology.orchestra.run.smithi102.stdout:systemctl: stdout inactive
2024-04-25T01:44:51.032 INFO:teuthology.orchestra.run.smithi102.stdout:firewalld.service is not enabled
2024-04-25T01:44:51.032 INFO:teuthology.orchestra.run.smithi102.stdout:Not possible to open ports <[8443]>. firewalld.service is not available
2024-04-25T01:44:51.040 INFO:teuthology.orchestra.run.smithi102.stdout:Ceph Dashboard is now available at:
2024-04-25T01:44:51.040 INFO:teuthology.orchestra.run.smithi102.stdout:
2024-04-25T01:44:51.040 INFO:teuthology.orchestra.run.smithi102.stdout: URL: https://smithi102.front.sepia.ceph.com:8443/
2024-04-25T01:44:51.040 INFO:teuthology.orchestra.run.smithi102.stdout: User: admin
2024-04-25T01:44:51.040 INFO:teuthology.orchestra.run.smithi102.stdout: Password: 3giu7b20e2
2024-04-25T01:44:51.040 INFO:teuthology.orchestra.run.smithi102.stdout:
2024-04-25T01:44:51.041 INFO:teuthology.orchestra.run.smithi102.stdout:Saving cluster configuration to /var/lib/ceph/145ca8d0-02a5-11ef-bc93-c7b262605968/config directory
2024-04-25T01:44:51.043 INFO:teuthology.orchestra.run.smithi102.stdout:Enabling autotune for osd_memory_target
2024-04-25T01:44:52.666 INFO:teuthology.orchestra.run.smithi102.stdout:/usr/bin/ceph: stderr
2024-04-25T01:44:51.705+0000 7f12f6e00700 1 Processor -- start
2024-04-25T01:44:52.667 INFO:teuthology.orchestra.run.smithi102.stdout:/usr/bin/ceph: stderr
2024-04-25T01:44:51.705+0000 7f12f6e00700 1 -- start start
2024-04-25T01:44:52.667 INFO:teuthology.orchestra.run.smithi102.stdout:/usr/bin/ceph: stderr
2024-04-25T01:44:51.705+0000 7f12f6e00700 1 --2- >> [v2:172.21.15.102:3300/0,v1:172.21.15.102:6789/0] conn(0x7f12f0109ff0 0x7f12f010a410 unknown :-1 s=NONE pgs=0 cs=0 l=0 rev1=0 crypto rx=0 tx=0 comp rx=0 tx=0).connect
2024-04-25T01:44:52.667 INFO:teuthology.orchestra.run.smithi102.stdout:/usr/bin/ceph: stderr
2024-04-25T01:44:51.705+0000 7f12f6e00700 1 -- --> [v2:172.21.15.102:3300/0,v1:172.21.15.102:6789/0] -- mon_getmap magic: 0 -- 0x7f12f010a9e0 con 0x7f12f0109ff0
2024-04-25T01:44:52.667 INFO:teuthology.orchestra.run.smithi102.stdout:/usr/bin/ceph: stderr
2024-04-25T01:44:51.706+0000 7f12efe00700 1 --2- >> [v2:172.21.15.102:3300/0,v1:172.21.15.102:6789/0] conn(0x7f12f0109ff0 0x7f12f010a410 unknown :-1 s=BANNER_CONNECTING pgs=0 cs=0 l=0 rev1=0 crypto rx=0 tx=0 comp rx=0 tx=0)._handle_peer_banner_payload supported=3 required=0
2024-04-25T01:44:52.667 INFO:teuthology.orchestra.run.smithi102.stdout:/usr/bin/ceph: stderr
2024-04-25T01:44:51.706+0000 7f12efe00700 1 --2- >> [v2:172.21.15.102:3300/0,v1:172.21.15.102:6789/0] conn(0x7f12f0109ff0 0x7f12f010a410 unknown :-1 s=HELLO_CONNECTING pgs=0 cs=0 l=0 rev1=1 crypto rx=0 tx=0 comp rx=0 tx=0).handle_hello peer v2:172.21.15.102:3300/0 says I am v2:172.21.15.102:43514/0 (socket says 172.21.15.102:43514)
2024-04-25T01:44:52.667 INFO:teuthology.orchestra.run.smithi102.stdout:/usr/bin/ceph: stderr
2024-04-25T01:44:51.706+0000 7f12efe00700 1 -- 172.21.15.102:0/1119126017 learned_addr learned my addr 172.21.15.102:0/1119126017 (peer_addr_for_me v2:172.21.15.102:0/0)
2024-04-25T01:44:52.667 INFO:teuthology.orchestra.run.smithi102.stdout:/usr/bin/ceph: stderr
2024-04-25T01:44:51.706+0000 7f12efe00700 1 -- 172.21.15.102:0/1119126017 --> [v2:172.21.15.102:3300/0,v1:172.21.15.102:6789/0] -- mon_subscribe({config=0+,monmap=0+}) -- 0x7f12f010b1f0 con 0x7f12f0109ff0
2024-04-25T01:44:52.667 INFO:teuthology.orchestra.run.smithi102.stdout:/usr/bin/ceph: stderr
2024-04-25T01:44:51.707+0000 7f12efe00700 1 --2- 172.21.15.102:0/1119126017 >> [v2:172.21.15.102:3300/0,v1:172.21.15.102:6789/0] conn(0x7f12f0109ff0 0x7f12f010a410 secure :-1 s=READY pgs=76 cs=0 l=1 rev1=1 crypto rx=0x7f12e00098a0 tx=0x7f12e0009bb0 comp rx=0 tx=0).ready entity=mon.0 client_cookie=92bb9500e77af758 server_cookie=0 in_seq=0 out_seq=0
2024-04-25T01:44:52.668 INFO:teuthology.orchestra.run.smithi102.stdout:/usr/bin/ceph: stderr
2024-04-25T01:44:51.707+0000 7f12eea00700 1 -- 172.21.15.102:0/1119126017 <== mon.0 v2:172.21.15.102:3300/0 1 ==== mon_map magic: 0 ==== 205+0+0 (secure 0 0 0) 0x7f12e0004160 con 0x7f12f0109ff0
2024-04-25T01:44:52.668 INFO:teuthology.orchestra.run.smithi102.stdout:/usr/bin/ceph: stderr
2024-04-25T01:44:51.707+0000 7f12eea00700 1 -- 172.21.15.102:0/1119126017 <== mon.0 v2:172.21.15.102:3300/0 2 ==== config(27 keys) ==== 1140+0+0 (secure 0 0 0) 0x7f12e0004300 con 0x7f12f0109ff0
2024-04-25T01:44:52.668 INFO:teuthology.orchestra.run.smithi102.stdout:/usr/bin/ceph: stderr
2024-04-25T01:44:51.707+0000 7f12eea00700 1 -- 172.21.15.102:0/1119126017 <== mon.0 v2:172.21.15.102:3300/0 3 ==== mon_map magic: 0 ==== 205+0+0 (secure 0 0 0) 0x7f12e0011b20 con 0x7f12f0109ff0
2024-04-25T01:44:52.668 INFO:teuthology.orchestra.run.smithi102.stdout:/usr/bin/ceph: stderr
2024-04-25T01:44:51.708+0000 7f12f6e00700 1 -- 172.21.15.102:0/1119126017 >> [v2:172.21.15.102:3300/0,v1:172.21.15.102:6789/0] conn(0x7f12f0109ff0 msgr2=0x7f12f010a410 secure :-1 s=STATE_CONNECTION_ESTABLISHED l=1).mark_down
2024-04-25T01:44:52.668 INFO:teuthology.orchestra.run.smithi102.stdout:/usr/bin/ceph: stderr
2024-04-25T01:44:51.708+0000 7f12f6e00700 1 --2- 172.21.15.102:0/1119126017 >> [v2:172.21.15.102:3300/0,v1:172.21.15.102:6789/0] conn(0x7f12f0109ff0 0x7f12f010a410 secure :-1 s=READY pgs=76 cs=0 l=1 rev1=1 crypto rx=0x7f12e00098a0 tx=0x7f12e0009bb0 comp rx=0 tx=0).stop
2024-04-25T01:44:52.668 INFO:teuthology.orchestra.run.smithi102.stdout:/usr/bin/ceph: stderr
2024-04-25T01:44:51.708+0000 7f12f6e00700 1 -- 172.21.15.102:0/1119126017 shutdown_connections
2024-04-25T01:44:52.668 INFO:teuthology.orchestra.run.smithi102.stdout:/usr/bin/ceph: stderr
2024-04-25T01:44:51.708+0000 7f12f6e00700 1 --2- 172.21.15.102:0/1119126017 >> [v2:172.21.15.102:3300/0,v1:172.21.15.102:6789/0] conn(0x7f12f0109ff0 0x7f12f010a410 unknown :-1 s=CLOSED pgs=76 cs=0 l=1 rev1=1 crypto rx=0 tx=0 comp rx=0 tx=0).stop
2024-04-25T01:44:52.668 INFO:teuthology.orchestra.run.smithi102.stdout:/usr/bin/ceph: stderr
2024-04-25T01:44:51.708+0000 7f12f6e00700 1 -- 172.21.15.102:0/1119126017 >> 172.21.15.102:0/1119126017 conn(0x7f12f007d3c0 msgr2=0x7f12f007d7f0 unknown :-1 s=STATE_NONE l=0).mark_down
2024-04-25T01:44:52.668 INFO:teuthology.orchestra.run.smithi102.stdout:/usr/bin/ceph: stderr
2024-04-25T01:44:51.708+0000 7f12f6e00700 1 -- 172.21.15.102:0/1119126017 shutdown_connections
2024-04-25T01:44:52.668 INFO:teuthology.orchestra.run.smithi102.stdout:/usr/bin/ceph: stderr
2024-04-25T01:44:51.708+0000 7f12f6e00700 1 -- 172.21.15.102:0/1119126017 wait complete.
2024-04-25T01:44:52.668 INFO:teuthology.orchestra.run.smithi102.stdout:/usr/bin/ceph: stderr
2024-04-25T01:44:51.709+0000 7f12f6e00700 1 Processor -- start
2024-04-25T01:44:52.669 INFO:teuthology.orchestra.run.smithi102.stdout:/usr/bin/ceph: stderr
2024-04-25T01:44:51.709+0000 7f12f6e00700 1 -- start start
2024-04-25T01:44:52.669 INFO:teuthology.orchestra.run.smithi102.stdout:/usr/bin/ceph: stderr
2024-04-25T01:44:51.710+0000 7f12f6e00700 1 --2- >> [v2:172.21.15.102:3300/0,v1:172.21.15.102:6789/0] conn(0x7f12f0109ff0 0x7f12f019e010 unknown :-1 s=NONE pgs=0 cs=0 l=1 rev1=0 crypto rx=0 tx=0 comp rx=0 tx=0).connect
2024-04-25T01:44:52.669 INFO:teuthology.orchestra.run.smithi102.stdout:/usr/bin/ceph: stderr
2024-04-25T01:44:51.710+0000 7f12f6e00700 1 -- --> [v2:172.21.15.102:3300/0,v1:172.21.15.102:6789/0] -- mon_getmap magic: 0 -- 0x7f12f010e5a0 con 0x7f12f0109ff0
2024-04-25T01:44:52.669 INFO:teuthology.orchestra.run.smithi102.stdout:/usr/bin/ceph: stderr
2024-04-25T01:44:51.710+0000 7f12efe00700 1 --2- >> [v2:172.21.15.102:3300/0,v1:172.21.15.102:6789/0] conn(0x7f12f0109ff0 0x7f12f019e010 unknown :-1 s=BANNER_CONNECTING pgs=0 cs=0 l=1 rev1=0 crypto rx=0 tx=0 comp rx=0 tx=0)._handle_peer_banner_payload supported=3 required=0
2024-04-25T01:44:52.669 INFO:teuthology.orchestra.run.smithi102.stdout:/usr/bin/ceph: stderr
2024-04-25T01:44:51.710+0000 7f12efe00700 1 --2- >> [v2:172.21.15.102:3300/0,v1:172.21.15.102:6789/0] conn(0x7f12f0109ff0 0x7f12f019e010 unknown :-1 s=HELLO_CONNECTING pgs=0 cs=0 l=1 rev1=1 crypto rx=0 tx=0 comp rx=0 tx=0).handle_hello peer v2:172.21.15.102:3300/0 says I am v2:172.21.15.102:43522/0 (socket says 172.21.15.102:43522)
2024-04-25T01:44:52.669 INFO:teuthology.orchestra.run.smithi102.stdout:/usr/bin/ceph: stderr
2024-04-25T01:44:51.710+0000 7f12efe00700 1 -- 172.21.15.102:0/827453953 learned_addr learned my addr 172.21.15.102:0/827453953 (peer_addr_for_me v2:172.21.15.102:0/0)
2024-04-25T01:44:52.669 INFO:teuthology.orchestra.run.smithi102.stdout:/usr/bin/ceph: stderr
2024-04-25T01:44:51.710+0000 7f12efe00700 1 -- 172.21.15.102:0/827453953 --> [v2:172.21.15.102:3300/0,v1:172.21.15.102:6789/0] -- mon_subscribe({config=0+,monmap=0+}) -- 0x7f12f019e550 con 0x7f12f0109ff0
2024-04-25T01:44:52.669 INFO:teuthology.orchestra.run.smithi102.stdout:/usr/bin/ceph: stderr
2024-04-25T01:44:51.711+0000 7f12efe00700 1 --2- 172.21.15.102:0/827453953 >> [v2:172.21.15.102:3300/0,v1:172.21.15.102:6789/0] conn(0x7f12f0109ff0 0x7f12f019e010 secure :-1 s=READY pgs=77 cs=0 l=1 rev1=1 crypto rx=0x7f12e00117e0 tx=0x7f12e0011ba0 comp rx=0 tx=0).ready entity=mon.0 client_cookie=0 server_cookie=0 in_seq=0 out_seq=0
2024-04-25T01:44:52.669 INFO:teuthology.orchestra.run.smithi102.stdout:/usr/bin/ceph: stderr
2024-04-25T01:44:51.711+0000 7f12ecc00700 1 -- 172.21.15.102:0/827453953 <== mon.0 v2:172.21.15.102:3300/0 1 ==== mon_map magic: 0 ==== 205+0+0 (secure 0 0 0) 0x7f12e0003bf0 con 0x7f12f0109ff0
2024-04-25T01:44:52.669 INFO:teuthology.orchestra.run.smithi102.stdout:/usr/bin/ceph: stderr
2024-04-25T01:44:51.711+0000 7f12ecc00700 1 -- 172.21.15.102:0/827453953 <== mon.0 v2:172.21.15.102:3300/0 2 ==== config(27 keys) ==== 1140+0+0 (secure 0 0 0) 0x7f12e001a910 con 0x7f12f0109ff0
2024-04-25T01:44:52.670 INFO:teuthology.orchestra.run.smithi102.stdout:/usr/bin/ceph: stderr
2024-04-25T01:44:51.711+0000 7f12ecc00700 1 -- 172.21.15.102:0/827453953 <== mon.0 v2:172.21.15.102:3300/0 3 ==== mon_map magic: 0 ==== 205+0+0 (secure 0 0 0) 0x7f12e0024970 con 0x7f12f0109ff0
2024-04-25T01:44:52.670 INFO:teuthology.orchestra.run.smithi102.stdout:/usr/bin/ceph: stderr
2024-04-25T01:44:51.711+0000 7f12f6e00700 1 -- 172.21.15.102:0/827453953 --> [v2:172.21.15.102:3300/0,v1:172.21.15.102:6789/0] -- mon_subscribe({mgrmap=0+}) -- 0x7f12f019e7e0 con 0x7f12f0109ff0
2024-04-25T01:44:52.670 INFO:teuthology.orchestra.run.smithi102.stdout:/usr/bin/ceph: stderr
2024-04-25T01:44:51.711+0000 7f12f6e00700 1 -- 172.21.15.102:0/827453953 --> [v2:172.21.15.102:3300/0,v1:172.21.15.102:6789/0] -- mon_subscribe({osdmap=0}) -- 0x7f12f019f300 con 0x7f12f0109ff0
2024-04-25T01:44:52.670 INFO:teuthology.orchestra.run.smithi102.stdout:/usr/bin/ceph: stderr
2024-04-25T01:44:51.712+0000 7f12f6e00700 1 -- 172.21.15.102:0/827453953 --> [v2:172.21.15.102:3300/0,v1:172.21.15.102:6789/0] -- mon_command({"prefix": "get_command_descriptions"} v 0) -- 0x7f12f0063890 con 0x7f12f0109ff0
2024-04-25T01:44:52.670 INFO:teuthology.orchestra.run.smithi102.stdout:/usr/bin/ceph: stderr
2024-04-25T01:44:51.712+0000 7f12ecc00700 1 -- 172.21.15.102:0/827453953 <== mon.0 v2:172.21.15.102:3300/0 4 ==== mgrmap(e 13) ==== 46344+0+0 (secure 0 0 0) 0x7f12e0022020 con 0x7f12f0109ff0
2024-04-25T01:44:52.670 INFO:teuthology.orchestra.run.smithi102.stdout:/usr/bin/ceph: stderr
2024-04-25T01:44:51.713+0000 7f12ecc00700 1 --2- 172.21.15.102:0/827453953 >> [v2:172.21.15.102:6800/83904525,v1:172.21.15.102:6801/83904525] conn(0x7f12d40391a0 0x7f12d403b660 unknown :-1 s=NONE pgs=0 cs=0 l=1 rev1=0 crypto rx=0 tx=0 comp rx=0 tx=0).connect
2024-04-25T01:44:52.670 INFO:teuthology.orchestra.run.smithi102.stdout:/usr/bin/ceph: stderr
2024-04-25T01:44:51.713+0000 7f12ecc00700 1 -- 172.21.15.102:0/827453953 <== mon.0 v2:172.21.15.102:3300/0 5 ==== osd_map(3..3 src has 1..3) ==== 1155+0+0 (secure 0 0 0) 0x7f12e004d680 con 0x7f12f0109ff0
2024-04-25T01:44:52.670 INFO:teuthology.orchestra.run.smithi102.stdout:/usr/bin/ceph: stderr
2024-04-25T01:44:51.713+0000 7f12ef400700 1 --2- 172.21.15.102:0/827453953 >> [v2:172.21.15.102:6800/83904525,v1:172.21.15.102:6801/83904525] conn(0x7f12d40391a0 0x7f12d403b660 unknown :-1 s=BANNER_CONNECTING pgs=0 cs=0 l=1 rev1=0 crypto rx=0 tx=0 comp rx=0 tx=0)._handle_peer_banner_payload supported=3 required=0
2024-04-25T01:44:52.670 INFO:teuthology.orchestra.run.smithi102.stdout:/usr/bin/ceph: stderr
2024-04-25T01:44:51.714+0000 7f12ef400700 1 --2- 172.21.15.102:0/827453953 >> [v2:172.21.15.102:6800/83904525,v1:172.21.15.102:6801/83904525] conn(0x7f12d40391a0 0x7f12d403b660 secure :-1 s=READY pgs=10 cs=0 l=1 rev1=1 crypto rx=0x7f12dc006fd0 tx=0x7f12dc006e40 comp rx=0 tx=0).ready entity=mgr.14152 client_cookie=0 server_cookie=0 in_seq=0 out_seq=0
2024-04-25T01:44:52.670 INFO:teuthology.orchestra.run.smithi102.stdout:/usr/bin/ceph: stderr
2024-04-25T01:44:51.718+0000 7f12ecc00700 1 -- 172.21.15.102:0/827453953 <== mon.0 v2:172.21.15.102:3300/0 6 ==== mon_command_ack([{"prefix": "get_command_descriptions"}]=0 v0) ==== 72+0+186147 (secure 0 0 0) 0x7f12e0010380 con 0x7f12f0109ff0
2024-04-25T01:44:52.671 INFO:teuthology.orchestra.run.smithi102.stdout:/usr/bin/ceph: stderr
2024-04-25T01:44:51.940+0000 7f12f6e00700 1 -- 172.21.15.102:0/827453953 --> [v2:172.21.15.102:3300/0,v1:172.21.15.102:6789/0] -- mon_command([{prefix=config set, name=osd_memory_target_autotune}] v 0) -- 0x7f12f019f7b0 con 0x7f12f0109ff0
2024-04-25T01:44:52.671 INFO:teuthology.orchestra.run.smithi102.stdout:/usr/bin/ceph: stderr
2024-04-25T01:44:51.941+0000 7f12ecc00700 1 -- 172.21.15.102:0/827453953 <== mon.0 v2:172.21.15.102:3300/0 7 ==== mon_command_ack([{prefix=config set, name=osd_memory_target_autotune}]=0 v8)=0 v8) ==== 127+0+0 (secure 0 0 0) 0x7f12e00212c0 con 0x7f12f0109ff0
2024-04-25T01:44:52.671 INFO:teuthology.orchestra.run.smithi102.stdout:/usr/bin/ceph: stderr
2024-04-25T01:44:51.944+0000 7f12f6e00700 1 -- 172.21.15.102:0/827453953 >> [v2:172.21.15.102:6800/83904525,v1:172.21.15.102:6801/83904525] conn(0x7f12d40391a0 msgr2=0x7f12d403b660 secure :-1 s=STATE_CONNECTION_ESTABLISHED l=1).mark_down
2024-04-25T01:44:52.671 INFO:teuthology.orchestra.run.smithi102.stdout:/usr/bin/ceph: stderr
2024-04-25T01:44:51.944+0000 7f12f6e00700 1 --2- 172.21.15.102:0/827453953 >> [v2:172.21.15.102:6800/83904525,v1:172.21.15.102:6801/83904525] conn(0x7f12d40391a0 0x7f12d403b660 secure :-1 s=READY pgs=10 cs=0 l=1 rev1=1 crypto rx=0x7f12dc006fd0 tx=0x7f12dc006e40 comp rx=0 tx=0).stop
2024-04-25T01:44:52.671 INFO:teuthology.orchestra.run.smithi102.stdout:/usr/bin/ceph: stderr
2024-04-25T01:44:51.944+0000 7f12f6e00700 1 -- 172.21.15.102:0/827453953 >> [v2:172.21.15.102:3300/0,v1:172.21.15.102:6789/0] conn(0x7f12f0109ff0 msgr2=0x7f12f019e010 secure :-1 s=STATE_CONNECTION_ESTABLISHED l=1).mark_down
2024-04-25T01:44:52.671 INFO:teuthology.orchestra.run.smithi102.stdout:/usr/bin/ceph: stderr
2024-04-25T01:44:51.944+0000 7f12f6e00700 1 --2- 172.21.15.102:0/827453953 >> [v2:172.21.15.102:3300/0,v1:172.21.15.102:6789/0] conn(0x7f12f0109ff0 0x7f12f019e010 secure :-1 s=READY pgs=77 cs=0 l=1 rev1=1 crypto rx=0x7f12e00117e0 tx=0x7f12e0011ba0 comp rx=0 tx=0).stop
2024-04-25T01:44:52.671 INFO:teuthology.orchestra.run.smithi102.stdout:/usr/bin/ceph: stderr
2024-04-25T01:44:51.944+0000 7f12f6e00700 1 -- 172.21.15.102:0/827453953 shutdown_connections
2024-04-25T01:44:52.671 INFO:teuthology.orchestra.run.smithi102.stdout:/usr/bin/ceph: stderr
2024-04-25T01:44:51.944+0000 7f12f6e00700 1 --2- 172.21.15.102:0/827453953 >> [v2:172.21.15.102:6800/83904525,v1:172.21.15.102:6801/83904525] conn(0x7f12d40391a0 0x7f12d403b660 unknown :-1 s=CLOSED pgs=10 cs=0 l=1 rev1=1 crypto rx=0 tx=0 comp rx=0 tx=0).stop
2024-04-25T01:44:52.671 INFO:teuthology.orchestra.run.smithi102.stdout:/usr/bin/ceph: stderr
2024-04-25T01:44:51.944+0000 7f12f6e00700 1 --2- 172.21.15.102:0/827453953 >> [v2:172.21.15.102:3300/0,v1:172.21.15.102:6789/0] conn(0x7f12f0109ff0 0x7f12f019e010 unknown :-1 s=CLOSED pgs=77 cs=0 l=1 rev1=1 crypto rx=0 tx=0 comp rx=0 tx=0).stop
2024-04-25T01:44:52.671 INFO:teuthology.orchestra.run.smithi102.stdout:/usr/bin/ceph: stderr
2024-04-25T01:44:51.944+0000 7f12f6e00700 1 -- 172.21.15.102:0/827453953 >> 172.21.15.102:0/827453953 conn(0x7f12f007d3c0 msgr2=0x7f12f01073e0 unknown :-1 s=STATE_NONE l=0).mark_down
2024-04-25T01:44:52.672 INFO:teuthology.orchestra.run.smithi102.stdout:/usr/bin/ceph: stderr
2024-04-25T01:44:51.945+0000 7f12f6e00700 1 -- 172.21.15.102:0/827453953 shutdown_connections
2024-04-25T01:44:52.672 INFO:teuthology.orchestra.run.smithi102.stdout:/usr/bin/ceph: stderr
2024-04-25T01:44:51.945+0000 7f12f6e00700 1 -- 172.21.15.102:0/827453953 wait complete.
2024-04-25T01:44:54.368 INFO:teuthology.orchestra.run.smithi102.stdout:/usr/bin/ceph: stderr
2024-04-25T01:44:53.308+0000 7f59d6600700 1 Processor -- start
2024-04-25T01:44:54.368 INFO:teuthology.orchestra.run.smithi102.stdout:/usr/bin/ceph: stderr
2024-04-25T01:44:53.308+0000 7f59d6600700 1 -- start start
2024-04-25T01:44:54.368 INFO:teuthology.orchestra.run.smithi102.stdout:/usr/bin/ceph: stderr
2024-04-25T01:44:53.309+0000 7f59d6600700 1 --2- >> [v2:172.21.15.102:3300/0,v1:172.21.15.102:6789/0] conn(0x7f59d0108930 0x7f59d010ad20 unknown :-1 s=NONE pgs=0 cs=0 l=0 rev1=0 crypto rx=0 tx=0 comp rx=0 tx=0).connect
2024-04-25T01:44:54.368 INFO:teuthology.orchestra.run.smithi102.stdout:/usr/bin/ceph: stderr
2024-04-25T01:44:53.309+0000 7f59d6600700 1 -- --> [v2:172.21.15.102:3300/0,v1:172.21.15.102:6789/0] -- mon_getmap magic: 0 -- 0x7f59d007bd90 con 0x7f59d0108930
2024-04-25T01:44:54.368 INFO:teuthology.orchestra.run.smithi102.stdout:/usr/bin/ceph: stderr
2024-04-25T01:44:53.309+0000 7f59cf400700 1 --2- >> [v2:172.21.15.102:3300/0,v1:172.21.15.102:6789/0] conn(0x7f59d0108930 0x7f59d010ad20 unknown :-1 s=BANNER_CONNECTING pgs=0 cs=0 l=0 rev1=0 crypto rx=0 tx=0 comp rx=0 tx=0)._handle_peer_banner_payload supported=3 required=0
2024-04-25T01:44:54.368 INFO:teuthology.orchestra.run.smithi102.stdout:/usr/bin/ceph: stderr
2024-04-25T01:44:53.309+0000 7f59cf400700 1 --2- >> [v2:172.21.15.102:3300/0,v1:172.21.15.102:6789/0] conn(0x7f59d0108930 0x7f59d010ad20 unknown :-1 s=HELLO_CONNECTING pgs=0 cs=0 l=0 rev1=1 crypto rx=0 tx=0 comp rx=0 tx=0).handle_hello peer v2:172.21.15.102:3300/0 says I am v2:172.21.15.102:36758/0 (socket says 172.21.15.102:36758)
2024-04-25T01:44:54.369 INFO:teuthology.orchestra.run.smithi102.stdout:/usr/bin/ceph: stderr
2024-04-25T01:44:53.309+0000 7f59cf400700 1 -- 172.21.15.102:0/1578313489 learned_addr learned my addr 172.21.15.102:0/1578313489 (peer_addr_for_me v2:172.21.15.102:0/0)
2024-04-25T01:44:54.369 INFO:teuthology.orchestra.run.smithi102.stdout:/usr/bin/ceph: stderr
2024-04-25T01:44:53.310+0000 7f59cf400700 1 -- 172.21.15.102:0/1578313489 --> [v2:172.21.15.102:3300/0,v1:172.21.15.102:6789/0] -- mon_subscribe({config=0+,monmap=0+}) -- 0x7f59d010b260 con 0x7f59d0108930
2024-04-25T01:44:54.369 INFO:teuthology.orchestra.run.smithi102.stdout:/usr/bin/ceph: stderr
2024-04-25T01:44:53.310+0000 7f59cf400700 1 --2- 172.21.15.102:0/1578313489 >> [v2:172.21.15.102:3300/0,v1:172.21.15.102:6789/0] conn(0x7f59d0108930 0x7f59d010ad20 secure :-1 s=READY pgs=78 cs=0 l=1 rev1=1 crypto rx=0x7f59c0009e80 tx=0x7f59c000b330 comp rx=0 tx=0).ready entity=mon.0 client_cookie=b5f2765caaaa95b5 server_cookie=0 in_seq=0 out_seq=0
2024-04-25T01:44:54.369 INFO:teuthology.orchestra.run.smithi102.stdout:/usr/bin/ceph: stderr
2024-04-25T01:44:53.310+0000 7f59ce000700 1 -- 172.21.15.102:0/1578313489 <== mon.0 v2:172.21.15.102:3300/0 1 ==== mon_map magic: 0 ==== 205+0+0 (secure 0 0 0) 0x7f59c0017070 con 0x7f59d0108930
2024-04-25T01:44:54.369 INFO:teuthology.orchestra.run.smithi102.stdout:/usr/bin/ceph: stderr
2024-04-25T01:44:53.311+0000 7f59ce000700 1 -- 172.21.15.102:0/1578313489 <== mon.0 v2:172.21.15.102:3300/0 2 ==== config(27 keys) ==== 1140+0+0 (secure 0 0 0) 0x7f59c000b8c0 con 0x7f59d0108930
2024-04-25T01:44:54.369 INFO:teuthology.orchestra.run.smithi102.stdout:/usr/bin/ceph: stderr
2024-04-25T01:44:53.311+0000 7f59ce000700 1 -- 172.21.15.102:0/1578313489 <== mon.0 v2:172.21.15.102:3300/0 3 ==== mon_map magic: 0 ==== 205+0+0 (secure 0 0 0) 0x7f59c00045c0 con 0x7f59d0108930
2024-04-25T01:44:54.369 INFO:teuthology.orchestra.run.smithi102.stdout:/usr/bin/ceph: stderr
2024-04-25T01:44:53.311+0000 7f59d6600700 1 -- 172.21.15.102:0/1578313489 >> [v2:172.21.15.102:3300/0,v1:172.21.15.102:6789/0] conn(0x7f59d0108930 msgr2=0x7f59d010ad20 secure :-1 s=STATE_CONNECTION_ESTABLISHED l=1).mark_down
2024-04-25T01:44:54.369 INFO:teuthology.orchestra.run.smithi102.stdout:/usr/bin/ceph: stderr
2024-04-25T01:44:53.311+0000 7f59d6600700 1 --2- 172.21.15.102:0/1578313489 >> [v2:172.21.15.102:3300/0,v1:172.21.15.102:6789/0] conn(0x7f59d0108930 0x7f59d010ad20 secure :-1 s=READY pgs=78 cs=0 l=1 rev1=1 crypto rx=0x7f59c0009e80 tx=0x7f59c000b330 comp rx=0 tx=0).stop
2024-04-25T01:44:54.369 INFO:teuthology.orchestra.run.smithi102.stdout:/usr/bin/ceph: stderr
2024-04-25T01:44:53.312+0000 7f59d6600700 1 -- 172.21.15.102:0/1578313489 shutdown_connections
2024-04-25T01:44:54.369 INFO:teuthology.orchestra.run.smithi102.stdout:/usr/bin/ceph: stderr
2024-04-25T01:44:53.312+0000 7f59d6600700 1 --2- 172.21.15.102:0/1578313489 >> [v2:172.21.15.102:3300/0,v1:172.21.15.102:6789/0] conn(0x7f59d0108930 0x7f59d010ad20 unknown :-1 s=CLOSED pgs=78 cs=0 l=1 rev1=1 crypto rx=0 tx=0 comp rx=0 tx=0).stop
2024-04-25T01:44:54.369 INFO:teuthology.orchestra.run.smithi102.stdout:/usr/bin/ceph: stderr
2024-04-25T01:44:53.312+0000 7f59d6600700 1 -- 172.21.15.102:0/1578313489 >> 172.21.15.102:0/1578313489 conn(0x7f59d0102280 msgr2=0x7f59d01046e0 unknown :-1 s=STATE_NONE l=0).mark_down
2024-04-25T01:44:54.369 INFO:teuthology.orchestra.run.smithi102.stdout:/usr/bin/ceph: stderr
2024-04-25T01:44:53.312+0000 7f59d6600700 1 -- 172.21.15.102:0/1578313489 shutdown_connections
2024-04-25T01:44:54.370 INFO:teuthology.orchestra.run.smithi102.stdout:/usr/bin/ceph: stderr
2024-04-25T01:44:53.312+0000 7f59d6600700 1 -- 172.21.15.102:0/1578313489 wait complete.
2024-04-25T01:44:54.370 INFO:teuthology.orchestra.run.smithi102.stdout:/usr/bin/ceph: stderr
2024-04-25T01:44:53.313+0000 7f59d6600700 1 Processor -- start
2024-04-25T01:44:54.370 INFO:teuthology.orchestra.run.smithi102.stdout:/usr/bin/ceph: stderr
2024-04-25T01:44:53.313+0000 7f59d6600700 1 -- start start
2024-04-25T01:44:54.370 INFO:teuthology.orchestra.run.smithi102.stdout:/usr/bin/ceph: stderr
2024-04-25T01:44:53.313+0000 7f59d6600700 1 --2- >> [v2:172.21.15.102:3300/0,v1:172.21.15.102:6789/0] conn(0x7f59d0108930 0x7f59d019beb0 unknown :-1 s=NONE pgs=0 cs=0 l=1 rev1=0 crypto rx=0 tx=0 comp rx=0 tx=0).connect
2024-04-25T01:44:54.370 INFO:teuthology.orchestra.run.smithi102.stdout:/usr/bin/ceph: stderr
2024-04-25T01:44:53.313+0000 7f59d6600700 1 -- --> [v2:172.21.15.102:3300/0,v1:172.21.15.102:6789/0] -- mon_getmap magic: 0 -- 0x7f59d010c210 con 0x7f59d0108930
2024-04-25T01:44:54.370 INFO:teuthology.orchestra.run.smithi102.stdout:/usr/bin/ceph: stderr
2024-04-25T01:44:53.313+0000 7f59cf400700 1 --2- >> [v2:172.21.15.102:3300/0,v1:172.21.15.102:6789/0] conn(0x7f59d0108930 0x7f59d019beb0 unknown :-1 s=BANNER_CONNECTING pgs=0 cs=0 l=1 rev1=0 crypto rx=0 tx=0 comp rx=0 tx=0)._handle_peer_banner_payload supported=3 required=0
2024-04-25T01:44:54.370 INFO:teuthology.orchestra.run.smithi102.stdout:/usr/bin/ceph: stderr
2024-04-25T01:44:53.313+0000 7f59cf400700 1 --2- >> [v2:172.21.15.102:3300/0,v1:172.21.15.102:6789/0] conn(0x7f59d0108930 0x7f59d019beb0 unknown :-1 s=HELLO_CONNECTING pgs=0 cs=0 l=1 rev1=1 crypto rx=0 tx=0 comp rx=0 tx=0).handle_hello peer v2:172.21.15.102:3300/0 says I am v2:172.21.15.102:36768/0 (socket says 172.21.15.102:36768)
2024-04-25T01:44:54.370 INFO:teuthology.orchestra.run.smithi102.stdout:/usr/bin/ceph: stderr
2024-04-25T01:44:53.313+0000 7f59cf400700 1 -- 172.21.15.102:0/3918210209 learned_addr learned my addr 172.21.15.102:0/3918210209 (peer_addr_for_me v2:172.21.15.102:0/0)
2024-04-25T01:44:54.370 INFO:teuthology.orchestra.run.smithi102.stdout:/usr/bin/ceph: stderr
2024-04-25T01:44:53.314+0000 7f59cf400700 1 -- 172.21.15.102:0/3918210209 --> [v2:172.21.15.102:3300/0,v1:172.21.15.102:6789/0] -- mon_subscribe({config=0+,monmap=0+}) -- 0x7f59d019c3f0 con 0x7f59d0108930
2024-04-25T01:44:54.370 INFO:teuthology.orchestra.run.smithi102.stdout:/usr/bin/ceph: stderr
2024-04-25T01:44:53.314+0000 7f59cf400700 1 --2- 172.21.15.102:0/3918210209 >> [v2:172.21.15.102:3300/0,v1:172.21.15.102:6789/0] conn(0x7f59d0108930 0x7f59d019beb0 secure :-1 s=READY pgs=79 cs=0 l=1 rev1=1 crypto rx=0x7f59c0009fd0 tx=0x7f59c0003d00 comp rx=0 tx=0).ready entity=mon.0 client_cookie=0 server_cookie=0 in_seq=0 out_seq=0
2024-04-25T01:44:54.370 INFO:teuthology.orchestra.run.smithi102.stdout:/usr/bin/ceph: stderr
2024-04-25T01:44:53.314+0000 7f59c7e00700 1 -- 172.21.15.102:0/3918210209 <== mon.0 v2:172.21.15.102:3300/0 1 ==== mon_map magic: 0 ==== 205+0+0 (secure 0 0 0) 0x7f59c0020020 con 0x7f59d0108930
2024-04-25T01:44:54.370 INFO:teuthology.orchestra.run.smithi102.stdout:/usr/bin/ceph: stderr
2024-04-25T01:44:53.314+0000 7f59c7e00700 1 -- 172.21.15.102:0/3918210209 <== mon.0 v2:172.21.15.102:3300/0 2 ==== config(27 keys) ==== 1140+0+0 (secure 0 0 0) 0x7f59c000bba0 con 0x7f59d0108930
2024-04-25T01:44:54.370 INFO:teuthology.orchestra.run.smithi102.stdout:/usr/bin/ceph: stderr
2024-04-25T01:44:53.314+0000 7f59c7e00700 1 -- 172.21.15.102:0/3918210209 <== mon.0 v2:172.21.15.102:3300/0 3 ==== mon_map magic: 0 ==== 205+0+0 (secure 0 0 0) 0x7f59c0017040 con 0x7f59d0108930
2024-04-25T01:44:54.371 INFO:teuthology.orchestra.run.smithi102.stdout:/usr/bin/ceph: stderr
2024-04-25T01:44:53.314+0000 7f59d6600700 1 -- 172.21.15.102:0/3918210209 --> [v2:172.21.15.102:3300/0,v1:172.21.15.102:6789/0] -- mon_subscribe({mgrmap=0+}) -- 0x7f59d019c680 con 0x7f59d0108930
2024-04-25T01:44:54.371 INFO:teuthology.orchestra.run.smithi102.stdout:/usr/bin/ceph: stderr
2024-04-25T01:44:53.315+0000 7f59d6600700 1 -- 172.21.15.102:0/3918210209 --> [v2:172.21.15.102:3300/0,v1:172.21.15.102:6789/0] -- mon_subscribe({osdmap=0}) -- 0x7f59d019d2b0 con 0x7f59d0108930
2024-04-25T01:44:54.373 INFO:teuthology.orchestra.run.smithi102.stdout:/usr/bin/ceph: stderr
2024-04-25T01:44:53.316+0000 7f59c7e00700 1 -- 172.21.15.102:0/3918210209 <== mon.0 v2:172.21.15.102:3300/0 4 ==== mgrmap(e 13) ==== 46344+0+0 (secure 0 0 0) 0x7f59c0023020 con 0x7f59d0108930
2024-04-25T01:44:54.373 INFO:teuthology.orchestra.run.smithi102.stdout:/usr/bin/ceph: stderr
2024-04-25T01:44:53.316+0000 7f59d6600700 1 -- 172.21.15.102:0/3918210209 --> [v2:172.21.15.102:3300/0,v1:172.21.15.102:6789/0] -- mon_command({"prefix": "get_command_descriptions"} v 0) -- 0x7f59d0063890 con 0x7f59d0108930
2024-04-25T01:44:54.373 INFO:teuthology.orchestra.run.smithi102.stdout:/usr/bin/ceph: stderr
2024-04-25T01:44:53.316+0000 7f59c7e00700 1 --2- 172.21.15.102:0/3918210209 >> [v2:172.21.15.102:6800/83904525,v1:172.21.15.102:6801/83904525] conn(0x7f59b40391a0 0x7f59b403b660 unknown :-1 s=NONE pgs=0 cs=0 l=1 rev1=0 crypto rx=0 tx=0 comp rx=0 tx=0).connect
2024-04-25T01:44:54.374 INFO:teuthology.orchestra.run.smithi102.stdout:/usr/bin/ceph: stderr
2024-04-25T01:44:53.316+0000 7f59c7e00700 1 -- 172.21.15.102:0/3918210209 <== mon.0 v2:172.21.15.102:3300/0 5 ==== osd_map(3..3 src has 1..3) ==== 1155+0+0 (secure 0 0 0) 0x7f59c000f050 con 0x7f59d0108930
2024-04-25T01:44:54.374 INFO:teuthology.orchestra.run.smithi102.stdout:/usr/bin/ceph: stderr
2024-04-25T01:44:53.316+0000 7f59cea00700 1 --2- 172.21.15.102:0/3918210209 >> [v2:172.21.15.102:6800/83904525,v1:172.21.15.102:6801/83904525] conn(0x7f59b40391a0 0x7f59b403b660 unknown :-1 s=BANNER_CONNECTING pgs=0 cs=0 l=1 rev1=0 crypto rx=0 tx=0 comp rx=0 tx=0)._handle_peer_banner_payload supported=3 required=0
2024-04-25T01:44:54.374 INFO:teuthology.orchestra.run.smithi102.stdout:/usr/bin/ceph: stderr
2024-04-25T01:44:53.317+0000 7f59cea00700 1 --2- 172.21.15.102:0/3918210209 >> [v2:172.21.15.102:6800/83904525,v1:172.21.15.102:6801/83904525] conn(0x7f59b40391a0 0x7f59b403b660 secure :-1 s=READY pgs=11 cs=0 l=1 rev1=1 crypto rx=0x7f59bc006fd0 tx=0x7f59bc006e40 comp rx=0 tx=0).ready entity=mgr.14152 client_cookie=0 server_cookie=0 in_seq=0 out_seq=0
2024-04-25T01:44:54.374 INFO:teuthology.orchestra.run.smithi102.stdout:/usr/bin/ceph: stderr
2024-04-25T01:44:53.322+0000 7f59c7e00700 1 -- 172.21.15.102:0/3918210209 <== mon.0 v2:172.21.15.102:3300/0 6 ==== mon_command_ack([{"prefix": "get_command_descriptions"}]=0 v0) ==== 72+0+186147 (secure 0 0 0) 0x7f59c002a020 con 0x7f59d0108930
2024-04-25T01:44:54.374 INFO:teuthology.orchestra.run.smithi102.stdout:/usr/bin/ceph: stderr
2024-04-25T01:44:53.660+0000 7f59d6600700 1 -- 172.21.15.102:0/3918210209 --> [v2:172.21.15.102:3300/0,v1:172.21.15.102:6789/0] -- mon_command([{prefix=config-key set, key=mgr/dashboard/cluster/status}] v 0) -- 0x7f59d019d5f0 con 0x7f59d0108930
2024-04-25T01:44:54.374 INFO:teuthology.orchestra.run.smithi102.stdout:/usr/bin/ceph: stderr
2024-04-25T01:44:53.664+0000 7f59c7e00700 1 -- 172.21.15.102:0/3918210209 <== mon.0 v2:172.21.15.102:3300/0 7 ==== mon_command_ack([{prefix=config-key set, key=mgr/dashboard/cluster/status}]=0 set mgr/dashboard/cluster/status v28)=0 set mgr/dashboard/cluster/status v28) ==== 153+0+0 (secure 0 0 0) 0x7f59c001bbb0 con 0x7f59d0108930
2024-04-25T01:44:54.374 INFO:teuthology.orchestra.run.smithi102.stdout:/usr/bin/ceph: stderr
2024-04-25T01:44:53.666+0000 7f59d6600700 1 -- 172.21.15.102:0/3918210209 >> [v2:172.21.15.102:6800/83904525,v1:172.21.15.102:6801/83904525] conn(0x7f59b40391a0 msgr2=0x7f59b403b660 secure :-1 s=STATE_CONNECTION_ESTABLISHED l=1).mark_down
2024-04-25T01:44:54.374 INFO:teuthology.orchestra.run.smithi102.stdout:/usr/bin/ceph: stderr
2024-04-25T01:44:53.666+0000 7f59d6600700 1 --2- 172.21.15.102:0/3918210209 >> [v2:172.21.15.102:6800/83904525,v1:172.21.15.102:6801/83904525] conn(0x7f59b40391a0 0x7f59b403b660 secure :-1 s=READY pgs=11 cs=0 l=1 rev1=1 crypto rx=0x7f59bc006fd0 tx=0x7f59bc006e40 comp rx=0 tx=0).stop
2024-04-25T01:44:54.374 INFO:teuthology.orchestra.run.smithi102.stdout:/usr/bin/ceph: stderr
2024-04-25T01:44:53.666+0000 7f59d6600700 1 -- 172.21.15.102:0/3918210209 >> [v2:172.21.15.102:3300/0,v1:172.21.15.102:6789/0] conn(0x7f59d0108930 msgr2=0x7f59d019beb0 secure :-1 s=STATE_CONNECTION_ESTABLISHED l=1).mark_down
2024-04-25T01:44:54.374 INFO:teuthology.orchestra.run.smithi102.stdout:/usr/bin/ceph: stderr
2024-04-25T01:44:53.666+0000 7f59d6600700 1 --2- 172.21.15.102:0/3918210209 >> [v2:172.21.15.102:3300/0,v1:172.21.15.102:6789/0] conn(0x7f59d0108930 0x7f59d019beb0 secure :-1 s=READY pgs=79 cs=0 l=1 rev1=1 crypto rx=0x7f59c0009fd0 tx=0x7f59c0003d00 comp rx=0 tx=0).stop
2024-04-25T01:44:54.374 INFO:teuthology.orchestra.run.smithi102.stdout:/usr/bin/ceph: stderr
2024-04-25T01:44:53.667+0000 7f59d6600700 1 -- 172.21.15.102:0/3918210209 shutdown_connections
2024-04-25T01:44:54.374 INFO:teuthology.orchestra.run.smithi102.stdout:/usr/bin/ceph: stderr
