2024-04-25T01:44:14.278+0000 7f3da9800700 1 --2- 172.21.15.102:0/2458724917 >> [v2:172.21.15.102:6800/1124203809,v1:172.21.15.102:6801/1124203809] conn(0x7f3d880390a0 0x7f3d8803b560 secure :-1 s=READY pgs=9 cs=0 l=1 rev1=1 crypto rx=0x7f3d90006fd0 tx=0x7f3d90006e40 comp rx=0 tx=0).stop
2024-04-25T01:44:15.035 INFO:teuthology.orchestra.run.smithi102.stdout:/usr/bin/ceph: stderr
2024-04-25T01:44:14.278+0000 7f3da9800700 1 -- 172.21.15.102:0/2458724917 >> [v2:172.21.15.102:3300/0,v1:172.21.15.102:6789/0] conn(0x7f3da41088d0 msgr2=0x7f3da419e0a0 secure :-1 s=STATE_CONNECTION_ESTABLISHED l=1).mark_down
2024-04-25T01:44:15.035 INFO:teuthology.orchestra.run.smithi102.stdout:/usr/bin/ceph: stderr
2024-04-25T01:44:14.278+0000 7f3da9800700 1 --2- 172.21.15.102:0/2458724917 >> [v2:172.21.15.102:3300/0,v1:172.21.15.102:6789/0] conn(0x7f3da41088d0 0x7f3da419e0a0 secure :-1 s=READY pgs=42 cs=0 l=1 rev1=1 crypto rx=0x7f3d94011b60 tx=0x7f3d94011c40 comp rx=0 tx=0).stop
2024-04-25T01:44:15.035 INFO:teuthology.orchestra.run.smithi102.stdout:/usr/bin/ceph: stderr
2024-04-25T01:44:14.278+0000 7f3da9800700 1 -- 172.21.15.102:0/2458724917 shutdown_connections
2024-04-25T01:44:15.035 INFO:teuthology.orchestra.run.smithi102.stdout:/usr/bin/ceph: stderr
2024-04-25T01:44:14.278+0000 7f3da9800700 1 --2- 172.21.15.102:0/2458724917 >> [v2:172.21.15.102:6800/1124203809,v1:172.21.15.102:6801/1124203809] conn(0x7f3d880390a0 0x7f3d8803b560 unknown :-1 s=CLOSED pgs=9 cs=0 l=1 rev1=1 crypto rx=0 tx=0 comp rx=0 tx=0).stop
2024-04-25T01:44:15.035 INFO:teuthology.orchestra.run.smithi102.stdout:/usr/bin/ceph: stderr
2024-04-25T01:44:14.278+0000 7f3da9800700 1 --2- 172.21.15.102:0/2458724917 >> [v2:172.21.15.102:3300/0,v1:172.21.15.102:6789/0] conn(0x7f3da41088d0 0x7f3da419e0a0 unknown :-1 s=CLOSED pgs=42 cs=0 l=1 rev1=1 crypto rx=0 tx=0 comp rx=0 tx=0).stop
2024-04-25T01:44:15.035 INFO:teuthology.orchestra.run.smithi102.stdout:/usr/bin/ceph: stderr
2024-04-25T01:44:14.278+0000 7f3da9800700 1 -- 172.21.15.102:0/2458724917 >> 172.21.15.102:0/2458724917 conn(0x7f3da4102280 msgr2=0x7f3da4102d60 unknown :-1 s=STATE_NONE l=0).mark_down
2024-04-25T01:44:15.035 INFO:teuthology.orchestra.run.smithi102.stdout:/usr/bin/ceph: stderr
2024-04-25T01:44:14.278+0000 7f3da9800700 1 -- 172.21.15.102:0/2458724917 shutdown_connections
2024-04-25T01:44:15.036 INFO:teuthology.orchestra.run.smithi102.stdout:/usr/bin/ceph: stderr
2024-04-25T01:44:14.278+0000 7f3da9800700 1 -- 172.21.15.102:0/2458724917 wait complete.
2024-04-25T01:44:15.327 INFO:journalctl@ceph.mon.a.smithi102.stdout:Apr 25 01:44:15 smithi102 ceph-mon[27796]: from='client.14136 -' entity='client.admin' cmd=[{"prefix": "cephadm generate-key", "target": ["mon-mgr", ""]}]: dispatch
2024-04-25T01:44:15.327 INFO:journalctl@ceph.mon.a.smithi102.stdout:Apr 25 01:44:15 smithi102 ceph-mon[27796]: Generating ssh key...
2024-04-25T01:44:15.327 INFO:journalctl@ceph.mon.a.smithi102.stdout:Apr 25 01:44:15 smithi102 ceph-mon[27796]: from='mgr.14120 172.21.15.102:0/2866736534' entity='mgr.x'
2024-04-25T01:44:15.327 INFO:journalctl@ceph.mon.a.smithi102.stdout:Apr 25 01:44:15 smithi102 ceph-mon[27796]: from='mgr.14120 172.21.15.102:0/2866736534' entity='mgr.x'
2024-04-25T01:44:16.568 INFO:teuthology.orchestra.run.smithi102.stdout:/usr/bin/ceph: stdout ssh-rsa AAAAB3NzaC1yc2EAAAADAQABAAABgQD17LQrULNXZsl7XlVg8EDFzlzV2tnRj/lWveRrUVLJhTdy1wdceXgIrLl4X8jy88/aFkq074Mqbmkv//iOdxUDO2DnDi3AFLYlklNbrZEDh3fF1lGMsLG9xbhFgPjmhVbzt8+B/6GPznzm8zgdSLoq1n/rMAOlldteoBwMsGj4/enumFpmmu1r8pOlSZFoC7happTPbdAYR3KMWOV9zxxtcoUCm6dbWLpLEQ72NgxBv6ezfKw2UqyuY8clkhRxuXVxCN7rS5Qpy6KurcWdtdNzwOMJRda8hTPlPKghowIhpHy9apGMre8XtRtk+lYmNQvnD1g/bzwbXDLd7XoY9zMi5LIpkdEOEt4Vl8U1V8f4QQHph6e9wkFw8Nj1mwz/gmchYpjE1hRzK8e1ouIV4SZXbSkH4ZIBRlIspk6VMe515GlZIbjYZySvbx53cI/sdO5eSP3M2kw27AZpK63XMe/xVHhrMJ6AwYShS5Ygp9hLnegLitq7dpabe6Sk0dCmIvc= ceph-145ca8d0-02a5-11ef-bc93-c7b262605968
2024-04-25T01:44:16.568 INFO:teuthology.orchestra.run.smithi102.stdout:/usr/bin/ceph: stderr
2024-04-25T01:44:15.632+0000 7fee0a000700 1 Processor -- start
2024-04-25T01:44:16.568 INFO:teuthology.orchestra.run.smithi102.stdout:/usr/bin/ceph: stderr
2024-04-25T01:44:15.632+0000 7fee0a000700 1 -- start start
2024-04-25T01:44:16.568 INFO:teuthology.orchestra.run.smithi102.stdout:/usr/bin/ceph: stderr
2024-04-25T01:44:15.632+0000 7fee0a000700 1 --2- >> [v2:172.21.15.102:3300/0,v1:172.21.15.102:6789/0] conn(0x7fee0407dda0 0x7fee0407c2a0 unknown :-1 s=NONE pgs=0 cs=0 l=0 rev1=0 crypto rx=0 tx=0 comp rx=0 tx=0).connect
2024-04-25T01:44:16.568 INFO:teuthology.orchestra.run.smithi102.stdout:/usr/bin/ceph: stderr
2024-04-25T01:44:15.632+0000 7fee0a000700 1 -- --> [v2:172.21.15.102:3300/0,v1:172.21.15.102:6789/0] -- mon_getmap magic: 0 -- 0x7fee0407c7e0 con 0x7fee0407dda0
2024-04-25T01:44:16.569 INFO:teuthology.orchestra.run.smithi102.stdout:/usr/bin/ceph: stderr
2024-04-25T01:44:15.633+0000 7fee03400700 1 --2- >> [v2:172.21.15.102:3300/0,v1:172.21.15.102:6789/0] conn(0x7fee0407dda0 0x7fee0407c2a0 unknown :-1 s=BANNER_CONNECTING pgs=0 cs=0 l=0 rev1=0 crypto rx=0 tx=0 comp rx=0 tx=0)._handle_peer_banner_payload supported=3 required=0
2024-04-25T01:44:16.569 INFO:teuthology.orchestra.run.smithi102.stdout:/usr/bin/ceph: stderr
2024-04-25T01:44:15.633+0000 7fee03400700 1 --2- >> [v2:172.21.15.102:3300/0,v1:172.21.15.102:6789/0] conn(0x7fee0407dda0 0x7fee0407c2a0 unknown :-1 s=HELLO_CONNECTING pgs=0 cs=0 l=0 rev1=1 crypto rx=0 tx=0 comp rx=0 tx=0).handle_hello peer v2:172.21.15.102:3300/0 says I am v2:172.21.15.102:34694/0 (socket says 172.21.15.102:34694)
2024-04-25T01:44:16.569 INFO:teuthology.orchestra.run.smithi102.stdout:/usr/bin/ceph: stderr
2024-04-25T01:44:15.633+0000 7fee03400700 1 -- 172.21.15.102:0/3779360686 learned_addr learned my addr 172.21.15.102:0/3779360686 (peer_addr_for_me v2:172.21.15.102:0/0)
2024-04-25T01:44:16.569 INFO:teuthology.orchestra.run.smithi102.stdout:/usr/bin/ceph: stderr
2024-04-25T01:44:15.633+0000 7fee03400700 1 -- 172.21.15.102:0/3779360686 --> [v2:172.21.15.102:3300/0,v1:172.21.15.102:6789/0] -- mon_subscribe({config=0+,monmap=0+}) -- 0x7fee0407c960 con 0x7fee0407dda0
2024-04-25T01:44:16.569 INFO:teuthology.orchestra.run.smithi102.stdout:/usr/bin/ceph: stderr
2024-04-25T01:44:15.634+0000 7fee03400700 1 --2- 172.21.15.102:0/3779360686 >> [v2:172.21.15.102:3300/0,v1:172.21.15.102:6789/0] conn(0x7fee0407dda0 0x7fee0407c2a0 secure :-1 s=READY pgs=43 cs=0 l=1 rev1=1 crypto rx=0x7fedf40098a0 tx=0x7fedf4009bb0 comp rx=0 tx=0).ready entity=mon.0 client_cookie=3586f94d0a973176 server_cookie=0 in_seq=0 out_seq=0
2024-04-25T01:44:16.569 INFO:teuthology.orchestra.run.smithi102.stdout:/usr/bin/ceph: stderr
2024-04-25T01:44:15.634+0000 7fee02a00700 1 -- 172.21.15.102:0/3779360686 <== mon.0 v2:172.21.15.102:3300/0 1 ==== mon_map magic: 0 ==== 205+0+0 (secure 0 0 0) 0x7fedf4004160 con 0x7fee0407dda0
2024-04-25T01:44:16.569 INFO:teuthology.orchestra.run.smithi102.stdout:/usr/bin/ceph: stderr
2024-04-25T01:44:15.634+0000 7fee02a00700 1 -- 172.21.15.102:0/3779360686 <== mon.0 v2:172.21.15.102:3300/0 2 ==== config(27 keys) ==== 1109+0+0 (secure 0 0 0) 0x7fedf4004300 con 0x7fee0407dda0
2024-04-25T01:44:16.569 INFO:teuthology.orchestra.run.smithi102.stdout:/usr/bin/ceph: stderr
2024-04-25T01:44:15.634+0000 7fee02a00700 1 -- 172.21.15.102:0/3779360686 <== mon.0 v2:172.21.15.102:3300/0 3 ==== mon_map magic: 0 ==== 205+0+0 (secure 0 0 0) 0x7fedf4011b50 con 0x7fee0407dda0
2024-04-25T01:44:16.569 INFO:teuthology.orchestra.run.smithi102.stdout:/usr/bin/ceph: stderr
2024-04-25T01:44:15.635+0000 7fee0a000700 1 -- 172.21.15.102:0/3779360686 >> [v2:172.21.15.102:3300/0,v1:172.21.15.102:6789/0] conn(0x7fee0407dda0 msgr2=0x7fee0407c2a0 secure :-1 s=STATE_CONNECTION_ESTABLISHED l=1).mark_down
2024-04-25T01:44:16.569 INFO:teuthology.orchestra.run.smithi102.stdout:/usr/bin/ceph: stderr
2024-04-25T01:44:15.635+0000 7fee0a000700 1 --2- 172.21.15.102:0/3779360686 >> [v2:172.21.15.102:3300/0,v1:172.21.15.102:6789/0] conn(0x7fee0407dda0 0x7fee0407c2a0 secure :-1 s=READY pgs=43 cs=0 l=1 rev1=1 crypto rx=0x7fedf40098a0 tx=0x7fedf4009bb0 comp rx=0 tx=0).stop
2024-04-25T01:44:16.569 INFO:teuthology.orchestra.run.smithi102.stdout:/usr/bin/ceph: stderr
2024-04-25T01:44:15.635+0000 7fee0a000700 1 -- 172.21.15.102:0/3779360686 shutdown_connections
2024-04-25T01:44:16.569 INFO:teuthology.orchestra.run.smithi102.stdout:/usr/bin/ceph: stderr
2024-04-25T01:44:15.635+0000 7fee0a000700 1 --2- 172.21.15.102:0/3779360686 >> [v2:172.21.15.102:3300/0,v1:172.21.15.102:6789/0] conn(0x7fee0407dda0 0x7fee0407c2a0 unknown :-1 s=CLOSED pgs=43 cs=0 l=1 rev1=1 crypto rx=0 tx=0 comp rx=0 tx=0).stop
2024-04-25T01:44:16.569 INFO:teuthology.orchestra.run.smithi102.stdout:/usr/bin/ceph: stderr
2024-04-25T01:44:15.635+0000 7fee0a000700 1 -- 172.21.15.102:0/3779360686 >> 172.21.15.102:0/3779360686 conn(0x7fee04103420 msgr2=0x7fee04105840 unknown :-1 s=STATE_NONE l=0).mark_down
2024-04-25T01:44:16.569 INFO:teuthology.orchestra.run.smithi102.stdout:/usr/bin/ceph: stderr
2024-04-25T01:44:15.635+0000 7fee0a000700 1 -- 172.21.15.102:0/3779360686 shutdown_connections
2024-04-25T01:44:16.570 INFO:teuthology.orchestra.run.smithi102.stdout:/usr/bin/ceph: stderr
2024-04-25T01:44:15.635+0000 7fee0a000700 1 -- 172.21.15.102:0/3779360686 wait complete.
2024-04-25T01:44:16.570 INFO:teuthology.orchestra.run.smithi102.stdout:/usr/bin/ceph: stderr
2024-04-25T01:44:15.636+0000 7fee0a000700 1 Processor -- start
2024-04-25T01:44:16.570 INFO:teuthology.orchestra.run.smithi102.stdout:/usr/bin/ceph: stderr
2024-04-25T01:44:15.636+0000 7fee0a000700 1 -- start start
2024-04-25T01:44:16.570 INFO:teuthology.orchestra.run.smithi102.stdout:/usr/bin/ceph: stderr
2024-04-25T01:44:15.637+0000 7fee0a000700 1 --2- >> [v2:172.21.15.102:3300/0,v1:172.21.15.102:6789/0] conn(0x7fee0407dda0 0x7fee0419e020 unknown :-1 s=NONE pgs=0 cs=0 l=1 rev1=0 crypto rx=0 tx=0 comp rx=0 tx=0).connect
2024-04-25T01:44:16.570 INFO:teuthology.orchestra.run.smithi102.stdout:/usr/bin/ceph: stderr
2024-04-25T01:44:15.637+0000 7fee0a000700 1 -- --> [v2:172.21.15.102:3300/0,v1:172.21.15.102:6789/0] -- mon_getmap magic: 0 -- 0x7fee0410e410 con 0x7fee0407dda0
2024-04-25T01:44:16.570 INFO:teuthology.orchestra.run.smithi102.stdout:/usr/bin/ceph: stderr
2024-04-25T01:44:15.637+0000 7fee03400700 1 --2- >> [v2:172.21.15.102:3300/0,v1:172.21.15.102:6789/0] conn(0x7fee0407dda0 0x7fee0419e020 unknown :-1 s=BANNER_CONNECTING pgs=0 cs=0 l=1 rev1=0 crypto rx=0 tx=0 comp rx=0 tx=0)._handle_peer_banner_payload supported=3 required=0
2024-04-25T01:44:16.570 INFO:teuthology.orchestra.run.smithi102.stdout:/usr/bin/ceph: stderr
2024-04-25T01:44:15.637+0000 7fee03400700 1 --2- >> [v2:172.21.15.102:3300/0,v1:172.21.15.102:6789/0] conn(0x7fee0407dda0 0x7fee0419e020 unknown :-1 s=HELLO_CONNECTING pgs=0 cs=0 l=1 rev1=1 crypto rx=0 tx=0 comp rx=0 tx=0).handle_hello peer v2:172.21.15.102:3300/0 says I am v2:172.21.15.102:34708/0 (socket says 172.21.15.102:34708)
2024-04-25T01:44:16.570 INFO:teuthology.orchestra.run.smithi102.stdout:/usr/bin/ceph: stderr
2024-04-25T01:44:15.637+0000 7fee03400700 1 -- 172.21.15.102:0/3847064982 learned_addr learned my addr 172.21.15.102:0/3847064982 (peer_addr_for_me v2:172.21.15.102:0/0)
2024-04-25T01:44:16.570 INFO:teuthology.orchestra.run.smithi102.stdout:/usr/bin/ceph: stderr
2024-04-25T01:44:15.637+0000 7fee03400700 1 -- 172.21.15.102:0/3847064982 --> [v2:172.21.15.102:3300/0,v1:172.21.15.102:6789/0] -- mon_subscribe({config=0+,monmap=0+}) -- 0x7fee0419e560 con 0x7fee0407dda0
2024-04-25T01:44:16.570 INFO:teuthology.orchestra.run.smithi102.stdout:/usr/bin/ceph: stderr
2024-04-25T01:44:15.637+0000 7fee03400700 1 --2- 172.21.15.102:0/3847064982 >> [v2:172.21.15.102:3300/0,v1:172.21.15.102:6789/0] conn(0x7fee0407dda0 0x7fee0419e020 secure :-1 s=READY pgs=44 cs=0 l=1 rev1=1 crypto rx=0x7fedf4011b60 tx=0x7fedf4011c40 comp rx=0 tx=0).ready entity=mon.0 client_cookie=0 server_cookie=0 in_seq=0 out_seq=0
2024-04-25T01:44:16.570 INFO:teuthology.orchestra.run.smithi102.stdout:/usr/bin/ceph: stderr
2024-04-25T01:44:15.638+0000 7fee00c00700 1 -- 172.21.15.102:0/3847064982 <== mon.0 v2:172.21.15.102:3300/0 1 ==== mon_map magic: 0 ==== 205+0+0 (secure 0 0 0) 0x7fedf4003b20 con 0x7fee0407dda0
2024-04-25T01:44:16.570 INFO:teuthology.orchestra.run.smithi102.stdout:/usr/bin/ceph: stderr
2024-04-25T01:44:15.638+0000 7fee00c00700 1 -- 172.21.15.102:0/3847064982 <== mon.0 v2:172.21.15.102:3300/0 2 ==== config(27 keys) ==== 1109+0+0 (secure 0 0 0) 0x7fedf4003cc0 con 0x7fee0407dda0
2024-04-25T01:44:16.571 INFO:teuthology.orchestra.run.smithi102.stdout:/usr/bin/ceph: stderr
2024-04-25T01:44:15.638+0000 7fee0a000700 1 -- 172.21.15.102:0/3847064982 --> [v2:172.21.15.102:3300/0,v1:172.21.15.102:6789/0] -- mon_subscribe({mgrmap=0+}) -- 0x7fee0419e7f0 con 0x7fee0407dda0
2024-04-25T01:44:16.571 INFO:teuthology.orchestra.run.smithi102.stdout:/usr/bin/ceph: stderr
2024-04-25T01:44:15.638+0000 7fee00c00700 1 -- 172.21.15.102:0/3847064982 <== mon.0 v2:172.21.15.102:3300/0 3 ==== mon_map magic: 0 ==== 205+0+0 (secure 0 0 0) 0x7fedf4024840 con 0x7fee0407dda0
2024-04-25T01:44:16.571 INFO:teuthology.orchestra.run.smithi102.stdout:/usr/bin/ceph: stderr
2024-04-25T01:44:15.638+0000 7fee0a000700 1 -- 172.21.15.102:0/3847064982 --> [v2:172.21.15.102:3300/0,v1:172.21.15.102:6789/0] -- mon_subscribe({osdmap=0}) -- 0x7fee0419f310 con 0x7fee0407dda0
2024-04-25T01:44:16.571 INFO:teuthology.orchestra.run.smithi102.stdout:/usr/bin/ceph: stderr
2024-04-25T01:44:15.639+0000 7fee00c00700 1 -- 172.21.15.102:0/3847064982 <== mon.0 v2:172.21.15.102:3300/0 4 ==== mgrmap(e 8) ==== 46287+0+0 (secure 0 0 0) 0x7fedf4022020 con 0x7fee0407dda0
2024-04-25T01:44:16.571 INFO:teuthology.orchestra.run.smithi102.stdout:/usr/bin/ceph: stderr
2024-04-25T01:44:15.639+0000 7fee0a000700 1 -- 172.21.15.102:0/3847064982 --> [v2:172.21.15.102:3300/0,v1:172.21.15.102:6789/0] -- mon_command({"prefix": "get_command_descriptions"} v 0) -- 0x7fee04063890 con 0x7fee0407dda0
2024-04-25T01:44:16.571 INFO:teuthology.orchestra.run.smithi102.stdout:/usr/bin/ceph: stderr
2024-04-25T01:44:15.640+0000 7fee00c00700 1 --2- 172.21.15.102:0/3847064982 >> [v2:172.21.15.102:6800/1124203809,v1:172.21.15.102:6801/1124203809] conn(0x7fede80390a0 0x7fede803b560 unknown :-1 s=NONE pgs=0 cs=0 l=1 rev1=0 crypto rx=0 tx=0 comp rx=0 tx=0).connect
2024-04-25T01:44:16.571 INFO:teuthology.orchestra.run.smithi102.stdout:/usr/bin/ceph: stderr
2024-04-25T01:44:15.640+0000 7fee00c00700 1 -- 172.21.15.102:0/3847064982 <== mon.0 v2:172.21.15.102:3300/0 5 ==== osd_map(2..2 src has 1..2) ==== 940+0+0 (secure 0 0 0) 0x7fedf4011e00 con 0x7fee0407dda0
2024-04-25T01:44:16.571 INFO:teuthology.orchestra.run.smithi102.stdout:/usr/bin/ceph: stderr
2024-04-25T01:44:15.640+0000 7fedfaa00700 1 --2- 172.21.15.102:0/3847064982 >> [v2:172.21.15.102:6800/1124203809,v1:172.21.15.102:6801/1124203809] conn(0x7fede80390a0 0x7fede803b560 unknown :-1 s=BANNER_CONNECTING pgs=0 cs=0 l=1 rev1=0 crypto rx=0 tx=0 comp rx=0 tx=0)._handle_peer_banner_payload supported=3 required=0
2024-04-25T01:44:16.571 INFO:teuthology.orchestra.run.smithi102.stdout:/usr/bin/ceph: stderr
2024-04-25T01:44:15.641+0000 7fedfaa00700 1 --2- 172.21.15.102:0/3847064982 >> [v2:172.21.15.102:6800/1124203809,v1:172.21.15.102:6801/1124203809] conn(0x7fede80390a0 0x7fede803b560 secure :-1 s=READY pgs=10 cs=0 l=1 rev1=1 crypto rx=0x7fedec006fd0 tx=0x7fedec006e40 comp rx=0 tx=0).ready entity=mgr.14120 client_cookie=0 server_cookie=0 in_seq=0 out_seq=0
2024-04-25T01:44:16.571 INFO:teuthology.orchestra.run.smithi102.stdout:/usr/bin/ceph: stderr
2024-04-25T01:44:15.645+0000 7fee00c00700 1 -- 172.21.15.102:0/3847064982 <== mon.0 v2:172.21.15.102:3300/0 6 ==== mon_command_ack([{"prefix": "get_command_descriptions"}]=0 v0) ==== 72+0+186147 (secure 0 0 0) 0x7fedf400b3e0 con 0x7fee0407dda0
2024-04-25T01:44:16.571 INFO:teuthology.orchestra.run.smithi102.stdout:/usr/bin/ceph: stderr
2024-04-25T01:44:15.870+0000 7fee0a000700 1 -- 172.21.15.102:0/3847064982 --> [v2:172.21.15.102:6800/1124203809,v1:172.21.15.102:6801/1124203809] -- mgr_command(tid 0: {"prefix": "cephadm get-pub-key", "target": ["mon-mgr", ""]}) -- 0x7fee041045e0 con 0x7fede80390a0
2024-04-25T01:44:16.571 INFO:teuthology.orchestra.run.smithi102.stdout:/usr/bin/ceph: stderr
2024-04-25T01:44:15.872+0000 7fee00c00700 1 -- 172.21.15.102:0/3847064982 <== mgr.14120 v2:172.21.15.102:6800/1124203809 1 ==== mgr_command_reply(tid 0: 0 ) ==== 8+0+595 (secure 0 0 0) 0x7fee041045e0 con 0x7fede80390a0
2024-04-25T01:44:16.572 INFO:teuthology.orchestra.run.smithi102.stdout:/usr/bin/ceph: stderr
2024-04-25T01:44:15.875+0000 7fee0a000700 1 -- 172.21.15.102:0/3847064982 >> [v2:172.21.15.102:6800/1124203809,v1:172.21.15.102:6801/1124203809] conn(0x7fede80390a0 msgr2=0x7fede803b560 secure :-1 s=STATE_CONNECTION_ESTABLISHED l=1).mark_down
2024-04-25T01:44:16.572 INFO:teuthology.orchestra.run.smithi102.stdout:/usr/bin/ceph: stderr
2024-04-25T01:44:15.875+0000 7fee0a000700 1 --2- 172.21.15.102:0/3847064982 >> [v2:172.21.15.102:6800/1124203809,v1:172.21.15.102:6801/1124203809] conn(0x7fede80390a0 0x7fede803b560 secure :-1 s=READY pgs=10 cs=0 l=1 rev1=1 crypto rx=0x7fedec006fd0 tx=0x7fedec006e40 comp rx=0 tx=0).stop
2024-04-25T01:44:16.572 INFO:teuthology.orchestra.run.smithi102.stdout:/usr/bin/ceph: stderr
2024-04-25T01:44:15.875+0000 7fee0a000700 1 -- 172.21.15.102:0/3847064982 >> [v2:172.21.15.102:3300/0,v1:172.21.15.102:6789/0] conn(0x7fee0407dda0 msgr2=0x7fee0419e020 secure :-1 s=STATE_CONNECTION_ESTABLISHED l=1).mark_down
2024-04-25T01:44:16.572 INFO:teuthology.orchestra.run.smithi102.stdout:/usr/bin/ceph: stderr
2024-04-25T01:44:15.875+0000 7fee0a000700 1 --2- 172.21.15.102:0/3847064982 >> [v2:172.21.15.102:3300/0,v1:172.21.15.102:6789/0] conn(0x7fee0407dda0 0x7fee0419e020 secure :-1 s=READY pgs=44 cs=0 l=1 rev1=1 crypto rx=0x7fedf4011b60 tx=0x7fedf4011c40 comp rx=0 tx=0).stop
2024-04-25T01:44:16.572 INFO:teuthology.orchestra.run.smithi102.stdout:/usr/bin/ceph: stderr
2024-04-25T01:44:15.875+0000 7fee0a000700 1 -- 172.21.15.102:0/3847064982 shutdown_connections
2024-04-25T01:44:16.572 INFO:teuthology.orchestra.run.smithi102.stdout:/usr/bin/ceph: stderr
2024-04-25T01:44:15.875+0000 7fee0a000700 1 --2- 172.21.15.102:0/3847064982 >> [v2:172.21.15.102:6800/1124203809,v1:172.21.15.102:6801/1124203809] conn(0x7fede80390a0 0x7fede803b560 unknown :-1 s=CLOSED pgs=10 cs=0 l=1 rev1=1 crypto rx=0 tx=0 comp rx=0 tx=0).stop
2024-04-25T01:44:16.572 INFO:teuthology.orchestra.run.smithi102.stdout:/usr/bin/ceph: stderr
2024-04-25T01:44:15.875+0000 7fee0a000700 1 --2- 172.21.15.102:0/3847064982 >> [v2:172.21.15.102:3300/0,v1:172.21.15.102:6789/0] conn(0x7fee0407dda0 0x7fee0419e020 unknown :-1 s=CLOSED pgs=44 cs=0 l=1 rev1=1 crypto rx=0 tx=0 comp rx=0 tx=0).stop
2024-04-25T01:44:16.572 INFO:teuthology.orchestra.run.smithi102.stdout:/usr/bin/ceph: stderr
2024-04-25T01:44:15.875+0000 7fee0a000700 1 -- 172.21.15.102:0/3847064982 >> 172.21.15.102:0/3847064982 conn(0x7fee04103420 msgr2=0x7fee04103ed0 unknown :-1 s=STATE_NONE l=0).mark_down
2024-04-25T01:44:16.572 INFO:teuthology.orchestra.run.smithi102.stdout:/usr/bin/ceph: stderr
2024-04-25T01:44:15.875+0000 7fee0a000700 1 -- 172.21.15.102:0/3847064982 shutdown_connections
2024-04-25T01:44:16.572 INFO:teuthology.orchestra.run.smithi102.stdout:/usr/bin/ceph: stderr
2024-04-25T01:44:15.876+0000 7fee0a000700 1 -- 172.21.15.102:0/3847064982 wait complete.
2024-04-25T01:44:16.572 INFO:teuthology.orchestra.run.smithi102.stdout:Wrote public SSH key to /home/ubuntu/cephtest/ceph.pub
2024-04-25T01:44:16.572 INFO:teuthology.orchestra.run.smithi102.stdout:Adding key to root@localhost authorized_keys...
2024-04-25T01:44:16.581 INFO:teuthology.orchestra.run.smithi102.stdout:Adding host smithi102...
2024-04-25T01:44:16.898 INFO:journalctl@ceph.mon.a.smithi102.stdout:Apr 25 01:44:16 smithi102 ceph-mon[27796]: from='client.14138 -' entity='client.admin' cmd=[{"prefix": "cephadm get-pub-key", "target": ["mon-mgr", ""]}]: dispatch
2024-04-25T01:44:17.809 INFO:journalctl@ceph.mon.a.smithi102.stdout:Apr 25 01:44:17 smithi102 ceph-mon[27796]: from='client.14140 -' entity='client.admin' cmd=[{"prefix": "orch host add", "hostname": "smithi102", "addr": "172.21.15.102", "target": ["mon-mgr", ""]}]: dispatch
2024-04-25T01:44:19.914 INFO:journalctl@ceph.mon.a.smithi102.stdout:Apr 25 01:44:19 smithi102 ceph-mon[27796]: Deploying cephadm binary to smithi102
2024-04-25T01:44:24.039 INFO:teuthology.orchestra.run.smithi102.stdout:/usr/bin/ceph: stdout Added host 'smithi102' with addr '172.21.15.102'
2024-04-25T01:44:24.039 INFO:teuthology.orchestra.run.smithi102.stdout:/usr/bin/ceph: stderr
2024-04-25T01:44:17.217+0000 7f4568c00700 1 Processor -- start
2024-04-25T01:44:24.039 INFO:teuthology.orchestra.run.smithi102.stdout:/usr/bin/ceph: stderr
2024-04-25T01:44:17.217+0000 7f4568c00700 1 -- start start
2024-04-25T01:44:24.039 INFO:teuthology.orchestra.run.smithi102.stdout:/usr/bin/ceph: stderr
2024-04-25T01:44:17.217+0000 7f4568c00700 1 --2- >> [v2:172.21.15.102:3300/0,v1:172.21.15.102:6789/0] conn(0x7f456410ec70 0x7f4564111060 unknown :-1 s=NONE pgs=0 cs=0 l=0 rev1=0 crypto rx=0 tx=0 comp rx=0 tx=0).connect
2024-04-25T01:44:24.039 INFO:teuthology.orchestra.run.smithi102.stdout:/usr/bin/ceph: stderr
2024-04-25T01:44:17.217+0000 7f4568c00700 1 -- --> [v2:172.21.15.102:3300/0,v1:172.21.15.102:6789/0] -- mon_getmap magic: 0 -- 0x7f45640824a0 con 0x7f456410ec70
2024-04-25T01:44:24.039 INFO:teuthology.orchestra.run.smithi102.stdout:/usr/bin/ceph: stderr
2024-04-25T01:44:17.218+0000 7f4563400700 1 --2- >> [v2:172.21.15.102:3300/0,v1:172.21.15.102:6789/0] conn(0x7f456410ec70 0x7f4564111060 unknown :-1 s=BANNER_CONNECTING pgs=0 cs=0 l=0 rev1=0 crypto rx=0 tx=0 comp rx=0 tx=0)._handle_peer_banner_payload supported=3 required=0
2024-04-25T01:44:24.040 INFO:teuthology.orchestra.run.smithi102.stdout:/usr/bin/ceph: stderr
2024-04-25T01:44:17.218+0000 7f4563400700 1 --2- >> [v2:172.21.15.102:3300/0,v1:172.21.15.102:6789/0] conn(0x7f456410ec70 0x7f4564111060 unknown :-1 s=HELLO_CONNECTING pgs=0 cs=0 l=0 rev1=1 crypto rx=0 tx=0 comp rx=0 tx=0).handle_hello peer v2:172.21.15.102:3300/0 says I am v2:172.21.15.102:34710/0 (socket says 172.21.15.102:34710)
2024-04-25T01:44:24.040 INFO:teuthology.orchestra.run.smithi102.stdout:/usr/bin/ceph: stderr
2024-04-25T01:44:17.218+0000 7f4563400700 1 -- 172.21.15.102:0/1397608955 learned_addr learned my addr 172.21.15.102:0/1397608955 (peer_addr_for_me v2:172.21.15.102:0/0)
2024-04-25T01:44:24.040 INFO:teuthology.orchestra.run.smithi102.stdout:/usr/bin/ceph: stderr
2024-04-25T01:44:17.218+0000 7f4563400700 1 -- 172.21.15.102:0/1397608955 --> [v2:172.21.15.102:3300/0,v1:172.21.15.102:6789/0] -- mon_subscribe({config=0+,monmap=0+}) -- 0x7f45641115a0 con 0x7f456410ec70
2024-04-25T01:44:24.040 INFO:teuthology.orchestra.run.smithi102.stdout:/usr/bin/ceph: stderr
2024-04-25T01:44:17.218+0000 7f4563400700 1 --2- 172.21.15.102:0/1397608955 >> [v2:172.21.15.102:3300/0,v1:172.21.15.102:6789/0] conn(0x7f456410ec70 0x7f4564111060 secure :-1 s=READY pgs=45 cs=0 l=1 rev1=1 crypto rx=0x7f45540098a0 tx=0x7f4554009bb0 comp rx=0 tx=0).ready entity=mon.0 client_cookie=26350b2430094ee5 server_cookie=0 in_seq=0 out_seq=0
2024-04-25T01:44:24.040 INFO:teuthology.orchestra.run.smithi102.stdout:/usr/bin/ceph: stderr
2024-04-25T01:44:17.219+0000 7f4562000700 1 -- 172.21.15.102:0/1397608955 <== mon.0 v2:172.21.15.102:3300/0 1 ==== mon_map magic: 0 ==== 205+0+0 (secure 0 0 0) 0x7f4554004160 con 0x7f456410ec70
2024-04-25T01:44:24.040 INFO:teuthology.orchestra.run.smithi102.stdout:/usr/bin/ceph: stderr
2024-04-25T01:44:17.219+0000 7f4562000700 1 -- 172.21.15.102:0/1397608955 <== mon.0 v2:172.21.15.102:3300/0 2 ==== config(27 keys) ==== 1109+0+0 (secure 0 0 0) 0x7f4554004300 con 0x7f456410ec70
2024-04-25T01:44:24.040 INFO:teuthology.orchestra.run.smithi102.stdout:/usr/bin/ceph: stderr
2024-04-25T01:44:17.219+0000 7f4562000700 1 -- 172.21.15.102:0/1397608955 <== mon.0 v2:172.21.15.102:3300/0 3 ==== mon_map magic: 0 ==== 205+0+0 (secure 0 0 0) 0x7f4554011b50 con 0x7f456410ec70
2024-04-25T01:44:24.040 INFO:teuthology.orchestra.run.smithi102.stdout:/usr/bin/ceph: stderr
2024-04-25T01:44:17.219+0000 7f4568c00700 1 -- 172.21.15.102:0/1397608955 >> [v2:172.21.15.102:3300/0,v1:172.21.15.102:6789/0] conn(0x7f456410ec70 msgr2=0x7f4564111060 secure :-1 s=STATE_CONNECTION_ESTABLISHED l=1).mark_down
2024-04-25T01:44:24.040 INFO:teuthology.orchestra.run.smithi102.stdout:/usr/bin/ceph: stderr
2024-04-25T01:44:17.219+0000 7f4568c00700 1 --2- 172.21.15.102:0/1397608955 >> [v2:172.21.15.102:3300/0,v1:172.21.15.102:6789/0] conn(0x7f456410ec70 0x7f4564111060 secure :-1 s=READY pgs=45 cs=0 l=1 rev1=1 crypto rx=0x7f45540098a0 tx=0x7f4554009bb0 comp rx=0 tx=0).stop
2024-04-25T01:44:24.040 INFO:teuthology.orchestra.run.smithi102.stdout:/usr/bin/ceph: stderr
2024-04-25T01:44:17.219+0000 7f4568c00700 1 -- 172.21.15.102:0/1397608955 shutdown_connections
2024-04-25T01:44:24.040 INFO:teuthology.orchestra.run.smithi102.stdout:/usr/bin/ceph: stderr
2024-04-25T01:44:17.219+0000 7f4568c00700 1 --2- 172.21.15.102:0/1397608955 >> [v2:172.21.15.102:3300/0,v1:172.21.15.102:6789/0] conn(0x7f456410ec70 0x7f4564111060 unknown :-1 s=CLOSED pgs=45 cs=0 l=1 rev1=1 crypto rx=0 tx=0 comp rx=0 tx=0).stop
2024-04-25T01:44:24.040 INFO:teuthology.orchestra.run.smithi102.stdout:/usr/bin/ceph: stderr
2024-04-25T01:44:17.219+0000 7f4568c00700 1 -- 172.21.15.102:0/1397608955 >> 172.21.15.102:0/1397608955 conn(0x7f456407d240 msgr2=0x7f456407f660 unknown :-1 s=STATE_NONE l=0).mark_down
2024-04-25T01:44:24.040 INFO:teuthology.orchestra.run.smithi102.stdout:/usr/bin/ceph: stderr
2024-04-25T01:44:17.220+0000 7f4568c00700 1 -- 172.21.15.102:0/1397608955 shutdown_connections
2024-04-25T01:44:24.040 INFO:teuthology.orchestra.run.smithi102.stdout:/usr/bin/ceph: stderr
2024-04-25T01:44:17.220+0000 7f4568c00700 1 -- 172.21.15.102:0/1397608955 wait complete.
2024-04-25T01:44:24.041 INFO:teuthology.orchestra.run.smithi102.stdout:/usr/bin/ceph: stderr
2024-04-25T01:44:17.221+0000 7f4568c00700 1 Processor -- start
2024-04-25T01:44:24.041 INFO:teuthology.orchestra.run.smithi102.stdout:/usr/bin/ceph: stderr
2024-04-25T01:44:17.221+0000 7f4568c00700 1 -- start start
2024-04-25T01:44:24.041 INFO:teuthology.orchestra.run.smithi102.stdout:/usr/bin/ceph: stderr
2024-04-25T01:44:17.221+0000 7f4568c00700 1 --2- >> [v2:172.21.15.102:3300/0,v1:172.21.15.102:6789/0] conn(0x7f456410ec70 0x7f45641a21e0 unknown :-1 s=NONE pgs=0 cs=0 l=1 rev1=0 crypto rx=0 tx=0 comp rx=0 tx=0).connect
2024-04-25T01:44:24.041 INFO:teuthology.orchestra.run.smithi102.stdout:/usr/bin/ceph: stderr
2024-04-25T01:44:17.221+0000 7f4568c00700 1 -- --> [v2:172.21.15.102:3300/0,v1:172.21.15.102:6789/0] -- mon_getmap magic: 0 -- 0x7f4564112620 con 0x7f456410ec70
2024-04-25T01:44:24.041 INFO:teuthology.orchestra.run.smithi102.stdout:/usr/bin/ceph: stderr
2024-04-25T01:44:17.221+0000 7f4563400700 1 --2- >> [v2:172.21.15.102:3300/0,v1:172.21.15.102:6789/0] conn(0x7f456410ec70 0x7f45641a21e0 unknown :-1 s=BANNER_CONNECTING pgs=0 cs=0 l=1 rev1=0 crypto rx=0 tx=0 comp rx=0 tx=0)._handle_peer_banner_payload supported=3 required=0
2024-04-25T01:44:24.041 INFO:teuthology.orchestra.run.smithi102.stdout:/usr/bin/ceph: stderr
2024-04-25T01:44:17.221+0000 7f4563400700 1 --2- >> [v2:172.21.15.102:3300/0,v1:172.21.15.102:6789/0] conn(0x7f456410ec70 0x7f45641a21e0 unknown :-1 s=HELLO_CONNECTING pgs=0 cs=0 l=1 rev1=1 crypto rx=0 tx=0 comp rx=0 tx=0).handle_hello peer v2:172.21.15.102:3300/0 says I am v2:172.21.15.102:34712/0 (socket says 172.21.15.102:34712)
2024-04-25T01:44:24.041 INFO:teuthology.orchestra.run.smithi102.stdout:/usr/bin/ceph: stderr
2024-04-25T01:44:17.221+0000 7f4563400700 1 -- 172.21.15.102:0/2554185868 learned_addr learned my addr 172.21.15.102:0/2554185868 (peer_addr_for_me v2:172.21.15.102:0/0)
2024-04-25T01:44:24.041 INFO:teuthology.orchestra.run.smithi102.stdout:/usr/bin/ceph: stderr
2024-04-25T01:44:17.222+0000 7f4563400700 1 -- 172.21.15.102:0/2554185868 --> [v2:172.21.15.102:3300/0,v1:172.21.15.102:6789/0] -- mon_subscribe({config=0+,monmap=0+}) -- 0x7f45641a2720 con 0x7f456410ec70
2024-04-25T01:44:24.041 INFO:teuthology.orchestra.run.smithi102.stdout:/usr/bin/ceph: stderr
2024-04-25T01:44:17.222+0000 7f4563400700 1 --2- 172.21.15.102:0/2554185868 >> [v2:172.21.15.102:3300/0,v1:172.21.15.102:6789/0] conn(0x7f456410ec70 0x7f45641a21e0 secure :-1 s=READY pgs=46 cs=0 l=1 rev1=1 crypto rx=0x7f4554011b60 tx=0x7f4554011c40 comp rx=0 tx=0).ready entity=mon.0 client_cookie=0 server_cookie=0 in_seq=0 out_seq=0
2024-04-25T01:44:24.041 INFO:teuthology.orchestra.run.smithi102.stdout:/usr/bin/ceph: stderr
2024-04-25T01:44:17.222+0000 7f455be00700 1 -- 172.21.15.102:0/2554185868 <== mon.0 v2:172.21.15.102:3300/0 1 ==== mon_map magic: 0 ==== 205+0+0 (secure 0 0 0) 0x7f4554003970 con 0x7f456410ec70
2024-04-25T01:44:24.041 INFO:teuthology.orchestra.run.smithi102.stdout:/usr/bin/ceph: stderr
2024-04-25T01:44:17.222+0000 7f455be00700 1 -- 172.21.15.102:0/2554185868 <== mon.0 v2:172.21.15.102:3300/0 2 ==== config(27 keys) ==== 1109+0+0 (secure 0 0 0) 0x7f4554003b10 con 0x7f456410ec70
2024-04-25T01:44:24.041 INFO:teuthology.orchestra.run.smithi102.stdout:/usr/bin/ceph: stderr
2024-04-25T01:44:17.222+0000 7f455be00700 1 -- 172.21.15.102:0/2554185868 <== mon.0 v2:172.21.15.102:3300/0 3 ==== mon_map magic: 0 ==== 205+0+0 (secure 0 0 0) 0x7f4554024610 con 0x7f456410ec70
2024-04-25T01:44:24.041 INFO:teuthology.orchestra.run.smithi102.stdout:/usr/bin/ceph: stderr
2024-04-25T01:44:17.222+0000 7f4568c00700 1 -- 172.21.15.102:0/2554185868 --> [v2:172.21.15.102:3300/0,v1:172.21.15.102:6789/0] -- mon_subscribe({mgrmap=0+}) -- 0x7f45641a29b0 con 0x7f456410ec70
2024-04-25T01:44:24.042 INFO:teuthology.orchestra.run.smithi102.stdout:/usr/bin/ceph: stderr
2024-04-25T01:44:17.222+0000 7f4568c00700 1 -- 172.21.15.102:0/2554185868 --> [v2:172.21.15.102:3300/0,v1:172.21.15.102:6789/0] -- mon_subscribe({osdmap=0}) -- 0x7f45641a56a0 con 0x7f456410ec70
2024-04-25T01:44:24.042 INFO:teuthology.orchestra.run.smithi102.stdout:/usr/bin/ceph: stderr
2024-04-25T01:44:17.224+0000 7f455be00700 1 -- 172.21.15.102:0/2554185868 <== mon.0 v2:172.21.15.102:3300/0 4 ==== mgrmap(e 8) ==== 46287+0+0 (secure 0 0 0) 0x7f455401a9f0 con 0x7f456410ec70
2024-04-25T01:44:24.042 INFO:teuthology.orchestra.run.smithi102.stdout:/usr/bin/ceph: stderr
2024-04-25T01:44:17.223+0000 7f4568c00700 1 -- 172.21.15.102:0/2554185868 --> [v2:172.21.15.102:3300/0,v1:172.21.15.102:6789/0] -- mon_command({"prefix": "get_command_descriptions"} v 0) -- 0x7f4564069390 con 0x7f456410ec70
2024-04-25T01:44:24.042 INFO:teuthology.orchestra.run.smithi102.stdout:/usr/bin/ceph: stderr
2024-04-25T01:44:17.224+0000 7f455be00700 1 --2- 172.21.15.102:0/2554185868 >> [v2:172.21.15.102:6800/1124203809,v1:172.21.15.102:6801/1124203809] conn(0x7f45480390a0 0x7f454803b560 unknown :-1 s=NONE pgs=0 cs=0 l=1 rev1=0 crypto rx=0 tx=0 comp rx=0 tx=0).connect
2024-04-25T01:44:24.042 INFO:teuthology.orchestra.run.smithi102.stdout:/usr/bin/ceph: stderr
2024-04-25T01:44:17.224+0000 7f455be00700 1 -- 172.21.15.102:0/2554185868 <== mon.0 v2:172.21.15.102:3300/0 5 ==== osd_map(2..2 src has 1..2) ==== 940+0+0 (secure 0 0 0) 0x7f4554011e00 con 0x7f456410ec70
2024-04-25T01:44:24.042 INFO:teuthology.orchestra.run.smithi102.stdout:/usr/bin/ceph: stderr
2024-04-25T01:44:17.224+0000 7f4562a00700 1 --2- 172.21.15.102:0/2554185868 >> [v2:172.21.15.102:6800/1124203809,v1:172.21.15.102:6801/1124203809] conn(0x7f45480390a0 0x7f454803b560 unknown :-1 s=BANNER_CONNECTING pgs=0 cs=0 l=1 rev1=0 crypto rx=0 tx=0 comp rx=0 tx=0)._handle_peer_banner_payload supported=3 required=0
2024-04-25T01:44:24.042 INFO:teuthology.orchestra.run.smithi102.stdout:/usr/bin/ceph: stderr
2024-04-25T01:44:17.225+0000 7f4562a00700 1 --2- 172.21.15.102:0/2554185868 >> [v2:172.21.15.102:6800/1124203809,v1:172.21.15.102:6801/1124203809] conn(0x7f45480390a0 0x7f454803b560 secure :-1 s=READY pgs=11 cs=0 l=1 rev1=1 crypto rx=0x7f4550006fd0 tx=0x7f4550006e40 comp rx=0 tx=0).ready entity=mgr.14120 client_cookie=0 server_cookie=0 in_seq=0 out_seq=0
2024-04-25T01:44:24.042 INFO:teuthology.orchestra.run.smithi102.stdout:/usr/bin/ceph: stderr
2024-04-25T01:44:17.230+0000 7f455be00700 1 -- 172.21.15.102:0/2554185868 <== mon.0 v2:172.21.15.102:3300/0 6 ==== mon_command_ack([{"prefix": "get_command_descriptions"}]=0 v0) ==== 72+0+186147 (secure 0 0 0) 0x7f455400b3e0 con 0x7f456410ec70
2024-04-25T01:44:24.042 INFO:teuthology.orchestra.run.smithi102.stdout:/usr/bin/ceph: stderr
2024-04-25T01:44:17.454+0000 7f4568c00700 1 -- 172.21.15.102:0/2554185868 --> [v2:172.21.15.102:6800/1124203809,v1:172.21.15.102:6801/1124203809] -- mgr_command(tid 0: {"prefix": "orch host add", "hostname": "smithi102", "addr": "172.21.15.102", "target": ["mon-mgr", ""]}) -- 0x7f456407e410 con 0x7f45480390a0
2024-04-25T01:44:24.042 INFO:teuthology.orchestra.run.smithi102.stdout:/usr/bin/ceph: stderr
2024-04-25T01:44:23.322+0000 7f455be00700 1 -- 172.21.15.102:0/2554185868 <== mgr.14120 v2:172.21.15.102:6800/1124203809 1 ==== mgr_command_reply(tid 0: 0 ) ==== 8+0+49 (secure 0 0 0) 0x7f456407e410 con 0x7f45480390a0
2024-04-25T01:44:24.042 INFO:teuthology.orchestra.run.smithi102.stdout:/usr/bin/ceph: stderr
2024-04-25T01:44:23.326+0000 7f4568c00700 1 -- 172.21.15.102:0/2554185868 >> [v2:172.21.15.102:6800/1124203809,v1:172.21.15.102:6801/1124203809] conn(0x7f45480390a0 msgr2=0x7f454803b560 secure :-1 s=STATE_CONNECTION_ESTABLISHED l=1).mark_down
2024-04-25T01:44:24.042 INFO:teuthology.orchestra.run.smithi102.stdout:/usr/bin/ceph: stderr
2024-04-25T01:44:23.326+0000 7f4568c00700 1 --2- 172.21.15.102:0/2554185868 >> [v2:172.21.15.102:6800/1124203809,v1:172.21.15.102:6801/1124203809] conn(0x7f45480390a0 0x7f454803b560 secure :-1 s=READY pgs=11 cs=0 l=1 rev1=1 crypto rx=0x7f4550006fd0 tx=0x7f4550006e40 comp rx=0 tx=0).stop
2024-04-25T01:44:24.042 INFO:teuthology.orchestra.run.smithi102.stdout:/usr/bin/ceph: stderr
2024-04-25T01:44:23.326+0000 7f4568c00700 1 -- 172.21.15.102:0/2554185868 >> [v2:172.21.15.102:3300/0,v1:172.21.15.102:6789/0] conn(0x7f456410ec70 msgr2=0x7f45641a21e0 secure :-1 s=STATE_CONNECTION_ESTABLISHED l=1).mark_down
2024-04-25T01:44:24.043 INFO:teuthology.orchestra.run.smithi102.stdout:/usr/bin/ceph: stderr
2024-04-25T01:44:23.326+0000 7f4568c00700 1 --2- 172.21.15.102:0/2554185868 >> [v2:172.21.15.102:3300/0,v1:172.21.15.102:6789/0] conn(0x7f456410ec70 0x7f45641a21e0 secure :-1 s=READY pgs=46 cs=0 l=1 rev1=1 crypto rx=0x7f4554011b60 tx=0x7f4554011c40 comp rx=0 tx=0).stop
2024-04-25T01:44:24.043 INFO:teuthology.orchestra.run.smithi102.stdout:/usr/bin/ceph: stderr
2024-04-25T01:44:23.326+0000 7f4568c00700 1 -- 172.21.15.102:0/2554185868 shutdown_connections
2024-04-25T01:44:24.043 INFO:teuthology.orchestra.run.smithi102.stdout:/usr/bin/ceph: stderr
2024-04-25T01:44:23.326+0000 7f4568c00700 1 --2- 172.21.15.102:0/2554185868 >> [v2:172.21.15.102:6800/1124203809,v1:172.21.15.102:6801/1124203809] conn(0x7f45480390a0 0x7f454803b560 unknown :-1 s=CLOSED pgs=11 cs=0 l=1 rev1=1 crypto rx=0 tx=0 comp rx=0 tx=0).stop
2024-04-25T01:44:24.043 INFO:teuthology.orchestra.run.smithi102.stdout:/usr/bin/ceph: stderr
2024-04-25T01:44:23.326+0000 7f4568c00700 1 --2- 172.21.15.102:0/2554185868 >> [v2:172.21.15.102:3300/0,v1:172.21.15.102:6789/0] conn(0x7f456410ec70 0x7f45641a21e0 unknown :-1 s=CLOSED pgs=46 cs=0 l=1 rev1=1 crypto rx=0 tx=0 comp rx=0 tx=0).stop
2024-04-25T01:44:24.043 INFO:teuthology.orchestra.run.smithi102.stdout:/usr/bin/ceph: stderr
2024-04-25T01:44:23.326+0000 7f4568c00700 1 -- 172.21.15.102:0/2554185868 >> 172.21.15.102:0/2554185868 conn(0x7f456407d240 msgr2=0x7f456407dd00 unknown :-1 s=STATE_NONE l=0).mark_down
2024-04-25T01:44:24.043 INFO:teuthology.orchestra.run.smithi102.stdout:/usr/bin/ceph: stderr
2024-04-25T01:44:23.327+0000 7f4568c00700 1 -- 172.21.15.102:0/2554185868 shutdown_connections
2024-04-25T01:44:24.043 INFO:teuthology.orchestra.run.smithi102.stdout:/usr/bin/ceph: stderr
2024-04-25T01:44:23.327+0000 7f4568c00700 1 -- 172.21.15.102:0/2554185868 wait complete.
2024-04-25T01:44:24.043 INFO:teuthology.orchestra.run.smithi102.stdout:Deploying unmanaged mon service...
2024-04-25T01:44:24.623 INFO:journalctl@ceph.mon.a.smithi102.stdout:Apr 25 01:44:24 smithi102 ceph-mon[27796]: from='mgr.14120 172.21.15.102:0/2866736534' entity='mgr.x'
2024-04-25T01:44:24.623 INFO:journalctl@ceph.mon.a.smithi102.stdout:Apr 25 01:44:24 smithi102 ceph-mon[27796]: Added host smithi102
2024-04-25T01:44:24.623 INFO:journalctl@ceph.mon.a.smithi102.stdout:Apr 25 01:44:24 smithi102 ceph-mon[27796]: from='mgr.14120 172.21.15.102:0/2866736534' entity='mgr.x' cmd=[{"prefix": "config dump", "format": "json"}]: dispatch
2024-04-25T01:44:26.164 INFO:journalctl@ceph.mon.a.smithi102.stdout:Apr 25 01:44:25 smithi102 ceph-mon[27796]: from='client.14142 -' entity='client.admin' cmd=[{"prefix": "orch apply", "service_type": "mon", "unmanaged": true, "target": ["mon-mgr", ""]}]: dispatch
2024-04-25T01:44:26.165 INFO:journalctl@ceph.mon.a.smithi102.stdout:Apr 25 01:44:25 smithi102 ceph-mon[27796]: Saving service mon spec with placement count:5
2024-04-25T01:44:26.165 INFO:journalctl@ceph.mon.a.smithi102.stdout:Apr 25 01:44:25 smithi102 ceph-mon[27796]: from='mgr.14120 172.21.15.102:0/2866736534' entity='mgr.x'
2024-04-25T01:44:26.336 INFO:teuthology.orchestra.run.smithi102.stdout:/usr/bin/ceph: stdout Scheduled mon update...
2024-04-25T01:44:26.337 INFO:teuthology.orchestra.run.smithi102.stdout:/usr/bin/ceph: stderr
2024-04-25T01:44:24.650+0000 7f82da000700 1 Processor -- start
2024-04-25T01:44:26.337 INFO:teuthology.orchestra.run.smithi102.stdout:/usr/bin/ceph: stderr
2024-04-25T01:44:24.651+0000 7f82da000700 1 -- start start
2024-04-25T01:44:26.338 INFO:teuthology.orchestra.run.smithi102.stdout:/usr/bin/ceph: stderr
2024-04-25T01:44:24.651+0000 7f82da000700 1 --2- >> [v2:172.21.15.102:3300/0,v1:172.21.15.102:6789/0] conn(0x7f82d4106660 0x7f82d4106a80 unknown :-1 s=NONE pgs=0 cs=0 l=0 rev1=0 crypto rx=0 tx=0 comp rx=0 tx=0).connect
2024-04-25T01:44:26.338 INFO:teuthology.orchestra.run.smithi102.stdout:/usr/bin/ceph: stderr
2024-04-25T01:44:24.651+0000 7f82da000700 1 -- --> [v2:172.21.15.102:3300/0,v1:172.21.15.102:6789/0] -- mon_getmap magic: 0 -- 0x7f82d407be50 con 0x7f82d4106660
2024-04-25T01:44:26.338 INFO:teuthology.orchestra.run.smithi102.stdout:/usr/bin/ceph: stderr
2024-04-25T01:44:24.651+0000 7f82d3400700 1 --2- >> [v2:172.21.15.102:3300/0,v1:172.21.15.102:6789/0] conn(0x7f82d4106660 0x7f82d4106a80 unknown :-1 s=BANNER_CONNECTING pgs=0 cs=0 l=0 rev1=0 crypto rx=0 tx=0 comp rx=0 tx=0)._handle_peer_banner_payload supported=3 required=0
2024-04-25T01:44:26.338 INFO:teuthology.orchestra.run.smithi102.stdout:/usr/bin/ceph: stderr
2024-04-25T01:44:24.651+0000 7f82d3400700 1 --2- >> [v2:172.21.15.102:3300/0,v1:172.21.15.102:6789/0] conn(0x7f82d4106660 0x7f82d4106a80 unknown :-1 s=HELLO_CONNECTING pgs=0 cs=0 l=0 rev1=1 crypto rx=0 tx=0 comp rx=0 tx=0).handle_hello peer v2:172.21.15.102:3300/0 says I am v2:172.21.15.102:55238/0 (socket says 172.21.15.102:55238)
2024-04-25T01:44:26.338 INFO:teuthology.orchestra.run.smithi102.stdout:/usr/bin/ceph: stderr
2024-04-25T01:44:24.651+0000 7f82d3400700 1 -- 172.21.15.102:0/10165494 learned_addr learned my addr 172.21.15.102:0/10165494 (peer_addr_for_me v2:172.21.15.102:0/0)
2024-04-25T01:44:26.340 INFO:teuthology.orchestra.run.smithi102.stdout:/usr/bin/ceph: stderr
2024-04-25T01:44:24.652+0000 7f82d3400700 1 -- 172.21.15.102:0/10165494 --> [v2:172.21.15.102:3300/0,v1:172.21.15.102:6789/0] -- mon_subscribe({config=0+,monmap=0+}) -- 0x7f82d4106fc0 con 0x7f82d4106660
2024-04-25T01:44:26.340 INFO:teuthology.orchestra.run.smithi102.stdout:/usr/bin/ceph: stderr
2024-04-25T01:44:24.652+0000 7f82d3400700 1 --2- 172.21.15.102:0/10165494 >> [v2:172.21.15.102:3300/0,v1:172.21.15.102:6789/0] conn(0x7f82d4106660 0x7f82d4106a80 secure :-1 s=READY pgs=47 cs=0 l=1 rev1=1 crypto rx=0x7f82c40098a0 tx=0x7f82c4009bb0 comp rx=0 tx=0).ready entity=mon.0 client_cookie=e59cfdb2b5376ac2 server_cookie=0 in_seq=0 out_seq=0
2024-04-25T01:44:26.340 INFO:teuthology.orchestra.run.smithi102.stdout:/usr/bin/ceph: stderr
2024-04-25T01:44:24.652+0000 7f82d2000700 1 -- 172.21.15.102:0/10165494 <== mon.0 v2:172.21.15.102:3300/0 1 ==== mon_map magic: 0 ==== 205+0+0 (secure 0 0 0) 0x7f82c4004160 con 0x7f82d4106660
2024-04-25T01:44:26.340 INFO:teuthology.orchestra.run.smithi102.stdout:/usr/bin/ceph: stderr
2024-04-25T01:44:24.652+0000 7f82d2000700 1 -- 172.21.15.102:0/10165494 <== mon.0 v2:172.21.15.102:3300/0 2 ==== config(27 keys) ==== 1109+0+0 (secure 0 0 0) 0x7f82c4004300 con 0x7f82d4106660
2024-04-25T01:44:26.341 INFO:teuthology.orchestra.run.smithi102.stdout:/usr/bin/ceph: stderr
2024-04-25T01:44:24.652+0000 7f82d2000700 1 -- 172.21.15.102:0/10165494 <== mon.0 v2:172.21.15.102:3300/0 3 ==== mon_map magic: 0 ==== 205+0+0 (secure 0 0 0) 0x7f82c4011b50 con 0x7f82d4106660
2024-04-25T01:44:26.341 INFO:teuthology.orchestra.run.smithi102.stdout:/usr/bin/ceph: stderr
2024-04-25T01:44:24.653+0000 7f82da000700 1 -- 172.21.15.102:0/10165494 >> [v2:172.21.15.102:3300/0,v1:172.21.15.102:6789/0] conn(0x7f82d4106660 msgr2=0x7f82d4106a80 secure :-1 s=STATE_CONNECTION_ESTABLISHED l=1).mark_down
2024-04-25T01:44:26.341 INFO:teuthology.orchestra.run.smithi102.stdout:/usr/bin/ceph: stderr
2024-04-25T01:44:24.653+0000 7f82da000700 1 --2- 172.21.15.102:0/10165494 >> [v2:172.21.15.102:3300/0,v1:172.21.15.102:6789/0] conn(0x7f82d4106660 0x7f82d4106a80 secure :-1 s=READY pgs=47 cs=0 l=1 rev1=1 crypto rx=0x7f82c40098a0 tx=0x7f82c4009bb0 comp rx=0 tx=0).stop
2024-04-25T01:44:26.341 INFO:teuthology.orchestra.run.smithi102.stdout:/usr/bin/ceph: stderr
2024-04-25T01:44:24.653+0000 7f82da000700 1 -- 172.21.15.102:0/10165494 shutdown_connections
2024-04-25T01:44:26.341 INFO:teuthology.orchestra.run.smithi102.stdout:/usr/bin/ceph: stderr
2024-04-25T01:44:24.653+0000 7f82da000700 1 --2- 172.21.15.102:0/10165494 >> [v2:172.21.15.102:3300/0,v1:172.21.15.102:6789/0] conn(0x7f82d4106660 0x7f82d4106a80 unknown :-1 s=CLOSED pgs=47 cs=0 l=1 rev1=1 crypto rx=0 tx=0 comp rx=0 tx=0).stop
2024-04-25T01:44:26.341 INFO:teuthology.orchestra.run.smithi102.stdout:/usr/bin/ceph: stderr
2024-04-25T01:44:24.653+0000 7f82da000700 1 -- 172.21.15.102:0/10165494 >> 172.21.15.102:0/10165494 conn(0x7f82d4102280 msgr2=0x7f82d41046e0 unknown :-1 s=STATE_NONE l=0).mark_down
2024-04-25T01:44:26.341 INFO:teuthology.orchestra.run.smithi102.stdout:/usr/bin/ceph: stderr
2024-04-25T01:44:24.653+0000 7f82da000700 1 -- 172.21.15.102:0/10165494 shutdown_connections
2024-04-25T01:44:26.341 INFO:teuthology.orchestra.run.smithi102.stdout:/usr/bin/ceph: stderr
2024-04-25T01:44:24.654+0000 7f82da000700 1 -- 172.21.15.102:0/10165494 wait complete.
2024-04-25T01:44:26.341 INFO:teuthology.orchestra.run.smithi102.stdout:/usr/bin/ceph: stderr
2024-04-25T01:44:24.654+0000 7f82da000700 1 Processor -- start
2024-04-25T01:44:26.342 INFO:teuthology.orchestra.run.smithi102.stdout:/usr/bin/ceph: stderr
2024-04-25T01:44:24.655+0000 7f82da000700 1 -- start start
2024-04-25T01:44:26.342 INFO:teuthology.orchestra.run.smithi102.stdout:/usr/bin/ceph: stderr
2024-04-25T01:44:24.655+0000 7f82da000700 1 --2- >> [v2:172.21.15.102:3300/0,v1:172.21.15.102:6789/0] conn(0x7f82d4106660 0x7f82d419e050 unknown :-1 s=NONE pgs=0 cs=0 l=1 rev1=0 crypto rx=0 tx=0 comp rx=0 tx=0).connect
2024-04-25T01:44:26.342 INFO:teuthology.orchestra.run.smithi102.stdout:/usr/bin/ceph: stderr
2024-04-25T01:44:24.655+0000 7f82da000700 1 -- --> [v2:172.21.15.102:3300/0,v1:172.21.15.102:6789/0] -- mon_getmap magic: 0 -- 0x7f82d4108050 con 0x7f82d4106660
2024-04-25T01:44:26.342 INFO:teuthology.orchestra.run.smithi102.stdout:/usr/bin/ceph: stderr
2024-04-25T01:44:24.655+0000 7f82d3400700 1 --2- >> [v2:172.21.15.102:3300/0,v1:172.21.15.102:6789/0] conn(0x7f82d4106660 0x7f82d419e050 unknown :-1 s=BANNER_CONNECTING pgs=0 cs=0 l=1 rev1=0 crypto rx=0 tx=0 comp rx=0 tx=0)._handle_peer_banner_payload supported=3 required=0
2024-04-25T01:44:26.342 INFO:teuthology.orchestra.run.smithi102.stdout:/usr/bin/ceph: stderr
2024-04-25T01:44:24.655+0000 7f82d3400700 1 --2- >> [v2:172.21.15.102:3300/0,v1:172.21.15.102:6789/0] conn(0x7f82d4106660 0x7f82d419e050 unknown :-1 s=HELLO_CONNECTING pgs=0 cs=0 l=1 rev1=1 crypto rx=0 tx=0 comp rx=0 tx=0).handle_hello peer v2:172.21.15.102:3300/0 says I am v2:172.21.15.102:55240/0 (socket says 172.21.15.102:55240)
2024-04-25T01:44:26.342 INFO:teuthology.orchestra.run.smithi102.stdout:/usr/bin/ceph: stderr
2024-04-25T01:44:24.655+0000 7f82d3400700 1 -- 172.21.15.102:0/3893577824 learned_addr learned my addr 172.21.15.102:0/3893577824 (peer_addr_for_me v2:172.21.15.102:0/0)
2024-04-25T01:44:26.342 INFO:teuthology.orchestra.run.smithi102.stdout:/usr/bin/ceph: stderr
2024-04-25T01:44:24.656+0000 7f82d3400700 1 -- 172.21.15.102:0/3893577824 --> [v2:172.21.15.102:3300/0,v1:172.21.15.102:6789/0] -- mon_subscribe({config=0+,monmap=0+}) -- 0x7f82d419e590 con 0x7f82d4106660
2024-04-25T01:44:26.342 INFO:teuthology.orchestra.run.smithi102.stdout:/usr/bin/ceph: stderr
2024-04-25T01:44:24.656+0000 7f82d3400700 1 --2- 172.21.15.102:0/3893577824 >> [v2:172.21.15.102:3300/0,v1:172.21.15.102:6789/0] conn(0x7f82d4106660 0x7f82d419e050 secure :-1 s=READY pgs=48 cs=0 l=1 rev1=1 crypto rx=0x7f82c4011b60 tx=0x7f82c4011c40 comp rx=0 tx=0).ready entity=mon.0 client_cookie=0 server_cookie=0 in_seq=0 out_seq=0
2024-04-25T01:44:26.342 INFO:teuthology.orchestra.run.smithi102.stdout:/usr/bin/ceph: stderr
2024-04-25T01:44:24.656+0000 7f82cbe00700 1 -- 172.21.15.102:0/3893577824 <== mon.0 v2:172.21.15.102:3300/0 1 ==== mon_map magic: 0 ==== 205+0+0 (secure 0 0 0) 0x7f82c4003b20 con 0x7f82d4106660
2024-04-25T01:44:26.345 INFO:teuthology.orchestra.run.smithi102.stdout:/usr/bin/ceph: stderr
2024-04-25T01:44:24.656+0000 7f82cbe00700 1 -- 172.21.15.102:0/3893577824 <== mon.0 v2:172.21.15.102:3300/0 2 ==== config(27 keys) ==== 1109+0+0 (secure 0 0 0) 0x7f82c4003cc0 con 0x7f82d4106660
2024-04-25T01:44:26.345 INFO:teuthology.orchestra.run.smithi102.stdout:/usr/bin/ceph: stderr
2024-04-25T01:44:24.656+0000 7f82da000700 1 -- 172.21.15.102:0/3893577824 --> [v2:172.21.15.102:3300/0,v1:172.21.15.102:6789/0] -- mon_subscribe({mgrmap=0+}) -- 0x7f82d419e820 con 0x7f82d4106660
2024-04-25T01:44:26.345 INFO:teuthology.orchestra.run.smithi102.stdout:/usr/bin/ceph: stderr
2024-04-25T01:44:24.656+0000 7f82cbe00700 1 -- 172.21.15.102:0/3893577824 <== mon.0 v2:172.21.15.102:3300/0 3 ==== mon_map magic: 0 ==== 205+0+0 (secure 0 0 0) 0x7f82c4024840 con 0x7f82d4106660
2024-04-25T01:44:26.345 INFO:teuthology.orchestra.run.smithi102.stdout:/usr/bin/ceph: stderr
2024-04-25T01:44:24.656+0000 7f82da000700 1 -- 172.21.15.102:0/3893577824 --> [v2:172.21.15.102:3300/0,v1:172.21.15.102:6789/0] -- mon_subscribe({osdmap=0}) -- 0x7f82d419f340 con 0x7f82d4106660
2024-04-25T01:44:26.346 INFO:teuthology.orchestra.run.smithi102.stdout:/usr/bin/ceph: stderr
2024-04-25T01:44:24.657+0000 7f82cbe00700 1 -- 172.21.15.102:0/3893577824 <== mon.0 v2:172.21.15.102:3300/0 4 ==== mgrmap(e 8) ==== 46287+0+0 (secure 0 0 0) 0x7f82c4022020 con 0x7f82d4106660
2024-04-25T01:44:26.346 INFO:teuthology.orchestra.run.smithi102.stdout:/usr/bin/ceph: stderr
2024-04-25T01:44:24.657+0000 7f82da000700 1 -- 172.21.15.102:0/3893577824 --> [v2:172.21.15.102:3300/0,v1:172.21.15.102:6789/0] -- mon_command({"prefix": "get_command_descriptions"} v 0) -- 0x7f82d4063890 con 0x7f82d4106660
2024-04-25T01:44:26.346 INFO:teuthology.orchestra.run.smithi102.stdout:/usr/bin/ceph: stderr
2024-04-25T01:44:24.658+0000 7f82cbe00700 1 --2- 172.21.15.102:0/3893577824 >> [v2:172.21.15.102:6800/1124203809,v1:172.21.15.102:6801/1124203809] conn(0x7f82b80390a0 0x7f82b803b560 unknown :-1 s=NONE pgs=0 cs=0 l=1 rev1=0 crypto rx=0 tx=0 comp rx=0 tx=0).connect
2024-04-25T01:44:26.346 INFO:teuthology.orchestra.run.smithi102.stdout:/usr/bin/ceph: stderr
2024-04-25T01:44:24.658+0000 7f82cbe00700 1 -- 172.21.15.102:0/3893577824 <== mon.0 v2:172.21.15.102:3300/0 5 ==== osd_map(2..2 src has 1..2) ==== 940+0+0 (secure 0 0 0) 0x7f82c4011e00 con 0x7f82d4106660
2024-04-25T01:44:26.346 INFO:teuthology.orchestra.run.smithi102.stdout:/usr/bin/ceph: stderr
2024-04-25T01:44:24.658+0000 7f82d2a00700 1 --2- 172.21.15.102:0/3893577824 >> [v2:172.21.15.102:6800/1124203809,v1:172.21.15.102:6801/1124203809] conn(0x7f82b80390a0 0x7f82b803b560 unknown :-1 s=BANNER_CONNECTING pgs=0 cs=0 l=1 rev1=0 crypto rx=0 tx=0 comp rx=0 tx=0)._handle_peer_banner_payload supported=3 required=0
2024-04-25T01:44:26.346 INFO:teuthology.orchestra.run.smithi102.stdout:/usr/bin/ceph: stderr
2024-04-25T01:44:24.659+0000 7f82d2a00700 1 --2- 172.21.15.102:0/3893577824 >> [v2:172.21.15.102:6800/1124203809,v1:172.21.15.102:6801/1124203809] conn(0x7f82b80390a0 0x7f82b803b560 secure :-1 s=READY pgs=12 cs=0 l=1 rev1=1 crypto rx=0x7f82c0006fd0 tx=0x7f82c0006e40 comp rx=0 tx=0).ready entity=mgr.14120 client_cookie=0 server_cookie=0 in_seq=0 out_seq=0
2024-04-25T01:44:26.346 INFO:teuthology.orchestra.run.smithi102.stdout:/usr/bin/ceph: stderr
2024-04-25T01:44:24.663+0000 7f82cbe00700 1 -- 172.21.15.102:0/3893577824 <== mon.0 v2:172.21.15.102:3300/0 6 ==== mon_command_ack([{"prefix": "get_command_descriptions"}]=0 v0) ==== 72+0+186147 (secure 0 0 0) 0x7f82c401a7b0 con 0x7f82d4106660
2024-04-25T01:44:26.346 INFO:teuthology.orchestra.run.smithi102.stdout:/usr/bin/ceph: stderr
2024-04-25T01:44:24.913+0000 7f82da000700 1 -- 172.21.15.102:0/3893577824 --> [v2:172.21.15.102:6800/1124203809,v1:172.21.15.102:6801/1124203809] -- mgr_command(tid 0: {"prefix": "orch apply", "service_type": "mon", "unmanaged": true, "target": ["mon-mgr", ""]}) -- 0x7f82d41a0090 con 0x7f82b80390a0
2024-04-25T01:44:26.346 INFO:teuthology.orchestra.run.smithi102.stdout:/usr/bin/ceph: stderr
