2024-04-25T01:44:48.187 INFO:teuthology.orchestra.run.smithi031.stdout:/usr/bin/ceph: stderr
2024-04-25T01:44:47.400+0000 7f6960626700 1 -- 172.21.15.31:0/209884489 >> [v2:172.21.15.31:3300/0,v1:172.21.15.31:6789/0] conn(0x7f69581058a0 msgr2=0x7f6958105cc0 secure :-1 s=STATE_CONNECTION_ESTABLISHED l=1).mark_down
2024-04-25T01:44:48.187 INFO:teuthology.orchestra.run.smithi031.stdout:/usr/bin/ceph: stderr
2024-04-25T01:44:47.400+0000 7f6960626700 1 --2- 172.21.15.31:0/209884489 >> [v2:172.21.15.31:3300/0,v1:172.21.15.31:6789/0] conn(0x7f69581058a0 0x7f6958105cc0 secure :-1 s=READY pgs=20 cs=0 l=1 rev1=1 crypto rx=0x7f6954009e80 tx=0x7f695400b330 comp rx=0 tx=0).stop
2024-04-25T01:44:48.187 INFO:teuthology.orchestra.run.smithi031.stdout:/usr/bin/ceph: stderr
2024-04-25T01:44:47.400+0000 7f6960626700 1 -- 172.21.15.31:0/209884489 shutdown_connections
2024-04-25T01:44:48.187 INFO:teuthology.orchestra.run.smithi031.stdout:/usr/bin/ceph: stderr
2024-04-25T01:44:47.400+0000 7f6960626700 1 --2- 172.21.15.31:0/209884489 >> [v2:172.21.15.31:3300/0,v1:172.21.15.31:6789/0] conn(0x7f69581058a0 0x7f6958105cc0 unknown :-1 s=CLOSED pgs=20 cs=0 l=1 rev1=1 crypto rx=0 tx=0 comp rx=0 tx=0).stop
2024-04-25T01:44:48.187 INFO:teuthology.orchestra.run.smithi031.stdout:/usr/bin/ceph: stderr
2024-04-25T01:44:47.400+0000 7f6960626700 1 -- 172.21.15.31:0/209884489 >> 172.21.15.31:0/209884489 conn(0x7f6958101300 msgr2=0x7f6958103780 unknown :-1 s=STATE_NONE l=0).mark_down
2024-04-25T01:44:48.187 INFO:teuthology.orchestra.run.smithi031.stdout:/usr/bin/ceph: stderr
2024-04-25T01:44:47.400+0000 7f6960626700 1 -- 172.21.15.31:0/209884489 shutdown_connections
2024-04-25T01:44:48.187 INFO:teuthology.orchestra.run.smithi031.stdout:/usr/bin/ceph: stderr
2024-04-25T01:44:47.400+0000 7f6960626700 1 -- 172.21.15.31:0/209884489 wait complete.
2024-04-25T01:44:48.187 INFO:teuthology.orchestra.run.smithi031.stdout:/usr/bin/ceph: stderr
2024-04-25T01:44:47.400+0000 7f6960626700 1 Processor -- start
2024-04-25T01:44:48.187 INFO:teuthology.orchestra.run.smithi031.stdout:/usr/bin/ceph: stderr
2024-04-25T01:44:47.400+0000 7f6960626700 1 -- start start
2024-04-25T01:44:48.187 INFO:teuthology.orchestra.run.smithi031.stdout:/usr/bin/ceph: stderr
2024-04-25T01:44:47.401+0000 7f6960626700 1 --2- >> [v2:172.21.15.31:3300/0,v1:172.21.15.31:6789/0] conn(0x7f69581058a0 0x7f6958108a70 unknown :-1 s=NONE pgs=0 cs=0 l=1 rev1=0 crypto rx=0 tx=0 comp rx=0 tx=0).connect
2024-04-25T01:44:48.187 INFO:teuthology.orchestra.run.smithi031.stdout:/usr/bin/ceph: stderr
2024-04-25T01:44:47.401+0000 7f6960626700 1 -- --> [v2:172.21.15.31:3300/0,v1:172.21.15.31:6789/0] -- mon_getmap magic: 0 -- 0x7f695810bed0 con 0x7f69581058a0
2024-04-25T01:44:48.188 INFO:teuthology.orchestra.run.smithi031.stdout:/usr/bin/ceph: stderr
2024-04-25T01:44:47.401+0000 7f695e3c2700 1 --2- >> [v2:172.21.15.31:3300/0,v1:172.21.15.31:6789/0] conn(0x7f69581058a0 0x7f6958108a70 unknown :-1 s=BANNER_CONNECTING pgs=0 cs=0 l=1 rev1=0 crypto rx=0 tx=0 comp rx=0 tx=0)._handle_peer_banner_payload supported=3 required=0
2024-04-25T01:44:48.188 INFO:teuthology.orchestra.run.smithi031.stdout:/usr/bin/ceph: stderr
2024-04-25T01:44:47.401+0000 7f695e3c2700 1 --2- >> [v2:172.21.15.31:3300/0,v1:172.21.15.31:6789/0] conn(0x7f69581058a0 0x7f6958108a70 unknown :-1 s=HELLO_CONNECTING pgs=0 cs=0 l=1 rev1=1 crypto rx=0 tx=0 comp rx=0 tx=0).handle_hello peer v2:172.21.15.31:3300/0 says I am v2:172.21.15.31:43858/0 (socket says 172.21.15.31:43858)
2024-04-25T01:44:48.188 INFO:teuthology.orchestra.run.smithi031.stdout:/usr/bin/ceph: stderr
2024-04-25T01:44:47.401+0000 7f695e3c2700 1 -- 172.21.15.31:0/812890611 learned_addr learned my addr 172.21.15.31:0/812890611 (peer_addr_for_me v2:172.21.15.31:0/0)
2024-04-25T01:44:48.188 INFO:teuthology.orchestra.run.smithi031.stdout:/usr/bin/ceph: stderr
2024-04-25T01:44:47.401+0000 7f695e3c2700 1 -- 172.21.15.31:0/812890611 --> [v2:172.21.15.31:3300/0,v1:172.21.15.31:6789/0] -- mon_subscribe({config=0+,monmap=0+}) -- 0x7f6958108fb0 con 0x7f69581058a0
2024-04-25T01:44:48.188 INFO:teuthology.orchestra.run.smithi031.stdout:/usr/bin/ceph: stderr
2024-04-25T01:44:47.401+0000 7f695e3c2700 1 --2- 172.21.15.31:0/812890611 >> [v2:172.21.15.31:3300/0,v1:172.21.15.31:6789/0] conn(0x7f69581058a0 0x7f6958108a70 secure :-1 s=READY pgs=21 cs=0 l=1 rev1=1 crypto rx=0x7f695400b7b0 tx=0x7f6954004670 comp rx=0 tx=0).ready entity=mon.0 client_cookie=0 server_cookie=0 in_seq=0 out_seq=0
2024-04-25T01:44:48.188 INFO:teuthology.orchestra.run.smithi031.stdout:/usr/bin/ceph: stderr
2024-04-25T01:44:47.401+0000 7f694f7fe700 1 -- 172.21.15.31:0/812890611 <== mon.0 v2:172.21.15.31:3300/0 1 ==== mon_map magic: 0 ==== 205+0+0 (secure 0 0 0) 0x7f6954020020 con 0x7f69581058a0
2024-04-25T01:44:48.188 INFO:teuthology.orchestra.run.smithi031.stdout:/usr/bin/ceph: stderr
2024-04-25T01:44:47.401+0000 7f694f7fe700 1 -- 172.21.15.31:0/812890611 <== mon.0 v2:172.21.15.31:3300/0 2 ==== config(26 keys) ==== 1071+0+0 (secure 0 0 0) 0x7f695400bcb0 con 0x7f69581058a0
2024-04-25T01:44:48.188 INFO:teuthology.orchestra.run.smithi031.stdout:/usr/bin/ceph: stderr
2024-04-25T01:44:47.401+0000 7f6960626700 1 -- 172.21.15.31:0/812890611 --> [v2:172.21.15.31:3300/0,v1:172.21.15.31:6789/0] -- mon_subscribe({mgrmap=0+}) -- 0x7f69581071a0 con 0x7f69581058a0
2024-04-25T01:44:48.188 INFO:teuthology.orchestra.run.smithi031.stdout:/usr/bin/ceph: stderr
2024-04-25T01:44:47.401+0000 7f694f7fe700 1 -- 172.21.15.31:0/812890611 <== mon.0 v2:172.21.15.31:3300/0 3 ==== mon_map magic: 0 ==== 205+0+0 (secure 0 0 0) 0x7f6954017040 con 0x7f69581058a0
2024-04-25T01:44:48.188 INFO:teuthology.orchestra.run.smithi031.stdout:/usr/bin/ceph: stderr
2024-04-25T01:44:47.401+0000 7f6960626700 1 -- 172.21.15.31:0/812890611 --> [v2:172.21.15.31:3300/0,v1:172.21.15.31:6789/0] -- mon_subscribe({osdmap=0}) -- 0x7f69581076e0 con 0x7f69581058a0
2024-04-25T01:44:48.188 INFO:teuthology.orchestra.run.smithi031.stdout:/usr/bin/ceph: stderr
2024-04-25T01:44:47.402+0000 7f694f7fe700 1 -- 172.21.15.31:0/812890611 <== mon.0 v2:172.21.15.31:3300/0 4 ==== mgrmap(e 4) ==== 46276+0+0 (secure 0 0 0) 0x7f6954023020 con 0x7f69581058a0
2024-04-25T01:44:48.188 INFO:teuthology.orchestra.run.smithi031.stdout:/usr/bin/ceph: stderr
2024-04-25T01:44:47.402+0000 7f6960626700 1 -- 172.21.15.31:0/812890611 --> [v2:172.21.15.31:3300/0,v1:172.21.15.31:6789/0] -- mon_command({"prefix": "get_command_descriptions"} v 0) -- 0x7f6958063890 con 0x7f69581058a0
2024-04-25T01:44:48.188 INFO:teuthology.orchestra.run.smithi031.stdout:/usr/bin/ceph: stderr
2024-04-25T01:44:47.403+0000 7f694f7fe700 1 --2- 172.21.15.31:0/812890611 >> [v2:172.21.15.31:6800/3153405418,v1:172.21.15.31:6801/3153405418] conn(0x7f6944039050 0x7f694403b510 unknown :-1 s=NONE pgs=0 cs=0 l=1 rev1=0 crypto rx=0 tx=0 comp rx=0 tx=0).connect
2024-04-25T01:44:48.188 INFO:teuthology.orchestra.run.smithi031.stdout:/usr/bin/ceph: stderr
2024-04-25T01:44:47.403+0000 7f694f7fe700 1 -- 172.21.15.31:0/812890611 <== mon.0 v2:172.21.15.31:3300/0 5 ==== osd_map(1..1 src has 1..1) ==== 725+0+0 (secure 0 0 0) 0x7f695400f050 con 0x7f69581058a0
2024-04-25T01:44:48.189 INFO:teuthology.orchestra.run.smithi031.stdout:/usr/bin/ceph: stderr
2024-04-25T01:44:47.403+0000 7f695dbc1700 1 --2- 172.21.15.31:0/812890611 >> [v2:172.21.15.31:6800/3153405418,v1:172.21.15.31:6801/3153405418] conn(0x7f6944039050 0x7f694403b510 unknown :-1 s=BANNER_CONNECTING pgs=0 cs=0 l=1 rev1=0 crypto rx=0 tx=0 comp rx=0 tx=0)._handle_peer_banner_payload supported=3 required=0
2024-04-25T01:44:48.189 INFO:teuthology.orchestra.run.smithi031.stdout:/usr/bin/ceph: stderr
2024-04-25T01:44:47.403+0000 7f695dbc1700 1 --2- 172.21.15.31:0/812890611 >> [v2:172.21.15.31:6800/3153405418,v1:172.21.15.31:6801/3153405418] conn(0x7f6944039050 0x7f694403b510 secure :-1 s=READY pgs=7 cs=0 l=1 rev1=1 crypto rx=0x7f6948006fd0 tx=0x7f6948006e40 comp rx=0 tx=0).ready entity=mgr.14100 client_cookie=0 server_cookie=0 in_seq=0 out_seq=0
2024-04-25T01:44:48.189 INFO:teuthology.orchestra.run.smithi031.stdout:/usr/bin/ceph: stderr
2024-04-25T01:44:47.408+0000 7f694f7fe700 1 -- 172.21.15.31:0/812890611 <== mon.0 v2:172.21.15.31:3300/0 6 ==== mon_command_ack([{"prefix": "get_command_descriptions"}]=0 v0) ==== 72+0+186147 (secure 0 0 0) 0x7f695402a020 con 0x7f69581058a0
2024-04-25T01:44:48.189 INFO:teuthology.orchestra.run.smithi031.stdout:/usr/bin/ceph: stderr
2024-04-25T01:44:47.611+0000 7f6960626700 1 -- 172.21.15.31:0/812890611 --> [v2:172.21.15.31:3300/0,v1:172.21.15.31:6789/0] -- mon_command({"prefix": "config assimilate-conf"} v 0) -- 0x7f6958107ed0 con 0x7f69581058a0
2024-04-25T01:44:48.189 INFO:teuthology.orchestra.run.smithi031.stdout:/usr/bin/ceph: stderr
2024-04-25T01:44:47.612+0000 7f694f7fe700 1 -- 172.21.15.31:0/812890611 <== mon.0 v2:172.21.15.31:3300/0 7 ==== mon_command_ack([{"prefix": "config assimilate-conf"}]=0 v3) ==== 70+0+373 (secure 0 0 0) 0x7f695402a200 con 0x7f69581058a0
2024-04-25T01:44:48.189 INFO:teuthology.orchestra.run.smithi031.stdout:/usr/bin/ceph: stderr
2024-04-25T01:44:47.614+0000 7f6960626700 1 -- 172.21.15.31:0/812890611 >> [v2:172.21.15.31:6800/3153405418,v1:172.21.15.31:6801/3153405418] conn(0x7f6944039050 msgr2=0x7f694403b510 secure :-1 s=STATE_CONNECTION_ESTABLISHED l=1).mark_down
2024-04-25T01:44:48.189 INFO:teuthology.orchestra.run.smithi031.stdout:/usr/bin/ceph: stderr
2024-04-25T01:44:47.614+0000 7f6960626700 1 --2- 172.21.15.31:0/812890611 >> [v2:172.21.15.31:6800/3153405418,v1:172.21.15.31:6801/3153405418] conn(0x7f6944039050 0x7f694403b510 secure :-1 s=READY pgs=7 cs=0 l=1 rev1=1 crypto rx=0x7f6948006fd0 tx=0x7f6948006e40 comp rx=0 tx=0).stop
2024-04-25T01:44:48.189 INFO:teuthology.orchestra.run.smithi031.stdout:/usr/bin/ceph: stderr
2024-04-25T01:44:47.614+0000 7f6960626700 1 -- 172.21.15.31:0/812890611 >> [v2:172.21.15.31:3300/0,v1:172.21.15.31:6789/0] conn(0x7f69581058a0 msgr2=0x7f6958108a70 secure :-1 s=STATE_CONNECTION_ESTABLISHED l=1).mark_down
2024-04-25T01:44:48.189 INFO:teuthology.orchestra.run.smithi031.stdout:/usr/bin/ceph: stderr
2024-04-25T01:44:47.614+0000 7f6960626700 1 --2- 172.21.15.31:0/812890611 >> [v2:172.21.15.31:3300/0,v1:172.21.15.31:6789/0] conn(0x7f69581058a0 0x7f6958108a70 secure :-1 s=READY pgs=21 cs=0 l=1 rev1=1 crypto rx=0x7f695400b7b0 tx=0x7f6954004670 comp rx=0 tx=0).stop
2024-04-25T01:44:48.189 INFO:teuthology.orchestra.run.smithi031.stdout:/usr/bin/ceph: stderr
2024-04-25T01:44:47.614+0000 7f6960626700 1 -- 172.21.15.31:0/812890611 shutdown_connections
2024-04-25T01:44:48.189 INFO:teuthology.orchestra.run.smithi031.stdout:/usr/bin/ceph: stderr
2024-04-25T01:44:47.614+0000 7f6960626700 1 --2- 172.21.15.31:0/812890611 >> [v2:172.21.15.31:6800/3153405418,v1:172.21.15.31:6801/3153405418] conn(0x7f6944039050 0x7f694403b510 unknown :-1 s=CLOSED pgs=7 cs=0 l=1 rev1=1 crypto rx=0 tx=0 comp rx=0 tx=0).stop
2024-04-25T01:44:48.189 INFO:teuthology.orchestra.run.smithi031.stdout:/usr/bin/ceph: stderr
2024-04-25T01:44:47.614+0000 7f6960626700 1 --2- 172.21.15.31:0/812890611 >> [v2:172.21.15.31:3300/0,v1:172.21.15.31:6789/0] conn(0x7f69581058a0 0x7f6958108a70 unknown :-1 s=CLOSED pgs=21 cs=0 l=1 rev1=1 crypto rx=0 tx=0 comp rx=0 tx=0).stop
2024-04-25T01:44:48.189 INFO:teuthology.orchestra.run.smithi031.stdout:/usr/bin/ceph: stderr
2024-04-25T01:44:47.614+0000 7f6960626700 1 -- 172.21.15.31:0/812890611 >> 172.21.15.31:0/812890611 conn(0x7f6958101300 msgr2=0x7f6958101dd0 unknown :-1 s=STATE_NONE l=0).mark_down
2024-04-25T01:44:48.189 INFO:teuthology.orchestra.run.smithi031.stdout:/usr/bin/ceph: stderr
2024-04-25T01:44:47.614+0000 7f6960626700 1 -- 172.21.15.31:0/812890611 shutdown_connections
2024-04-25T01:44:48.190 INFO:teuthology.orchestra.run.smithi031.stdout:/usr/bin/ceph: stderr
2024-04-25T01:44:47.614+0000 7f6960626700 1 -- 172.21.15.31:0/812890611 wait complete.
2024-04-25T01:44:48.190 INFO:teuthology.orchestra.run.smithi031.stdout:Enabling cephadm module...
2024-04-25T01:44:48.426 INFO:journalctl@ceph.mon.a.smithi031.stdout:Apr 25 01:44:48 smithi031 ceph-mon[29204]: from='client.? 172.21.15.31:0/812890611' entity='client.admin' cmd=[{"prefix": "config assimilate-conf"}]: dispatch
2024-04-25T01:44:49.588 INFO:journalctl@ceph.mon.a.smithi031.stdout:Apr 25 01:44:49 smithi031 ceph-mon[29204]: from='client.? 172.21.15.31:0/1259168958' entity='client.admin' cmd=[{"prefix": "mgr module enable", "module": "cephadm"}]: dispatch
2024-04-25T01:44:49.589 INFO:journalctl@ceph.mgr.x.smithi031.stdout:Apr 25 01:44:49 smithi031 ceph-36afbea4-02a5-11ef-bc93-c7b262605968-mgr-x[29434]: ignoring --setuser ceph since I am not root
2024-04-25T01:44:49.589 INFO:journalctl@ceph.mgr.x.smithi031.stdout:Apr 25 01:44:49 smithi031 ceph-36afbea4-02a5-11ef-bc93-c7b262605968-mgr-x[29434]: ignoring --setgroup ceph since I am not root
2024-04-25T01:44:49.589 INFO:journalctl@ceph.mgr.x.smithi031.stdout:Apr 25 01:44:49 smithi031 ceph-36afbea4-02a5-11ef-bc93-c7b262605968-mgr-x[29434]:
2024-04-25T01:44:49.482+0000 7f2424966200 -1 mgr[py] Module balancer has missing NOTIFY_TYPES member
2024-04-25T01:44:49.880 INFO:journalctl@ceph.mgr.x.smithi031.stdout:Apr 25 01:44:49 smithi031 ceph-36afbea4-02a5-11ef-bc93-c7b262605968-mgr-x[29434]:
2024-04-25T01:44:49.674+0000 7f2424966200 -1 mgr[py] Module orchestrator has missing NOTIFY_TYPES member
2024-04-25T01:44:49.880 INFO:journalctl@ceph.mgr.x.smithi031.stdout:Apr 25 01:44:49 smithi031 ceph-36afbea4-02a5-11ef-bc93-c7b262605968-mgr-x[29434]:
2024-04-25T01:44:49.780+0000 7f2424966200 -1 mgr[py] Module snap_schedule has missing NOTIFY_TYPES member
2024-04-25T01:44:49.887 INFO:teuthology.orchestra.run.smithi031.stdout:/usr/bin/ceph: stderr
2024-04-25T01:44:48.638+0000 7f805c88d700 1 Processor -- start
2024-04-25T01:44:49.887 INFO:teuthology.orchestra.run.smithi031.stdout:/usr/bin/ceph: stderr
2024-04-25T01:44:48.638+0000 7f805c88d700 1 -- start start
2024-04-25T01:44:49.887 INFO:teuthology.orchestra.run.smithi031.stdout:/usr/bin/ceph: stderr
2024-04-25T01:44:48.638+0000 7f805c88d700 1 --2- >> [v2:172.21.15.31:3300/0,v1:172.21.15.31:6789/0] conn(0x7f8058108100 0x7f8058108520 unknown :-1 s=NONE pgs=0 cs=0 l=0 rev1=0 crypto rx=0 tx=0 comp rx=0 tx=0).connect
2024-04-25T01:44:49.887 INFO:teuthology.orchestra.run.smithi031.stdout:/usr/bin/ceph: stderr
2024-04-25T01:44:48.638+0000 7f805c88d700 1 -- --> [v2:172.21.15.31:3300/0,v1:172.21.15.31:6789/0] -- mon_getmap magic: 0 -- 0x7f8058108af0 con 0x7f8058108100
2024-04-25T01:44:49.887 INFO:teuthology.orchestra.run.smithi031.stdout:/usr/bin/ceph: stderr
2024-04-25T01:44:48.638+0000 7f805659c700 1 --2- >> [v2:172.21.15.31:3300/0,v1:172.21.15.31:6789/0] conn(0x7f8058108100 0x7f8058108520 unknown :-1 s=BANNER_CONNECTING pgs=0 cs=0 l=0 rev1=0 crypto rx=0 tx=0 comp rx=0 tx=0)._handle_peer_banner_payload supported=3 required=0
2024-04-25T01:44:49.887 INFO:teuthology.orchestra.run.smithi031.stdout:/usr/bin/ceph: stderr
2024-04-25T01:44:48.638+0000 7f805659c700 1 --2- >> [v2:172.21.15.31:3300/0,v1:172.21.15.31:6789/0] conn(0x7f8058108100 0x7f8058108520 unknown :-1 s=HELLO_CONNECTING pgs=0 cs=0 l=0 rev1=1 crypto rx=0 tx=0 comp rx=0 tx=0).handle_hello peer v2:172.21.15.31:3300/0 says I am v2:172.21.15.31:43870/0 (socket says 172.21.15.31:43870)
2024-04-25T01:44:49.887 INFO:teuthology.orchestra.run.smithi031.stdout:/usr/bin/ceph: stderr
2024-04-25T01:44:48.638+0000 7f805659c700 1 -- 172.21.15.31:0/2479694765 learned_addr learned my addr 172.21.15.31:0/2479694765 (peer_addr_for_me v2:172.21.15.31:0/0)
2024-04-25T01:44:49.888 INFO:teuthology.orchestra.run.smithi031.stdout:/usr/bin/ceph: stderr
2024-04-25T01:44:48.638+0000 7f805659c700 1 -- 172.21.15.31:0/2479694765 --> [v2:172.21.15.31:3300/0,v1:172.21.15.31:6789/0] -- mon_subscribe({config=0+,monmap=0+}) -- 0x7f8058105c00 con 0x7f8058108100
2024-04-25T01:44:49.888 INFO:teuthology.orchestra.run.smithi031.stdout:/usr/bin/ceph: stderr
2024-04-25T01:44:48.639+0000 7f805659c700 1 --2- 172.21.15.31:0/2479694765 >> [v2:172.21.15.31:3300/0,v1:172.21.15.31:6789/0] conn(0x7f8058108100 0x7f8058108520 secure :-1 s=READY pgs=22 cs=0 l=1 rev1=1 crypto rx=0x7f80480098a0 tx=0x7f8048009bb0 comp rx=0 tx=0).ready entity=mon.0 client_cookie=ae805e982185e01f server_cookie=0 in_seq=0 out_seq=0
2024-04-25T01:44:49.888 INFO:teuthology.orchestra.run.smithi031.stdout:/usr/bin/ceph: stderr
2024-04-25T01:44:48.639+0000 7f8055d9b700 1 -- 172.21.15.31:0/2479694765 <== mon.0 v2:172.21.15.31:3300/0 1 ==== mon_map magic: 0 ==== 205+0+0 (secure 0 0 0) 0x7f8048004160 con 0x7f8058108100
2024-04-25T01:44:49.888 INFO:teuthology.orchestra.run.smithi031.stdout:/usr/bin/ceph: stderr
2024-04-25T01:44:48.639+0000 7f8055d9b700 1 -- 172.21.15.31:0/2479694765 <== mon.0 v2:172.21.15.31:3300/0 2 ==== config(26 keys) ==== 1071+0+0 (secure 0 0 0) 0x7f8048004300 con 0x7f8058108100
2024-04-25T01:44:49.888 INFO:teuthology.orchestra.run.smithi031.stdout:/usr/bin/ceph: stderr
2024-04-25T01:44:48.639+0000 7f8055d9b700 1 -- 172.21.15.31:0/2479694765 <== mon.0 v2:172.21.15.31:3300/0 3 ==== mon_map magic: 0 ==== 205+0+0 (secure 0 0 0) 0x7f8048011a80 con 0x7f8058108100
2024-04-25T01:44:49.888 INFO:teuthology.orchestra.run.smithi031.stdout:/usr/bin/ceph: stderr
2024-04-25T01:44:48.639+0000 7f805c88d700 1 -- 172.21.15.31:0/2479694765 >> [v2:172.21.15.31:3300/0,v1:172.21.15.31:6789/0] conn(0x7f8058108100 msgr2=0x7f8058108520 secure :-1 s=STATE_CONNECTION_ESTABLISHED l=1).mark_down
2024-04-25T01:44:49.888 INFO:teuthology.orchestra.run.smithi031.stdout:/usr/bin/ceph: stderr
2024-04-25T01:44:48.639+0000 7f805c88d700 1 --2- 172.21.15.31:0/2479694765 >> [v2:172.21.15.31:3300/0,v1:172.21.15.31:6789/0] conn(0x7f8058108100 0x7f8058108520 secure :-1 s=READY pgs=22 cs=0 l=1 rev1=1 crypto rx=0x7f80480098a0 tx=0x7f8048009bb0 comp rx=0 tx=0).stop
2024-04-25T01:44:49.888 INFO:teuthology.orchestra.run.smithi031.stdout:/usr/bin/ceph: stderr
2024-04-25T01:44:48.639+0000 7f805c88d700 1 -- 172.21.15.31:0/2479694765 shutdown_connections
2024-04-25T01:44:49.888 INFO:teuthology.orchestra.run.smithi031.stdout:/usr/bin/ceph: stderr
2024-04-25T01:44:48.639+0000 7f805c88d700 1 --2- 172.21.15.31:0/2479694765 >> [v2:172.21.15.31:3300/0,v1:172.21.15.31:6789/0] conn(0x7f8058108100 0x7f8058108520 unknown :-1 s=CLOSED pgs=22 cs=0 l=1 rev1=1 crypto rx=0 tx=0 comp rx=0 tx=0).stop
2024-04-25T01:44:49.888 INFO:teuthology.orchestra.run.smithi031.stdout:/usr/bin/ceph: stderr
2024-04-25T01:44:48.639+0000 7f805c88d700 1 -- 172.21.15.31:0/2479694765 >> 172.21.15.31:0/2479694765 conn(0x7f8058101780 msgr2=0x7f8058103be0 unknown :-1 s=STATE_NONE l=0).mark_down
2024-04-25T01:44:49.888 INFO:teuthology.orchestra.run.smithi031.stdout:/usr/bin/ceph: stderr
2024-04-25T01:44:48.639+0000 7f805c88d700 1 -- 172.21.15.31:0/2479694765 shutdown_connections
2024-04-25T01:44:49.888 INFO:teuthology.orchestra.run.smithi031.stdout:/usr/bin/ceph: stderr
2024-04-25T01:44:48.640+0000 7f805c88d700 1 -- 172.21.15.31:0/2479694765 wait complete.
2024-04-25T01:44:49.889 INFO:teuthology.orchestra.run.smithi031.stdout:/usr/bin/ceph: stderr
2024-04-25T01:44:48.640+0000 7f805c88d700 1 Processor -- start
2024-04-25T01:44:49.889 INFO:teuthology.orchestra.run.smithi031.stdout:/usr/bin/ceph: stderr
2024-04-25T01:44:48.640+0000 7f805c88d700 1 -- start start
2024-04-25T01:44:49.889 INFO:teuthology.orchestra.run.smithi031.stdout:/usr/bin/ceph: stderr
2024-04-25T01:44:48.640+0000 7f805c88d700 1 --2- >> [v2:172.21.15.31:3300/0,v1:172.21.15.31:6789/0] conn(0x7f8058108100 0x7f805819dc90 unknown :-1 s=NONE pgs=0 cs=0 l=1 rev1=0 crypto rx=0 tx=0 comp rx=0 tx=0).connect
2024-04-25T01:44:49.889 INFO:teuthology.orchestra.run.smithi031.stdout:/usr/bin/ceph: stderr
2024-04-25T01:44:48.640+0000 7f805c88d700 1 -- --> [v2:172.21.15.31:3300/0,v1:172.21.15.31:6789/0] -- mon_getmap magic: 0 -- 0x7f8058106c20 con 0x7f8058108100
2024-04-25T01:44:49.889 INFO:teuthology.orchestra.run.smithi031.stdout:/usr/bin/ceph: stderr
2024-04-25T01:44:48.641+0000 7f805659c700 1 --2- >> [v2:172.21.15.31:3300/0,v1:172.21.15.31:6789/0] conn(0x7f8058108100 0x7f805819dc90 unknown :-1 s=BANNER_CONNECTING pgs=0 cs=0 l=1 rev1=0 crypto rx=0 tx=0 comp rx=0 tx=0)._handle_peer_banner_payload supported=3 required=0
2024-04-25T01:44:49.889 INFO:teuthology.orchestra.run.smithi031.stdout:/usr/bin/ceph: stderr
2024-04-25T01:44:48.641+0000 7f805659c700 1 --2- >> [v2:172.21.15.31:3300/0,v1:172.21.15.31:6789/0] conn(0x7f8058108100 0x7f805819dc90 unknown :-1 s=HELLO_CONNECTING pgs=0 cs=0 l=1 rev1=1 crypto rx=0 tx=0 comp rx=0 tx=0).handle_hello peer v2:172.21.15.31:3300/0 says I am v2:172.21.15.31:43872/0 (socket says 172.21.15.31:43872)
2024-04-25T01:44:49.889 INFO:teuthology.orchestra.run.smithi031.stdout:/usr/bin/ceph: stderr
2024-04-25T01:44:48.641+0000 7f805659c700 1 -- 172.21.15.31:0/1259168958 learned_addr learned my addr 172.21.15.31:0/1259168958 (peer_addr_for_me v2:172.21.15.31:0/0)
2024-04-25T01:44:49.889 INFO:teuthology.orchestra.run.smithi031.stdout:/usr/bin/ceph: stderr
2024-04-25T01:44:48.641+0000 7f805659c700 1 -- 172.21.15.31:0/1259168958 --> [v2:172.21.15.31:3300/0,v1:172.21.15.31:6789/0] -- mon_subscribe({config=0+,monmap=0+}) -- 0x7f805819e1d0 con 0x7f8058108100
2024-04-25T01:44:49.889 INFO:teuthology.orchestra.run.smithi031.stdout:/usr/bin/ceph: stderr
2024-04-25T01:44:48.641+0000 7f805659c700 1 --2- 172.21.15.31:0/1259168958 >> [v2:172.21.15.31:3300/0,v1:172.21.15.31:6789/0] conn(0x7f8058108100 0x7f805819dc90 secure :-1 s=READY pgs=23 cs=0 l=1 rev1=1 crypto rx=0x7f8048011a50 tx=0x7f8048011b30 comp rx=0 tx=0).ready entity=mon.0 client_cookie=0 server_cookie=0 in_seq=0 out_seq=0
2024-04-25T01:44:49.889 INFO:teuthology.orchestra.run.smithi031.stdout:/usr/bin/ceph: stderr
2024-04-25T01:44:48.641+0000 7f804f7fe700 1 -- 172.21.15.31:0/1259168958 <== mon.0 v2:172.21.15.31:3300/0 1 ==== mon_map magic: 0 ==== 205+0+0 (secure 0 0 0) 0x7f8048003a80 con 0x7f8058108100
2024-04-25T01:44:49.890 INFO:teuthology.orchestra.run.smithi031.stdout:/usr/bin/ceph: stderr
2024-04-25T01:44:48.641+0000 7f804f7fe700 1 -- 172.21.15.31:0/1259168958 <== mon.0 v2:172.21.15.31:3300/0 2 ==== config(26 keys) ==== 1071+0+0 (secure 0 0 0) 0x7f8048003c20 con 0x7f8058108100
2024-04-25T01:44:49.890 INFO:teuthology.orchestra.run.smithi031.stdout:/usr/bin/ceph: stderr
2024-04-25T01:44:48.641+0000 7f804f7fe700 1 -- 172.21.15.31:0/1259168958 <== mon.0 v2:172.21.15.31:3300/0 3 ==== mon_map magic: 0 ==== 205+0+0 (secure 0 0 0) 0x7f804801a650 con 0x7f8058108100
2024-04-25T01:44:49.890 INFO:teuthology.orchestra.run.smithi031.stdout:/usr/bin/ceph: stderr
2024-04-25T01:44:48.641+0000 7f805c88d700 1 -- 172.21.15.31:0/1259168958 --> [v2:172.21.15.31:3300/0,v1:172.21.15.31:6789/0] -- mon_subscribe({mgrmap=0+}) -- 0x7f805819e460 con 0x7f8058108100
2024-04-25T01:44:49.890 INFO:teuthology.orchestra.run.smithi031.stdout:/usr/bin/ceph: stderr
2024-04-25T01:44:48.641+0000 7f805c88d700 1 -- 172.21.15.31:0/1259168958 --> [v2:172.21.15.31:3300/0,v1:172.21.15.31:6789/0] -- mon_subscribe({osdmap=0}) -- 0x7f80581a1150 con 0x7f8058108100
2024-04-25T01:44:49.890 INFO:teuthology.orchestra.run.smithi031.stdout:/usr/bin/ceph: stderr
2024-04-25T01:44:48.642+0000 7f804f7fe700 1 -- 172.21.15.31:0/1259168958 <== mon.0 v2:172.21.15.31:3300/0 4 ==== mgrmap(e 4) ==== 46276+0+0 (secure 0 0 0) 0x7f8048024ad0 con 0x7f8058108100
2024-04-25T01:44:49.890 INFO:teuthology.orchestra.run.smithi031.stdout:/usr/bin/ceph: stderr
2024-04-25T01:44:48.642+0000 7f804f7fe700 1 --2- 172.21.15.31:0/1259168958 >> [v2:172.21.15.31:6800/3153405418,v1:172.21.15.31:6801/3153405418] conn(0x7f8044039050 0x7f804403b510 unknown :-1 s=NONE pgs=0 cs=0 l=1 rev1=0 crypto rx=0 tx=0 comp rx=0 tx=0).connect
2024-04-25T01:44:49.890 INFO:teuthology.orchestra.run.smithi031.stdout:/usr/bin/ceph: stderr
2024-04-25T01:44:48.642+0000 7f805c88d700 1 -- 172.21.15.31:0/1259168958 --> [v2:172.21.15.31:3300/0,v1:172.21.15.31:6789/0] -- mon_command({"prefix": "get_command_descriptions"} v 0) -- 0x7f8058063890 con 0x7f8058108100
2024-04-25T01:44:49.890 INFO:teuthology.orchestra.run.smithi031.stdout:/usr/bin/ceph: stderr
2024-04-25T01:44:48.643+0000 7f804f7fe700 1 -- 172.21.15.31:0/1259168958 <== mon.0 v2:172.21.15.31:3300/0 5 ==== osd_map(1..1 src has 1..1) ==== 725+0+0 (secure 0 0 0) 0x7f804804d470 con 0x7f8058108100
2024-04-25T01:44:49.890 INFO:teuthology.orchestra.run.smithi031.stdout:/usr/bin/ceph: stderr
2024-04-25T01:44:48.643+0000 7f804ffff700 1 --2- 172.21.15.31:0/1259168958 >> [v2:172.21.15.31:6800/3153405418,v1:172.21.15.31:6801/3153405418] conn(0x7f8044039050 0x7f804403b510 unknown :-1 s=BANNER_CONNECTING pgs=0 cs=0 l=1 rev1=0 crypto rx=0 tx=0 comp rx=0 tx=0)._handle_peer_banner_payload supported=3 required=0
2024-04-25T01:44:49.890 INFO:teuthology.orchestra.run.smithi031.stdout:/usr/bin/ceph: stderr
2024-04-25T01:44:48.643+0000 7f804ffff700 1 --2- 172.21.15.31:0/1259168958 >> [v2:172.21.15.31:6800/3153405418,v1:172.21.15.31:6801/3153405418] conn(0x7f8044039050 0x7f804403b510 secure :-1 s=READY pgs=8 cs=0 l=1 rev1=1 crypto rx=0x7f8040006fd0 tx=0x7f8040006e40 comp rx=0 tx=0).ready entity=mgr.14100 client_cookie=0 server_cookie=0 in_seq=0 out_seq=0
2024-04-25T01:44:49.890 INFO:teuthology.orchestra.run.smithi031.stdout:/usr/bin/ceph: stderr
2024-04-25T01:44:48.648+0000 7f804f7fe700 1 -- 172.21.15.31:0/1259168958 <== mon.0 v2:172.21.15.31:3300/0 6 ==== mon_command_ack([{"prefix": "get_command_descriptions"}]=0 v0) ==== 72+0+186147 (secure 0 0 0) 0x7f804800f2e0 con 0x7f8058108100
2024-04-25T01:44:49.890 INFO:teuthology.orchestra.run.smithi031.stdout:/usr/bin/ceph: stderr
2024-04-25T01:44:48.916+0000 7f805c88d700 1 -- 172.21.15.31:0/1259168958 --> [v2:172.21.15.31:3300/0,v1:172.21.15.31:6789/0] -- mon_command({"prefix": "mgr module enable", "module": "cephadm"} v 0) -- 0x7f80581a1320 con 0x7f8058108100
2024-04-25T01:44:49.890 INFO:teuthology.orchestra.run.smithi031.stdout:/usr/bin/ceph: stderr
2024-04-25T01:44:49.303+0000 7f804f7fe700 1 -- 172.21.15.31:0/1259168958 <== mon.0 v2:172.21.15.31:3300/0 7 ==== mon_command_ack([{"prefix": "mgr module enable", "module": "cephadm"}]=0 v5) ==== 86+0+0 (secure 0 0 0) 0x7f80581a1320 con 0x7f8058108100
2024-04-25T01:44:49.890 INFO:teuthology.orchestra.run.smithi031.stdout:/usr/bin/ceph: stderr
2024-04-25T01:44:49.304+0000 7f804f7fe700 1 -- 172.21.15.31:0/1259168958 <== mon.0 v2:172.21.15.31:3300/0 8 ==== mgrmap(e 5) ==== 46287+0+0 (secure 0 0 0) 0x7f804802d3f0 con 0x7f8058108100
2024-04-25T01:44:49.891 INFO:teuthology.orchestra.run.smithi031.stdout:/usr/bin/ceph: stderr
2024-04-25T01:44:49.307+0000 7f805c88d700 1 -- 172.21.15.31:0/1259168958 >> [v2:172.21.15.31:6800/3153405418,v1:172.21.15.31:6801/3153405418] conn(0x7f8044039050 msgr2=0x7f804403b510 secure :-1 s=STATE_CONNECTION_ESTABLISHED l=1).mark_down
2024-04-25T01:44:49.891 INFO:teuthology.orchestra.run.smithi031.stdout:/usr/bin/ceph: stderr
2024-04-25T01:44:49.307+0000 7f805c88d700 1 --2- 172.21.15.31:0/1259168958 >> [v2:172.21.15.31:6800/3153405418,v1:172.21.15.31:6801/3153405418] conn(0x7f8044039050 0x7f804403b510 secure :-1 s=READY pgs=8 cs=0 l=1 rev1=1 crypto rx=0x7f8040006fd0 tx=0x7f8040006e40 comp rx=0 tx=0).stop
2024-04-25T01:44:49.891 INFO:teuthology.orchestra.run.smithi031.stdout:/usr/bin/ceph: stderr
2024-04-25T01:44:49.307+0000 7f805c88d700 1 -- 172.21.15.31:0/1259168958 >> [v2:172.21.15.31:3300/0,v1:172.21.15.31:6789/0] conn(0x7f8058108100 msgr2=0x7f805819dc90 secure :-1 s=STATE_CONNECTION_ESTABLISHED l=1).mark_down
2024-04-25T01:44:49.891 INFO:teuthology.orchestra.run.smithi031.stdout:/usr/bin/ceph: stderr
2024-04-25T01:44:49.307+0000 7f805c88d700 1 --2- 172.21.15.31:0/1259168958 >> [v2:172.21.15.31:3300/0,v1:172.21.15.31:6789/0] conn(0x7f8058108100 0x7f805819dc90 secure :-1 s=READY pgs=23 cs=0 l=1 rev1=1 crypto rx=0x7f8048011a50 tx=0x7f8048011b30 comp rx=0 tx=0).stop
2024-04-25T01:44:49.891 INFO:teuthology.orchestra.run.smithi031.stdout:/usr/bin/ceph: stderr
2024-04-25T01:44:49.307+0000 7f805c88d700 1 -- 172.21.15.31:0/1259168958 shutdown_connections
2024-04-25T01:44:49.891 INFO:teuthology.orchestra.run.smithi031.stdout:/usr/bin/ceph: stderr
2024-04-25T01:44:49.307+0000 7f805c88d700 1 --2- 172.21.15.31:0/1259168958 >> [v2:172.21.15.31:6800/3153405418,v1:172.21.15.31:6801/3153405418] conn(0x7f8044039050 0x7f804403b510 unknown :-1 s=CLOSED pgs=8 cs=0 l=1 rev1=1 crypto rx=0 tx=0 comp rx=0 tx=0).stop
2024-04-25T01:44:49.891 INFO:teuthology.orchestra.run.smithi031.stdout:/usr/bin/ceph: stderr
2024-04-25T01:44:49.307+0000 7f805c88d700 1 --2- 172.21.15.31:0/1259168958 >> [v2:172.21.15.31:3300/0,v1:172.21.15.31:6789/0] conn(0x7f8058108100 0x7f805819dc90 unknown :-1 s=CLOSED pgs=23 cs=0 l=1 rev1=1 crypto rx=0 tx=0 comp rx=0 tx=0).stop
2024-04-25T01:44:49.891 INFO:teuthology.orchestra.run.smithi031.stdout:/usr/bin/ceph: stderr
2024-04-25T01:44:49.307+0000 7f805c88d700 1 -- 172.21.15.31:0/1259168958 >> 172.21.15.31:0/1259168958 conn(0x7f8058101780 msgr2=0x7f8058194350 unknown :-1 s=STATE_NONE l=0).mark_down
2024-04-25T01:44:49.891 INFO:teuthology.orchestra.run.smithi031.stdout:/usr/bin/ceph: stderr
2024-04-25T01:44:49.307+0000 7f805c88d700 1 -- 172.21.15.31:0/1259168958 shutdown_connections
2024-04-25T01:44:49.891 INFO:teuthology.orchestra.run.smithi031.stdout:/usr/bin/ceph: stderr
2024-04-25T01:44:49.307+0000 7f805c88d700 1 -- 172.21.15.31:0/1259168958 wait complete.
2024-04-25T01:44:50.139 INFO:journalctl@ceph.mgr.x.smithi031.stdout:Apr 25 01:44:50 smithi031 ceph-36afbea4-02a5-11ef-bc93-c7b262605968-mgr-x[29434]:
2024-04-25T01:44:50.107+0000 7f2424966200 -1 mgr[py] Module progress has missing NOTIFY_TYPES member
2024-04-25T01:44:50.479 INFO:journalctl@ceph.mon.a.smithi031.stdout:Apr 25 01:44:50 smithi031 ceph-mon[29204]: from='client.? 172.21.15.31:0/1259168958' entity='client.admin' cmd='[{"prefix": "mgr module enable", "module": "cephadm"}]': finished
2024-04-25T01:44:50.479 INFO:journalctl@ceph.mon.a.smithi031.stdout:Apr 25 01:44:50 smithi031 ceph-mon[29204]: mgrmap e5: x(active, since 6s)
2024-04-25T01:44:50.479 INFO:journalctl@ceph.mgr.x.smithi031.stdout:Apr 25 01:44:50 smithi031 ceph-36afbea4-02a5-11ef-bc93-c7b262605968-mgr-x[29434]:
2024-04-25T01:44:50.197+0000 7f2424966200 -1 mgr[py] Module influx has missing NOTIFY_TYPES member
2024-04-25T01:44:51.236 INFO:teuthology.orchestra.run.smithi031.stdout:/usr/bin/ceph: stdout {
2024-04-25T01:44:51.236 INFO:teuthology.orchestra.run.smithi031.stdout:/usr/bin/ceph: stdout "epoch": 5,
2024-04-25T01:44:51.236 INFO:teuthology.orchestra.run.smithi031.stdout:/usr/bin/ceph: stdout "available": true,
2024-04-25T01:44:51.237 INFO:teuthology.orchestra.run.smithi031.stdout:/usr/bin/ceph: stdout "active_name": "x",
2024-04-25T01:44:51.237 INFO:teuthology.orchestra.run.smithi031.stdout:/usr/bin/ceph: stdout "num_standby": 0
2024-04-25T01:44:51.237 INFO:teuthology.orchestra.run.smithi031.stdout:/usr/bin/ceph: stdout }
2024-04-25T01:44:51.237 INFO:teuthology.orchestra.run.smithi031.stdout:/usr/bin/ceph: stderr
2024-04-25T01:44:50.344+0000 7f40c1df1700 1 Processor -- start
2024-04-25T01:44:51.237 INFO:teuthology.orchestra.run.smithi031.stdout:/usr/bin/ceph: stderr
2024-04-25T01:44:50.344+0000 7f40c1df1700 1 -- start start
2024-04-25T01:44:51.237 INFO:teuthology.orchestra.run.smithi031.stdout:/usr/bin/ceph: stderr
2024-04-25T01:44:50.344+0000 7f40c1df1700 1 --2- >> [v2:172.21.15.31:3300/0,v1:172.21.15.31:6789/0] conn(0x7f40bc1085d0 0x7f40bc10a9c0 unknown :-1 s=NONE pgs=0 cs=0 l=0 rev1=0 crypto rx=0 tx=0 comp rx=0 tx=0).connect
2024-04-25T01:44:51.237 INFO:teuthology.orchestra.run.smithi031.stdout:/usr/bin/ceph: stderr
2024-04-25T01:44:50.344+0000 7f40c1df1700 1 -- --> [v2:172.21.15.31:3300/0,v1:172.21.15.31:6789/0] -- mon_getmap magic: 0 -- 0x7f40bc07bed0 con 0x7f40bc1085d0
2024-04-25T01:44:51.237 INFO:teuthology.orchestra.run.smithi031.stdout:/usr/bin/ceph: stderr
2024-04-25T01:44:50.344+0000 7f40bb7fe700 1 --2- >> [v2:172.21.15.31:3300/0,v1:172.21.15.31:6789/0] conn(0x7f40bc1085d0 0x7f40bc10a9c0 unknown :-1 s=BANNER_CONNECTING pgs=0 cs=0 l=0 rev1=0 crypto rx=0 tx=0 comp rx=0 tx=0)._handle_peer_banner_payload supported=3 required=0
2024-04-25T01:44:51.237 INFO:teuthology.orchestra.run.smithi031.stdout:/usr/bin/ceph: stderr
2024-04-25T01:44:50.344+0000 7f40bb7fe700 1 --2- >> [v2:172.21.15.31:3300/0,v1:172.21.15.31:6789/0] conn(0x7f40bc1085d0 0x7f40bc10a9c0 unknown :-1 s=HELLO_CONNECTING pgs=0 cs=0 l=0 rev1=1 crypto rx=0 tx=0 comp rx=0 tx=0).handle_hello peer v2:172.21.15.31:3300/0 says I am v2:172.21.15.31:43900/0 (socket says 172.21.15.31:43900)
2024-04-25T01:44:51.237 INFO:teuthology.orchestra.run.smithi031.stdout:/usr/bin/ceph: stderr
2024-04-25T01:44:50.344+0000 7f40bb7fe700 1 -- 172.21.15.31:0/4140665291 learned_addr learned my addr 172.21.15.31:0/4140665291 (peer_addr_for_me v2:172.21.15.31:0/0)
2024-04-25T01:44:51.237 INFO:teuthology.orchestra.run.smithi031.stdout:/usr/bin/ceph: stderr
2024-04-25T01:44:50.344+0000 7f40bb7fe700 1 -- 172.21.15.31:0/4140665291 --> [v2:172.21.15.31:3300/0,v1:172.21.15.31:6789/0] -- mon_subscribe({config=0+,monmap=0+}) -- 0x7f40bc10af00 con 0x7f40bc1085d0
2024-04-25T01:44:51.237 INFO:teuthology.orchestra.run.smithi031.stdout:/usr/bin/ceph: stderr
2024-04-25T01:44:50.345+0000 7f40bb7fe700 1 --2- 172.21.15.31:0/4140665291 >> [v2:172.21.15.31:3300/0,v1:172.21.15.31:6789/0] conn(0x7f40bc1085d0 0x7f40bc10a9c0 secure :-1 s=READY pgs=26 cs=0 l=1 rev1=1 crypto rx=0x7f40ac0098a0 tx=0x7f40ac009bb0 comp rx=0 tx=0).ready entity=mon.0 client_cookie=c6f0c5bf36cd42c3 server_cookie=0 in_seq=0 out_seq=0
2024-04-25T01:44:51.237 INFO:teuthology.orchestra.run.smithi031.stdout:/usr/bin/ceph: stderr
2024-04-25T01:44:50.345+0000 7f40baffd700 1 -- 172.21.15.31:0/4140665291 <== mon.0 v2:172.21.15.31:3300/0 1 ==== mon_map magic: 0 ==== 205+0+0 (secure 0 0 0) 0x7f40ac004160 con 0x7f40bc1085d0
2024-04-25T01:44:51.237 INFO:teuthology.orchestra.run.smithi031.stdout:/usr/bin/ceph: stderr
2024-04-25T01:44:50.345+0000 7f40baffd700 1 -- 172.21.15.31:0/4140665291 <== mon.0 v2:172.21.15.31:3300/0 2 ==== config(26 keys) ==== 1071+0+0 (secure 0 0 0) 0x7f40ac004300 con 0x7f40bc1085d0
2024-04-25T01:44:51.238 INFO:teuthology.orchestra.run.smithi031.stdout:/usr/bin/ceph: stderr
2024-04-25T01:44:50.345+0000 7f40baffd700 1 -- 172.21.15.31:0/4140665291 <== mon.0 v2:172.21.15.31:3300/0 3 ==== mon_map magic: 0 ==== 205+0+0 (secure 0 0 0) 0x7f40ac011a80 con 0x7f40bc1085d0
2024-04-25T01:44:51.238 INFO:teuthology.orchestra.run.smithi031.stdout:/usr/bin/ceph: stderr
2024-04-25T01:44:50.345+0000 7f40c1df1700 1 -- 172.21.15.31:0/4140665291 >> [v2:172.21.15.31:3300/0,v1:172.21.15.31:6789/0] conn(0x7f40bc1085d0 msgr2=0x7f40bc10a9c0 secure :-1 s=STATE_CONNECTION_ESTABLISHED l=1).mark_down
2024-04-25T01:44:51.238 INFO:teuthology.orchestra.run.smithi031.stdout:/usr/bin/ceph: stderr
2024-04-25T01:44:50.345+0000 7f40c1df1700 1 --2- 172.21.15.31:0/4140665291 >> [v2:172.21.15.31:3300/0,v1:172.21.15.31:6789/0] conn(0x7f40bc1085d0 0x7f40bc10a9c0 secure :-1 s=READY pgs=26 cs=0 l=1 rev1=1 crypto rx=0x7f40ac0098a0 tx=0x7f40ac009bb0 comp rx=0 tx=0).stop
2024-04-25T01:44:51.238 INFO:teuthology.orchestra.run.smithi031.stdout:/usr/bin/ceph: stderr
2024-04-25T01:44:50.345+0000 7f40c1df1700 1 -- 172.21.15.31:0/4140665291 shutdown_connections
2024-04-25T01:44:51.238 INFO:teuthology.orchestra.run.smithi031.stdout:/usr/bin/ceph: stderr
2024-04-25T01:44:50.345+0000 7f40c1df1700 1 --2- 172.21.15.31:0/4140665291 >> [v2:172.21.15.31:3300/0,v1:172.21.15.31:6789/0] conn(0x7f40bc1085d0 0x7f40bc10a9c0 unknown :-1 s=CLOSED pgs=26 cs=0 l=1 rev1=1 crypto rx=0 tx=0 comp rx=0 tx=0).stop
2024-04-25T01:44:51.238 INFO:teuthology.orchestra.run.smithi031.stdout:/usr/bin/ceph: stderr
2024-04-25T01:44:50.345+0000 7f40c1df1700 1 -- 172.21.15.31:0/4140665291 >> 172.21.15.31:0/4140665291 conn(0x7f40bc101fe0 msgr2=0x7f40bc104440 unknown :-1 s=STATE_NONE l=0).mark_down
2024-04-25T01:44:51.238 INFO:teuthology.orchestra.run.smithi031.stdout:/usr/bin/ceph: stderr
2024-04-25T01:44:50.346+0000 7f40c1df1700 1 -- 172.21.15.31:0/4140665291 shutdown_connections
2024-04-25T01:44:51.238 INFO:teuthology.orchestra.run.smithi031.stdout:/usr/bin/ceph: stderr
2024-04-25T01:44:50.346+0000 7f40c1df1700 1 -- 172.21.15.31:0/4140665291 wait complete.
2024-04-25T01:44:51.238 INFO:teuthology.orchestra.run.smithi031.stdout:/usr/bin/ceph: stderr
2024-04-25T01:44:50.346+0000 7f40c1df1700 1 Processor -- start
2024-04-25T01:44:51.238 INFO:teuthology.orchestra.run.smithi031.stdout:/usr/bin/ceph: stderr
2024-04-25T01:44:50.346+0000 7f40c1df1700 1 -- start start
2024-04-25T01:44:51.238 INFO:teuthology.orchestra.run.smithi031.stdout:/usr/bin/ceph: stderr
2024-04-25T01:44:50.346+0000 7f40c1df1700 1 --2- >> [v2:172.21.15.31:3300/0,v1:172.21.15.31:6789/0] conn(0x7f40bc1085d0 0x7f40bc107e50 unknown :-1 s=NONE pgs=0 cs=0 l=1 rev1=0 crypto rx=0 tx=0 comp rx=0 tx=0).connect
2024-04-25T01:44:51.238 INFO:teuthology.orchestra.run.smithi031.stdout:/usr/bin/ceph: stderr
2024-04-25T01:44:50.346+0000 7f40c1df1700 1 -- --> [v2:172.21.15.31:3300/0,v1:172.21.15.31:6789/0] -- mon_getmap magic: 0 -- 0x7f40bc10bed0 con 0x7f40bc1085d0
2024-04-25T01:44:51.238 INFO:teuthology.orchestra.run.smithi031.stdout:/usr/bin/ceph: stderr
2024-04-25T01:44:50.347+0000 7f40bb7fe700 1 --2- >> [v2:172.21.15.31:3300/0,v1:172.21.15.31:6789/0] conn(0x7f40bc1085d0 0x7f40bc107e50 unknown :-1 s=BANNER_CONNECTING pgs=0 cs=0 l=1 rev1=0 crypto rx=0 tx=0 comp rx=0 tx=0)._handle_peer_banner_payload supported=3 required=0
2024-04-25T01:44:51.239 INFO:teuthology.orchestra.run.smithi031.stdout:/usr/bin/ceph: stderr
2024-04-25T01:44:50.347+0000 7f40bb7fe700 1 --2- >> [v2:172.21.15.31:3300/0,v1:172.21.15.31:6789/0] conn(0x7f40bc1085d0 0x7f40bc107e50 unknown :-1 s=HELLO_CONNECTING pgs=0 cs=0 l=1 rev1=1 crypto rx=0 tx=0 comp rx=0 tx=0).handle_hello peer v2:172.21.15.31:3300/0 says I am v2:172.21.15.31:43910/0 (socket says 172.21.15.31:43910)
2024-04-25T01:44:51.239 INFO:teuthology.orchestra.run.smithi031.stdout:/usr/bin/ceph: stderr
2024-04-25T01:44:50.347+0000 7f40bb7fe700 1 -- 172.21.15.31:0/516646247 learned_addr learned my addr 172.21.15.31:0/516646247 (peer_addr_for_me v2:172.21.15.31:0/0)
2024-04-25T01:44:51.239 INFO:teuthology.orchestra.run.smithi031.stdout:/usr/bin/ceph: stderr
2024-04-25T01:44:50.347+0000 7f40bb7fe700 1 -- 172.21.15.31:0/516646247 --> [v2:172.21.15.31:3300/0,v1:172.21.15.31:6789/0] -- mon_subscribe({config=0+,monmap=0+}) -- 0x7f40bc108390 con 0x7f40bc1085d0
2024-04-25T01:44:51.239 INFO:teuthology.orchestra.run.smithi031.stdout:/usr/bin/ceph: stderr
2024-04-25T01:44:50.347+0000 7f40bb7fe700 1 --2- 172.21.15.31:0/516646247 >> [v2:172.21.15.31:3300/0,v1:172.21.15.31:6789/0] conn(0x7f40bc1085d0 0x7f40bc107e50 secure :-1 s=READY pgs=27 cs=0 l=1 rev1=1 crypto rx=0x7f40ac006af0 tx=0x7f40ac011c40 comp rx=0 tx=0).ready entity=mon.0 client_cookie=0 server_cookie=0 in_seq=0 out_seq=0
2024-04-25T01:44:51.239 INFO:teuthology.orchestra.run.smithi031.stdout:/usr/bin/ceph: stderr
2024-04-25T01:44:50.347+0000 7f40b97fa700 1 -- 172.21.15.31:0/516646247 <== mon.0 v2:172.21.15.31:3300/0 1 ==== mon_map magic: 0 ==== 205+0+0 (secure 0 0 0) 0x7f40ac0039e0 con 0x7f40bc1085d0
2024-04-25T01:44:51.239 INFO:teuthology.orchestra.run.smithi031.stdout:/usr/bin/ceph: stderr
2024-04-25T01:44:50.347+0000 7f40b97fa700 1 -- 172.21.15.31:0/516646247 <== mon.0 v2:172.21.15.31:3300/0 2 ==== config(26 keys) ==== 1071+0+0 (secure 0 0 0) 0x7f40ac003b80 con 0x7f40bc1085d0
2024-04-25T01:44:51.239 INFO:teuthology.orchestra.run.smithi031.stdout:/usr/bin/ceph: stderr
2024-04-25T01:44:50.347+0000 7f40b97fa700 1 -- 172.21.15.31:0/516646247 <== mon.0 v2:172.21.15.31:3300/0 3 ==== mon_map magic: 0 ==== 205+0+0 (secure 0 0 0) 0x7f40ac0196a0 con 0x7f40bc1085d0
2024-04-25T01:44:51.239 INFO:teuthology.orchestra.run.smithi031.stdout:/usr/bin/ceph: stderr
2024-04-25T01:44:50.347+0000 7f40c1df1700 1 -- 172.21.15.31:0/516646247 --> [v2:172.21.15.31:3300/0,v1:172.21.15.31:6789/0] -- mon_subscribe({mgrmap=0+}) -- 0x7f40bc106580 con 0x7f40bc1085d0
2024-04-25T01:44:51.239 INFO:teuthology.orchestra.run.smithi031.stdout:/usr/bin/ceph: stderr
2024-04-25T01:44:50.347+0000 7f40c1df1700 1 -- 172.21.15.31:0/516646247 --> [v2:172.21.15.31:3300/0,v1:172.21.15.31:6789/0] -- mon_subscribe({osdmap=0}) -- 0x7f40bc106ac0 con 0x7f40bc1085d0
2024-04-25T01:44:51.239 INFO:teuthology.orchestra.run.smithi031.stdout:/usr/bin/ceph: stderr
2024-04-25T01:44:50.348+0000 7f40c1df1700 1 -- 172.21.15.31:0/516646247 --> [v2:172.21.15.31:3300/0,v1:172.21.15.31:6789/0] -- mon_command({"prefix": "get_command_descriptions"} v 0) -- 0x7f40bc063890 con 0x7f40bc1085d0
2024-04-25T01:44:51.239 INFO:teuthology.orchestra.run.smithi031.stdout:/usr/bin/ceph: stderr
2024-04-25T01:44:50.349+0000 7f40b97fa700 1 -- 172.21.15.31:0/516646247 <== mon.0 v2:172.21.15.31:3300/0 4 ==== mgrmap(e 5) ==== 46287+0+0 (secure 0 0 0) 0x7f40ac0199a0 con 0x7f40bc1085d0
2024-04-25T01:44:51.239 INFO:teuthology.orchestra.run.smithi031.stdout:/usr/bin/ceph: stderr
2024-04-25T01:44:50.349+0000 7f40b97fa700 1 --2- 172.21.15.31:0/516646247 >> [v2:172.21.15.31:6800/3153405418,v1:172.21.15.31:6801/3153405418] conn(0x7f40a8039000 0x7f40a803b4c0 unknown :-1 s=NONE pgs=0 cs=0 l=1 rev1=0 crypto rx=0 tx=0 comp rx=0 tx=0).connect
2024-04-25T01:44:51.239 INFO:teuthology.orchestra.run.smithi031.stdout:/usr/bin/ceph: stderr
2024-04-25T01:44:50.349+0000 7f40b97fa700 1 -- 172.21.15.31:0/516646247 <== mon.0 v2:172.21.15.31:3300/0 5 ==== osd_map(1..1 src has 1..1) ==== 725+0+0 (secure 0 0 0) 0x7f40ac04d840 con 0x7f40bc1085d0
2024-04-25T01:44:51.239 INFO:teuthology.orchestra.run.smithi031.stdout:/usr/bin/ceph: stderr
2024-04-25T01:44:50.349+0000 7f40b2ffd700 1 -- 172.21.15.31:0/516646247 >> [v2:172.21.15.31:6800/3153405418,v1:172.21.15.31:6801/3153405418] conn(0x7f40a8039000 msgr2=0x7f40a803b4c0 unknown :-1 s=STATE_CONNECTING_RE l=1).process reconnect failed to v2:172.21.15.31:6800/3153405418
2024-04-25T01:44:51.240 INFO:teuthology.orchestra.run.smithi031.stdout:/usr/bin/ceph: stderr
2024-04-25T01:44:50.349+0000 7f40b2ffd700 1 --2- 172.21.15.31:0/516646247 >> [v2:172.21.15.31:6800/3153405418,v1:172.21.15.31:6801/3153405418] conn(0x7f40a8039000 0x7f40a803b4c0 unknown :-1 s=START_CONNECT pgs=0 cs=0 l=1 rev1=0 crypto rx=0 tx=0 comp rx=0 tx=0)._fault waiting 0.200000
2024-04-25T01:44:51.240 INFO:teuthology.orchestra.run.smithi031.stdout:/usr/bin/ceph: stderr
2024-04-25T01:44:50.354+0000 7f40b97fa700 1 -- 172.21.15.31:0/516646247 <== mon.0 v2:172.21.15.31:3300/0 6 ==== mon_command_ack([{"prefix": "get_command_descriptions"}]=0 v0) ==== 72+0+186147 (secure 0 0 0) 0x7f40ac0042a0 con 0x7f40bc1085d0
2024-04-25T01:44:51.240 INFO:teuthology.orchestra.run.smithi031.stdout:/usr/bin/ceph: stderr
2024-04-25T01:44:50.550+0000 7f40b2ffd700 1 -- 172.21.15.31:0/516646247 >> [v2:172.21.15.31:6800/3153405418,v1:172.21.15.31:6801/3153405418] conn(0x7f40a8039000 msgr2=0x7f40a803b4c0 unknown :-1 s=STATE_CONNECTING_RE l=1).process reconnect failed to v2:172.21.15.31:6800/3153405418
2024-04-25T01:44:51.240 INFO:teuthology.orchestra.run.smithi031.stdout:/usr/bin/ceph: stderr
2024-04-25T01:44:50.550+0000 7f40b2ffd700 1 --2- 172.21.15.31:0/516646247 >> [v2:172.21.15.31:6800/3153405418,v1:172.21.15.31:6801/3153405418] conn(0x7f40a8039000 0x7f40a803b4c0 unknown :-1 s=START_CONNECT pgs=0 cs=0 l=1 rev1=0 crypto rx=0 tx=0 comp rx=0 tx=0)._fault waiting 0.400000
2024-04-25T01:44:51.240 INFO:teuthology.orchestra.run.smithi031.stdout:/usr/bin/ceph: stderr
2024-04-25T01:44:50.667+0000 7f40c1df1700 1 -- 172.21.15.31:0/516646247 --> [v2:172.21.15.31:3300/0,v1:172.21.15.31:6789/0] -- mon_command({"prefix": "mgr stat"} v 0) -- 0x7f40bc1073f0 con 0x7f40bc1085d0
2024-04-25T01:44:51.240 INFO:teuthology.orchestra.run.smithi031.stdout:/usr/bin/ceph: stderr
2024-04-25T01:44:50.667+0000 7f40b97fa700 1 -- 172.21.15.31:0/516646247 <== mon.0 v2:172.21.15.31:3300/0 7 ==== mon_command_ack([{"prefix": "mgr stat"}]=0 v5) ==== 56+0+88 (secure 0 0 0) 0x7f40ac04d260 con 0x7f40bc1085d0
2024-04-25T01:44:51.240 INFO:teuthology.orchestra.run.smithi031.stdout:/usr/bin/ceph: stderr
2024-04-25T01:44:50.669+0000 7f40c1df1700 1 -- 172.21.15.31:0/516646247 >> [v2:172.21.15.31:6800/3153405418,v1:172.21.15.31:6801/3153405418] conn(0x7f40a8039000 msgr2=0x7f40a803b4c0 unknown :-1 s=STATE_CONNECTING l=1).mark_down
2024-04-25T01:44:51.240 INFO:teuthology.orchestra.run.smithi031.stdout:/usr/bin/ceph: stderr
2024-04-25T01:44:50.669+0000 7f40c1df1700 1 --2- 172.21.15.31:0/516646247 >> [v2:172.21.15.31:6800/3153405418,v1:172.21.15.31:6801/3153405418] conn(0x7f40a8039000 0x7f40a803b4c0 unknown :-1 s=START_CONNECT pgs=0 cs=0 l=1 rev1=0 crypto rx=0 tx=0 comp rx=0 tx=0).stop
2024-04-25T01:44:51.240 INFO:teuthology.orchestra.run.smithi031.stdout:/usr/bin/ceph: stderr
2024-04-25T01:44:50.669+0000 7f40c1df1700 1 -- 172.21.15.31:0/516646247 >> [v2:172.21.15.31:3300/0,v1:172.21.15.31:6789/0] conn(0x7f40bc1085d0 msgr2=0x7f40bc107e50 secure :-1 s=STATE_CONNECTION_ESTABLISHED l=1).mark_down
2024-04-25T01:44:51.240 INFO:teuthology.orchestra.run.smithi031.stdout:/usr/bin/ceph: stderr
2024-04-25T01:44:50.669+0000 7f40c1df1700 1 --2- 172.21.15.31:0/516646247 >> [v2:172.21.15.31:3300/0,v1:172.21.15.31:6789/0] conn(0x7f40bc1085d0 0x7f40bc107e50 secure :-1 s=READY pgs=27 cs=0 l=1 rev1=1 crypto rx=0x7f40ac006af0 tx=0x7f40ac011c40 comp rx=0 tx=0).stop
2024-04-25T01:44:51.240 INFO:teuthology.orchestra.run.smithi031.stdout:/usr/bin/ceph: stderr
2024-04-25T01:44:50.669+0000 7f40c1df1700 1 -- 172.21.15.31:0/516646247 shutdown_connections
2024-04-25T01:44:51.240 INFO:teuthology.orchestra.run.smithi031.stdout:/usr/bin/ceph: stderr
2024-04-25T01:44:50.669+0000 7f40c1df1700 1 --2- 172.21.15.31:0/516646247 >> [v2:172.21.15.31:6800/3153405418,v1:172.21.15.31:6801/3153405418] conn(0x7f40a8039000 0x7f40a803b4c0 unknown :-1 s=CLOSED pgs=0 cs=0 l=1 rev1=0 crypto rx=0 tx=0 comp rx=0 tx=0).stop
2024-04-25T01:44:51.240 INFO:teuthology.orchestra.run.smithi031.stdout:/usr/bin/ceph: stderr
2024-04-25T01:44:50.669+0000 7f40c1df1700 1 --2- 172.21.15.31:0/516646247 >> [v2:172.21.15.31:3300/0,v1:172.21.15.31:6789/0] conn(0x7f40bc1085d0 0x7f40bc107e50 unknown :-1 s=CLOSED pgs=27 cs=0 l=1 rev1=1 crypto rx=0 tx=0 comp rx=0 tx=0).stop
2024-04-25T01:44:51.240 INFO:teuthology.orchestra.run.smithi031.stdout:/usr/bin/ceph: stderr
2024-04-25T01:44:50.669+0000 7f40c1df1700 1 -- 172.21.15.31:0/516646247 >> 172.21.15.31:0/516646247 conn(0x7f40bc101fe0 msgr2=0x7f40bc102b10 unknown :-1 s=STATE_NONE l=0).mark_down
2024-04-25T01:44:51.241 INFO:teuthology.orchestra.run.smithi031.stdout:/usr/bin/ceph: stderr
2024-04-25T01:44:50.670+0000 7f40c1df1700 1 -- 172.21.15.31:0/516646247 shutdown_connections
2024-04-25T01:44:51.241 INFO:teuthology.orchestra.run.smithi031.stdout:/usr/bin/ceph: stderr
2024-04-25T01:44:50.670+0000 7f40c1df1700 1 -- 172.21.15.31:0/516646247 wait complete.
2024-04-25T01:44:51.241 INFO:teuthology.orchestra.run.smithi031.stdout:Waiting for the mgr to restart...
2024-04-25T01:44:51.241 INFO:teuthology.orchestra.run.smithi031.stdout:Waiting for mgr epoch 5...
2024-04-25T01:44:51.564 INFO:journalctl@ceph.mon.a.smithi031.stdout:Apr 25 01:44:51 smithi031 ceph-mon[29204]: from='client.? 172.21.15.31:0/516646247' entity='client.admin' cmd=[{"prefix": "mgr stat"}]: dispatch
2024-04-25T01:44:51.564 INFO:journalctl@ceph.mgr.x.smithi031.stdout:Apr 25 01:44:51 smithi031 ceph-36afbea4-02a5-11ef-bc93-c7b262605968-mgr-x[29434]:
2024-04-25T01:44:51.459+0000 7f2424966200 -1 mgr[py] Module telegraf has missing NOTIFY_TYPES member
2024-04-25T01:44:51.873 INFO:journalctl@ceph.mgr.x.smithi031.stdout:Apr 25 01:44:51 smithi031 ceph-36afbea4-02a5-11ef-bc93-c7b262605968-mgr-x[29434]:
2024-04-25T01:44:51.640+0000 7f2424966200 -1 mgr[py] Module osd_support has missing NOTIFY_TYPES member
2024-04-25T01:44:51.873 INFO:journalctl@ceph.mgr.x.smithi031.stdout:Apr 25 01:44:51 smithi031 ceph-36afbea4-02a5-11ef-bc93-c7b262605968-mgr-x[29434]:
2024-04-25T01:44:51.817+0000 7f2424966200 -1 mgr[py] Module iostat has missing NOTIFY_TYPES member
2024-04-25T01:44:52.207 INFO:journalctl@ceph.mgr.x.smithi031.stdout:Apr 25 01:44:52 smithi031 ceph-36afbea4-02a5-11ef-bc93-c7b262605968-mgr-x[29434]:
2024-04-25T01:44:52.119+0000 7f2424966200 -1 mgr[py] Module alerts has missing NOTIFY_TYPES member
2024-04-25T01:44:52.207 INFO:journalctl@ceph.mgr.x.smithi031.stdout:Apr 25 01:44:52 smithi031 ceph-36afbea4-02a5-11ef-bc93-c7b262605968-mgr-x[29434]:
2024-04-25T01:44:52.215+0000 7f2424966200 -1 mgr[py] Module selftest has missing NOTIFY_TYPES member
2024-04-25T01:44:52.479 INFO:journalctl@ceph.mgr.x.smithi031.stdout:Apr 25 01:44:52 smithi031 ceph-36afbea4-02a5-11ef-bc93-c7b262605968-mgr-x[29434]:
2024-04-25T01:44:52.425+0000 7f2424966200 -1 mgr[py] Module pg_autoscaler has missing NOTIFY_TYPES member
2024-04-25T01:44:52.979 INFO:journalctl@ceph.mgr.x.smithi031.stdout:Apr 25 01:44:52 smithi031 ceph-36afbea4-02a5-11ef-bc93-c7b262605968-mgr-x[29434]:
2024-04-25T01:44:52.625+0000 7f2424966200 -1 mgr[py] Module test_orchestrator has missing NOTIFY_TYPES member
2024-04-25T01:44:53.479 INFO:journalctl@ceph.mgr.x.smithi031.stdout:Apr 25 01:44:53 smithi031 ceph-36afbea4-02a5-11ef-bc93-c7b262605968-mgr-x[29434]:
2024-04-25T01:44:53.254+0000 7f2424966200 -1 mgr[py] Module rook has missing NOTIFY_TYPES member
2024-04-25T01:44:53.979 INFO:journalctl@ceph.mgr.x.smithi031.stdout:Apr 25 01:44:53 smithi031 ceph-36afbea4-02a5-11ef-bc93-c7b262605968-mgr-x[29434]:
2024-04-25T01:44:53.694+0000 7f2424966200 -1 mgr[py] Module volumes has missing NOTIFY_TYPES member
2024-04-25T01:44:53.979 INFO:journalctl@ceph.mgr.x.smithi031.stdout:Apr 25 01:44:53 smithi031 ceph-36afbea4-02a5-11ef-bc93-c7b262605968-mgr-x[29434]:
2024-04-25T01:44:53.794+0000 7f2424966200 -1 mgr[py] Module crash has missing NOTIFY_TYPES member
2024-04-25T01:44:54.479 INFO:journalctl@ceph.mgr.x.smithi031.stdout:Apr 25 01:44:54 smithi031 ceph-36afbea4-02a5-11ef-bc93-c7b262605968-mgr-x[29434]:
2024-04-25T01:44:54.003+0000 7f2424966200 -1 mgr[py] Module rgw has missing NOTIFY_TYPES member
