2024-04-25T01:44:54.886 INFO:journalctl@ceph.mgr.x.smithi031.stdout:Apr 25 01:44:54 smithi031 ceph-36afbea4-02a5-11ef-bc93-c7b262605968-mgr-x[29434]:
2024-04-25T01:44:54.546+0000 7f2424966200 -1 mgr[py] Module prometheus has missing NOTIFY_TYPES member
2024-04-25T01:44:54.886 INFO:journalctl@ceph.mgr.x.smithi031.stdout:Apr 25 01:44:54 smithi031 ceph-36afbea4-02a5-11ef-bc93-c7b262605968-mgr-x[29434]:
2024-04-25T01:44:54.641+0000 7f2424966200 -1 mgr[py] Module devicehealth has missing NOTIFY_TYPES member
2024-04-25T01:44:55.229 INFO:journalctl@ceph.mgr.x.smithi031.stdout:Apr 25 01:44:54 smithi031 ceph-36afbea4-02a5-11ef-bc93-c7b262605968-mgr-x[29434]:
2024-04-25T01:44:54.893+0000 7f2424966200 -1 mgr[py] Module telemetry has missing NOTIFY_TYPES member
2024-04-25T01:44:55.229 INFO:journalctl@ceph.mgr.x.smithi031.stdout:Apr 25 01:44:55 smithi031 ceph-36afbea4-02a5-11ef-bc93-c7b262605968-mgr-x[29434]:
2024-04-25T01:44:55.033+0000 7f2424966200 -1 mgr[py] Module diskprediction_local has missing NOTIFY_TYPES member
2024-04-25T01:44:55.229 INFO:journalctl@ceph.mgr.x.smithi031.stdout:Apr 25 01:44:55 smithi031 ceph-36afbea4-02a5-11ef-bc93-c7b262605968-mgr-x[29434]:
2024-04-25T01:44:55.131+0000 7f2424966200 -1 mgr[py] Module osd_perf_query has missing NOTIFY_TYPES member
2024-04-25T01:44:55.729 INFO:journalctl@ceph.mgr.x.smithi031.stdout:Apr 25 01:44:55 smithi031 ceph-36afbea4-02a5-11ef-bc93-c7b262605968-mgr-x[29434]:
2024-04-25T01:44:55.251+0000 7f2424966200 -1 mgr[py] Module rbd_support has missing NOTIFY_TYPES member
2024-04-25T01:44:55.729 INFO:journalctl@ceph.mgr.x.smithi031.stdout:Apr 25 01:44:55 smithi031 ceph-36afbea4-02a5-11ef-bc93-c7b262605968-mgr-x[29434]:
2024-04-25T01:44:55.346+0000 7f2424966200 -1 mgr[py] Module zabbix has missing NOTIFY_TYPES member
2024-04-25T01:44:56.457 INFO:journalctl@ceph.mgr.x.smithi031.stdout:Apr 25 01:44:56 smithi031 ceph-36afbea4-02a5-11ef-bc93-c7b262605968-mgr-x[29434]:
2024-04-25T01:44:56.188+0000 7f2424966200 -1 mgr[py] Module status has missing NOTIFY_TYPES member
2024-04-25T01:44:56.457 INFO:journalctl@ceph.mgr.x.smithi031.stdout:Apr 25 01:44:56 smithi031 ceph-36afbea4-02a5-11ef-bc93-c7b262605968-mgr-x[29434]:
2024-04-25T01:44:56.411+0000 7f2424966200 -1 mgr[py] Module nfs has missing NOTIFY_TYPES member
2024-04-25T01:44:56.729 INFO:journalctl@ceph.mon.a.smithi031.stdout:Apr 25 01:44:56 smithi031 ceph-mon[29204]: Active manager daemon x restarted
2024-04-25T01:44:56.729 INFO:journalctl@ceph.mon.a.smithi031.stdout:Apr 25 01:44:56 smithi031 ceph-mon[29204]: Activating manager daemon x
2024-04-25T01:44:56.729 INFO:journalctl@ceph.mon.a.smithi031.stdout:Apr 25 01:44:56 smithi031 ceph-mon[29204]: osdmap e2: 0 total, 0 up, 0 in
2024-04-25T01:44:56.729 INFO:journalctl@ceph.mon.a.smithi031.stdout:Apr 25 01:44:56 smithi031 ceph-mon[29204]: mgrmap e6: x(active, starting, since 0.00355889s)
2024-04-25T01:44:56.729 INFO:journalctl@ceph.mon.a.smithi031.stdout:Apr 25 01:44:56 smithi031 ceph-mon[29204]: from='mgr.14120 172.21.15.31:0/4191077064' entity='mgr.x' cmd=[{"prefix": "mon metadata", "id": "a"}]: dispatch
2024-04-25T01:44:56.730 INFO:journalctl@ceph.mon.a.smithi031.stdout:Apr 25 01:44:56 smithi031 ceph-mon[29204]: from='mgr.14120 172.21.15.31:0/4191077064' entity='mgr.x' cmd=[{"prefix": "mgr metadata", "who": "x", "id": "x"}]: dispatch
2024-04-25T01:44:56.730 INFO:journalctl@ceph.mon.a.smithi031.stdout:Apr 25 01:44:56 smithi031 ceph-mon[29204]: from='mgr.14120 172.21.15.31:0/4191077064' entity='mgr.x' cmd=[{"prefix": "mds metadata"}]: dispatch
2024-04-25T01:44:56.730 INFO:journalctl@ceph.mon.a.smithi031.stdout:Apr 25 01:44:56 smithi031 ceph-mon[29204]: from='mgr.14120 172.21.15.31:0/4191077064' entity='mgr.x' cmd=[{"prefix": "osd metadata"}]: dispatch
2024-04-25T01:44:56.730 INFO:journalctl@ceph.mon.a.smithi031.stdout:Apr 25 01:44:56 smithi031 ceph-mon[29204]: from='mgr.14120 172.21.15.31:0/4191077064' entity='mgr.x' cmd=[{"prefix": "mon metadata"}]: dispatch
2024-04-25T01:44:56.730 INFO:journalctl@ceph.mon.a.smithi031.stdout:Apr 25 01:44:56 smithi031 ceph-mon[29204]: Manager daemon x is now available
2024-04-25T01:44:56.730 INFO:journalctl@ceph.mon.a.smithi031.stdout:Apr 25 01:44:56 smithi031 ceph-mon[29204]: from='mgr.14120 172.21.15.31:0/4191077064' entity='mgr.x'
2024-04-25T01:44:56.730 INFO:journalctl@ceph.mon.a.smithi031.stdout:Apr 25 01:44:56 smithi031 ceph-mon[29204]: from='mgr.14120 172.21.15.31:0/4191077064' entity='mgr.x'
2024-04-25T01:44:56.730 INFO:journalctl@ceph.mon.a.smithi031.stdout:Apr 25 01:44:56 smithi031 ceph-mon[29204]: from='mgr.14120 172.21.15.31:0/4191077064' entity='mgr.x' cmd=[{"prefix": "config dump", "format": "json"}]: dispatch
2024-04-25T01:44:56.730 INFO:journalctl@ceph.mon.a.smithi031.stdout:Apr 25 01:44:56 smithi031 ceph-mon[29204]: from='mgr.14120 172.21.15.31:0/4191077064' entity='mgr.x' cmd=[{"prefix": "config dump", "format": "json"}]: dispatch
2024-04-25T01:44:56.730 INFO:journalctl@ceph.mon.a.smithi031.stdout:Apr 25 01:44:56 smithi031 ceph-mon[29204]: from='mgr.14120 172.21.15.31:0/4191077064' entity='mgr.x' cmd=[{"prefix":"config rm","who":"mgr","name":"mgr/rbd_support/x/mirror_snapshot_schedule"}]: dispatch
2024-04-25T01:44:57.717 INFO:journalctl@ceph.mon.a.smithi031.stdout:Apr 25 01:44:57 smithi031 ceph-mon[29204]: Found migration_current of "None". Setting to last migration.
2024-04-25T01:44:57.717 INFO:journalctl@ceph.mon.a.smithi031.stdout:Apr 25 01:44:57 smithi031 ceph-mon[29204]: from='mgr.14120 172.21.15.31:0/4191077064' entity='mgr.x' cmd=[{"prefix":"config rm","who":"mgr","name":"mgr/rbd_support/x/trash_purge_schedule"}]: dispatch
2024-04-25T01:44:57.717 INFO:journalctl@ceph.mon.a.smithi031.stdout:Apr 25 01:44:57 smithi031 ceph-mon[29204]: mgrmap e7: x(active, since 1.00526s)
2024-04-25T01:44:57.976 INFO:teuthology.orchestra.run.smithi031.stdout:/usr/bin/ceph: stdout {
2024-04-25T01:44:57.976 INFO:teuthology.orchestra.run.smithi031.stdout:/usr/bin/ceph: stdout "mgrmap_epoch": 7,
2024-04-25T01:44:57.976 INFO:teuthology.orchestra.run.smithi031.stdout:/usr/bin/ceph: stdout "initialized": true
2024-04-25T01:44:57.977 INFO:teuthology.orchestra.run.smithi031.stdout:/usr/bin/ceph: stdout }
2024-04-25T01:44:57.977 INFO:teuthology.orchestra.run.smithi031.stdout:/usr/bin/ceph: stderr
2024-04-25T01:44:51.675+0000 7fe7043a9700 1 Processor -- start
2024-04-25T01:44:57.977 INFO:teuthology.orchestra.run.smithi031.stdout:/usr/bin/ceph: stderr
2024-04-25T01:44:51.675+0000 7fe7043a9700 1 -- start start
2024-04-25T01:44:57.977 INFO:teuthology.orchestra.run.smithi031.stdout:/usr/bin/ceph: stderr
2024-04-25T01:44:51.675+0000 7fe7043a9700 1 --2- >> [v2:172.21.15.31:3300/0,v1:172.21.15.31:6789/0] conn(0x7fe6fc107bd0 0x7fe6fc107ff0 unknown :-1 s=NONE pgs=0 cs=0 l=0 rev1=0 crypto rx=0 tx=0 comp rx=0 tx=0).connect
2024-04-25T01:44:57.977 INFO:teuthology.orchestra.run.smithi031.stdout:/usr/bin/ceph: stderr
2024-04-25T01:44:51.675+0000 7fe7043a9700 1 -- --> [v2:172.21.15.31:3300/0,v1:172.21.15.31:6789/0] -- mon_getmap magic: 0 -- 0x7fe6fc1085c0 con 0x7fe6fc107bd0
2024-04-25T01:44:57.977 INFO:teuthology.orchestra.run.smithi031.stdout:/usr/bin/ceph: stderr
2024-04-25T01:44:51.676+0000 7fe702145700 1 --2- >> [v2:172.21.15.31:3300/0,v1:172.21.15.31:6789/0] conn(0x7fe6fc107bd0 0x7fe6fc107ff0 unknown :-1 s=BANNER_CONNECTING pgs=0 cs=0 l=0 rev1=0 crypto rx=0 tx=0 comp rx=0 tx=0)._handle_peer_banner_payload supported=3 required=0
2024-04-25T01:44:57.977 INFO:teuthology.orchestra.run.smithi031.stdout:/usr/bin/ceph: stderr
2024-04-25T01:44:51.676+0000 7fe702145700 1 --2- >> [v2:172.21.15.31:3300/0,v1:172.21.15.31:6789/0] conn(0x7fe6fc107bd0 0x7fe6fc107ff0 unknown :-1 s=HELLO_CONNECTING pgs=0 cs=0 l=0 rev1=1 crypto rx=0 tx=0 comp rx=0 tx=0).handle_hello peer v2:172.21.15.31:3300/0 says I am v2:172.21.15.31:43922/0 (socket says 172.21.15.31:43922)
2024-04-25T01:44:57.977 INFO:teuthology.orchestra.run.smithi031.stdout:/usr/bin/ceph: stderr
2024-04-25T01:44:51.676+0000 7fe702145700 1 -- 172.21.15.31:0/2664867686 learned_addr learned my addr 172.21.15.31:0/2664867686 (peer_addr_for_me v2:172.21.15.31:0/0)
2024-04-25T01:44:57.977 INFO:teuthology.orchestra.run.smithi031.stdout:/usr/bin/ceph: stderr
2024-04-25T01:44:51.676+0000 7fe702145700 1 -- 172.21.15.31:0/2664867686 --> [v2:172.21.15.31:3300/0,v1:172.21.15.31:6789/0] -- mon_subscribe({config=0+,monmap=0+}) -- 0x7fe6fc108d80 con 0x7fe6fc107bd0
2024-04-25T01:44:57.977 INFO:teuthology.orchestra.run.smithi031.stdout:/usr/bin/ceph: stderr
2024-04-25T01:44:51.676+0000 7fe702145700 1 --2- 172.21.15.31:0/2664867686 >> [v2:172.21.15.31:3300/0,v1:172.21.15.31:6789/0] conn(0x7fe6fc107bd0 0x7fe6fc107ff0 secure :-1 s=READY pgs=28 cs=0 l=1 rev1=1 crypto rx=0x7fe6f80098a0 tx=0x7fe6f8009bb0 comp rx=0 tx=0).ready entity=mon.0 client_cookie=3bd24cdf682157c4 server_cookie=0 in_seq=0 out_seq=0
2024-04-25T01:44:57.977 INFO:teuthology.orchestra.run.smithi031.stdout:/usr/bin/ceph: stderr
2024-04-25T01:44:51.676+0000 7fe701143700 1 -- 172.21.15.31:0/2664867686 <== mon.0 v2:172.21.15.31:3300/0 1 ==== mon_map magic: 0 ==== 205+0+0 (secure 0 0 0) 0x7fe6f8004160 con 0x7fe6fc107bd0
2024-04-25T01:44:57.977 INFO:teuthology.orchestra.run.smithi031.stdout:/usr/bin/ceph: stderr
2024-04-25T01:44:51.676+0000 7fe701143700 1 -- 172.21.15.31:0/2664867686 <== mon.0 v2:172.21.15.31:3300/0 2 ==== config(26 keys) ==== 1071+0+0 (secure 0 0 0) 0x7fe6f8004300 con 0x7fe6fc107bd0
2024-04-25T01:44:57.977 INFO:teuthology.orchestra.run.smithi031.stdout:/usr/bin/ceph: stderr
2024-04-25T01:44:51.676+0000 7fe701143700 1 -- 172.21.15.31:0/2664867686 <== mon.0 v2:172.21.15.31:3300/0 3 ==== mon_map magic: 0 ==== 205+0+0 (secure 0 0 0) 0x7fe6f8011a80 con 0x7fe6fc107bd0
2024-04-25T01:44:57.977 INFO:teuthology.orchestra.run.smithi031.stdout:/usr/bin/ceph: stderr
2024-04-25T01:44:51.677+0000 7fe7043a9700 1 -- 172.21.15.31:0/2664867686 >> [v2:172.21.15.31:3300/0,v1:172.21.15.31:6789/0] conn(0x7fe6fc107bd0 msgr2=0x7fe6fc107ff0 secure :-1 s=STATE_CONNECTION_ESTABLISHED l=1).mark_down
2024-04-25T01:44:57.978 INFO:teuthology.orchestra.run.smithi031.stdout:/usr/bin/ceph: stderr
2024-04-25T01:44:51.677+0000 7fe7043a9700 1 --2- 172.21.15.31:0/2664867686 >> [v2:172.21.15.31:3300/0,v1:172.21.15.31:6789/0] conn(0x7fe6fc107bd0 0x7fe6fc107ff0 secure :-1 s=READY pgs=28 cs=0 l=1 rev1=1 crypto rx=0x7fe6f80098a0 tx=0x7fe6f8009bb0 comp rx=0 tx=0).stop
2024-04-25T01:44:57.978 INFO:teuthology.orchestra.run.smithi031.stdout:/usr/bin/ceph: stderr
2024-04-25T01:44:51.677+0000 7fe7043a9700 1 -- 172.21.15.31:0/2664867686 shutdown_connections
2024-04-25T01:44:57.978 INFO:teuthology.orchestra.run.smithi031.stdout:/usr/bin/ceph: stderr
2024-04-25T01:44:51.677+0000 7fe7043a9700 1 --2- 172.21.15.31:0/2664867686 >> [v2:172.21.15.31:3300/0,v1:172.21.15.31:6789/0] conn(0x7fe6fc107bd0 0x7fe6fc107ff0 unknown :-1 s=CLOSED pgs=28 cs=0 l=1 rev1=1 crypto rx=0 tx=0 comp rx=0 tx=0).stop
2024-04-25T01:44:57.978 INFO:teuthology.orchestra.run.smithi031.stdout:/usr/bin/ceph: stderr
2024-04-25T01:44:51.677+0000 7fe7043a9700 1 -- 172.21.15.31:0/2664867686 >> 172.21.15.31:0/2664867686 conn(0x7fe6fc103130 msgr2=0x7fe6fc1055b0 unknown :-1 s=STATE_NONE l=0).mark_down
2024-04-25T01:44:57.978 INFO:teuthology.orchestra.run.smithi031.stdout:/usr/bin/ceph: stderr
2024-04-25T01:44:51.677+0000 7fe7043a9700 1 -- 172.21.15.31:0/2664867686 shutdown_connections
2024-04-25T01:44:57.978 INFO:teuthology.orchestra.run.smithi031.stdout:/usr/bin/ceph: stderr
2024-04-25T01:44:51.677+0000 7fe7043a9700 1 -- 172.21.15.31:0/2664867686 wait complete.
2024-04-25T01:44:57.978 INFO:teuthology.orchestra.run.smithi031.stdout:/usr/bin/ceph: stderr
2024-04-25T01:44:51.678+0000 7fe7043a9700 1 Processor -- start
2024-04-25T01:44:57.978 INFO:teuthology.orchestra.run.smithi031.stdout:/usr/bin/ceph: stderr
2024-04-25T01:44:51.678+0000 7fe7043a9700 1 -- start start
2024-04-25T01:44:57.978 INFO:teuthology.orchestra.run.smithi031.stdout:/usr/bin/ceph: stderr
2024-04-25T01:44:51.678+0000 7fe7043a9700 1 --2- >> [v2:172.21.15.31:3300/0,v1:172.21.15.31:6789/0] conn(0x7fe6fc107bd0 0x7fe6fc07db90 unknown :-1 s=NONE pgs=0 cs=0 l=1 rev1=0 crypto rx=0 tx=0 comp rx=0 tx=0).connect
2024-04-25T01:44:57.978 INFO:teuthology.orchestra.run.smithi031.stdout:/usr/bin/ceph: stderr
2024-04-25T01:44:51.678+0000 7fe7043a9700 1 -- --> [v2:172.21.15.31:3300/0,v1:172.21.15.31:6789/0] -- mon_getmap magic: 0 -- 0x7fe6fc10c130 con 0x7fe6fc107bd0
2024-04-25T01:44:57.978 INFO:teuthology.orchestra.run.smithi031.stdout:/usr/bin/ceph: stderr
2024-04-25T01:44:51.678+0000 7fe702145700 1 --2- >> [v2:172.21.15.31:3300/0,v1:172.21.15.31:6789/0] conn(0x7fe6fc107bd0 0x7fe6fc07db90 unknown :-1 s=BANNER_CONNECTING pgs=0 cs=0 l=1 rev1=0 crypto rx=0 tx=0 comp rx=0 tx=0)._handle_peer_banner_payload supported=3 required=0
2024-04-25T01:44:57.978 INFO:teuthology.orchestra.run.smithi031.stdout:/usr/bin/ceph: stderr
2024-04-25T01:44:51.678+0000 7fe702145700 1 --2- >> [v2:172.21.15.31:3300/0,v1:172.21.15.31:6789/0] conn(0x7fe6fc107bd0 0x7fe6fc07db90 unknown :-1 s=HELLO_CONNECTING pgs=0 cs=0 l=1 rev1=1 crypto rx=0 tx=0 comp rx=0 tx=0).handle_hello peer v2:172.21.15.31:3300/0 says I am v2:172.21.15.31:43934/0 (socket says 172.21.15.31:43934)
2024-04-25T01:44:57.978 INFO:teuthology.orchestra.run.smithi031.stdout:/usr/bin/ceph: stderr
2024-04-25T01:44:51.678+0000 7fe702145700 1 -- 172.21.15.31:0/473190884 learned_addr learned my addr 172.21.15.31:0/473190884 (peer_addr_for_me v2:172.21.15.31:0/0)
2024-04-25T01:44:57.978 INFO:teuthology.orchestra.run.smithi031.stdout:/usr/bin/ceph: stderr
2024-04-25T01:44:51.678+0000 7fe702145700 1 -- 172.21.15.31:0/473190884 --> [v2:172.21.15.31:3300/0,v1:172.21.15.31:6789/0] -- mon_subscribe({config=0+,monmap=0+}) -- 0x7fe6fc07e0d0 con 0x7fe6fc107bd0
2024-04-25T01:44:57.979 INFO:teuthology.orchestra.run.smithi031.stdout:/usr/bin/ceph: stderr
2024-04-25T01:44:51.679+0000 7fe702145700 1 --2- 172.21.15.31:0/473190884 >> [v2:172.21.15.31:3300/0,v1:172.21.15.31:6789/0] conn(0x7fe6fc107bd0 0x7fe6fc07db90 secure :-1 s=READY pgs=29 cs=0 l=1 rev1=1 crypto rx=0x7fe6f8000c00 tx=0x7fe6f8004290 comp rx=0 tx=0).ready entity=mon.0 client_cookie=0 server_cookie=0 in_seq=0 out_seq=0
2024-04-25T01:44:57.979 INFO:teuthology.orchestra.run.smithi031.stdout:/usr/bin/ceph: stderr
2024-04-25T01:44:51.679+0000 7fe6ef7fe700 1 -- 172.21.15.31:0/473190884 <== mon.0 v2:172.21.15.31:3300/0 1 ==== mon_map magic: 0 ==== 205+0+0 (secure 0 0 0) 0x7fe6f80039c0 con 0x7fe6fc107bd0
2024-04-25T01:44:57.979 INFO:teuthology.orchestra.run.smithi031.stdout:/usr/bin/ceph: stderr
2024-04-25T01:44:51.679+0000 7fe6ef7fe700 1 -- 172.21.15.31:0/473190884 <== mon.0 v2:172.21.15.31:3300/0 2 ==== config(26 keys) ==== 1071+0+0 (secure 0 0 0) 0x7fe6f8003b60 con 0x7fe6fc107bd0
2024-04-25T01:44:57.979 INFO:teuthology.orchestra.run.smithi031.stdout:/usr/bin/ceph: stderr
2024-04-25T01:44:51.679+0000 7fe7043a9700 1 -- 172.21.15.31:0/473190884 --> [v2:172.21.15.31:3300/0,v1:172.21.15.31:6789/0] -- mon_subscribe({mgrmap=0+}) -- 0x7fe6fc07c2c0 con 0x7fe6fc107bd0
2024-04-25T01:44:57.979 INFO:teuthology.orchestra.run.smithi031.stdout:/usr/bin/ceph: stderr
2024-04-25T01:44:51.679+0000 7fe6ef7fe700 1 -- 172.21.15.31:0/473190884 <== mon.0 v2:172.21.15.31:3300/0 3 ==== mon_map magic: 0 ==== 205+0+0 (secure 0 0 0) 0x7fe6f801a6f0 con 0x7fe6fc107bd0
2024-04-25T01:44:57.979 INFO:teuthology.orchestra.run.smithi031.stdout:/usr/bin/ceph: stderr
2024-04-25T01:44:51.679+0000 7fe7043a9700 1 -- 172.21.15.31:0/473190884 --> [v2:172.21.15.31:3300/0,v1:172.21.15.31:6789/0] -- mon_subscribe({osdmap=0}) -- 0x7fe6fc07c800 con 0x7fe6fc107bd0
2024-04-25T01:44:57.979 INFO:teuthology.orchestra.run.smithi031.stdout:/usr/bin/ceph: stderr
2024-04-25T01:44:51.680+0000 7fe6ef7fe700 1 -- 172.21.15.31:0/473190884 <== mon.0 v2:172.21.15.31:3300/0 4 ==== mgrmap(e 5) ==== 46287+0+0 (secure 0 0 0) 0x7fe6f801a890 con 0x7fe6fc107bd0
2024-04-25T01:44:57.979 INFO:teuthology.orchestra.run.smithi031.stdout:/usr/bin/ceph: stderr
2024-04-25T01:44:51.680+0000 7fe6ef7fe700 1 --2- 172.21.15.31:0/473190884 >> [v2:172.21.15.31:6800/3153405418,v1:172.21.15.31:6801/3153405418] conn(0x7fe6e80390a0 0x7fe6e803b560 unknown :-1 s=NONE pgs=0 cs=0 l=1 rev1=0 crypto rx=0 tx=0 comp rx=0 tx=0).connect
2024-04-25T01:44:57.979 INFO:teuthology.orchestra.run.smithi031.stdout:/usr/bin/ceph: stderr
2024-04-25T01:44:51.680+0000 7fe6ef7fe700 1 -- 172.21.15.31:0/473190884 --> [v2:172.21.15.31:6800/3153405418,v1:172.21.15.31:6801/3153405418] -- command(tid 0: {"prefix": "get_command_descriptions"}) -- 0x7fe6e803bc70 con 0x7fe6e80390a0
2024-04-25T01:44:57.979 INFO:teuthology.orchestra.run.smithi031.stdout:/usr/bin/ceph: stderr
2024-04-25T01:44:51.680+0000 7fe6ef7fe700 1 -- 172.21.15.31:0/473190884 <== mon.0 v2:172.21.15.31:3300/0 5 ==== osd_map(1..1 src has 1..1) ==== 725+0+0 (secure 0 0 0) 0x7fe6f804d280 con 0x7fe6fc107bd0
2024-04-25T01:44:57.979 INFO:teuthology.orchestra.run.smithi031.stdout:/usr/bin/ceph: stderr
2024-04-25T01:44:51.680+0000 7fe701944700 1 -- 172.21.15.31:0/473190884 >> [v2:172.21.15.31:6800/3153405418,v1:172.21.15.31:6801/3153405418] conn(0x7fe6e80390a0 msgr2=0x7fe6e803b560 unknown :-1 s=STATE_CONNECTING_RE l=1).process reconnect failed to v2:172.21.15.31:6800/3153405418
2024-04-25T01:44:57.979 INFO:teuthology.orchestra.run.smithi031.stdout:/usr/bin/ceph: stderr
2024-04-25T01:44:51.680+0000 7fe701944700 1 --2- 172.21.15.31:0/473190884 >> [v2:172.21.15.31:6800/3153405418,v1:172.21.15.31:6801/3153405418] conn(0x7fe6e80390a0 0x7fe6e803b560 unknown :-1 s=START_CONNECT pgs=0 cs=0 l=1 rev1=0 crypto rx=0 tx=0 comp rx=0 tx=0)._fault waiting 0.200000
2024-04-25T01:44:57.979 INFO:teuthology.orchestra.run.smithi031.stdout:/usr/bin/ceph: stderr
2024-04-25T01:44:51.881+0000 7fe701944700 1 -- 172.21.15.31:0/473190884 >> [v2:172.21.15.31:6800/3153405418,v1:172.21.15.31:6801/3153405418] conn(0x7fe6e80390a0 msgr2=0x7fe6e803b560 unknown :-1 s=STATE_CONNECTING_RE l=1).process reconnect failed to v2:172.21.15.31:6800/3153405418
2024-04-25T01:44:57.979 INFO:teuthology.orchestra.run.smithi031.stdout:/usr/bin/ceph: stderr
2024-04-25T01:44:51.881+0000 7fe701944700 1 --2- 172.21.15.31:0/473190884 >> [v2:172.21.15.31:6800/3153405418,v1:172.21.15.31:6801/3153405418] conn(0x7fe6e80390a0 0x7fe6e803b560 unknown :-1 s=START_CONNECT pgs=0 cs=0 l=1 rev1=0 crypto rx=0 tx=0 comp rx=0 tx=0)._fault waiting 0.400000
2024-04-25T01:44:57.979 INFO:teuthology.orchestra.run.smithi031.stdout:/usr/bin/ceph: stderr
2024-04-25T01:44:52.282+0000 7fe701944700 1 -- 172.21.15.31:0/473190884 >> [v2:172.21.15.31:6800/3153405418,v1:172.21.15.31:6801/3153405418] conn(0x7fe6e80390a0 msgr2=0x7fe6e803b560 unknown :-1 s=STATE_CONNECTING_RE l=1).process reconnect failed to v2:172.21.15.31:6800/3153405418
2024-04-25T01:44:57.980 INFO:teuthology.orchestra.run.smithi031.stdout:/usr/bin/ceph: stderr
2024-04-25T01:44:52.282+0000 7fe701944700 1 --2- 172.21.15.31:0/473190884 >> [v2:172.21.15.31:6800/3153405418,v1:172.21.15.31:6801/3153405418] conn(0x7fe6e80390a0 0x7fe6e803b560 unknown :-1 s=START_CONNECT pgs=0 cs=0 l=1 rev1=0 crypto rx=0 tx=0 comp rx=0 tx=0)._fault waiting 0.800000
2024-04-25T01:44:57.980 INFO:teuthology.orchestra.run.smithi031.stdout:/usr/bin/ceph: stderr
2024-04-25T01:44:53.083+0000 7fe701944700 1 -- 172.21.15.31:0/473190884 >> [v2:172.21.15.31:6800/3153405418,v1:172.21.15.31:6801/3153405418] conn(0x7fe6e80390a0 msgr2=0x7fe6e803b560 unknown :-1 s=STATE_CONNECTING_RE l=1).process reconnect failed to v2:172.21.15.31:6800/3153405418
2024-04-25T01:44:57.980 INFO:teuthology.orchestra.run.smithi031.stdout:/usr/bin/ceph: stderr
2024-04-25T01:44:53.083+0000 7fe701944700 1 --2- 172.21.15.31:0/473190884 >> [v2:172.21.15.31:6800/3153405418,v1:172.21.15.31:6801/3153405418] conn(0x7fe6e80390a0 0x7fe6e803b560 unknown :-1 s=START_CONNECT pgs=0 cs=0 l=1 rev1=0 crypto rx=0 tx=0 comp rx=0 tx=0)._fault waiting 1.600000
2024-04-25T01:44:57.980 INFO:teuthology.orchestra.run.smithi031.stdout:/usr/bin/ceph: stderr
2024-04-25T01:44:54.684+0000 7fe701944700 1 -- 172.21.15.31:0/473190884 >> [v2:172.21.15.31:6800/3153405418,v1:172.21.15.31:6801/3153405418] conn(0x7fe6e80390a0 msgr2=0x7fe6e803b560 unknown :-1 s=STATE_CONNECTING_RE l=1).process reconnect failed to v2:172.21.15.31:6800/3153405418
2024-04-25T01:44:57.980 INFO:teuthology.orchestra.run.smithi031.stdout:/usr/bin/ceph: stderr
2024-04-25T01:44:54.684+0000 7fe701944700 1 --2- 172.21.15.31:0/473190884 >> [v2:172.21.15.31:6800/3153405418,v1:172.21.15.31:6801/3153405418] conn(0x7fe6e80390a0 0x7fe6e803b560 unknown :-1 s=START_CONNECT pgs=0 cs=0 l=1 rev1=0 crypto rx=0 tx=0 comp rx=0 tx=0)._fault waiting 3.200000
2024-04-25T01:44:57.980 INFO:teuthology.orchestra.run.smithi031.stdout:/usr/bin/ceph: stderr
2024-04-25T01:44:56.415+0000 7fe6ef7fe700 1 -- 172.21.15.31:0/473190884 <== mon.0 v2:172.21.15.31:3300/0 6 ==== mgrmap(e 6) ==== 46054+0+0 (secure 0 0 0) 0x7fe6f801ab80 con 0x7fe6fc107bd0
2024-04-25T01:44:57.980 INFO:teuthology.orchestra.run.smithi031.stdout:/usr/bin/ceph: stderr
2024-04-25T01:44:56.415+0000 7fe6ef7fe700 1 -- 172.21.15.31:0/473190884 >> [v2:172.21.15.31:6800/3153405418,v1:172.21.15.31:6801/3153405418] conn(0x7fe6e80390a0 msgr2=0x7fe6e803b560 unknown :-1 s=STATE_CONNECTING l=1).mark_down
2024-04-25T01:44:57.980 INFO:teuthology.orchestra.run.smithi031.stdout:/usr/bin/ceph: stderr
2024-04-25T01:44:56.415+0000 7fe6ef7fe700 1 --2- 172.21.15.31:0/473190884 >> [v2:172.21.15.31:6800/3153405418,v1:172.21.15.31:6801/3153405418] conn(0x7fe6e80390a0 0x7fe6e803b560 unknown :-1 s=START_CONNECT pgs=0 cs=0 l=1 rev1=0 crypto rx=0 tx=0 comp rx=0 tx=0).stop
2024-04-25T01:44:57.980 INFO:teuthology.orchestra.run.smithi031.stdout:/usr/bin/ceph: stderr
2024-04-25T01:44:57.416+0000 7fe6ef7fe700 1 -- 172.21.15.31:0/473190884 <== mon.0 v2:172.21.15.31:3300/0 7 ==== mgrmap(e 7) ==== 46181+0+0 (secure 0 0 0) 0x7fe6f804ed00 con 0x7fe6fc107bd0
2024-04-25T01:44:57.980 INFO:teuthology.orchestra.run.smithi031.stdout:/usr/bin/ceph: stderr
2024-04-25T01:44:57.416+0000 7fe6ef7fe700 1 --2- 172.21.15.31:0/473190884 >> [v2:172.21.15.31:6800/3170545029,v1:172.21.15.31:6801/3170545029] conn(0x7fe6e803c9d0 0x7fe6e803edc0 unknown :-1 s=NONE pgs=0 cs=0 l=1 rev1=0 crypto rx=0 tx=0 comp rx=0 tx=0).connect
2024-04-25T01:44:57.980 INFO:teuthology.orchestra.run.smithi031.stdout:/usr/bin/ceph: stderr
2024-04-25T01:44:57.416+0000 7fe6ef7fe700 1 -- 172.21.15.31:0/473190884 --> [v2:172.21.15.31:6800/3170545029,v1:172.21.15.31:6801/3170545029] -- command(tid 0: {"prefix": "get_command_descriptions"}) -- 0x7fe6e803bc70 con 0x7fe6e803c9d0
2024-04-25T01:44:57.980 INFO:teuthology.orchestra.run.smithi031.stdout:/usr/bin/ceph: stderr
2024-04-25T01:44:57.417+0000 7fe701944700 1 --2- 172.21.15.31:0/473190884 >> [v2:172.21.15.31:6800/3170545029,v1:172.21.15.31:6801/3170545029] conn(0x7fe6e803c9d0 0x7fe6e803edc0 unknown :-1 s=BANNER_CONNECTING pgs=0 cs=0 l=1 rev1=0 crypto rx=0 tx=0 comp rx=0 tx=0)._handle_peer_banner_payload supported=3 required=0
2024-04-25T01:44:57.980 INFO:teuthology.orchestra.run.smithi031.stdout:/usr/bin/ceph: stderr
2024-04-25T01:44:57.417+0000 7fe701944700 1 --2- 172.21.15.31:0/473190884 >> [v2:172.21.15.31:6800/3170545029,v1:172.21.15.31:6801/3170545029] conn(0x7fe6e803c9d0 0x7fe6e803edc0 secure :-1 s=READY pgs=3 cs=0 l=1 rev1=1 crypto rx=0x7fe6f0003a10 tx=0x7fe6f00092b0 comp rx=0 tx=0).ready entity=mgr.14120 client_cookie=0 server_cookie=0 in_seq=0 out_seq=0
2024-04-25T01:44:57.980 INFO:teuthology.orchestra.run.smithi031.stdout:/usr/bin/ceph: stderr
2024-04-25T01:44:57.418+0000 7fe6ef7fe700 1 -- 172.21.15.31:0/473190884 <== mgr.14120 v2:172.21.15.31:6800/3170545029 1 ==== command_reply(tid 0: 0 ) ==== 8+0+7774 (secure 0 0 0) 0x7fe6e803bc70 con 0x7fe6e803c9d0
2024-04-25T01:44:57.980 INFO:teuthology.orchestra.run.smithi031.stdout:/usr/bin/ceph: stderr
2024-04-25T01:44:57.425+0000 7fe7043a9700 1 -- 172.21.15.31:0/473190884 --> [v2:172.21.15.31:6800/3170545029,v1:172.21.15.31:6801/3170545029] -- command(tid 1: {"prefix": "mgr_status"}) -- 0x7fe6fc063890 con 0x7fe6e803c9d0
2024-04-25T01:44:57.981 INFO:teuthology.orchestra.run.smithi031.stdout:/usr/bin/ceph: stderr
2024-04-25T01:44:57.425+0000 7fe6ef7fe700 1 -- 172.21.15.31:0/473190884 <== mgr.14120 v2:172.21.15.31:6800/3170545029 2 ==== command_reply(tid 1: 0 ) ==== 8+0+51 (secure 0 0 0) 0x7fe6fc063890 con 0x7fe6e803c9d0
2024-04-25T01:44:57.981 INFO:teuthology.orchestra.run.smithi031.stdout:/usr/bin/ceph: stderr
2024-04-25T01:44:57.425+0000 7fe7043a9700 1 -- 172.21.15.31:0/473190884 >> [v2:172.21.15.31:6800/3170545029,v1:172.21.15.31:6801/3170545029] conn(0x7fe6e803c9d0 msgr2=0x7fe6e803edc0 secure :-1 s=STATE_CONNECTION_ESTABLISHED l=1).mark_down
2024-04-25T01:44:57.981 INFO:teuthology.orchestra.run.smithi031.stdout:/usr/bin/ceph: stderr
2024-04-25T01:44:57.425+0000 7fe7043a9700 1 --2- 172.21.15.31:0/473190884 >> [v2:172.21.15.31:6800/3170545029,v1:172.21.15.31:6801/3170545029] conn(0x7fe6e803c9d0 0x7fe6e803edc0 secure :-1 s=READY pgs=3 cs=0 l=1 rev1=1 crypto rx=0x7fe6f0003a10 tx=0x7fe6f00092b0 comp rx=0 tx=0).stop
2024-04-25T01:44:57.981 INFO:teuthology.orchestra.run.smithi031.stdout:/usr/bin/ceph: stderr
2024-04-25T01:44:57.425+0000 7fe7043a9700 1 -- 172.21.15.31:0/473190884 >> [v2:172.21.15.31:3300/0,v1:172.21.15.31:6789/0] conn(0x7fe6fc107bd0 msgr2=0x7fe6fc07db90 secure :-1 s=STATE_CONNECTION_ESTABLISHED l=1).mark_down
2024-04-25T01:44:57.981 INFO:teuthology.orchestra.run.smithi031.stdout:/usr/bin/ceph: stderr
2024-04-25T01:44:57.425+0000 7fe7043a9700 1 --2- 172.21.15.31:0/473190884 >> [v2:172.21.15.31:3300/0,v1:172.21.15.31:6789/0] conn(0x7fe6fc107bd0 0x7fe6fc07db90 secure :-1 s=READY pgs=29 cs=0 l=1 rev1=1 crypto rx=0x7fe6f8000c00 tx=0x7fe6f8004290 comp rx=0 tx=0).stop
2024-04-25T01:44:57.981 INFO:teuthology.orchestra.run.smithi031.stdout:/usr/bin/ceph: stderr
2024-04-25T01:44:57.425+0000 7fe7043a9700 1 -- 172.21.15.31:0/473190884 shutdown_connections
2024-04-25T01:44:57.981 INFO:teuthology.orchestra.run.smithi031.stdout:/usr/bin/ceph: stderr
2024-04-25T01:44:57.425+0000 7fe7043a9700 1 --2- 172.21.15.31:0/473190884 >> [v2:172.21.15.31:6800/3170545029,v1:172.21.15.31:6801/3170545029] conn(0x7fe6e803c9d0 0x7fe6e803edc0 unknown :-1 s=CLOSED pgs=3 cs=0 l=1 rev1=1 crypto rx=0 tx=0 comp rx=0 tx=0).stop
2024-04-25T01:44:57.981 INFO:teuthology.orchestra.run.smithi031.stdout:/usr/bin/ceph: stderr
2024-04-25T01:44:57.425+0000 7fe7043a9700 1 --2- 172.21.15.31:0/473190884 >> [v2:172.21.15.31:3300/0,v1:172.21.15.31:6789/0] conn(0x7fe6fc107bd0 0x7fe6fc07db90 unknown :-1 s=CLOSED pgs=29 cs=0 l=1 rev1=1 crypto rx=0 tx=0 comp rx=0 tx=0).stop
2024-04-25T01:44:57.981 INFO:teuthology.orchestra.run.smithi031.stdout:/usr/bin/ceph: stderr
2024-04-25T01:44:57.425+0000 7fe7043a9700 1 --2- 172.21.15.31:0/473190884 >> [v2:172.21.15.31:6800/3153405418,v1:172.21.15.31:6801/3153405418] conn(0x7fe6e80390a0 0x7fe6e803b560 unknown :-1 s=CLOSED pgs=0 cs=0 l=1 rev1=0 crypto rx=0 tx=0 comp rx=0 tx=0).stop
2024-04-25T01:44:57.981 INFO:teuthology.orchestra.run.smithi031.stdout:/usr/bin/ceph: stderr
2024-04-25T01:44:57.425+0000 7fe7043a9700 1 -- 172.21.15.31:0/473190884 >> 172.21.15.31:0/473190884 conn(0x7fe6fc103130 msgr2=0x7fe6fc103d20 unknown :-1 s=STATE_NONE l=0).mark_down
2024-04-25T01:44:57.981 INFO:teuthology.orchestra.run.smithi031.stdout:/usr/bin/ceph: stderr
2024-04-25T01:44:57.425+0000 7fe7043a9700 1 -- 172.21.15.31:0/473190884 shutdown_connections
2024-04-25T01:44:57.981 INFO:teuthology.orchestra.run.smithi031.stdout:/usr/bin/ceph: stderr
2024-04-25T01:44:57.425+0000 7fe7043a9700 1 -- 172.21.15.31:0/473190884 wait complete.
2024-04-25T01:44:57.981 INFO:teuthology.orchestra.run.smithi031.stdout:mgr epoch 5 is available
2024-04-25T01:44:57.981 INFO:teuthology.orchestra.run.smithi031.stdout:Setting orchestrator backend to cephadm...
2024-04-25T01:44:58.634 INFO:journalctl@ceph.mon.a.smithi031.stdout:Apr 25 01:44:58 smithi031 ceph-mon[29204]: from='client.14124 -' entity='client.admin' cmd=[{"prefix": "get_command_descriptions"}]: dispatch
2024-04-25T01:44:58.635 INFO:journalctl@ceph.mon.a.smithi031.stdout:Apr 25 01:44:58 smithi031 ceph-mon[29204]: from='client.14124 -' entity='client.admin' cmd=[{"prefix": "mgr_status"}]: dispatch
2024-04-25T01:44:59.164 INFO:teuthology.orchestra.run.smithi031.stdout:/usr/bin/ceph: stderr
2024-04-25T01:44:58.403+0000 7f2db4360700 1 Processor -- start
2024-04-25T01:44:59.164 INFO:teuthology.orchestra.run.smithi031.stdout:/usr/bin/ceph: stderr
2024-04-25T01:44:58.403+0000 7f2db4360700 1 -- start start
2024-04-25T01:44:59.164 INFO:teuthology.orchestra.run.smithi031.stdout:/usr/bin/ceph: stderr
2024-04-25T01:44:58.404+0000 7f2db4360700 1 --2- >> [v2:172.21.15.31:3300/0,v1:172.21.15.31:6789/0] conn(0x7f2dac106a60 0x7f2dac106e80 unknown :-1 s=NONE pgs=0 cs=0 l=0 rev1=0 crypto rx=0 tx=0 comp rx=0 tx=0).connect
2024-04-25T01:44:59.164 INFO:teuthology.orchestra.run.smithi031.stdout:/usr/bin/ceph: stderr
2024-04-25T01:44:58.404+0000 7f2db4360700 1 -- --> [v2:172.21.15.31:3300/0,v1:172.21.15.31:6789/0] -- mon_getmap magic: 0 -- 0x7f2dac107450 con 0x7f2dac106a60
2024-04-25T01:44:59.164 INFO:teuthology.orchestra.run.smithi031.stdout:/usr/bin/ceph: stderr
2024-04-25T01:44:58.404+0000 7f2db20fc700 1 --2- >> [v2:172.21.15.31:3300/0,v1:172.21.15.31:6789/0] conn(0x7f2dac106a60 0x7f2dac106e80 unknown :-1 s=BANNER_CONNECTING pgs=0 cs=0 l=0 rev1=0 crypto rx=0 tx=0 comp rx=0 tx=0)._handle_peer_banner_payload supported=3 required=0
2024-04-25T01:44:59.164 INFO:teuthology.orchestra.run.smithi031.stdout:/usr/bin/ceph: stderr
2024-04-25T01:44:58.404+0000 7f2db20fc700 1 --2- >> [v2:172.21.15.31:3300/0,v1:172.21.15.31:6789/0] conn(0x7f2dac106a60 0x7f2dac106e80 unknown :-1 s=HELLO_CONNECTING pgs=0 cs=0 l=0 rev1=1 crypto rx=0 tx=0 comp rx=0 tx=0).handle_hello peer v2:172.21.15.31:3300/0 says I am v2:172.21.15.31:35890/0 (socket says 172.21.15.31:35890)
2024-04-25T01:44:59.165 INFO:teuthology.orchestra.run.smithi031.stdout:/usr/bin/ceph: stderr
2024-04-25T01:44:58.404+0000 7f2db20fc700 1 -- 172.21.15.31:0/799454219 learned_addr learned my addr 172.21.15.31:0/799454219 (peer_addr_for_me v2:172.21.15.31:0/0)
2024-04-25T01:44:59.165 INFO:teuthology.orchestra.run.smithi031.stdout:/usr/bin/ceph: stderr
2024-04-25T01:44:58.404+0000 7f2db20fc700 1 -- 172.21.15.31:0/799454219 --> [v2:172.21.15.31:3300/0,v1:172.21.15.31:6789/0] -- mon_subscribe({config=0+,monmap=0+}) -- 0x7f2dac107c60 con 0x7f2dac106a60
2024-04-25T01:44:59.165 INFO:teuthology.orchestra.run.smithi031.stdout:/usr/bin/ceph: stderr
2024-04-25T01:44:58.404+0000 7f2db20fc700 1 --2- 172.21.15.31:0/799454219 >> [v2:172.21.15.31:3300/0,v1:172.21.15.31:6789/0] conn(0x7f2dac106a60 0x7f2dac106e80 secure :-1 s=READY pgs=37 cs=0 l=1 rev1=1 crypto rx=0x7f2d9c0098a0 tx=0x7f2d9c009bb0 comp rx=0 tx=0).ready entity=mon.0 client_cookie=83727e5015bdc580 server_cookie=0 in_seq=0 out_seq=0
2024-04-25T01:44:59.165 INFO:teuthology.orchestra.run.smithi031.stdout:/usr/bin/ceph: stderr
2024-04-25T01:44:58.404+0000 7f2db10fa700 1 -- 172.21.15.31:0/799454219 <== mon.0 v2:172.21.15.31:3300/0 1 ==== mon_map magic: 0 ==== 205+0+0 (secure 0 0 0) 0x7f2d9c004160 con 0x7f2dac106a60
2024-04-25T01:44:59.165 INFO:teuthology.orchestra.run.smithi031.stdout:/usr/bin/ceph: stderr
2024-04-25T01:44:58.404+0000 7f2db10fa700 1 -- 172.21.15.31:0/799454219 <== mon.0 v2:172.21.15.31:3300/0 2 ==== config(26 keys) ==== 1071+0+0 (secure 0 0 0) 0x7f2d9c004300 con 0x7f2dac106a60
2024-04-25T01:44:59.165 INFO:teuthology.orchestra.run.smithi031.stdout:/usr/bin/ceph: stderr
2024-04-25T01:44:58.404+0000 7f2db10fa700 1 -- 172.21.15.31:0/799454219 <== mon.0 v2:172.21.15.31:3300/0 3 ==== mon_map magic: 0 ==== 205+0+0 (secure 0 0 0) 0x7f2d9c011a80 con 0x7f2dac106a60
2024-04-25T01:44:59.165 INFO:teuthology.orchestra.run.smithi031.stdout:/usr/bin/ceph: stderr
2024-04-25T01:44:58.405+0000 7f2db4360700 1 -- 172.21.15.31:0/799454219 >> [v2:172.21.15.31:3300/0,v1:172.21.15.31:6789/0] conn(0x7f2dac106a60 msgr2=0x7f2dac106e80 secure :-1 s=STATE_CONNECTION_ESTABLISHED l=1).mark_down
2024-04-25T01:44:59.165 INFO:teuthology.orchestra.run.smithi031.stdout:/usr/bin/ceph: stderr
2024-04-25T01:44:58.405+0000 7f2db4360700 1 --2- 172.21.15.31:0/799454219 >> [v2:172.21.15.31:3300/0,v1:172.21.15.31:6789/0] conn(0x7f2dac106a60 0x7f2dac106e80 secure :-1 s=READY pgs=37 cs=0 l=1 rev1=1 crypto rx=0x7f2d9c0098a0 tx=0x7f2d9c009bb0 comp rx=0 tx=0).stop
2024-04-25T01:44:59.165 INFO:teuthology.orchestra.run.smithi031.stdout:/usr/bin/ceph: stderr
2024-04-25T01:44:58.405+0000 7f2db4360700 1 -- 172.21.15.31:0/799454219 shutdown_connections
2024-04-25T01:44:59.165 INFO:teuthology.orchestra.run.smithi031.stdout:/usr/bin/ceph: stderr
2024-04-25T01:44:58.405+0000 7f2db4360700 1 --2- 172.21.15.31:0/799454219 >> [v2:172.21.15.31:3300/0,v1:172.21.15.31:6789/0] conn(0x7f2dac106a60 0x7f2dac106e80 unknown :-1 s=CLOSED pgs=37 cs=0 l=1 rev1=1 crypto rx=0 tx=0 comp rx=0 tx=0).stop
2024-04-25T01:44:59.165 INFO:teuthology.orchestra.run.smithi031.stdout:/usr/bin/ceph: stderr
2024-04-25T01:44:58.405+0000 7f2db4360700 1 -- 172.21.15.31:0/799454219 >> 172.21.15.31:0/799454219 conn(0x7f2dac101fe0 msgr2=0x7f2dac104440 unknown :-1 s=STATE_NONE l=0).mark_down
2024-04-25T01:44:59.165 INFO:teuthology.orchestra.run.smithi031.stdout:/usr/bin/ceph: stderr
2024-04-25T01:44:58.405+0000 7f2db4360700 1 -- 172.21.15.31:0/799454219 shutdown_connections
2024-04-25T01:44:59.165 INFO:teuthology.orchestra.run.smithi031.stdout:/usr/bin/ceph: stderr
2024-04-25T01:44:58.405+0000 7f2db4360700 1 -- 172.21.15.31:0/799454219 wait complete.
2024-04-25T01:44:59.165 INFO:teuthology.orchestra.run.smithi031.stdout:/usr/bin/ceph: stderr
2024-04-25T01:44:58.406+0000 7f2db4360700 1 Processor -- start
2024-04-25T01:44:59.166 INFO:teuthology.orchestra.run.smithi031.stdout:/usr/bin/ceph: stderr
2024-04-25T01:44:58.406+0000 7f2db4360700 1 -- start start
2024-04-25T01:44:59.166 INFO:teuthology.orchestra.run.smithi031.stdout:/usr/bin/ceph: stderr
2024-04-25T01:44:58.406+0000 7f2db4360700 1 --2- >> [v2:172.21.15.31:3300/0,v1:172.21.15.31:6789/0] conn(0x7f2dac106a60 0x7f2dac07bad0 unknown :-1 s=NONE pgs=0 cs=0 l=1 rev1=0 crypto rx=0 tx=0 comp rx=0 tx=0).connect
2024-04-25T01:44:59.166 INFO:teuthology.orchestra.run.smithi031.stdout:/usr/bin/ceph: stderr
2024-04-25T01:44:58.406+0000 7f2db4360700 1 -- --> [v2:172.21.15.31:3300/0,v1:172.21.15.31:6789/0] -- mon_getmap magic: 0 -- 0x7f2dac10b010 con 0x7f2dac106a60
2024-04-25T01:44:59.166 INFO:teuthology.orchestra.run.smithi031.stdout:/usr/bin/ceph: stderr
2024-04-25T01:44:58.406+0000 7f2db20fc700 1 --2- >> [v2:172.21.15.31:3300/0,v1:172.21.15.31:6789/0] conn(0x7f2dac106a60 0x7f2dac07bad0 unknown :-1 s=BANNER_CONNECTING pgs=0 cs=0 l=1 rev1=0 crypto rx=0 tx=0 comp rx=0 tx=0)._handle_peer_banner_payload supported=3 required=0
2024-04-25T01:44:59.166 INFO:teuthology.orchestra.run.smithi031.stdout:/usr/bin/ceph: stderr
2024-04-25T01:44:58.406+0000 7f2db20fc700 1 --2- >> [v2:172.21.15.31:3300/0,v1:172.21.15.31:6789/0] conn(0x7f2dac106a60 0x7f2dac07bad0 unknown :-1 s=HELLO_CONNECTING pgs=0 cs=0 l=1 rev1=1 crypto rx=0 tx=0 comp rx=0 tx=0).handle_hello peer v2:172.21.15.31:3300/0 says I am v2:172.21.15.31:35898/0 (socket says 172.21.15.31:35898)
2024-04-25T01:44:59.166 INFO:teuthology.orchestra.run.smithi031.stdout:/usr/bin/ceph: stderr
2024-04-25T01:44:58.406+0000 7f2db20fc700 1 -- 172.21.15.31:0/464850779 learned_addr learned my addr 172.21.15.31:0/464850779 (peer_addr_for_me v2:172.21.15.31:0/0)
2024-04-25T01:44:59.166 INFO:teuthology.orchestra.run.smithi031.stdout:/usr/bin/ceph: stderr
2024-04-25T01:44:58.406+0000 7f2db20fc700 1 -- 172.21.15.31:0/464850779 --> [v2:172.21.15.31:3300/0,v1:172.21.15.31:6789/0] -- mon_subscribe({config=0+,monmap=0+}) -- 0x7f2dac19e7e0 con 0x7f2dac106a60
2024-04-25T01:44:59.166 INFO:teuthology.orchestra.run.smithi031.stdout:/usr/bin/ceph: stderr
2024-04-25T01:44:58.407+0000 7f2db20fc700 1 --2- 172.21.15.31:0/464850779 >> [v2:172.21.15.31:3300/0,v1:172.21.15.31:6789/0] conn(0x7f2dac106a60 0x7f2dac07bad0 secure :-1 s=READY pgs=38 cs=0 l=1 rev1=1 crypto rx=0x7f2d9c000c00 tx=0x7f2d9c011b00 comp rx=0 tx=0).ready entity=mon.0 client_cookie=0 server_cookie=0 in_seq=0 out_seq=0
2024-04-25T01:44:59.166 INFO:teuthology.orchestra.run.smithi031.stdout:/usr/bin/ceph: stderr
2024-04-25T01:44:58.407+0000 7f2da37fe700 1 -- 172.21.15.31:0/464850779 <== mon.0 v2:172.21.15.31:3300/0 1 ==== mon_map magic: 0 ==== 205+0+0 (secure 0 0 0) 0x7f2d9c0039f0 con 0x7f2dac106a60
2024-04-25T01:44:59.166 INFO:teuthology.orchestra.run.smithi031.stdout:/usr/bin/ceph: stderr
2024-04-25T01:44:58.407+0000 7f2da37fe700 1 -- 172.21.15.31:0/464850779 <== mon.0 v2:172.21.15.31:3300/0 2 ==== config(26 keys) ==== 1071+0+0 (secure 0 0 0) 0x7f2d9c003b90 con 0x7f2dac106a60
2024-04-25T01:44:59.166 INFO:teuthology.orchestra.run.smithi031.stdout:/usr/bin/ceph: stderr
2024-04-25T01:44:58.407+0000 7f2db4360700 1 -- 172.21.15.31:0/464850779 --> [v2:172.21.15.31:3300/0,v1:172.21.15.31:6789/0] -- mon_subscribe({mgrmap=0+}) -- 0x7f2dac19e9b0 con 0x7f2dac106a60
2024-04-25T01:44:59.166 INFO:teuthology.orchestra.run.smithi031.stdout:/usr/bin/ceph: stderr
2024-04-25T01:44:58.407+0000 7f2da37fe700 1 -- 172.21.15.31:0/464850779 <== mon.0 v2:172.21.15.31:3300/0 3 ==== mon_map magic: 0 ==== 205+0+0 (secure 0 0 0) 0x7f2d9c01a740 con 0x7f2dac106a60
2024-04-25T01:44:59.166 INFO:teuthology.orchestra.run.smithi031.stdout:/usr/bin/ceph: stderr
2024-04-25T01:44:58.407+0000 7f2db4360700 1 -- 172.21.15.31:0/464850779 --> [v2:172.21.15.31:3300/0,v1:172.21.15.31:6789/0] -- mon_subscribe({osdmap=0}) -- 0x7f2dac19edd0 con 0x7f2dac106a60
2024-04-25T01:44:59.166 INFO:teuthology.orchestra.run.smithi031.stdout:/usr/bin/ceph: stderr
2024-04-25T01:44:58.408+0000 7f2db4360700 1 -- 172.21.15.31:0/464850779 --> [v2:172.21.15.31:3300/0,v1:172.21.15.31:6789/0] -- mon_command({"prefix": "get_command_descriptions"} v 0) -- 0x7f2dac063890 con 0x7f2dac106a60
2024-04-25T01:44:59.167 INFO:teuthology.orchestra.run.smithi031.stdout:/usr/bin/ceph: stderr
2024-04-25T01:44:58.408+0000 7f2da37fe700 1 -- 172.21.15.31:0/464850779 <== mon.0 v2:172.21.15.31:3300/0 4 ==== mgrmap(e 7) ==== 46181+0+0 (secure 0 0 0) 0x7f2d9c024af0 con 0x7f2dac106a60
2024-04-25T01:44:59.167 INFO:teuthology.orchestra.run.smithi031.stdout:/usr/bin/ceph: stderr
2024-04-25T01:44:58.409+0000 7f2da37fe700 1 --2- 172.21.15.31:0/464850779 >> [v2:172.21.15.31:6800/3170545029,v1:172.21.15.31:6801/3170545029] conn(0x7f2d98038f80 0x7f2d9803b440 unknown :-1 s=NONE pgs=0 cs=0 l=1 rev1=0 crypto rx=0 tx=0 comp rx=0 tx=0).connect
2024-04-25T01:44:59.167 INFO:teuthology.orchestra.run.smithi031.stdout:/usr/bin/ceph: stderr
2024-04-25T01:44:58.409+0000 7f2da37fe700 1 -- 172.21.15.31:0/464850779 <== mon.0 v2:172.21.15.31:3300/0 5 ==== osd_map(2..2 src has 1..2) ==== 940+0+0 (secure 0 0 0) 0x7f2d9c04d4f0 con 0x7f2dac106a60
2024-04-25T01:44:59.167 INFO:teuthology.orchestra.run.smithi031.stdout:/usr/bin/ceph: stderr
2024-04-25T01:44:58.409+0000 7f2db18fb700 1 --2- 172.21.15.31:0/464850779 >> [v2:172.21.15.31:6800/3170545029,v1:172.21.15.31:6801/3170545029] conn(0x7f2d98038f80 0x7f2d9803b440 unknown :-1 s=BANNER_CONNECTING pgs=0 cs=0 l=1 rev1=0 crypto rx=0 tx=0 comp rx=0 tx=0)._handle_peer_banner_payload supported=3 required=0
2024-04-25T01:44:59.167 INFO:teuthology.orchestra.run.smithi031.stdout:/usr/bin/ceph: stderr
2024-04-25T01:44:58.409+0000 7f2db18fb700 1 --2- 172.21.15.31:0/464850779 >> [v2:172.21.15.31:6800/3170545029,v1:172.21.15.31:6801/3170545029] conn(0x7f2d98038f80 0x7f2d9803b440 secure :-1 s=READY pgs=7 cs=0 l=1 rev1=1 crypto rx=0x7f2da8006fd0 tx=0x7f2da8006e40 comp rx=0 tx=0).ready entity=mgr.14120 client_cookie=0 server_cookie=0 in_seq=0 out_seq=0
2024-04-25T01:44:59.167 INFO:teuthology.orchestra.run.smithi031.stdout:/usr/bin/ceph: stderr
2024-04-25T01:44:58.414+0000 7f2da37fe700 1 -- 172.21.15.31:0/464850779 <== mon.0 v2:172.21.15.31:3300/0 6 ==== mon_command_ack([{"prefix": "get_command_descriptions"}]=0 v0) ==== 72+0+186147 (secure 0 0 0) 0x7f2d9c02c560 con 0x7f2dac106a60
2024-04-25T01:44:59.167 INFO:teuthology.orchestra.run.smithi031.stdout:/usr/bin/ceph: stderr
2024-04-25T01:44:58.468+0000 7f2da37fe700 1 -- 172.21.15.31:0/464850779 <== mon.0 v2:172.21.15.31:3300/0 7 ==== mgrmap(e 8) ==== 46287+0+0 (secure 0 0 0) 0x7f2d9c0247c0 con 0x7f2dac106a60
2024-04-25T01:44:59.167 INFO:teuthology.orchestra.run.smithi031.stdout:/usr/bin/ceph: stderr
2024-04-25T01:44:58.642+0000 7f2db4360700 1 -- 172.21.15.31:0/464850779 --> [v2:172.21.15.31:6800/3170545029,v1:172.21.15.31:6801/3170545029] -- mgr_command(tid 0: {"prefix": "orch set backend", "module_name": "cephadm", "target": ["mon-mgr", ""]}) -- 0x7f2dac1032c0 con 0x7f2d98038f80
2024-04-25T01:44:59.167 INFO:teuthology.orchestra.run.smithi031.stdout:/usr/bin/ceph: stderr
2024-04-25T01:44:58.651+0000 7f2da37fe700 1 -- 172.21.15.31:0/464850779 <== mgr.14120 v2:172.21.15.31:6800/3170545029 1 ==== mgr_command_reply(tid 0: 0 ) ==== 8+0+0 (secure 0 0 0) 0x7f2dac1032c0 con 0x7f2d98038f80
2024-04-25T01:44:59.167 INFO:teuthology.orchestra.run.smithi031.stdout:/usr/bin/ceph: stderr
2024-04-25T01:44:58.653+0000 7f2db4360700 1 -- 172.21.15.31:0/464850779 >> [v2:172.21.15.31:6800/3170545029,v1:172.21.15.31:6801/3170545029] conn(0x7f2d98038f80 msgr2=0x7f2d9803b440 secure :-1 s=STATE_CONNECTION_ESTABLISHED l=1).mark_down
2024-04-25T01:44:59.167 INFO:teuthology.orchestra.run.smithi031.stdout:/usr/bin/ceph: stderr
2024-04-25T01:44:58.653+0000 7f2db4360700 1 --2- 172.21.15.31:0/464850779 >> [v2:172.21.15.31:6800/3170545029,v1:172.21.15.31:6801/3170545029] conn(0x7f2d98038f80 0x7f2d9803b440 secure :-1 s=READY pgs=7 cs=0 l=1 rev1=1 crypto rx=0x7f2da8006fd0 tx=0x7f2da8006e40 comp rx=0 tx=0).stop
2024-04-25T01:44:59.167 INFO:teuthology.orchestra.run.smithi031.stdout:/usr/bin/ceph: stderr
2024-04-25T01:44:58.653+0000 7f2db4360700 1 -- 172.21.15.31:0/464850779 >> [v2:172.21.15.31:3300/0,v1:172.21.15.31:6789/0] conn(0x7f2dac106a60 msgr2=0x7f2dac07bad0 secure :-1 s=STATE_CONNECTION_ESTABLISHED l=1).mark_down
2024-04-25T01:44:59.167 INFO:teuthology.orchestra.run.smithi031.stdout:/usr/bin/ceph: stderr
2024-04-25T01:44:58.653+0000 7f2db4360700 1 --2- 172.21.15.31:0/464850779 >> [v2:172.21.15.31:3300/0,v1:172.21.15.31:6789/0] conn(0x7f2dac106a60 0x7f2dac07bad0 secure :-1 s=READY pgs=38 cs=0 l=1 rev1=1 crypto rx=0x7f2d9c000c00 tx=0x7f2d9c011b00 comp rx=0 tx=0).stop
2024-04-25T01:44:59.167 INFO:teuthology.orchestra.run.smithi031.stdout:/usr/bin/ceph: stderr
2024-04-25T01:44:58.653+0000 7f2db4360700 1 -- 172.21.15.31:0/464850779 shutdown_connections
2024-04-25T01:44:59.168 INFO:teuthology.orchestra.run.smithi031.stdout:/usr/bin/ceph: stderr
2024-04-25T01:44:58.653+0000 7f2db4360700 1 --2- 172.21.15.31:0/464850779 >> [v2:172.21.15.31:6800/3170545029,v1:172.21.15.31:6801/3170545029] conn(0x7f2d98038f80 0x7f2d9803b440 unknown :-1 s=CLOSED pgs=7 cs=0 l=1 rev1=1 crypto rx=0 tx=0 comp rx=0 tx=0).stop
2024-04-25T01:44:59.168 INFO:teuthology.orchestra.run.smithi031.stdout:/usr/bin/ceph: stderr
2024-04-25T01:44:58.653+0000 7f2db4360700 1 --2- 172.21.15.31:0/464850779 >> [v2:172.21.15.31:3300/0,v1:172.21.15.31:6789/0] conn(0x7f2dac106a60 0x7f2dac07bad0 unknown :-1 s=CLOSED pgs=38 cs=0 l=1 rev1=1 crypto rx=0 tx=0 comp rx=0 tx=0).stop
2024-04-25T01:44:59.168 INFO:teuthology.orchestra.run.smithi031.stdout:/usr/bin/ceph: stderr
2024-04-25T01:44:58.653+0000 7f2db4360700 1 -- 172.21.15.31:0/464850779 >> 172.21.15.31:0/464850779 conn(0x7f2dac101fe0 msgr2=0x7f2dac102bb0 unknown :-1 s=STATE_NONE l=0).mark_down
2024-04-25T01:44:59.168 INFO:teuthology.orchestra.run.smithi031.stdout:/usr/bin/ceph: stderr
2024-04-25T01:44:58.654+0000 7f2db4360700 1 -- 172.21.15.31:0/464850779 shutdown_connections
2024-04-25T01:44:59.168 INFO:teuthology.orchestra.run.smithi031.stdout:/usr/bin/ceph: stderr
2024-04-25T01:44:58.654+0000 7f2db4360700 1 -- 172.21.15.31:0/464850779 wait complete.
2024-04-25T01:44:59.729 INFO:journalctl@ceph.mon.a.smithi031.stdout:Apr 25 01:44:59 smithi031 ceph-mon[29204]: mgrmap e8: x(active, since 2s)
2024-04-25T01:44:59.729 INFO:journalctl@ceph.mon.a.smithi031.stdout:Apr 25 01:44:59 smithi031 ceph-mon[29204]: from='client.14132 -' entity='client.admin' cmd=[{"prefix": "orch set backend", "module_name": "cephadm", "target": ["mon-mgr", ""]}]: dispatch
2024-04-25T01:44:59.729 INFO:journalctl@ceph.mon.a.smithi031.stdout:Apr 25 01:44:59 smithi031 ceph-mon[29204]: from='mgr.14120 172.21.15.31:0/4191077064' entity='mgr.x'
2024-04-25T01:44:59.729 INFO:journalctl@ceph.mon.a.smithi031.stdout:Apr 25 01:44:59 smithi031 ceph-mon[29204]: from='mgr.14120 172.21.15.31:0/4191077064' entity='mgr.x' cmd=[{"prefix": "config dump", "format": "json"}]: dispatch
2024-04-25T01:44:59.729 INFO:journalctl@ceph.mon.a.smithi031.stdout:Apr 25 01:44:59 smithi031 ceph-mon[29204]: from='mgr.14120 172.21.15.31:0/4191077064' entity='mgr.x'
2024-04-25T01:44:59.730 INFO:journalctl@ceph.mon.a.smithi031.stdout:Apr 25 01:44:59 smithi031 ceph-mon[29204]: from='mgr.14120 172.21.15.31:0/4191077064' entity='mgr.x'
2024-04-25T01:45:00.386 INFO:teuthology.orchestra.run.smithi031.stdout:/usr/bin/ceph: stdout value unchanged
2024-04-25T01:45:00.386 INFO:teuthology.orchestra.run.smithi031.stdout:/usr/bin/ceph: stderr
2024-04-25T01:44:59.594+0000 7f9e9ab06700 1 Processor -- start
2024-04-25T01:45:00.386 INFO:teuthology.orchestra.run.smithi031.stdout:/usr/bin/ceph: stderr
2024-04-25T01:44:59.594+0000 7f9e9ab06700 1 -- start start
2024-04-25T01:45:00.386 INFO:teuthology.orchestra.run.smithi031.stdout:/usr/bin/ceph: stderr
2024-04-25T01:44:59.594+0000 7f9e9ab06700 1 --2- >> [v2:172.21.15.31:3300/0,v1:172.21.15.31:6789/0] conn(0x7f9e94108050 0x7f9e94108470 unknown :-1 s=NONE pgs=0 cs=0 l=0 rev1=0 crypto rx=0 tx=0 comp rx=0 tx=0).connect
2024-04-25T01:45:00.386 INFO:teuthology.orchestra.run.smithi031.stdout:/usr/bin/ceph: stderr
2024-04-25T01:44:59.594+0000 7f9e9ab06700 1 -- --> [v2:172.21.15.31:3300/0,v1:172.21.15.31:6789/0] -- mon_getmap magic: 0 -- 0x7f9e94108a40 con 0x7f9e94108050
2024-04-25T01:45:00.387 INFO:teuthology.orchestra.run.smithi031.stdout:/usr/bin/ceph: stderr
2024-04-25T01:44:59.594+0000 7f9e988a2700 1 --2- >> [v2:172.21.15.31:3300/0,v1:172.21.15.31:6789/0] conn(0x7f9e94108050 0x7f9e94108470 unknown :-1 s=BANNER_CONNECTING pgs=0 cs=0 l=0 rev1=0 crypto rx=0 tx=0 comp rx=0 tx=0)._handle_peer_banner_payload supported=3 required=0
2024-04-25T01:45:00.387 INFO:teuthology.orchestra.run.smithi031.stdout:/usr/bin/ceph: stderr
2024-04-25T01:44:59.594+0000 7f9e988a2700 1 --2- >> [v2:172.21.15.31:3300/0,v1:172.21.15.31:6789/0] conn(0x7f9e94108050 0x7f9e94108470 unknown :-1 s=HELLO_CONNECTING pgs=0 cs=0 l=0 rev1=1 crypto rx=0 tx=0 comp rx=0 tx=0).handle_hello peer v2:172.21.15.31:3300/0 says I am v2:172.21.15.31:35910/0 (socket says 172.21.15.31:35910)
2024-04-25T01:45:00.387 INFO:teuthology.orchestra.run.smithi031.stdout:/usr/bin/ceph: stderr
2024-04-25T01:44:59.594+0000 7f9e988a2700 1 -- 172.21.15.31:0/269593753 learned_addr learned my addr 172.21.15.31:0/269593753 (peer_addr_for_me v2:172.21.15.31:0/0)
2024-04-25T01:45:00.387 INFO:teuthology.orchestra.run.smithi031.stdout:/usr/bin/ceph: stderr
2024-04-25T01:44:59.594+0000 7f9e988a2700 1 -- 172.21.15.31:0/269593753 --> [v2:172.21.15.31:3300/0,v1:172.21.15.31:6789/0] -- mon_subscribe({config=0+,monmap=0+}) -- 0x7f9e94106c60 con 0x7f9e94108050
2024-04-25T01:45:00.387 INFO:teuthology.orchestra.run.smithi031.stdout:/usr/bin/ceph: stderr
2024-04-25T01:44:59.595+0000 7f9e988a2700 1 --2- 172.21.15.31:0/269593753 >> [v2:172.21.15.31:3300/0,v1:172.21.15.31:6789/0] conn(0x7f9e94108050 0x7f9e94108470 secure :-1 s=READY pgs=39 cs=0 l=1 rev1=1 crypto rx=0x7f9e880098a0 tx=0x7f9e88009bb0 comp rx=0 tx=0).ready entity=mon.0 client_cookie=6a4b2da1321648d0 server_cookie=0 in_seq=0 out_seq=0
2024-04-25T01:45:00.387 INFO:teuthology.orchestra.run.smithi031.stdout:/usr/bin/ceph: stderr
2024-04-25T01:44:59.595+0000 7f9e937fe700 1 -- 172.21.15.31:0/269593753 <== mon.0 v2:172.21.15.31:3300/0 1 ==== mon_map magic: 0 ==== 205+0+0 (secure 0 0 0) 0x7f9e88004160 con 0x7f9e94108050
2024-04-25T01:45:00.387 INFO:teuthology.orchestra.run.smithi031.stdout:/usr/bin/ceph: stderr
2024-04-25T01:44:59.595+0000 7f9e937fe700 1 -- 172.21.15.31:0/269593753 <== mon.0 v2:172.21.15.31:3300/0 2 ==== config(26 keys) ==== 1071+0+0 (secure 0 0 0) 0x7f9e88004300 con 0x7f9e94108050
2024-04-25T01:45:00.387 INFO:teuthology.orchestra.run.smithi031.stdout:/usr/bin/ceph: stderr
2024-04-25T01:44:59.595+0000 7f9e937fe700 1 -- 172.21.15.31:0/269593753 <== mon.0 v2:172.21.15.31:3300/0 3 ==== mon_map magic: 0 ==== 205+0+0 (secure 0 0 0) 0x7f9e88011a80 con 0x7f9e94108050
2024-04-25T01:45:00.387 INFO:teuthology.orchestra.run.smithi031.stdout:/usr/bin/ceph: stderr
2024-04-25T01:44:59.595+0000 7f9e9ab06700 1 -- 172.21.15.31:0/269593753 >> [v2:172.21.15.31:3300/0,v1:172.21.15.31:6789/0] conn(0x7f9e94108050 msgr2=0x7f9e94108470 secure :-1 s=STATE_CONNECTION_ESTABLISHED l=1).mark_down
2024-04-25T01:45:00.387 INFO:teuthology.orchestra.run.smithi031.stdout:/usr/bin/ceph: stderr
2024-04-25T01:44:59.595+0000 7f9e9ab06700 1 --2- 172.21.15.31:0/269593753 >> [v2:172.21.15.31:3300/0,v1:172.21.15.31:6789/0] conn(0x7f9e94108050 0x7f9e94108470 secure :-1 s=READY pgs=39 cs=0 l=1 rev1=1 crypto rx=0x7f9e880098a0 tx=0x7f9e88009bb0 comp rx=0 tx=0).stop
2024-04-25T01:45:00.387 INFO:teuthology.orchestra.run.smithi031.stdout:/usr/bin/ceph: stderr
2024-04-25T01:44:59.596+0000 7f9e9ab06700 1 -- 172.21.15.31:0/269593753 shutdown_connections
2024-04-25T01:45:00.387 INFO:teuthology.orchestra.run.smithi031.stdout:/usr/bin/ceph: stderr
2024-04-25T01:44:59.596+0000 7f9e9ab06700 1 --2- 172.21.15.31:0/269593753 >> [v2:172.21.15.31:3300/0,v1:172.21.15.31:6789/0] conn(0x7f9e94108050 0x7f9e94108470 unknown :-1 s=CLOSED pgs=39 cs=0 l=1 rev1=1 crypto rx=0 tx=0 comp rx=0 tx=0).stop
2024-04-25T01:45:00.387 INFO:teuthology.orchestra.run.smithi031.stdout:/usr/bin/ceph: stderr
