2024-04-25T01:58:40.978+0000 7f7470400700 1 --2- 172.21.15.137:0/29730554 >> [v2:172.21.15.137:3300/0,v1:172.21.15.137:6789/0] conn(0x7f746810a200 0x7f746810a620 unknown :-1 s=CLOSED pgs=18 cs=0 l=1 rev1=1 crypto rx=0 tx=0 comp rx=0 tx=0).stop
2024-04-25T01:58:41.979 INFO:teuthology.orchestra.run.smithi137.stdout:/usr/bin/ceph: stderr
2024-04-25T01:58:40.978+0000 7f7470400700 1 -- 172.21.15.137:0/29730554 >> 172.21.15.137:0/29730554 conn(0x7f7468105900 msgr2=0x7f7468107cf0 unknown :-1 s=STATE_NONE l=0).mark_down
2024-04-25T01:58:41.979 INFO:teuthology.orchestra.run.smithi137.stdout:/usr/bin/ceph: stderr
2024-04-25T01:58:40.978+0000 7f7470400700 1 -- 172.21.15.137:0/29730554 shutdown_connections
2024-04-25T01:58:41.980 INFO:teuthology.orchestra.run.smithi137.stdout:/usr/bin/ceph: stderr
2024-04-25T01:58:40.978+0000 7f7470400700 1 -- 172.21.15.137:0/29730554 wait complete.
2024-04-25T01:58:41.980 INFO:teuthology.orchestra.run.smithi137.stdout:/usr/bin/ceph: stderr
2024-04-25T01:58:40.979+0000 7f7470400700 1 Processor -- start
2024-04-25T01:58:41.980 INFO:teuthology.orchestra.run.smithi137.stdout:/usr/bin/ceph: stderr
2024-04-25T01:58:40.979+0000 7f7470400700 1 -- start start
2024-04-25T01:58:41.980 INFO:teuthology.orchestra.run.smithi137.stdout:/usr/bin/ceph: stderr
2024-04-25T01:58:40.980+0000 7f7470400700 1 --2- >> [v2:172.21.15.137:3300/0,v1:172.21.15.137:6789/0] conn(0x7f746810a200 0x7f746819e220 unknown :-1 s=NONE pgs=0 cs=0 l=1 rev1=0 crypto rx=0 tx=0 comp rx=0 tx=0).connect
2024-04-25T01:58:41.980 INFO:teuthology.orchestra.run.smithi137.stdout:/usr/bin/ceph: stderr
2024-04-25T01:58:40.980+0000 7f7470400700 1 -- --> [v2:172.21.15.137:3300/0,v1:172.21.15.137:6789/0] -- mon_getmap magic: 0 -- 0x7f746810e7b0 con 0x7f746810a200
2024-04-25T01:58:41.980 INFO:teuthology.orchestra.run.smithi137.stdout:/usr/bin/ceph: stderr
2024-04-25T01:58:40.980+0000 7f746da00700 1 --2- >> [v2:172.21.15.137:3300/0,v1:172.21.15.137:6789/0] conn(0x7f746810a200 0x7f746819e220 unknown :-1 s=BANNER_CONNECTING pgs=0 cs=0 l=1 rev1=0 crypto rx=0 tx=0 comp rx=0 tx=0)._handle_peer_banner_payload supported=3 required=0
2024-04-25T01:58:41.980 INFO:teuthology.orchestra.run.smithi137.stdout:/usr/bin/ceph: stderr
2024-04-25T01:58:40.980+0000 7f746da00700 1 --2- >> [v2:172.21.15.137:3300/0,v1:172.21.15.137:6789/0] conn(0x7f746810a200 0x7f746819e220 unknown :-1 s=HELLO_CONNECTING pgs=0 cs=0 l=1 rev1=1 crypto rx=0 tx=0 comp rx=0 tx=0).handle_hello peer v2:172.21.15.137:3300/0 says I am v2:172.21.15.137:48770/0 (socket says 172.21.15.137:48770)
2024-04-25T01:58:41.980 INFO:teuthology.orchestra.run.smithi137.stdout:/usr/bin/ceph: stderr
2024-04-25T01:58:40.980+0000 7f746da00700 1 -- 172.21.15.137:0/2744813982 learned_addr learned my addr 172.21.15.137:0/2744813982 (peer_addr_for_me v2:172.21.15.137:0/0)
2024-04-25T01:58:41.980 INFO:teuthology.orchestra.run.smithi137.stdout:/usr/bin/ceph: stderr
2024-04-25T01:58:40.980+0000 7f746da00700 1 -- 172.21.15.137:0/2744813982 --> [v2:172.21.15.137:3300/0,v1:172.21.15.137:6789/0] -- mon_subscribe({config=0+,monmap=0+}) -- 0x7f746819e760 con 0x7f746810a200
2024-04-25T01:58:41.980 INFO:teuthology.orchestra.run.smithi137.stdout:/usr/bin/ceph: stderr
2024-04-25T01:58:40.981+0000 7f746da00700 1 --2- 172.21.15.137:0/2744813982 >> [v2:172.21.15.137:3300/0,v1:172.21.15.137:6789/0] conn(0x7f746810a200 0x7f746819e220 secure :-1 s=READY pgs=19 cs=0 l=1 rev1=1 crypto rx=0x7f745c000c00 tx=0x7f745c011c80 comp rx=0 tx=0).ready entity=mon.0 client_cookie=0 server_cookie=0 in_seq=0 out_seq=0
2024-04-25T01:58:41.980 INFO:teuthology.orchestra.run.smithi137.stdout:/usr/bin/ceph: stderr
2024-04-25T01:58:40.981+0000 7f7466000700 1 -- 172.21.15.137:0/2744813982 <== mon.0 v2:172.21.15.137:3300/0 1 ==== mon_map magic: 0 ==== 205+0+0 (secure 0 0 0) 0x7f745c003b20 con 0x7f746810a200
2024-04-25T01:58:41.980 INFO:teuthology.orchestra.run.smithi137.stdout:/usr/bin/ceph: stderr
2024-04-25T01:58:40.981+0000 7f7466000700 1 -- 172.21.15.137:0/2744813982 <== mon.0 v2:172.21.15.137:3300/0 2 ==== config(28 keys) ==== 1143+0+0 (secure 0 0 0) 0x7f745c003cc0 con 0x7f746810a200
2024-04-25T01:58:41.980 INFO:teuthology.orchestra.run.smithi137.stdout:/usr/bin/ceph: stderr
2024-04-25T01:58:40.981+0000 7f7470400700 1 -- 172.21.15.137:0/2744813982 --> [v2:172.21.15.137:3300/0,v1:172.21.15.137:6789/0] -- mon_subscribe({mgrmap=0+}) -- 0x7f746819e9f0 con 0x7f746810a200
2024-04-25T01:58:41.980 INFO:teuthology.orchestra.run.smithi137.stdout:/usr/bin/ceph: stderr
2024-04-25T01:58:40.981+0000 7f7466000700 1 -- 172.21.15.137:0/2744813982 <== mon.0 v2:172.21.15.137:3300/0 3 ==== mon_map magic: 0 ==== 205+0+0 (secure 0 0 0) 0x7f745c0249a0 con 0x7f746810a200
2024-04-25T01:58:41.981 INFO:teuthology.orchestra.run.smithi137.stdout:/usr/bin/ceph: stderr
2024-04-25T01:58:40.981+0000 7f7470400700 1 -- 172.21.15.137:0/2744813982 --> [v2:172.21.15.137:3300/0,v1:172.21.15.137:6789/0] -- mon_subscribe({osdmap=0}) -- 0x7f74681a16e0 con 0x7f746810a200
2024-04-25T01:58:41.981 INFO:teuthology.orchestra.run.smithi137.stdout:/usr/bin/ceph: stderr
2024-04-25T01:58:40.982+0000 7f7466000700 1 -- 172.21.15.137:0/2744813982 <== mon.0 v2:172.21.15.137:3300/0 4 ==== mgrmap(e 3) ==== 46170+0+0 (secure 0 0 0) 0x7f745c022020 con 0x7f746810a200
2024-04-25T01:58:41.981 INFO:teuthology.orchestra.run.smithi137.stdout:/usr/bin/ceph: stderr
2024-04-25T01:58:40.982+0000 7f7470400700 1 -- 172.21.15.137:0/2744813982 --> [v2:172.21.15.137:3300/0,v1:172.21.15.137:6789/0] -- mon_command({"prefix": "get_command_descriptions"} v 0) -- 0x7f746810e930 con 0x7f746810a200
2024-04-25T01:58:41.981 INFO:teuthology.orchestra.run.smithi137.stdout:/usr/bin/ceph: stderr
2024-04-25T01:58:40.983+0000 7f7466000700 1 --2- 172.21.15.137:0/2744813982 >> [v2:172.21.15.137:6800/3009931509,v1:172.21.15.137:6801/3009931509] conn(0x7f7450038f30 0x7f745003b3f0 unknown :-1 s=NONE pgs=0 cs=0 l=1 rev1=0 crypto rx=0 tx=0 comp rx=0 tx=0).connect
2024-04-25T01:58:41.981 INFO:teuthology.orchestra.run.smithi137.stdout:/usr/bin/ceph: stderr
2024-04-25T01:58:40.983+0000 7f7466000700 1 -- 172.21.15.137:0/2744813982 <== mon.0 v2:172.21.15.137:3300/0 5 ==== osd_map(1..1 src has 1..1) ==== 725+0+0 (secure 0 0 0) 0x7f745c04ca70 con 0x7f746810a200
2024-04-25T01:58:41.981 INFO:teuthology.orchestra.run.smithi137.stdout:/usr/bin/ceph: stderr
2024-04-25T01:58:40.983+0000 7f746d000700 1 --2- 172.21.15.137:0/2744813982 >> [v2:172.21.15.137:6800/3009931509,v1:172.21.15.137:6801/3009931509] conn(0x7f7450038f30 0x7f745003b3f0 unknown :-1 s=BANNER_CONNECTING pgs=0 cs=0 l=1 rev1=0 crypto rx=0 tx=0 comp rx=0 tx=0)._handle_peer_banner_payload supported=3 required=0
2024-04-25T01:58:41.981 INFO:teuthology.orchestra.run.smithi137.stdout:/usr/bin/ceph: stderr
2024-04-25T01:58:40.984+0000 7f746d000700 1 --2- 172.21.15.137:0/2744813982 >> [v2:172.21.15.137:6800/3009931509,v1:172.21.15.137:6801/3009931509] conn(0x7f7450038f30 0x7f745003b3f0 secure :-1 s=READY pgs=6 cs=0 l=1 rev1=1 crypto rx=0x7f7454006fd0 tx=0x7f7454006e40 comp rx=0 tx=0).ready entity=mgr.14100 client_cookie=0 server_cookie=0 in_seq=0 out_seq=0
2024-04-25T01:58:41.981 INFO:teuthology.orchestra.run.smithi137.stdout:/usr/bin/ceph: stderr
2024-04-25T01:58:40.989+0000 7f7466000700 1 -- 172.21.15.137:0/2744813982 <== mon.0 v2:172.21.15.137:3300/0 6 ==== mon_command_ack([{"prefix": "get_command_descriptions"}]=0 v0) ==== 72+0+186147 (secure 0 0 0) 0x7f745c017ca0 con 0x7f746810a200
2024-04-25T01:58:41.981 INFO:teuthology.orchestra.run.smithi137.stdout:/usr/bin/ceph: stderr
2024-04-25T01:58:41.113+0000 7f7466000700 1 -- 172.21.15.137:0/2744813982 <== mon.0 v2:172.21.15.137:3300/0 7 ==== mgrmap(e 4) ==== 46276+0+0 (secure 0 0 0) 0x7f745c01a430 con 0x7f746810a200
2024-04-25T01:58:41.981 INFO:teuthology.orchestra.run.smithi137.stdout:/usr/bin/ceph: stderr
2024-04-25T01:58:41.296+0000 7f7470400700 1 -- 172.21.15.137:0/2744813982 --> [v2:172.21.15.137:3300/0,v1:172.21.15.137:6789/0] -- mon_command({"prefix": "status", "format": "json-pretty"} v 0) -- 0x7f74681a1c90 con 0x7f746810a200
2024-04-25T01:58:41.981 INFO:teuthology.orchestra.run.smithi137.stdout:/usr/bin/ceph: stderr
2024-04-25T01:58:41.297+0000 7f7466000700 1 -- 172.21.15.137:0/2744813982 <== mon.0 v2:172.21.15.137:3300/0 8 ==== mon_command_ack([{"prefix": "status", "format": "json-pretty"}]=0 v0) ==== 79+0+1239 (secure 0 0 0) 0x7f745c0448b0 con 0x7f746810a200
2024-04-25T01:58:41.981 INFO:teuthology.orchestra.run.smithi137.stdout:/usr/bin/ceph: stderr
2024-04-25T01:58:41.300+0000 7f7470400700 1 -- 172.21.15.137:0/2744813982 >> [v2:172.21.15.137:6800/3009931509,v1:172.21.15.137:6801/3009931509] conn(0x7f7450038f30 msgr2=0x7f745003b3f0 secure :-1 s=STATE_CONNECTION_ESTABLISHED l=1).mark_down
2024-04-25T01:58:41.981 INFO:teuthology.orchestra.run.smithi137.stdout:/usr/bin/ceph: stderr
2024-04-25T01:58:41.300+0000 7f7470400700 1 --2- 172.21.15.137:0/2744813982 >> [v2:172.21.15.137:6800/3009931509,v1:172.21.15.137:6801/3009931509] conn(0x7f7450038f30 0x7f745003b3f0 secure :-1 s=READY pgs=6 cs=0 l=1 rev1=1 crypto rx=0x7f7454006fd0 tx=0x7f7454006e40 comp rx=0 tx=0).stop
2024-04-25T01:58:41.981 INFO:teuthology.orchestra.run.smithi137.stdout:/usr/bin/ceph: stderr
2024-04-25T01:58:41.300+0000 7f7470400700 1 -- 172.21.15.137:0/2744813982 >> [v2:172.21.15.137:3300/0,v1:172.21.15.137:6789/0] conn(0x7f746810a200 msgr2=0x7f746819e220 secure :-1 s=STATE_CONNECTION_ESTABLISHED l=1).mark_down
2024-04-25T01:58:41.982 INFO:teuthology.orchestra.run.smithi137.stdout:/usr/bin/ceph: stderr
2024-04-25T01:58:41.300+0000 7f7470400700 1 --2- 172.21.15.137:0/2744813982 >> [v2:172.21.15.137:3300/0,v1:172.21.15.137:6789/0] conn(0x7f746810a200 0x7f746819e220 secure :-1 s=READY pgs=19 cs=0 l=1 rev1=1 crypto rx=0x7f745c000c00 tx=0x7f745c011c80 comp rx=0 tx=0).stop
2024-04-25T01:58:41.982 INFO:teuthology.orchestra.run.smithi137.stdout:/usr/bin/ceph: stderr
2024-04-25T01:58:41.301+0000 7f7470400700 1 -- 172.21.15.137:0/2744813982 shutdown_connections
2024-04-25T01:58:41.982 INFO:teuthology.orchestra.run.smithi137.stdout:/usr/bin/ceph: stderr
2024-04-25T01:58:41.301+0000 7f7470400700 1 --2- 172.21.15.137:0/2744813982 >> [v2:172.21.15.137:6800/3009931509,v1:172.21.15.137:6801/3009931509] conn(0x7f7450038f30 0x7f745003b3f0 unknown :-1 s=CLOSED pgs=6 cs=0 l=1 rev1=1 crypto rx=0 tx=0 comp rx=0 tx=0).stop
2024-04-25T01:58:41.982 INFO:teuthology.orchestra.run.smithi137.stdout:/usr/bin/ceph: stderr
2024-04-25T01:58:41.301+0000 7f7470400700 1 --2- 172.21.15.137:0/2744813982 >> [v2:172.21.15.137:3300/0,v1:172.21.15.137:6789/0] conn(0x7f746810a200 0x7f746819e220 unknown :-1 s=CLOSED pgs=19 cs=0 l=1 rev1=1 crypto rx=0 tx=0 comp rx=0 tx=0).stop
2024-04-25T01:58:41.982 INFO:teuthology.orchestra.run.smithi137.stdout:/usr/bin/ceph: stderr
2024-04-25T01:58:41.301+0000 7f7470400700 1 -- 172.21.15.137:0/2744813982 >> 172.21.15.137:0/2744813982 conn(0x7f7468105900 msgr2=0x7f7468107460 unknown :-1 s=STATE_NONE l=0).mark_down
2024-04-25T01:58:41.982 INFO:teuthology.orchestra.run.smithi137.stdout:/usr/bin/ceph: stderr
2024-04-25T01:58:41.301+0000 7f7470400700 1 -- 172.21.15.137:0/2744813982 shutdown_connections
2024-04-25T01:58:41.982 INFO:teuthology.orchestra.run.smithi137.stdout:/usr/bin/ceph: stderr
2024-04-25T01:58:41.301+0000 7f7470400700 1 -- 172.21.15.137:0/2744813982 wait complete.
2024-04-25T01:58:41.982 INFO:teuthology.orchestra.run.smithi137.stdout:mgr is available
2024-04-25T01:58:42.279 INFO:journalctl@ceph.mon.a.smithi137.stdout:Apr 25 01:58:42 smithi137 ceph-mon[28303]: mgrmap e4: x(active, since 2s)
2024-04-25T01:58:42.279 INFO:journalctl@ceph.mon.a.smithi137.stdout:Apr 25 01:58:42 smithi137 ceph-mon[28303]: from='client.? 172.21.15.137:0/2744813982' entity='client.admin' cmd=[{"prefix": "status", "format": "json-pretty"}]: dispatch
2024-04-25T01:58:43.472 INFO:journalctl@ceph.mon.a.smithi137.stdout:Apr 25 01:58:43 smithi137 ceph-mon[28303]: from='client.? 172.21.15.137:0/3018148590' entity='client.admin' cmd=[{"prefix": "config assimilate-conf"}]: dispatch
2024-04-25T01:58:43.483 INFO:teuthology.orchestra.run.smithi137.stdout:/usr/bin/ceph: stdout
2024-04-25T01:58:43.483 INFO:teuthology.orchestra.run.smithi137.stdout:/usr/bin/ceph: stdout [global]
2024-04-25T01:58:43.483 INFO:teuthology.orchestra.run.smithi137.stdout:/usr/bin/ceph: stdout fsid = 19106f5e-02a7-11ef-bc93-c7b262605968
2024-04-25T01:58:43.483 INFO:teuthology.orchestra.run.smithi137.stdout:/usr/bin/ceph: stdout mon_osd_allow_pg_remap = true
2024-04-25T01:58:43.483 INFO:teuthology.orchestra.run.smithi137.stdout:/usr/bin/ceph: stdout mon_osd_allow_primary_affinity = true
2024-04-25T01:58:43.483 INFO:teuthology.orchestra.run.smithi137.stdout:/usr/bin/ceph: stdout mon_warn_on_no_sortbitwise = false
2024-04-25T01:58:43.484 INFO:teuthology.orchestra.run.smithi137.stdout:/usr/bin/ceph: stdout osd_crush_chooseleaf_type = 0
2024-04-25T01:58:43.484 INFO:teuthology.orchestra.run.smithi137.stdout:/usr/bin/ceph: stdout
2024-04-25T01:58:43.484 INFO:teuthology.orchestra.run.smithi137.stdout:/usr/bin/ceph: stdout [mgr]
2024-04-25T01:58:43.484 INFO:teuthology.orchestra.run.smithi137.stdout:/usr/bin/ceph: stdout mgr/telemetry/nag = false
2024-04-25T01:58:43.490 INFO:teuthology.orchestra.run.smithi137.stdout:/usr/bin/ceph: stdout
2024-04-25T01:58:43.490 INFO:teuthology.orchestra.run.smithi137.stdout:/usr/bin/ceph: stdout [osd]
2024-04-25T01:58:43.490 INFO:teuthology.orchestra.run.smithi137.stdout:/usr/bin/ceph: stdout mon_osd_backfillfull_ratio = 0.85
2024-04-25T01:58:43.490 INFO:teuthology.orchestra.run.smithi137.stdout:/usr/bin/ceph: stdout mon_osd_full_ratio = 0.9
2024-04-25T01:58:43.490 INFO:teuthology.orchestra.run.smithi137.stdout:/usr/bin/ceph: stdout mon_osd_nearfull_ratio = 0.8
2024-04-25T01:58:43.490 INFO:teuthology.orchestra.run.smithi137.stdout:/usr/bin/ceph: stdout osd_map_max_advance = 10
2024-04-25T01:58:43.490 INFO:teuthology.orchestra.run.smithi137.stdout:/usr/bin/ceph: stdout osd_sloppy_crc = true
2024-04-25T01:58:43.490 INFO:teuthology.orchestra.run.smithi137.stdout:/usr/bin/ceph: stderr
2024-04-25T01:58:42.594+0000 7f3ea9a00700 1 Processor -- start
2024-04-25T01:58:43.490 INFO:teuthology.orchestra.run.smithi137.stdout:/usr/bin/ceph: stderr
2024-04-25T01:58:42.595+0000 7f3ea9a00700 1 -- start start
2024-04-25T01:58:43.490 INFO:teuthology.orchestra.run.smithi137.stdout:/usr/bin/ceph: stderr
2024-04-25T01:58:42.595+0000 7f3ea9a00700 1 --2- >> [v2:172.21.15.137:3300/0,v1:172.21.15.137:6789/0] conn(0x7f3ea410a230 0x7f3ea410a650 unknown :-1 s=NONE pgs=0 cs=0 l=0 rev1=0 crypto rx=0 tx=0 comp rx=0 tx=0).connect
2024-04-25T01:58:43.490 INFO:teuthology.orchestra.run.smithi137.stdout:/usr/bin/ceph: stderr
2024-04-25T01:58:42.595+0000 7f3ea9a00700 1 -- --> [v2:172.21.15.137:3300/0,v1:172.21.15.137:6789/0] -- mon_getmap magic: 0 -- 0x7f3ea410ac20 con 0x7f3ea410a230
2024-04-25T01:58:43.491 INFO:teuthology.orchestra.run.smithi137.stdout:/usr/bin/ceph: stderr
2024-04-25T01:58:42.595+0000 7f3ea2a00700 1 --2- >> [v2:172.21.15.137:3300/0,v1:172.21.15.137:6789/0] conn(0x7f3ea410a230 0x7f3ea410a650 unknown :-1 s=BANNER_CONNECTING pgs=0 cs=0 l=0 rev1=0 crypto rx=0 tx=0 comp rx=0 tx=0)._handle_peer_banner_payload supported=3 required=0
2024-04-25T01:58:43.491 INFO:teuthology.orchestra.run.smithi137.stdout:/usr/bin/ceph: stderr
2024-04-25T01:58:42.595+0000 7f3ea2a00700 1 --2- >> [v2:172.21.15.137:3300/0,v1:172.21.15.137:6789/0] conn(0x7f3ea410a230 0x7f3ea410a650 unknown :-1 s=HELLO_CONNECTING pgs=0 cs=0 l=0 rev1=1 crypto rx=0 tx=0 comp rx=0 tx=0).handle_hello peer v2:172.21.15.137:3300/0 says I am v2:172.21.15.137:48774/0 (socket says 172.21.15.137:48774)
2024-04-25T01:58:43.491 INFO:teuthology.orchestra.run.smithi137.stdout:/usr/bin/ceph: stderr
2024-04-25T01:58:42.595+0000 7f3ea2a00700 1 -- 172.21.15.137:0/517135034 learned_addr learned my addr 172.21.15.137:0/517135034 (peer_addr_for_me v2:172.21.15.137:0/0)
2024-04-25T01:58:43.491 INFO:teuthology.orchestra.run.smithi137.stdout:/usr/bin/ceph: stderr
2024-04-25T01:58:42.596+0000 7f3ea2a00700 1 -- 172.21.15.137:0/517135034 --> [v2:172.21.15.137:3300/0,v1:172.21.15.137:6789/0] -- mon_subscribe({config=0+,monmap=0+}) -- 0x7f3ea410b3e0 con 0x7f3ea410a230
2024-04-25T01:58:43.491 INFO:teuthology.orchestra.run.smithi137.stdout:/usr/bin/ceph: stderr
2024-04-25T01:58:42.596+0000 7f3ea2a00700 1 --2- 172.21.15.137:0/517135034 >> [v2:172.21.15.137:3300/0,v1:172.21.15.137:6789/0] conn(0x7f3ea410a230 0x7f3ea410a650 secure :-1 s=READY pgs=20 cs=0 l=1 rev1=1 crypto rx=0x7f3e940098a0 tx=0x7f3e94009bb0 comp rx=0 tx=0).ready entity=mon.0 client_cookie=17f972d793dfd309 server_cookie=0 in_seq=0 out_seq=0
2024-04-25T01:58:43.491 INFO:teuthology.orchestra.run.smithi137.stdout:/usr/bin/ceph: stderr
2024-04-25T01:58:42.597+0000 7f3ea2000700 1 -- 172.21.15.137:0/517135034 <== mon.0 v2:172.21.15.137:3300/0 1 ==== mon_map magic: 0 ==== 205+0+0 (secure 0 0 0) 0x7f3e94004160 con 0x7f3ea410a230
2024-04-25T01:58:43.491 INFO:teuthology.orchestra.run.smithi137.stdout:/usr/bin/ceph: stderr
2024-04-25T01:58:42.597+0000 7f3ea2000700 1 -- 172.21.15.137:0/517135034 <== mon.0 v2:172.21.15.137:3300/0 2 ==== config(28 keys) ==== 1143+0+0 (secure 0 0 0) 0x7f3e94004300 con 0x7f3ea410a230
2024-04-25T01:58:43.491 INFO:teuthology.orchestra.run.smithi137.stdout:/usr/bin/ceph: stderr
2024-04-25T01:58:42.597+0000 7f3ea2000700 1 -- 172.21.15.137:0/517135034 <== mon.0 v2:172.21.15.137:3300/0 3 ==== mon_map magic: 0 ==== 205+0+0 (secure 0 0 0) 0x7f3e94011c00 con 0x7f3ea410a230
2024-04-25T01:58:43.491 INFO:teuthology.orchestra.run.smithi137.stdout:/usr/bin/ceph: stderr
2024-04-25T01:58:42.598+0000 7f3ea9a00700 1 -- 172.21.15.137:0/517135034 >> [v2:172.21.15.137:3300/0,v1:172.21.15.137:6789/0] conn(0x7f3ea410a230 msgr2=0x7f3ea410a650 secure :-1 s=STATE_CONNECTION_ESTABLISHED l=1).mark_down
2024-04-25T01:58:43.491 INFO:teuthology.orchestra.run.smithi137.stdout:/usr/bin/ceph: stderr
2024-04-25T01:58:42.598+0000 7f3ea9a00700 1 --2- 172.21.15.137:0/517135034 >> [v2:172.21.15.137:3300/0,v1:172.21.15.137:6789/0] conn(0x7f3ea410a230 0x7f3ea410a650 secure :-1 s=READY pgs=20 cs=0 l=1 rev1=1 crypto rx=0x7f3e940098a0 tx=0x7f3e94009bb0 comp rx=0 tx=0).stop
2024-04-25T01:58:43.491 INFO:teuthology.orchestra.run.smithi137.stdout:/usr/bin/ceph: stderr
2024-04-25T01:58:42.598+0000 7f3ea9a00700 1 -- 172.21.15.137:0/517135034 shutdown_connections
2024-04-25T01:58:43.491 INFO:teuthology.orchestra.run.smithi137.stdout:/usr/bin/ceph: stderr
2024-04-25T01:58:42.598+0000 7f3ea9a00700 1 --2- 172.21.15.137:0/517135034 >> [v2:172.21.15.137:3300/0,v1:172.21.15.137:6789/0] conn(0x7f3ea410a230 0x7f3ea410a650 unknown :-1 s=CLOSED pgs=20 cs=0 l=1 rev1=1 crypto rx=0 tx=0 comp rx=0 tx=0).stop
2024-04-25T01:58:43.491 INFO:teuthology.orchestra.run.smithi137.stdout:/usr/bin/ceph: stderr
2024-04-25T01:58:42.598+0000 7f3ea9a00700 1 -- 172.21.15.137:0/517135034 >> 172.21.15.137:0/517135034 conn(0x7f3ea4105900 msgr2=0x7f3ea4107cf0 unknown :-1 s=STATE_NONE l=0).mark_down
2024-04-25T01:58:43.492 INFO:teuthology.orchestra.run.smithi137.stdout:/usr/bin/ceph: stderr
2024-04-25T01:58:42.598+0000 7f3ea9a00700 1 -- 172.21.15.137:0/517135034 shutdown_connections
2024-04-25T01:58:43.492 INFO:teuthology.orchestra.run.smithi137.stdout:/usr/bin/ceph: stderr
2024-04-25T01:58:42.598+0000 7f3ea9a00700 1 -- 172.21.15.137:0/517135034 wait complete.
2024-04-25T01:58:43.492 INFO:teuthology.orchestra.run.smithi137.stdout:/usr/bin/ceph: stderr
2024-04-25T01:58:42.599+0000 7f3ea9a00700 1 Processor -- start
2024-04-25T01:58:43.492 INFO:teuthology.orchestra.run.smithi137.stdout:/usr/bin/ceph: stderr
2024-04-25T01:58:42.599+0000 7f3ea9a00700 1 -- start start
2024-04-25T01:58:43.492 INFO:teuthology.orchestra.run.smithi137.stdout:/usr/bin/ceph: stderr
2024-04-25T01:58:42.599+0000 7f3ea9a00700 1 --2- >> [v2:172.21.15.137:3300/0,v1:172.21.15.137:6789/0] conn(0x7f3ea410a230 0x7f3ea419e240 unknown :-1 s=NONE pgs=0 cs=0 l=1 rev1=0 crypto rx=0 tx=0 comp rx=0 tx=0).connect
2024-04-25T01:58:43.492 INFO:teuthology.orchestra.run.smithi137.stdout:/usr/bin/ceph: stderr
2024-04-25T01:58:42.599+0000 7f3ea9a00700 1 -- --> [v2:172.21.15.137:3300/0,v1:172.21.15.137:6789/0] -- mon_getmap magic: 0 -- 0x7f3ea410e790 con 0x7f3ea410a230
2024-04-25T01:58:43.492 INFO:teuthology.orchestra.run.smithi137.stdout:/usr/bin/ceph: stderr
2024-04-25T01:58:42.600+0000 7f3ea2a00700 1 --2- >> [v2:172.21.15.137:3300/0,v1:172.21.15.137:6789/0] conn(0x7f3ea410a230 0x7f3ea419e240 unknown :-1 s=BANNER_CONNECTING pgs=0 cs=0 l=1 rev1=0 crypto rx=0 tx=0 comp rx=0 tx=0)._handle_peer_banner_payload supported=3 required=0
2024-04-25T01:58:43.492 INFO:teuthology.orchestra.run.smithi137.stdout:/usr/bin/ceph: stderr
2024-04-25T01:58:42.600+0000 7f3ea2a00700 1 --2- >> [v2:172.21.15.137:3300/0,v1:172.21.15.137:6789/0] conn(0x7f3ea410a230 0x7f3ea419e240 unknown :-1 s=HELLO_CONNECTING pgs=0 cs=0 l=1 rev1=1 crypto rx=0 tx=0 comp rx=0 tx=0).handle_hello peer v2:172.21.15.137:3300/0 says I am v2:172.21.15.137:48776/0 (socket says 172.21.15.137:48776)
2024-04-25T01:58:43.492 INFO:teuthology.orchestra.run.smithi137.stdout:/usr/bin/ceph: stderr
2024-04-25T01:58:42.600+0000 7f3ea2a00700 1 -- 172.21.15.137:0/3018148590 learned_addr learned my addr 172.21.15.137:0/3018148590 (peer_addr_for_me v2:172.21.15.137:0/0)
2024-04-25T01:58:43.492 INFO:teuthology.orchestra.run.smithi137.stdout:/usr/bin/ceph: stderr
2024-04-25T01:58:42.600+0000 7f3ea2a00700 1 -- 172.21.15.137:0/3018148590 --> [v2:172.21.15.137:3300/0,v1:172.21.15.137:6789/0] -- mon_subscribe({config=0+,monmap=0+}) -- 0x7f3ea419e780 con 0x7f3ea410a230
2024-04-25T01:58:43.492 INFO:teuthology.orchestra.run.smithi137.stdout:/usr/bin/ceph: stderr
2024-04-25T01:58:42.600+0000 7f3ea2a00700 1 --2- 172.21.15.137:0/3018148590 >> [v2:172.21.15.137:3300/0,v1:172.21.15.137:6789/0] conn(0x7f3ea410a230 0x7f3ea419e240 secure :-1 s=READY pgs=21 cs=0 l=1 rev1=1 crypto rx=0x7f3e94000c00 tx=0x7f3e94011c80 comp rx=0 tx=0).ready entity=mon.0 client_cookie=0 server_cookie=0 in_seq=0 out_seq=0
2024-04-25T01:58:43.492 INFO:teuthology.orchestra.run.smithi137.stdout:/usr/bin/ceph: stderr
2024-04-25T01:58:42.601+0000 7f3e9be00700 1 -- 172.21.15.137:0/3018148590 <== mon.0 v2:172.21.15.137:3300/0 1 ==== mon_map magic: 0 ==== 205+0+0 (secure 0 0 0) 0x7f3e94003b20 con 0x7f3ea410a230
2024-04-25T01:58:43.492 INFO:teuthology.orchestra.run.smithi137.stdout:/usr/bin/ceph: stderr
2024-04-25T01:58:42.601+0000 7f3e9be00700 1 -- 172.21.15.137:0/3018148590 <== mon.0 v2:172.21.15.137:3300/0 2 ==== config(28 keys) ==== 1143+0+0 (secure 0 0 0) 0x7f3e94003cc0 con 0x7f3ea410a230
2024-04-25T01:58:43.492 INFO:teuthology.orchestra.run.smithi137.stdout:/usr/bin/ceph: stderr
2024-04-25T01:58:42.601+0000 7f3e9be00700 1 -- 172.21.15.137:0/3018148590 <== mon.0 v2:172.21.15.137:3300/0 3 ==== mon_map magic: 0 ==== 205+0+0 (secure 0 0 0) 0x7f3e940249a0 con 0x7f3ea410a230
2024-04-25T01:58:43.492 INFO:teuthology.orchestra.run.smithi137.stdout:/usr/bin/ceph: stderr
2024-04-25T01:58:42.601+0000 7f3ea9a00700 1 -- 172.21.15.137:0/3018148590 --> [v2:172.21.15.137:3300/0,v1:172.21.15.137:6789/0] -- mon_subscribe({mgrmap=0+}) -- 0x7f3ea419ea10 con 0x7f3ea410a230
2024-04-25T01:58:43.493 INFO:teuthology.orchestra.run.smithi137.stdout:/usr/bin/ceph: stderr
2024-04-25T01:58:42.601+0000 7f3ea9a00700 1 -- 172.21.15.137:0/3018148590 --> [v2:172.21.15.137:3300/0,v1:172.21.15.137:6789/0] -- mon_subscribe({osdmap=0}) -- 0x7f3ea41a1700 con 0x7f3ea410a230
2024-04-25T01:58:43.493 INFO:teuthology.orchestra.run.smithi137.stdout:/usr/bin/ceph: stderr
2024-04-25T01:58:42.602+0000 7f3e9be00700 1 -- 172.21.15.137:0/3018148590 <== mon.0 v2:172.21.15.137:3300/0 4 ==== mgrmap(e 4) ==== 46276+0+0 (secure 0 0 0) 0x7f3e94022020 con 0x7f3ea410a230
2024-04-25T01:58:43.493 INFO:teuthology.orchestra.run.smithi137.stdout:/usr/bin/ceph: stderr
2024-04-25T01:58:42.602+0000 7f3ea9a00700 1 -- 172.21.15.137:0/3018148590 --> [v2:172.21.15.137:3300/0,v1:172.21.15.137:6789/0] -- mon_command({"prefix": "get_command_descriptions"} v 0) -- 0x7f3ea410e910 con 0x7f3ea410a230
2024-04-25T01:58:43.493 INFO:teuthology.orchestra.run.smithi137.stdout:/usr/bin/ceph: stderr
2024-04-25T01:58:42.603+0000 7f3e9be00700 1 --2- 172.21.15.137:0/3018148590 >> [v2:172.21.15.137:6800/3009931509,v1:172.21.15.137:6801/3009931509] conn(0x7f3e88039050 0x7f3e8803b510 unknown :-1 s=NONE pgs=0 cs=0 l=1 rev1=0 crypto rx=0 tx=0 comp rx=0 tx=0).connect
2024-04-25T01:58:43.493 INFO:teuthology.orchestra.run.smithi137.stdout:/usr/bin/ceph: stderr
2024-04-25T01:58:42.603+0000 7f3e9be00700 1 -- 172.21.15.137:0/3018148590 <== mon.0 v2:172.21.15.137:3300/0 5 ==== osd_map(1..1 src has 1..1) ==== 725+0+0 (secure 0 0 0) 0x7f3e9404cc80 con 0x7f3ea410a230
2024-04-25T01:58:43.493 INFO:teuthology.orchestra.run.smithi137.stdout:/usr/bin/ceph: stderr
2024-04-25T01:58:42.603+0000 7f3e9a000700 1 --2- 172.21.15.137:0/3018148590 >> [v2:172.21.15.137:6800/3009931509,v1:172.21.15.137:6801/3009931509] conn(0x7f3e88039050 0x7f3e8803b510 unknown :-1 s=BANNER_CONNECTING pgs=0 cs=0 l=1 rev1=0 crypto rx=0 tx=0 comp rx=0 tx=0)._handle_peer_banner_payload supported=3 required=0
2024-04-25T01:58:43.493 INFO:teuthology.orchestra.run.smithi137.stdout:/usr/bin/ceph: stderr
2024-04-25T01:58:42.604+0000 7f3e9a000700 1 --2- 172.21.15.137:0/3018148590 >> [v2:172.21.15.137:6800/3009931509,v1:172.21.15.137:6801/3009931509] conn(0x7f3e88039050 0x7f3e8803b510 secure :-1 s=READY pgs=7 cs=0 l=1 rev1=1 crypto rx=0x7f3e8c006fd0 tx=0x7f3e8c006e40 comp rx=0 tx=0).ready entity=mgr.14100 client_cookie=0 server_cookie=0 in_seq=0 out_seq=0
2024-04-25T01:58:43.493 INFO:teuthology.orchestra.run.smithi137.stdout:/usr/bin/ceph: stderr
2024-04-25T01:58:42.609+0000 7f3e9be00700 1 -- 172.21.15.137:0/3018148590 <== mon.0 v2:172.21.15.137:3300/0 6 ==== mon_command_ack([{"prefix": "get_command_descriptions"}]=0 v0) ==== 72+0+186147 (secure 0 0 0) 0x7f3e94017ca0 con 0x7f3ea410a230
2024-04-25T01:58:43.493 INFO:teuthology.orchestra.run.smithi137.stdout:/usr/bin/ceph: stderr
2024-04-25T01:58:42.831+0000 7f3ea9a00700 1 -- 172.21.15.137:0/3018148590 --> [v2:172.21.15.137:3300/0,v1:172.21.15.137:6789/0] -- mon_command({"prefix": "config assimilate-conf"} v 0) -- 0x7f3ea4063890 con 0x7f3ea410a230
2024-04-25T01:58:43.493 INFO:teuthology.orchestra.run.smithi137.stdout:/usr/bin/ceph: stderr
2024-04-25T01:58:42.833+0000 7f3e9be00700 1 -- 172.21.15.137:0/3018148590 <== mon.0 v2:172.21.15.137:3300/0 7 ==== mon_command_ack([{"prefix": "config assimilate-conf"}]=0 v3) ==== 70+0+373 (secure 0 0 0) 0x7f3e9402c560 con 0x7f3ea410a230
2024-04-25T01:58:43.493 INFO:teuthology.orchestra.run.smithi137.stdout:/usr/bin/ceph: stderr
2024-04-25T01:58:42.836+0000 7f3ea9a00700 1 -- 172.21.15.137:0/3018148590 >> [v2:172.21.15.137:6800/3009931509,v1:172.21.15.137:6801/3009931509] conn(0x7f3e88039050 msgr2=0x7f3e8803b510 secure :-1 s=STATE_CONNECTION_ESTABLISHED l=1).mark_down
2024-04-25T01:58:43.493 INFO:teuthology.orchestra.run.smithi137.stdout:/usr/bin/ceph: stderr
2024-04-25T01:58:42.836+0000 7f3ea9a00700 1 --2- 172.21.15.137:0/3018148590 >> [v2:172.21.15.137:6800/3009931509,v1:172.21.15.137:6801/3009931509] conn(0x7f3e88039050 0x7f3e8803b510 secure :-1 s=READY pgs=7 cs=0 l=1 rev1=1 crypto rx=0x7f3e8c006fd0 tx=0x7f3e8c006e40 comp rx=0 tx=0).stop
2024-04-25T01:58:43.493 INFO:teuthology.orchestra.run.smithi137.stdout:/usr/bin/ceph: stderr
2024-04-25T01:58:42.836+0000 7f3ea9a00700 1 -- 172.21.15.137:0/3018148590 >> [v2:172.21.15.137:3300/0,v1:172.21.15.137:6789/0] conn(0x7f3ea410a230 msgr2=0x7f3ea419e240 secure :-1 s=STATE_CONNECTION_ESTABLISHED l=1).mark_down
2024-04-25T01:58:43.493 INFO:teuthology.orchestra.run.smithi137.stdout:/usr/bin/ceph: stderr
2024-04-25T01:58:42.836+0000 7f3ea9a00700 1 --2- 172.21.15.137:0/3018148590 >> [v2:172.21.15.137:3300/0,v1:172.21.15.137:6789/0] conn(0x7f3ea410a230 0x7f3ea419e240 secure :-1 s=READY pgs=21 cs=0 l=1 rev1=1 crypto rx=0x7f3e94000c00 tx=0x7f3e94011c80 comp rx=0 tx=0).stop
2024-04-25T01:58:43.494 INFO:teuthology.orchestra.run.smithi137.stdout:/usr/bin/ceph: stderr
2024-04-25T01:58:42.836+0000 7f3ea9a00700 1 -- 172.21.15.137:0/3018148590 shutdown_connections
2024-04-25T01:58:43.494 INFO:teuthology.orchestra.run.smithi137.stdout:/usr/bin/ceph: stderr
2024-04-25T01:58:42.836+0000 7f3ea9a00700 1 --2- 172.21.15.137:0/3018148590 >> [v2:172.21.15.137:6800/3009931509,v1:172.21.15.137:6801/3009931509] conn(0x7f3e88039050 0x7f3e8803b510 unknown :-1 s=CLOSED pgs=7 cs=0 l=1 rev1=1 crypto rx=0 tx=0 comp rx=0 tx=0).stop
2024-04-25T01:58:43.494 INFO:teuthology.orchestra.run.smithi137.stdout:/usr/bin/ceph: stderr
2024-04-25T01:58:42.836+0000 7f3ea9a00700 1 --2- 172.21.15.137:0/3018148590 >> [v2:172.21.15.137:3300/0,v1:172.21.15.137:6789/0] conn(0x7f3ea410a230 0x7f3ea419e240 unknown :-1 s=CLOSED pgs=21 cs=0 l=1 rev1=1 crypto rx=0 tx=0 comp rx=0 tx=0).stop
2024-04-25T01:58:43.494 INFO:teuthology.orchestra.run.smithi137.stdout:/usr/bin/ceph: stderr
2024-04-25T01:58:42.836+0000 7f3ea9a00700 1 -- 172.21.15.137:0/3018148590 >> 172.21.15.137:0/3018148590 conn(0x7f3ea4105900 msgr2=0x7f3ea41074c0 unknown :-1 s=STATE_NONE l=0).mark_down
2024-04-25T01:58:43.494 INFO:teuthology.orchestra.run.smithi137.stdout:/usr/bin/ceph: stderr
2024-04-25T01:58:42.836+0000 7f3ea9a00700 1 -- 172.21.15.137:0/3018148590 shutdown_connections
2024-04-25T01:58:43.494 INFO:teuthology.orchestra.run.smithi137.stdout:/usr/bin/ceph: stderr
2024-04-25T01:58:42.836+0000 7f3ea9a00700 1 -- 172.21.15.137:0/3018148590 wait complete.
2024-04-25T01:58:43.494 INFO:teuthology.orchestra.run.smithi137.stdout:Enabling cephadm module...
2024-04-25T01:58:44.724 INFO:journalctl@ceph.mon.a.smithi137.stdout:Apr 25 01:58:44 smithi137 ceph-mon[28303]: from='client.? 172.21.15.137:0/1625560399' entity='client.admin' cmd=[{"prefix": "mgr module enable", "module": "cephadm"}]: dispatch
2024-04-25T01:58:44.725 INFO:journalctl@ceph.mgr.x.smithi137.stdout:Apr 25 01:58:44 smithi137 ceph-19106f5e-02a7-11ef-bc93-c7b262605968-mgr-x[28537]: ignoring --setuser ceph since I am not root
2024-04-25T01:58:44.725 INFO:journalctl@ceph.mgr.x.smithi137.stdout:Apr 25 01:58:44 smithi137 ceph-19106f5e-02a7-11ef-bc93-c7b262605968-mgr-x[28537]: ignoring --setgroup ceph since I am not root
2024-04-25T01:58:44.725 INFO:journalctl@ceph.mgr.x.smithi137.stdout:Apr 25 01:58:44 smithi137 ceph-19106f5e-02a7-11ef-bc93-c7b262605968-mgr-x[28537]:
2024-04-25T01:58:44.720+0000 7fb50ef49200 -1 mgr[py] Module balancer has missing NOTIFY_TYPES member
2024-04-25T01:58:45.029 INFO:journalctl@ceph.mgr.x.smithi137.stdout:Apr 25 01:58:44 smithi137 ceph-19106f5e-02a7-11ef-bc93-c7b262605968-mgr-x[28537]:
2024-04-25T01:58:44.959+0000 7fb50ef49200 -1 mgr[py] Module orchestrator has missing NOTIFY_TYPES member
2024-04-25T01:58:45.140 INFO:teuthology.orchestra.run.smithi137.stdout:/usr/bin/ceph: stderr
2024-04-25T01:58:44.079+0000 7fed49c00700 1 Processor -- start
2024-04-25T01:58:45.140 INFO:teuthology.orchestra.run.smithi137.stdout:/usr/bin/ceph: stderr
2024-04-25T01:58:44.079+0000 7fed49c00700 1 -- start start
2024-04-25T01:58:45.140 INFO:teuthology.orchestra.run.smithi137.stdout:/usr/bin/ceph: stderr
2024-04-25T01:58:44.080+0000 7fed49c00700 1 --2- >> [v2:172.21.15.137:3300/0,v1:172.21.15.137:6789/0] conn(0x7fed441068d0 0x7fed44106cf0 unknown :-1 s=NONE pgs=0 cs=0 l=0 rev1=0 crypto rx=0 tx=0 comp rx=0 tx=0).connect
2024-04-25T01:58:45.140 INFO:teuthology.orchestra.run.smithi137.stdout:/usr/bin/ceph: stderr
2024-04-25T01:58:44.080+0000 7fed49c00700 1 -- --> [v2:172.21.15.137:3300/0,v1:172.21.15.137:6789/0] -- mon_getmap magic: 0 -- 0x7fed440634f0 con 0x7fed441068d0
2024-04-25T01:58:45.140 INFO:teuthology.orchestra.run.smithi137.stdout:/usr/bin/ceph: stderr
2024-04-25T01:58:44.080+0000 7fed42a00700 1 --2- >> [v2:172.21.15.137:3300/0,v1:172.21.15.137:6789/0] conn(0x7fed441068d0 0x7fed44106cf0 unknown :-1 s=BANNER_CONNECTING pgs=0 cs=0 l=0 rev1=0 crypto rx=0 tx=0 comp rx=0 tx=0)._handle_peer_banner_payload supported=3 required=0
2024-04-25T01:58:45.140 INFO:teuthology.orchestra.run.smithi137.stdout:/usr/bin/ceph: stderr
2024-04-25T01:58:44.080+0000 7fed42a00700 1 --2- >> [v2:172.21.15.137:3300/0,v1:172.21.15.137:6789/0] conn(0x7fed441068d0 0x7fed44106cf0 unknown :-1 s=HELLO_CONNECTING pgs=0 cs=0 l=0 rev1=1 crypto rx=0 tx=0 comp rx=0 tx=0).handle_hello peer v2:172.21.15.137:3300/0 says I am v2:172.21.15.137:48782/0 (socket says 172.21.15.137:48782)
2024-04-25T01:58:45.140 INFO:teuthology.orchestra.run.smithi137.stdout:/usr/bin/ceph: stderr
2024-04-25T01:58:44.080+0000 7fed42a00700 1 -- 172.21.15.137:0/2843061196 learned_addr learned my addr 172.21.15.137:0/2843061196 (peer_addr_for_me v2:172.21.15.137:0/0)
2024-04-25T01:58:45.141 INFO:teuthology.orchestra.run.smithi137.stdout:/usr/bin/ceph: stderr
2024-04-25T01:58:44.081+0000 7fed42a00700 1 -- 172.21.15.137:0/2843061196 --> [v2:172.21.15.137:3300/0,v1:172.21.15.137:6789/0] -- mon_subscribe({config=0+,monmap=0+}) -- 0x7fed44107230 con 0x7fed441068d0
2024-04-25T01:58:45.141 INFO:teuthology.orchestra.run.smithi137.stdout:/usr/bin/ceph: stderr
2024-04-25T01:58:44.081+0000 7fed42a00700 1 --2- 172.21.15.137:0/2843061196 >> [v2:172.21.15.137:3300/0,v1:172.21.15.137:6789/0] conn(0x7fed441068d0 0x7fed44106cf0 secure :-1 s=READY pgs=22 cs=0 l=1 rev1=1 crypto rx=0x7fed340098a0 tx=0x7fed34009bb0 comp rx=0 tx=0).ready entity=mon.0 client_cookie=67864d3b2659367d server_cookie=0 in_seq=0 out_seq=0
2024-04-25T01:58:45.141 INFO:teuthology.orchestra.run.smithi137.stdout:/usr/bin/ceph: stderr
2024-04-25T01:58:44.082+0000 7fed41600700 1 -- 172.21.15.137:0/2843061196 <== mon.0 v2:172.21.15.137:3300/0 1 ==== mon_map magic: 0 ==== 205+0+0 (secure 0 0 0) 0x7fed34004160 con 0x7fed441068d0
2024-04-25T01:58:45.141 INFO:teuthology.orchestra.run.smithi137.stdout:/usr/bin/ceph: stderr
2024-04-25T01:58:44.082+0000 7fed41600700 1 -- 172.21.15.137:0/2843061196 <== mon.0 v2:172.21.15.137:3300/0 2 ==== config(28 keys) ==== 1143+0+0 (secure 0 0 0) 0x7fed34004300 con 0x7fed441068d0
2024-04-25T01:58:45.141 INFO:teuthology.orchestra.run.smithi137.stdout:/usr/bin/ceph: stderr
2024-04-25T01:58:44.082+0000 7fed41600700 1 -- 172.21.15.137:0/2843061196 <== mon.0 v2:172.21.15.137:3300/0 3 ==== mon_map magic: 0 ==== 205+0+0 (secure 0 0 0) 0x7fed34011c00 con 0x7fed441068d0
2024-04-25T01:58:45.141 INFO:teuthology.orchestra.run.smithi137.stdout:/usr/bin/ceph: stderr
2024-04-25T01:58:44.082+0000 7fed49c00700 1 -- 172.21.15.137:0/2843061196 >> [v2:172.21.15.137:3300/0,v1:172.21.15.137:6789/0] conn(0x7fed441068d0 msgr2=0x7fed44106cf0 secure :-1 s=STATE_CONNECTION_ESTABLISHED l=1).mark_down
2024-04-25T01:58:45.141 INFO:teuthology.orchestra.run.smithi137.stdout:/usr/bin/ceph: stderr
2024-04-25T01:58:44.082+0000 7fed49c00700 1 --2- 172.21.15.137:0/2843061196 >> [v2:172.21.15.137:3300/0,v1:172.21.15.137:6789/0] conn(0x7fed441068d0 0x7fed44106cf0 secure :-1 s=READY pgs=22 cs=0 l=1 rev1=1 crypto rx=0x7fed340098a0 tx=0x7fed34009bb0 comp rx=0 tx=0).stop
2024-04-25T01:58:45.141 INFO:teuthology.orchestra.run.smithi137.stdout:/usr/bin/ceph: stderr
2024-04-25T01:58:44.082+0000 7fed49c00700 1 -- 172.21.15.137:0/2843061196 shutdown_connections
2024-04-25T01:58:45.141 INFO:teuthology.orchestra.run.smithi137.stdout:/usr/bin/ceph: stderr
2024-04-25T01:58:44.082+0000 7fed49c00700 1 --2- 172.21.15.137:0/2843061196 >> [v2:172.21.15.137:3300/0,v1:172.21.15.137:6789/0] conn(0x7fed441068d0 0x7fed44106cf0 unknown :-1 s=CLOSED pgs=22 cs=0 l=1 rev1=1 crypto rx=0 tx=0 comp rx=0 tx=0).stop
2024-04-25T01:58:45.141 INFO:teuthology.orchestra.run.smithi137.stdout:/usr/bin/ceph: stderr
2024-04-25T01:58:44.082+0000 7fed49c00700 1 -- 172.21.15.137:0/2843061196 >> 172.21.15.137:0/2843061196 conn(0x7fed441024f0 msgr2=0x7fed44104910 unknown :-1 s=STATE_NONE l=0).mark_down
2024-04-25T01:58:45.141 INFO:teuthology.orchestra.run.smithi137.stdout:/usr/bin/ceph: stderr
2024-04-25T01:58:44.082+0000 7fed49c00700 1 -- 172.21.15.137:0/2843061196 shutdown_connections
2024-04-25T01:58:45.141 INFO:teuthology.orchestra.run.smithi137.stdout:/usr/bin/ceph: stderr
2024-04-25T01:58:44.082+0000 7fed49c00700 1 -- 172.21.15.137:0/2843061196 wait complete.
2024-04-25T01:58:45.141 INFO:teuthology.orchestra.run.smithi137.stdout:/usr/bin/ceph: stderr
2024-04-25T01:58:44.084+0000 7fed49c00700 1 Processor -- start
2024-04-25T01:58:45.141 INFO:teuthology.orchestra.run.smithi137.stdout:/usr/bin/ceph: stderr
2024-04-25T01:58:44.084+0000 7fed49c00700 1 -- start start
2024-04-25T01:58:45.141 INFO:teuthology.orchestra.run.smithi137.stdout:/usr/bin/ceph: stderr
2024-04-25T01:58:44.084+0000 7fed49c00700 1 --2- >> [v2:172.21.15.137:3300/0,v1:172.21.15.137:6789/0] conn(0x7fed441068d0 0x7fed4419e1d0 unknown :-1 s=NONE pgs=0 cs=0 l=1 rev1=0 crypto rx=0 tx=0 comp rx=0 tx=0).connect
2024-04-25T01:58:45.142 INFO:teuthology.orchestra.run.smithi137.stdout:/usr/bin/ceph: stderr
2024-04-25T01:58:44.084+0000 7fed49c00700 1 -- --> [v2:172.21.15.137:3300/0,v1:172.21.15.137:6789/0] -- mon_getmap magic: 0 -- 0x7fed44108320 con 0x7fed441068d0
2024-04-25T01:58:45.142 INFO:teuthology.orchestra.run.smithi137.stdout:/usr/bin/ceph: stderr
2024-04-25T01:58:44.084+0000 7fed42a00700 1 --2- >> [v2:172.21.15.137:3300/0,v1:172.21.15.137:6789/0] conn(0x7fed441068d0 0x7fed4419e1d0 unknown :-1 s=BANNER_CONNECTING pgs=0 cs=0 l=1 rev1=0 crypto rx=0 tx=0 comp rx=0 tx=0)._handle_peer_banner_payload supported=3 required=0
2024-04-25T01:58:45.142 INFO:teuthology.orchestra.run.smithi137.stdout:/usr/bin/ceph: stderr
2024-04-25T01:58:44.084+0000 7fed42a00700 1 --2- >> [v2:172.21.15.137:3300/0,v1:172.21.15.137:6789/0] conn(0x7fed441068d0 0x7fed4419e1d0 unknown :-1 s=HELLO_CONNECTING pgs=0 cs=0 l=1 rev1=1 crypto rx=0 tx=0 comp rx=0 tx=0).handle_hello peer v2:172.21.15.137:3300/0 says I am v2:172.21.15.137:48790/0 (socket says 172.21.15.137:48790)
2024-04-25T01:58:45.142 INFO:teuthology.orchestra.run.smithi137.stdout:/usr/bin/ceph: stderr
2024-04-25T01:58:44.084+0000 7fed42a00700 1 -- 172.21.15.137:0/1625560399 learned_addr learned my addr 172.21.15.137:0/1625560399 (peer_addr_for_me v2:172.21.15.137:0/0)
2024-04-25T01:58:45.142 INFO:teuthology.orchestra.run.smithi137.stdout:/usr/bin/ceph: stderr
2024-04-25T01:58:44.085+0000 7fed42a00700 1 -- 172.21.15.137:0/1625560399 --> [v2:172.21.15.137:3300/0,v1:172.21.15.137:6789/0] -- mon_subscribe({config=0+,monmap=0+}) -- 0x7fed4419e710 con 0x7fed441068d0
2024-04-25T01:58:45.142 INFO:teuthology.orchestra.run.smithi137.stdout:/usr/bin/ceph: stderr
2024-04-25T01:58:44.085+0000 7fed42a00700 1 --2- 172.21.15.137:0/1625560399 >> [v2:172.21.15.137:3300/0,v1:172.21.15.137:6789/0] conn(0x7fed441068d0 0x7fed4419e1d0 secure :-1 s=READY pgs=23 cs=0 l=1 rev1=1 crypto rx=0x7fed34011bd0 tx=0x7fed34011cb0 comp rx=0 tx=0).ready entity=mon.0 client_cookie=0 server_cookie=0 in_seq=0 out_seq=0
2024-04-25T01:58:45.142 INFO:teuthology.orchestra.run.smithi137.stdout:/usr/bin/ceph: stderr
2024-04-25T01:58:44.085+0000 7fed3b400700 1 -- 172.21.15.137:0/1625560399 <== mon.0 v2:172.21.15.137:3300/0 1 ==== mon_map magic: 0 ==== 205+0+0 (secure 0 0 0) 0x7fed34003b20 con 0x7fed441068d0
2024-04-25T01:58:45.142 INFO:teuthology.orchestra.run.smithi137.stdout:/usr/bin/ceph: stderr
2024-04-25T01:58:44.085+0000 7fed3b400700 1 -- 172.21.15.137:0/1625560399 <== mon.0 v2:172.21.15.137:3300/0 2 ==== config(28 keys) ==== 1143+0+0 (secure 0 0 0) 0x7fed34003cc0 con 0x7fed441068d0
2024-04-25T01:58:45.142 INFO:teuthology.orchestra.run.smithi137.stdout:/usr/bin/ceph: stderr
2024-04-25T01:58:44.085+0000 7fed3b400700 1 -- 172.21.15.137:0/1625560399 <== mon.0 v2:172.21.15.137:3300/0 3 ==== mon_map magic: 0 ==== 205+0+0 (secure 0 0 0) 0x7fed34024930 con 0x7fed441068d0
2024-04-25T01:58:45.142 INFO:teuthology.orchestra.run.smithi137.stdout:/usr/bin/ceph: stderr
2024-04-25T01:58:44.085+0000 7fed49c00700 1 -- 172.21.15.137:0/1625560399 --> [v2:172.21.15.137:3300/0,v1:172.21.15.137:6789/0] -- mon_subscribe({mgrmap=0+}) -- 0x7fed4419e9a0 con 0x7fed441068d0
2024-04-25T01:58:45.142 INFO:teuthology.orchestra.run.smithi137.stdout:/usr/bin/ceph: stderr
2024-04-25T01:58:44.085+0000 7fed49c00700 1 -- 172.21.15.137:0/1625560399 --> [v2:172.21.15.137:3300/0,v1:172.21.15.137:6789/0] -- mon_subscribe({osdmap=0}) -- 0x7fed441a1690 con 0x7fed441068d0
2024-04-25T01:58:45.142 INFO:teuthology.orchestra.run.smithi137.stdout:/usr/bin/ceph: stderr
2024-04-25T01:58:44.086+0000 7fed3b400700 1 -- 172.21.15.137:0/1625560399 <== mon.0 v2:172.21.15.137:3300/0 4 ==== mgrmap(e 4) ==== 46276+0+0 (secure 0 0 0) 0x7fed34022020 con 0x7fed441068d0
2024-04-25T01:58:45.142 INFO:teuthology.orchestra.run.smithi137.stdout:/usr/bin/ceph: stderr
2024-04-25T01:58:44.087+0000 7fed49c00700 1 -- 172.21.15.137:0/1625560399 --> [v2:172.21.15.137:3300/0,v1:172.21.15.137:6789/0] -- mon_command({"prefix": "get_command_descriptions"} v 0) -- 0x7fed44063890 con 0x7fed441068d0
2024-04-25T01:58:45.142 INFO:teuthology.orchestra.run.smithi137.stdout:/usr/bin/ceph: stderr
2024-04-25T01:58:44.087+0000 7fed3b400700 1 --2- 172.21.15.137:0/1625560399 >> [v2:172.21.15.137:6800/3009931509,v1:172.21.15.137:6801/3009931509] conn(0x7fed28039050 0x7fed2803b510 unknown :-1 s=NONE pgs=0 cs=0 l=1 rev1=0 crypto rx=0 tx=0 comp rx=0 tx=0).connect
2024-04-25T01:58:45.143 INFO:teuthology.orchestra.run.smithi137.stdout:/usr/bin/ceph: stderr
2024-04-25T01:58:44.087+0000 7fed3b400700 1 -- 172.21.15.137:0/1625560399 <== mon.0 v2:172.21.15.137:3300/0 5 ==== osd_map(1..1 src has 1..1) ==== 725+0+0 (secure 0 0 0) 0x7fed3404cd30 con 0x7fed441068d0
2024-04-25T01:58:45.143 INFO:teuthology.orchestra.run.smithi137.stdout:/usr/bin/ceph: stderr
2024-04-25T01:58:44.087+0000 7fed42000700 1 --2- 172.21.15.137:0/1625560399 >> [v2:172.21.15.137:6800/3009931509,v1:172.21.15.137:6801/3009931509] conn(0x7fed28039050 0x7fed2803b510 unknown :-1 s=BANNER_CONNECTING pgs=0 cs=0 l=1 rev1=0 crypto rx=0 tx=0 comp rx=0 tx=0)._handle_peer_banner_payload supported=3 required=0
2024-04-25T01:58:45.143 INFO:teuthology.orchestra.run.smithi137.stdout:/usr/bin/ceph: stderr
2024-04-25T01:58:44.088+0000 7fed42000700 1 --2- 172.21.15.137:0/1625560399 >> [v2:172.21.15.137:6800/3009931509,v1:172.21.15.137:6801/3009931509] conn(0x7fed28039050 0x7fed2803b510 secure :-1 s=READY pgs=8 cs=0 l=1 rev1=1 crypto rx=0x7fed30006fd0 tx=0x7fed30006e40 comp rx=0 tx=0).ready entity=mgr.14100 client_cookie=0 server_cookie=0 in_seq=0 out_seq=0
2024-04-25T01:58:45.143 INFO:teuthology.orchestra.run.smithi137.stdout:/usr/bin/ceph: stderr
2024-04-25T01:58:44.093+0000 7fed3b400700 1 -- 172.21.15.137:0/1625560399 <== mon.0 v2:172.21.15.137:3300/0 6 ==== mon_command_ack([{"prefix": "get_command_descriptions"}]=0 v0) ==== 72+0+186147 (secure 0 0 0) 0x7fed3401ad50 con 0x7fed441068d0
2024-04-25T01:58:45.143 INFO:teuthology.orchestra.run.smithi137.stdout:/usr/bin/ceph: stderr
2024-04-25T01:58:44.378+0000 7fed49c00700 1 -- 172.21.15.137:0/1625560399 --> [v2:172.21.15.137:3300/0,v1:172.21.15.137:6789/0] -- mon_command({"prefix": "mgr module enable", "module": "cephadm"} v 0) -- 0x7fed440008d0 con 0x7fed441068d0
2024-04-25T01:58:45.143 INFO:teuthology.orchestra.run.smithi137.stdout:/usr/bin/ceph: stderr
2024-04-25T01:58:44.432+0000 7fed3b400700 1 -- 172.21.15.137:0/1625560399 <== mon.0 v2:172.21.15.137:3300/0 7 ==== mon_command_ack([{"prefix": "mgr module enable", "module": "cephadm"}]=0 v5) ==== 86+0+0 (secure 0 0 0) 0x7fed3404ca90 con 0x7fed441068d0
2024-04-25T01:58:45.143 INFO:teuthology.orchestra.run.smithi137.stdout:/usr/bin/ceph: stderr
2024-04-25T01:58:44.437+0000 7fed3b400700 1 -- 172.21.15.137:0/1625560399 <== mon.0 v2:172.21.15.137:3300/0 8 ==== mgrmap(e 5) ==== 46287+0+0 (secure 0 0 0) 0x7fed3402d3f0 con 0x7fed441068d0
2024-04-25T01:58:45.143 INFO:teuthology.orchestra.run.smithi137.stdout:/usr/bin/ceph: stderr
2024-04-25T01:58:44.438+0000 7fed49c00700 1 -- 172.21.15.137:0/1625560399 >> [v2:172.21.15.137:6800/3009931509,v1:172.21.15.137:6801/3009931509] conn(0x7fed28039050 msgr2=0x7fed2803b510 secure :-1 s=STATE_CONNECTION_ESTABLISHED l=1).mark_down
2024-04-25T01:58:45.143 INFO:teuthology.orchestra.run.smithi137.stdout:/usr/bin/ceph: stderr
2024-04-25T01:58:44.438+0000 7fed49c00700 1 --2- 172.21.15.137:0/1625560399 >> [v2:172.21.15.137:6800/3009931509,v1:172.21.15.137:6801/3009931509] conn(0x7fed28039050 0x7fed2803b510 secure :-1 s=READY pgs=8 cs=0 l=1 rev1=1 crypto rx=0x7fed30006fd0 tx=0x7fed30006e40 comp rx=0 tx=0).stop
2024-04-25T01:58:45.143 INFO:teuthology.orchestra.run.smithi137.stdout:/usr/bin/ceph: stderr
2024-04-25T01:58:44.438+0000 7fed49c00700 1 -- 172.21.15.137:0/1625560399 >> [v2:172.21.15.137:3300/0,v1:172.21.15.137:6789/0] conn(0x7fed441068d0 msgr2=0x7fed4419e1d0 secure :-1 s=STATE_CONNECTION_ESTABLISHED l=1).mark_down
2024-04-25T01:58:45.143 INFO:teuthology.orchestra.run.smithi137.stdout:/usr/bin/ceph: stderr
2024-04-25T01:58:44.438+0000 7fed49c00700 1 --2- 172.21.15.137:0/1625560399 >> [v2:172.21.15.137:3300/0,v1:172.21.15.137:6789/0] conn(0x7fed441068d0 0x7fed4419e1d0 secure :-1 s=READY pgs=23 cs=0 l=1 rev1=1 crypto rx=0x7fed34011bd0 tx=0x7fed34011cb0 comp rx=0 tx=0).stop
2024-04-25T01:58:45.143 INFO:teuthology.orchestra.run.smithi137.stdout:/usr/bin/ceph: stderr
2024-04-25T01:58:44.438+0000 7fed49c00700 1 -- 172.21.15.137:0/1625560399 shutdown_connections
2024-04-25T01:58:45.143 INFO:teuthology.orchestra.run.smithi137.stdout:/usr/bin/ceph: stderr
2024-04-25T01:58:44.438+0000 7fed49c00700 1 --2- 172.21.15.137:0/1625560399 >> [v2:172.21.15.137:6800/3009931509,v1:172.21.15.137:6801/3009931509] conn(0x7fed28039050 0x7fed2803b510 unknown :-1 s=CLOSED pgs=8 cs=0 l=1 rev1=1 crypto rx=0 tx=0 comp rx=0 tx=0).stop
2024-04-25T01:58:45.143 INFO:teuthology.orchestra.run.smithi137.stdout:/usr/bin/ceph: stderr
2024-04-25T01:58:44.438+0000 7fed49c00700 1 --2- 172.21.15.137:0/1625560399 >> [v2:172.21.15.137:3300/0,v1:172.21.15.137:6789/0] conn(0x7fed441068d0 0x7fed4419e1d0 unknown :-1 s=CLOSED pgs=23 cs=0 l=1 rev1=1 crypto rx=0 tx=0 comp rx=0 tx=0).stop
2024-04-25T01:58:45.143 INFO:teuthology.orchestra.run.smithi137.stdout:/usr/bin/ceph: stderr
2024-04-25T01:58:44.438+0000 7fed49c00700 1 -- 172.21.15.137:0/1625560399 >> 172.21.15.137:0/1625560399 conn(0x7fed441024f0 msgr2=0x7fed44194e30 unknown :-1 s=STATE_NONE l=0).mark_down
2024-04-25T01:58:45.144 INFO:teuthology.orchestra.run.smithi137.stdout:/usr/bin/ceph: stderr
2024-04-25T01:58:44.439+0000 7fed49c00700 1 -- 172.21.15.137:0/1625560399 shutdown_connections
2024-04-25T01:58:45.144 INFO:teuthology.orchestra.run.smithi137.stdout:/usr/bin/ceph: stderr
2024-04-25T01:58:44.439+0000 7fed49c00700 1 -- 172.21.15.137:0/1625560399 wait complete.
2024-04-25T01:58:45.443 INFO:journalctl@ceph.mgr.x.smithi137.stdout:Apr 25 01:58:45 smithi137 ceph-19106f5e-02a7-11ef-bc93-c7b262605968-mgr-x[28537]:
2024-04-25T01:58:45.090+0000 7fb50ef49200 -1 mgr[py] Module snap_schedule has missing NOTIFY_TYPES member
2024-04-25T01:58:45.726 INFO:journalctl@ceph.mon.a.smithi137.stdout:Apr 25 01:58:45 smithi137 ceph-mon[28303]: from='client.? 172.21.15.137:0/1625560399' entity='client.admin' cmd='[{"prefix": "mgr module enable", "module": "cephadm"}]': finished
2024-04-25T01:58:45.726 INFO:journalctl@ceph.mon.a.smithi137.stdout:Apr 25 01:58:45 smithi137 ceph-mon[28303]: mgrmap e5: x(active, since 5s)
2024-04-25T01:58:45.726 INFO:journalctl@ceph.mgr.x.smithi137.stdout:Apr 25 01:58:45 smithi137 ceph-19106f5e-02a7-11ef-bc93-c7b262605968-mgr-x[28537]:
2024-04-25T01:58:45.511+0000 7fb50ef49200 -1 mgr[py] Module progress has missing NOTIFY_TYPES member
2024-04-25T01:58:45.727 INFO:journalctl@ceph.mgr.x.smithi137.stdout:Apr 25 01:58:45 smithi137 ceph-19106f5e-02a7-11ef-bc93-c7b262605968-mgr-x[28537]:
2024-04-25T01:58:45.623+0000 7fb50ef49200 -1 mgr[py] Module influx has missing NOTIFY_TYPES member
2024-04-25T01:58:46.709 INFO:journalctl@ceph.mon.a.smithi137.stdout:Apr 25 01:58:46 smithi137 ceph-mon[28303]: from='client.? 172.21.15.137:0/3128019950' entity='client.admin' cmd=[{"prefix": "mgr stat"}]: dispatch
2024-04-25T01:58:46.723 INFO:teuthology.orchestra.run.smithi137.stdout:/usr/bin/ceph: stdout {
2024-04-25T01:58:46.724 INFO:teuthology.orchestra.run.smithi137.stdout:/usr/bin/ceph: stdout "epoch": 5,
2024-04-25T01:58:46.724 INFO:teuthology.orchestra.run.smithi137.stdout:/usr/bin/ceph: stdout "available": true,
2024-04-25T01:58:46.724 INFO:teuthology.orchestra.run.smithi137.stdout:/usr/bin/ceph: stdout "active_name": "x",
2024-04-25T01:58:46.724 INFO:teuthology.orchestra.run.smithi137.stdout:/usr/bin/ceph: stdout "num_standby": 0
2024-04-25T01:58:46.724 INFO:teuthology.orchestra.run.smithi137.stdout:/usr/bin/ceph: stdout }
2024-04-25T01:58:46.724 INFO:teuthology.orchestra.run.smithi137.stdout:/usr/bin/ceph: stderr
2024-04-25T01:58:45.722+0000 7f04c7e00700 1 Processor -- start
2024-04-25T01:58:46.724 INFO:teuthology.orchestra.run.smithi137.stdout:/usr/bin/ceph: stderr
2024-04-25T01:58:45.722+0000 7f04c7e00700 1 -- start start
2024-04-25T01:58:46.724 INFO:teuthology.orchestra.run.smithi137.stdout:/usr/bin/ceph: stderr
2024-04-25T01:58:45.722+0000 7f04c7e00700 1 --2- >> [v2:172.21.15.137:3300/0,v1:172.21.15.137:6789/0] conn(0x7f04c007cd30 0x7f04c007b190 unknown :-1 s=NONE pgs=0 cs=0 l=0 rev1=0 crypto rx=0 tx=0 comp rx=0 tx=0).connect
2024-04-25T01:58:46.724 INFO:teuthology.orchestra.run.smithi137.stdout:/usr/bin/ceph: stderr
2024-04-25T01:58:45.722+0000 7f04c7e00700 1 -- --> [v2:172.21.15.137:3300/0,v1:172.21.15.137:6789/0] -- mon_getmap magic: 0 -- 0x7f04c007b760 con 0x7f04c007cd30
2024-04-25T01:58:46.724 INFO:teuthology.orchestra.run.smithi137.stdout:/usr/bin/ceph: stderr
2024-04-25T01:58:45.723+0000 7f04c5400700 1 --2- >> [v2:172.21.15.137:3300/0,v1:172.21.15.137:6789/0] conn(0x7f04c007cd30 0x7f04c007b190 unknown :-1 s=BANNER_CONNECTING pgs=0 cs=0 l=0 rev1=0 crypto rx=0 tx=0 comp rx=0 tx=0)._handle_peer_banner_payload supported=3 required=0
2024-04-25T01:58:46.724 INFO:teuthology.orchestra.run.smithi137.stdout:/usr/bin/ceph: stderr
