2024-04-25T01:58:45.723+0000 7f04c5400700 1 --2- >> [v2:172.21.15.137:3300/0,v1:172.21.15.137:6789/0] conn(0x7f04c007cd30 0x7f04c007b190 unknown :-1 s=HELLO_CONNECTING pgs=0 cs=0 l=0 rev1=1 crypto rx=0 tx=0 comp rx=0 tx=0).handle_hello peer v2:172.21.15.137:3300/0 says I am v2:172.21.15.137:48812/0 (socket says 172.21.15.137:48812)
2024-04-25T01:58:46.724 INFO:teuthology.orchestra.run.smithi137.stdout:/usr/bin/ceph: stderr
2024-04-25T01:58:45.723+0000 7f04c5400700 1 -- 172.21.15.137:0/4288365180 learned_addr learned my addr 172.21.15.137:0/4288365180 (peer_addr_for_me v2:172.21.15.137:0/0)
2024-04-25T01:58:46.725 INFO:teuthology.orchestra.run.smithi137.stdout:/usr/bin/ceph: stderr
2024-04-25T01:58:45.723+0000 7f04c5400700 1 -- 172.21.15.137:0/4288365180 --> [v2:172.21.15.137:3300/0,v1:172.21.15.137:6789/0] -- mon_subscribe({config=0+,monmap=0+}) -- 0x7f04c007b8e0 con 0x7f04c007cd30
2024-04-25T01:58:46.725 INFO:teuthology.orchestra.run.smithi137.stdout:/usr/bin/ceph: stderr
2024-04-25T01:58:45.724+0000 7f04c5400700 1 --2- 172.21.15.137:0/4288365180 >> [v2:172.21.15.137:3300/0,v1:172.21.15.137:6789/0] conn(0x7f04c007cd30 0x7f04c007b190 secure :-1 s=READY pgs=26 cs=0 l=1 rev1=1 crypto rx=0x7f04b40098a0 tx=0x7f04b4009bb0 comp rx=0 tx=0).ready entity=mon.0 client_cookie=2e9e7ef894ca9073 server_cookie=0 in_seq=0 out_seq=0
2024-04-25T01:58:46.725 INFO:teuthology.orchestra.run.smithi137.stdout:/usr/bin/ceph: stderr
2024-04-25T01:58:45.724+0000 7f04bfe00700 1 -- 172.21.15.137:0/4288365180 <== mon.0 v2:172.21.15.137:3300/0 1 ==== mon_map magic: 0 ==== 205+0+0 (secure 0 0 0) 0x7f04b4004160 con 0x7f04c007cd30
2024-04-25T01:58:46.725 INFO:teuthology.orchestra.run.smithi137.stdout:/usr/bin/ceph: stderr
2024-04-25T01:58:45.724+0000 7f04bfe00700 1 -- 172.21.15.137:0/4288365180 <== mon.0 v2:172.21.15.137:3300/0 2 ==== config(28 keys) ==== 1143+0+0 (secure 0 0 0) 0x7f04b4004300 con 0x7f04c007cd30
2024-04-25T01:58:46.725 INFO:teuthology.orchestra.run.smithi137.stdout:/usr/bin/ceph: stderr
2024-04-25T01:58:45.724+0000 7f04bfe00700 1 -- 172.21.15.137:0/4288365180 <== mon.0 v2:172.21.15.137:3300/0 3 ==== mon_map magic: 0 ==== 205+0+0 (secure 0 0 0) 0x7f04b4011c00 con 0x7f04c007cd30
2024-04-25T01:58:46.726 INFO:teuthology.orchestra.run.smithi137.stdout:/usr/bin/ceph: stderr
2024-04-25T01:58:45.725+0000 7f04c7e00700 1 -- 172.21.15.137:0/4288365180 >> [v2:172.21.15.137:3300/0,v1:172.21.15.137:6789/0] conn(0x7f04c007cd30 msgr2=0x7f04c007b190 secure :-1 s=STATE_CONNECTION_ESTABLISHED l=1).mark_down
2024-04-25T01:58:46.726 INFO:teuthology.orchestra.run.smithi137.stdout:/usr/bin/ceph: stderr
2024-04-25T01:58:45.725+0000 7f04c7e00700 1 --2- 172.21.15.137:0/4288365180 >> [v2:172.21.15.137:3300/0,v1:172.21.15.137:6789/0] conn(0x7f04c007cd30 0x7f04c007b190 secure :-1 s=READY pgs=26 cs=0 l=1 rev1=1 crypto rx=0x7f04b40098a0 tx=0x7f04b4009bb0 comp rx=0 tx=0).stop
2024-04-25T01:58:46.726 INFO:teuthology.orchestra.run.smithi137.stdout:/usr/bin/ceph: stderr
2024-04-25T01:58:45.725+0000 7f04c7e00700 1 -- 172.21.15.137:0/4288365180 shutdown_connections
2024-04-25T01:58:46.726 INFO:teuthology.orchestra.run.smithi137.stdout:/usr/bin/ceph: stderr
2024-04-25T01:58:45.725+0000 7f04c7e00700 1 --2- 172.21.15.137:0/4288365180 >> [v2:172.21.15.137:3300/0,v1:172.21.15.137:6789/0] conn(0x7f04c007cd30 0x7f04c007b190 unknown :-1 s=CLOSED pgs=26 cs=0 l=1 rev1=1 crypto rx=0 tx=0 comp rx=0 tx=0).stop
2024-04-25T01:58:46.726 INFO:teuthology.orchestra.run.smithi137.stdout:/usr/bin/ceph: stderr
2024-04-25T01:58:45.725+0000 7f04c7e00700 1 -- 172.21.15.137:0/4288365180 >> 172.21.15.137:0/4288365180 conn(0x7f04c01035c0 msgr2=0x7f04c0105a00 unknown :-1 s=STATE_NONE l=0).mark_down
2024-04-25T01:58:46.726 INFO:teuthology.orchestra.run.smithi137.stdout:/usr/bin/ceph: stderr
2024-04-25T01:58:45.725+0000 7f04c7e00700 1 -- 172.21.15.137:0/4288365180 shutdown_connections
2024-04-25T01:58:46.726 INFO:teuthology.orchestra.run.smithi137.stdout:/usr/bin/ceph: stderr
2024-04-25T01:58:45.725+0000 7f04c7e00700 1 -- 172.21.15.137:0/4288365180 wait complete.
2024-04-25T01:58:46.726 INFO:teuthology.orchestra.run.smithi137.stdout:/usr/bin/ceph: stderr
2024-04-25T01:58:45.727+0000 7f04c7e00700 1 Processor -- start
2024-04-25T01:58:46.727 INFO:teuthology.orchestra.run.smithi137.stdout:/usr/bin/ceph: stderr
2024-04-25T01:58:45.727+0000 7f04c7e00700 1 -- start start
2024-04-25T01:58:46.727 INFO:teuthology.orchestra.run.smithi137.stdout:/usr/bin/ceph: stderr
2024-04-25T01:58:45.727+0000 7f04c7e00700 1 --2- >> [v2:172.21.15.137:3300/0,v1:172.21.15.137:6789/0] conn(0x7f04c007cd30 0x7f04c019e1e0 unknown :-1 s=NONE pgs=0 cs=0 l=1 rev1=0 crypto rx=0 tx=0 comp rx=0 tx=0).connect
2024-04-25T01:58:46.727 INFO:teuthology.orchestra.run.smithi137.stdout:/usr/bin/ceph: stderr
2024-04-25T01:58:45.727+0000 7f04c7e00700 1 -- --> [v2:172.21.15.137:3300/0,v1:172.21.15.137:6789/0] -- mon_getmap magic: 0 -- 0x7f04c010e670 con 0x7f04c007cd30
2024-04-25T01:58:46.727 INFO:teuthology.orchestra.run.smithi137.stdout:/usr/bin/ceph: stderr
2024-04-25T01:58:45.727+0000 7f04c5400700 1 --2- >> [v2:172.21.15.137:3300/0,v1:172.21.15.137:6789/0] conn(0x7f04c007cd30 0x7f04c019e1e0 unknown :-1 s=BANNER_CONNECTING pgs=0 cs=0 l=1 rev1=0 crypto rx=0 tx=0 comp rx=0 tx=0)._handle_peer_banner_payload supported=3 required=0
2024-04-25T01:58:46.727 INFO:teuthology.orchestra.run.smithi137.stdout:/usr/bin/ceph: stderr
2024-04-25T01:58:45.727+0000 7f04c5400700 1 --2- >> [v2:172.21.15.137:3300/0,v1:172.21.15.137:6789/0] conn(0x7f04c007cd30 0x7f04c019e1e0 unknown :-1 s=HELLO_CONNECTING pgs=0 cs=0 l=1 rev1=1 crypto rx=0 tx=0 comp rx=0 tx=0).handle_hello peer v2:172.21.15.137:3300/0 says I am v2:172.21.15.137:48822/0 (socket says 172.21.15.137:48822)
2024-04-25T01:58:46.727 INFO:teuthology.orchestra.run.smithi137.stdout:/usr/bin/ceph: stderr
2024-04-25T01:58:45.727+0000 7f04c5400700 1 -- 172.21.15.137:0/3128019950 learned_addr learned my addr 172.21.15.137:0/3128019950 (peer_addr_for_me v2:172.21.15.137:0/0)
2024-04-25T01:58:46.727 INFO:teuthology.orchestra.run.smithi137.stdout:/usr/bin/ceph: stderr
2024-04-25T01:58:45.728+0000 7f04c5400700 1 -- 172.21.15.137:0/3128019950 --> [v2:172.21.15.137:3300/0,v1:172.21.15.137:6789/0] -- mon_subscribe({config=0+,monmap=0+}) -- 0x7f04c019e720 con 0x7f04c007cd30
2024-04-25T01:58:46.727 INFO:teuthology.orchestra.run.smithi137.stdout:/usr/bin/ceph: stderr
2024-04-25T01:58:45.728+0000 7f04c5400700 1 --2- 172.21.15.137:0/3128019950 >> [v2:172.21.15.137:3300/0,v1:172.21.15.137:6789/0] conn(0x7f04c007cd30 0x7f04c019e1e0 secure :-1 s=READY pgs=27 cs=0 l=1 rev1=1 crypto rx=0x7f04b4011bd0 tx=0x7f04b4011cb0 comp rx=0 tx=0).ready entity=mon.0 client_cookie=0 server_cookie=0 in_seq=0 out_seq=0
2024-04-25T01:58:46.727 INFO:teuthology.orchestra.run.smithi137.stdout:/usr/bin/ceph: stderr
2024-04-25T01:58:45.728+0000 7f04be000700 1 -- 172.21.15.137:0/3128019950 <== mon.0 v2:172.21.15.137:3300/0 1 ==== mon_map magic: 0 ==== 205+0+0 (secure 0 0 0) 0x7f04b4003b20 con 0x7f04c007cd30
2024-04-25T01:58:46.727 INFO:teuthology.orchestra.run.smithi137.stdout:/usr/bin/ceph: stderr
2024-04-25T01:58:45.728+0000 7f04be000700 1 -- 172.21.15.137:0/3128019950 <== mon.0 v2:172.21.15.137:3300/0 2 ==== config(28 keys) ==== 1143+0+0 (secure 0 0 0) 0x7f04b4003cc0 con 0x7f04c007cd30
2024-04-25T01:58:46.727 INFO:teuthology.orchestra.run.smithi137.stdout:/usr/bin/ceph: stderr
2024-04-25T01:58:45.728+0000 7f04c7e00700 1 -- 172.21.15.137:0/3128019950 --> [v2:172.21.15.137:3300/0,v1:172.21.15.137:6789/0] -- mon_subscribe({mgrmap=0+}) -- 0x7f04c019e9b0 con 0x7f04c007cd30
2024-04-25T01:58:46.727 INFO:teuthology.orchestra.run.smithi137.stdout:/usr/bin/ceph: stderr
2024-04-25T01:58:45.728+0000 7f04be000700 1 -- 172.21.15.137:0/3128019950 <== mon.0 v2:172.21.15.137:3300/0 3 ==== mon_map magic: 0 ==== 205+0+0 (secure 0 0 0) 0x7f04b4024930 con 0x7f04c007cd30
2024-04-25T01:58:46.727 INFO:teuthology.orchestra.run.smithi137.stdout:/usr/bin/ceph: stderr
2024-04-25T01:58:45.729+0000 7f04c7e00700 1 -- 172.21.15.137:0/3128019950 --> [v2:172.21.15.137:3300/0,v1:172.21.15.137:6789/0] -- mon_subscribe({osdmap=0}) -- 0x7f04c01a16a0 con 0x7f04c007cd30
2024-04-25T01:58:46.727 INFO:teuthology.orchestra.run.smithi137.stdout:/usr/bin/ceph: stderr
2024-04-25T01:58:45.730+0000 7f04c7e00700 1 -- 172.21.15.137:0/3128019950 --> [v2:172.21.15.137:3300/0,v1:172.21.15.137:6789/0] -- mon_command({"prefix": "get_command_descriptions"} v 0) -- 0x7f04c0063890 con 0x7f04c007cd30
2024-04-25T01:58:46.727 INFO:teuthology.orchestra.run.smithi137.stdout:/usr/bin/ceph: stderr
2024-04-25T01:58:45.730+0000 7f04be000700 1 -- 172.21.15.137:0/3128019950 <== mon.0 v2:172.21.15.137:3300/0 4 ==== mgrmap(e 5) ==== 46287+0+0 (secure 0 0 0) 0x7f04b4022020 con 0x7f04c007cd30
2024-04-25T01:58:46.728 INFO:teuthology.orchestra.run.smithi137.stdout:/usr/bin/ceph: stderr
2024-04-25T01:58:45.730+0000 7f04be000700 1 --2- 172.21.15.137:0/3128019950 >> [v2:172.21.15.137:6800/3009931509,v1:172.21.15.137:6801/3009931509] conn(0x7f04a80390a0 0x7f04a803b560 unknown :-1 s=NONE pgs=0 cs=0 l=1 rev1=0 crypto rx=0 tx=0 comp rx=0 tx=0).connect
2024-04-25T01:58:46.728 INFO:teuthology.orchestra.run.smithi137.stdout:/usr/bin/ceph: stderr
2024-04-25T01:58:45.730+0000 7f04be000700 1 -- 172.21.15.137:0/3128019950 <== mon.0 v2:172.21.15.137:3300/0 5 ==== osd_map(1..1 src has 1..1) ==== 725+0+0 (secure 0 0 0) 0x7f04b404cd60 con 0x7f04c007cd30
2024-04-25T01:58:46.728 INFO:teuthology.orchestra.run.smithi137.stdout:/usr/bin/ceph: stderr
2024-04-25T01:58:45.730+0000 7f04c4a00700 1 -- 172.21.15.137:0/3128019950 >> [v2:172.21.15.137:6800/3009931509,v1:172.21.15.137:6801/3009931509] conn(0x7f04a80390a0 msgr2=0x7f04a803b560 unknown :-1 s=STATE_CONNECTING_RE l=1).process reconnect failed to v2:172.21.15.137:6800/3009931509
2024-04-25T01:58:46.728 INFO:teuthology.orchestra.run.smithi137.stdout:/usr/bin/ceph: stderr
2024-04-25T01:58:45.731+0000 7f04c4a00700 1 --2- 172.21.15.137:0/3128019950 >> [v2:172.21.15.137:6800/3009931509,v1:172.21.15.137:6801/3009931509] conn(0x7f04a80390a0 0x7f04a803b560 unknown :-1 s=START_CONNECT pgs=0 cs=0 l=1 rev1=0 crypto rx=0 tx=0 comp rx=0 tx=0)._fault waiting 0.200000
2024-04-25T01:58:46.728 INFO:teuthology.orchestra.run.smithi137.stdout:/usr/bin/ceph: stderr
2024-04-25T01:58:45.736+0000 7f04be000700 1 -- 172.21.15.137:0/3128019950 <== mon.0 v2:172.21.15.137:3300/0 6 ==== mon_command_ack([{"prefix": "get_command_descriptions"}]=0 v0) ==== 72+0+186147 (secure 0 0 0) 0x7f04b404cac0 con 0x7f04c007cd30
2024-04-25T01:58:46.728 INFO:teuthology.orchestra.run.smithi137.stdout:/usr/bin/ceph: stderr
2024-04-25T01:58:45.932+0000 7f04c4a00700 1 -- 172.21.15.137:0/3128019950 >> [v2:172.21.15.137:6800/3009931509,v1:172.21.15.137:6801/3009931509] conn(0x7f04a80390a0 msgr2=0x7f04a803b560 unknown :-1 s=STATE_CONNECTING_RE l=1).process reconnect failed to v2:172.21.15.137:6800/3009931509
2024-04-25T01:58:46.728 INFO:teuthology.orchestra.run.smithi137.stdout:/usr/bin/ceph: stderr
2024-04-25T01:58:45.932+0000 7f04c4a00700 1 --2- 172.21.15.137:0/3128019950 >> [v2:172.21.15.137:6800/3009931509,v1:172.21.15.137:6801/3009931509] conn(0x7f04a80390a0 0x7f04a803b560 unknown :-1 s=START_CONNECT pgs=0 cs=0 l=1 rev1=0 crypto rx=0 tx=0 comp rx=0 tx=0)._fault waiting 0.400000
2024-04-25T01:58:46.728 INFO:teuthology.orchestra.run.smithi137.stdout:/usr/bin/ceph: stderr
2024-04-25T01:58:46.016+0000 7f04c7e00700 1 -- 172.21.15.137:0/3128019950 --> [v2:172.21.15.137:3300/0,v1:172.21.15.137:6789/0] -- mon_command({"prefix": "mgr stat"} v 0) -- 0x7f04c01a1870 con 0x7f04c007cd30
2024-04-25T01:58:46.728 INFO:teuthology.orchestra.run.smithi137.stdout:/usr/bin/ceph: stderr
2024-04-25T01:58:46.017+0000 7f04be000700 1 -- 172.21.15.137:0/3128019950 <== mon.0 v2:172.21.15.137:3300/0 7 ==== mon_command_ack([{"prefix": "mgr stat"}]=0 v5) ==== 56+0+88 (secure 0 0 0) 0x7f04c01a1870 con 0x7f04c007cd30
2024-04-25T01:58:46.728 INFO:teuthology.orchestra.run.smithi137.stdout:/usr/bin/ceph: stderr
2024-04-25T01:58:46.022+0000 7f04c7e00700 1 -- 172.21.15.137:0/3128019950 >> [v2:172.21.15.137:6800/3009931509,v1:172.21.15.137:6801/3009931509] conn(0x7f04a80390a0 msgr2=0x7f04a803b560 unknown :-1 s=STATE_CONNECTING l=1).mark_down
2024-04-25T01:58:46.728 INFO:teuthology.orchestra.run.smithi137.stdout:/usr/bin/ceph: stderr
2024-04-25T01:58:46.022+0000 7f04c7e00700 1 --2- 172.21.15.137:0/3128019950 >> [v2:172.21.15.137:6800/3009931509,v1:172.21.15.137:6801/3009931509] conn(0x7f04a80390a0 0x7f04a803b560 unknown :-1 s=START_CONNECT pgs=0 cs=0 l=1 rev1=0 crypto rx=0 tx=0 comp rx=0 tx=0).stop
2024-04-25T01:58:46.728 INFO:teuthology.orchestra.run.smithi137.stdout:/usr/bin/ceph: stderr
2024-04-25T01:58:46.022+0000 7f04c7e00700 1 -- 172.21.15.137:0/3128019950 >> [v2:172.21.15.137:3300/0,v1:172.21.15.137:6789/0] conn(0x7f04c007cd30 msgr2=0x7f04c019e1e0 secure :-1 s=STATE_CONNECTION_ESTABLISHED l=1).mark_down
2024-04-25T01:58:46.728 INFO:teuthology.orchestra.run.smithi137.stdout:/usr/bin/ceph: stderr
2024-04-25T01:58:46.022+0000 7f04c7e00700 1 --2- 172.21.15.137:0/3128019950 >> [v2:172.21.15.137:3300/0,v1:172.21.15.137:6789/0] conn(0x7f04c007cd30 0x7f04c019e1e0 secure :-1 s=READY pgs=27 cs=0 l=1 rev1=1 crypto rx=0x7f04b4011bd0 tx=0x7f04b4011cb0 comp rx=0 tx=0).stop
2024-04-25T01:58:46.728 INFO:teuthology.orchestra.run.smithi137.stdout:/usr/bin/ceph: stderr
2024-04-25T01:58:46.022+0000 7f04c7e00700 1 -- 172.21.15.137:0/3128019950 shutdown_connections
2024-04-25T01:58:46.729 INFO:teuthology.orchestra.run.smithi137.stdout:/usr/bin/ceph: stderr
2024-04-25T01:58:46.022+0000 7f04c7e00700 1 --2- 172.21.15.137:0/3128019950 >> [v2:172.21.15.137:6800/3009931509,v1:172.21.15.137:6801/3009931509] conn(0x7f04a80390a0 0x7f04a803b560 unknown :-1 s=CLOSED pgs=0 cs=0 l=1 rev1=0 crypto rx=0 tx=0 comp rx=0 tx=0).stop
2024-04-25T01:58:46.729 INFO:teuthology.orchestra.run.smithi137.stdout:/usr/bin/ceph: stderr
2024-04-25T01:58:46.022+0000 7f04c7e00700 1 --2- 172.21.15.137:0/3128019950 >> [v2:172.21.15.137:3300/0,v1:172.21.15.137:6789/0] conn(0x7f04c007cd30 0x7f04c019e1e0 unknown :-1 s=CLOSED pgs=27 cs=0 l=1 rev1=1 crypto rx=0 tx=0 comp rx=0 tx=0).stop
2024-04-25T01:58:46.729 INFO:teuthology.orchestra.run.smithi137.stdout:/usr/bin/ceph: stderr
2024-04-25T01:58:46.022+0000 7f04c7e00700 1 -- 172.21.15.137:0/3128019950 >> 172.21.15.137:0/3128019950 conn(0x7f04c01035c0 msgr2=0x7f04c01040c0 unknown :-1 s=STATE_NONE l=0).mark_down
2024-04-25T01:58:46.729 INFO:teuthology.orchestra.run.smithi137.stdout:/usr/bin/ceph: stderr
2024-04-25T01:58:46.022+0000 7f04c7e00700 1 -- 172.21.15.137:0/3128019950 shutdown_connections
2024-04-25T01:58:46.729 INFO:teuthology.orchestra.run.smithi137.stdout:/usr/bin/ceph: stderr
2024-04-25T01:58:46.022+0000 7f04c7e00700 1 -- 172.21.15.137:0/3128019950 wait complete.
2024-04-25T01:58:46.729 INFO:teuthology.orchestra.run.smithi137.stdout:Waiting for the mgr to restart...
2024-04-25T01:58:46.729 INFO:teuthology.orchestra.run.smithi137.stdout:Waiting for mgr epoch 5...
2024-04-25T01:58:47.255 INFO:journalctl@ceph.mgr.x.smithi137.stdout:Apr 25 01:58:47 smithi137 ceph-19106f5e-02a7-11ef-bc93-c7b262605968-mgr-x[28537]:
2024-04-25T01:58:47.197+0000 7fb50ef49200 -1 mgr[py] Module telegraf has missing NOTIFY_TYPES member
2024-04-25T01:58:47.518 INFO:journalctl@ceph.mgr.x.smithi137.stdout:Apr 25 01:58:47 smithi137 ceph-19106f5e-02a7-11ef-bc93-c7b262605968-mgr-x[28537]:
2024-04-25T01:58:47.429+0000 7fb50ef49200 -1 mgr[py] Module osd_support has missing NOTIFY_TYPES member
2024-04-25T01:58:47.779 INFO:journalctl@ceph.mgr.x.smithi137.stdout:Apr 25 01:58:47 smithi137 ceph-19106f5e-02a7-11ef-bc93-c7b262605968-mgr-x[28537]:
2024-04-25T01:58:47.641+0000 7fb50ef49200 -1 mgr[py] Module iostat has missing NOTIFY_TYPES member
2024-04-25T01:58:48.280 INFO:journalctl@ceph.mgr.x.smithi137.stdout:Apr 25 01:58:48 smithi137 ceph-19106f5e-02a7-11ef-bc93-c7b262605968-mgr-x[28537]:
2024-04-25T01:58:48.016+0000 7fb50ef49200 -1 mgr[py] Module alerts has missing NOTIFY_TYPES member
2024-04-25T01:58:48.280 INFO:journalctl@ceph.mgr.x.smithi137.stdout:Apr 25 01:58:48 smithi137 ceph-19106f5e-02a7-11ef-bc93-c7b262605968-mgr-x[28537]:
2024-04-25T01:58:48.138+0000 7fb50ef49200 -1 mgr[py] Module selftest has missing NOTIFY_TYPES member
2024-04-25T01:58:48.721 INFO:journalctl@ceph.mgr.x.smithi137.stdout:Apr 25 01:58:48 smithi137 ceph-19106f5e-02a7-11ef-bc93-c7b262605968-mgr-x[28537]:
2024-04-25T01:58:48.405+0000 7fb50ef49200 -1 mgr[py] Module pg_autoscaler has missing NOTIFY_TYPES member
2024-04-25T01:58:48.721 INFO:journalctl@ceph.mgr.x.smithi137.stdout:Apr 25 01:58:48 smithi137 ceph-19106f5e-02a7-11ef-bc93-c7b262605968-mgr-x[28537]:
2024-04-25T01:58:48.655+0000 7fb50ef49200 -1 mgr[py] Module test_orchestrator has missing NOTIFY_TYPES member
2024-04-25T01:58:49.779 INFO:journalctl@ceph.mgr.x.smithi137.stdout:Apr 25 01:58:49 smithi137 ceph-19106f5e-02a7-11ef-bc93-c7b262605968-mgr-x[28537]:
2024-04-25T01:58:49.457+0000 7fb50ef49200 -1 mgr[py] Module rook has missing NOTIFY_TYPES member
2024-04-25T01:58:50.279 INFO:journalctl@ceph.mgr.x.smithi137.stdout:Apr 25 01:58:50 smithi137 ceph-19106f5e-02a7-11ef-bc93-c7b262605968-mgr-x[28537]:
2024-04-25T01:58:50.006+0000 7fb50ef49200 -1 mgr[py] Module volumes has missing NOTIFY_TYPES member
2024-04-25T01:58:50.279 INFO:journalctl@ceph.mgr.x.smithi137.stdout:Apr 25 01:58:50 smithi137 ceph-19106f5e-02a7-11ef-bc93-c7b262605968-mgr-x[28537]:
2024-04-25T01:58:50.131+0000 7fb50ef49200 -1 mgr[py] Module crash has missing NOTIFY_TYPES member
2024-04-25T01:58:50.779 INFO:journalctl@ceph.mgr.x.smithi137.stdout:Apr 25 01:58:50 smithi137 ceph-19106f5e-02a7-11ef-bc93-c7b262605968-mgr-x[28537]:
2024-04-25T01:58:50.392+0000 7fb50ef49200 -1 mgr[py] Module rgw has missing NOTIFY_TYPES member
2024-04-25T01:58:51.490 INFO:journalctl@ceph.mgr.x.smithi137.stdout:Apr 25 01:58:51 smithi137 ceph-19106f5e-02a7-11ef-bc93-c7b262605968-mgr-x[28537]:
2024-04-25T01:58:51.054+0000 7fb50ef49200 -1 mgr[py] Module prometheus has missing NOTIFY_TYPES member
2024-04-25T01:58:51.491 INFO:journalctl@ceph.mgr.x.smithi137.stdout:Apr 25 01:58:51 smithi137 ceph-19106f5e-02a7-11ef-bc93-c7b262605968-mgr-x[28537]:
2024-04-25T01:58:51.175+0000 7fb50ef49200 -1 mgr[py] Module devicehealth has missing NOTIFY_TYPES member
2024-04-25T01:58:51.779 INFO:journalctl@ceph.mgr.x.smithi137.stdout:Apr 25 01:58:51 smithi137 ceph-19106f5e-02a7-11ef-bc93-c7b262605968-mgr-x[28537]:
2024-04-25T01:58:51.487+0000 7fb50ef49200 -1 mgr[py] Module telemetry has missing NOTIFY_TYPES member
2024-04-25T01:58:51.779 INFO:journalctl@ceph.mgr.x.smithi137.stdout:Apr 25 01:58:51 smithi137 ceph-19106f5e-02a7-11ef-bc93-c7b262605968-mgr-x[28537]:
2024-04-25T01:58:51.663+0000 7fb50ef49200 -1 mgr[py] Module diskprediction_local has missing NOTIFY_TYPES member
2024-04-25T01:58:52.062 INFO:journalctl@ceph.mgr.x.smithi137.stdout:Apr 25 01:58:51 smithi137 ceph-19106f5e-02a7-11ef-bc93-c7b262605968-mgr-x[28537]:
2024-04-25T01:58:51.786+0000 7fb50ef49200 -1 mgr[py] Module osd_perf_query has missing NOTIFY_TYPES member
2024-04-25T01:58:52.062 INFO:journalctl@ceph.mgr.x.smithi137.stdout:Apr 25 01:58:51 smithi137 ceph-19106f5e-02a7-11ef-bc93-c7b262605968-mgr-x[28537]:
2024-04-25T01:58:51.938+0000 7fb50ef49200 -1 mgr[py] Module rbd_support has missing NOTIFY_TYPES member
2024-04-25T01:58:52.529 INFO:journalctl@ceph.mgr.x.smithi137.stdout:Apr 25 01:58:52 smithi137 ceph-19106f5e-02a7-11ef-bc93-c7b262605968-mgr-x[28537]:
2024-04-25T01:58:52.058+0000 7fb50ef49200 -1 mgr[py] Module zabbix has missing NOTIFY_TYPES member
2024-04-25T01:58:53.336 INFO:journalctl@ceph.mgr.x.smithi137.stdout:Apr 25 01:58:53 smithi137 ceph-19106f5e-02a7-11ef-bc93-c7b262605968-mgr-x[28537]:
2024-04-25T01:58:53.053+0000 7fb50ef49200 -1 mgr[py] Module status has missing NOTIFY_TYPES member
2024-04-25T01:58:53.779 INFO:journalctl@ceph.mgr.x.smithi137.stdout:Apr 25 01:58:53 smithi137 ceph-19106f5e-02a7-11ef-bc93-c7b262605968-mgr-x[28537]:
2024-04-25T01:58:53.332+0000 7fb50ef49200 -1 mgr[py] Module nfs has missing NOTIFY_TYPES member
2024-04-25T01:58:53.780 INFO:journalctl@ceph.mon.a.smithi137.stdout:Apr 25 01:58:53 smithi137 ceph-mon[28303]: Active manager daemon x restarted
2024-04-25T01:58:53.780 INFO:journalctl@ceph.mon.a.smithi137.stdout:Apr 25 01:58:53 smithi137 ceph-mon[28303]: Activating manager daemon x
2024-04-25T01:58:53.780 INFO:journalctl@ceph.mon.a.smithi137.stdout:Apr 25 01:58:53 smithi137 ceph-mon[28303]: osdmap e2: 0 total, 0 up, 0 in
2024-04-25T01:58:53.780 INFO:journalctl@ceph.mon.a.smithi137.stdout:Apr 25 01:58:53 smithi137 ceph-mon[28303]: mgrmap e6: x(active, starting, since 0.00912044s)
2024-04-25T01:58:53.780 INFO:journalctl@ceph.mon.a.smithi137.stdout:Apr 25 01:58:53 smithi137 ceph-mon[28303]: from='mgr.14120 172.21.15.137:0/3588279518' entity='mgr.x' cmd=[{"prefix": "mon metadata", "id": "a"}]: dispatch
2024-04-25T01:58:53.780 INFO:journalctl@ceph.mon.a.smithi137.stdout:Apr 25 01:58:53 smithi137 ceph-mon[28303]: from='mgr.14120 172.21.15.137:0/3588279518' entity='mgr.x' cmd=[{"prefix": "mgr metadata", "who": "x", "id": "x"}]: dispatch
2024-04-25T01:58:53.780 INFO:journalctl@ceph.mon.a.smithi137.stdout:Apr 25 01:58:53 smithi137 ceph-mon[28303]: from='mgr.14120 172.21.15.137:0/3588279518' entity='mgr.x' cmd=[{"prefix": "mds metadata"}]: dispatch
2024-04-25T01:58:53.780 INFO:journalctl@ceph.mon.a.smithi137.stdout:Apr 25 01:58:53 smithi137 ceph-mon[28303]: from='mgr.14120 172.21.15.137:0/3588279518' entity='mgr.x' cmd=[{"prefix": "osd metadata"}]: dispatch
2024-04-25T01:58:53.780 INFO:journalctl@ceph.mon.a.smithi137.stdout:Apr 25 01:58:53 smithi137 ceph-mon[28303]: from='mgr.14120 172.21.15.137:0/3588279518' entity='mgr.x' cmd=[{"prefix": "mon metadata"}]: dispatch
2024-04-25T01:58:53.781 INFO:journalctl@ceph.mon.a.smithi137.stdout:Apr 25 01:58:53 smithi137 ceph-mon[28303]: Manager daemon x is now available
2024-04-25T01:58:54.743 INFO:journalctl@ceph.mon.a.smithi137.stdout:Apr 25 01:58:54 smithi137 ceph-mon[28303]: Found migration_current of "None". Setting to last migration.
2024-04-25T01:58:54.743 INFO:journalctl@ceph.mon.a.smithi137.stdout:Apr 25 01:58:54 smithi137 ceph-mon[28303]: from='mgr.14120 172.21.15.137:0/3588279518' entity='mgr.x'
2024-04-25T01:58:54.744 INFO:journalctl@ceph.mon.a.smithi137.stdout:Apr 25 01:58:54 smithi137 ceph-mon[28303]: from='mgr.14120 172.21.15.137:0/3588279518' entity='mgr.x'
2024-04-25T01:58:54.744 INFO:journalctl@ceph.mon.a.smithi137.stdout:Apr 25 01:58:54 smithi137 ceph-mon[28303]: from='mgr.14120 172.21.15.137:0/3588279518' entity='mgr.x' cmd=[{"prefix": "config dump", "format": "json"}]: dispatch
2024-04-25T01:58:54.744 INFO:journalctl@ceph.mon.a.smithi137.stdout:Apr 25 01:58:54 smithi137 ceph-mon[28303]: from='mgr.14120 172.21.15.137:0/3588279518' entity='mgr.x' cmd=[{"prefix": "config dump", "format": "json"}]: dispatch
2024-04-25T01:58:54.744 INFO:journalctl@ceph.mon.a.smithi137.stdout:Apr 25 01:58:54 smithi137 ceph-mon[28303]: from='mgr.14120 172.21.15.137:0/3588279518' entity='mgr.x' cmd=[{"prefix":"config rm","who":"mgr","name":"mgr/rbd_support/x/mirror_snapshot_schedule"}]: dispatch
2024-04-25T01:58:54.744 INFO:journalctl@ceph.mon.a.smithi137.stdout:Apr 25 01:58:54 smithi137 ceph-mon[28303]: from='mgr.14120 172.21.15.137:0/3588279518' entity='mgr.x' cmd=[{"prefix":"config rm","who":"mgr","name":"mgr/rbd_support/x/trash_purge_schedule"}]: dispatch
2024-04-25T01:58:54.744 INFO:journalctl@ceph.mon.a.smithi137.stdout:Apr 25 01:58:54 smithi137 ceph-mon[28303]: from='mgr.14120 172.21.15.137:0/3588279518' entity='mgr.x'
2024-04-25T01:58:54.744 INFO:journalctl@ceph.mon.a.smithi137.stdout:Apr 25 01:58:54 smithi137 ceph-mon[28303]: from='mgr.14120 172.21.15.137:0/3588279518' entity='mgr.x'
2024-04-25T01:58:54.744 INFO:journalctl@ceph.mon.a.smithi137.stdout:Apr 25 01:58:54 smithi137 ceph-mon[28303]: from='mgr.14120 172.21.15.137:0/3588279518' entity='mgr.x' cmd=[{"prefix": "config dump", "format": "json"}]: dispatch
2024-04-25T01:58:54.744 INFO:journalctl@ceph.mon.a.smithi137.stdout:Apr 25 01:58:54 smithi137 ceph-mon[28303]: mgrmap e7: x(active, since 1.01703s)
2024-04-25T01:58:55.065 INFO:teuthology.orchestra.run.smithi137.stdout:/usr/bin/ceph: stdout {
2024-04-25T01:58:55.065 INFO:teuthology.orchestra.run.smithi137.stdout:/usr/bin/ceph: stdout "mgrmap_epoch": 7,
2024-04-25T01:58:55.065 INFO:teuthology.orchestra.run.smithi137.stdout:/usr/bin/ceph: stdout "initialized": true
2024-04-25T01:58:55.065 INFO:teuthology.orchestra.run.smithi137.stdout:/usr/bin/ceph: stdout }
2024-04-25T01:58:55.065 INFO:teuthology.orchestra.run.smithi137.stdout:/usr/bin/ceph: stderr
2024-04-25T01:58:47.306+0000 7f6c65600700 1 Processor -- start
2024-04-25T01:58:55.065 INFO:teuthology.orchestra.run.smithi137.stdout:/usr/bin/ceph: stderr
2024-04-25T01:58:47.306+0000 7f6c65600700 1 -- start start
2024-04-25T01:58:55.065 INFO:teuthology.orchestra.run.smithi137.stdout:/usr/bin/ceph: stderr
2024-04-25T01:58:47.307+0000 7f6c65600700 1 --2- >> [v2:172.21.15.137:3300/0,v1:172.21.15.137:6789/0] conn(0x7f6c60108ae0 0x7f6c6010aed0 unknown :-1 s=NONE pgs=0 cs=0 l=0 rev1=0 crypto rx=0 tx=0 comp rx=0 tx=0).connect
2024-04-25T01:58:55.065 INFO:teuthology.orchestra.run.smithi137.stdout:/usr/bin/ceph: stderr
2024-04-25T01:58:47.307+0000 7f6c65600700 1 -- --> [v2:172.21.15.137:3300/0,v1:172.21.15.137:6789/0] -- mon_getmap magic: 0 -- 0x7f6c600634f0 con 0x7f6c60108ae0
2024-04-25T01:58:55.065 INFO:teuthology.orchestra.run.smithi137.stdout:/usr/bin/ceph: stderr
2024-04-25T01:58:47.307+0000 7f6c5ea00700 1 --2- >> [v2:172.21.15.137:3300/0,v1:172.21.15.137:6789/0] conn(0x7f6c60108ae0 0x7f6c6010aed0 unknown :-1 s=BANNER_CONNECTING pgs=0 cs=0 l=0 rev1=0 crypto rx=0 tx=0 comp rx=0 tx=0)._handle_peer_banner_payload supported=3 required=0
2024-04-25T01:58:55.065 INFO:teuthology.orchestra.run.smithi137.stdout:/usr/bin/ceph: stderr
2024-04-25T01:58:47.307+0000 7f6c5ea00700 1 --2- >> [v2:172.21.15.137:3300/0,v1:172.21.15.137:6789/0] conn(0x7f6c60108ae0 0x7f6c6010aed0 unknown :-1 s=HELLO_CONNECTING pgs=0 cs=0 l=0 rev1=1 crypto rx=0 tx=0 comp rx=0 tx=0).handle_hello peer v2:172.21.15.137:3300/0 says I am v2:172.21.15.137:48832/0 (socket says 172.21.15.137:48832)
2024-04-25T01:58:55.065 INFO:teuthology.orchestra.run.smithi137.stdout:/usr/bin/ceph: stderr
2024-04-25T01:58:47.307+0000 7f6c5ea00700 1 -- 172.21.15.137:0/3512349501 learned_addr learned my addr 172.21.15.137:0/3512349501 (peer_addr_for_me v2:172.21.15.137:0/0)
2024-04-25T01:58:55.066 INFO:teuthology.orchestra.run.smithi137.stdout:/usr/bin/ceph: stderr
2024-04-25T01:58:47.307+0000 7f6c5ea00700 1 -- 172.21.15.137:0/3512349501 --> [v2:172.21.15.137:3300/0,v1:172.21.15.137:6789/0] -- mon_subscribe({config=0+,monmap=0+}) -- 0x7f6c6010b410 con 0x7f6c60108ae0
2024-04-25T01:58:55.066 INFO:teuthology.orchestra.run.smithi137.stdout:/usr/bin/ceph: stderr
2024-04-25T01:58:47.308+0000 7f6c5ea00700 1 --2- 172.21.15.137:0/3512349501 >> [v2:172.21.15.137:3300/0,v1:172.21.15.137:6789/0] conn(0x7f6c60108ae0 0x7f6c6010aed0 secure :-1 s=READY pgs=28 cs=0 l=1 rev1=1 crypto rx=0x7f6c500098a0 tx=0x7f6c50009bb0 comp rx=0 tx=0).ready entity=mon.0 client_cookie=ab1f77e79176dc23 server_cookie=0 in_seq=0 out_seq=0
2024-04-25T01:58:55.066 INFO:teuthology.orchestra.run.smithi137.stdout:/usr/bin/ceph: stderr
2024-04-25T01:58:47.308+0000 7f6c5d600700 1 -- 172.21.15.137:0/3512349501 <== mon.0 v2:172.21.15.137:3300/0 1 ==== mon_map magic: 0 ==== 205+0+0 (secure 0 0 0) 0x7f6c50004160 con 0x7f6c60108ae0
2024-04-25T01:58:55.066 INFO:teuthology.orchestra.run.smithi137.stdout:/usr/bin/ceph: stderr
2024-04-25T01:58:47.308+0000 7f6c5d600700 1 -- 172.21.15.137:0/3512349501 <== mon.0 v2:172.21.15.137:3300/0 2 ==== config(28 keys) ==== 1143+0+0 (secure 0 0 0) 0x7f6c50004300 con 0x7f6c60108ae0
2024-04-25T01:58:55.066 INFO:teuthology.orchestra.run.smithi137.stdout:/usr/bin/ceph: stderr
2024-04-25T01:58:47.308+0000 7f6c5d600700 1 -- 172.21.15.137:0/3512349501 <== mon.0 v2:172.21.15.137:3300/0 3 ==== mon_map magic: 0 ==== 205+0+0 (secure 0 0 0) 0x7f6c50011c00 con 0x7f6c60108ae0
2024-04-25T01:58:55.066 INFO:teuthology.orchestra.run.smithi137.stdout:/usr/bin/ceph: stderr
2024-04-25T01:58:47.308+0000 7f6c65600700 1 -- 172.21.15.137:0/3512349501 >> [v2:172.21.15.137:3300/0,v1:172.21.15.137:6789/0] conn(0x7f6c60108ae0 msgr2=0x7f6c6010aed0 secure :-1 s=STATE_CONNECTION_ESTABLISHED l=1).mark_down
2024-04-25T01:58:55.066 INFO:teuthology.orchestra.run.smithi137.stdout:/usr/bin/ceph: stderr
2024-04-25T01:58:47.308+0000 7f6c65600700 1 --2- 172.21.15.137:0/3512349501 >> [v2:172.21.15.137:3300/0,v1:172.21.15.137:6789/0] conn(0x7f6c60108ae0 0x7f6c6010aed0 secure :-1 s=READY pgs=28 cs=0 l=1 rev1=1 crypto rx=0x7f6c500098a0 tx=0x7f6c50009bb0 comp rx=0 tx=0).stop
2024-04-25T01:58:55.066 INFO:teuthology.orchestra.run.smithi137.stdout:/usr/bin/ceph: stderr
2024-04-25T01:58:47.309+0000 7f6c65600700 1 -- 172.21.15.137:0/3512349501 shutdown_connections
2024-04-25T01:58:55.067 INFO:teuthology.orchestra.run.smithi137.stdout:/usr/bin/ceph: stderr
2024-04-25T01:58:47.309+0000 7f6c65600700 1 --2- 172.21.15.137:0/3512349501 >> [v2:172.21.15.137:3300/0,v1:172.21.15.137:6789/0] conn(0x7f6c60108ae0 0x7f6c6010aed0 unknown :-1 s=CLOSED pgs=28 cs=0 l=1 rev1=1 crypto rx=0 tx=0 comp rx=0 tx=0).stop
2024-04-25T01:58:55.067 INFO:teuthology.orchestra.run.smithi137.stdout:/usr/bin/ceph: stderr
2024-04-25T01:58:47.309+0000 7f6c65600700 1 -- 172.21.15.137:0/3512349501 >> 172.21.15.137:0/3512349501 conn(0x7f6c601024f0 msgr2=0x7f6c60104910 unknown :-1 s=STATE_NONE l=0).mark_down
2024-04-25T01:58:55.067 INFO:teuthology.orchestra.run.smithi137.stdout:/usr/bin/ceph: stderr
2024-04-25T01:58:47.309+0000 7f6c65600700 1 -- 172.21.15.137:0/3512349501 shutdown_connections
2024-04-25T01:58:55.067 INFO:teuthology.orchestra.run.smithi137.stdout:/usr/bin/ceph: stderr
2024-04-25T01:58:47.309+0000 7f6c65600700 1 -- 172.21.15.137:0/3512349501 wait complete.
2024-04-25T01:58:55.067 INFO:teuthology.orchestra.run.smithi137.stdout:/usr/bin/ceph: stderr
2024-04-25T01:58:47.310+0000 7f6c65600700 1 Processor -- start
2024-04-25T01:58:55.067 INFO:teuthology.orchestra.run.smithi137.stdout:/usr/bin/ceph: stderr
2024-04-25T01:58:47.310+0000 7f6c65600700 1 -- start start
2024-04-25T01:58:55.067 INFO:teuthology.orchestra.run.smithi137.stdout:/usr/bin/ceph: stderr
2024-04-25T01:58:47.310+0000 7f6c65600700 1 --2- >> [v2:172.21.15.137:3300/0,v1:172.21.15.137:6789/0] conn(0x7f6c60108ae0 0x7f6c6019bf90 unknown :-1 s=NONE pgs=0 cs=0 l=1 rev1=0 crypto rx=0 tx=0 comp rx=0 tx=0).connect
2024-04-25T01:58:55.067 INFO:teuthology.orchestra.run.smithi137.stdout:/usr/bin/ceph: stderr
2024-04-25T01:58:47.310+0000 7f6c65600700 1 -- --> [v2:172.21.15.137:3300/0,v1:172.21.15.137:6789/0] -- mon_getmap magic: 0 -- 0x7f6c6010c440 con 0x7f6c60108ae0
2024-04-25T01:58:55.067 INFO:teuthology.orchestra.run.smithi137.stdout:/usr/bin/ceph: stderr
2024-04-25T01:58:47.311+0000 7f6c5ea00700 1 --2- >> [v2:172.21.15.137:3300/0,v1:172.21.15.137:6789/0] conn(0x7f6c60108ae0 0x7f6c6019bf90 unknown :-1 s=BANNER_CONNECTING pgs=0 cs=0 l=1 rev1=0 crypto rx=0 tx=0 comp rx=0 tx=0)._handle_peer_banner_payload supported=3 required=0
2024-04-25T01:58:55.067 INFO:teuthology.orchestra.run.smithi137.stdout:/usr/bin/ceph: stderr
2024-04-25T01:58:47.311+0000 7f6c5ea00700 1 --2- >> [v2:172.21.15.137:3300/0,v1:172.21.15.137:6789/0] conn(0x7f6c60108ae0 0x7f6c6019bf90 unknown :-1 s=HELLO_CONNECTING pgs=0 cs=0 l=1 rev1=1 crypto rx=0 tx=0 comp rx=0 tx=0).handle_hello peer v2:172.21.15.137:3300/0 says I am v2:172.21.15.137:48846/0 (socket says 172.21.15.137:48846)
2024-04-25T01:58:55.067 INFO:teuthology.orchestra.run.smithi137.stdout:/usr/bin/ceph: stderr
2024-04-25T01:58:47.311+0000 7f6c5ea00700 1 -- 172.21.15.137:0/3024186587 learned_addr learned my addr 172.21.15.137:0/3024186587 (peer_addr_for_me v2:172.21.15.137:0/0)
2024-04-25T01:58:55.067 INFO:teuthology.orchestra.run.smithi137.stdout:/usr/bin/ceph: stderr
2024-04-25T01:58:47.311+0000 7f6c5ea00700 1 -- 172.21.15.137:0/3024186587 --> [v2:172.21.15.137:3300/0,v1:172.21.15.137:6789/0] -- mon_subscribe({config=0+,monmap=0+}) -- 0x7f6c6019c4d0 con 0x7f6c60108ae0
2024-04-25T01:58:55.067 INFO:teuthology.orchestra.run.smithi137.stdout:/usr/bin/ceph: stderr
2024-04-25T01:58:47.311+0000 7f6c5ea00700 1 --2- 172.21.15.137:0/3024186587 >> [v2:172.21.15.137:3300/0,v1:172.21.15.137:6789/0] conn(0x7f6c60108ae0 0x7f6c6019bf90 secure :-1 s=READY pgs=29 cs=0 l=1 rev1=1 crypto rx=0x7f6c50011bd0 tx=0x7f6c50011cb0 comp rx=0 tx=0).ready entity=mon.0 client_cookie=0 server_cookie=0 in_seq=0 out_seq=0
2024-04-25T01:58:55.067 INFO:teuthology.orchestra.run.smithi137.stdout:/usr/bin/ceph: stderr
2024-04-25T01:58:47.312+0000 7f6c57400700 1 -- 172.21.15.137:0/3024186587 <== mon.0 v2:172.21.15.137:3300/0 1 ==== mon_map magic: 0 ==== 205+0+0 (secure 0 0 0) 0x7f6c50003b20 con 0x7f6c60108ae0
2024-04-25T01:58:55.068 INFO:teuthology.orchestra.run.smithi137.stdout:/usr/bin/ceph: stderr
2024-04-25T01:58:47.312+0000 7f6c65600700 1 -- 172.21.15.137:0/3024186587 --> [v2:172.21.15.137:3300/0,v1:172.21.15.137:6789/0] -- mon_subscribe({mgrmap=0+}) -- 0x7f6c6019c760 con 0x7f6c60108ae0
2024-04-25T01:58:55.068 INFO:teuthology.orchestra.run.smithi137.stdout:/usr/bin/ceph: stderr
2024-04-25T01:58:47.312+0000 7f6c57400700 1 -- 172.21.15.137:0/3024186587 <== mon.0 v2:172.21.15.137:3300/0 2 ==== config(28 keys) ==== 1143+0+0 (secure 0 0 0) 0x7f6c50003cc0 con 0x7f6c60108ae0
2024-04-25T01:58:55.068 INFO:teuthology.orchestra.run.smithi137.stdout:/usr/bin/ceph: stderr
2024-04-25T01:58:47.312+0000 7f6c57400700 1 -- 172.21.15.137:0/3024186587 <== mon.0 v2:172.21.15.137:3300/0 3 ==== mon_map magic: 0 ==== 205+0+0 (secure 0 0 0) 0x7f6c50024930 con 0x7f6c60108ae0
2024-04-25T01:58:55.068 INFO:teuthology.orchestra.run.smithi137.stdout:/usr/bin/ceph: stderr
2024-04-25T01:58:47.312+0000 7f6c65600700 1 -- 172.21.15.137:0/3024186587 --> [v2:172.21.15.137:3300/0,v1:172.21.15.137:6789/0] -- mon_subscribe({osdmap=0}) -- 0x7f6c6019f450 con 0x7f6c60108ae0
2024-04-25T01:58:55.068 INFO:teuthology.orchestra.run.smithi137.stdout:/usr/bin/ceph: stderr
2024-04-25T01:58:47.313+0000 7f6c57400700 1 -- 172.21.15.137:0/3024186587 <== mon.0 v2:172.21.15.137:3300/0 4 ==== mgrmap(e 5) ==== 46287+0+0 (secure 0 0 0) 0x7f6c50022020 con 0x7f6c60108ae0
2024-04-25T01:58:55.068 INFO:teuthology.orchestra.run.smithi137.stdout:/usr/bin/ceph: stderr
2024-04-25T01:58:47.313+0000 7f6c57400700 1 --2- 172.21.15.137:0/3024186587 >> [v2:172.21.15.137:6800/3009931509,v1:172.21.15.137:6801/3009931509] conn(0x7f6c440390a0 0x7f6c4403b560 unknown :-1 s=NONE pgs=0 cs=0 l=1 rev1=0 crypto rx=0 tx=0 comp rx=0 tx=0).connect
2024-04-25T01:58:55.068 INFO:teuthology.orchestra.run.smithi137.stdout:/usr/bin/ceph: stderr
2024-04-25T01:58:47.313+0000 7f6c57400700 1 -- 172.21.15.137:0/3024186587 --> [v2:172.21.15.137:6800/3009931509,v1:172.21.15.137:6801/3009931509] -- command(tid 0: {"prefix": "get_command_descriptions"}) -- 0x7f6c4403bc70 con 0x7f6c440390a0
2024-04-25T01:58:55.068 INFO:teuthology.orchestra.run.smithi137.stdout:/usr/bin/ceph: stderr
2024-04-25T01:58:47.313+0000 7f6c57400700 1 -- 172.21.15.137:0/3024186587 <== mon.0 v2:172.21.15.137:3300/0 5 ==== osd_map(1..1 src has 1..1) ==== 725+0+0 (secure 0 0 0) 0x7f6c5004cda0 con 0x7f6c60108ae0
2024-04-25T01:58:55.068 INFO:teuthology.orchestra.run.smithi137.stdout:/usr/bin/ceph: stderr
2024-04-25T01:58:47.313+0000 7f6c5e000700 1 -- 172.21.15.137:0/3024186587 >> [v2:172.21.15.137:6800/3009931509,v1:172.21.15.137:6801/3009931509] conn(0x7f6c440390a0 msgr2=0x7f6c4403b560 unknown :-1 s=STATE_CONNECTING_RE l=1).process reconnect failed to v2:172.21.15.137:6800/3009931509
2024-04-25T01:58:55.068 INFO:teuthology.orchestra.run.smithi137.stdout:/usr/bin/ceph: stderr
2024-04-25T01:58:47.313+0000 7f6c5e000700 1 --2- 172.21.15.137:0/3024186587 >> [v2:172.21.15.137:6800/3009931509,v1:172.21.15.137:6801/3009931509] conn(0x7f6c440390a0 0x7f6c4403b560 unknown :-1 s=START_CONNECT pgs=0 cs=0 l=1 rev1=0 crypto rx=0 tx=0 comp rx=0 tx=0)._fault waiting 0.200000
2024-04-25T01:58:55.068 INFO:teuthology.orchestra.run.smithi137.stdout:/usr/bin/ceph: stderr
2024-04-25T01:58:47.515+0000 7f6c5e000700 1 -- 172.21.15.137:0/3024186587 >> [v2:172.21.15.137:6800/3009931509,v1:172.21.15.137:6801/3009931509] conn(0x7f6c440390a0 msgr2=0x7f6c4403b560 unknown :-1 s=STATE_CONNECTING_RE l=1).process reconnect failed to v2:172.21.15.137:6800/3009931509
2024-04-25T01:58:55.068 INFO:teuthology.orchestra.run.smithi137.stdout:/usr/bin/ceph: stderr
2024-04-25T01:58:47.515+0000 7f6c5e000700 1 --2- 172.21.15.137:0/3024186587 >> [v2:172.21.15.137:6800/3009931509,v1:172.21.15.137:6801/3009931509] conn(0x7f6c440390a0 0x7f6c4403b560 unknown :-1 s=START_CONNECT pgs=0 cs=0 l=1 rev1=0 crypto rx=0 tx=0 comp rx=0 tx=0)._fault waiting 0.400000
2024-04-25T01:58:55.068 INFO:teuthology.orchestra.run.smithi137.stdout:/usr/bin/ceph: stderr
2024-04-25T01:58:47.916+0000 7f6c5e000700 1 -- 172.21.15.137:0/3024186587 >> [v2:172.21.15.137:6800/3009931509,v1:172.21.15.137:6801/3009931509] conn(0x7f6c440390a0 msgr2=0x7f6c4403b560 unknown :-1 s=STATE_CONNECTING_RE l=1).process reconnect failed to v2:172.21.15.137:6800/3009931509
2024-04-25T01:58:55.069 INFO:teuthology.orchestra.run.smithi137.stdout:/usr/bin/ceph: stderr
2024-04-25T01:58:47.916+0000 7f6c5e000700 1 --2- 172.21.15.137:0/3024186587 >> [v2:172.21.15.137:6800/3009931509,v1:172.21.15.137:6801/3009931509] conn(0x7f6c440390a0 0x7f6c4403b560 unknown :-1 s=START_CONNECT pgs=0 cs=0 l=1 rev1=0 crypto rx=0 tx=0 comp rx=0 tx=0)._fault waiting 0.800000
2024-04-25T01:58:55.069 INFO:teuthology.orchestra.run.smithi137.stdout:/usr/bin/ceph: stderr
2024-04-25T01:58:48.717+0000 7f6c5e000700 1 -- 172.21.15.137:0/3024186587 >> [v2:172.21.15.137:6800/3009931509,v1:172.21.15.137:6801/3009931509] conn(0x7f6c440390a0 msgr2=0x7f6c4403b560 unknown :-1 s=STATE_CONNECTING_RE l=1).process reconnect failed to v2:172.21.15.137:6800/3009931509
2024-04-25T01:58:55.069 INFO:teuthology.orchestra.run.smithi137.stdout:/usr/bin/ceph: stderr
2024-04-25T01:58:48.717+0000 7f6c5e000700 1 --2- 172.21.15.137:0/3024186587 >> [v2:172.21.15.137:6800/3009931509,v1:172.21.15.137:6801/3009931509] conn(0x7f6c440390a0 0x7f6c4403b560 unknown :-1 s=START_CONNECT pgs=0 cs=0 l=1 rev1=0 crypto rx=0 tx=0 comp rx=0 tx=0)._fault waiting 1.600000
2024-04-25T01:58:55.069 INFO:teuthology.orchestra.run.smithi137.stdout:/usr/bin/ceph: stderr
2024-04-25T01:58:50.319+0000 7f6c5e000700 1 -- 172.21.15.137:0/3024186587 >> [v2:172.21.15.137:6800/3009931509,v1:172.21.15.137:6801/3009931509] conn(0x7f6c440390a0 msgr2=0x7f6c4403b560 unknown :-1 s=STATE_CONNECTING_RE l=1).process reconnect failed to v2:172.21.15.137:6800/3009931509
2024-04-25T01:58:55.069 INFO:teuthology.orchestra.run.smithi137.stdout:/usr/bin/ceph: stderr
2024-04-25T01:58:50.319+0000 7f6c5e000700 1 --2- 172.21.15.137:0/3024186587 >> [v2:172.21.15.137:6800/3009931509,v1:172.21.15.137:6801/3009931509] conn(0x7f6c440390a0 0x7f6c4403b560 unknown :-1 s=START_CONNECT pgs=0 cs=0 l=1 rev1=0 crypto rx=0 tx=0 comp rx=0 tx=0)._fault waiting 3.200000
2024-04-25T01:58:55.069 INFO:teuthology.orchestra.run.smithi137.stdout:/usr/bin/ceph: stderr
2024-04-25T01:58:53.342+0000 7f6c57400700 1 -- 172.21.15.137:0/3024186587 <== mon.0 v2:172.21.15.137:3300/0 6 ==== mgrmap(e 6) ==== 46054+0+0 (secure 0 0 0) 0x7f6c5001a950 con 0x7f6c60108ae0
2024-04-25T01:58:55.069 INFO:teuthology.orchestra.run.smithi137.stdout:/usr/bin/ceph: stderr
2024-04-25T01:58:53.342+0000 7f6c57400700 1 -- 172.21.15.137:0/3024186587 >> [v2:172.21.15.137:6800/3009931509,v1:172.21.15.137:6801/3009931509] conn(0x7f6c440390a0 msgr2=0x7f6c4403b560 unknown :-1 s=STATE_CONNECTING l=1).mark_down
2024-04-25T01:58:55.069 INFO:teuthology.orchestra.run.smithi137.stdout:/usr/bin/ceph: stderr
2024-04-25T01:58:53.342+0000 7f6c57400700 1 --2- 172.21.15.137:0/3024186587 >> [v2:172.21.15.137:6800/3009931509,v1:172.21.15.137:6801/3009931509] conn(0x7f6c440390a0 0x7f6c4403b560 unknown :-1 s=START_CONNECT pgs=0 cs=0 l=1 rev1=0 crypto rx=0 tx=0 comp rx=0 tx=0).stop
2024-04-25T01:58:55.069 INFO:teuthology.orchestra.run.smithi137.stdout:/usr/bin/ceph: stderr
2024-04-25T01:58:54.346+0000 7f6c57400700 1 -- 172.21.15.137:0/3024186587 <== mon.0 v2:172.21.15.137:3300/0 7 ==== mgrmap(e 7) ==== 46181+0+0 (secure 0 0 0) 0x7f6c5004e3c0 con 0x7f6c60108ae0
2024-04-25T01:58:55.069 INFO:teuthology.orchestra.run.smithi137.stdout:/usr/bin/ceph: stderr
2024-04-25T01:58:54.347+0000 7f6c57400700 1 --2- 172.21.15.137:0/3024186587 >> [v2:172.21.15.137:6800/1454150812,v1:172.21.15.137:6801/1454150812] conn(0x7f6c4403c9d0 0x7f6c4403edc0 unknown :-1 s=NONE pgs=0 cs=0 l=1 rev1=0 crypto rx=0 tx=0 comp rx=0 tx=0).connect
2024-04-25T01:58:55.069 INFO:teuthology.orchestra.run.smithi137.stdout:/usr/bin/ceph: stderr
2024-04-25T01:58:54.347+0000 7f6c57400700 1 -- 172.21.15.137:0/3024186587 --> [v2:172.21.15.137:6800/1454150812,v1:172.21.15.137:6801/1454150812] -- command(tid 0: {"prefix": "get_command_descriptions"}) -- 0x7f6c5000af30 con 0x7f6c4403c9d0
2024-04-25T01:58:55.069 INFO:teuthology.orchestra.run.smithi137.stdout:/usr/bin/ceph: stderr
2024-04-25T01:58:54.349+0000 7f6c5e000700 1 --2- 172.21.15.137:0/3024186587 >> [v2:172.21.15.137:6800/1454150812,v1:172.21.15.137:6801/1454150812] conn(0x7f6c4403c9d0 0x7f6c4403edc0 unknown :-1 s=BANNER_CONNECTING pgs=0 cs=0 l=1 rev1=0 crypto rx=0 tx=0 comp rx=0 tx=0)._handle_peer_banner_payload supported=3 required=0
2024-04-25T01:58:55.069 INFO:teuthology.orchestra.run.smithi137.stdout:/usr/bin/ceph: stderr
2024-04-25T01:58:54.353+0000 7f6c5e000700 1 --2- 172.21.15.137:0/3024186587 >> [v2:172.21.15.137:6800/1454150812,v1:172.21.15.137:6801/1454150812] conn(0x7f6c4403c9d0 0x7f6c4403edc0 secure :-1 s=READY pgs=4 cs=0 l=1 rev1=1 crypto rx=0x7f6c4c003a10 tx=0x7f6c4c0092b0 comp rx=0 tx=0).ready entity=mgr.14120 client_cookie=0 server_cookie=0 in_seq=0 out_seq=0
2024-04-25T01:58:55.070 INFO:teuthology.orchestra.run.smithi137.stdout:/usr/bin/ceph: stderr
2024-04-25T01:58:54.355+0000 7f6c57400700 1 -- 172.21.15.137:0/3024186587 <== mgr.14120 v2:172.21.15.137:6800/1454150812 1 ==== command_reply(tid 0: 0 ) ==== 8+0+7774 (secure 0 0 0) 0x7f6c5000af30 con 0x7f6c4403c9d0
2024-04-25T01:58:55.070 INFO:teuthology.orchestra.run.smithi137.stdout:/usr/bin/ceph: stderr
2024-04-25T01:58:54.363+0000 7f6c65600700 1 -- 172.21.15.137:0/3024186587 --> [v2:172.21.15.137:6800/1454150812,v1:172.21.15.137:6801/1454150812] -- command(tid 1: {"prefix": "mgr_status"}) -- 0x7f6c60063890 con 0x7f6c4403c9d0
2024-04-25T01:58:55.070 INFO:teuthology.orchestra.run.smithi137.stdout:/usr/bin/ceph: stderr
2024-04-25T01:58:54.364+0000 7f6c57400700 1 -- 172.21.15.137:0/3024186587 <== mgr.14120 v2:172.21.15.137:6800/1454150812 2 ==== command_reply(tid 1: 0 ) ==== 8+0+51 (secure 0 0 0) 0x7f6c60063890 con 0x7f6c4403c9d0
2024-04-25T01:58:55.070 INFO:teuthology.orchestra.run.smithi137.stdout:/usr/bin/ceph: stderr
2024-04-25T01:58:54.365+0000 7f6c65600700 1 -- 172.21.15.137:0/3024186587 >> [v2:172.21.15.137:6800/1454150812,v1:172.21.15.137:6801/1454150812] conn(0x7f6c4403c9d0 msgr2=0x7f6c4403edc0 secure :-1 s=STATE_CONNECTION_ESTABLISHED l=1).mark_down
2024-04-25T01:58:55.070 INFO:teuthology.orchestra.run.smithi137.stdout:/usr/bin/ceph: stderr
2024-04-25T01:58:54.365+0000 7f6c65600700 1 --2- 172.21.15.137:0/3024186587 >> [v2:172.21.15.137:6800/1454150812,v1:172.21.15.137:6801/1454150812] conn(0x7f6c4403c9d0 0x7f6c4403edc0 secure :-1 s=READY pgs=4 cs=0 l=1 rev1=1 crypto rx=0x7f6c4c003a10 tx=0x7f6c4c0092b0 comp rx=0 tx=0).stop
2024-04-25T01:58:55.070 INFO:teuthology.orchestra.run.smithi137.stdout:/usr/bin/ceph: stderr
2024-04-25T01:58:54.365+0000 7f6c65600700 1 -- 172.21.15.137:0/3024186587 >> [v2:172.21.15.137:3300/0,v1:172.21.15.137:6789/0] conn(0x7f6c60108ae0 msgr2=0x7f6c6019bf90 secure :-1 s=STATE_CONNECTION_ESTABLISHED l=1).mark_down
2024-04-25T01:58:55.070 INFO:teuthology.orchestra.run.smithi137.stdout:/usr/bin/ceph: stderr
2024-04-25T01:58:54.365+0000 7f6c65600700 1 --2- 172.21.15.137:0/3024186587 >> [v2:172.21.15.137:3300/0,v1:172.21.15.137:6789/0] conn(0x7f6c60108ae0 0x7f6c6019bf90 secure :-1 s=READY pgs=29 cs=0 l=1 rev1=1 crypto rx=0x7f6c50011bd0 tx=0x7f6c50011cb0 comp rx=0 tx=0).stop
2024-04-25T01:58:55.070 INFO:teuthology.orchestra.run.smithi137.stdout:/usr/bin/ceph: stderr
2024-04-25T01:58:54.365+0000 7f6c65600700 1 -- 172.21.15.137:0/3024186587 shutdown_connections
2024-04-25T01:58:55.070 INFO:teuthology.orchestra.run.smithi137.stdout:/usr/bin/ceph: stderr
2024-04-25T01:58:54.365+0000 7f6c65600700 1 --2- 172.21.15.137:0/3024186587 >> [v2:172.21.15.137:6800/1454150812,v1:172.21.15.137:6801/1454150812] conn(0x7f6c4403c9d0 0x7f6c4403edc0 unknown :-1 s=CLOSED pgs=4 cs=0 l=1 rev1=1 crypto rx=0 tx=0 comp rx=0 tx=0).stop
2024-04-25T01:58:55.070 INFO:teuthology.orchestra.run.smithi137.stdout:/usr/bin/ceph: stderr
2024-04-25T01:58:54.365+0000 7f6c65600700 1 --2- 172.21.15.137:0/3024186587 >> [v2:172.21.15.137:3300/0,v1:172.21.15.137:6789/0] conn(0x7f6c60108ae0 0x7f6c6019bf90 unknown :-1 s=CLOSED pgs=29 cs=0 l=1 rev1=1 crypto rx=0 tx=0 comp rx=0 tx=0).stop
2024-04-25T01:58:55.070 INFO:teuthology.orchestra.run.smithi137.stdout:/usr/bin/ceph: stderr
2024-04-25T01:58:54.365+0000 7f6c65600700 1 --2- 172.21.15.137:0/3024186587 >> [v2:172.21.15.137:6800/3009931509,v1:172.21.15.137:6801/3009931509] conn(0x7f6c440390a0 0x7f6c4403b560 unknown :-1 s=CLOSED pgs=0 cs=0 l=1 rev1=0 crypto rx=0 tx=0 comp rx=0 tx=0).stop
2024-04-25T01:58:55.070 INFO:teuthology.orchestra.run.smithi137.stdout:/usr/bin/ceph: stderr
2024-04-25T01:58:54.365+0000 7f6c65600700 1 -- 172.21.15.137:0/3024186587 >> 172.21.15.137:0/3024186587 conn(0x7f6c601024f0 msgr2=0x7f6c60102f80 unknown :-1 s=STATE_NONE l=0).mark_down
2024-04-25T01:58:55.070 INFO:teuthology.orchestra.run.smithi137.stdout:/usr/bin/ceph: stderr
2024-04-25T01:58:54.365+0000 7f6c65600700 1 -- 172.21.15.137:0/3024186587 shutdown_connections
2024-04-25T01:58:55.071 INFO:teuthology.orchestra.run.smithi137.stdout:/usr/bin/ceph: stderr
2024-04-25T01:58:54.365+0000 7f6c65600700 1 -- 172.21.15.137:0/3024186587 wait complete.
2024-04-25T01:58:55.071 INFO:teuthology.orchestra.run.smithi137.stdout:mgr epoch 5 is available
2024-04-25T01:58:55.071 INFO:teuthology.orchestra.run.smithi137.stdout:Setting orchestrator backend to cephadm...
2024-04-25T01:58:55.627 INFO:journalctl@ceph.mon.a.smithi137.stdout:Apr 25 01:58:55 smithi137 ceph-mon[28303]: [25/Apr/2024:01:58:54] ENGINE Bus STARTING
2024-04-25T01:58:55.627 INFO:journalctl@ceph.mon.a.smithi137.stdout:Apr 25 01:58:55 smithi137 ceph-mon[28303]: [25/Apr/2024:01:58:54] ENGINE Serving on http://172.21.15.137:8765
2024-04-25T01:58:55.627 INFO:journalctl@ceph.mon.a.smithi137.stdout:Apr 25 01:58:55 smithi137 ceph-mon[28303]: [25/Apr/2024:01:58:54] ENGINE Serving on https://172.21.15.137:7150
2024-04-25T01:58:55.627 INFO:journalctl@ceph.mon.a.smithi137.stdout:Apr 25 01:58:55 smithi137 ceph-mon[28303]: [25/Apr/2024:01:58:54] ENGINE Bus STARTED
2024-04-25T01:58:55.627 INFO:journalctl@ceph.mon.a.smithi137.stdout:Apr 25 01:58:55 smithi137 ceph-mon[28303]: from='client.14124 -' entity='client.admin' cmd=[{"prefix": "get_command_descriptions"}]: dispatch
2024-04-25T01:58:55.627 INFO:journalctl@ceph.mon.a.smithi137.stdout:Apr 25 01:58:55 smithi137 ceph-mon[28303]: from='client.14124 -' entity='client.admin' cmd=[{"prefix": "mgr_status"}]: dispatch
2024-04-25T01:58:56.688 INFO:journalctl@ceph.mon.a.smithi137.stdout:Apr 25 01:58:56 smithi137 ceph-mon[28303]: mgrmap e8: x(active, since 2s)
2024-04-25T01:58:56.689 INFO:journalctl@ceph.mon.a.smithi137.stdout:Apr 25 01:58:56 smithi137 ceph-mon[28303]: from='mgr.14120 172.21.15.137:0/3588279518' entity='mgr.x'
2024-04-25T01:58:56.689 INFO:journalctl@ceph.mon.a.smithi137.stdout:Apr 25 01:58:56 smithi137 ceph-mon[28303]: from='mgr.14120 172.21.15.137:0/3588279518' entity='mgr.x' cmd=[{"prefix": "config dump", "format": "json"}]: dispatch
2024-04-25T01:58:56.698 INFO:teuthology.orchestra.run.smithi137.stdout:/usr/bin/ceph: stderr
2024-04-25T01:58:55.659+0000 7f9401c00700 1 Processor -- start
2024-04-25T01:58:56.699 INFO:teuthology.orchestra.run.smithi137.stdout:/usr/bin/ceph: stderr
2024-04-25T01:58:55.659+0000 7f9401c00700 1 -- start start
2024-04-25T01:58:56.699 INFO:teuthology.orchestra.run.smithi137.stdout:/usr/bin/ceph: stderr
2024-04-25T01:58:55.659+0000 7f9401c00700 1 --2- >> [v2:172.21.15.137:3300/0,v1:172.21.15.137:6789/0] conn(0x7f93fc10e5f0 0x7f93fc10ea10 unknown :-1 s=NONE pgs=0 cs=0 l=0 rev1=0 crypto rx=0 tx=0 comp rx=0 tx=0).connect
2024-04-25T01:58:56.699 INFO:teuthology.orchestra.run.smithi137.stdout:/usr/bin/ceph: stderr
2024-04-25T01:58:55.659+0000 7f9401c00700 1 -- --> [v2:172.21.15.137:3300/0,v1:172.21.15.137:6789/0] -- mon_getmap magic: 0 -- 0x7f93fc10efe0 con 0x7f93fc10e5f0
2024-04-25T01:58:56.699 INFO:teuthology.orchestra.run.smithi137.stdout:/usr/bin/ceph: stderr
2024-04-25T01:58:55.660+0000 7f93faa00700 1 --2- >> [v2:172.21.15.137:3300/0,v1:172.21.15.137:6789/0] conn(0x7f93fc10e5f0 0x7f93fc10ea10 unknown :-1 s=BANNER_CONNECTING pgs=0 cs=0 l=0 rev1=0 crypto rx=0 tx=0 comp rx=0 tx=0)._handle_peer_banner_payload supported=3 required=0
2024-04-25T01:58:56.700 INFO:teuthology.orchestra.run.smithi137.stdout:/usr/bin/ceph: stderr
2024-04-25T01:58:55.660+0000 7f93faa00700 1 --2- >> [v2:172.21.15.137:3300/0,v1:172.21.15.137:6789/0] conn(0x7f93fc10e5f0 0x7f93fc10ea10 unknown :-1 s=HELLO_CONNECTING pgs=0 cs=0 l=0 rev1=1 crypto rx=0 tx=0 comp rx=0 tx=0).handle_hello peer v2:172.21.15.137:3300/0 says I am v2:172.21.15.137:33256/0 (socket says 172.21.15.137:33256)
2024-04-25T01:58:56.700 INFO:teuthology.orchestra.run.smithi137.stdout:/usr/bin/ceph: stderr
2024-04-25T01:58:55.660+0000 7f93faa00700 1 -- 172.21.15.137:0/3843162685 learned_addr learned my addr 172.21.15.137:0/3843162685 (peer_addr_for_me v2:172.21.15.137:0/0)
2024-04-25T01:58:56.700 INFO:teuthology.orchestra.run.smithi137.stdout:/usr/bin/ceph: stderr
