2024-04-25T01:55:05.687 INFO:journalctl@ceph.mon.a.smithi053.stdout:Apr 25 01:55:05 smithi053 ceph-mon[29218]: from='mgr.14152 172.21.15.53:0/2342809429' entity='mgr.x' cmd=[{"prefix": "mon metadata"}]: dispatch
2024-04-25T01:55:05.687 INFO:journalctl@ceph.mon.a.smithi053.stdout:Apr 25 01:55:05 smithi053 ceph-mon[29218]: Manager daemon x is now available
2024-04-25T01:55:05.687 INFO:journalctl@ceph.mon.a.smithi053.stdout:Apr 25 01:55:05 smithi053 ceph-mon[29218]: from='mgr.14152 172.21.15.53:0/2342809429' entity='mgr.x' cmd=[{"prefix": "config dump", "format": "json"}]: dispatch
2024-04-25T01:55:06.634 INFO:journalctl@ceph.mon.a.smithi053.stdout:Apr 25 01:55:06 smithi053 ceph-mon[29218]: from='mgr.14152 172.21.15.53:0/2342809429' entity='mgr.x' cmd=[{"prefix":"config rm","who":"mgr","name":"mgr/rbd_support/x/mirror_snapshot_schedule"}]: dispatch
2024-04-25T01:55:06.634 INFO:journalctl@ceph.mon.a.smithi053.stdout:Apr 25 01:55:06 smithi053 ceph-mon[29218]: from='mgr.14152 172.21.15.53:0/2342809429' entity='mgr.x' cmd=[{"prefix":"config rm","who":"mgr","name":"mgr/rbd_support/x/trash_purge_schedule"}]: dispatch
2024-04-25T01:55:06.634 INFO:journalctl@ceph.mon.a.smithi053.stdout:Apr 25 01:55:06 smithi053 ceph-mon[29218]: [25/Apr/2024:01:55:05] ENGINE Bus STARTING
2024-04-25T01:55:06.635 INFO:journalctl@ceph.mon.a.smithi053.stdout:Apr 25 01:55:06 smithi053 ceph-mon[29218]: [25/Apr/2024:01:55:05] ENGINE Serving on http://172.21.15.53:8765
2024-04-25T01:55:06.635 INFO:journalctl@ceph.mon.a.smithi053.stdout:Apr 25 01:55:06 smithi053 ceph-mon[29218]: [25/Apr/2024:01:55:05] ENGINE Serving on https://172.21.15.53:7150
2024-04-25T01:55:06.635 INFO:journalctl@ceph.mon.a.smithi053.stdout:Apr 25 01:55:06 smithi053 ceph-mon[29218]: [25/Apr/2024:01:55:05] ENGINE Bus STARTED
2024-04-25T01:55:06.635 INFO:journalctl@ceph.mon.a.smithi053.stdout:Apr 25 01:55:06 smithi053 ceph-mon[29218]: mgrmap e11: x(active, since 1.0076s)
2024-04-25T01:55:07.471 INFO:teuthology.orchestra.run.smithi053.stdout:/usr/bin/ceph: stdout {
2024-04-25T01:55:07.471 INFO:teuthology.orchestra.run.smithi053.stdout:/usr/bin/ceph: stdout "mgrmap_epoch": 11,
2024-04-25T01:55:07.471 INFO:teuthology.orchestra.run.smithi053.stdout:/usr/bin/ceph: stdout "initialized": true
2024-04-25T01:55:07.471 INFO:teuthology.orchestra.run.smithi053.stdout:/usr/bin/ceph: stdout }
2024-04-25T01:55:07.471 INFO:teuthology.orchestra.run.smithi053.stdout:/usr/bin/ceph: stderr
2024-04-25T01:55:00.757+0000 7f93b303f700 1 Processor -- start
2024-04-25T01:55:07.471 INFO:teuthology.orchestra.run.smithi053.stdout:/usr/bin/ceph: stderr
2024-04-25T01:55:00.757+0000 7f93b303f700 1 -- start start
2024-04-25T01:55:07.471 INFO:teuthology.orchestra.run.smithi053.stdout:/usr/bin/ceph: stderr
2024-04-25T01:55:00.757+0000 7f93b303f700 1 --2- >> [v2:172.21.15.53:3300/0,v1:172.21.15.53:6789/0] conn(0x7f93ac108200 0x7f93ac108620 unknown :-1 s=NONE pgs=0 cs=0 l=0 rev1=0 crypto rx=0 tx=0 comp rx=0 tx=0).connect
2024-04-25T01:55:07.472 INFO:teuthology.orchestra.run.smithi053.stdout:/usr/bin/ceph: stderr
2024-04-25T01:55:00.757+0000 7f93b303f700 1 -- --> [v2:172.21.15.53:3300/0,v1:172.21.15.53:6789/0] -- mon_getmap magic: 0 -- 0x7f93ac106740 con 0x7f93ac108200
2024-04-25T01:55:07.472 INFO:teuthology.orchestra.run.smithi053.stdout:/usr/bin/ceph: stderr
2024-04-25T01:55:00.757+0000 7f93b0ddb700 1 --2- >> [v2:172.21.15.53:3300/0,v1:172.21.15.53:6789/0] conn(0x7f93ac108200 0x7f93ac108620 unknown :-1 s=BANNER_CONNECTING pgs=0 cs=0 l=0 rev1=0 crypto rx=0 tx=0 comp rx=0 tx=0)._handle_peer_banner_payload supported=3 required=0
2024-04-25T01:55:07.472 INFO:teuthology.orchestra.run.smithi053.stdout:/usr/bin/ceph: stderr
2024-04-25T01:55:00.757+0000 7f93b0ddb700 1 --2- >> [v2:172.21.15.53:3300/0,v1:172.21.15.53:6789/0] conn(0x7f93ac108200 0x7f93ac108620 unknown :-1 s=HELLO_CONNECTING pgs=0 cs=0 l=0 rev1=1 crypto rx=0 tx=0 comp rx=0 tx=0).handle_hello peer v2:172.21.15.53:3300/0 says I am v2:172.21.15.53:58798/0 (socket says 172.21.15.53:58798)
2024-04-25T01:55:07.472 INFO:teuthology.orchestra.run.smithi053.stdout:/usr/bin/ceph: stderr
2024-04-25T01:55:00.757+0000 7f93b0ddb700 1 -- 172.21.15.53:0/2735534917 learned_addr learned my addr 172.21.15.53:0/2735534917 (peer_addr_for_me v2:172.21.15.53:0/0)
2024-04-25T01:55:07.472 INFO:teuthology.orchestra.run.smithi053.stdout:/usr/bin/ceph: stderr
2024-04-25T01:55:00.758+0000 7f93b0ddb700 1 -- 172.21.15.53:0/2735534917 --> [v2:172.21.15.53:3300/0,v1:172.21.15.53:6789/0] -- mon_subscribe({config=0+,monmap=0+}) -- 0x7f93ac1068c0 con 0x7f93ac108200
2024-04-25T01:55:07.472 INFO:teuthology.orchestra.run.smithi053.stdout:/usr/bin/ceph: stderr
2024-04-25T01:55:00.758+0000 7f93b0ddb700 1 --2- 172.21.15.53:0/2735534917 >> [v2:172.21.15.53:3300/0,v1:172.21.15.53:6789/0] conn(0x7f93ac108200 0x7f93ac108620 secure :-1 s=READY pgs=61 cs=0 l=1 rev1=1 crypto rx=0x7f93a0010b60 tx=0x7f93a0010e70 comp rx=0 tx=0).ready entity=mon.0 client_cookie=86ea075c416c8a86 server_cookie=0 in_seq=0 out_seq=0
2024-04-25T01:55:07.472 INFO:teuthology.orchestra.run.smithi053.stdout:/usr/bin/ceph: stderr
2024-04-25T01:55:00.758+0000 7f93ab7fe700 1 -- 172.21.15.53:0/2735534917 <== mon.0 v2:172.21.15.53:3300/0 1 ==== mon_map magic: 0 ==== 205+0+0 (secure 0 0 0) 0x7f93a000bdd0 con 0x7f93ac108200
2024-04-25T01:55:07.472 INFO:teuthology.orchestra.run.smithi053.stdout:/usr/bin/ceph: stderr
2024-04-25T01:55:00.758+0000 7f93ab7fe700 1 -- 172.21.15.53:0/2735534917 <== mon.0 v2:172.21.15.53:3300/0 2 ==== config(27 keys) ==== 1140+0+0 (secure 0 0 0) 0x7f93a0004510 con 0x7f93ac108200
2024-04-25T01:55:07.472 INFO:teuthology.orchestra.run.smithi053.stdout:/usr/bin/ceph: stderr
2024-04-25T01:55:00.758+0000 7f93ab7fe700 1 -- 172.21.15.53:0/2735534917 <== mon.0 v2:172.21.15.53:3300/0 3 ==== mon_map magic: 0 ==== 205+0+0 (secure 0 0 0) 0x7f93a00185b0 con 0x7f93ac108200
2024-04-25T01:55:07.472 INFO:teuthology.orchestra.run.smithi053.stdout:/usr/bin/ceph: stderr
2024-04-25T01:55:00.759+0000 7f93b303f700 1 -- 172.21.15.53:0/2735534917 >> [v2:172.21.15.53:3300/0,v1:172.21.15.53:6789/0] conn(0x7f93ac108200 msgr2=0x7f93ac108620 secure :-1 s=STATE_CONNECTION_ESTABLISHED l=1).mark_down
2024-04-25T01:55:07.472 INFO:teuthology.orchestra.run.smithi053.stdout:/usr/bin/ceph: stderr
2024-04-25T01:55:00.759+0000 7f93b303f700 1 --2- 172.21.15.53:0/2735534917 >> [v2:172.21.15.53:3300/0,v1:172.21.15.53:6789/0] conn(0x7f93ac108200 0x7f93ac108620 secure :-1 s=READY pgs=61 cs=0 l=1 rev1=1 crypto rx=0x7f93a0010b60 tx=0x7f93a0010e70 comp rx=0 tx=0).stop
2024-04-25T01:55:07.472 INFO:teuthology.orchestra.run.smithi053.stdout:/usr/bin/ceph: stderr
2024-04-25T01:55:00.759+0000 7f93b303f700 1 -- 172.21.15.53:0/2735534917 shutdown_connections
2024-04-25T01:55:07.472 INFO:teuthology.orchestra.run.smithi053.stdout:/usr/bin/ceph: stderr
2024-04-25T01:55:00.759+0000 7f93b303f700 1 --2- 172.21.15.53:0/2735534917 >> [v2:172.21.15.53:3300/0,v1:172.21.15.53:6789/0] conn(0x7f93ac108200 0x7f93ac108620 unknown :-1 s=CLOSED pgs=61 cs=0 l=1 rev1=1 crypto rx=0 tx=0 comp rx=0 tx=0).stop
2024-04-25T01:55:07.472 INFO:teuthology.orchestra.run.smithi053.stdout:/usr/bin/ceph: stderr
2024-04-25T01:55:00.759+0000 7f93b303f700 1 -- 172.21.15.53:0/2735534917 >> 172.21.15.53:0/2735534917 conn(0x7f93ac1020a0 msgr2=0x7f93ac104500 unknown :-1 s=STATE_NONE l=0).mark_down
2024-04-25T01:55:07.472 INFO:teuthology.orchestra.run.smithi053.stdout:/usr/bin/ceph: stderr
2024-04-25T01:55:00.759+0000 7f93b303f700 1 -- 172.21.15.53:0/2735534917 shutdown_connections
2024-04-25T01:55:07.473 INFO:teuthology.orchestra.run.smithi053.stdout:/usr/bin/ceph: stderr
2024-04-25T01:55:00.759+0000 7f93b303f700 1 -- 172.21.15.53:0/2735534917 wait complete.
2024-04-25T01:55:07.473 INFO:teuthology.orchestra.run.smithi053.stdout:/usr/bin/ceph: stderr
2024-04-25T01:55:00.760+0000 7f93b303f700 1 Processor -- start
2024-04-25T01:55:07.473 INFO:teuthology.orchestra.run.smithi053.stdout:/usr/bin/ceph: stderr
2024-04-25T01:55:00.760+0000 7f93b303f700 1 -- start start
2024-04-25T01:55:07.473 INFO:teuthology.orchestra.run.smithi053.stdout:/usr/bin/ceph: stderr
2024-04-25T01:55:00.760+0000 7f93b303f700 1 --2- >> [v2:172.21.15.53:3300/0,v1:172.21.15.53:6789/0] conn(0x7f93ac108200 0x7f93ac1a2290 unknown :-1 s=NONE pgs=0 cs=0 l=1 rev1=0 crypto rx=0 tx=0 comp rx=0 tx=0).connect
2024-04-25T01:55:07.473 INFO:teuthology.orchestra.run.smithi053.stdout:/usr/bin/ceph: stderr
2024-04-25T01:55:00.760+0000 7f93b303f700 1 -- --> [v2:172.21.15.53:3300/0,v1:172.21.15.53:6789/0] -- mon_getmap magic: 0 -- 0x7f93ac07b0e0 con 0x7f93ac108200
2024-04-25T01:55:07.473 INFO:teuthology.orchestra.run.smithi053.stdout:/usr/bin/ceph: stderr
2024-04-25T01:55:00.760+0000 7f93b0ddb700 1 --2- >> [v2:172.21.15.53:3300/0,v1:172.21.15.53:6789/0] conn(0x7f93ac108200 0x7f93ac1a2290 unknown :-1 s=BANNER_CONNECTING pgs=0 cs=0 l=1 rev1=0 crypto rx=0 tx=0 comp rx=0 tx=0)._handle_peer_banner_payload supported=3 required=0
2024-04-25T01:55:07.473 INFO:teuthology.orchestra.run.smithi053.stdout:/usr/bin/ceph: stderr
2024-04-25T01:55:00.760+0000 7f93b0ddb700 1 --2- >> [v2:172.21.15.53:3300/0,v1:172.21.15.53:6789/0] conn(0x7f93ac108200 0x7f93ac1a2290 unknown :-1 s=HELLO_CONNECTING pgs=0 cs=0 l=1 rev1=1 crypto rx=0 tx=0 comp rx=0 tx=0).handle_hello peer v2:172.21.15.53:3300/0 says I am v2:172.21.15.53:58800/0 (socket says 172.21.15.53:58800)
2024-04-25T01:55:07.473 INFO:teuthology.orchestra.run.smithi053.stdout:/usr/bin/ceph: stderr
2024-04-25T01:55:00.760+0000 7f93b0ddb700 1 -- 172.21.15.53:0/1673953315 learned_addr learned my addr 172.21.15.53:0/1673953315 (peer_addr_for_me v2:172.21.15.53:0/0)
2024-04-25T01:55:07.473 INFO:teuthology.orchestra.run.smithi053.stdout:/usr/bin/ceph: stderr
2024-04-25T01:55:00.760+0000 7f93b0ddb700 1 -- 172.21.15.53:0/1673953315 --> [v2:172.21.15.53:3300/0,v1:172.21.15.53:6789/0] -- mon_subscribe({config=0+,monmap=0+}) -- 0x7f93ac1a27d0 con 0x7f93ac108200
2024-04-25T01:55:07.473 INFO:teuthology.orchestra.run.smithi053.stdout:/usr/bin/ceph: stderr
2024-04-25T01:55:00.761+0000 7f93b0ddb700 1 --2- 172.21.15.53:0/1673953315 >> [v2:172.21.15.53:3300/0,v1:172.21.15.53:6789/0] conn(0x7f93ac108200 0x7f93ac1a2290 secure :-1 s=READY pgs=62 cs=0 l=1 rev1=1 crypto rx=0x7f93a0006af0 tx=0x7f93a0003aa0 comp rx=0 tx=0).ready entity=mon.0 client_cookie=0 server_cookie=0 in_seq=0 out_seq=0
2024-04-25T01:55:07.473 INFO:teuthology.orchestra.run.smithi053.stdout:/usr/bin/ceph: stderr
2024-04-25T01:55:00.761+0000 7f93a9ffb700 1 -- 172.21.15.53:0/1673953315 <== mon.0 v2:172.21.15.53:3300/0 1 ==== mon_map magic: 0 ==== 205+0+0 (secure 0 0 0) 0x7f93a0010050 con 0x7f93ac108200
2024-04-25T01:55:07.473 INFO:teuthology.orchestra.run.smithi053.stdout:/usr/bin/ceph: stderr
2024-04-25T01:55:00.761+0000 7f93b303f700 1 -- 172.21.15.53:0/1673953315 --> [v2:172.21.15.53:3300/0,v1:172.21.15.53:6789/0] -- mon_subscribe({mgrmap=0+}) -- 0x7f93ac1a2a60 con 0x7f93ac108200
2024-04-25T01:55:07.473 INFO:teuthology.orchestra.run.smithi053.stdout:/usr/bin/ceph: stderr
2024-04-25T01:55:00.761+0000 7f93a9ffb700 1 -- 172.21.15.53:0/1673953315 <== mon.0 v2:172.21.15.53:3300/0 2 ==== config(27 keys) ==== 1140+0+0 (secure 0 0 0) 0x7f93a0018910 con 0x7f93ac108200
2024-04-25T01:55:07.473 INFO:teuthology.orchestra.run.smithi053.stdout:/usr/bin/ceph: stderr
2024-04-25T01:55:00.761+0000 7f93a9ffb700 1 -- 172.21.15.53:0/1673953315 <== mon.0 v2:172.21.15.53:3300/0 3 ==== mon_map magic: 0 ==== 205+0+0 (secure 0 0 0) 0x7f93a000f800 con 0x7f93ac108200
2024-04-25T01:55:07.473 INFO:teuthology.orchestra.run.smithi053.stdout:/usr/bin/ceph: stderr
2024-04-25T01:55:00.761+0000 7f93b303f700 1 -- 172.21.15.53:0/1673953315 --> [v2:172.21.15.53:3300/0,v1:172.21.15.53:6789/0] -- mon_subscribe({osdmap=0}) -- 0x7f93ac1a5750 con 0x7f93ac108200
2024-04-25T01:55:07.474 INFO:teuthology.orchestra.run.smithi053.stdout:/usr/bin/ceph: stderr
2024-04-25T01:55:00.762+0000 7f93a9ffb700 1 -- 172.21.15.53:0/1673953315 <== mon.0 v2:172.21.15.53:3300/0 4 ==== mgrmap(e 9) ==== 46300+0+0 (secure 0 0 0) 0x7f93a001f070 con 0x7f93ac108200
2024-04-25T01:55:07.474 INFO:teuthology.orchestra.run.smithi053.stdout:/usr/bin/ceph: stderr
2024-04-25T01:55:00.762+0000 7f93a9ffb700 1 --2- 172.21.15.53:0/1673953315 >> [v2:172.21.15.53:6800/2583272843,v1:172.21.15.53:6801/2583272843] conn(0x7f939c0390b0 0x7f939c03b570 unknown :-1 s=NONE pgs=0 cs=0 l=1 rev1=0 crypto rx=0 tx=0 comp rx=0 tx=0).connect
2024-04-25T01:55:07.474 INFO:teuthology.orchestra.run.smithi053.stdout:/usr/bin/ceph: stderr
2024-04-25T01:55:00.762+0000 7f93a9ffb700 1 -- 172.21.15.53:0/1673953315 --> [v2:172.21.15.53:6800/2583272843,v1:172.21.15.53:6801/2583272843] -- command(tid 0: {"prefix": "get_command_descriptions"}) -- 0x7f939c03bc80 con 0x7f939c0390b0
2024-04-25T01:55:07.474 INFO:teuthology.orchestra.run.smithi053.stdout:/usr/bin/ceph: stderr
2024-04-25T01:55:00.762+0000 7f93a9ffb700 1 -- 172.21.15.53:0/1673953315 <== mon.0 v2:172.21.15.53:3300/0 5 ==== osd_map(2..2 src has 1..2) ==== 940+0+0 (secure 0 0 0) 0x7f93a004d5d0 con 0x7f93ac108200
2024-04-25T01:55:07.474 INFO:teuthology.orchestra.run.smithi053.stdout:/usr/bin/ceph: stderr
2024-04-25T01:55:00.762+0000 7f93abfff700 1 -- 172.21.15.53:0/1673953315 >> [v2:172.21.15.53:6800/2583272843,v1:172.21.15.53:6801/2583272843] conn(0x7f939c0390b0 msgr2=0x7f939c03b570 unknown :-1 s=STATE_CONNECTING_RE l=1).process reconnect failed to v2:172.21.15.53:6800/2583272843
2024-04-25T01:55:07.474 INFO:teuthology.orchestra.run.smithi053.stdout:/usr/bin/ceph: stderr
2024-04-25T01:55:00.762+0000 7f93abfff700 1 --2- 172.21.15.53:0/1673953315 >> [v2:172.21.15.53:6800/2583272843,v1:172.21.15.53:6801/2583272843] conn(0x7f939c0390b0 0x7f939c03b570 unknown :-1 s=START_CONNECT pgs=0 cs=0 l=1 rev1=0 crypto rx=0 tx=0 comp rx=0 tx=0)._fault waiting 0.200000
2024-04-25T01:55:07.474 INFO:teuthology.orchestra.run.smithi053.stdout:/usr/bin/ceph: stderr
2024-04-25T01:55:00.963+0000 7f93abfff700 1 -- 172.21.15.53:0/1673953315 >> [v2:172.21.15.53:6800/2583272843,v1:172.21.15.53:6801/2583272843] conn(0x7f939c0390b0 msgr2=0x7f939c03b570 unknown :-1 s=STATE_CONNECTING_RE l=1).process reconnect failed to v2:172.21.15.53:6800/2583272843
2024-04-25T01:55:07.474 INFO:teuthology.orchestra.run.smithi053.stdout:/usr/bin/ceph: stderr
2024-04-25T01:55:00.963+0000 7f93abfff700 1 --2- 172.21.15.53:0/1673953315 >> [v2:172.21.15.53:6800/2583272843,v1:172.21.15.53:6801/2583272843] conn(0x7f939c0390b0 0x7f939c03b570 unknown :-1 s=START_CONNECT pgs=0 cs=0 l=1 rev1=0 crypto rx=0 tx=0 comp rx=0 tx=0)._fault waiting 0.400000
2024-04-25T01:55:07.474 INFO:teuthology.orchestra.run.smithi053.stdout:/usr/bin/ceph: stderr
2024-04-25T01:55:01.364+0000 7f93abfff700 1 -- 172.21.15.53:0/1673953315 >> [v2:172.21.15.53:6800/2583272843,v1:172.21.15.53:6801/2583272843] conn(0x7f939c0390b0 msgr2=0x7f939c03b570 unknown :-1 s=STATE_CONNECTING_RE l=1).process reconnect failed to v2:172.21.15.53:6800/2583272843
2024-04-25T01:55:07.474 INFO:teuthology.orchestra.run.smithi053.stdout:/usr/bin/ceph: stderr
2024-04-25T01:55:01.364+0000 7f93abfff700 1 --2- 172.21.15.53:0/1673953315 >> [v2:172.21.15.53:6800/2583272843,v1:172.21.15.53:6801/2583272843] conn(0x7f939c0390b0 0x7f939c03b570 unknown :-1 s=START_CONNECT pgs=0 cs=0 l=1 rev1=0 crypto rx=0 tx=0 comp rx=0 tx=0)._fault waiting 0.800000
2024-04-25T01:55:07.474 INFO:teuthology.orchestra.run.smithi053.stdout:/usr/bin/ceph: stderr
2024-04-25T01:55:02.165+0000 7f93abfff700 1 -- 172.21.15.53:0/1673953315 >> [v2:172.21.15.53:6800/2583272843,v1:172.21.15.53:6801/2583272843] conn(0x7f939c0390b0 msgr2=0x7f939c03b570 unknown :-1 s=STATE_CONNECTING_RE l=1).process reconnect failed to v2:172.21.15.53:6800/2583272843
2024-04-25T01:55:07.474 INFO:teuthology.orchestra.run.smithi053.stdout:/usr/bin/ceph: stderr
2024-04-25T01:55:02.165+0000 7f93abfff700 1 --2- 172.21.15.53:0/1673953315 >> [v2:172.21.15.53:6800/2583272843,v1:172.21.15.53:6801/2583272843] conn(0x7f939c0390b0 0x7f939c03b570 unknown :-1 s=START_CONNECT pgs=0 cs=0 l=1 rev1=0 crypto rx=0 tx=0 comp rx=0 tx=0)._fault waiting 1.600000
2024-04-25T01:55:07.474 INFO:teuthology.orchestra.run.smithi053.stdout:/usr/bin/ceph: stderr
2024-04-25T01:55:03.765+0000 7f93abfff700 1 -- 172.21.15.53:0/1673953315 >> [v2:172.21.15.53:6800/2583272843,v1:172.21.15.53:6801/2583272843] conn(0x7f939c0390b0 msgr2=0x7f939c03b570 unknown :-1 s=STATE_CONNECTING_RE l=1).process reconnect failed to v2:172.21.15.53:6800/2583272843
2024-04-25T01:55:07.475 INFO:teuthology.orchestra.run.smithi053.stdout:/usr/bin/ceph: stderr
2024-04-25T01:55:03.765+0000 7f93abfff700 1 --2- 172.21.15.53:0/1673953315 >> [v2:172.21.15.53:6800/2583272843,v1:172.21.15.53:6801/2583272843] conn(0x7f939c0390b0 0x7f939c03b570 unknown :-1 s=START_CONNECT pgs=0 cs=0 l=1 rev1=0 crypto rx=0 tx=0 comp rx=0 tx=0)._fault waiting 3.200000
2024-04-25T01:55:07.475 INFO:teuthology.orchestra.run.smithi053.stdout:/usr/bin/ceph: stderr
2024-04-25T01:55:05.372+0000 7f93a9ffb700 1 -- 172.21.15.53:0/1673953315 <== mon.0 v2:172.21.15.53:3300/0 6 ==== mgrmap(e 10) ==== 46067+0+0 (secure 0 0 0) 0x7f93a002a7c0 con 0x7f93ac108200
2024-04-25T01:55:07.475 INFO:teuthology.orchestra.run.smithi053.stdout:/usr/bin/ceph: stderr
2024-04-25T01:55:05.372+0000 7f93a9ffb700 1 -- 172.21.15.53:0/1673953315 >> [v2:172.21.15.53:6800/2583272843,v1:172.21.15.53:6801/2583272843] conn(0x7f939c0390b0 msgr2=0x7f939c03b570 unknown :-1 s=STATE_CONNECTING l=1).mark_down
2024-04-25T01:55:07.475 INFO:teuthology.orchestra.run.smithi053.stdout:/usr/bin/ceph: stderr
2024-04-25T01:55:05.372+0000 7f93a9ffb700 1 --2- 172.21.15.53:0/1673953315 >> [v2:172.21.15.53:6800/2583272843,v1:172.21.15.53:6801/2583272843] conn(0x7f939c0390b0 0x7f939c03b570 unknown :-1 s=START_CONNECT pgs=0 cs=0 l=1 rev1=0 crypto rx=0 tx=0 comp rx=0 tx=0).stop
2024-04-25T01:55:07.475 INFO:teuthology.orchestra.run.smithi053.stdout:/usr/bin/ceph: stderr
2024-04-25T01:55:06.373+0000 7f93a9ffb700 1 -- 172.21.15.53:0/1673953315 <== mon.0 v2:172.21.15.53:3300/0 7 ==== mgrmap(e 11) ==== 46194+0+0 (secure 0 0 0) 0x7f93a00203b0 con 0x7f93ac108200
2024-04-25T01:55:07.475 INFO:teuthology.orchestra.run.smithi053.stdout:/usr/bin/ceph: stderr
2024-04-25T01:55:06.373+0000 7f93a9ffb700 1 --2- 172.21.15.53:0/1673953315 >> [v2:172.21.15.53:6800/3559552427,v1:172.21.15.53:6801/3559552427] conn(0x7f939c03cb70 0x7f939c03ef60 unknown :-1 s=NONE pgs=0 cs=0 l=1 rev1=0 crypto rx=0 tx=0 comp rx=0 tx=0).connect
2024-04-25T01:55:07.475 INFO:teuthology.orchestra.run.smithi053.stdout:/usr/bin/ceph: stderr
2024-04-25T01:55:06.374+0000 7f93a9ffb700 1 -- 172.21.15.53:0/1673953315 --> [v2:172.21.15.53:6800/3559552427,v1:172.21.15.53:6801/3559552427] -- command(tid 0: {"prefix": "get_command_descriptions"}) -- 0x7f939c03bc80 con 0x7f939c03cb70
2024-04-25T01:55:07.475 INFO:teuthology.orchestra.run.smithi053.stdout:/usr/bin/ceph: stderr
2024-04-25T01:55:06.374+0000 7f93abfff700 1 --2- 172.21.15.53:0/1673953315 >> [v2:172.21.15.53:6800/3559552427,v1:172.21.15.53:6801/3559552427] conn(0x7f939c03cb70 0x7f939c03ef60 unknown :-1 s=BANNER_CONNECTING pgs=0 cs=0 l=1 rev1=0 crypto rx=0 tx=0 comp rx=0 tx=0)._handle_peer_banner_payload supported=3 required=0
2024-04-25T01:55:07.475 INFO:teuthology.orchestra.run.smithi053.stdout:/usr/bin/ceph: stderr
2024-04-25T01:55:06.375+0000 7f93abfff700 1 --2- 172.21.15.53:0/1673953315 >> [v2:172.21.15.53:6800/3559552427,v1:172.21.15.53:6801/3559552427] conn(0x7f939c03cb70 0x7f939c03ef60 secure :-1 s=READY pgs=1 cs=0 l=1 rev1=1 crypto rx=0x7f9398003a10 tx=0x7f9398009270 comp rx=0 tx=0).ready entity=mgr.14152 client_cookie=0 server_cookie=0 in_seq=0 out_seq=0
2024-04-25T01:55:07.475 INFO:teuthology.orchestra.run.smithi053.stdout:/usr/bin/ceph: stderr
2024-04-25T01:55:06.376+0000 7f93a9ffb700 1 -- 172.21.15.53:0/1673953315 <== mgr.14152 v2:172.21.15.53:6800/3559552427 1 ==== command_reply(tid 0: 0 ) ==== 8+0+7774 (secure 0 0 0) 0x7f939c03bc80 con 0x7f939c03cb70
2024-04-25T01:55:07.475 INFO:teuthology.orchestra.run.smithi053.stdout:/usr/bin/ceph: stderr
2024-04-25T01:55:06.383+0000 7f93b303f700 1 -- 172.21.15.53:0/1673953315 --> [v2:172.21.15.53:6800/3559552427,v1:172.21.15.53:6801/3559552427] -- command(tid 1: {"prefix": "mgr_status"}) -- 0x7f93ac063890 con 0x7f939c03cb70
2024-04-25T01:55:07.475 INFO:teuthology.orchestra.run.smithi053.stdout:/usr/bin/ceph: stderr
2024-04-25T01:55:06.383+0000 7f93a9ffb700 1 -- 172.21.15.53:0/1673953315 <== mgr.14152 v2:172.21.15.53:6800/3559552427 2 ==== command_reply(tid 1: 0 ) ==== 8+0+52 (secure 0 0 0) 0x7f93ac063890 con 0x7f939c03cb70
2024-04-25T01:55:07.475 INFO:teuthology.orchestra.run.smithi053.stdout:/usr/bin/ceph: stderr
2024-04-25T01:55:06.384+0000 7f93b303f700 1 -- 172.21.15.53:0/1673953315 >> [v2:172.21.15.53:6800/3559552427,v1:172.21.15.53:6801/3559552427] conn(0x7f939c03cb70 msgr2=0x7f939c03ef60 secure :-1 s=STATE_CONNECTION_ESTABLISHED l=1).mark_down
2024-04-25T01:55:07.475 INFO:teuthology.orchestra.run.smithi053.stdout:/usr/bin/ceph: stderr
2024-04-25T01:55:06.384+0000 7f93b303f700 1 --2- 172.21.15.53:0/1673953315 >> [v2:172.21.15.53:6800/3559552427,v1:172.21.15.53:6801/3559552427] conn(0x7f939c03cb70 0x7f939c03ef60 secure :-1 s=READY pgs=1 cs=0 l=1 rev1=1 crypto rx=0x7f9398003a10 tx=0x7f9398009270 comp rx=0 tx=0).stop
2024-04-25T01:55:07.476 INFO:teuthology.orchestra.run.smithi053.stdout:/usr/bin/ceph: stderr
2024-04-25T01:55:06.384+0000 7f93b303f700 1 -- 172.21.15.53:0/1673953315 >> [v2:172.21.15.53:3300/0,v1:172.21.15.53:6789/0] conn(0x7f93ac108200 msgr2=0x7f93ac1a2290 secure :-1 s=STATE_CONNECTION_ESTABLISHED l=1).mark_down
2024-04-25T01:55:07.476 INFO:teuthology.orchestra.run.smithi053.stdout:/usr/bin/ceph: stderr
2024-04-25T01:55:06.384+0000 7f93b303f700 1 --2- 172.21.15.53:0/1673953315 >> [v2:172.21.15.53:3300/0,v1:172.21.15.53:6789/0] conn(0x7f93ac108200 0x7f93ac1a2290 secure :-1 s=READY pgs=62 cs=0 l=1 rev1=1 crypto rx=0x7f93a0006af0 tx=0x7f93a0003aa0 comp rx=0 tx=0).stop
2024-04-25T01:55:07.476 INFO:teuthology.orchestra.run.smithi053.stdout:/usr/bin/ceph: stderr
2024-04-25T01:55:06.384+0000 7f93b303f700 1 -- 172.21.15.53:0/1673953315 shutdown_connections
2024-04-25T01:55:07.476 INFO:teuthology.orchestra.run.smithi053.stdout:/usr/bin/ceph: stderr
2024-04-25T01:55:06.384+0000 7f93b303f700 1 --2- 172.21.15.53:0/1673953315 >> [v2:172.21.15.53:6800/3559552427,v1:172.21.15.53:6801/3559552427] conn(0x7f939c03cb70 0x7f939c03ef60 unknown :-1 s=CLOSED pgs=1 cs=0 l=1 rev1=1 crypto rx=0 tx=0 comp rx=0 tx=0).stop
2024-04-25T01:55:07.476 INFO:teuthology.orchestra.run.smithi053.stdout:/usr/bin/ceph: stderr
2024-04-25T01:55:06.384+0000 7f93b303f700 1 --2- 172.21.15.53:0/1673953315 >> [v2:172.21.15.53:3300/0,v1:172.21.15.53:6789/0] conn(0x7f93ac108200 0x7f93ac1a2290 unknown :-1 s=CLOSED pgs=62 cs=0 l=1 rev1=1 crypto rx=0 tx=0 comp rx=0 tx=0).stop
2024-04-25T01:55:07.476 INFO:teuthology.orchestra.run.smithi053.stdout:/usr/bin/ceph: stderr
2024-04-25T01:55:06.384+0000 7f93b303f700 1 --2- 172.21.15.53:0/1673953315 >> [v2:172.21.15.53:6800/2583272843,v1:172.21.15.53:6801/2583272843] conn(0x7f939c0390b0 0x7f939c03b570 unknown :-1 s=CLOSED pgs=0 cs=0 l=1 rev1=0 crypto rx=0 tx=0 comp rx=0 tx=0).stop
2024-04-25T01:55:07.476 INFO:teuthology.orchestra.run.smithi053.stdout:/usr/bin/ceph: stderr
2024-04-25T01:55:06.384+0000 7f93b303f700 1 -- 172.21.15.53:0/1673953315 >> 172.21.15.53:0/1673953315 conn(0x7f93ac1020a0 msgr2=0x7f93ac1900a0 unknown :-1 s=STATE_NONE l=0).mark_down
2024-04-25T01:55:07.476 INFO:teuthology.orchestra.run.smithi053.stdout:/usr/bin/ceph: stderr
2024-04-25T01:55:06.384+0000 7f93b303f700 1 -- 172.21.15.53:0/1673953315 shutdown_connections
2024-04-25T01:55:07.476 INFO:teuthology.orchestra.run.smithi053.stdout:/usr/bin/ceph: stderr
2024-04-25T01:55:06.384+0000 7f93b303f700 1 -- 172.21.15.53:0/1673953315 wait complete.
2024-04-25T01:55:07.476 INFO:teuthology.orchestra.run.smithi053.stdout:mgr epoch 9 is available
2024-04-25T01:55:07.476 INFO:teuthology.orchestra.run.smithi053.stdout:Generating a dashboard self-signed certificate...
2024-04-25T01:55:08.144 INFO:journalctl@ceph.mon.a.smithi053.stdout:Apr 25 01:55:07 smithi053 ceph-mon[29218]: from='client.14156 -' entity='client.admin' cmd=[{"prefix": "get_command_descriptions"}]: dispatch
2024-04-25T01:55:08.145 INFO:journalctl@ceph.mon.a.smithi053.stdout:Apr 25 01:55:07 smithi053 ceph-mon[29218]: from='client.14156 -' entity='client.admin' cmd=[{"prefix": "mgr_status"}]: dispatch
2024-04-25T01:55:08.145 INFO:journalctl@ceph.mon.a.smithi053.stdout:Apr 25 01:55:07 smithi053 ceph-mon[29218]: from='mgr.14152 172.21.15.53:0/2342809429' entity='mgr.x'
2024-04-25T01:55:08.842 INFO:teuthology.orchestra.run.smithi053.stdout:/usr/bin/ceph: stdout Self-signed certificate created
2024-04-25T01:55:08.842 INFO:teuthology.orchestra.run.smithi053.stdout:/usr/bin/ceph: stderr
2024-04-25T01:55:07.909+0000 7f2f07f41700 1 Processor -- start
2024-04-25T01:55:08.842 INFO:teuthology.orchestra.run.smithi053.stdout:/usr/bin/ceph: stderr
2024-04-25T01:55:07.909+0000 7f2f07f41700 1 -- start start
2024-04-25T01:55:08.842 INFO:teuthology.orchestra.run.smithi053.stdout:/usr/bin/ceph: stderr
2024-04-25T01:55:07.910+0000 7f2f07f41700 1 --2- >> [v2:172.21.15.53:3300/0,v1:172.21.15.53:6789/0] conn(0x7f2f00074040 0x7f2f00072620 unknown :-1 s=NONE pgs=0 cs=0 l=0 rev1=0 crypto rx=0 tx=0 comp rx=0 tx=0).connect
2024-04-25T01:55:08.842 INFO:teuthology.orchestra.run.smithi053.stdout:/usr/bin/ceph: stderr
2024-04-25T01:55:07.910+0000 7f2f07f41700 1 -- --> [v2:172.21.15.53:3300/0,v1:172.21.15.53:6789/0] -- mon_getmap magic: 0 -- 0x7f2f00072bf0 con 0x7f2f00074040
2024-04-25T01:55:08.843 INFO:teuthology.orchestra.run.smithi053.stdout:/usr/bin/ceph: stderr
2024-04-25T01:55:07.910+0000 7f2f05cdd700 1 --2- >> [v2:172.21.15.53:3300/0,v1:172.21.15.53:6789/0] conn(0x7f2f00074040 0x7f2f00072620 unknown :-1 s=BANNER_CONNECTING pgs=0 cs=0 l=0 rev1=0 crypto rx=0 tx=0 comp rx=0 tx=0)._handle_peer_banner_payload supported=3 required=0
2024-04-25T01:55:08.843 INFO:teuthology.orchestra.run.smithi053.stdout:/usr/bin/ceph: stderr
2024-04-25T01:55:07.910+0000 7f2f05cdd700 1 --2- >> [v2:172.21.15.53:3300/0,v1:172.21.15.53:6789/0] conn(0x7f2f00074040 0x7f2f00072620 unknown :-1 s=HELLO_CONNECTING pgs=0 cs=0 l=0 rev1=1 crypto rx=0 tx=0 comp rx=0 tx=0).handle_hello peer v2:172.21.15.53:3300/0 says I am v2:172.21.15.53:58890/0 (socket says 172.21.15.53:58890)
2024-04-25T01:55:08.843 INFO:teuthology.orchestra.run.smithi053.stdout:/usr/bin/ceph: stderr
2024-04-25T01:55:07.910+0000 7f2f05cdd700 1 -- 172.21.15.53:0/501905240 learned_addr learned my addr 172.21.15.53:0/501905240 (peer_addr_for_me v2:172.21.15.53:0/0)
2024-04-25T01:55:08.843 INFO:teuthology.orchestra.run.smithi053.stdout:/usr/bin/ceph: stderr
2024-04-25T01:55:07.910+0000 7f2f05cdd700 1 -- 172.21.15.53:0/501905240 --> [v2:172.21.15.53:3300/0,v1:172.21.15.53:6789/0] -- mon_subscribe({config=0+,monmap=0+}) -- 0x7f2f00072d70 con 0x7f2f00074040
2024-04-25T01:55:08.843 INFO:teuthology.orchestra.run.smithi053.stdout:/usr/bin/ceph: stderr
2024-04-25T01:55:07.911+0000 7f2f05cdd700 1 --2- 172.21.15.53:0/501905240 >> [v2:172.21.15.53:3300/0,v1:172.21.15.53:6789/0] conn(0x7f2f00074040 0x7f2f00072620 secure :-1 s=READY pgs=70 cs=0 l=1 rev1=1 crypto rx=0x7f2efc0098a0 tx=0x7f2efc009bb0 comp rx=0 tx=0).ready entity=mon.0 client_cookie=8c3544484958f02c server_cookie=0 in_seq=0 out_seq=0
2024-04-25T01:55:08.843 INFO:teuthology.orchestra.run.smithi053.stdout:/usr/bin/ceph: stderr
2024-04-25T01:55:07.911+0000 7f2f04cdb700 1 -- 172.21.15.53:0/501905240 <== mon.0 v2:172.21.15.53:3300/0 1 ==== mon_map magic: 0 ==== 205+0+0 (secure 0 0 0) 0x7f2efc004160 con 0x7f2f00074040
2024-04-25T01:55:08.843 INFO:teuthology.orchestra.run.smithi053.stdout:/usr/bin/ceph: stderr
2024-04-25T01:55:07.911+0000 7f2f04cdb700 1 -- 172.21.15.53:0/501905240 <== mon.0 v2:172.21.15.53:3300/0 2 ==== config(27 keys) ==== 1140+0+0 (secure 0 0 0) 0x7f2efc004300 con 0x7f2f00074040
2024-04-25T01:55:08.843 INFO:teuthology.orchestra.run.smithi053.stdout:/usr/bin/ceph: stderr
2024-04-25T01:55:07.911+0000 7f2f04cdb700 1 -- 172.21.15.53:0/501905240 <== mon.0 v2:172.21.15.53:3300/0 3 ==== mon_map magic: 0 ==== 205+0+0 (secure 0 0 0) 0x7f2efc011b20 con 0x7f2f00074040
2024-04-25T01:55:08.843 INFO:teuthology.orchestra.run.smithi053.stdout:/usr/bin/ceph: stderr
2024-04-25T01:55:07.911+0000 7f2f07f41700 1 -- 172.21.15.53:0/501905240 >> [v2:172.21.15.53:3300/0,v1:172.21.15.53:6789/0] conn(0x7f2f00074040 msgr2=0x7f2f00072620 secure :-1 s=STATE_CONNECTION_ESTABLISHED l=1).mark_down
2024-04-25T01:55:08.843 INFO:teuthology.orchestra.run.smithi053.stdout:/usr/bin/ceph: stderr
2024-04-25T01:55:07.911+0000 7f2f07f41700 1 --2- 172.21.15.53:0/501905240 >> [v2:172.21.15.53:3300/0,v1:172.21.15.53:6789/0] conn(0x7f2f00074040 0x7f2f00072620 secure :-1 s=READY pgs=70 cs=0 l=1 rev1=1 crypto rx=0x7f2efc0098a0 tx=0x7f2efc009bb0 comp rx=0 tx=0).stop
2024-04-25T01:55:08.843 INFO:teuthology.orchestra.run.smithi053.stdout:/usr/bin/ceph: stderr
2024-04-25T01:55:07.912+0000 7f2f07f41700 1 -- 172.21.15.53:0/501905240 shutdown_connections
2024-04-25T01:55:08.843 INFO:teuthology.orchestra.run.smithi053.stdout:/usr/bin/ceph: stderr
2024-04-25T01:55:07.912+0000 7f2f07f41700 1 --2- 172.21.15.53:0/501905240 >> [v2:172.21.15.53:3300/0,v1:172.21.15.53:6789/0] conn(0x7f2f00074040 0x7f2f00072620 unknown :-1 s=CLOSED pgs=70 cs=0 l=1 rev1=1 crypto rx=0 tx=0 comp rx=0 tx=0).stop
2024-04-25T01:55:08.843 INFO:teuthology.orchestra.run.smithi053.stdout:/usr/bin/ceph: stderr
2024-04-25T01:55:07.912+0000 7f2f07f41700 1 -- 172.21.15.53:0/501905240 >> 172.21.15.53:0/501905240 conn(0x7f2f0006df40 msgr2=0x7f2f00070360 unknown :-1 s=STATE_NONE l=0).mark_down
2024-04-25T01:55:08.844 INFO:teuthology.orchestra.run.smithi053.stdout:/usr/bin/ceph: stderr
2024-04-25T01:55:07.912+0000 7f2f07f41700 1 -- 172.21.15.53:0/501905240 shutdown_connections
2024-04-25T01:55:08.844 INFO:teuthology.orchestra.run.smithi053.stdout:/usr/bin/ceph: stderr
2024-04-25T01:55:07.912+0000 7f2f07f41700 1 -- 172.21.15.53:0/501905240 wait complete.
2024-04-25T01:55:08.844 INFO:teuthology.orchestra.run.smithi053.stdout:/usr/bin/ceph: stderr
2024-04-25T01:55:07.912+0000 7f2f07f41700 1 Processor -- start
2024-04-25T01:55:08.844 INFO:teuthology.orchestra.run.smithi053.stdout:/usr/bin/ceph: stderr
2024-04-25T01:55:07.912+0000 7f2f07f41700 1 -- start start
2024-04-25T01:55:08.844 INFO:teuthology.orchestra.run.smithi053.stdout:/usr/bin/ceph: stderr
2024-04-25T01:55:07.913+0000 7f2f07f41700 1 --2- >> [v2:172.21.15.53:3300/0,v1:172.21.15.53:6789/0] conn(0x7f2f00074040 0x7f2f001117c0 unknown :-1 s=NONE pgs=0 cs=0 l=1 rev1=0 crypto rx=0 tx=0 comp rx=0 tx=0).connect
2024-04-25T01:55:08.844 INFO:teuthology.orchestra.run.smithi053.stdout:/usr/bin/ceph: stderr
2024-04-25T01:55:07.913+0000 7f2f07f41700 1 -- --> [v2:172.21.15.53:3300/0,v1:172.21.15.53:6789/0] -- mon_getmap magic: 0 -- 0x7f2f00114790 con 0x7f2f00074040
2024-04-25T01:55:08.844 INFO:teuthology.orchestra.run.smithi053.stdout:/usr/bin/ceph: stderr
2024-04-25T01:55:07.913+0000 7f2f05cdd700 1 --2- >> [v2:172.21.15.53:3300/0,v1:172.21.15.53:6789/0] conn(0x7f2f00074040 0x7f2f001117c0 unknown :-1 s=BANNER_CONNECTING pgs=0 cs=0 l=1 rev1=0 crypto rx=0 tx=0 comp rx=0 tx=0)._handle_peer_banner_payload supported=3 required=0
2024-04-25T01:55:08.844 INFO:teuthology.orchestra.run.smithi053.stdout:/usr/bin/ceph: stderr
2024-04-25T01:55:07.913+0000 7f2f05cdd700 1 --2- >> [v2:172.21.15.53:3300/0,v1:172.21.15.53:6789/0] conn(0x7f2f00074040 0x7f2f001117c0 unknown :-1 s=HELLO_CONNECTING pgs=0 cs=0 l=1 rev1=1 crypto rx=0 tx=0 comp rx=0 tx=0).handle_hello peer v2:172.21.15.53:3300/0 says I am v2:172.21.15.53:58894/0 (socket says 172.21.15.53:58894)
2024-04-25T01:55:08.844 INFO:teuthology.orchestra.run.smithi053.stdout:/usr/bin/ceph: stderr
2024-04-25T01:55:07.913+0000 7f2f05cdd700 1 -- 172.21.15.53:0/3929507245 learned_addr learned my addr 172.21.15.53:0/3929507245 (peer_addr_for_me v2:172.21.15.53:0/0)
2024-04-25T01:55:08.845 INFO:teuthology.orchestra.run.smithi053.stdout:/usr/bin/ceph: stderr
2024-04-25T01:55:07.913+0000 7f2f05cdd700 1 -- 172.21.15.53:0/3929507245 --> [v2:172.21.15.53:3300/0,v1:172.21.15.53:6789/0] -- mon_subscribe({config=0+,monmap=0+}) -- 0x7f2f00111d00 con 0x7f2f00074040
2024-04-25T01:55:08.845 INFO:teuthology.orchestra.run.smithi053.stdout:/usr/bin/ceph: stderr
2024-04-25T01:55:07.913+0000 7f2f05cdd700 1 --2- 172.21.15.53:0/3929507245 >> [v2:172.21.15.53:3300/0,v1:172.21.15.53:6789/0] conn(0x7f2f00074040 0x7f2f001117c0 secure :-1 s=READY pgs=71 cs=0 l=1 rev1=1 crypto rx=0x7f2efc0117e0 tx=0x7f2efc011ba0 comp rx=0 tx=0).ready entity=mon.0 client_cookie=0 server_cookie=0 in_seq=0 out_seq=0
2024-04-25T01:55:08.845 INFO:teuthology.orchestra.run.smithi053.stdout:/usr/bin/ceph: stderr
2024-04-25T01:55:07.913+0000 7f2ef6ffd700 1 -- 172.21.15.53:0/3929507245 <== mon.0 v2:172.21.15.53:3300/0 1 ==== mon_map magic: 0 ==== 205+0+0 (secure 0 0 0) 0x7f2efc003ba0 con 0x7f2f00074040
2024-04-25T01:55:08.845 INFO:teuthology.orchestra.run.smithi053.stdout:/usr/bin/ceph: stderr
2024-04-25T01:55:07.913+0000 7f2ef6ffd700 1 -- 172.21.15.53:0/3929507245 <== mon.0 v2:172.21.15.53:3300/0 2 ==== config(27 keys) ==== 1140+0+0 (secure 0 0 0) 0x7f2efc01a910 con 0x7f2f00074040
2024-04-25T01:55:08.845 INFO:teuthology.orchestra.run.smithi053.stdout:/usr/bin/ceph: stderr
2024-04-25T01:55:07.913+0000 7f2f07f41700 1 -- 172.21.15.53:0/3929507245 --> [v2:172.21.15.53:3300/0,v1:172.21.15.53:6789/0] -- mon_subscribe({mgrmap=0+}) -- 0x7f2f0010fef0 con 0x7f2f00074040
2024-04-25T01:55:08.845 INFO:teuthology.orchestra.run.smithi053.stdout:/usr/bin/ceph: stderr
2024-04-25T01:55:07.913+0000 7f2ef6ffd700 1 -- 172.21.15.53:0/3929507245 <== mon.0 v2:172.21.15.53:3300/0 3 ==== mon_map magic: 0 ==== 205+0+0 (secure 0 0 0) 0x7f2efc0248f0 con 0x7f2f00074040
2024-04-25T01:55:08.845 INFO:teuthology.orchestra.run.smithi053.stdout:/usr/bin/ceph: stderr
2024-04-25T01:55:07.913+0000 7f2f07f41700 1 -- 172.21.15.53:0/3929507245 --> [v2:172.21.15.53:3300/0,v1:172.21.15.53:6789/0] -- mon_subscribe({osdmap=0}) -- 0x7f2f001103b0 con 0x7f2f00074040
2024-04-25T01:55:08.845 INFO:teuthology.orchestra.run.smithi053.stdout:/usr/bin/ceph: stderr
2024-04-25T01:55:07.914+0000 7f2f07f41700 1 -- 172.21.15.53:0/3929507245 --> [v2:172.21.15.53:3300/0,v1:172.21.15.53:6789/0] -- mon_command({"prefix": "get_command_descriptions"} v 0) -- 0x7f2f00063890 con 0x7f2f00074040
2024-04-25T01:55:08.845 INFO:teuthology.orchestra.run.smithi053.stdout:/usr/bin/ceph: stderr
2024-04-25T01:55:07.915+0000 7f2ef6ffd700 1 -- 172.21.15.53:0/3929507245 <== mon.0 v2:172.21.15.53:3300/0 4 ==== mgrmap(e 12) ==== 46300+0+0 (secure 0 0 0) 0x7f2efc022020 con 0x7f2f00074040
2024-04-25T01:55:08.845 INFO:teuthology.orchestra.run.smithi053.stdout:/usr/bin/ceph: stderr
2024-04-25T01:55:07.915+0000 7f2ef6ffd700 1 --2- 172.21.15.53:0/3929507245 >> [v2:172.21.15.53:6800/3559552427,v1:172.21.15.53:6801/3559552427] conn(0x7f2eec039100 0x7f2eec03b5c0 unknown :-1 s=NONE pgs=0 cs=0 l=1 rev1=0 crypto rx=0 tx=0 comp rx=0 tx=0).connect
2024-04-25T01:55:08.845 INFO:teuthology.orchestra.run.smithi053.stdout:/usr/bin/ceph: stderr
2024-04-25T01:55:07.915+0000 7f2ef6ffd700 1 -- 172.21.15.53:0/3929507245 <== mon.0 v2:172.21.15.53:3300/0 5 ==== osd_map(3..3 src has 1..3) ==== 1155+0+0 (secure 0 0 0) 0x7f2efc04d5b0 con 0x7f2f00074040
2024-04-25T01:55:08.846 INFO:teuthology.orchestra.run.smithi053.stdout:/usr/bin/ceph: stderr
2024-04-25T01:55:07.915+0000 7f2f054dc700 1 --2- 172.21.15.53:0/3929507245 >> [v2:172.21.15.53:6800/3559552427,v1:172.21.15.53:6801/3559552427] conn(0x7f2eec039100 0x7f2eec03b5c0 unknown :-1 s=BANNER_CONNECTING pgs=0 cs=0 l=1 rev1=0 crypto rx=0 tx=0 comp rx=0 tx=0)._handle_peer_banner_payload supported=3 required=0
2024-04-25T01:55:08.846 INFO:teuthology.orchestra.run.smithi053.stdout:/usr/bin/ceph: stderr
2024-04-25T01:55:07.915+0000 7f2f054dc700 1 --2- 172.21.15.53:0/3929507245 >> [v2:172.21.15.53:6800/3559552427,v1:172.21.15.53:6801/3559552427] conn(0x7f2eec039100 0x7f2eec03b5c0 secure :-1 s=READY pgs=7 cs=0 l=1 rev1=1 crypto rx=0x7f2ef0006fd0 tx=0x7f2ef0006e40 comp rx=0 tx=0).ready entity=mgr.14152 client_cookie=0 server_cookie=0 in_seq=0 out_seq=0
2024-04-25T01:55:08.846 INFO:teuthology.orchestra.run.smithi053.stdout:/usr/bin/ceph: stderr
2024-04-25T01:55:07.920+0000 7f2ef6ffd700 1 -- 172.21.15.53:0/3929507245 <== mon.0 v2:172.21.15.53:3300/0 6 ==== mon_command_ack([{"prefix": "get_command_descriptions"}]=0 v0) ==== 72+0+186147 (secure 0 0 0) 0x7f2efc00b3e0 con 0x7f2f00074040
2024-04-25T01:55:08.846 INFO:teuthology.orchestra.run.smithi053.stdout:/usr/bin/ceph: stderr
2024-04-25T01:55:08.142+0000 7f2f07f41700 1 -- 172.21.15.53:0/3929507245 --> [v2:172.21.15.53:6800/3559552427,v1:172.21.15.53:6801/3559552427] -- mgr_command(tid 0: {"prefix": "dashboard create-self-signed-cert", "target": ["mon-mgr", ""]}) -- 0x7f2f00110b90 con 0x7f2eec039100
2024-04-25T01:55:08.846 INFO:teuthology.orchestra.run.smithi053.stdout:/usr/bin/ceph: stderr
2024-04-25T01:55:08.270+0000 7f2ef6ffd700 1 -- 172.21.15.53:0/3929507245 <== mgr.14152 v2:172.21.15.53:6800/3559552427 1 ==== mgr_command_reply(tid 0: 0 ) ==== 8+0+32 (secure 0 0 0) 0x7f2f00110b90 con 0x7f2eec039100
2024-04-25T01:55:08.846 INFO:teuthology.orchestra.run.smithi053.stdout:/usr/bin/ceph: stderr
2024-04-25T01:55:08.272+0000 7f2f07f41700 1 -- 172.21.15.53:0/3929507245 >> [v2:172.21.15.53:6800/3559552427,v1:172.21.15.53:6801/3559552427] conn(0x7f2eec039100 msgr2=0x7f2eec03b5c0 secure :-1 s=STATE_CONNECTION_ESTABLISHED l=1).mark_down
2024-04-25T01:55:08.846 INFO:teuthology.orchestra.run.smithi053.stdout:/usr/bin/ceph: stderr
2024-04-25T01:55:08.272+0000 7f2f07f41700 1 --2- 172.21.15.53:0/3929507245 >> [v2:172.21.15.53:6800/3559552427,v1:172.21.15.53:6801/3559552427] conn(0x7f2eec039100 0x7f2eec03b5c0 secure :-1 s=READY pgs=7 cs=0 l=1 rev1=1 crypto rx=0x7f2ef0006fd0 tx=0x7f2ef0006e40 comp rx=0 tx=0).stop
2024-04-25T01:55:08.846 INFO:teuthology.orchestra.run.smithi053.stdout:/usr/bin/ceph: stderr
2024-04-25T01:55:08.272+0000 7f2f07f41700 1 -- 172.21.15.53:0/3929507245 >> [v2:172.21.15.53:3300/0,v1:172.21.15.53:6789/0] conn(0x7f2f00074040 msgr2=0x7f2f001117c0 secure :-1 s=STATE_CONNECTION_ESTABLISHED l=1).mark_down
2024-04-25T01:55:08.846 INFO:teuthology.orchestra.run.smithi053.stdout:/usr/bin/ceph: stderr
2024-04-25T01:55:08.272+0000 7f2f07f41700 1 --2- 172.21.15.53:0/3929507245 >> [v2:172.21.15.53:3300/0,v1:172.21.15.53:6789/0] conn(0x7f2f00074040 0x7f2f001117c0 secure :-1 s=READY pgs=71 cs=0 l=1 rev1=1 crypto rx=0x7f2efc0117e0 tx=0x7f2efc011ba0 comp rx=0 tx=0).stop
2024-04-25T01:55:08.846 INFO:teuthology.orchestra.run.smithi053.stdout:/usr/bin/ceph: stderr
2024-04-25T01:55:08.272+0000 7f2f07f41700 1 -- 172.21.15.53:0/3929507245 shutdown_connections
2024-04-25T01:55:08.846 INFO:teuthology.orchestra.run.smithi053.stdout:/usr/bin/ceph: stderr
2024-04-25T01:55:08.272+0000 7f2f07f41700 1 --2- 172.21.15.53:0/3929507245 >> [v2:172.21.15.53:6800/3559552427,v1:172.21.15.53:6801/3559552427] conn(0x7f2eec039100 0x7f2eec03b5c0 unknown :-1 s=CLOSED pgs=7 cs=0 l=1 rev1=1 crypto rx=0 tx=0 comp rx=0 tx=0).stop
2024-04-25T01:55:08.846 INFO:teuthology.orchestra.run.smithi053.stdout:/usr/bin/ceph: stderr
2024-04-25T01:55:08.272+0000 7f2f07f41700 1 --2- 172.21.15.53:0/3929507245 >> [v2:172.21.15.53:3300/0,v1:172.21.15.53:6789/0] conn(0x7f2f00074040 0x7f2f001117c0 unknown :-1 s=CLOSED pgs=71 cs=0 l=1 rev1=1 crypto rx=0 tx=0 comp rx=0 tx=0).stop
2024-04-25T01:55:08.846 INFO:teuthology.orchestra.run.smithi053.stdout:/usr/bin/ceph: stderr
2024-04-25T01:55:08.272+0000 7f2f07f41700 1 -- 172.21.15.53:0/3929507245 >> 172.21.15.53:0/3929507245 conn(0x7f2f0006df40 msgr2=0x7f2f0006e990 unknown :-1 s=STATE_NONE l=0).mark_down
2024-04-25T01:55:08.847 INFO:teuthology.orchestra.run.smithi053.stdout:/usr/bin/ceph: stderr
2024-04-25T01:55:08.272+0000 7f2f07f41700 1 -- 172.21.15.53:0/3929507245 shutdown_connections
2024-04-25T01:55:08.847 INFO:teuthology.orchestra.run.smithi053.stdout:/usr/bin/ceph: stderr
2024-04-25T01:55:08.272+0000 7f2f07f41700 1 -- 172.21.15.53:0/3929507245 wait complete.
2024-04-25T01:55:08.847 INFO:teuthology.orchestra.run.smithi053.stdout:Creating initial admin user...
2024-04-25T01:55:09.170 INFO:journalctl@ceph.mon.a.smithi053.stdout:Apr 25 01:55:08 smithi053 ceph-mon[29218]: mgrmap e12: x(active, since 2s)
2024-04-25T01:55:09.170 INFO:journalctl@ceph.mon.a.smithi053.stdout:Apr 25 01:55:08 smithi053 ceph-mon[29218]: from='mgr.14152 172.21.15.53:0/2342809429' entity='mgr.x'
2024-04-25T01:55:09.170 INFO:journalctl@ceph.mon.a.smithi053.stdout:Apr 25 01:55:08 smithi053 ceph-mon[29218]: from='client.14164 -' entity='client.admin' cmd=[{"prefix": "dashboard create-self-signed-cert", "target": ["mon-mgr", ""]}]: dispatch
2024-04-25T01:55:09.170 INFO:journalctl@ceph.mon.a.smithi053.stdout:Apr 25 01:55:08 smithi053 ceph-mon[29218]: from='mgr.14152 172.21.15.53:0/2342809429' entity='mgr.x'
2024-04-25T01:55:09.171 INFO:journalctl@ceph.mon.a.smithi053.stdout:Apr 25 01:55:08 smithi053 ceph-mon[29218]: from='mgr.14152 172.21.15.53:0/2342809429' entity='mgr.x'
2024-04-25T01:55:10.602 INFO:teuthology.orchestra.run.smithi053.stdout:/usr/bin/ceph: stdout {"username": "admin", "password": "$2b$12$DsGwRdWeswmPITp0nbe/3eVNDYiJX0uMA8vvms6TFmpeBrKIFWwU.", "roles": ["administrator"], "name": null, "email": null, "lastUpdate": 1714010109, "enabled": true, "pwdExpirationDate": null, "pwdUpdateRequired": true}
2024-04-25T01:55:10.602 INFO:teuthology.orchestra.run.smithi053.stdout:/usr/bin/ceph: stderr
2024-04-25T01:55:09.275+0000 7f8b62a50700 1 Processor -- start
2024-04-25T01:55:10.603 INFO:teuthology.orchestra.run.smithi053.stdout:/usr/bin/ceph: stderr
2024-04-25T01:55:09.275+0000 7f8b62a50700 1 -- start start
2024-04-25T01:55:10.603 INFO:teuthology.orchestra.run.smithi053.stdout:/usr/bin/ceph: stderr
2024-04-25T01:55:09.275+0000 7f8b62a50700 1 --2- >> [v2:172.21.15.53:3300/0,v1:172.21.15.53:6789/0] conn(0x7f8b5c106250 0x7f8b5c106670 unknown :-1 s=NONE pgs=0 cs=0 l=0 rev1=0 crypto rx=0 tx=0 comp rx=0 tx=0).connect
2024-04-25T01:55:10.603 INFO:teuthology.orchestra.run.smithi053.stdout:/usr/bin/ceph: stderr
2024-04-25T01:55:09.275+0000 7f8b62a50700 1 -- --> [v2:172.21.15.53:3300/0,v1:172.21.15.53:6789/0] -- mon_getmap magic: 0 -- 0x7f8b5c106c40 con 0x7f8b5c106250
2024-04-25T01:55:10.603 INFO:teuthology.orchestra.run.smithi053.stdout:/usr/bin/ceph: stderr
2024-04-25T01:55:09.276+0000 7f8b5bfff700 1 --2- >> [v2:172.21.15.53:3300/0,v1:172.21.15.53:6789/0] conn(0x7f8b5c106250 0x7f8b5c106670 unknown :-1 s=BANNER_CONNECTING pgs=0 cs=0 l=0 rev1=0 crypto rx=0 tx=0 comp rx=0 tx=0)._handle_peer_banner_payload supported=3 required=0
2024-04-25T01:55:10.603 INFO:teuthology.orchestra.run.smithi053.stdout:/usr/bin/ceph: stderr
2024-04-25T01:55:09.276+0000 7f8b5bfff700 1 --2- >> [v2:172.21.15.53:3300/0,v1:172.21.15.53:6789/0] conn(0x7f8b5c106250 0x7f8b5c106670 unknown :-1 s=HELLO_CONNECTING pgs=0 cs=0 l=0 rev1=1 crypto rx=0 tx=0 comp rx=0 tx=0).handle_hello peer v2:172.21.15.53:3300/0 says I am v2:172.21.15.53:41644/0 (socket says 172.21.15.53:41644)
2024-04-25T01:55:10.603 INFO:teuthology.orchestra.run.smithi053.stdout:/usr/bin/ceph: stderr
2024-04-25T01:55:09.276+0000 7f8b5bfff700 1 -- 172.21.15.53:0/271862142 learned_addr learned my addr 172.21.15.53:0/271862142 (peer_addr_for_me v2:172.21.15.53:0/0)
2024-04-25T01:55:10.603 INFO:teuthology.orchestra.run.smithi053.stdout:/usr/bin/ceph: stderr
2024-04-25T01:55:09.276+0000 7f8b5bfff700 1 -- 172.21.15.53:0/271862142 --> [v2:172.21.15.53:3300/0,v1:172.21.15.53:6789/0] -- mon_subscribe({config=0+,monmap=0+}) -- 0x7f8b5c107450 con 0x7f8b5c106250
2024-04-25T01:55:10.603 INFO:teuthology.orchestra.run.smithi053.stdout:/usr/bin/ceph: stderr
2024-04-25T01:55:09.276+0000 7f8b5bfff700 1 --2- 172.21.15.53:0/271862142 >> [v2:172.21.15.53:3300/0,v1:172.21.15.53:6789/0] conn(0x7f8b5c106250 0x7f8b5c106670 secure :-1 s=READY pgs=72 cs=0 l=1 rev1=1 crypto rx=0x7f8b4c0098a0 tx=0x7f8b4c009bb0 comp rx=0 tx=0).ready entity=mon.0 client_cookie=5520b976da5edf51 server_cookie=0 in_seq=0 out_seq=0
2024-04-25T01:55:10.603 INFO:teuthology.orchestra.run.smithi053.stdout:/usr/bin/ceph: stderr
2024-04-25T01:55:09.276+0000 7f8b5affd700 1 -- 172.21.15.53:0/271862142 <== mon.0 v2:172.21.15.53:3300/0 1 ==== mon_map magic: 0 ==== 205+0+0 (secure 0 0 0) 0x7f8b4c004160 con 0x7f8b5c106250
2024-04-25T01:55:10.603 INFO:teuthology.orchestra.run.smithi053.stdout:/usr/bin/ceph: stderr
2024-04-25T01:55:09.276+0000 7f8b5affd700 1 -- 172.21.15.53:0/271862142 <== mon.0 v2:172.21.15.53:3300/0 2 ==== config(27 keys) ==== 1140+0+0 (secure 0 0 0) 0x7f8b4c004300 con 0x7f8b5c106250
2024-04-25T01:55:10.603 INFO:teuthology.orchestra.run.smithi053.stdout:/usr/bin/ceph: stderr
2024-04-25T01:55:09.276+0000 7f8b5affd700 1 -- 172.21.15.53:0/271862142 <== mon.0 v2:172.21.15.53:3300/0 3 ==== mon_map magic: 0 ==== 205+0+0 (secure 0 0 0) 0x7f8b4c011b20 con 0x7f8b5c106250
2024-04-25T01:55:10.603 INFO:teuthology.orchestra.run.smithi053.stdout:/usr/bin/ceph: stderr
2024-04-25T01:55:09.277+0000 7f8b62a50700 1 -- 172.21.15.53:0/271862142 >> [v2:172.21.15.53:3300/0,v1:172.21.15.53:6789/0] conn(0x7f8b5c106250 msgr2=0x7f8b5c106670 secure :-1 s=STATE_CONNECTION_ESTABLISHED l=1).mark_down
2024-04-25T01:55:10.603 INFO:teuthology.orchestra.run.smithi053.stdout:/usr/bin/ceph: stderr
2024-04-25T01:55:09.277+0000 7f8b62a50700 1 --2- 172.21.15.53:0/271862142 >> [v2:172.21.15.53:3300/0,v1:172.21.15.53:6789/0] conn(0x7f8b5c106250 0x7f8b5c106670 secure :-1 s=READY pgs=72 cs=0 l=1 rev1=1 crypto rx=0x7f8b4c0098a0 tx=0x7f8b4c009bb0 comp rx=0 tx=0).stop
2024-04-25T01:55:10.604 INFO:teuthology.orchestra.run.smithi053.stdout:/usr/bin/ceph: stderr
2024-04-25T01:55:09.277+0000 7f8b62a50700 1 -- 172.21.15.53:0/271862142 shutdown_connections
2024-04-25T01:55:10.604 INFO:teuthology.orchestra.run.smithi053.stdout:/usr/bin/ceph: stderr
2024-04-25T01:55:09.277+0000 7f8b62a50700 1 --2- 172.21.15.53:0/271862142 >> [v2:172.21.15.53:3300/0,v1:172.21.15.53:6789/0] conn(0x7f8b5c106250 0x7f8b5c106670 unknown :-1 s=CLOSED pgs=72 cs=0 l=1 rev1=1 crypto rx=0 tx=0 comp rx=0 tx=0).stop
2024-04-25T01:55:10.604 INFO:teuthology.orchestra.run.smithi053.stdout:/usr/bin/ceph: stderr
2024-04-25T01:55:09.277+0000 7f8b62a50700 1 -- 172.21.15.53:0/271862142 >> 172.21.15.53:0/271862142 conn(0x7f8b5c101830 msgr2=0x7f8b5c103c50 unknown :-1 s=STATE_NONE l=0).mark_down
2024-04-25T01:55:10.604 INFO:teuthology.orchestra.run.smithi053.stdout:/usr/bin/ceph: stderr
2024-04-25T01:55:09.277+0000 7f8b62a50700 1 -- 172.21.15.53:0/271862142 shutdown_connections
2024-04-25T01:55:10.604 INFO:teuthology.orchestra.run.smithi053.stdout:/usr/bin/ceph: stderr
2024-04-25T01:55:09.277+0000 7f8b62a50700 1 -- 172.21.15.53:0/271862142 wait complete.
2024-04-25T01:55:10.604 INFO:teuthology.orchestra.run.smithi053.stdout:/usr/bin/ceph: stderr
2024-04-25T01:55:09.277+0000 7f8b62a50700 1 Processor -- start
2024-04-25T01:55:10.604 INFO:teuthology.orchestra.run.smithi053.stdout:/usr/bin/ceph: stderr
2024-04-25T01:55:09.278+0000 7f8b62a50700 1 -- start start
2024-04-25T01:55:10.604 INFO:teuthology.orchestra.run.smithi053.stdout:/usr/bin/ceph: stderr
2024-04-25T01:55:09.278+0000 7f8b62a50700 1 --2- >> [v2:172.21.15.53:3300/0,v1:172.21.15.53:6789/0] conn(0x7f8b5c106250 0x7f8b5c19bb20 unknown :-1 s=NONE pgs=0 cs=0 l=1 rev1=0 crypto rx=0 tx=0 comp rx=0 tx=0).connect
2024-04-25T01:55:10.604 INFO:teuthology.orchestra.run.smithi053.stdout:/usr/bin/ceph: stderr
2024-04-25T01:55:09.278+0000 7f8b62a50700 1 -- --> [v2:172.21.15.53:3300/0,v1:172.21.15.53:6789/0] -- mon_getmap magic: 0 -- 0x7f8b5c107c20 con 0x7f8b5c106250
2024-04-25T01:55:10.604 INFO:teuthology.orchestra.run.smithi053.stdout:/usr/bin/ceph: stderr
2024-04-25T01:55:09.278+0000 7f8b5bfff700 1 --2- >> [v2:172.21.15.53:3300/0,v1:172.21.15.53:6789/0] conn(0x7f8b5c106250 0x7f8b5c19bb20 unknown :-1 s=BANNER_CONNECTING pgs=0 cs=0 l=1 rev1=0 crypto rx=0 tx=0 comp rx=0 tx=0)._handle_peer_banner_payload supported=3 required=0
2024-04-25T01:55:10.604 INFO:teuthology.orchestra.run.smithi053.stdout:/usr/bin/ceph: stderr
2024-04-25T01:55:09.278+0000 7f8b5bfff700 1 --2- >> [v2:172.21.15.53:3300/0,v1:172.21.15.53:6789/0] conn(0x7f8b5c106250 0x7f8b5c19bb20 unknown :-1 s=HELLO_CONNECTING pgs=0 cs=0 l=1 rev1=1 crypto rx=0 tx=0 comp rx=0 tx=0).handle_hello peer v2:172.21.15.53:3300/0 says I am v2:172.21.15.53:41652/0 (socket says 172.21.15.53:41652)
2024-04-25T01:55:10.604 INFO:teuthology.orchestra.run.smithi053.stdout:/usr/bin/ceph: stderr
2024-04-25T01:55:09.278+0000 7f8b5bfff700 1 -- 172.21.15.53:0/3956714268 learned_addr learned my addr 172.21.15.53:0/3956714268 (peer_addr_for_me v2:172.21.15.53:0/0)
2024-04-25T01:55:10.604 INFO:teuthology.orchestra.run.smithi053.stdout:/usr/bin/ceph: stderr
2024-04-25T01:55:09.278+0000 7f8b5bfff700 1 -- 172.21.15.53:0/3956714268 --> [v2:172.21.15.53:3300/0,v1:172.21.15.53:6789/0] -- mon_subscribe({config=0+,monmap=0+}) -- 0x7f8b5c19c060 con 0x7f8b5c106250
2024-04-25T01:55:10.604 INFO:teuthology.orchestra.run.smithi053.stdout:/usr/bin/ceph: stderr
2024-04-25T01:55:09.278+0000 7f8b5bfff700 1 --2- 172.21.15.53:0/3956714268 >> [v2:172.21.15.53:3300/0,v1:172.21.15.53:6789/0] conn(0x7f8b5c106250 0x7f8b5c19bb20 secure :-1 s=READY pgs=73 cs=0 l=1 rev1=1 crypto rx=0x7f8b4c0117e0 tx=0x7f8b4c011ba0 comp rx=0 tx=0).ready entity=mon.0 client_cookie=0 server_cookie=0 in_seq=0 out_seq=0
2024-04-25T01:55:10.605 INFO:teuthology.orchestra.run.smithi053.stdout:/usr/bin/ceph: stderr
2024-04-25T01:55:09.278+0000 7f8b597fa700 1 -- 172.21.15.53:0/3956714268 <== mon.0 v2:172.21.15.53:3300/0 1 ==== mon_map magic: 0 ==== 205+0+0 (secure 0 0 0) 0x7f8b4c003bf0 con 0x7f8b5c106250
2024-04-25T01:55:10.605 INFO:teuthology.orchestra.run.smithi053.stdout:/usr/bin/ceph: stderr
2024-04-25T01:55:09.278+0000 7f8b597fa700 1 -- 172.21.15.53:0/3956714268 <== mon.0 v2:172.21.15.53:3300/0 2 ==== config(27 keys) ==== 1140+0+0 (secure 0 0 0) 0x7f8b4c01a910 con 0x7f8b5c106250
