2024-04-25T01:56:54.717+0000 7f214c844700 1 -- 172.21.15.80:0/2758445938 --> [v2:172.21.15.80:3300/0,v1:172.21.15.80:6789/0] -- mon_command({"prefix": "get_command_descriptions"} v 0) -- 0x7f2148063890 con 0x7f21481086f0
2024-04-25T01:56:55.589 INFO:teuthology.orchestra.run.smithi080.stdout:/usr/bin/ceph: stderr
2024-04-25T01:56:54.717+0000 7f21377fe700 1 --2- 172.21.15.80:0/2758445938 >> [v2:172.21.15.80:6800/3623038383,v1:172.21.15.80:6801/3623038383] conn(0x7f21300390a0 0x7f213003b560 unknown :-1 s=NONE pgs=0 cs=0 l=1 rev1=0 crypto rx=0 tx=0 comp rx=0 tx=0).connect
2024-04-25T01:56:55.589 INFO:teuthology.orchestra.run.smithi080.stdout:/usr/bin/ceph: stderr
2024-04-25T01:56:54.717+0000 7f2145d9b700 1 -- 172.21.15.80:0/2758445938 >> [v2:172.21.15.80:6800/3623038383,v1:172.21.15.80:6801/3623038383] conn(0x7f21300390a0 msgr2=0x7f213003b560 unknown :-1 s=STATE_CONNECTING_RE l=1).process reconnect failed to v2:172.21.15.80:6800/3623038383
2024-04-25T01:56:55.589 INFO:teuthology.orchestra.run.smithi080.stdout:/usr/bin/ceph: stderr
2024-04-25T01:56:54.717+0000 7f21377fe700 1 -- 172.21.15.80:0/2758445938 <== mon.0 v2:172.21.15.80:3300/0 5 ==== osd_map(2..2 src has 1..2) ==== 940+0+0 (secure 0 0 0) 0x7f213804d8c0 con 0x7f21481086f0
2024-04-25T01:56:55.590 INFO:teuthology.orchestra.run.smithi080.stdout:/usr/bin/ceph: stderr
2024-04-25T01:56:54.717+0000 7f2145d9b700 1 --2- 172.21.15.80:0/2758445938 >> [v2:172.21.15.80:6800/3623038383,v1:172.21.15.80:6801/3623038383] conn(0x7f21300390a0 0x7f213003b560 unknown :-1 s=START_CONNECT pgs=0 cs=0 l=1 rev1=0 crypto rx=0 tx=0 comp rx=0 tx=0)._fault waiting 0.200000
2024-04-25T01:56:55.590 INFO:teuthology.orchestra.run.smithi080.stdout:/usr/bin/ceph: stderr
2024-04-25T01:56:54.722+0000 7f21377fe700 1 -- 172.21.15.80:0/2758445938 <== mon.0 v2:172.21.15.80:3300/0 6 ==== mon_command_ack([{"prefix": "get_command_descriptions"}]=0 v0) ==== 72+0+186147 (secure 0 0 0) 0x7f2138019e10 con 0x7f21481086f0
2024-04-25T01:56:55.590 INFO:teuthology.orchestra.run.smithi080.stdout:/usr/bin/ceph: stderr
2024-04-25T01:56:54.918+0000 7f2145d9b700 1 -- 172.21.15.80:0/2758445938 >> [v2:172.21.15.80:6800/3623038383,v1:172.21.15.80:6801/3623038383] conn(0x7f21300390a0 msgr2=0x7f213003b560 unknown :-1 s=STATE_CONNECTING_RE l=1).process reconnect failed to v2:172.21.15.80:6800/3623038383
2024-04-25T01:56:55.590 INFO:teuthology.orchestra.run.smithi080.stdout:/usr/bin/ceph: stderr
2024-04-25T01:56:54.918+0000 7f2145d9b700 1 --2- 172.21.15.80:0/2758445938 >> [v2:172.21.15.80:6800/3623038383,v1:172.21.15.80:6801/3623038383] conn(0x7f21300390a0 0x7f213003b560 unknown :-1 s=START_CONNECT pgs=0 cs=0 l=1 rev1=0 crypto rx=0 tx=0 comp rx=0 tx=0)._fault waiting 0.400000
2024-04-25T01:56:55.590 INFO:teuthology.orchestra.run.smithi080.stdout:/usr/bin/ceph: stderr
2024-04-25T01:56:54.999+0000 7f214c844700 1 -- 172.21.15.80:0/2758445938 --> [v2:172.21.15.80:3300/0,v1:172.21.15.80:6789/0] -- mon_command({"prefix": "mgr stat"} v 0) -- 0x7f214802db30 con 0x7f21481086f0
2024-04-25T01:56:55.590 INFO:teuthology.orchestra.run.smithi080.stdout:/usr/bin/ceph: stderr
2024-04-25T01:56:55.000+0000 7f21377fe700 1 -- 172.21.15.80:0/2758445938 <== mon.0 v2:172.21.15.80:3300/0 7 ==== mon_command_ack([{"prefix": "mgr stat"}]=0 v9) ==== 56+0+88 (secure 0 0 0) 0x7f2138020c10 con 0x7f21481086f0
2024-04-25T01:56:55.590 INFO:teuthology.orchestra.run.smithi080.stdout:/usr/bin/ceph: stderr
2024-04-25T01:56:55.008+0000 7f214c844700 1 -- 172.21.15.80:0/2758445938 >> [v2:172.21.15.80:6800/3623038383,v1:172.21.15.80:6801/3623038383] conn(0x7f21300390a0 msgr2=0x7f213003b560 unknown :-1 s=STATE_CONNECTING l=1).mark_down
2024-04-25T01:56:55.590 INFO:teuthology.orchestra.run.smithi080.stdout:/usr/bin/ceph: stderr
2024-04-25T01:56:55.008+0000 7f214c844700 1 --2- 172.21.15.80:0/2758445938 >> [v2:172.21.15.80:6800/3623038383,v1:172.21.15.80:6801/3623038383] conn(0x7f21300390a0 0x7f213003b560 unknown :-1 s=START_CONNECT pgs=0 cs=0 l=1 rev1=0 crypto rx=0 tx=0 comp rx=0 tx=0).stop
2024-04-25T01:56:55.590 INFO:teuthology.orchestra.run.smithi080.stdout:/usr/bin/ceph: stderr
2024-04-25T01:56:55.008+0000 7f214c844700 1 -- 172.21.15.80:0/2758445938 >> [v2:172.21.15.80:3300/0,v1:172.21.15.80:6789/0] conn(0x7f21481086f0 msgr2=0x7f214819bdf0 secure :-1 s=STATE_CONNECTION_ESTABLISHED l=1).mark_down
2024-04-25T01:56:55.591 INFO:teuthology.orchestra.run.smithi080.stdout:/usr/bin/ceph: stderr
2024-04-25T01:56:55.008+0000 7f214c844700 1 --2- 172.21.15.80:0/2758445938 >> [v2:172.21.15.80:3300/0,v1:172.21.15.80:6789/0] conn(0x7f21481086f0 0x7f214819bdf0 secure :-1 s=READY pgs=60 cs=0 l=1 rev1=1 crypto rx=0x7f2138006b20 tx=0x7f2138011ad0 comp rx=0 tx=0).stop
2024-04-25T01:56:55.591 INFO:teuthology.orchestra.run.smithi080.stdout:/usr/bin/ceph: stderr
2024-04-25T01:56:55.008+0000 7f214c844700 1 -- 172.21.15.80:0/2758445938 shutdown_connections
2024-04-25T01:56:55.591 INFO:teuthology.orchestra.run.smithi080.stdout:/usr/bin/ceph: stderr
2024-04-25T01:56:55.008+0000 7f214c844700 1 --2- 172.21.15.80:0/2758445938 >> [v2:172.21.15.80:6800/3623038383,v1:172.21.15.80:6801/3623038383] conn(0x7f21300390a0 0x7f213003b560 unknown :-1 s=CLOSED pgs=0 cs=0 l=1 rev1=0 crypto rx=0 tx=0 comp rx=0 tx=0).stop
2024-04-25T01:56:55.591 INFO:teuthology.orchestra.run.smithi080.stdout:/usr/bin/ceph: stderr
2024-04-25T01:56:55.008+0000 7f214c844700 1 --2- 172.21.15.80:0/2758445938 >> [v2:172.21.15.80:3300/0,v1:172.21.15.80:6789/0] conn(0x7f21481086f0 0x7f214819bdf0 unknown :-1 s=CLOSED pgs=60 cs=0 l=1 rev1=1 crypto rx=0 tx=0 comp rx=0 tx=0).stop
2024-04-25T01:56:55.591 INFO:teuthology.orchestra.run.smithi080.stdout:/usr/bin/ceph: stderr
2024-04-25T01:56:55.008+0000 7f214c844700 1 -- 172.21.15.80:0/2758445938 >> 172.21.15.80:0/2758445938 conn(0x7f21481020c0 msgr2=0x7f2148102c50 unknown :-1 s=STATE_NONE l=0).mark_down
2024-04-25T01:56:55.591 INFO:teuthology.orchestra.run.smithi080.stdout:/usr/bin/ceph: stderr
2024-04-25T01:56:55.008+0000 7f214c844700 1 -- 172.21.15.80:0/2758445938 shutdown_connections
2024-04-25T01:56:55.591 INFO:teuthology.orchestra.run.smithi080.stdout:/usr/bin/ceph: stderr
2024-04-25T01:56:55.008+0000 7f214c844700 1 -- 172.21.15.80:0/2758445938 wait complete.
2024-04-25T01:56:55.591 INFO:teuthology.orchestra.run.smithi080.stdout:Waiting for the mgr to restart...
2024-04-25T01:56:55.591 INFO:teuthology.orchestra.run.smithi080.stdout:Waiting for mgr epoch 9...
2024-04-25T01:56:55.826 INFO:journalctl@ceph.mon.a.smithi080.stdout:Apr 25 01:56:55 smithi080 ceph-mon[29427]: from='client.? 172.21.15.80:0/2758445938' entity='client.admin' cmd=[{"prefix": "mgr stat"}]: dispatch
2024-04-25T01:56:55.827 INFO:journalctl@ceph.mgr.x.smithi080.stdout:Apr 25 01:56:55 smithi080 ceph-cbc55610-02a6-11ef-bc93-c7b262605968-mgr-x[29670]:
2024-04-25T01:56:55.795+0000 7fb5a19b5200 -1 mgr[py] Module telegraf has missing NOTIFY_TYPES member
2024-04-25T01:56:56.148 INFO:journalctl@ceph.mgr.x.smithi080.stdout:Apr 25 01:56:55 smithi080 ceph-cbc55610-02a6-11ef-bc93-c7b262605968-mgr-x[29670]:
2024-04-25T01:56:55.972+0000 7fb5a19b5200 -1 mgr[py] Module osd_support has missing NOTIFY_TYPES member
2024-04-25T01:56:56.148 INFO:journalctl@ceph.mgr.x.smithi080.stdout:Apr 25 01:56:56 smithi080 ceph-cbc55610-02a6-11ef-bc93-c7b262605968-mgr-x[29670]:
2024-04-25T01:56:56.145+0000 7fb5a19b5200 -1 mgr[py] Module iostat has missing NOTIFY_TYPES member
2024-04-25T01:56:56.732 INFO:journalctl@ceph.mgr.x.smithi080.stdout:Apr 25 01:56:56 smithi080 ceph-cbc55610-02a6-11ef-bc93-c7b262605968-mgr-x[29670]:
2024-04-25T01:56:56.434+0000 7fb5a19b5200 -1 mgr[py] Module alerts has missing NOTIFY_TYPES member
2024-04-25T01:56:56.732 INFO:journalctl@ceph.mgr.x.smithi080.stdout:Apr 25 01:56:56 smithi080 ceph-cbc55610-02a6-11ef-bc93-c7b262605968-mgr-x[29670]:
2024-04-25T01:56:56.526+0000 7fb5a19b5200 -1 mgr[py] Module selftest has missing NOTIFY_TYPES member
2024-04-25T01:56:56.732 INFO:journalctl@ceph.mgr.x.smithi080.stdout:Apr 25 01:56:56 smithi080 ceph-cbc55610-02a6-11ef-bc93-c7b262605968-mgr-x[29670]:
2024-04-25T01:56:56.729+0000 7fb5a19b5200 -1 mgr[py] Module pg_autoscaler has missing NOTIFY_TYPES member
2024-04-25T01:56:57.165 INFO:journalctl@ceph.mgr.x.smithi080.stdout:Apr 25 01:56:56 smithi080 ceph-cbc55610-02a6-11ef-bc93-c7b262605968-mgr-x[29670]:
2024-04-25T01:56:56.919+0000 7fb5a19b5200 -1 mgr[py] Module test_orchestrator has missing NOTIFY_TYPES member
2024-04-25T01:56:57.915 INFO:journalctl@ceph.mgr.x.smithi080.stdout:Apr 25 01:56:57 smithi080 ceph-cbc55610-02a6-11ef-bc93-c7b262605968-mgr-x[29670]:
2024-04-25T01:56:57.512+0000 7fb5a19b5200 -1 mgr[py] Module rook has missing NOTIFY_TYPES member
2024-04-25T01:56:58.231 INFO:journalctl@ceph.mgr.x.smithi080.stdout:Apr 25 01:56:57 smithi080 ceph-cbc55610-02a6-11ef-bc93-c7b262605968-mgr-x[29670]:
2024-04-25T01:56:57.934+0000 7fb5a19b5200 -1 mgr[py] Module volumes has missing NOTIFY_TYPES member
2024-04-25T01:56:58.231 INFO:journalctl@ceph.mgr.x.smithi080.stdout:Apr 25 01:56:58 smithi080 ceph-cbc55610-02a6-11ef-bc93-c7b262605968-mgr-x[29670]:
2024-04-25T01:56:58.029+0000 7fb5a19b5200 -1 mgr[py] Module crash has missing NOTIFY_TYPES member
2024-04-25T01:56:58.231 INFO:journalctl@ceph.mgr.x.smithi080.stdout:Apr 25 01:56:58 smithi080 ceph-cbc55610-02a6-11ef-bc93-c7b262605968-mgr-x[29670]:
2024-04-25T01:56:58.228+0000 7fb5a19b5200 -1 mgr[py] Module rgw has missing NOTIFY_TYPES member
2024-04-25T01:56:59.041 INFO:journalctl@ceph.mgr.x.smithi080.stdout:Apr 25 01:56:58 smithi080 ceph-cbc55610-02a6-11ef-bc93-c7b262605968-mgr-x[29670]:
2024-04-25T01:56:58.749+0000 7fb5a19b5200 -1 mgr[py] Module prometheus has missing NOTIFY_TYPES member
2024-04-25T01:56:59.041 INFO:journalctl@ceph.mgr.x.smithi080.stdout:Apr 25 01:56:58 smithi080 ceph-cbc55610-02a6-11ef-bc93-c7b262605968-mgr-x[29670]:
2024-04-25T01:56:58.841+0000 7fb5a19b5200 -1 mgr[py] Module devicehealth has missing NOTIFY_TYPES member
2024-04-25T01:56:59.315 INFO:journalctl@ceph.mgr.x.smithi080.stdout:Apr 25 01:56:59 smithi080 ceph-cbc55610-02a6-11ef-bc93-c7b262605968-mgr-x[29670]:
2024-04-25T01:56:59.086+0000 7fb5a19b5200 -1 mgr[py] Module telemetry has missing NOTIFY_TYPES member
2024-04-25T01:56:59.316 INFO:journalctl@ceph.mgr.x.smithi080.stdout:Apr 25 01:56:59 smithi080 ceph-cbc55610-02a6-11ef-bc93-c7b262605968-mgr-x[29670]:
2024-04-25T01:56:59.218+0000 7fb5a19b5200 -1 mgr[py] Module diskprediction_local has missing NOTIFY_TYPES member
2024-04-25T01:56:59.316 INFO:journalctl@ceph.mgr.x.smithi080.stdout:Apr 25 01:56:59 smithi080 ceph-cbc55610-02a6-11ef-bc93-c7b262605968-mgr-x[29670]:
2024-04-25T01:56:59.313+0000 7fb5a19b5200 -1 mgr[py] Module osd_perf_query has missing NOTIFY_TYPES member
2024-04-25T01:56:59.665 INFO:journalctl@ceph.mgr.x.smithi080.stdout:Apr 25 01:56:59 smithi080 ceph-cbc55610-02a6-11ef-bc93-c7b262605968-mgr-x[29670]:
2024-04-25T01:56:59.428+0000 7fb5a19b5200 -1 mgr[py] Module rbd_support has missing NOTIFY_TYPES member
2024-04-25T01:56:59.665 INFO:journalctl@ceph.mgr.x.smithi080.stdout:Apr 25 01:56:59 smithi080 ceph-cbc55610-02a6-11ef-bc93-c7b262605968-mgr-x[29670]:
2024-04-25T01:56:59.520+0000 7fb5a19b5200 -1 mgr[py] Module zabbix has missing NOTIFY_TYPES member
2024-04-25T01:57:00.588 INFO:journalctl@ceph.mgr.x.smithi080.stdout:Apr 25 01:57:00 smithi080 ceph-cbc55610-02a6-11ef-bc93-c7b262605968-mgr-x[29670]:
2024-04-25T01:57:00.318+0000 7fb5a19b5200 -1 mgr[py] Module status has missing NOTIFY_TYPES member
2024-04-25T01:57:00.588 INFO:journalctl@ceph.mgr.x.smithi080.stdout:Apr 25 01:57:00 smithi080 ceph-cbc55610-02a6-11ef-bc93-c7b262605968-mgr-x[29670]:
2024-04-25T01:57:00.532+0000 7fb5a19b5200 -1 mgr[py] Module nfs has missing NOTIFY_TYPES member
2024-04-25T01:57:00.915 INFO:journalctl@ceph.mon.a.smithi080.stdout:Apr 25 01:57:00 smithi080 ceph-mon[29427]: Active manager daemon x restarted
2024-04-25T01:57:00.916 INFO:journalctl@ceph.mon.a.smithi080.stdout:Apr 25 01:57:00 smithi080 ceph-mon[29427]: Activating manager daemon x
2024-04-25T01:57:00.916 INFO:journalctl@ceph.mon.a.smithi080.stdout:Apr 25 01:57:00 smithi080 ceph-mon[29427]: osdmap e3: 0 total, 0 up, 0 in
2024-04-25T01:57:00.916 INFO:journalctl@ceph.mon.a.smithi080.stdout:Apr 25 01:57:00 smithi080 ceph-mon[29427]: mgrmap e10: x(active, starting, since 0.00325746s)
2024-04-25T01:57:00.916 INFO:journalctl@ceph.mon.a.smithi080.stdout:Apr 25 01:57:00 smithi080 ceph-mon[29427]: from='mgr.14152 172.21.15.80:0/4193082740' entity='mgr.x' cmd=[{"prefix": "mon metadata", "id": "a"}]: dispatch
2024-04-25T01:57:00.916 INFO:journalctl@ceph.mon.a.smithi080.stdout:Apr 25 01:57:00 smithi080 ceph-mon[29427]: from='mgr.14152 172.21.15.80:0/4193082740' entity='mgr.x' cmd=[{"prefix": "mgr metadata", "who": "x", "id": "x"}]: dispatch
2024-04-25T01:57:00.916 INFO:journalctl@ceph.mon.a.smithi080.stdout:Apr 25 01:57:00 smithi080 ceph-mon[29427]: from='mgr.14152 172.21.15.80:0/4193082740' entity='mgr.x' cmd=[{"prefix": "mds metadata"}]: dispatch
2024-04-25T01:57:00.916 INFO:journalctl@ceph.mon.a.smithi080.stdout:Apr 25 01:57:00 smithi080 ceph-mon[29427]: from='mgr.14152 172.21.15.80:0/4193082740' entity='mgr.x' cmd=[{"prefix": "osd metadata"}]: dispatch
2024-04-25T01:57:00.916 INFO:journalctl@ceph.mon.a.smithi080.stdout:Apr 25 01:57:00 smithi080 ceph-mon[29427]: from='mgr.14152 172.21.15.80:0/4193082740' entity='mgr.x' cmd=[{"prefix": "mon metadata"}]: dispatch
2024-04-25T01:57:00.916 INFO:journalctl@ceph.mon.a.smithi080.stdout:Apr 25 01:57:00 smithi080 ceph-mon[29427]: Manager daemon x is now available
2024-04-25T01:57:00.916 INFO:journalctl@ceph.mon.a.smithi080.stdout:Apr 25 01:57:00 smithi080 ceph-mon[29427]: from='mgr.14152 172.21.15.80:0/4193082740' entity='mgr.x' cmd=[{"prefix": "config dump", "format": "json"}]: dispatch
2024-04-25T01:57:00.916 INFO:journalctl@ceph.mon.a.smithi080.stdout:Apr 25 01:57:00 smithi080 ceph-mon[29427]: from='mgr.14152 172.21.15.80:0/4193082740' entity='mgr.x' cmd=[{"prefix":"config rm","who":"mgr","name":"mgr/rbd_support/x/mirror_snapshot_schedule"}]: dispatch
2024-04-25T01:57:00.916 INFO:journalctl@ceph.mon.a.smithi080.stdout:Apr 25 01:57:00 smithi080 ceph-mon[29427]: from='mgr.14152 172.21.15.80:0/4193082740' entity='mgr.x' cmd=[{"prefix":"config rm","who":"mgr","name":"mgr/rbd_support/x/trash_purge_schedule"}]: dispatch
2024-04-25T01:57:02.487 INFO:teuthology.orchestra.run.smithi080.stdout:/usr/bin/ceph: stdout {
2024-04-25T01:57:02.488 INFO:teuthology.orchestra.run.smithi080.stdout:/usr/bin/ceph: stdout "mgrmap_epoch": 11,
2024-04-25T01:57:02.488 INFO:teuthology.orchestra.run.smithi080.stdout:/usr/bin/ceph: stdout "initialized": true
2024-04-25T01:57:02.488 INFO:teuthology.orchestra.run.smithi080.stdout:/usr/bin/ceph: stdout }
2024-04-25T01:57:02.488 INFO:teuthology.orchestra.run.smithi080.stdout:/usr/bin/ceph: stderr
2024-04-25T01:56:56.029+0000 7f45ffeb9700 1 Processor -- start
2024-04-25T01:57:02.488 INFO:teuthology.orchestra.run.smithi080.stdout:/usr/bin/ceph: stderr
2024-04-25T01:56:56.030+0000 7f45ffeb9700 1 -- start start
2024-04-25T01:57:02.488 INFO:teuthology.orchestra.run.smithi080.stdout:/usr/bin/ceph: stderr
2024-04-25T01:56:56.030+0000 7f45ffeb9700 1 --2- >> [v2:172.21.15.80:3300/0,v1:172.21.15.80:6789/0] conn(0x7f45f81086e0 0x7f45f810aad0 unknown :-1 s=NONE pgs=0 cs=0 l=0 rev1=0 crypto rx=0 tx=0 comp rx=0 tx=0).connect
2024-04-25T01:57:02.489 INFO:teuthology.orchestra.run.smithi080.stdout:/usr/bin/ceph: stderr
2024-04-25T01:56:56.030+0000 7f45ffeb9700 1 -- --> [v2:172.21.15.80:3300/0,v1:172.21.15.80:6789/0] -- mon_getmap magic: 0 -- 0x7f45f807be00 con 0x7f45f81086e0
2024-04-25T01:57:02.489 INFO:teuthology.orchestra.run.smithi080.stdout:/usr/bin/ceph: stderr
2024-04-25T01:56:56.030+0000 7f45fdc55700 1 --2- >> [v2:172.21.15.80:3300/0,v1:172.21.15.80:6789/0] conn(0x7f45f81086e0 0x7f45f810aad0 unknown :-1 s=BANNER_CONNECTING pgs=0 cs=0 l=0 rev1=0 crypto rx=0 tx=0 comp rx=0 tx=0)._handle_peer_banner_payload supported=3 required=0
2024-04-25T01:57:02.489 INFO:teuthology.orchestra.run.smithi080.stdout:/usr/bin/ceph: stderr
2024-04-25T01:56:56.030+0000 7f45fdc55700 1 --2- >> [v2:172.21.15.80:3300/0,v1:172.21.15.80:6789/0] conn(0x7f45f81086e0 0x7f45f810aad0 unknown :-1 s=HELLO_CONNECTING pgs=0 cs=0 l=0 rev1=1 crypto rx=0 tx=0 comp rx=0 tx=0).handle_hello peer v2:172.21.15.80:3300/0 says I am v2:172.21.15.80:45242/0 (socket says 172.21.15.80:45242)
2024-04-25T01:57:02.489 INFO:teuthology.orchestra.run.smithi080.stdout:/usr/bin/ceph: stderr
2024-04-25T01:56:56.030+0000 7f45fdc55700 1 -- 172.21.15.80:0/2892102964 learned_addr learned my addr 172.21.15.80:0/2892102964 (peer_addr_for_me v2:172.21.15.80:0/0)
2024-04-25T01:57:02.489 INFO:teuthology.orchestra.run.smithi080.stdout:/usr/bin/ceph: stderr
2024-04-25T01:56:56.030+0000 7f45fdc55700 1 -- 172.21.15.80:0/2892102964 --> [v2:172.21.15.80:3300/0,v1:172.21.15.80:6789/0] -- mon_subscribe({config=0+,monmap=0+}) -- 0x7f45f810b010 con 0x7f45f81086e0
2024-04-25T01:57:02.489 INFO:teuthology.orchestra.run.smithi080.stdout:/usr/bin/ceph: stderr
2024-04-25T01:56:56.030+0000 7f45fdc55700 1 --2- 172.21.15.80:0/2892102964 >> [v2:172.21.15.80:3300/0,v1:172.21.15.80:6789/0] conn(0x7f45f81086e0 0x7f45f810aad0 secure :-1 s=READY pgs=61 cs=0 l=1 rev1=1 crypto rx=0x7f45f40098a0 tx=0x7f45f4009bb0 comp rx=0 tx=0).ready entity=mon.0 client_cookie=48d5d55dfa00187b server_cookie=0 in_seq=0 out_seq=0
2024-04-25T01:57:02.489 INFO:teuthology.orchestra.run.smithi080.stdout:/usr/bin/ceph: stderr
2024-04-25T01:56:56.031+0000 7f45fcc53700 1 -- 172.21.15.80:0/2892102964 <== mon.0 v2:172.21.15.80:3300/0 1 ==== mon_map magic: 0 ==== 205+0+0 (secure 0 0 0) 0x7f45f4004160 con 0x7f45f81086e0
2024-04-25T01:57:02.489 INFO:teuthology.orchestra.run.smithi080.stdout:/usr/bin/ceph: stderr
2024-04-25T01:56:56.031+0000 7f45fcc53700 1 -- 172.21.15.80:0/2892102964 <== mon.0 v2:172.21.15.80:3300/0 2 ==== config(26 keys) ==== 1102+0+0 (secure 0 0 0) 0x7f45f4004300 con 0x7f45f81086e0
2024-04-25T01:57:02.489 INFO:teuthology.orchestra.run.smithi080.stdout:/usr/bin/ceph: stderr
2024-04-25T01:56:56.031+0000 7f45fcc53700 1 -- 172.21.15.80:0/2892102964 <== mon.0 v2:172.21.15.80:3300/0 3 ==== mon_map magic: 0 ==== 205+0+0 (secure 0 0 0) 0x7f45f4011a50 con 0x7f45f81086e0
2024-04-25T01:57:02.489 INFO:teuthology.orchestra.run.smithi080.stdout:/usr/bin/ceph: stderr
2024-04-25T01:56:56.031+0000 7f45ffeb9700 1 -- 172.21.15.80:0/2892102964 >> [v2:172.21.15.80:3300/0,v1:172.21.15.80:6789/0] conn(0x7f45f81086e0 msgr2=0x7f45f810aad0 secure :-1 s=STATE_CONNECTION_ESTABLISHED l=1).mark_down
2024-04-25T01:57:02.489 INFO:teuthology.orchestra.run.smithi080.stdout:/usr/bin/ceph: stderr
2024-04-25T01:56:56.031+0000 7f45ffeb9700 1 --2- 172.21.15.80:0/2892102964 >> [v2:172.21.15.80:3300/0,v1:172.21.15.80:6789/0] conn(0x7f45f81086e0 0x7f45f810aad0 secure :-1 s=READY pgs=61 cs=0 l=1 rev1=1 crypto rx=0x7f45f40098a0 tx=0x7f45f4009bb0 comp rx=0 tx=0).stop
2024-04-25T01:57:02.489 INFO:teuthology.orchestra.run.smithi080.stdout:/usr/bin/ceph: stderr
2024-04-25T01:56:56.031+0000 7f45ffeb9700 1 -- 172.21.15.80:0/2892102964 shutdown_connections
2024-04-25T01:57:02.489 INFO:teuthology.orchestra.run.smithi080.stdout:/usr/bin/ceph: stderr
2024-04-25T01:56:56.031+0000 7f45ffeb9700 1 --2- 172.21.15.80:0/2892102964 >> [v2:172.21.15.80:3300/0,v1:172.21.15.80:6789/0] conn(0x7f45f81086e0 0x7f45f810aad0 unknown :-1 s=CLOSED pgs=61 cs=0 l=1 rev1=1 crypto rx=0 tx=0 comp rx=0 tx=0).stop
2024-04-25T01:57:02.490 INFO:teuthology.orchestra.run.smithi080.stdout:/usr/bin/ceph: stderr
2024-04-25T01:56:56.031+0000 7f45ffeb9700 1 -- 172.21.15.80:0/2892102964 >> 172.21.15.80:0/2892102964 conn(0x7f45f81020f0 msgr2=0x7f45f8104510 unknown :-1 s=STATE_NONE l=0).mark_down
2024-04-25T01:57:02.490 INFO:teuthology.orchestra.run.smithi080.stdout:/usr/bin/ceph: stderr
2024-04-25T01:56:56.032+0000 7f45ffeb9700 1 -- 172.21.15.80:0/2892102964 shutdown_connections
2024-04-25T01:57:02.490 INFO:teuthology.orchestra.run.smithi080.stdout:/usr/bin/ceph: stderr
2024-04-25T01:56:56.032+0000 7f45ffeb9700 1 -- 172.21.15.80:0/2892102964 wait complete.
2024-04-25T01:57:02.490 INFO:teuthology.orchestra.run.smithi080.stdout:/usr/bin/ceph: stderr
2024-04-25T01:56:56.032+0000 7f45ffeb9700 1 Processor -- start
2024-04-25T01:57:02.490 INFO:teuthology.orchestra.run.smithi080.stdout:/usr/bin/ceph: stderr
2024-04-25T01:56:56.032+0000 7f45ffeb9700 1 -- start start
2024-04-25T01:57:02.490 INFO:teuthology.orchestra.run.smithi080.stdout:/usr/bin/ceph: stderr
2024-04-25T01:56:56.032+0000 7f45ffeb9700 1 --2- >> [v2:172.21.15.80:3300/0,v1:172.21.15.80:6789/0] conn(0x7f45f81086e0 0x7f45f819be50 unknown :-1 s=NONE pgs=0 cs=0 l=1 rev1=0 crypto rx=0 tx=0 comp rx=0 tx=0).connect
2024-04-25T01:57:02.490 INFO:teuthology.orchestra.run.smithi080.stdout:/usr/bin/ceph: stderr
2024-04-25T01:56:56.032+0000 7f45ffeb9700 1 -- --> [v2:172.21.15.80:3300/0,v1:172.21.15.80:6789/0] -- mon_getmap magic: 0 -- 0x7f45f810c010 con 0x7f45f81086e0
2024-04-25T01:57:02.490 INFO:teuthology.orchestra.run.smithi080.stdout:/usr/bin/ceph: stderr
2024-04-25T01:56:56.032+0000 7f45fdc55700 1 --2- >> [v2:172.21.15.80:3300/0,v1:172.21.15.80:6789/0] conn(0x7f45f81086e0 0x7f45f819be50 unknown :-1 s=BANNER_CONNECTING pgs=0 cs=0 l=1 rev1=0 crypto rx=0 tx=0 comp rx=0 tx=0)._handle_peer_banner_payload supported=3 required=0
2024-04-25T01:57:02.490 INFO:teuthology.orchestra.run.smithi080.stdout:/usr/bin/ceph: stderr
2024-04-25T01:56:56.032+0000 7f45fdc55700 1 --2- >> [v2:172.21.15.80:3300/0,v1:172.21.15.80:6789/0] conn(0x7f45f81086e0 0x7f45f819be50 unknown :-1 s=HELLO_CONNECTING pgs=0 cs=0 l=1 rev1=1 crypto rx=0 tx=0 comp rx=0 tx=0).handle_hello peer v2:172.21.15.80:3300/0 says I am v2:172.21.15.80:45250/0 (socket says 172.21.15.80:45250)
2024-04-25T01:57:02.490 INFO:teuthology.orchestra.run.smithi080.stdout:/usr/bin/ceph: stderr
2024-04-25T01:56:56.032+0000 7f45fdc55700 1 -- 172.21.15.80:0/4009709992 learned_addr learned my addr 172.21.15.80:0/4009709992 (peer_addr_for_me v2:172.21.15.80:0/0)
2024-04-25T01:57:02.490 INFO:teuthology.orchestra.run.smithi080.stdout:/usr/bin/ceph: stderr
2024-04-25T01:56:56.033+0000 7f45fdc55700 1 -- 172.21.15.80:0/4009709992 --> [v2:172.21.15.80:3300/0,v1:172.21.15.80:6789/0] -- mon_subscribe({config=0+,monmap=0+}) -- 0x7f45f819c390 con 0x7f45f81086e0
2024-04-25T01:57:02.490 INFO:teuthology.orchestra.run.smithi080.stdout:/usr/bin/ceph: stderr
2024-04-25T01:56:56.033+0000 7f45fdc55700 1 --2- 172.21.15.80:0/4009709992 >> [v2:172.21.15.80:3300/0,v1:172.21.15.80:6789/0] conn(0x7f45f81086e0 0x7f45f819be50 secure :-1 s=READY pgs=62 cs=0 l=1 rev1=1 crypto rx=0x7f45f4006b20 tx=0x7f45f4011ad0 comp rx=0 tx=0).ready entity=mon.0 client_cookie=0 server_cookie=0 in_seq=0 out_seq=0
2024-04-25T01:57:02.490 INFO:teuthology.orchestra.run.smithi080.stdout:/usr/bin/ceph: stderr
2024-04-25T01:56:56.033+0000 7f45eeffd700 1 -- 172.21.15.80:0/4009709992 <== mon.0 v2:172.21.15.80:3300/0 1 ==== mon_map magic: 0 ==== 205+0+0 (secure 0 0 0) 0x7f45f4003b70 con 0x7f45f81086e0
2024-04-25T01:57:02.491 INFO:teuthology.orchestra.run.smithi080.stdout:/usr/bin/ceph: stderr
2024-04-25T01:56:56.033+0000 7f45eeffd700 1 -- 172.21.15.80:0/4009709992 <== mon.0 v2:172.21.15.80:3300/0 2 ==== config(26 keys) ==== 1102+0+0 (secure 0 0 0) 0x7f45f401a8e0 con 0x7f45f81086e0
2024-04-25T01:57:02.491 INFO:teuthology.orchestra.run.smithi080.stdout:/usr/bin/ceph: stderr
2024-04-25T01:56:56.033+0000 7f45eeffd700 1 -- 172.21.15.80:0/4009709992 <== mon.0 v2:172.21.15.80:3300/0 3 ==== mon_map magic: 0 ==== 205+0+0 (secure 0 0 0) 0x7f45f40249b0 con 0x7f45f81086e0
2024-04-25T01:57:02.491 INFO:teuthology.orchestra.run.smithi080.stdout:/usr/bin/ceph: stderr
2024-04-25T01:56:56.033+0000 7f45ffeb9700 1 -- 172.21.15.80:0/4009709992 --> [v2:172.21.15.80:3300/0,v1:172.21.15.80:6789/0] -- mon_subscribe({mgrmap=0+}) -- 0x7f45f819c620 con 0x7f45f81086e0
2024-04-25T01:57:02.491 INFO:teuthology.orchestra.run.smithi080.stdout:/usr/bin/ceph: stderr
2024-04-25T01:56:56.033+0000 7f45ffeb9700 1 -- 172.21.15.80:0/4009709992 --> [v2:172.21.15.80:3300/0,v1:172.21.15.80:6789/0] -- mon_subscribe({osdmap=0}) -- 0x7f45f819f230 con 0x7f45f81086e0
2024-04-25T01:57:02.491 INFO:teuthology.orchestra.run.smithi080.stdout:/usr/bin/ceph: stderr
2024-04-25T01:56:56.034+0000 7f45eeffd700 1 -- 172.21.15.80:0/4009709992 <== mon.0 v2:172.21.15.80:3300/0 4 ==== mgrmap(e 9) ==== 46300+0+0 (secure 0 0 0) 0x7f45f4022020 con 0x7f45f81086e0
2024-04-25T01:57:02.491 INFO:teuthology.orchestra.run.smithi080.stdout:/usr/bin/ceph: stderr
2024-04-25T01:56:56.034+0000 7f45eeffd700 1 --2- 172.21.15.80:0/4009709992 >> [v2:172.21.15.80:6800/3623038383,v1:172.21.15.80:6801/3623038383] conn(0x7f45e4039100 0x7f45e403b5c0 unknown :-1 s=NONE pgs=0 cs=0 l=1 rev1=0 crypto rx=0 tx=0 comp rx=0 tx=0).connect
2024-04-25T01:57:02.491 INFO:teuthology.orchestra.run.smithi080.stdout:/usr/bin/ceph: stderr
2024-04-25T01:56:56.034+0000 7f45eeffd700 1 -- 172.21.15.80:0/4009709992 --> [v2:172.21.15.80:6800/3623038383,v1:172.21.15.80:6801/3623038383] -- command(tid 0: {"prefix": "get_command_descriptions"}) -- 0x7f45e403bcd0 con 0x7f45e4039100
2024-04-25T01:57:02.491 INFO:teuthology.orchestra.run.smithi080.stdout:/usr/bin/ceph: stderr
2024-04-25T01:56:56.034+0000 7f45eeffd700 1 -- 172.21.15.80:0/4009709992 <== mon.0 v2:172.21.15.80:3300/0 5 ==== osd_map(2..2 src has 1..2) ==== 940+0+0 (secure 0 0 0) 0x7f45f404d850 con 0x7f45f81086e0
2024-04-25T01:57:02.491 INFO:teuthology.orchestra.run.smithi080.stdout:/usr/bin/ceph: stderr
2024-04-25T01:56:56.034+0000 7f45fd454700 1 -- 172.21.15.80:0/4009709992 >> [v2:172.21.15.80:6800/3623038383,v1:172.21.15.80:6801/3623038383] conn(0x7f45e4039100 msgr2=0x7f45e403b5c0 unknown :-1 s=STATE_CONNECTING_RE l=1).process reconnect failed to v2:172.21.15.80:6800/3623038383
2024-04-25T01:57:02.491 INFO:teuthology.orchestra.run.smithi080.stdout:/usr/bin/ceph: stderr
2024-04-25T01:56:56.034+0000 7f45fd454700 1 --2- 172.21.15.80:0/4009709992 >> [v2:172.21.15.80:6800/3623038383,v1:172.21.15.80:6801/3623038383] conn(0x7f45e4039100 0x7f45e403b5c0 unknown :-1 s=START_CONNECT pgs=0 cs=0 l=1 rev1=0 crypto rx=0 tx=0 comp rx=0 tx=0)._fault waiting 0.200000
2024-04-25T01:57:02.491 INFO:teuthology.orchestra.run.smithi080.stdout:/usr/bin/ceph: stderr
2024-04-25T01:56:56.235+0000 7f45fd454700 1 -- 172.21.15.80:0/4009709992 >> [v2:172.21.15.80:6800/3623038383,v1:172.21.15.80:6801/3623038383] conn(0x7f45e4039100 msgr2=0x7f45e403b5c0 unknown :-1 s=STATE_CONNECTING_RE l=1).process reconnect failed to v2:172.21.15.80:6800/3623038383
2024-04-25T01:57:02.491 INFO:teuthology.orchestra.run.smithi080.stdout:/usr/bin/ceph: stderr
2024-04-25T01:56:56.235+0000 7f45fd454700 1 --2- 172.21.15.80:0/4009709992 >> [v2:172.21.15.80:6800/3623038383,v1:172.21.15.80:6801/3623038383] conn(0x7f45e4039100 0x7f45e403b5c0 unknown :-1 s=START_CONNECT pgs=0 cs=0 l=1 rev1=0 crypto rx=0 tx=0 comp rx=0 tx=0)._fault waiting 0.400000
2024-04-25T01:57:02.491 INFO:teuthology.orchestra.run.smithi080.stdout:/usr/bin/ceph: stderr
2024-04-25T01:56:56.636+0000 7f45fd454700 1 -- 172.21.15.80:0/4009709992 >> [v2:172.21.15.80:6800/3623038383,v1:172.21.15.80:6801/3623038383] conn(0x7f45e4039100 msgr2=0x7f45e403b5c0 unknown :-1 s=STATE_CONNECTING_RE l=1).process reconnect failed to v2:172.21.15.80:6800/3623038383
2024-04-25T01:57:02.492 INFO:teuthology.orchestra.run.smithi080.stdout:/usr/bin/ceph: stderr
2024-04-25T01:56:56.636+0000 7f45fd454700 1 --2- 172.21.15.80:0/4009709992 >> [v2:172.21.15.80:6800/3623038383,v1:172.21.15.80:6801/3623038383] conn(0x7f45e4039100 0x7f45e403b5c0 unknown :-1 s=START_CONNECT pgs=0 cs=0 l=1 rev1=0 crypto rx=0 tx=0 comp rx=0 tx=0)._fault waiting 0.800000
2024-04-25T01:57:02.492 INFO:teuthology.orchestra.run.smithi080.stdout:/usr/bin/ceph: stderr
2024-04-25T01:56:57.437+0000 7f45fd454700 1 -- 172.21.15.80:0/4009709992 >> [v2:172.21.15.80:6800/3623038383,v1:172.21.15.80:6801/3623038383] conn(0x7f45e4039100 msgr2=0x7f45e403b5c0 unknown :-1 s=STATE_CONNECTING_RE l=1).process reconnect failed to v2:172.21.15.80:6800/3623038383
2024-04-25T01:57:02.492 INFO:teuthology.orchestra.run.smithi080.stdout:/usr/bin/ceph: stderr
2024-04-25T01:56:57.437+0000 7f45fd454700 1 --2- 172.21.15.80:0/4009709992 >> [v2:172.21.15.80:6800/3623038383,v1:172.21.15.80:6801/3623038383] conn(0x7f45e4039100 0x7f45e403b5c0 unknown :-1 s=START_CONNECT pgs=0 cs=0 l=1 rev1=0 crypto rx=0 tx=0 comp rx=0 tx=0)._fault waiting 1.600000
2024-04-25T01:57:02.492 INFO:teuthology.orchestra.run.smithi080.stdout:/usr/bin/ceph: stderr
2024-04-25T01:56:59.038+0000 7f45fd454700 1 -- 172.21.15.80:0/4009709992 >> [v2:172.21.15.80:6800/3623038383,v1:172.21.15.80:6801/3623038383] conn(0x7f45e4039100 msgr2=0x7f45e403b5c0 unknown :-1 s=STATE_CONNECTING_RE l=1).process reconnect failed to v2:172.21.15.80:6800/3623038383
2024-04-25T01:57:02.492 INFO:teuthology.orchestra.run.smithi080.stdout:/usr/bin/ceph: stderr
2024-04-25T01:56:59.038+0000 7f45fd454700 1 --2- 172.21.15.80:0/4009709992 >> [v2:172.21.15.80:6800/3623038383,v1:172.21.15.80:6801/3623038383] conn(0x7f45e4039100 0x7f45e403b5c0 unknown :-1 s=START_CONNECT pgs=0 cs=0 l=1 rev1=0 crypto rx=0 tx=0 comp rx=0 tx=0)._fault waiting 3.200000
2024-04-25T01:57:02.492 INFO:teuthology.orchestra.run.smithi080.stdout:/usr/bin/ceph: stderr
2024-04-25T01:57:00.536+0000 7f45eeffd700 1 -- 172.21.15.80:0/4009709992 <== mon.0 v2:172.21.15.80:3300/0 6 ==== mgrmap(e 10) ==== 46067+0+0 (secure 0 0 0) 0x7f45f402da00 con 0x7f45f81086e0
2024-04-25T01:57:02.492 INFO:teuthology.orchestra.run.smithi080.stdout:/usr/bin/ceph: stderr
2024-04-25T01:57:00.536+0000 7f45eeffd700 1 -- 172.21.15.80:0/4009709992 >> [v2:172.21.15.80:6800/3623038383,v1:172.21.15.80:6801/3623038383] conn(0x7f45e4039100 msgr2=0x7f45e403b5c0 unknown :-1 s=STATE_CONNECTING l=1).mark_down
2024-04-25T01:57:02.492 INFO:teuthology.orchestra.run.smithi080.stdout:/usr/bin/ceph: stderr
2024-04-25T01:57:00.536+0000 7f45eeffd700 1 --2- 172.21.15.80:0/4009709992 >> [v2:172.21.15.80:6800/3623038383,v1:172.21.15.80:6801/3623038383] conn(0x7f45e4039100 0x7f45e403b5c0 unknown :-1 s=START_CONNECT pgs=0 cs=0 l=1 rev1=0 crypto rx=0 tx=0 comp rx=0 tx=0).stop
2024-04-25T01:57:02.492 INFO:teuthology.orchestra.run.smithi080.stdout:/usr/bin/ceph: stderr
2024-04-25T01:57:01.537+0000 7f45eeffd700 1 -- 172.21.15.80:0/4009709992 <== mon.0 v2:172.21.15.80:3300/0 7 ==== mgrmap(e 11) ==== 46194+0+0 (secure 0 0 0) 0x7f45f404f800 con 0x7f45f81086e0
2024-04-25T01:57:02.492 INFO:teuthology.orchestra.run.smithi080.stdout:/usr/bin/ceph: stderr
2024-04-25T01:57:01.538+0000 7f45eeffd700 1 --2- 172.21.15.80:0/4009709992 >> [v2:172.21.15.80:6800/1332351980,v1:172.21.15.80:6801/1332351980] conn(0x7f45e403cbc0 0x7f45e403efb0 unknown :-1 s=NONE pgs=0 cs=0 l=1 rev1=0 crypto rx=0 tx=0 comp rx=0 tx=0).connect
2024-04-25T01:57:02.492 INFO:teuthology.orchestra.run.smithi080.stdout:/usr/bin/ceph: stderr
2024-04-25T01:57:01.538+0000 7f45eeffd700 1 -- 172.21.15.80:0/4009709992 --> [v2:172.21.15.80:6800/1332351980,v1:172.21.15.80:6801/1332351980] -- command(tid 0: {"prefix": "get_command_descriptions"}) -- 0x7f45f402ae50 con 0x7f45e403cbc0
2024-04-25T01:57:02.492 INFO:teuthology.orchestra.run.smithi080.stdout:/usr/bin/ceph: stderr
2024-04-25T01:57:01.538+0000 7f45fd454700 1 --2- 172.21.15.80:0/4009709992 >> [v2:172.21.15.80:6800/1332351980,v1:172.21.15.80:6801/1332351980] conn(0x7f45e403cbc0 0x7f45e403efb0 unknown :-1 s=BANNER_CONNECTING pgs=0 cs=0 l=1 rev1=0 crypto rx=0 tx=0 comp rx=0 tx=0)._handle_peer_banner_payload supported=3 required=0
2024-04-25T01:57:02.492 INFO:teuthology.orchestra.run.smithi080.stdout:/usr/bin/ceph: stderr
2024-04-25T01:57:01.538+0000 7f45fd454700 1 --2- 172.21.15.80:0/4009709992 >> [v2:172.21.15.80:6800/1332351980,v1:172.21.15.80:6801/1332351980] conn(0x7f45e403cbc0 0x7f45e403efb0 secure :-1 s=READY pgs=2 cs=0 l=1 rev1=1 crypto rx=0x7f45e8003a10 tx=0x7f45e8009270 comp rx=0 tx=0).ready entity=mgr.14152 client_cookie=0 server_cookie=0 in_seq=0 out_seq=0
2024-04-25T01:57:02.493 INFO:teuthology.orchestra.run.smithi080.stdout:/usr/bin/ceph: stderr
2024-04-25T01:57:01.539+0000 7f45eeffd700 1 -- 172.21.15.80:0/4009709992 <== mgr.14152 v2:172.21.15.80:6800/1332351980 1 ==== command_reply(tid 0: 0 ) ==== 8+0+7774 (secure 0 0 0) 0x7f45f402ae50 con 0x7f45e403cbc0
2024-04-25T01:57:02.493 INFO:teuthology.orchestra.run.smithi080.stdout:/usr/bin/ceph: stderr
2024-04-25T01:57:01.545+0000 7f45ffeb9700 1 -- 172.21.15.80:0/4009709992 --> [v2:172.21.15.80:6800/1332351980,v1:172.21.15.80:6801/1332351980] -- command(tid 1: {"prefix": "mgr_status"}) -- 0x7f45f8063890 con 0x7f45e403cbc0
2024-04-25T01:57:02.493 INFO:teuthology.orchestra.run.smithi080.stdout:/usr/bin/ceph: stderr
2024-04-25T01:57:01.546+0000 7f45eeffd700 1 -- 172.21.15.80:0/4009709992 <== mgr.14152 v2:172.21.15.80:6800/1332351980 2 ==== command_reply(tid 1: 0 ) ==== 8+0+52 (secure 0 0 0) 0x7f45f8063890 con 0x7f45e403cbc0
2024-04-25T01:57:02.493 INFO:teuthology.orchestra.run.smithi080.stdout:/usr/bin/ceph: stderr
2024-04-25T01:57:01.546+0000 7f45ffeb9700 1 -- 172.21.15.80:0/4009709992 >> [v2:172.21.15.80:6800/1332351980,v1:172.21.15.80:6801/1332351980] conn(0x7f45e403cbc0 msgr2=0x7f45e403efb0 secure :-1 s=STATE_CONNECTION_ESTABLISHED l=1).mark_down
2024-04-25T01:57:02.493 INFO:teuthology.orchestra.run.smithi080.stdout:/usr/bin/ceph: stderr
2024-04-25T01:57:01.546+0000 7f45ffeb9700 1 --2- 172.21.15.80:0/4009709992 >> [v2:172.21.15.80:6800/1332351980,v1:172.21.15.80:6801/1332351980] conn(0x7f45e403cbc0 0x7f45e403efb0 secure :-1 s=READY pgs=2 cs=0 l=1 rev1=1 crypto rx=0x7f45e8003a10 tx=0x7f45e8009270 comp rx=0 tx=0).stop
2024-04-25T01:57:02.493 INFO:teuthology.orchestra.run.smithi080.stdout:/usr/bin/ceph: stderr
2024-04-25T01:57:01.546+0000 7f45ffeb9700 1 -- 172.21.15.80:0/4009709992 >> [v2:172.21.15.80:3300/0,v1:172.21.15.80:6789/0] conn(0x7f45f81086e0 msgr2=0x7f45f819be50 secure :-1 s=STATE_CONNECTION_ESTABLISHED l=1).mark_down
2024-04-25T01:57:02.493 INFO:teuthology.orchestra.run.smithi080.stdout:/usr/bin/ceph: stderr
2024-04-25T01:57:01.546+0000 7f45ffeb9700 1 --2- 172.21.15.80:0/4009709992 >> [v2:172.21.15.80:3300/0,v1:172.21.15.80:6789/0] conn(0x7f45f81086e0 0x7f45f819be50 secure :-1 s=READY pgs=62 cs=0 l=1 rev1=1 crypto rx=0x7f45f4006b20 tx=0x7f45f4011ad0 comp rx=0 tx=0).stop
2024-04-25T01:57:02.493 INFO:teuthology.orchestra.run.smithi080.stdout:/usr/bin/ceph: stderr
2024-04-25T01:57:01.546+0000 7f45ffeb9700 1 -- 172.21.15.80:0/4009709992 shutdown_connections
2024-04-25T01:57:02.493 INFO:teuthology.orchestra.run.smithi080.stdout:/usr/bin/ceph: stderr
2024-04-25T01:57:01.546+0000 7f45ffeb9700 1 --2- 172.21.15.80:0/4009709992 >> [v2:172.21.15.80:6800/1332351980,v1:172.21.15.80:6801/1332351980] conn(0x7f45e403cbc0 0x7f45e403efb0 unknown :-1 s=CLOSED pgs=2 cs=0 l=1 rev1=1 crypto rx=0 tx=0 comp rx=0 tx=0).stop
2024-04-25T01:57:02.493 INFO:teuthology.orchestra.run.smithi080.stdout:/usr/bin/ceph: stderr
2024-04-25T01:57:01.546+0000 7f45ffeb9700 1 --2- 172.21.15.80:0/4009709992 >> [v2:172.21.15.80:3300/0,v1:172.21.15.80:6789/0] conn(0x7f45f81086e0 0x7f45f819be50 unknown :-1 s=CLOSED pgs=62 cs=0 l=1 rev1=1 crypto rx=0 tx=0 comp rx=0 tx=0).stop
2024-04-25T01:57:02.493 INFO:teuthology.orchestra.run.smithi080.stdout:/usr/bin/ceph: stderr
2024-04-25T01:57:01.546+0000 7f45ffeb9700 1 --2- 172.21.15.80:0/4009709992 >> [v2:172.21.15.80:6800/3623038383,v1:172.21.15.80:6801/3623038383] conn(0x7f45e4039100 0x7f45e403b5c0 unknown :-1 s=CLOSED pgs=0 cs=0 l=1 rev1=0 crypto rx=0 tx=0 comp rx=0 tx=0).stop
2024-04-25T01:57:02.493 INFO:teuthology.orchestra.run.smithi080.stdout:/usr/bin/ceph: stderr
2024-04-25T01:57:01.546+0000 7f45ffeb9700 1 -- 172.21.15.80:0/4009709992 >> 172.21.15.80:0/4009709992 conn(0x7f45f81020f0 msgr2=0x7f45f8102ca0 unknown :-1 s=STATE_NONE l=0).mark_down
2024-04-25T01:57:02.493 INFO:teuthology.orchestra.run.smithi080.stdout:/usr/bin/ceph: stderr
2024-04-25T01:57:01.546+0000 7f45ffeb9700 1 -- 172.21.15.80:0/4009709992 shutdown_connections
2024-04-25T01:57:02.494 INFO:teuthology.orchestra.run.smithi080.stdout:/usr/bin/ceph: stderr
2024-04-25T01:57:01.546+0000 7f45ffeb9700 1 -- 172.21.15.80:0/4009709992 wait complete.
2024-04-25T01:57:02.494 INFO:teuthology.orchestra.run.smithi080.stdout:mgr epoch 9 is available
2024-04-25T01:57:02.494 INFO:teuthology.orchestra.run.smithi080.stdout:Generating a dashboard self-signed certificate...
2024-04-25T01:57:02.738 INFO:journalctl@ceph.mon.a.smithi080.stdout:Apr 25 01:57:02 smithi080 ceph-mon[29427]: [25/Apr/2024:01:57:00] ENGINE Bus STARTING
2024-04-25T01:57:02.739 INFO:journalctl@ceph.mon.a.smithi080.stdout:Apr 25 01:57:02 smithi080 ceph-mon[29427]: [25/Apr/2024:01:57:00] ENGINE Serving on http://172.21.15.80:8765
2024-04-25T01:57:02.739 INFO:journalctl@ceph.mon.a.smithi080.stdout:Apr 25 01:57:02 smithi080 ceph-mon[29427]: [25/Apr/2024:01:57:00] ENGINE Serving on https://172.21.15.80:7150
2024-04-25T01:57:02.739 INFO:journalctl@ceph.mon.a.smithi080.stdout:Apr 25 01:57:02 smithi080 ceph-mon[29427]: [25/Apr/2024:01:57:00] ENGINE Bus STARTED
2024-04-25T01:57:02.739 INFO:journalctl@ceph.mon.a.smithi080.stdout:Apr 25 01:57:02 smithi080 ceph-mon[29427]: from='client.14156 -' entity='client.admin' cmd=[{"prefix": "get_command_descriptions"}]: dispatch
2024-04-25T01:57:02.739 INFO:journalctl@ceph.mon.a.smithi080.stdout:Apr 25 01:57:02 smithi080 ceph-mon[29427]: mgrmap e11: x(active, since 1.00582s)
2024-04-25T01:57:02.739 INFO:journalctl@ceph.mon.a.smithi080.stdout:Apr 25 01:57:02 smithi080 ceph-mon[29427]: from='client.14156 -' entity='client.admin' cmd=[{"prefix": "mgr_status"}]: dispatch
2024-04-25T01:57:02.739 INFO:journalctl@ceph.mon.a.smithi080.stdout:Apr 25 01:57:02 smithi080 ceph-mon[29427]: from='mgr.14152 172.21.15.80:0/4193082740' entity='mgr.x'
2024-04-25T01:57:03.783 INFO:teuthology.orchestra.run.smithi080.stdout:/usr/bin/ceph: stdout Self-signed certificate created
2024-04-25T01:57:03.783 INFO:teuthology.orchestra.run.smithi080.stdout:/usr/bin/ceph: stderr
2024-04-25T01:57:02.936+0000 7ff3f5f50700 1 Processor -- start
2024-04-25T01:57:03.783 INFO:teuthology.orchestra.run.smithi080.stdout:/usr/bin/ceph: stderr
2024-04-25T01:57:02.936+0000 7ff3f5f50700 1 -- start start
2024-04-25T01:57:03.783 INFO:teuthology.orchestra.run.smithi080.stdout:/usr/bin/ceph: stderr
2024-04-25T01:57:02.936+0000 7ff3f5f50700 1 --2- >> [v2:172.21.15.80:3300/0,v1:172.21.15.80:6789/0] conn(0x7ff3f0106b00 0x7ff3f0106f20 unknown :-1 s=NONE pgs=0 cs=0 l=0 rev1=0 crypto rx=0 tx=0 comp rx=0 tx=0).connect
2024-04-25T01:57:03.783 INFO:teuthology.orchestra.run.smithi080.stdout:/usr/bin/ceph: stderr
2024-04-25T01:57:02.936+0000 7ff3f5f50700 1 -- --> [v2:172.21.15.80:3300/0,v1:172.21.15.80:6789/0] -- mon_getmap magic: 0 -- 0x7ff3f01074f0 con 0x7ff3f0106b00
2024-04-25T01:57:03.783 INFO:teuthology.orchestra.run.smithi080.stdout:/usr/bin/ceph: stderr
2024-04-25T01:57:02.937+0000 7ff3ef7fe700 1 --2- >> [v2:172.21.15.80:3300/0,v1:172.21.15.80:6789/0] conn(0x7ff3f0106b00 0x7ff3f0106f20 unknown :-1 s=BANNER_CONNECTING pgs=0 cs=0 l=0 rev1=0 crypto rx=0 tx=0 comp rx=0 tx=0)._handle_peer_banner_payload supported=3 required=0
2024-04-25T01:57:03.784 INFO:teuthology.orchestra.run.smithi080.stdout:/usr/bin/ceph: stderr
2024-04-25T01:57:02.937+0000 7ff3ef7fe700 1 --2- >> [v2:172.21.15.80:3300/0,v1:172.21.15.80:6789/0] conn(0x7ff3f0106b00 0x7ff3f0106f20 unknown :-1 s=HELLO_CONNECTING pgs=0 cs=0 l=0 rev1=1 crypto rx=0 tx=0 comp rx=0 tx=0).handle_hello peer v2:172.21.15.80:3300/0 says I am v2:172.21.15.80:60454/0 (socket says 172.21.15.80:60454)
2024-04-25T01:57:03.784 INFO:teuthology.orchestra.run.smithi080.stdout:/usr/bin/ceph: stderr
2024-04-25T01:57:02.937+0000 7ff3ef7fe700 1 -- 172.21.15.80:0/4181707518 learned_addr learned my addr 172.21.15.80:0/4181707518 (peer_addr_for_me v2:172.21.15.80:0/0)
2024-04-25T01:57:03.784 INFO:teuthology.orchestra.run.smithi080.stdout:/usr/bin/ceph: stderr
2024-04-25T01:57:02.937+0000 7ff3ef7fe700 1 -- 172.21.15.80:0/4181707518 --> [v2:172.21.15.80:3300/0,v1:172.21.15.80:6789/0] -- mon_subscribe({config=0+,monmap=0+}) -- 0x7ff3f0107d00 con 0x7ff3f0106b00
2024-04-25T01:57:03.784 INFO:teuthology.orchestra.run.smithi080.stdout:/usr/bin/ceph: stderr
2024-04-25T01:57:02.937+0000 7ff3ef7fe700 1 --2- 172.21.15.80:0/4181707518 >> [v2:172.21.15.80:3300/0,v1:172.21.15.80:6789/0] conn(0x7ff3f0106b00 0x7ff3f0106f20 secure :-1 s=READY pgs=70 cs=0 l=1 rev1=1 crypto rx=0x7ff3e00098a0 tx=0x7ff3e0009bb0 comp rx=0 tx=0).ready entity=mon.0 client_cookie=fc0023516a20beaf server_cookie=0 in_seq=0 out_seq=0
2024-04-25T01:57:03.784 INFO:teuthology.orchestra.run.smithi080.stdout:/usr/bin/ceph: stderr
2024-04-25T01:57:02.937+0000 7ff3ee7fc700 1 -- 172.21.15.80:0/4181707518 <== mon.0 v2:172.21.15.80:3300/0 1 ==== mon_map magic: 0 ==== 205+0+0 (secure 0 0 0) 0x7ff3e0004160 con 0x7ff3f0106b00
2024-04-25T01:57:03.784 INFO:teuthology.orchestra.run.smithi080.stdout:/usr/bin/ceph: stderr
2024-04-25T01:57:02.937+0000 7ff3ee7fc700 1 -- 172.21.15.80:0/4181707518 <== mon.0 v2:172.21.15.80:3300/0 2 ==== config(26 keys) ==== 1102+0+0 (secure 0 0 0) 0x7ff3e0004300 con 0x7ff3f0106b00
2024-04-25T01:57:03.784 INFO:teuthology.orchestra.run.smithi080.stdout:/usr/bin/ceph: stderr
2024-04-25T01:57:02.937+0000 7ff3ee7fc700 1 -- 172.21.15.80:0/4181707518 <== mon.0 v2:172.21.15.80:3300/0 3 ==== mon_map magic: 0 ==== 205+0+0 (secure 0 0 0) 0x7ff3e0011a50 con 0x7ff3f0106b00
2024-04-25T01:57:03.784 INFO:teuthology.orchestra.run.smithi080.stdout:/usr/bin/ceph: stderr
2024-04-25T01:57:02.938+0000 7ff3f5f50700 1 -- 172.21.15.80:0/4181707518 >> [v2:172.21.15.80:3300/0,v1:172.21.15.80:6789/0] conn(0x7ff3f0106b00 msgr2=0x7ff3f0106f20 secure :-1 s=STATE_CONNECTION_ESTABLISHED l=1).mark_down
2024-04-25T01:57:03.784 INFO:teuthology.orchestra.run.smithi080.stdout:/usr/bin/ceph: stderr
2024-04-25T01:57:02.938+0000 7ff3f5f50700 1 --2- 172.21.15.80:0/4181707518 >> [v2:172.21.15.80:3300/0,v1:172.21.15.80:6789/0] conn(0x7ff3f0106b00 0x7ff3f0106f20 secure :-1 s=READY pgs=70 cs=0 l=1 rev1=1 crypto rx=0x7ff3e00098a0 tx=0x7ff3e0009bb0 comp rx=0 tx=0).stop
2024-04-25T01:57:03.784 INFO:teuthology.orchestra.run.smithi080.stdout:/usr/bin/ceph: stderr
2024-04-25T01:57:02.938+0000 7ff3f5f50700 1 -- 172.21.15.80:0/4181707518 shutdown_connections
2024-04-25T01:57:03.784 INFO:teuthology.orchestra.run.smithi080.stdout:/usr/bin/ceph: stderr
2024-04-25T01:57:02.938+0000 7ff3f5f50700 1 --2- 172.21.15.80:0/4181707518 >> [v2:172.21.15.80:3300/0,v1:172.21.15.80:6789/0] conn(0x7ff3f0106b00 0x7ff3f0106f20 unknown :-1 s=CLOSED pgs=70 cs=0 l=1 rev1=1 crypto rx=0 tx=0 comp rx=0 tx=0).stop
2024-04-25T01:57:03.784 INFO:teuthology.orchestra.run.smithi080.stdout:/usr/bin/ceph: stderr
2024-04-25T01:57:02.938+0000 7ff3f5f50700 1 -- 172.21.15.80:0/4181707518 >> 172.21.15.80:0/4181707518 conn(0x7ff3f01020c0 msgr2=0x7ff3f01044e0 unknown :-1 s=STATE_NONE l=0).mark_down
2024-04-25T01:57:03.784 INFO:teuthology.orchestra.run.smithi080.stdout:/usr/bin/ceph: stderr
2024-04-25T01:57:02.938+0000 7ff3f5f50700 1 -- 172.21.15.80:0/4181707518 shutdown_connections
2024-04-25T01:57:03.785 INFO:teuthology.orchestra.run.smithi080.stdout:/usr/bin/ceph: stderr
2024-04-25T01:57:02.938+0000 7ff3f5f50700 1 -- 172.21.15.80:0/4181707518 wait complete.
2024-04-25T01:57:03.785 INFO:teuthology.orchestra.run.smithi080.stdout:/usr/bin/ceph: stderr
2024-04-25T01:57:02.939+0000 7ff3f5f50700 1 Processor -- start
2024-04-25T01:57:03.785 INFO:teuthology.orchestra.run.smithi080.stdout:/usr/bin/ceph: stderr
2024-04-25T01:57:02.939+0000 7ff3f5f50700 1 -- start start
2024-04-25T01:57:03.785 INFO:teuthology.orchestra.run.smithi080.stdout:/usr/bin/ceph: stderr
2024-04-25T01:57:02.939+0000 7ff3f5f50700 1 --2- >> [v2:172.21.15.80:3300/0,v1:172.21.15.80:6789/0] conn(0x7ff3f0106b00 0x7ff3f007ba00 unknown :-1 s=NONE pgs=0 cs=0 l=1 rev1=0 crypto rx=0 tx=0 comp rx=0 tx=0).connect
2024-04-25T01:57:03.785 INFO:teuthology.orchestra.run.smithi080.stdout:/usr/bin/ceph: stderr
2024-04-25T01:57:02.939+0000 7ff3f5f50700 1 -- --> [v2:172.21.15.80:3300/0,v1:172.21.15.80:6789/0] -- mon_getmap magic: 0 -- 0x7ff3f010b0b0 con 0x7ff3f0106b00
2024-04-25T01:57:03.785 INFO:teuthology.orchestra.run.smithi080.stdout:/usr/bin/ceph: stderr
2024-04-25T01:57:02.939+0000 7ff3ef7fe700 1 --2- >> [v2:172.21.15.80:3300/0,v1:172.21.15.80:6789/0] conn(0x7ff3f0106b00 0x7ff3f007ba00 unknown :-1 s=BANNER_CONNECTING pgs=0 cs=0 l=1 rev1=0 crypto rx=0 tx=0 comp rx=0 tx=0)._handle_peer_banner_payload supported=3 required=0
2024-04-25T01:57:03.785 INFO:teuthology.orchestra.run.smithi080.stdout:/usr/bin/ceph: stderr
2024-04-25T01:57:02.939+0000 7ff3ef7fe700 1 --2- >> [v2:172.21.15.80:3300/0,v1:172.21.15.80:6789/0] conn(0x7ff3f0106b00 0x7ff3f007ba00 unknown :-1 s=HELLO_CONNECTING pgs=0 cs=0 l=1 rev1=1 crypto rx=0 tx=0 comp rx=0 tx=0).handle_hello peer v2:172.21.15.80:3300/0 says I am v2:172.21.15.80:60470/0 (socket says 172.21.15.80:60470)
2024-04-25T01:57:03.785 INFO:teuthology.orchestra.run.smithi080.stdout:/usr/bin/ceph: stderr
2024-04-25T01:57:02.939+0000 7ff3ef7fe700 1 -- 172.21.15.80:0/374833512 learned_addr learned my addr 172.21.15.80:0/374833512 (peer_addr_for_me v2:172.21.15.80:0/0)
2024-04-25T01:57:03.785 INFO:teuthology.orchestra.run.smithi080.stdout:/usr/bin/ceph: stderr
2024-04-25T01:57:02.939+0000 7ff3ef7fe700 1 -- 172.21.15.80:0/374833512 --> [v2:172.21.15.80:3300/0,v1:172.21.15.80:6789/0] -- mon_subscribe({config=0+,monmap=0+}) -- 0x7ff3f019eb30 con 0x7ff3f0106b00
2024-04-25T01:57:03.785 INFO:teuthology.orchestra.run.smithi080.stdout:/usr/bin/ceph: stderr
2024-04-25T01:57:02.939+0000 7ff3ef7fe700 1 --2- 172.21.15.80:0/374833512 >> [v2:172.21.15.80:3300/0,v1:172.21.15.80:6789/0] conn(0x7ff3f0106b00 0x7ff3f007ba00 secure :-1 s=READY pgs=71 cs=0 l=1 rev1=1 crypto rx=0x7ff3e0006b20 tx=0x7ff3e0011ad0 comp rx=0 tx=0).ready entity=mon.0 client_cookie=0 server_cookie=0 in_seq=0 out_seq=0
2024-04-25T01:57:03.785 INFO:teuthology.orchestra.run.smithi080.stdout:/usr/bin/ceph: stderr
2024-04-25T01:57:02.940+0000 7ff3ecff9700 1 -- 172.21.15.80:0/374833512 <== mon.0 v2:172.21.15.80:3300/0 1 ==== mon_map magic: 0 ==== 205+0+0 (secure 0 0 0) 0x7ff3e00039e0 con 0x7ff3f0106b00
2024-04-25T01:57:03.785 INFO:teuthology.orchestra.run.smithi080.stdout:/usr/bin/ceph: stderr
2024-04-25T01:57:02.940+0000 7ff3ecff9700 1 -- 172.21.15.80:0/374833512 <== mon.0 v2:172.21.15.80:3300/0 2 ==== config(26 keys) ==== 1102+0+0 (secure 0 0 0) 0x7ff3e001a8e0 con 0x7ff3f0106b00
2024-04-25T01:57:03.785 INFO:teuthology.orchestra.run.smithi080.stdout:/usr/bin/ceph: stderr
2024-04-25T01:57:02.940+0000 7ff3f5f50700 1 -- 172.21.15.80:0/374833512 --> [v2:172.21.15.80:3300/0,v1:172.21.15.80:6789/0] -- mon_subscribe({mgrmap=0+}) -- 0x7ff3f019ed00 con 0x7ff3f0106b00
2024-04-25T01:57:03.785 INFO:teuthology.orchestra.run.smithi080.stdout:/usr/bin/ceph: stderr
2024-04-25T01:57:02.940+0000 7ff3ecff9700 1 -- 172.21.15.80:0/374833512 <== mon.0 v2:172.21.15.80:3300/0 3 ==== mon_map magic: 0 ==== 205+0+0 (secure 0 0 0) 0x7ff3e00247e0 con 0x7ff3f0106b00
2024-04-25T01:57:03.786 INFO:teuthology.orchestra.run.smithi080.stdout:/usr/bin/ceph: stderr
2024-04-25T01:57:02.940+0000 7ff3f5f50700 1 -- 172.21.15.80:0/374833512 --> [v2:172.21.15.80:3300/0,v1:172.21.15.80:6789/0] -- mon_subscribe({osdmap=0}) -- 0x7ff3f019f120 con 0x7ff3f0106b00
2024-04-25T01:57:03.786 INFO:teuthology.orchestra.run.smithi080.stdout:/usr/bin/ceph: stderr
2024-04-25T01:57:02.940+0000 7ff3ecff9700 1 -- 172.21.15.80:0/374833512 <== mon.0 v2:172.21.15.80:3300/0 4 ==== mgrmap(e 11) ==== 46194+0+0 (secure 0 0 0) 0x7ff3e0022020 con 0x7ff3f0106b00
2024-04-25T01:57:03.786 INFO:teuthology.orchestra.run.smithi080.stdout:/usr/bin/ceph: stderr
2024-04-25T01:57:02.941+0000 7ff3ecff9700 1 --2- 172.21.15.80:0/374833512 >> [v2:172.21.15.80:6800/1332351980,v1:172.21.15.80:6801/1332351980] conn(0x7ff3d8038f80 0x7ff3d803b440 unknown :-1 s=NONE pgs=0 cs=0 l=1 rev1=0 crypto rx=0 tx=0 comp rx=0 tx=0).connect
2024-04-25T01:57:03.786 INFO:teuthology.orchestra.run.smithi080.stdout:/usr/bin/ceph: stderr
2024-04-25T01:57:02.941+0000 7ff3ecff9700 1 -- 172.21.15.80:0/374833512 <== mon.0 v2:172.21.15.80:3300/0 5 ==== osd_map(3..3 src has 1..3) ==== 1155+0+0 (secure 0 0 0) 0x7ff3e004e2a0 con 0x7ff3f0106b00
2024-04-25T01:57:03.786 INFO:teuthology.orchestra.run.smithi080.stdout:/usr/bin/ceph: stderr
2024-04-25T01:57:02.941+0000 7ff3eeffd700 1 --2- 172.21.15.80:0/374833512 >> [v2:172.21.15.80:6800/1332351980,v1:172.21.15.80:6801/1332351980] conn(0x7ff3d8038f80 0x7ff3d803b440 unknown :-1 s=BANNER_CONNECTING pgs=0 cs=0 l=1 rev1=0 crypto rx=0 tx=0 comp rx=0 tx=0)._handle_peer_banner_payload supported=3 required=0
2024-04-25T01:57:03.786 INFO:teuthology.orchestra.run.smithi080.stdout:/usr/bin/ceph: stderr
2024-04-25T01:57:02.941+0000 7ff3f5f50700 1 -- 172.21.15.80:0/374833512 --> [v2:172.21.15.80:3300/0,v1:172.21.15.80:6789/0] -- mon_command({"prefix": "get_command_descriptions"} v 0) -- 0x7ff3f0063890 con 0x7ff3f0106b00
2024-04-25T01:57:03.786 INFO:teuthology.orchestra.run.smithi080.stdout:/usr/bin/ceph: stderr
2024-04-25T01:57:02.941+0000 7ff3eeffd700 1 --2- 172.21.15.80:0/374833512 >> [v2:172.21.15.80:6800/1332351980,v1:172.21.15.80:6801/1332351980] conn(0x7ff3d8038f80 0x7ff3d803b440 secure :-1 s=READY pgs=7 cs=0 l=1 rev1=1 crypto rx=0x7ff3e4006fd0 tx=0x7ff3e4006e40 comp rx=0 tx=0).ready entity=mgr.14152 client_cookie=0 server_cookie=0 in_seq=0 out_seq=0
2024-04-25T01:57:03.786 INFO:teuthology.orchestra.run.smithi080.stdout:/usr/bin/ceph: stderr
2024-04-25T01:57:02.946+0000 7ff3ecff9700 1 -- 172.21.15.80:0/374833512 <== mon.0 v2:172.21.15.80:3300/0 6 ==== mon_command_ack([{"prefix": "get_command_descriptions"}]=0 v0) ==== 72+0+186147 (secure 0 0 0) 0x7ff3e000e260 con 0x7ff3f0106b00
2024-04-25T01:57:03.786 INFO:teuthology.orchestra.run.smithi080.stdout:/usr/bin/ceph: stderr
2024-04-25T01:57:03.142+0000 7ff3ecff9700 1 -- 172.21.15.80:0/374833512 <== mon.0 v2:172.21.15.80:3300/0 7 ==== mgrmap(e 12) ==== 46300+0+0 (secure 0 0 0) 0x7ff3e00193c0 con 0x7ff3f0106b00
