2024-04-25T01:56:41.969+0000 7fdc7c820700 1 -- 172.21.15.80:0/4272437715 <== mon.0 v2:172.21.15.80:3300/0 3 ==== mon_map magic: 0 ==== 205+0+0 (secure 0 0 0) 0x7fdc680196a0 con 0x7fdc781080d0
2024-04-25T01:56:46.889 INFO:teuthology.orchestra.run.smithi080.stdout:/usr/bin/ceph: stderr
2024-04-25T01:56:41.969+0000 7fdc7d822700 1 -- 172.21.15.80:0/4272437715 --> [v2:172.21.15.80:3300/0,v1:172.21.15.80:6789/0] -- mon_subscribe({osdmap=0}) -- 0x7fdc781a1480 con 0x7fdc781080d0
2024-04-25T01:56:46.889 INFO:teuthology.orchestra.run.smithi080.stdout:/usr/bin/ceph: stderr
2024-04-25T01:56:41.969+0000 7fdc7c820700 1 -- 172.21.15.80:0/4272437715 <== mon.0 v2:172.21.15.80:3300/0 4 ==== mgrmap(e 8) ==== 46287+0+0 (secure 0 0 0) 0x7fdc680199a0 con 0x7fdc781080d0
2024-04-25T01:56:46.889 INFO:teuthology.orchestra.run.smithi080.stdout:/usr/bin/ceph: stderr
2024-04-25T01:56:41.970+0000 7fdc7c820700 1 --2- 172.21.15.80:0/4272437715 >> [v2:172.21.15.80:6800/3623038383,v1:172.21.15.80:6801/3623038383] conn(0x7fdc60039000 0x7fdc6003b4c0 unknown :-1 s=NONE pgs=0 cs=0 l=1 rev1=0 crypto rx=0 tx=0 comp rx=0 tx=0).connect
2024-04-25T01:56:46.889 INFO:teuthology.orchestra.run.smithi080.stdout:/usr/bin/ceph: stderr
2024-04-25T01:56:41.970+0000 7fdc7d822700 1 -- 172.21.15.80:0/4272437715 --> [v2:172.21.15.80:3300/0,v1:172.21.15.80:6789/0] -- mon_command({"prefix": "get_command_descriptions"} v 0) -- 0x7fdc78063890 con 0x7fdc781080d0
2024-04-25T01:56:46.889 INFO:teuthology.orchestra.run.smithi080.stdout:/usr/bin/ceph: stderr
2024-04-25T01:56:41.970+0000 7fdc7c820700 1 -- 172.21.15.80:0/4272437715 <== mon.0 v2:172.21.15.80:3300/0 5 ==== osd_map(2..2 src has 1..2) ==== 940+0+0 (secure 0 0 0) 0x7fdc6804d410 con 0x7fdc781080d0
2024-04-25T01:56:46.889 INFO:teuthology.orchestra.run.smithi080.stdout:/usr/bin/ceph: stderr
2024-04-25T01:56:41.970+0000 7fdc767fc700 1 --2- 172.21.15.80:0/4272437715 >> [v2:172.21.15.80:6800/3623038383,v1:172.21.15.80:6801/3623038383] conn(0x7fdc60039000 0x7fdc6003b4c0 unknown :-1 s=BANNER_CONNECTING pgs=0 cs=0 l=1 rev1=0 crypto rx=0 tx=0 comp rx=0 tx=0)._handle_peer_banner_payload supported=3 required=0
2024-04-25T01:56:46.889 INFO:teuthology.orchestra.run.smithi080.stdout:/usr/bin/ceph: stderr
2024-04-25T01:56:41.970+0000 7fdc767fc700 1 --2- 172.21.15.80:0/4272437715 >> [v2:172.21.15.80:6800/3623038383,v1:172.21.15.80:6801/3623038383] conn(0x7fdc60039000 0x7fdc6003b4c0 secure :-1 s=READY pgs=11 cs=0 l=1 rev1=1 crypto rx=0x7fdc6c006fd0 tx=0x7fdc6c006e40 comp rx=0 tx=0).ready entity=mgr.14120 client_cookie=0 server_cookie=0 in_seq=0 out_seq=0
2024-04-25T01:56:46.889 INFO:teuthology.orchestra.run.smithi080.stdout:/usr/bin/ceph: stderr
2024-04-25T01:56:41.975+0000 7fdc7c820700 1 -- 172.21.15.80:0/4272437715 <== mon.0 v2:172.21.15.80:3300/0 6 ==== mon_command_ack([{"prefix": "get_command_descriptions"}]=0 v0) ==== 72+0+186147 (secure 0 0 0) 0x7fdc6800fdd0 con 0x7fdc781080d0
2024-04-25T01:56:46.889 INFO:teuthology.orchestra.run.smithi080.stdout:/usr/bin/ceph: stderr
2024-04-25T01:56:42.175+0000 7fdc7d822700 1 -- 172.21.15.80:0/4272437715 --> [v2:172.21.15.80:6800/3623038383,v1:172.21.15.80:6801/3623038383] -- mgr_command(tid 0: {"prefix": "orch host add", "hostname": "smithi080", "addr": "172.21.15.80", "target": ["mon-mgr", ""]}) -- 0x7fdc78062670 con 0x7fdc60039000
2024-04-25T01:56:46.890 INFO:teuthology.orchestra.run.smithi080.stdout:/usr/bin/ceph: stderr
2024-04-25T01:56:46.302+0000 7fdc7c820700 1 -- 172.21.15.80:0/4272437715 <== mgr.14120 v2:172.21.15.80:6800/3623038383 1 ==== mgr_command_reply(tid 0: 0 ) ==== 8+0+48 (secure 0 0 0) 0x7fdc78062670 con 0x7fdc60039000
2024-04-25T01:56:46.890 INFO:teuthology.orchestra.run.smithi080.stdout:/usr/bin/ceph: stderr
2024-04-25T01:56:46.304+0000 7fdc7d822700 1 -- 172.21.15.80:0/4272437715 >> [v2:172.21.15.80:6800/3623038383,v1:172.21.15.80:6801/3623038383] conn(0x7fdc60039000 msgr2=0x7fdc6003b4c0 secure :-1 s=STATE_CONNECTION_ESTABLISHED l=1).mark_down
2024-04-25T01:56:46.890 INFO:teuthology.orchestra.run.smithi080.stdout:/usr/bin/ceph: stderr
2024-04-25T01:56:46.304+0000 7fdc7d822700 1 --2- 172.21.15.80:0/4272437715 >> [v2:172.21.15.80:6800/3623038383,v1:172.21.15.80:6801/3623038383] conn(0x7fdc60039000 0x7fdc6003b4c0 secure :-1 s=READY pgs=11 cs=0 l=1 rev1=1 crypto rx=0x7fdc6c006fd0 tx=0x7fdc6c006e40 comp rx=0 tx=0).stop
2024-04-25T01:56:46.890 INFO:teuthology.orchestra.run.smithi080.stdout:/usr/bin/ceph: stderr
2024-04-25T01:56:46.304+0000 7fdc7d822700 1 -- 172.21.15.80:0/4272437715 >> [v2:172.21.15.80:3300/0,v1:172.21.15.80:6789/0] conn(0x7fdc781080d0 msgr2=0x7fdc7819dfc0 secure :-1 s=STATE_CONNECTION_ESTABLISHED l=1).mark_down
2024-04-25T01:56:46.890 INFO:teuthology.orchestra.run.smithi080.stdout:/usr/bin/ceph: stderr
2024-04-25T01:56:46.304+0000 7fdc7d822700 1 --2- 172.21.15.80:0/4272437715 >> [v2:172.21.15.80:3300/0,v1:172.21.15.80:6789/0] conn(0x7fdc781080d0 0x7fdc7819dfc0 secure :-1 s=READY pgs=46 cs=0 l=1 rev1=1 crypto rx=0x7fdc68006af0 tx=0x7fdc68011c40 comp rx=0 tx=0).stop
2024-04-25T01:56:46.890 INFO:teuthology.orchestra.run.smithi080.stdout:/usr/bin/ceph: stderr
2024-04-25T01:56:46.304+0000 7fdc7d822700 1 -- 172.21.15.80:0/4272437715 shutdown_connections
2024-04-25T01:56:46.890 INFO:teuthology.orchestra.run.smithi080.stdout:/usr/bin/ceph: stderr
2024-04-25T01:56:46.304+0000 7fdc7d822700 1 --2- 172.21.15.80:0/4272437715 >> [v2:172.21.15.80:6800/3623038383,v1:172.21.15.80:6801/3623038383] conn(0x7fdc60039000 0x7fdc6003b4c0 unknown :-1 s=CLOSED pgs=11 cs=0 l=1 rev1=1 crypto rx=0 tx=0 comp rx=0 tx=0).stop
2024-04-25T01:56:46.890 INFO:teuthology.orchestra.run.smithi080.stdout:/usr/bin/ceph: stderr
2024-04-25T01:56:46.304+0000 7fdc7d822700 1 --2- 172.21.15.80:0/4272437715 >> [v2:172.21.15.80:3300/0,v1:172.21.15.80:6789/0] conn(0x7fdc781080d0 0x7fdc7819dfc0 unknown :-1 s=CLOSED pgs=46 cs=0 l=1 rev1=1 crypto rx=0 tx=0 comp rx=0 tx=0).stop
2024-04-25T01:56:46.890 INFO:teuthology.orchestra.run.smithi080.stdout:/usr/bin/ceph: stderr
2024-04-25T01:56:46.304+0000 7fdc7d822700 1 -- 172.21.15.80:0/4272437715 >> 172.21.15.80:0/4272437715 conn(0x7fdc78101860 msgr2=0x7fdc78194600 unknown :-1 s=STATE_NONE l=0).mark_down
2024-04-25T01:56:46.890 INFO:teuthology.orchestra.run.smithi080.stdout:/usr/bin/ceph: stderr
2024-04-25T01:56:46.304+0000 7fdc7d822700 1 -- 172.21.15.80:0/4272437715 shutdown_connections
2024-04-25T01:56:46.890 INFO:teuthology.orchestra.run.smithi080.stdout:/usr/bin/ceph: stderr
2024-04-25T01:56:46.304+0000 7fdc7d822700 1 -- 172.21.15.80:0/4272437715 wait complete.
2024-04-25T01:56:46.890 INFO:teuthology.orchestra.run.smithi080.stdout:Deploying unmanaged mon service...
2024-04-25T01:56:47.407 INFO:journalctl@ceph.mon.a.smithi080.stdout:Apr 25 01:56:47 smithi080 ceph-mon[29427]: from='mgr.14120 172.21.15.80:0/2363603176' entity='mgr.x'
2024-04-25T01:56:47.408 INFO:journalctl@ceph.mon.a.smithi080.stdout:Apr 25 01:56:47 smithi080 ceph-mon[29427]: Added host smithi080
2024-04-25T01:56:47.408 INFO:journalctl@ceph.mon.a.smithi080.stdout:Apr 25 01:56:47 smithi080 ceph-mon[29427]: from='mgr.14120 172.21.15.80:0/2363603176' entity='mgr.x' cmd=[{"prefix": "config dump", "format": "json"}]: dispatch
2024-04-25T01:56:48.204 INFO:teuthology.orchestra.run.smithi080.stdout:/usr/bin/ceph: stdout Scheduled mon update...
2024-04-25T01:56:48.204 INFO:teuthology.orchestra.run.smithi080.stdout:/usr/bin/ceph: stderr
2024-04-25T01:56:47.357+0000 7f90d312c700 1 Processor -- start
2024-04-25T01:56:48.204 INFO:teuthology.orchestra.run.smithi080.stdout:/usr/bin/ceph: stderr
2024-04-25T01:56:47.357+0000 7f90d312c700 1 -- start start
2024-04-25T01:56:48.204 INFO:teuthology.orchestra.run.smithi080.stdout:/usr/bin/ceph: stderr
2024-04-25T01:56:47.357+0000 7f90d312c700 1 --2- >> [v2:172.21.15.80:3300/0,v1:172.21.15.80:6789/0] conn(0x7f90cc1086d0 0x7f90cc10aac0 unknown :-1 s=NONE pgs=0 cs=0 l=0 rev1=0 crypto rx=0 tx=0 comp rx=0 tx=0).connect
2024-04-25T01:56:48.204 INFO:teuthology.orchestra.run.smithi080.stdout:/usr/bin/ceph: stderr
2024-04-25T01:56:47.357+0000 7f90d312c700 1 -- --> [v2:172.21.15.80:3300/0,v1:172.21.15.80:6789/0] -- mon_getmap magic: 0 -- 0x7f90cc07bde0 con 0x7f90cc1086d0
2024-04-25T01:56:48.204 INFO:teuthology.orchestra.run.smithi080.stdout:/usr/bin/ceph: stderr
2024-04-25T01:56:47.357+0000 7f90d0ec8700 1 --2- >> [v2:172.21.15.80:3300/0,v1:172.21.15.80:6789/0] conn(0x7f90cc1086d0 0x7f90cc10aac0 unknown :-1 s=BANNER_CONNECTING pgs=0 cs=0 l=0 rev1=0 crypto rx=0 tx=0 comp rx=0 tx=0)._handle_peer_banner_payload supported=3 required=0
2024-04-25T01:56:48.204 INFO:teuthology.orchestra.run.smithi080.stdout:/usr/bin/ceph: stderr
2024-04-25T01:56:47.357+0000 7f90d0ec8700 1 --2- >> [v2:172.21.15.80:3300/0,v1:172.21.15.80:6789/0] conn(0x7f90cc1086d0 0x7f90cc10aac0 unknown :-1 s=HELLO_CONNECTING pgs=0 cs=0 l=0 rev1=1 crypto rx=0 tx=0 comp rx=0 tx=0).handle_hello peer v2:172.21.15.80:3300/0 says I am v2:172.21.15.80:43138/0 (socket says 172.21.15.80:43138)
2024-04-25T01:56:48.204 INFO:teuthology.orchestra.run.smithi080.stdout:/usr/bin/ceph: stderr
2024-04-25T01:56:47.357+0000 7f90d0ec8700 1 -- 172.21.15.80:0/3821690390 learned_addr learned my addr 172.21.15.80:0/3821690390 (peer_addr_for_me v2:172.21.15.80:0/0)
2024-04-25T01:56:48.204 INFO:teuthology.orchestra.run.smithi080.stdout:/usr/bin/ceph: stderr
2024-04-25T01:56:47.358+0000 7f90d0ec8700 1 -- 172.21.15.80:0/3821690390 --> [v2:172.21.15.80:3300/0,v1:172.21.15.80:6789/0] -- mon_subscribe({config=0+,monmap=0+}) -- 0x7f90cc10b000 con 0x7f90cc1086d0
2024-04-25T01:56:48.204 INFO:teuthology.orchestra.run.smithi080.stdout:/usr/bin/ceph: stderr
2024-04-25T01:56:47.358+0000 7f90d0ec8700 1 --2- 172.21.15.80:0/3821690390 >> [v2:172.21.15.80:3300/0,v1:172.21.15.80:6789/0] conn(0x7f90cc1086d0 0x7f90cc10aac0 secure :-1 s=READY pgs=47 cs=0 l=1 rev1=1 crypto rx=0x7f90c00098a0 tx=0x7f90c0009bb0 comp rx=0 tx=0).ready entity=mon.0 client_cookie=ae8ccdcc0205a134 server_cookie=0 in_seq=0 out_seq=0
2024-04-25T01:56:48.205 INFO:teuthology.orchestra.run.smithi080.stdout:/usr/bin/ceph: stderr
2024-04-25T01:56:47.358+0000 7f90cb7fe700 1 -- 172.21.15.80:0/3821690390 <== mon.0 v2:172.21.15.80:3300/0 1 ==== mon_map magic: 0 ==== 205+0+0 (secure 0 0 0) 0x7f90c0004160 con 0x7f90cc1086d0
2024-04-25T01:56:48.205 INFO:teuthology.orchestra.run.smithi080.stdout:/usr/bin/ceph: stderr
2024-04-25T01:56:47.358+0000 7f90cb7fe700 1 -- 172.21.15.80:0/3821690390 <== mon.0 v2:172.21.15.80:3300/0 2 ==== config(26 keys) ==== 1071+0+0 (secure 0 0 0) 0x7f90c0004300 con 0x7f90cc1086d0
2024-04-25T01:56:48.205 INFO:teuthology.orchestra.run.smithi080.stdout:/usr/bin/ceph: stderr
2024-04-25T01:56:47.358+0000 7f90cb7fe700 1 -- 172.21.15.80:0/3821690390 <== mon.0 v2:172.21.15.80:3300/0 3 ==== mon_map magic: 0 ==== 205+0+0 (secure 0 0 0) 0x7f90c0011a80 con 0x7f90cc1086d0
2024-04-25T01:56:48.205 INFO:teuthology.orchestra.run.smithi080.stdout:/usr/bin/ceph: stderr
2024-04-25T01:56:47.358+0000 7f90d312c700 1 -- 172.21.15.80:0/3821690390 >> [v2:172.21.15.80:3300/0,v1:172.21.15.80:6789/0] conn(0x7f90cc1086d0 msgr2=0x7f90cc10aac0 secure :-1 s=STATE_CONNECTION_ESTABLISHED l=1).mark_down
2024-04-25T01:56:48.205 INFO:teuthology.orchestra.run.smithi080.stdout:/usr/bin/ceph: stderr
2024-04-25T01:56:47.358+0000 7f90d312c700 1 --2- 172.21.15.80:0/3821690390 >> [v2:172.21.15.80:3300/0,v1:172.21.15.80:6789/0] conn(0x7f90cc1086d0 0x7f90cc10aac0 secure :-1 s=READY pgs=47 cs=0 l=1 rev1=1 crypto rx=0x7f90c00098a0 tx=0x7f90c0009bb0 comp rx=0 tx=0).stop
2024-04-25T01:56:48.205 INFO:teuthology.orchestra.run.smithi080.stdout:/usr/bin/ceph: stderr
2024-04-25T01:56:47.358+0000 7f90d312c700 1 -- 172.21.15.80:0/3821690390 shutdown_connections
2024-04-25T01:56:48.205 INFO:teuthology.orchestra.run.smithi080.stdout:/usr/bin/ceph: stderr
2024-04-25T01:56:47.358+0000 7f90d312c700 1 --2- 172.21.15.80:0/3821690390 >> [v2:172.21.15.80:3300/0,v1:172.21.15.80:6789/0] conn(0x7f90cc1086d0 0x7f90cc10aac0 unknown :-1 s=CLOSED pgs=47 cs=0 l=1 rev1=1 crypto rx=0 tx=0 comp rx=0 tx=0).stop
2024-04-25T01:56:48.205 INFO:teuthology.orchestra.run.smithi080.stdout:/usr/bin/ceph: stderr
2024-04-25T01:56:47.358+0000 7f90d312c700 1 -- 172.21.15.80:0/3821690390 >> 172.21.15.80:0/3821690390 conn(0x7f90cc1020c0 msgr2=0x7f90cc1044e0 unknown :-1 s=STATE_NONE l=0).mark_down
2024-04-25T01:56:48.205 INFO:teuthology.orchestra.run.smithi080.stdout:/usr/bin/ceph: stderr
2024-04-25T01:56:47.359+0000 7f90d312c700 1 -- 172.21.15.80:0/3821690390 shutdown_connections
2024-04-25T01:56:48.205 INFO:teuthology.orchestra.run.smithi080.stdout:/usr/bin/ceph: stderr
2024-04-25T01:56:47.359+0000 7f90d312c700 1 -- 172.21.15.80:0/3821690390 wait complete.
2024-04-25T01:56:48.205 INFO:teuthology.orchestra.run.smithi080.stdout:/usr/bin/ceph: stderr
2024-04-25T01:56:47.359+0000 7f90d312c700 1 Processor -- start
2024-04-25T01:56:48.206 INFO:teuthology.orchestra.run.smithi080.stdout:/usr/bin/ceph: stderr
2024-04-25T01:56:47.359+0000 7f90d312c700 1 -- start start
2024-04-25T01:56:48.206 INFO:teuthology.orchestra.run.smithi080.stdout:/usr/bin/ceph: stderr
2024-04-25T01:56:47.359+0000 7f90d312c700 1 --2- >> [v2:172.21.15.80:3300/0,v1:172.21.15.80:6789/0] conn(0x7f90cc1086d0 0x7f90cc19bea0 unknown :-1 s=NONE pgs=0 cs=0 l=1 rev1=0 crypto rx=0 tx=0 comp rx=0 tx=0).connect
2024-04-25T01:56:48.206 INFO:teuthology.orchestra.run.smithi080.stdout:/usr/bin/ceph: stderr
2024-04-25T01:56:47.359+0000 7f90d312c700 1 -- --> [v2:172.21.15.80:3300/0,v1:172.21.15.80:6789/0] -- mon_getmap magic: 0 -- 0x7f90cc10bf70 con 0x7f90cc1086d0
2024-04-25T01:56:48.206 INFO:teuthology.orchestra.run.smithi080.stdout:/usr/bin/ceph: stderr
2024-04-25T01:56:47.359+0000 7f90d0ec8700 1 --2- >> [v2:172.21.15.80:3300/0,v1:172.21.15.80:6789/0] conn(0x7f90cc1086d0 0x7f90cc19bea0 unknown :-1 s=BANNER_CONNECTING pgs=0 cs=0 l=1 rev1=0 crypto rx=0 tx=0 comp rx=0 tx=0)._handle_peer_banner_payload supported=3 required=0
2024-04-25T01:56:48.206 INFO:teuthology.orchestra.run.smithi080.stdout:/usr/bin/ceph: stderr
2024-04-25T01:56:47.359+0000 7f90d0ec8700 1 --2- >> [v2:172.21.15.80:3300/0,v1:172.21.15.80:6789/0] conn(0x7f90cc1086d0 0x7f90cc19bea0 unknown :-1 s=HELLO_CONNECTING pgs=0 cs=0 l=1 rev1=1 crypto rx=0 tx=0 comp rx=0 tx=0).handle_hello peer v2:172.21.15.80:3300/0 says I am v2:172.21.15.80:43152/0 (socket says 172.21.15.80:43152)
2024-04-25T01:56:48.206 INFO:teuthology.orchestra.run.smithi080.stdout:/usr/bin/ceph: stderr
2024-04-25T01:56:47.359+0000 7f90d0ec8700 1 -- 172.21.15.80:0/330612942 learned_addr learned my addr 172.21.15.80:0/330612942 (peer_addr_for_me v2:172.21.15.80:0/0)
2024-04-25T01:56:48.206 INFO:teuthology.orchestra.run.smithi080.stdout:/usr/bin/ceph: stderr
2024-04-25T01:56:47.360+0000 7f90d0ec8700 1 -- 172.21.15.80:0/330612942 --> [v2:172.21.15.80:3300/0,v1:172.21.15.80:6789/0] -- mon_subscribe({config=0+,monmap=0+}) -- 0x7f90cc19c3e0 con 0x7f90cc1086d0
2024-04-25T01:56:48.206 INFO:teuthology.orchestra.run.smithi080.stdout:/usr/bin/ceph: stderr
2024-04-25T01:56:47.360+0000 7f90d0ec8700 1 --2- 172.21.15.80:0/330612942 >> [v2:172.21.15.80:3300/0,v1:172.21.15.80:6789/0] conn(0x7f90cc1086d0 0x7f90cc19bea0 secure :-1 s=READY pgs=48 cs=0 l=1 rev1=1 crypto rx=0x7f90c0006af0 tx=0x7f90c0011b70 comp rx=0 tx=0).ready entity=mon.0 client_cookie=0 server_cookie=0 in_seq=0 out_seq=0
2024-04-25T01:56:48.206 INFO:teuthology.orchestra.run.smithi080.stdout:/usr/bin/ceph: stderr
2024-04-25T01:56:47.360+0000 7f90c9ffb700 1 -- 172.21.15.80:0/330612942 <== mon.0 v2:172.21.15.80:3300/0 1 ==== mon_map magic: 0 ==== 205+0+0 (secure 0 0 0) 0x7f90c0003930 con 0x7f90cc1086d0
2024-04-25T01:56:48.206 INFO:teuthology.orchestra.run.smithi080.stdout:/usr/bin/ceph: stderr
2024-04-25T01:56:47.360+0000 7f90c9ffb700 1 -- 172.21.15.80:0/330612942 <== mon.0 v2:172.21.15.80:3300/0 2 ==== config(26 keys) ==== 1071+0+0 (secure 0 0 0) 0x7f90c0003ad0 con 0x7f90cc1086d0
2024-04-25T01:56:48.206 INFO:teuthology.orchestra.run.smithi080.stdout:/usr/bin/ceph: stderr
2024-04-25T01:56:47.360+0000 7f90c9ffb700 1 -- 172.21.15.80:0/330612942 <== mon.0 v2:172.21.15.80:3300/0 3 ==== mon_map magic: 0 ==== 205+0+0 (secure 0 0 0) 0x7f90c00195e0 con 0x7f90cc1086d0
2024-04-25T01:56:48.206 INFO:teuthology.orchestra.run.smithi080.stdout:/usr/bin/ceph: stderr
2024-04-25T01:56:47.360+0000 7f90d312c700 1 -- 172.21.15.80:0/330612942 --> [v2:172.21.15.80:3300/0,v1:172.21.15.80:6789/0] -- mon_subscribe({mgrmap=0+}) -- 0x7f90cc19c670 con 0x7f90cc1086d0
2024-04-25T01:56:48.206 INFO:teuthology.orchestra.run.smithi080.stdout:/usr/bin/ceph: stderr
2024-04-25T01:56:47.360+0000 7f90d312c700 1 -- 172.21.15.80:0/330612942 --> [v2:172.21.15.80:3300/0,v1:172.21.15.80:6789/0] -- mon_subscribe({osdmap=0}) -- 0x7f90cc19f360 con 0x7f90cc1086d0
2024-04-25T01:56:48.207 INFO:teuthology.orchestra.run.smithi080.stdout:/usr/bin/ceph: stderr
2024-04-25T01:56:47.361+0000 7f90c9ffb700 1 -- 172.21.15.80:0/330612942 <== mon.0 v2:172.21.15.80:3300/0 4 ==== mgrmap(e 8) ==== 46287+0+0 (secure 0 0 0) 0x7f90c00198e0 con 0x7f90cc1086d0
2024-04-25T01:56:48.207 INFO:teuthology.orchestra.run.smithi080.stdout:/usr/bin/ceph: stderr
2024-04-25T01:56:47.361+0000 7f90d312c700 1 -- 172.21.15.80:0/330612942 --> [v2:172.21.15.80:3300/0,v1:172.21.15.80:6789/0] -- mon_command({"prefix": "get_command_descriptions"} v 0) -- 0x7f90cc063890 con 0x7f90cc1086d0
2024-04-25T01:56:48.207 INFO:teuthology.orchestra.run.smithi080.stdout:/usr/bin/ceph: stderr
2024-04-25T01:56:47.361+0000 7f90c9ffb700 1 --2- 172.21.15.80:0/330612942 >> [v2:172.21.15.80:6800/3623038383,v1:172.21.15.80:6801/3623038383] conn(0x7f90bc039000 0x7f90bc03b4c0 unknown :-1 s=NONE pgs=0 cs=0 l=1 rev1=0 crypto rx=0 tx=0 comp rx=0 tx=0).connect
2024-04-25T01:56:48.207 INFO:teuthology.orchestra.run.smithi080.stdout:/usr/bin/ceph: stderr
2024-04-25T01:56:47.361+0000 7f90c9ffb700 1 -- 172.21.15.80:0/330612942 <== mon.0 v2:172.21.15.80:3300/0 5 ==== osd_map(2..2 src has 1..2) ==== 940+0+0 (secure 0 0 0) 0x7f90c004d5c0 con 0x7f90cc1086d0
2024-04-25T01:56:48.207 INFO:teuthology.orchestra.run.smithi080.stdout:/usr/bin/ceph: stderr
2024-04-25T01:56:47.361+0000 7f90cbfff700 1 --2- 172.21.15.80:0/330612942 >> [v2:172.21.15.80:6800/3623038383,v1:172.21.15.80:6801/3623038383] conn(0x7f90bc039000 0x7f90bc03b4c0 unknown :-1 s=BANNER_CONNECTING pgs=0 cs=0 l=1 rev1=0 crypto rx=0 tx=0 comp rx=0 tx=0)._handle_peer_banner_payload supported=3 required=0
2024-04-25T01:56:48.207 INFO:teuthology.orchestra.run.smithi080.stdout:/usr/bin/ceph: stderr
2024-04-25T01:56:47.362+0000 7f90cbfff700 1 --2- 172.21.15.80:0/330612942 >> [v2:172.21.15.80:6800/3623038383,v1:172.21.15.80:6801/3623038383] conn(0x7f90bc039000 0x7f90bc03b4c0 secure :-1 s=READY pgs=12 cs=0 l=1 rev1=1 crypto rx=0x7f90b8006fd0 tx=0x7f90b8006e40 comp rx=0 tx=0).ready entity=mgr.14120 client_cookie=0 server_cookie=0 in_seq=0 out_seq=0
2024-04-25T01:56:48.207 INFO:teuthology.orchestra.run.smithi080.stdout:/usr/bin/ceph: stderr
2024-04-25T01:56:47.366+0000 7f90c9ffb700 1 -- 172.21.15.80:0/330612942 <== mon.0 v2:172.21.15.80:3300/0 6 ==== mon_command_ack([{"prefix": "get_command_descriptions"}]=0 v0) ==== 72+0+186147 (secure 0 0 0) 0x7f90c0023e00 con 0x7f90cc1086d0
2024-04-25T01:56:48.207 INFO:teuthology.orchestra.run.smithi080.stdout:/usr/bin/ceph: stderr
2024-04-25T01:56:47.586+0000 7f90d312c700 1 -- 172.21.15.80:0/330612942 --> [v2:172.21.15.80:6800/3623038383,v1:172.21.15.80:6801/3623038383] -- mgr_command(tid 0: {"prefix": "orch apply", "service_type": "mon", "unmanaged": true, "target": ["mon-mgr", ""]}) -- 0x7f90cc02dba0 con 0x7f90bc039000
2024-04-25T01:56:48.207 INFO:teuthology.orchestra.run.smithi080.stdout:/usr/bin/ceph: stderr
2024-04-25T01:56:47.591+0000 7f90c9ffb700 1 -- 172.21.15.80:0/330612942 <== mgr.14120 v2:172.21.15.80:6800/3623038383 1 ==== mgr_command_reply(tid 0: 0 ) ==== 8+0+24 (secure 0 0 0) 0x7f90cc02dba0 con 0x7f90bc039000
2024-04-25T01:56:48.207 INFO:teuthology.orchestra.run.smithi080.stdout:/usr/bin/ceph: stderr
2024-04-25T01:56:47.593+0000 7f90d312c700 1 -- 172.21.15.80:0/330612942 >> [v2:172.21.15.80:6800/3623038383,v1:172.21.15.80:6801/3623038383] conn(0x7f90bc039000 msgr2=0x7f90bc03b4c0 secure :-1 s=STATE_CONNECTION_ESTABLISHED l=1).mark_down
2024-04-25T01:56:48.207 INFO:teuthology.orchestra.run.smithi080.stdout:/usr/bin/ceph: stderr
2024-04-25T01:56:47.593+0000 7f90d312c700 1 --2- 172.21.15.80:0/330612942 >> [v2:172.21.15.80:6800/3623038383,v1:172.21.15.80:6801/3623038383] conn(0x7f90bc039000 0x7f90bc03b4c0 secure :-1 s=READY pgs=12 cs=0 l=1 rev1=1 crypto rx=0x7f90b8006fd0 tx=0x7f90b8006e40 comp rx=0 tx=0).stop
2024-04-25T01:56:48.207 INFO:teuthology.orchestra.run.smithi080.stdout:/usr/bin/ceph: stderr
2024-04-25T01:56:47.593+0000 7f90d312c700 1 -- 172.21.15.80:0/330612942 >> [v2:172.21.15.80:3300/0,v1:172.21.15.80:6789/0] conn(0x7f90cc1086d0 msgr2=0x7f90cc19bea0 secure :-1 s=STATE_CONNECTION_ESTABLISHED l=1).mark_down
2024-04-25T01:56:48.207 INFO:teuthology.orchestra.run.smithi080.stdout:/usr/bin/ceph: stderr
2024-04-25T01:56:47.593+0000 7f90d312c700 1 --2- 172.21.15.80:0/330612942 >> [v2:172.21.15.80:3300/0,v1:172.21.15.80:6789/0] conn(0x7f90cc1086d0 0x7f90cc19bea0 secure :-1 s=READY pgs=48 cs=0 l=1 rev1=1 crypto rx=0x7f90c0006af0 tx=0x7f90c0011b70 comp rx=0 tx=0).stop
2024-04-25T01:56:48.207 INFO:teuthology.orchestra.run.smithi080.stdout:/usr/bin/ceph: stderr
2024-04-25T01:56:47.593+0000 7f90d312c700 1 -- 172.21.15.80:0/330612942 shutdown_connections
2024-04-25T01:56:48.208 INFO:teuthology.orchestra.run.smithi080.stdout:/usr/bin/ceph: stderr
2024-04-25T01:56:47.593+0000 7f90d312c700 1 --2- 172.21.15.80:0/330612942 >> [v2:172.21.15.80:6800/3623038383,v1:172.21.15.80:6801/3623038383] conn(0x7f90bc039000 0x7f90bc03b4c0 unknown :-1 s=CLOSED pgs=12 cs=0 l=1 rev1=1 crypto rx=0 tx=0 comp rx=0 tx=0).stop
2024-04-25T01:56:48.208 INFO:teuthology.orchestra.run.smithi080.stdout:/usr/bin/ceph: stderr
2024-04-25T01:56:47.593+0000 7f90d312c700 1 --2- 172.21.15.80:0/330612942 >> [v2:172.21.15.80:3300/0,v1:172.21.15.80:6789/0] conn(0x7f90cc1086d0 0x7f90cc19bea0 unknown :-1 s=CLOSED pgs=48 cs=0 l=1 rev1=1 crypto rx=0 tx=0 comp rx=0 tx=0).stop
2024-04-25T01:56:48.208 INFO:teuthology.orchestra.run.smithi080.stdout:/usr/bin/ceph: stderr
2024-04-25T01:56:47.593+0000 7f90d312c700 1 -- 172.21.15.80:0/330612942 >> 172.21.15.80:0/330612942 conn(0x7f90cc1020c0 msgr2=0x7f90cc102e80 unknown :-1 s=STATE_NONE l=0).mark_down
2024-04-25T01:56:48.208 INFO:teuthology.orchestra.run.smithi080.stdout:/usr/bin/ceph: stderr
2024-04-25T01:56:47.593+0000 7f90d312c700 1 -- 172.21.15.80:0/330612942 shutdown_connections
2024-04-25T01:56:48.208 INFO:teuthology.orchestra.run.smithi080.stdout:/usr/bin/ceph: stderr
2024-04-25T01:56:47.593+0000 7f90d312c700 1 -- 172.21.15.80:0/330612942 wait complete.
2024-04-25T01:56:48.208 INFO:teuthology.orchestra.run.smithi080.stdout:Deploying unmanaged mgr service...
2024-04-25T01:56:48.785 INFO:journalctl@ceph.mon.a.smithi080.stdout:Apr 25 01:56:48 smithi080 ceph-mon[29427]: from='client.14142 -' entity='client.admin' cmd=[{"prefix": "orch apply", "service_type": "mon", "unmanaged": true, "target": ["mon-mgr", ""]}]: dispatch
2024-04-25T01:56:48.785 INFO:journalctl@ceph.mon.a.smithi080.stdout:Apr 25 01:56:48 smithi080 ceph-mon[29427]: Saving service mon spec with placement count:5
2024-04-25T01:56:48.785 INFO:journalctl@ceph.mon.a.smithi080.stdout:Apr 25 01:56:48 smithi080 ceph-mon[29427]: from='mgr.14120 172.21.15.80:0/2363603176' entity='mgr.x'
2024-04-25T01:56:49.579 INFO:teuthology.orchestra.run.smithi080.stdout:/usr/bin/ceph: stdout Scheduled mgr update...
2024-04-25T01:56:49.579 INFO:teuthology.orchestra.run.smithi080.stdout:/usr/bin/ceph: stderr
2024-04-25T01:56:48.596+0000 7fe0e2822700 1 Processor -- start
2024-04-25T01:56:49.579 INFO:teuthology.orchestra.run.smithi080.stdout:/usr/bin/ceph: stderr
2024-04-25T01:56:48.596+0000 7fe0e2822700 1 -- start start
2024-04-25T01:56:49.579 INFO:teuthology.orchestra.run.smithi080.stdout:/usr/bin/ceph: stderr
2024-04-25T01:56:48.597+0000 7fe0e2822700 1 --2- >> [v2:172.21.15.80:3300/0,v1:172.21.15.80:6789/0] conn(0x7fe0dc106b00 0x7fe0dc106f20 unknown :-1 s=NONE pgs=0 cs=0 l=0 rev1=0 crypto rx=0 tx=0 comp rx=0 tx=0).connect
2024-04-25T01:56:49.579 INFO:teuthology.orchestra.run.smithi080.stdout:/usr/bin/ceph: stderr
2024-04-25T01:56:48.597+0000 7fe0e2822700 1 -- --> [v2:172.21.15.80:3300/0,v1:172.21.15.80:6789/0] -- mon_getmap magic: 0 -- 0x7fe0dc1074f0 con 0x7fe0dc106b00
2024-04-25T01:56:49.579 INFO:teuthology.orchestra.run.smithi080.stdout:/usr/bin/ceph: stderr
2024-04-25T01:56:48.597+0000 7fe0dbfff700 1 --2- >> [v2:172.21.15.80:3300/0,v1:172.21.15.80:6789/0] conn(0x7fe0dc106b00 0x7fe0dc106f20 unknown :-1 s=BANNER_CONNECTING pgs=0 cs=0 l=0 rev1=0 crypto rx=0 tx=0 comp rx=0 tx=0)._handle_peer_banner_payload supported=3 required=0
2024-04-25T01:56:49.579 INFO:teuthology.orchestra.run.smithi080.stdout:/usr/bin/ceph: stderr
2024-04-25T01:56:48.597+0000 7fe0dbfff700 1 --2- >> [v2:172.21.15.80:3300/0,v1:172.21.15.80:6789/0] conn(0x7fe0dc106b00 0x7fe0dc106f20 unknown :-1 s=HELLO_CONNECTING pgs=0 cs=0 l=0 rev1=1 crypto rx=0 tx=0 comp rx=0 tx=0).handle_hello peer v2:172.21.15.80:3300/0 says I am v2:172.21.15.80:45120/0 (socket says 172.21.15.80:45120)
2024-04-25T01:56:49.579 INFO:teuthology.orchestra.run.smithi080.stdout:/usr/bin/ceph: stderr
2024-04-25T01:56:48.597+0000 7fe0dbfff700 1 -- 172.21.15.80:0/3950851780 learned_addr learned my addr 172.21.15.80:0/3950851780 (peer_addr_for_me v2:172.21.15.80:0/0)
2024-04-25T01:56:49.579 INFO:teuthology.orchestra.run.smithi080.stdout:/usr/bin/ceph: stderr
2024-04-25T01:56:48.597+0000 7fe0dbfff700 1 -- 172.21.15.80:0/3950851780 --> [v2:172.21.15.80:3300/0,v1:172.21.15.80:6789/0] -- mon_subscribe({config=0+,monmap=0+}) -- 0x7fe0dc107d00 con 0x7fe0dc106b00
2024-04-25T01:56:49.579 INFO:teuthology.orchestra.run.smithi080.stdout:/usr/bin/ceph: stderr
2024-04-25T01:56:48.597+0000 7fe0dbfff700 1 --2- 172.21.15.80:0/3950851780 >> [v2:172.21.15.80:3300/0,v1:172.21.15.80:6789/0] conn(0x7fe0dc106b00 0x7fe0dc106f20 secure :-1 s=READY pgs=49 cs=0 l=1 rev1=1 crypto rx=0x7fe0cc00bb40 tx=0x7fe0cc00be50 comp rx=0 tx=0).ready entity=mon.0 client_cookie=63874f4d02b30198 server_cookie=0 in_seq=0 out_seq=0
2024-04-25T01:56:49.580 INFO:teuthology.orchestra.run.smithi080.stdout:/usr/bin/ceph: stderr
2024-04-25T01:56:48.597+0000 7fe0daffd700 1 -- 172.21.15.80:0/3950851780 <== mon.0 v2:172.21.15.80:3300/0 1 ==== mon_map magic: 0 ==== 205+0+0 (secure 0 0 0) 0x7fe0cc00dbe0 con 0x7fe0dc106b00
2024-04-25T01:56:49.580 INFO:teuthology.orchestra.run.smithi080.stdout:/usr/bin/ceph: stderr
2024-04-25T01:56:48.597+0000 7fe0daffd700 1 -- 172.21.15.80:0/3950851780 <== mon.0 v2:172.21.15.80:3300/0 2 ==== config(26 keys) ==== 1071+0+0 (secure 0 0 0) 0x7fe0cc0044c0 con 0x7fe0dc106b00
2024-04-25T01:56:49.580 INFO:teuthology.orchestra.run.smithi080.stdout:/usr/bin/ceph: stderr
2024-04-25T01:56:48.597+0000 7fe0daffd700 1 -- 172.21.15.80:0/3950851780 <== mon.0 v2:172.21.15.80:3300/0 3 ==== mon_map magic: 0 ==== 205+0+0 (secure 0 0 0) 0x7fe0cc010470 con 0x7fe0dc106b00
2024-04-25T01:56:49.580 INFO:teuthology.orchestra.run.smithi080.stdout:/usr/bin/ceph: stderr
2024-04-25T01:56:48.598+0000 7fe0e2822700 1 -- 172.21.15.80:0/3950851780 >> [v2:172.21.15.80:3300/0,v1:172.21.15.80:6789/0] conn(0x7fe0dc106b00 msgr2=0x7fe0dc106f20 secure :-1 s=STATE_CONNECTION_ESTABLISHED l=1).mark_down
2024-04-25T01:56:49.580 INFO:teuthology.orchestra.run.smithi080.stdout:/usr/bin/ceph: stderr
2024-04-25T01:56:48.598+0000 7fe0e2822700 1 --2- 172.21.15.80:0/3950851780 >> [v2:172.21.15.80:3300/0,v1:172.21.15.80:6789/0] conn(0x7fe0dc106b00 0x7fe0dc106f20 secure :-1 s=READY pgs=49 cs=0 l=1 rev1=1 crypto rx=0x7fe0cc00bb40 tx=0x7fe0cc00be50 comp rx=0 tx=0).stop
2024-04-25T01:56:49.580 INFO:teuthology.orchestra.run.smithi080.stdout:/usr/bin/ceph: stderr
2024-04-25T01:56:48.598+0000 7fe0e2822700 1 -- 172.21.15.80:0/3950851780 shutdown_connections
2024-04-25T01:56:49.580 INFO:teuthology.orchestra.run.smithi080.stdout:/usr/bin/ceph: stderr
2024-04-25T01:56:48.598+0000 7fe0e2822700 1 --2- 172.21.15.80:0/3950851780 >> [v2:172.21.15.80:3300/0,v1:172.21.15.80:6789/0] conn(0x7fe0dc106b00 0x7fe0dc106f20 unknown :-1 s=CLOSED pgs=49 cs=0 l=1 rev1=1 crypto rx=0 tx=0 comp rx=0 tx=0).stop
2024-04-25T01:56:49.580 INFO:teuthology.orchestra.run.smithi080.stdout:/usr/bin/ceph: stderr
2024-04-25T01:56:48.598+0000 7fe0e2822700 1 -- 172.21.15.80:0/3950851780 >> 172.21.15.80:0/3950851780 conn(0x7fe0dc1020c0 msgr2=0x7fe0dc1044e0 unknown :-1 s=STATE_NONE l=0).mark_down
2024-04-25T01:56:49.580 INFO:teuthology.orchestra.run.smithi080.stdout:/usr/bin/ceph: stderr
2024-04-25T01:56:48.598+0000 7fe0e2822700 1 -- 172.21.15.80:0/3950851780 shutdown_connections
2024-04-25T01:56:49.580 INFO:teuthology.orchestra.run.smithi080.stdout:/usr/bin/ceph: stderr
2024-04-25T01:56:48.598+0000 7fe0e2822700 1 -- 172.21.15.80:0/3950851780 wait complete.
2024-04-25T01:56:49.580 INFO:teuthology.orchestra.run.smithi080.stdout:/usr/bin/ceph: stderr
2024-04-25T01:56:48.598+0000 7fe0e2822700 1 Processor -- start
2024-04-25T01:56:49.580 INFO:teuthology.orchestra.run.smithi080.stdout:/usr/bin/ceph: stderr
2024-04-25T01:56:48.599+0000 7fe0e2822700 1 -- start start
2024-04-25T01:56:49.580 INFO:teuthology.orchestra.run.smithi080.stdout:/usr/bin/ceph: stderr
2024-04-25T01:56:48.599+0000 7fe0e2822700 1 --2- >> [v2:172.21.15.80:3300/0,v1:172.21.15.80:6789/0] conn(0x7fe0dc106b00 0x7fe0dc19e080 unknown :-1 s=NONE pgs=0 cs=0 l=1 rev1=0 crypto rx=0 tx=0 comp rx=0 tx=0).connect
2024-04-25T01:56:49.581 INFO:teuthology.orchestra.run.smithi080.stdout:/usr/bin/ceph: stderr
2024-04-25T01:56:48.599+0000 7fe0e2822700 1 -- --> [v2:172.21.15.80:3300/0,v1:172.21.15.80:6789/0] -- mon_getmap magic: 0 -- 0x7fe0dc07af60 con 0x7fe0dc106b00
2024-04-25T01:56:49.581 INFO:teuthology.orchestra.run.smithi080.stdout:/usr/bin/ceph: stderr
2024-04-25T01:56:48.599+0000 7fe0dbfff700 1 --2- >> [v2:172.21.15.80:3300/0,v1:172.21.15.80:6789/0] conn(0x7fe0dc106b00 0x7fe0dc19e080 unknown :-1 s=BANNER_CONNECTING pgs=0 cs=0 l=1 rev1=0 crypto rx=0 tx=0 comp rx=0 tx=0)._handle_peer_banner_payload supported=3 required=0
2024-04-25T01:56:49.581 INFO:teuthology.orchestra.run.smithi080.stdout:/usr/bin/ceph: stderr
2024-04-25T01:56:48.599+0000 7fe0dbfff700 1 --2- >> [v2:172.21.15.80:3300/0,v1:172.21.15.80:6789/0] conn(0x7fe0dc106b00 0x7fe0dc19e080 unknown :-1 s=HELLO_CONNECTING pgs=0 cs=0 l=1 rev1=1 crypto rx=0 tx=0 comp rx=0 tx=0).handle_hello peer v2:172.21.15.80:3300/0 says I am v2:172.21.15.80:45128/0 (socket says 172.21.15.80:45128)
2024-04-25T01:56:49.581 INFO:teuthology.orchestra.run.smithi080.stdout:/usr/bin/ceph: stderr
2024-04-25T01:56:48.599+0000 7fe0dbfff700 1 -- 172.21.15.80:0/1943267772 learned_addr learned my addr 172.21.15.80:0/1943267772 (peer_addr_for_me v2:172.21.15.80:0/0)
2024-04-25T01:56:49.581 INFO:teuthology.orchestra.run.smithi080.stdout:/usr/bin/ceph: stderr
2024-04-25T01:56:48.599+0000 7fe0dbfff700 1 -- 172.21.15.80:0/1943267772 --> [v2:172.21.15.80:3300/0,v1:172.21.15.80:6789/0] -- mon_subscribe({config=0+,monmap=0+}) -- 0x7fe0dc19e5c0 con 0x7fe0dc106b00
2024-04-25T01:56:49.581 INFO:teuthology.orchestra.run.smithi080.stdout:/usr/bin/ceph: stderr
2024-04-25T01:56:48.599+0000 7fe0dbfff700 1 --2- 172.21.15.80:0/1943267772 >> [v2:172.21.15.80:3300/0,v1:172.21.15.80:6789/0] conn(0x7fe0dc106b00 0x7fe0dc19e080 secure :-1 s=READY pgs=50 cs=0 l=1 rev1=1 crypto rx=0x7fe0cc00d650 tx=0x7fe0cc003fe0 comp rx=0 tx=0).ready entity=mon.0 client_cookie=0 server_cookie=0 in_seq=0 out_seq=0
2024-04-25T01:56:49.581 INFO:teuthology.orchestra.run.smithi080.stdout:/usr/bin/ceph: stderr
2024-04-25T01:56:48.599+0000 7fe0d97fa700 1 -- 172.21.15.80:0/1943267772 <== mon.0 v2:172.21.15.80:3300/0 1 ==== mon_map magic: 0 ==== 205+0+0 (secure 0 0 0) 0x7fe0cc00de20 con 0x7fe0dc106b00
2024-04-25T01:56:49.581 INFO:teuthology.orchestra.run.smithi080.stdout:/usr/bin/ceph: stderr
2024-04-25T01:56:48.599+0000 7fe0d97fa700 1 -- 172.21.15.80:0/1943267772 <== mon.0 v2:172.21.15.80:3300/0 2 ==== config(26 keys) ==== 1071+0+0 (secure 0 0 0) 0x7fe0cc01d070 con 0x7fe0dc106b00
2024-04-25T01:56:49.581 INFO:teuthology.orchestra.run.smithi080.stdout:/usr/bin/ceph: stderr
2024-04-25T01:56:48.599+0000 7fe0e2822700 1 -- 172.21.15.80:0/1943267772 --> [v2:172.21.15.80:3300/0,v1:172.21.15.80:6789/0] -- mon_subscribe({mgrmap=0+}) -- 0x7fe0dc19e850 con 0x7fe0dc106b00
2024-04-25T01:56:49.581 INFO:teuthology.orchestra.run.smithi080.stdout:/usr/bin/ceph: stderr
2024-04-25T01:56:48.600+0000 7fe0d97fa700 1 -- 172.21.15.80:0/1943267772 <== mon.0 v2:172.21.15.80:3300/0 3 ==== mon_map magic: 0 ==== 205+0+0 (secure 0 0 0) 0x7fe0cc019bd0 con 0x7fe0dc106b00
2024-04-25T01:56:49.581 INFO:teuthology.orchestra.run.smithi080.stdout:/usr/bin/ceph: stderr
2024-04-25T01:56:48.600+0000 7fe0e2822700 1 -- 172.21.15.80:0/1943267772 --> [v2:172.21.15.80:3300/0,v1:172.21.15.80:6789/0] -- mon_subscribe({osdmap=0}) -- 0x7fe0dc1a1540 con 0x7fe0dc106b00
2024-04-25T01:56:49.581 INFO:teuthology.orchestra.run.smithi080.stdout:/usr/bin/ceph: stderr
2024-04-25T01:56:48.600+0000 7fe0d97fa700 1 -- 172.21.15.80:0/1943267772 <== mon.0 v2:172.21.15.80:3300/0 4 ==== mgrmap(e 8) ==== 46287+0+0 (secure 0 0 0) 0x7fe0cc028060 con 0x7fe0dc106b00
2024-04-25T01:56:49.581 INFO:teuthology.orchestra.run.smithi080.stdout:/usr/bin/ceph: stderr
2024-04-25T01:56:48.600+0000 7fe0d97fa700 1 --2- 172.21.15.80:0/1943267772 >> [v2:172.21.15.80:6800/3623038383,v1:172.21.15.80:6801/3623038383] conn(0x7fe0c40391a0 0x7fe0c403b660 unknown :-1 s=NONE pgs=0 cs=0 l=1 rev1=0 crypto rx=0 tx=0 comp rx=0 tx=0).connect
2024-04-25T01:56:49.581 INFO:teuthology.orchestra.run.smithi080.stdout:/usr/bin/ceph: stderr
2024-04-25T01:56:48.601+0000 7fe0d97fa700 1 -- 172.21.15.80:0/1943267772 <== mon.0 v2:172.21.15.80:3300/0 5 ==== osd_map(2..2 src has 1..2) ==== 940+0+0 (secure 0 0 0) 0x7fe0cc04d270 con 0x7fe0dc106b00
2024-04-25T01:56:49.581 INFO:teuthology.orchestra.run.smithi080.stdout:/usr/bin/ceph: stderr
2024-04-25T01:56:48.601+0000 7fe0db7fe700 1 --2- 172.21.15.80:0/1943267772 >> [v2:172.21.15.80:6800/3623038383,v1:172.21.15.80:6801/3623038383] conn(0x7fe0c40391a0 0x7fe0c403b660 unknown :-1 s=BANNER_CONNECTING pgs=0 cs=0 l=1 rev1=0 crypto rx=0 tx=0 comp rx=0 tx=0)._handle_peer_banner_payload supported=3 required=0
2024-04-25T01:56:49.582 INFO:teuthology.orchestra.run.smithi080.stdout:/usr/bin/ceph: stderr
2024-04-25T01:56:48.601+0000 7fe0e2822700 1 -- 172.21.15.80:0/1943267772 --> [v2:172.21.15.80:3300/0,v1:172.21.15.80:6789/0] -- mon_command({"prefix": "get_command_descriptions"} v 0) -- 0x7fe0dc063890 con 0x7fe0dc106b00
2024-04-25T01:56:49.582 INFO:teuthology.orchestra.run.smithi080.stdout:/usr/bin/ceph: stderr
2024-04-25T01:56:48.601+0000 7fe0db7fe700 1 --2- 172.21.15.80:0/1943267772 >> [v2:172.21.15.80:6800/3623038383,v1:172.21.15.80:6801/3623038383] conn(0x7fe0c40391a0 0x7fe0c403b660 secure :-1 s=READY pgs=13 cs=0 l=1 rev1=1 crypto rx=0x7fe0d0006fd0 tx=0x7fe0d0006e40 comp rx=0 tx=0).ready entity=mgr.14120 client_cookie=0 server_cookie=0 in_seq=0 out_seq=0
2024-04-25T01:56:49.582 INFO:teuthology.orchestra.run.smithi080.stdout:/usr/bin/ceph: stderr
2024-04-25T01:56:48.606+0000 7fe0d97fa700 1 -- 172.21.15.80:0/1943267772 <== mon.0 v2:172.21.15.80:3300/0 6 ==== mon_command_ack([{"prefix": "get_command_descriptions"}]=0 v0) ==== 72+0+186147 (secure 0 0 0) 0x7fe0cc015070 con 0x7fe0dc106b00
2024-04-25T01:56:49.582 INFO:teuthology.orchestra.run.smithi080.stdout:/usr/bin/ceph: stderr
2024-04-25T01:56:48.823+0000 7fe0e2822700 1 -- 172.21.15.80:0/1943267772 --> [v2:172.21.15.80:6800/3623038383,v1:172.21.15.80:6801/3623038383] -- mgr_command(tid 0: {"prefix": "orch apply", "service_type": "mgr", "unmanaged": true, "target": ["mon-mgr", ""]}) -- 0x7fe0dc02dc40 con 0x7fe0c40391a0
2024-04-25T01:56:49.582 INFO:teuthology.orchestra.run.smithi080.stdout:/usr/bin/ceph: stderr
2024-04-25T01:56:48.830+0000 7fe0d97fa700 1 -- 172.21.15.80:0/1943267772 <== mgr.14120 v2:172.21.15.80:6800/3623038383 1 ==== mgr_command_reply(tid 0: 0 ) ==== 8+0+24 (secure 0 0 0) 0x7fe0dc02dc40 con 0x7fe0c40391a0
2024-04-25T01:56:49.582 INFO:teuthology.orchestra.run.smithi080.stdout:/usr/bin/ceph: stderr
2024-04-25T01:56:48.832+0000 7fe0e2822700 1 -- 172.21.15.80:0/1943267772 >> [v2:172.21.15.80:6800/3623038383,v1:172.21.15.80:6801/3623038383] conn(0x7fe0c40391a0 msgr2=0x7fe0c403b660 secure :-1 s=STATE_CONNECTION_ESTABLISHED l=1).mark_down
2024-04-25T01:56:49.582 INFO:teuthology.orchestra.run.smithi080.stdout:/usr/bin/ceph: stderr
2024-04-25T01:56:48.832+0000 7fe0e2822700 1 --2- 172.21.15.80:0/1943267772 >> [v2:172.21.15.80:6800/3623038383,v1:172.21.15.80:6801/3623038383] conn(0x7fe0c40391a0 0x7fe0c403b660 secure :-1 s=READY pgs=13 cs=0 l=1 rev1=1 crypto rx=0x7fe0d0006fd0 tx=0x7fe0d0006e40 comp rx=0 tx=0).stop
2024-04-25T01:56:49.582 INFO:teuthology.orchestra.run.smithi080.stdout:/usr/bin/ceph: stderr
2024-04-25T01:56:48.832+0000 7fe0e2822700 1 -- 172.21.15.80:0/1943267772 >> [v2:172.21.15.80:3300/0,v1:172.21.15.80:6789/0] conn(0x7fe0dc106b00 msgr2=0x7fe0dc19e080 secure :-1 s=STATE_CONNECTION_ESTABLISHED l=1).mark_down
2024-04-25T01:56:49.582 INFO:teuthology.orchestra.run.smithi080.stdout:/usr/bin/ceph: stderr
2024-04-25T01:56:48.832+0000 7fe0e2822700 1 --2- 172.21.15.80:0/1943267772 >> [v2:172.21.15.80:3300/0,v1:172.21.15.80:6789/0] conn(0x7fe0dc106b00 0x7fe0dc19e080 secure :-1 s=READY pgs=50 cs=0 l=1 rev1=1 crypto rx=0x7fe0cc00d650 tx=0x7fe0cc003fe0 comp rx=0 tx=0).stop
2024-04-25T01:56:49.582 INFO:teuthology.orchestra.run.smithi080.stdout:/usr/bin/ceph: stderr
2024-04-25T01:56:48.833+0000 7fe0e2822700 1 -- 172.21.15.80:0/1943267772 shutdown_connections
2024-04-25T01:56:49.582 INFO:teuthology.orchestra.run.smithi080.stdout:/usr/bin/ceph: stderr
2024-04-25T01:56:48.833+0000 7fe0e2822700 1 --2- 172.21.15.80:0/1943267772 >> [v2:172.21.15.80:6800/3623038383,v1:172.21.15.80:6801/3623038383] conn(0x7fe0c40391a0 0x7fe0c403b660 unknown :-1 s=CLOSED pgs=13 cs=0 l=1 rev1=1 crypto rx=0 tx=0 comp rx=0 tx=0).stop
2024-04-25T01:56:49.582 INFO:teuthology.orchestra.run.smithi080.stdout:/usr/bin/ceph: stderr
2024-04-25T01:56:48.833+0000 7fe0e2822700 1 --2- 172.21.15.80:0/1943267772 >> [v2:172.21.15.80:3300/0,v1:172.21.15.80:6789/0] conn(0x7fe0dc106b00 0x7fe0dc19e080 unknown :-1 s=CLOSED pgs=50 cs=0 l=1 rev1=1 crypto rx=0 tx=0 comp rx=0 tx=0).stop
2024-04-25T01:56:49.582 INFO:teuthology.orchestra.run.smithi080.stdout:/usr/bin/ceph: stderr
2024-04-25T01:56:48.833+0000 7fe0e2822700 1 -- 172.21.15.80:0/1943267772 >> 172.21.15.80:0/1943267772 conn(0x7fe0dc1020c0 msgr2=0x7fe0dc1948e0 unknown :-1 s=STATE_NONE l=0).mark_down
2024-04-25T01:56:49.583 INFO:teuthology.orchestra.run.smithi080.stdout:/usr/bin/ceph: stderr
2024-04-25T01:56:48.833+0000 7fe0e2822700 1 -- 172.21.15.80:0/1943267772 shutdown_connections
2024-04-25T01:56:49.583 INFO:teuthology.orchestra.run.smithi080.stdout:/usr/bin/ceph: stderr
2024-04-25T01:56:48.833+0000 7fe0e2822700 1 -- 172.21.15.80:0/1943267772 wait complete.
2024-04-25T01:56:50.131 INFO:journalctl@ceph.mon.a.smithi080.stdout:Apr 25 01:56:49 smithi080 ceph-mon[29427]: from='client.14144 -' entity='client.admin' cmd=[{"prefix": "orch apply", "service_type": "mgr", "unmanaged": true, "target": ["mon-mgr", ""]}]: dispatch
2024-04-25T01:56:50.162 INFO:journalctl@ceph.mon.a.smithi080.stdout:Apr 25 01:56:49 smithi080 ceph-mon[29427]: Saving service mgr spec with placement count:2
2024-04-25T01:56:50.162 INFO:journalctl@ceph.mon.a.smithi080.stdout:Apr 25 01:56:49 smithi080 ceph-mon[29427]: from='mgr.14120 172.21.15.80:0/2363603176' entity='mgr.x'
2024-04-25T01:56:51.121 INFO:teuthology.orchestra.run.smithi080.stdout:/usr/bin/ceph: stderr
2024-04-25T01:56:49.922+0000 7f9fb1d77700 1 Processor -- start
2024-04-25T01:56:51.121 INFO:teuthology.orchestra.run.smithi080.stdout:/usr/bin/ceph: stderr
2024-04-25T01:56:49.922+0000 7f9fb1d77700 1 -- start start
2024-04-25T01:56:51.121 INFO:teuthology.orchestra.run.smithi080.stdout:/usr/bin/ceph: stderr
2024-04-25T01:56:49.922+0000 7f9fb1d77700 1 --2- >> [v2:172.21.15.80:3300/0,v1:172.21.15.80:6789/0] conn(0x7f9fac107bd0 0x7f9fac107ff0 unknown :-1 s=NONE pgs=0 cs=0 l=0 rev1=0 crypto rx=0 tx=0 comp rx=0 tx=0).connect
2024-04-25T01:56:51.122 INFO:teuthology.orchestra.run.smithi080.stdout:/usr/bin/ceph: stderr
2024-04-25T01:56:49.922+0000 7f9fb1d77700 1 -- --> [v2:172.21.15.80:3300/0,v1:172.21.15.80:6789/0] -- mon_getmap magic: 0 -- 0x7f9fac1085c0 con 0x7f9fac107bd0
2024-04-25T01:56:51.122 INFO:teuthology.orchestra.run.smithi080.stdout:/usr/bin/ceph: stderr
2024-04-25T01:56:49.923+0000 7f9fab7fe700 1 --2- >> [v2:172.21.15.80:3300/0,v1:172.21.15.80:6789/0] conn(0x7f9fac107bd0 0x7f9fac107ff0 unknown :-1 s=BANNER_CONNECTING pgs=0 cs=0 l=0 rev1=0 crypto rx=0 tx=0 comp rx=0 tx=0)._handle_peer_banner_payload supported=3 required=0
2024-04-25T01:56:51.122 INFO:teuthology.orchestra.run.smithi080.stdout:/usr/bin/ceph: stderr
2024-04-25T01:56:49.923+0000 7f9fab7fe700 1 --2- >> [v2:172.21.15.80:3300/0,v1:172.21.15.80:6789/0] conn(0x7f9fac107bd0 0x7f9fac107ff0 unknown :-1 s=HELLO_CONNECTING pgs=0 cs=0 l=0 rev1=1 crypto rx=0 tx=0 comp rx=0 tx=0).handle_hello peer v2:172.21.15.80:3300/0 says I am v2:172.21.15.80:45142/0 (socket says 172.21.15.80:45142)
2024-04-25T01:56:51.122 INFO:teuthology.orchestra.run.smithi080.stdout:/usr/bin/ceph: stderr
2024-04-25T01:56:49.923+0000 7f9fab7fe700 1 -- 172.21.15.80:0/4123718981 learned_addr learned my addr 172.21.15.80:0/4123718981 (peer_addr_for_me v2:172.21.15.80:0/0)
2024-04-25T01:56:51.122 INFO:teuthology.orchestra.run.smithi080.stdout:/usr/bin/ceph: stderr
2024-04-25T01:56:49.923+0000 7f9fab7fe700 1 -- 172.21.15.80:0/4123718981 --> [v2:172.21.15.80:3300/0,v1:172.21.15.80:6789/0] -- mon_subscribe({config=0+,monmap=0+}) -- 0x7f9fac108dd0 con 0x7f9fac107bd0
2024-04-25T01:56:51.122 INFO:teuthology.orchestra.run.smithi080.stdout:/usr/bin/ceph: stderr
2024-04-25T01:56:49.923+0000 7f9fab7fe700 1 --2- 172.21.15.80:0/4123718981 >> [v2:172.21.15.80:3300/0,v1:172.21.15.80:6789/0] conn(0x7f9fac107bd0 0x7f9fac107ff0 secure :-1 s=READY pgs=51 cs=0 l=1 rev1=1 crypto rx=0x7f9f9c009e80 tx=0x7f9f9c00b330 comp rx=0 tx=0).ready entity=mon.0 client_cookie=4f8c894368de9035 server_cookie=0 in_seq=0 out_seq=0
2024-04-25T01:56:51.122 INFO:teuthology.orchestra.run.smithi080.stdout:/usr/bin/ceph: stderr
2024-04-25T01:56:49.923+0000 7f9faa7fc700 1 -- 172.21.15.80:0/4123718981 <== mon.0 v2:172.21.15.80:3300/0 1 ==== mon_map magic: 0 ==== 205+0+0 (secure 0 0 0) 0x7f9f9c017070 con 0x7f9fac107bd0
2024-04-25T01:56:51.122 INFO:teuthology.orchestra.run.smithi080.stdout:/usr/bin/ceph: stderr
2024-04-25T01:56:49.923+0000 7f9faa7fc700 1 -- 172.21.15.80:0/4123718981 <== mon.0 v2:172.21.15.80:3300/0 2 ==== config(26 keys) ==== 1071+0+0 (secure 0 0 0) 0x7f9f9c00b8c0 con 0x7f9fac107bd0
2024-04-25T01:56:51.122 INFO:teuthology.orchestra.run.smithi080.stdout:/usr/bin/ceph: stderr
2024-04-25T01:56:49.923+0000 7f9faa7fc700 1 -- 172.21.15.80:0/4123718981 <== mon.0 v2:172.21.15.80:3300/0 3 ==== mon_map magic: 0 ==== 205+0+0 (secure 0 0 0) 0x7f9f9c004520 con 0x7f9fac107bd0
2024-04-25T01:56:51.122 INFO:teuthology.orchestra.run.smithi080.stdout:/usr/bin/ceph: stderr
2024-04-25T01:56:49.924+0000 7f9fb1d77700 1 -- 172.21.15.80:0/4123718981 >> [v2:172.21.15.80:3300/0,v1:172.21.15.80:6789/0] conn(0x7f9fac107bd0 msgr2=0x7f9fac107ff0 secure :-1 s=STATE_CONNECTION_ESTABLISHED l=1).mark_down
2024-04-25T01:56:51.122 INFO:teuthology.orchestra.run.smithi080.stdout:/usr/bin/ceph: stderr
2024-04-25T01:56:49.924+0000 7f9fb1d77700 1 --2- 172.21.15.80:0/4123718981 >> [v2:172.21.15.80:3300/0,v1:172.21.15.80:6789/0] conn(0x7f9fac107bd0 0x7f9fac107ff0 secure :-1 s=READY pgs=51 cs=0 l=1 rev1=1 crypto rx=0x7f9f9c009e80 tx=0x7f9f9c00b330 comp rx=0 tx=0).stop
2024-04-25T01:56:51.122 INFO:teuthology.orchestra.run.smithi080.stdout:/usr/bin/ceph: stderr
2024-04-25T01:56:49.924+0000 7f9fb1d77700 1 -- 172.21.15.80:0/4123718981 shutdown_connections
2024-04-25T01:56:51.123 INFO:teuthology.orchestra.run.smithi080.stdout:/usr/bin/ceph: stderr
2024-04-25T01:56:49.924+0000 7f9fb1d77700 1 --2- 172.21.15.80:0/4123718981 >> [v2:172.21.15.80:3300/0,v1:172.21.15.80:6789/0] conn(0x7f9fac107bd0 0x7f9fac107ff0 unknown :-1 s=CLOSED pgs=51 cs=0 l=1 rev1=1 crypto rx=0 tx=0 comp rx=0 tx=0).stop
2024-04-25T01:56:51.123 INFO:teuthology.orchestra.run.smithi080.stdout:/usr/bin/ceph: stderr
2024-04-25T01:56:49.924+0000 7f9fb1d77700 1 -- 172.21.15.80:0/4123718981 >> 172.21.15.80:0/4123718981 conn(0x7f9fac103170 msgr2=0x7f9fac1055b0 unknown :-1 s=STATE_NONE l=0).mark_down
2024-04-25T01:56:51.123 INFO:teuthology.orchestra.run.smithi080.stdout:/usr/bin/ceph: stderr
2024-04-25T01:56:49.924+0000 7f9fb1d77700 1 -- 172.21.15.80:0/4123718981 shutdown_connections
2024-04-25T01:56:51.123 INFO:teuthology.orchestra.run.smithi080.stdout:/usr/bin/ceph: stderr
2024-04-25T01:56:49.924+0000 7f9fb1d77700 1 -- 172.21.15.80:0/4123718981 wait complete.
2024-04-25T01:56:51.123 INFO:teuthology.orchestra.run.smithi080.stdout:/usr/bin/ceph: stderr
2024-04-25T01:56:49.924+0000 7f9fb1d77700 1 Processor -- start
2024-04-25T01:56:51.123 INFO:teuthology.orchestra.run.smithi080.stdout:/usr/bin/ceph: stderr
2024-04-25T01:56:49.925+0000 7f9fb1d77700 1 -- start start
2024-04-25T01:56:51.123 INFO:teuthology.orchestra.run.smithi080.stdout:/usr/bin/ceph: stderr
2024-04-25T01:56:49.925+0000 7f9fb1d77700 1 --2- >> [v2:172.21.15.80:3300/0,v1:172.21.15.80:6789/0] conn(0x7f9fac107bd0 0x7f9fac19bdd0 unknown :-1 s=NONE pgs=0 cs=0 l=1 rev1=0 crypto rx=0 tx=0 comp rx=0 tx=0).connect
2024-04-25T01:56:51.123 INFO:teuthology.orchestra.run.smithi080.stdout:/usr/bin/ceph: stderr
2024-04-25T01:56:49.925+0000 7f9fb1d77700 1 -- --> [v2:172.21.15.80:3300/0,v1:172.21.15.80:6789/0] -- mon_getmap magic: 0 -- 0x7f9fac10c180 con 0x7f9fac107bd0
2024-04-25T01:56:51.123 INFO:teuthology.orchestra.run.smithi080.stdout:/usr/bin/ceph: stderr
2024-04-25T01:56:49.925+0000 7f9fab7fe700 1 --2- >> [v2:172.21.15.80:3300/0,v1:172.21.15.80:6789/0] conn(0x7f9fac107bd0 0x7f9fac19bdd0 unknown :-1 s=BANNER_CONNECTING pgs=0 cs=0 l=1 rev1=0 crypto rx=0 tx=0 comp rx=0 tx=0)._handle_peer_banner_payload supported=3 required=0
2024-04-25T01:56:51.123 INFO:teuthology.orchestra.run.smithi080.stdout:/usr/bin/ceph: stderr
2024-04-25T01:56:49.925+0000 7f9fab7fe700 1 --2- >> [v2:172.21.15.80:3300/0,v1:172.21.15.80:6789/0] conn(0x7f9fac107bd0 0x7f9fac19bdd0 unknown :-1 s=HELLO_CONNECTING pgs=0 cs=0 l=1 rev1=1 crypto rx=0 tx=0 comp rx=0 tx=0).handle_hello peer v2:172.21.15.80:3300/0 says I am v2:172.21.15.80:45146/0 (socket says 172.21.15.80:45146)
2024-04-25T01:56:51.123 INFO:teuthology.orchestra.run.smithi080.stdout:/usr/bin/ceph: stderr
2024-04-25T01:56:49.925+0000 7f9fab7fe700 1 -- 172.21.15.80:0/2031947462 learned_addr learned my addr 172.21.15.80:0/2031947462 (peer_addr_for_me v2:172.21.15.80:0/0)
2024-04-25T01:56:51.123 INFO:teuthology.orchestra.run.smithi080.stdout:/usr/bin/ceph: stderr
2024-04-25T01:56:49.925+0000 7f9fab7fe700 1 -- 172.21.15.80:0/2031947462 --> [v2:172.21.15.80:3300/0,v1:172.21.15.80:6789/0] -- mon_subscribe({config=0+,monmap=0+}) -- 0x7f9fac19c310 con 0x7f9fac107bd0
2024-04-25T01:56:51.123 INFO:teuthology.orchestra.run.smithi080.stdout:/usr/bin/ceph: stderr
2024-04-25T01:56:49.925+0000 7f9fab7fe700 1 --2- 172.21.15.80:0/2031947462 >> [v2:172.21.15.80:3300/0,v1:172.21.15.80:6789/0] conn(0x7f9fac107bd0 0x7f9fac19bdd0 secure :-1 s=READY pgs=52 cs=0 l=1 rev1=1 crypto rx=0x7f9f9c003f60 tx=0x7f9f9c004670 comp rx=0 tx=0).ready entity=mon.0 client_cookie=0 server_cookie=0 in_seq=0 out_seq=0
2024-04-25T01:56:51.123 INFO:teuthology.orchestra.run.smithi080.stdout:/usr/bin/ceph: stderr
2024-04-25T01:56:49.925+0000 7f9fa8ff9700 1 -- 172.21.15.80:0/2031947462 <== mon.0 v2:172.21.15.80:3300/0 1 ==== mon_map magic: 0 ==== 205+0+0 (secure 0 0 0) 0x7f9f9c020020 con 0x7f9fac107bd0
2024-04-25T01:56:51.123 INFO:teuthology.orchestra.run.smithi080.stdout:/usr/bin/ceph: stderr
2024-04-25T01:56:49.925+0000 7f9fb1d77700 1 -- 172.21.15.80:0/2031947462 --> [v2:172.21.15.80:3300/0,v1:172.21.15.80:6789/0] -- mon_subscribe({mgrmap=0+}) -- 0x7f9fac19c5a0 con 0x7f9fac107bd0
2024-04-25T01:56:51.124 INFO:teuthology.orchestra.run.smithi080.stdout:/usr/bin/ceph: stderr
2024-04-25T01:56:49.925+0000 7f9fa8ff9700 1 -- 172.21.15.80:0/2031947462 <== mon.0 v2:172.21.15.80:3300/0 2 ==== config(26 keys) ==== 1071+0+0 (secure 0 0 0) 0x7f9f9c00bcb0 con 0x7f9fac107bd0
2024-04-25T01:56:51.124 INFO:teuthology.orchestra.run.smithi080.stdout:/usr/bin/ceph: stderr
2024-04-25T01:56:49.925+0000 7f9fa8ff9700 1 -- 172.21.15.80:0/2031947462 <== mon.0 v2:172.21.15.80:3300/0 3 ==== mon_map magic: 0 ==== 205+0+0 (secure 0 0 0) 0x7f9f9c017040 con 0x7f9fac107bd0
2024-04-25T01:56:51.124 INFO:teuthology.orchestra.run.smithi080.stdout:/usr/bin/ceph: stderr
2024-04-25T01:56:49.925+0000 7f9fb1d77700 1 -- 172.21.15.80:0/2031947462 --> [v2:172.21.15.80:3300/0,v1:172.21.15.80:6789/0] -- mon_subscribe({osdmap=0}) -- 0x7f9fac19f290 con 0x7f9fac107bd0
2024-04-25T01:56:51.124 INFO:teuthology.orchestra.run.smithi080.stdout:/usr/bin/ceph: stderr
2024-04-25T01:56:49.926+0000 7f9fa8ff9700 1 -- 172.21.15.80:0/2031947462 <== mon.0 v2:172.21.15.80:3300/0 4 ==== mgrmap(e 8) ==== 46287+0+0 (secure 0 0 0) 0x7f9f9c023020 con 0x7f9fac107bd0
2024-04-25T01:56:51.124 INFO:teuthology.orchestra.run.smithi080.stdout:/usr/bin/ceph: stderr
2024-04-25T01:56:49.926+0000 7f9fb1d77700 1 -- 172.21.15.80:0/2031947462 --> [v2:172.21.15.80:3300/0,v1:172.21.15.80:6789/0] -- mon_command({"prefix": "get_command_descriptions"} v 0) -- 0x7f9fac063890 con 0x7f9fac107bd0
2024-04-25T01:56:51.124 INFO:teuthology.orchestra.run.smithi080.stdout:/usr/bin/ceph: stderr
2024-04-25T01:56:49.926+0000 7f9fa8ff9700 1 --2- 172.21.15.80:0/2031947462 >> [v2:172.21.15.80:6800/3623038383,v1:172.21.15.80:6801/3623038383] conn(0x7f9f980390a0 0x7f9f9803b560 unknown :-1 s=NONE pgs=0 cs=0 l=1 rev1=0 crypto rx=0 tx=0 comp rx=0 tx=0).connect
