2024-04-25T01:56:51.124 INFO:teuthology.orchestra.run.smithi080.stdout:/usr/bin/ceph: stderr
2024-04-25T01:56:49.926+0000 7f9fa8ff9700 1 -- 172.21.15.80:0/2031947462 <== mon.0 v2:172.21.15.80:3300/0 5 ==== osd_map(2..2 src has 1..2) ==== 940+0+0 (secure 0 0 0) 0x7f9f9c00f050 con 0x7f9fac107bd0
2024-04-25T01:56:51.124 INFO:teuthology.orchestra.run.smithi080.stdout:/usr/bin/ceph: stderr
2024-04-25T01:56:49.926+0000 7f9faaffd700 1 --2- 172.21.15.80:0/2031947462 >> [v2:172.21.15.80:6800/3623038383,v1:172.21.15.80:6801/3623038383] conn(0x7f9f980390a0 0x7f9f9803b560 unknown :-1 s=BANNER_CONNECTING pgs=0 cs=0 l=1 rev1=0 crypto rx=0 tx=0 comp rx=0 tx=0)._handle_peer_banner_payload supported=3 required=0
2024-04-25T01:56:51.124 INFO:teuthology.orchestra.run.smithi080.stdout:/usr/bin/ceph: stderr
2024-04-25T01:56:49.927+0000 7f9faaffd700 1 --2- 172.21.15.80:0/2031947462 >> [v2:172.21.15.80:6800/3623038383,v1:172.21.15.80:6801/3623038383] conn(0x7f9f980390a0 0x7f9f9803b560 secure :-1 s=READY pgs=14 cs=0 l=1 rev1=1 crypto rx=0x7f9f94006fd0 tx=0x7f9f94006e40 comp rx=0 tx=0).ready entity=mgr.14120 client_cookie=0 server_cookie=0 in_seq=0 out_seq=0
2024-04-25T01:56:51.124 INFO:teuthology.orchestra.run.smithi080.stdout:/usr/bin/ceph: stderr
2024-04-25T01:56:49.931+0000 7f9fa8ff9700 1 -- 172.21.15.80:0/2031947462 <== mon.0 v2:172.21.15.80:3300/0 6 ==== mon_command_ack([{"prefix": "get_command_descriptions"}]=0 v0) ==== 72+0+186147 (secure 0 0 0) 0x7f9f9c02a020 con 0x7f9fac107bd0
2024-04-25T01:56:51.124 INFO:teuthology.orchestra.run.smithi080.stdout:/usr/bin/ceph: stderr
2024-04-25T01:56:50.129+0000 7f9fb1d77700 1 -- 172.21.15.80:0/2031947462 --> [v2:172.21.15.80:3300/0,v1:172.21.15.80:6789/0] -- mon_command([{prefix=config set, name=mgr/cephadm/container_init}] v 0) -- 0x7f9fac02db30 con 0x7f9fac107bd0
2024-04-25T01:56:51.124 INFO:teuthology.orchestra.run.smithi080.stdout:/usr/bin/ceph: stderr
2024-04-25T01:56:50.134+0000 7f9fa8ff9700 1 -- 172.21.15.80:0/2031947462 <== mon.0 v2:172.21.15.80:3300/0 7 ==== mon_command_ack([{prefix=config set, name=mgr/cephadm/container_init}]=0 v6)=0 v6) ==== 142+0+0 (secure 0 0 0) 0x7f9f9c01b770 con 0x7f9fac107bd0
2024-04-25T01:56:51.124 INFO:teuthology.orchestra.run.smithi080.stdout:/usr/bin/ceph: stderr
2024-04-25T01:56:50.136+0000 7f9fb1d77700 1 -- 172.21.15.80:0/2031947462 >> [v2:172.21.15.80:6800/3623038383,v1:172.21.15.80:6801/3623038383] conn(0x7f9f980390a0 msgr2=0x7f9f9803b560 secure :-1 s=STATE_CONNECTION_ESTABLISHED l=1).mark_down
2024-04-25T01:56:51.124 INFO:teuthology.orchestra.run.smithi080.stdout:/usr/bin/ceph: stderr
2024-04-25T01:56:50.136+0000 7f9fb1d77700 1 --2- 172.21.15.80:0/2031947462 >> [v2:172.21.15.80:6800/3623038383,v1:172.21.15.80:6801/3623038383] conn(0x7f9f980390a0 0x7f9f9803b560 secure :-1 s=READY pgs=14 cs=0 l=1 rev1=1 crypto rx=0x7f9f94006fd0 tx=0x7f9f94006e40 comp rx=0 tx=0).stop
2024-04-25T01:56:51.125 INFO:teuthology.orchestra.run.smithi080.stdout:/usr/bin/ceph: stderr
2024-04-25T01:56:50.136+0000 7f9fb1d77700 1 -- 172.21.15.80:0/2031947462 >> [v2:172.21.15.80:3300/0,v1:172.21.15.80:6789/0] conn(0x7f9fac107bd0 msgr2=0x7f9fac19bdd0 secure :-1 s=STATE_CONNECTION_ESTABLISHED l=1).mark_down
2024-04-25T01:56:51.125 INFO:teuthology.orchestra.run.smithi080.stdout:/usr/bin/ceph: stderr
2024-04-25T01:56:50.136+0000 7f9fb1d77700 1 --2- 172.21.15.80:0/2031947462 >> [v2:172.21.15.80:3300/0,v1:172.21.15.80:6789/0] conn(0x7f9fac107bd0 0x7f9fac19bdd0 secure :-1 s=READY pgs=52 cs=0 l=1 rev1=1 crypto rx=0x7f9f9c003f60 tx=0x7f9f9c004670 comp rx=0 tx=0).stop
2024-04-25T01:56:51.125 INFO:teuthology.orchestra.run.smithi080.stdout:/usr/bin/ceph: stderr
2024-04-25T01:56:50.136+0000 7f9fb1d77700 1 -- 172.21.15.80:0/2031947462 shutdown_connections
2024-04-25T01:56:51.125 INFO:teuthology.orchestra.run.smithi080.stdout:/usr/bin/ceph: stderr
2024-04-25T01:56:50.136+0000 7f9fb1d77700 1 --2- 172.21.15.80:0/2031947462 >> [v2:172.21.15.80:6800/3623038383,v1:172.21.15.80:6801/3623038383] conn(0x7f9f980390a0 0x7f9f9803b560 unknown :-1 s=CLOSED pgs=14 cs=0 l=1 rev1=1 crypto rx=0 tx=0 comp rx=0 tx=0).stop
2024-04-25T01:56:51.125 INFO:teuthology.orchestra.run.smithi080.stdout:/usr/bin/ceph: stderr
2024-04-25T01:56:50.136+0000 7f9fb1d77700 1 --2- 172.21.15.80:0/2031947462 >> [v2:172.21.15.80:3300/0,v1:172.21.15.80:6789/0] conn(0x7f9fac107bd0 0x7f9fac19bdd0 unknown :-1 s=CLOSED pgs=52 cs=0 l=1 rev1=1 crypto rx=0 tx=0 comp rx=0 tx=0).stop
2024-04-25T01:56:51.125 INFO:teuthology.orchestra.run.smithi080.stdout:/usr/bin/ceph: stderr
2024-04-25T01:56:50.136+0000 7f9fb1d77700 1 -- 172.21.15.80:0/2031947462 >> 172.21.15.80:0/2031947462 conn(0x7f9fac103170 msgr2=0x7f9fac103d20 unknown :-1 s=STATE_NONE l=0).mark_down
2024-04-25T01:56:51.125 INFO:teuthology.orchestra.run.smithi080.stdout:/usr/bin/ceph: stderr
2024-04-25T01:56:50.136+0000 7f9fb1d77700 1 -- 172.21.15.80:0/2031947462 shutdown_connections
2024-04-25T01:56:51.125 INFO:teuthology.orchestra.run.smithi080.stdout:/usr/bin/ceph: stderr
2024-04-25T01:56:50.136+0000 7f9fb1d77700 1 -- 172.21.15.80:0/2031947462 wait complete.
2024-04-25T01:56:51.407 INFO:journalctl@ceph.mon.a.smithi080.stdout:Apr 25 01:56:51 smithi080 ceph-mon[29427]: from='client.? 172.21.15.80:0/2031947462' entity='client.admin'
2024-04-25T01:56:51.407 INFO:journalctl@ceph.mon.a.smithi080.stdout:Apr 25 01:56:51 smithi080 ceph-mon[29427]: from='mgr.14120 172.21.15.80:0/2363603176' entity='mgr.x'
2024-04-25T01:56:52.318 INFO:journalctl@ceph.mon.a.smithi080.stdout:Apr 25 01:56:52 smithi080 ceph-mon[29427]: from='mgr.14120 172.21.15.80:0/2363603176' entity='mgr.x'
2024-04-25T01:56:52.318 INFO:journalctl@ceph.mon.a.smithi080.stdout:Apr 25 01:56:52 smithi080 ceph-mon[29427]: from='client.? 172.21.15.80:0/399270735' entity='client.admin'
2024-04-25T01:56:52.946 INFO:teuthology.orchestra.run.smithi080.stdout:/usr/bin/ceph: stderr
2024-04-25T01:56:51.509+0000 7ffb5d732700 1 Processor -- start
2024-04-25T01:56:52.947 INFO:teuthology.orchestra.run.smithi080.stdout:/usr/bin/ceph: stderr
2024-04-25T01:56:51.509+0000 7ffb5d732700 1 -- start start
2024-04-25T01:56:52.947 INFO:teuthology.orchestra.run.smithi080.stdout:/usr/bin/ceph: stderr
2024-04-25T01:56:51.509+0000 7ffb5d732700 1 --2- >> [v2:172.21.15.80:3300/0,v1:172.21.15.80:6789/0] conn(0x7ffb58106b00 0x7ffb58106f20 unknown :-1 s=NONE pgs=0 cs=0 l=0 rev1=0 crypto rx=0 tx=0 comp rx=0 tx=0).connect
2024-04-25T01:56:52.947 INFO:teuthology.orchestra.run.smithi080.stdout:/usr/bin/ceph: stderr
2024-04-25T01:56:51.509+0000 7ffb5d732700 1 -- --> [v2:172.21.15.80:3300/0,v1:172.21.15.80:6789/0] -- mon_getmap magic: 0 -- 0x7ffb581074f0 con 0x7ffb58106b00
2024-04-25T01:56:52.947 INFO:teuthology.orchestra.run.smithi080.stdout:/usr/bin/ceph: stderr
2024-04-25T01:56:51.510+0000 7ffb56ffd700 1 --2- >> [v2:172.21.15.80:3300/0,v1:172.21.15.80:6789/0] conn(0x7ffb58106b00 0x7ffb58106f20 unknown :-1 s=BANNER_CONNECTING pgs=0 cs=0 l=0 rev1=0 crypto rx=0 tx=0 comp rx=0 tx=0)._handle_peer_banner_payload supported=3 required=0
2024-04-25T01:56:52.947 INFO:teuthology.orchestra.run.smithi080.stdout:/usr/bin/ceph: stderr
2024-04-25T01:56:51.510+0000 7ffb56ffd700 1 --2- >> [v2:172.21.15.80:3300/0,v1:172.21.15.80:6789/0] conn(0x7ffb58106b00 0x7ffb58106f20 unknown :-1 s=HELLO_CONNECTING pgs=0 cs=0 l=0 rev1=1 crypto rx=0 tx=0 comp rx=0 tx=0).handle_hello peer v2:172.21.15.80:3300/0 says I am v2:172.21.15.80:45156/0 (socket says 172.21.15.80:45156)
2024-04-25T01:56:52.947 INFO:teuthology.orchestra.run.smithi080.stdout:/usr/bin/ceph: stderr
2024-04-25T01:56:51.510+0000 7ffb56ffd700 1 -- 172.21.15.80:0/131062540 learned_addr learned my addr 172.21.15.80:0/131062540 (peer_addr_for_me v2:172.21.15.80:0/0)
2024-04-25T01:56:52.947 INFO:teuthology.orchestra.run.smithi080.stdout:/usr/bin/ceph: stderr
2024-04-25T01:56:51.510+0000 7ffb56ffd700 1 -- 172.21.15.80:0/131062540 --> [v2:172.21.15.80:3300/0,v1:172.21.15.80:6789/0] -- mon_subscribe({config=0+,monmap=0+}) -- 0x7ffb58107d00 con 0x7ffb58106b00
2024-04-25T01:56:52.947 INFO:teuthology.orchestra.run.smithi080.stdout:/usr/bin/ceph: stderr
2024-04-25T01:56:51.510+0000 7ffb56ffd700 1 --2- 172.21.15.80:0/131062540 >> [v2:172.21.15.80:3300/0,v1:172.21.15.80:6789/0] conn(0x7ffb58106b00 0x7ffb58106f20 secure :-1 s=READY pgs=53 cs=0 l=1 rev1=1 crypto rx=0x7ffb480098a0 tx=0x7ffb48009bb0 comp rx=0 tx=0).ready entity=mon.0 client_cookie=5d27c5ec47c8a204 server_cookie=0 in_seq=0 out_seq=0
2024-04-25T01:56:52.947 INFO:teuthology.orchestra.run.smithi080.stdout:/usr/bin/ceph: stderr
2024-04-25T01:56:51.510+0000 7ffb55ffb700 1 -- 172.21.15.80:0/131062540 <== mon.0 v2:172.21.15.80:3300/0 1 ==== mon_map magic: 0 ==== 205+0+0 (secure 0 0 0) 0x7ffb48004160 con 0x7ffb58106b00
2024-04-25T01:56:52.947 INFO:teuthology.orchestra.run.smithi080.stdout:/usr/bin/ceph: stderr
2024-04-25T01:56:51.510+0000 7ffb55ffb700 1 -- 172.21.15.80:0/131062540 <== mon.0 v2:172.21.15.80:3300/0 2 ==== config(26 keys) ==== 1102+0+0 (secure 0 0 0) 0x7ffb48004300 con 0x7ffb58106b00
2024-04-25T01:56:52.947 INFO:teuthology.orchestra.run.smithi080.stdout:/usr/bin/ceph: stderr
2024-04-25T01:56:51.510+0000 7ffb55ffb700 1 -- 172.21.15.80:0/131062540 <== mon.0 v2:172.21.15.80:3300/0 3 ==== mon_map magic: 0 ==== 205+0+0 (secure 0 0 0) 0x7ffb48011a50 con 0x7ffb58106b00
2024-04-25T01:56:52.947 INFO:teuthology.orchestra.run.smithi080.stdout:/usr/bin/ceph: stderr
2024-04-25T01:56:51.511+0000 7ffb5d732700 1 -- 172.21.15.80:0/131062540 >> [v2:172.21.15.80:3300/0,v1:172.21.15.80:6789/0] conn(0x7ffb58106b00 msgr2=0x7ffb58106f20 secure :-1 s=STATE_CONNECTION_ESTABLISHED l=1).mark_down
2024-04-25T01:56:52.948 INFO:teuthology.orchestra.run.smithi080.stdout:/usr/bin/ceph: stderr
2024-04-25T01:56:51.511+0000 7ffb5d732700 1 --2- 172.21.15.80:0/131062540 >> [v2:172.21.15.80:3300/0,v1:172.21.15.80:6789/0] conn(0x7ffb58106b00 0x7ffb58106f20 secure :-1 s=READY pgs=53 cs=0 l=1 rev1=1 crypto rx=0x7ffb480098a0 tx=0x7ffb48009bb0 comp rx=0 tx=0).stop
2024-04-25T01:56:52.948 INFO:teuthology.orchestra.run.smithi080.stdout:/usr/bin/ceph: stderr
2024-04-25T01:56:51.511+0000 7ffb5d732700 1 -- 172.21.15.80:0/131062540 shutdown_connections
2024-04-25T01:56:52.948 INFO:teuthology.orchestra.run.smithi080.stdout:/usr/bin/ceph: stderr
2024-04-25T01:56:51.511+0000 7ffb5d732700 1 --2- 172.21.15.80:0/131062540 >> [v2:172.21.15.80:3300/0,v1:172.21.15.80:6789/0] conn(0x7ffb58106b00 0x7ffb58106f20 unknown :-1 s=CLOSED pgs=53 cs=0 l=1 rev1=1 crypto rx=0 tx=0 comp rx=0 tx=0).stop
2024-04-25T01:56:52.948 INFO:teuthology.orchestra.run.smithi080.stdout:/usr/bin/ceph: stderr
2024-04-25T01:56:51.511+0000 7ffb5d732700 1 -- 172.21.15.80:0/131062540 >> 172.21.15.80:0/131062540 conn(0x7ffb581020c0 msgr2=0x7ffb581044e0 unknown :-1 s=STATE_NONE l=0).mark_down
2024-04-25T01:56:52.948 INFO:teuthology.orchestra.run.smithi080.stdout:/usr/bin/ceph: stderr
2024-04-25T01:56:51.511+0000 7ffb5d732700 1 -- 172.21.15.80:0/131062540 shutdown_connections
2024-04-25T01:56:52.948 INFO:teuthology.orchestra.run.smithi080.stdout:/usr/bin/ceph: stderr
2024-04-25T01:56:51.511+0000 7ffb5d732700 1 -- 172.21.15.80:0/131062540 wait complete.
2024-04-25T01:56:52.948 INFO:teuthology.orchestra.run.smithi080.stdout:/usr/bin/ceph: stderr
2024-04-25T01:56:51.512+0000 7ffb5d732700 1 Processor -- start
2024-04-25T01:56:52.948 INFO:teuthology.orchestra.run.smithi080.stdout:/usr/bin/ceph: stderr
2024-04-25T01:56:51.512+0000 7ffb5d732700 1 -- start start
2024-04-25T01:56:52.948 INFO:teuthology.orchestra.run.smithi080.stdout:/usr/bin/ceph: stderr
2024-04-25T01:56:51.512+0000 7ffb5d732700 1 --2- >> [v2:172.21.15.80:3300/0,v1:172.21.15.80:6789/0] conn(0x7ffb58106b00 0x7ffb5819e010 unknown :-1 s=NONE pgs=0 cs=0 l=1 rev1=0 crypto rx=0 tx=0 comp rx=0 tx=0).connect
2024-04-25T01:56:52.948 INFO:teuthology.orchestra.run.smithi080.stdout:/usr/bin/ceph: stderr
2024-04-25T01:56:51.512+0000 7ffb5d732700 1 -- --> [v2:172.21.15.80:3300/0,v1:172.21.15.80:6789/0] -- mon_getmap magic: 0 -- 0x7ffb5807b0e0 con 0x7ffb58106b00
2024-04-25T01:56:52.948 INFO:teuthology.orchestra.run.smithi080.stdout:/usr/bin/ceph: stderr
2024-04-25T01:56:51.512+0000 7ffb56ffd700 1 --2- >> [v2:172.21.15.80:3300/0,v1:172.21.15.80:6789/0] conn(0x7ffb58106b00 0x7ffb5819e010 unknown :-1 s=BANNER_CONNECTING pgs=0 cs=0 l=1 rev1=0 crypto rx=0 tx=0 comp rx=0 tx=0)._handle_peer_banner_payload supported=3 required=0
2024-04-25T01:56:52.948 INFO:teuthology.orchestra.run.smithi080.stdout:/usr/bin/ceph: stderr
2024-04-25T01:56:51.513+0000 7ffb56ffd700 1 --2- >> [v2:172.21.15.80:3300/0,v1:172.21.15.80:6789/0] conn(0x7ffb58106b00 0x7ffb5819e010 unknown :-1 s=HELLO_CONNECTING pgs=0 cs=0 l=1 rev1=1 crypto rx=0 tx=0 comp rx=0 tx=0).handle_hello peer v2:172.21.15.80:3300/0 says I am v2:172.21.15.80:45164/0 (socket says 172.21.15.80:45164)
2024-04-25T01:56:52.948 INFO:teuthology.orchestra.run.smithi080.stdout:/usr/bin/ceph: stderr
2024-04-25T01:56:51.513+0000 7ffb56ffd700 1 -- 172.21.15.80:0/399270735 learned_addr learned my addr 172.21.15.80:0/399270735 (peer_addr_for_me v2:172.21.15.80:0/0)
2024-04-25T01:56:52.949 INFO:teuthology.orchestra.run.smithi080.stdout:/usr/bin/ceph: stderr
2024-04-25T01:56:51.513+0000 7ffb56ffd700 1 -- 172.21.15.80:0/399270735 --> [v2:172.21.15.80:3300/0,v1:172.21.15.80:6789/0] -- mon_subscribe({config=0+,monmap=0+}) -- 0x7ffb5819e550 con 0x7ffb58106b00
2024-04-25T01:56:52.949 INFO:teuthology.orchestra.run.smithi080.stdout:/usr/bin/ceph: stderr
2024-04-25T01:56:51.513+0000 7ffb56ffd700 1 --2- 172.21.15.80:0/399270735 >> [v2:172.21.15.80:3300/0,v1:172.21.15.80:6789/0] conn(0x7ffb58106b00 0x7ffb5819e010 secure :-1 s=READY pgs=54 cs=0 l=1 rev1=1 crypto rx=0x7ffb48006ba0 tx=0x7ffb48011ad0 comp rx=0 tx=0).ready entity=mon.0 client_cookie=0 server_cookie=0 in_seq=0 out_seq=0
2024-04-25T01:56:52.949 INFO:teuthology.orchestra.run.smithi080.stdout:/usr/bin/ceph: stderr
2024-04-25T01:56:51.513+0000 7ffb3ffff700 1 -- 172.21.15.80:0/399270735 <== mon.0 v2:172.21.15.80:3300/0 1 ==== mon_map magic: 0 ==== 205+0+0 (secure 0 0 0) 0x7ffb48003af0 con 0x7ffb58106b00
2024-04-25T01:56:52.949 INFO:teuthology.orchestra.run.smithi080.stdout:/usr/bin/ceph: stderr
2024-04-25T01:56:51.513+0000 7ffb3ffff700 1 -- 172.21.15.80:0/399270735 <== mon.0 v2:172.21.15.80:3300/0 2 ==== config(26 keys) ==== 1102+0+0 (secure 0 0 0) 0x7ffb4801a8e0 con 0x7ffb58106b00
2024-04-25T01:56:52.949 INFO:teuthology.orchestra.run.smithi080.stdout:/usr/bin/ceph: stderr
2024-04-25T01:56:51.513+0000 7ffb5d732700 1 -- 172.21.15.80:0/399270735 --> [v2:172.21.15.80:3300/0,v1:172.21.15.80:6789/0] -- mon_subscribe({mgrmap=0+}) -- 0x7ffb5819e7e0 con 0x7ffb58106b00
2024-04-25T01:56:52.949 INFO:teuthology.orchestra.run.smithi080.stdout:/usr/bin/ceph: stderr
2024-04-25T01:56:51.513+0000 7ffb3ffff700 1 -- 172.21.15.80:0/399270735 <== mon.0 v2:172.21.15.80:3300/0 3 ==== mon_map magic: 0 ==== 205+0+0 (secure 0 0 0) 0x7ffb48024900 con 0x7ffb58106b00
2024-04-25T01:56:52.949 INFO:teuthology.orchestra.run.smithi080.stdout:/usr/bin/ceph: stderr
2024-04-25T01:56:51.513+0000 7ffb5d732700 1 -- 172.21.15.80:0/399270735 --> [v2:172.21.15.80:3300/0,v1:172.21.15.80:6789/0] -- mon_subscribe({osdmap=0}) -- 0x7ffb581a14d0 con 0x7ffb58106b00
2024-04-25T01:56:52.949 INFO:teuthology.orchestra.run.smithi080.stdout:/usr/bin/ceph: stderr
2024-04-25T01:56:51.514+0000 7ffb3ffff700 1 -- 172.21.15.80:0/399270735 <== mon.0 v2:172.21.15.80:3300/0 4 ==== mgrmap(e 8) ==== 46287+0+0 (secure 0 0 0) 0x7ffb48022020 con 0x7ffb58106b00
2024-04-25T01:56:52.949 INFO:teuthology.orchestra.run.smithi080.stdout:/usr/bin/ceph: stderr
2024-04-25T01:56:51.514+0000 7ffb3ffff700 1 --2- 172.21.15.80:0/399270735 >> [v2:172.21.15.80:6800/3623038383,v1:172.21.15.80:6801/3623038383] conn(0x7ffb40039000 0x7ffb4003b4c0 unknown :-1 s=NONE pgs=0 cs=0 l=1 rev1=0 crypto rx=0 tx=0 comp rx=0 tx=0).connect
2024-04-25T01:56:52.949 INFO:teuthology.orchestra.run.smithi080.stdout:/usr/bin/ceph: stderr
2024-04-25T01:56:51.514+0000 7ffb5d732700 1 -- 172.21.15.80:0/399270735 --> [v2:172.21.15.80:3300/0,v1:172.21.15.80:6789/0] -- mon_command({"prefix": "get_command_descriptions"} v 0) -- 0x7ffb58063890 con 0x7ffb58106b00
2024-04-25T01:56:52.949 INFO:teuthology.orchestra.run.smithi080.stdout:/usr/bin/ceph: stderr
2024-04-25T01:56:51.514+0000 7ffb3ffff700 1 -- 172.21.15.80:0/399270735 <== mon.0 v2:172.21.15.80:3300/0 5 ==== osd_map(2..2 src has 1..2) ==== 940+0+0 (secure 0 0 0) 0x7ffb4804e340 con 0x7ffb58106b00
2024-04-25T01:56:52.949 INFO:teuthology.orchestra.run.smithi080.stdout:/usr/bin/ceph: stderr
2024-04-25T01:56:51.514+0000 7ffb567fc700 1 --2- 172.21.15.80:0/399270735 >> [v2:172.21.15.80:6800/3623038383,v1:172.21.15.80:6801/3623038383] conn(0x7ffb40039000 0x7ffb4003b4c0 unknown :-1 s=BANNER_CONNECTING pgs=0 cs=0 l=1 rev1=0 crypto rx=0 tx=0 comp rx=0 tx=0)._handle_peer_banner_payload supported=3 required=0
2024-04-25T01:56:52.949 INFO:teuthology.orchestra.run.smithi080.stdout:/usr/bin/ceph: stderr
2024-04-25T01:56:51.515+0000 7ffb567fc700 1 --2- 172.21.15.80:0/399270735 >> [v2:172.21.15.80:6800/3623038383,v1:172.21.15.80:6801/3623038383] conn(0x7ffb40039000 0x7ffb4003b4c0 secure :-1 s=READY pgs=15 cs=0 l=1 rev1=1 crypto rx=0x7ffb4c006fd0 tx=0x7ffb4c006e40 comp rx=0 tx=0).ready entity=mgr.14120 client_cookie=0 server_cookie=0 in_seq=0 out_seq=0
2024-04-25T01:56:52.950 INFO:teuthology.orchestra.run.smithi080.stdout:/usr/bin/ceph: stderr
2024-04-25T01:56:51.519+0000 7ffb3ffff700 1 -- 172.21.15.80:0/399270735 <== mon.0 v2:172.21.15.80:3300/0 6 ==== mon_command_ack([{"prefix": "get_command_descriptions"}]=0 v0) ==== 72+0+186147 (secure 0 0 0) 0x7ffb48020c10 con 0x7ffb58106b00
2024-04-25T01:56:52.950 INFO:teuthology.orchestra.run.smithi080.stdout:/usr/bin/ceph: stderr
2024-04-25T01:56:51.728+0000 7ffb5d732700 1 -- 172.21.15.80:0/399270735 --> [v2:172.21.15.80:3300/0,v1:172.21.15.80:6789/0] -- mon_command([{prefix=config set, name=mgr/dashboard/ssl_server_port}] v 0) -- 0x7ffb5802db30 con 0x7ffb58106b00
2024-04-25T01:56:52.950 INFO:teuthology.orchestra.run.smithi080.stdout:/usr/bin/ceph: stderr
2024-04-25T01:56:51.731+0000 7ffb3ffff700 1 -- 172.21.15.80:0/399270735 <== mon.0 v2:172.21.15.80:3300/0 7 ==== mon_command_ack([{prefix=config set, name=mgr/dashboard/ssl_server_port}]=0 v8)=0 v8) ==== 130+0+0 (secure 0 0 0) 0x7ffb48021d80 con 0x7ffb58106b00
2024-04-25T01:56:52.950 INFO:teuthology.orchestra.run.smithi080.stdout:/usr/bin/ceph: stderr
2024-04-25T01:56:51.734+0000 7ffb5d732700 1 -- 172.21.15.80:0/399270735 >> [v2:172.21.15.80:6800/3623038383,v1:172.21.15.80:6801/3623038383] conn(0x7ffb40039000 msgr2=0x7ffb4003b4c0 secure :-1 s=STATE_CONNECTION_ESTABLISHED l=1).mark_down
2024-04-25T01:56:52.950 INFO:teuthology.orchestra.run.smithi080.stdout:/usr/bin/ceph: stderr
2024-04-25T01:56:51.734+0000 7ffb5d732700 1 --2- 172.21.15.80:0/399270735 >> [v2:172.21.15.80:6800/3623038383,v1:172.21.15.80:6801/3623038383] conn(0x7ffb40039000 0x7ffb4003b4c0 secure :-1 s=READY pgs=15 cs=0 l=1 rev1=1 crypto rx=0x7ffb4c006fd0 tx=0x7ffb4c006e40 comp rx=0 tx=0).stop
2024-04-25T01:56:52.950 INFO:teuthology.orchestra.run.smithi080.stdout:/usr/bin/ceph: stderr
2024-04-25T01:56:51.734+0000 7ffb5d732700 1 -- 172.21.15.80:0/399270735 >> [v2:172.21.15.80:3300/0,v1:172.21.15.80:6789/0] conn(0x7ffb58106b00 msgr2=0x7ffb5819e010 secure :-1 s=STATE_CONNECTION_ESTABLISHED l=1).mark_down
2024-04-25T01:56:52.950 INFO:teuthology.orchestra.run.smithi080.stdout:/usr/bin/ceph: stderr
2024-04-25T01:56:51.734+0000 7ffb5d732700 1 --2- 172.21.15.80:0/399270735 >> [v2:172.21.15.80:3300/0,v1:172.21.15.80:6789/0] conn(0x7ffb58106b00 0x7ffb5819e010 secure :-1 s=READY pgs=54 cs=0 l=1 rev1=1 crypto rx=0x7ffb48006ba0 tx=0x7ffb48011ad0 comp rx=0 tx=0).stop
2024-04-25T01:56:52.950 INFO:teuthology.orchestra.run.smithi080.stdout:/usr/bin/ceph: stderr
2024-04-25T01:56:51.734+0000 7ffb5d732700 1 -- 172.21.15.80:0/399270735 shutdown_connections
2024-04-25T01:56:52.950 INFO:teuthology.orchestra.run.smithi080.stdout:/usr/bin/ceph: stderr
2024-04-25T01:56:51.734+0000 7ffb5d732700 1 --2- 172.21.15.80:0/399270735 >> [v2:172.21.15.80:6800/3623038383,v1:172.21.15.80:6801/3623038383] conn(0x7ffb40039000 0x7ffb4003b4c0 unknown :-1 s=CLOSED pgs=15 cs=0 l=1 rev1=1 crypto rx=0 tx=0 comp rx=0 tx=0).stop
2024-04-25T01:56:52.950 INFO:teuthology.orchestra.run.smithi080.stdout:/usr/bin/ceph: stderr
2024-04-25T01:56:51.734+0000 7ffb5d732700 1 --2- 172.21.15.80:0/399270735 >> [v2:172.21.15.80:3300/0,v1:172.21.15.80:6789/0] conn(0x7ffb58106b00 0x7ffb5819e010 unknown :-1 s=CLOSED pgs=54 cs=0 l=1 rev1=1 crypto rx=0 tx=0 comp rx=0 tx=0).stop
2024-04-25T01:56:52.950 INFO:teuthology.orchestra.run.smithi080.stdout:/usr/bin/ceph: stderr
2024-04-25T01:56:51.734+0000 7ffb5d732700 1 -- 172.21.15.80:0/399270735 >> 172.21.15.80:0/399270735 conn(0x7ffb581020c0 msgr2=0x7ffb5810b7a0 unknown :-1 s=STATE_NONE l=0).mark_down
2024-04-25T01:56:52.950 INFO:teuthology.orchestra.run.smithi080.stdout:/usr/bin/ceph: stderr
2024-04-25T01:56:51.734+0000 7ffb5d732700 1 -- 172.21.15.80:0/399270735 shutdown_connections
2024-04-25T01:56:52.950 INFO:teuthology.orchestra.run.smithi080.stdout:/usr/bin/ceph: stderr
2024-04-25T01:56:51.734+0000 7ffb5d732700 1 -- 172.21.15.80:0/399270735 wait complete.
2024-04-25T01:56:52.951 INFO:teuthology.orchestra.run.smithi080.stdout:Enabling the dashboard module...
2024-04-25T01:56:53.891 INFO:journalctl@ceph.mon.a.smithi080.stdout:Apr 25 01:56:53 smithi080 ceph-mon[29427]: from='mgr.14120 172.21.15.80:0/2363603176' entity='mgr.x'
2024-04-25T01:56:53.892 INFO:journalctl@ceph.mon.a.smithi080.stdout:Apr 25 01:56:53 smithi080 ceph-mon[29427]: from='client.? 172.21.15.80:0/3860863713' entity='client.admin' cmd=[{"prefix": "mgr module enable", "module": "dashboard"}]: dispatch
2024-04-25T01:56:53.892 INFO:journalctl@ceph.mgr.x.smithi080.stdout:Apr 25 01:56:53 smithi080 ceph-cbc55610-02a6-11ef-bc93-c7b262605968-mgr-x[29670]: ignoring --setuser ceph since I am not root
2024-04-25T01:56:53.892 INFO:journalctl@ceph.mgr.x.smithi080.stdout:Apr 25 01:56:53 smithi080 ceph-cbc55610-02a6-11ef-bc93-c7b262605968-mgr-x[29670]: ignoring --setgroup ceph since I am not root
2024-04-25T01:56:53.892 INFO:journalctl@ceph.mgr.x.smithi080.stdout:Apr 25 01:56:53 smithi080 ceph-cbc55610-02a6-11ef-bc93-c7b262605968-mgr-x[29670]:
2024-04-25T01:56:53.889+0000 7fb5a19b5200 -1 mgr[py] Module balancer has missing NOTIFY_TYPES member
2024-04-25T01:56:54.165 INFO:journalctl@ceph.mgr.x.smithi080.stdout:Apr 25 01:56:54 smithi080 ceph-cbc55610-02a6-11ef-bc93-c7b262605968-mgr-x[29670]:
2024-04-25T01:56:54.073+0000 7fb5a19b5200 -1 mgr[py] Module orchestrator has missing NOTIFY_TYPES member
2024-04-25T01:56:54.312 INFO:teuthology.orchestra.run.smithi080.stdout:/usr/bin/ceph: stderr
2024-04-25T01:56:53.352+0000 7f3449ca6700 1 Processor -- start
2024-04-25T01:56:54.312 INFO:teuthology.orchestra.run.smithi080.stdout:/usr/bin/ceph: stderr
2024-04-25T01:56:53.353+0000 7f3449ca6700 1 -- start start
2024-04-25T01:56:54.312 INFO:teuthology.orchestra.run.smithi080.stdout:/usr/bin/ceph: stderr
2024-04-25T01:56:53.353+0000 7f3449ca6700 1 --2- >> [v2:172.21.15.80:3300/0,v1:172.21.15.80:6789/0] conn(0x7f3444106b00 0x7f3444106f20 unknown :-1 s=NONE pgs=0 cs=0 l=0 rev1=0 crypto rx=0 tx=0 comp rx=0 tx=0).connect
2024-04-25T01:56:54.312 INFO:teuthology.orchestra.run.smithi080.stdout:/usr/bin/ceph: stderr
2024-04-25T01:56:53.353+0000 7f3449ca6700 1 -- --> [v2:172.21.15.80:3300/0,v1:172.21.15.80:6789/0] -- mon_getmap magic: 0 -- 0x7f34441074f0 con 0x7f3444106b00
2024-04-25T01:56:54.312 INFO:teuthology.orchestra.run.smithi080.stdout:/usr/bin/ceph: stderr
2024-04-25T01:56:53.353+0000 7f34437fe700 1 --2- >> [v2:172.21.15.80:3300/0,v1:172.21.15.80:6789/0] conn(0x7f3444106b00 0x7f3444106f20 unknown :-1 s=BANNER_CONNECTING pgs=0 cs=0 l=0 rev1=0 crypto rx=0 tx=0 comp rx=0 tx=0)._handle_peer_banner_payload supported=3 required=0
2024-04-25T01:56:54.312 INFO:teuthology.orchestra.run.smithi080.stdout:/usr/bin/ceph: stderr
2024-04-25T01:56:53.353+0000 7f34437fe700 1 --2- >> [v2:172.21.15.80:3300/0,v1:172.21.15.80:6789/0] conn(0x7f3444106b00 0x7f3444106f20 unknown :-1 s=HELLO_CONNECTING pgs=0 cs=0 l=0 rev1=1 crypto rx=0 tx=0 comp rx=0 tx=0).handle_hello peer v2:172.21.15.80:3300/0 says I am v2:172.21.15.80:45178/0 (socket says 172.21.15.80:45178)
2024-04-25T01:56:54.312 INFO:teuthology.orchestra.run.smithi080.stdout:/usr/bin/ceph: stderr
2024-04-25T01:56:53.353+0000 7f34437fe700 1 -- 172.21.15.80:0/2202080526 learned_addr learned my addr 172.21.15.80:0/2202080526 (peer_addr_for_me v2:172.21.15.80:0/0)
2024-04-25T01:56:54.312 INFO:teuthology.orchestra.run.smithi080.stdout:/usr/bin/ceph: stderr
2024-04-25T01:56:53.353+0000 7f34437fe700 1 -- 172.21.15.80:0/2202080526 --> [v2:172.21.15.80:3300/0,v1:172.21.15.80:6789/0] -- mon_subscribe({config=0+,monmap=0+}) -- 0x7f3444107d00 con 0x7f3444106b00
2024-04-25T01:56:54.313 INFO:teuthology.orchestra.run.smithi080.stdout:/usr/bin/ceph: stderr
2024-04-25T01:56:53.353+0000 7f34437fe700 1 --2- 172.21.15.80:0/2202080526 >> [v2:172.21.15.80:3300/0,v1:172.21.15.80:6789/0] conn(0x7f3444106b00 0x7f3444106f20 secure :-1 s=READY pgs=55 cs=0 l=1 rev1=1 crypto rx=0x7f34340098a0 tx=0x7f3434009bb0 comp rx=0 tx=0).ready entity=mon.0 client_cookie=a35165115c419ea0 server_cookie=0 in_seq=0 out_seq=0
2024-04-25T01:56:54.313 INFO:teuthology.orchestra.run.smithi080.stdout:/usr/bin/ceph: stderr
2024-04-25T01:56:53.353+0000 7f34427fc700 1 -- 172.21.15.80:0/2202080526 <== mon.0 v2:172.21.15.80:3300/0 1 ==== mon_map magic: 0 ==== 205+0+0 (secure 0 0 0) 0x7f3434004160 con 0x7f3444106b00
2024-04-25T01:56:54.313 INFO:teuthology.orchestra.run.smithi080.stdout:/usr/bin/ceph: stderr
2024-04-25T01:56:53.354+0000 7f34427fc700 1 -- 172.21.15.80:0/2202080526 <== mon.0 v2:172.21.15.80:3300/0 2 ==== config(26 keys) ==== 1102+0+0 (secure 0 0 0) 0x7f3434004300 con 0x7f3444106b00
2024-04-25T01:56:54.313 INFO:teuthology.orchestra.run.smithi080.stdout:/usr/bin/ceph: stderr
2024-04-25T01:56:53.354+0000 7f34427fc700 1 -- 172.21.15.80:0/2202080526 <== mon.0 v2:172.21.15.80:3300/0 3 ==== mon_map magic: 0 ==== 205+0+0 (secure 0 0 0) 0x7f3434011a50 con 0x7f3444106b00
2024-04-25T01:56:54.313 INFO:teuthology.orchestra.run.smithi080.stdout:/usr/bin/ceph: stderr
2024-04-25T01:56:53.354+0000 7f3449ca6700 1 -- 172.21.15.80:0/2202080526 >> [v2:172.21.15.80:3300/0,v1:172.21.15.80:6789/0] conn(0x7f3444106b00 msgr2=0x7f3444106f20 secure :-1 s=STATE_CONNECTION_ESTABLISHED l=1).mark_down
2024-04-25T01:56:54.313 INFO:teuthology.orchestra.run.smithi080.stdout:/usr/bin/ceph: stderr
2024-04-25T01:56:53.354+0000 7f3449ca6700 1 --2- 172.21.15.80:0/2202080526 >> [v2:172.21.15.80:3300/0,v1:172.21.15.80:6789/0] conn(0x7f3444106b00 0x7f3444106f20 secure :-1 s=READY pgs=55 cs=0 l=1 rev1=1 crypto rx=0x7f34340098a0 tx=0x7f3434009bb0 comp rx=0 tx=0).stop
2024-04-25T01:56:54.313 INFO:teuthology.orchestra.run.smithi080.stdout:/usr/bin/ceph: stderr
2024-04-25T01:56:53.354+0000 7f3449ca6700 1 -- 172.21.15.80:0/2202080526 shutdown_connections
2024-04-25T01:56:54.313 INFO:teuthology.orchestra.run.smithi080.stdout:/usr/bin/ceph: stderr
2024-04-25T01:56:53.354+0000 7f3449ca6700 1 --2- 172.21.15.80:0/2202080526 >> [v2:172.21.15.80:3300/0,v1:172.21.15.80:6789/0] conn(0x7f3444106b00 0x7f3444106f20 unknown :-1 s=CLOSED pgs=55 cs=0 l=1 rev1=1 crypto rx=0 tx=0 comp rx=0 tx=0).stop
2024-04-25T01:56:54.313 INFO:teuthology.orchestra.run.smithi080.stdout:/usr/bin/ceph: stderr
2024-04-25T01:56:53.354+0000 7f3449ca6700 1 -- 172.21.15.80:0/2202080526 >> 172.21.15.80:0/2202080526 conn(0x7f34441020c0 msgr2=0x7f34441044e0 unknown :-1 s=STATE_NONE l=0).mark_down
2024-04-25T01:56:54.313 INFO:teuthology.orchestra.run.smithi080.stdout:/usr/bin/ceph: stderr
2024-04-25T01:56:53.354+0000 7f3449ca6700 1 -- 172.21.15.80:0/2202080526 shutdown_connections
2024-04-25T01:56:54.313 INFO:teuthology.orchestra.run.smithi080.stdout:/usr/bin/ceph: stderr
2024-04-25T01:56:53.354+0000 7f3449ca6700 1 -- 172.21.15.80:0/2202080526 wait complete.
2024-04-25T01:56:54.313 INFO:teuthology.orchestra.run.smithi080.stdout:/usr/bin/ceph: stderr
2024-04-25T01:56:53.355+0000 7f3449ca6700 1 Processor -- start
2024-04-25T01:56:54.313 INFO:teuthology.orchestra.run.smithi080.stdout:/usr/bin/ceph: stderr
2024-04-25T01:56:53.355+0000 7f3449ca6700 1 -- start start
2024-04-25T01:56:54.313 INFO:teuthology.orchestra.run.smithi080.stdout:/usr/bin/ceph: stderr
2024-04-25T01:56:53.355+0000 7f3449ca6700 1 --2- >> [v2:172.21.15.80:3300/0,v1:172.21.15.80:6789/0] conn(0x7f3444106b00 0x7f344419be40 unknown :-1 s=NONE pgs=0 cs=0 l=1 rev1=0 crypto rx=0 tx=0 comp rx=0 tx=0).connect
2024-04-25T01:56:54.314 INFO:teuthology.orchestra.run.smithi080.stdout:/usr/bin/ceph: stderr
2024-04-25T01:56:53.355+0000 7f3449ca6700 1 -- --> [v2:172.21.15.80:3300/0,v1:172.21.15.80:6789/0] -- mon_getmap magic: 0 -- 0x7f344410b0b0 con 0x7f3444106b00
2024-04-25T01:56:54.314 INFO:teuthology.orchestra.run.smithi080.stdout:/usr/bin/ceph: stderr
2024-04-25T01:56:53.356+0000 7f34437fe700 1 --2- >> [v2:172.21.15.80:3300/0,v1:172.21.15.80:6789/0] conn(0x7f3444106b00 0x7f344419be40 unknown :-1 s=BANNER_CONNECTING pgs=0 cs=0 l=1 rev1=0 crypto rx=0 tx=0 comp rx=0 tx=0)._handle_peer_banner_payload supported=3 required=0
2024-04-25T01:56:54.314 INFO:teuthology.orchestra.run.smithi080.stdout:/usr/bin/ceph: stderr
2024-04-25T01:56:53.356+0000 7f34437fe700 1 --2- >> [v2:172.21.15.80:3300/0,v1:172.21.15.80:6789/0] conn(0x7f3444106b00 0x7f344419be40 unknown :-1 s=HELLO_CONNECTING pgs=0 cs=0 l=1 rev1=1 crypto rx=0 tx=0 comp rx=0 tx=0).handle_hello peer v2:172.21.15.80:3300/0 says I am v2:172.21.15.80:45186/0 (socket says 172.21.15.80:45186)
2024-04-25T01:56:54.314 INFO:teuthology.orchestra.run.smithi080.stdout:/usr/bin/ceph: stderr
2024-04-25T01:56:53.356+0000 7f34437fe700 1 -- 172.21.15.80:0/3860863713 learned_addr learned my addr 172.21.15.80:0/3860863713 (peer_addr_for_me v2:172.21.15.80:0/0)
2024-04-25T01:56:54.314 INFO:teuthology.orchestra.run.smithi080.stdout:/usr/bin/ceph: stderr
2024-04-25T01:56:53.356+0000 7f34437fe700 1 -- 172.21.15.80:0/3860863713 --> [v2:172.21.15.80:3300/0,v1:172.21.15.80:6789/0] -- mon_subscribe({config=0+,monmap=0+}) -- 0x7f344419c380 con 0x7f3444106b00
2024-04-25T01:56:54.314 INFO:teuthology.orchestra.run.smithi080.stdout:/usr/bin/ceph: stderr
2024-04-25T01:56:53.356+0000 7f34437fe700 1 --2- 172.21.15.80:0/3860863713 >> [v2:172.21.15.80:3300/0,v1:172.21.15.80:6789/0] conn(0x7f3444106b00 0x7f344419be40 secure :-1 s=READY pgs=56 cs=0 l=1 rev1=1 crypto rx=0x7f3434006ba0 tx=0x7f3434011ad0 comp rx=0 tx=0).ready entity=mon.0 client_cookie=0 server_cookie=0 in_seq=0 out_seq=0
2024-04-25T01:56:54.314 INFO:teuthology.orchestra.run.smithi080.stdout:/usr/bin/ceph: stderr
2024-04-25T01:56:53.356+0000 7f3440ff9700 1 -- 172.21.15.80:0/3860863713 <== mon.0 v2:172.21.15.80:3300/0 1 ==== mon_map magic: 0 ==== 205+0+0 (secure 0 0 0) 0x7f3434003af0 con 0x7f3444106b00
2024-04-25T01:56:54.314 INFO:teuthology.orchestra.run.smithi080.stdout:/usr/bin/ceph: stderr
2024-04-25T01:56:53.356+0000 7f3440ff9700 1 -- 172.21.15.80:0/3860863713 <== mon.0 v2:172.21.15.80:3300/0 2 ==== config(26 keys) ==== 1102+0+0 (secure 0 0 0) 0x7f343401a8e0 con 0x7f3444106b00
2024-04-25T01:56:54.314 INFO:teuthology.orchestra.run.smithi080.stdout:/usr/bin/ceph: stderr
2024-04-25T01:56:53.356+0000 7f3449ca6700 1 -- 172.21.15.80:0/3860863713 --> [v2:172.21.15.80:3300/0,v1:172.21.15.80:6789/0] -- mon_subscribe({mgrmap=0+}) -- 0x7f344419c610 con 0x7f3444106b00
2024-04-25T01:56:54.314 INFO:teuthology.orchestra.run.smithi080.stdout:/usr/bin/ceph: stderr
2024-04-25T01:56:53.356+0000 7f3440ff9700 1 -- 172.21.15.80:0/3860863713 <== mon.0 v2:172.21.15.80:3300/0 3 ==== mon_map magic: 0 ==== 205+0+0 (secure 0 0 0) 0x7f3434024900 con 0x7f3444106b00
2024-04-25T01:56:54.314 INFO:teuthology.orchestra.run.smithi080.stdout:/usr/bin/ceph: stderr
2024-04-25T01:56:53.356+0000 7f3449ca6700 1 -- 172.21.15.80:0/3860863713 --> [v2:172.21.15.80:3300/0,v1:172.21.15.80:6789/0] -- mon_subscribe({osdmap=0}) -- 0x7f344419f2b0 con 0x7f3444106b00
2024-04-25T01:56:54.314 INFO:teuthology.orchestra.run.smithi080.stdout:/usr/bin/ceph: stderr
2024-04-25T01:56:53.357+0000 7f3440ff9700 1 -- 172.21.15.80:0/3860863713 <== mon.0 v2:172.21.15.80:3300/0 4 ==== mgrmap(e 8) ==== 46287+0+0 (secure 0 0 0) 0x7f3434022020 con 0x7f3444106b00
2024-04-25T01:56:54.314 INFO:teuthology.orchestra.run.smithi080.stdout:/usr/bin/ceph: stderr
2024-04-25T01:56:53.357+0000 7f3440ff9700 1 --2- 172.21.15.80:0/3860863713 >> [v2:172.21.15.80:6800/3623038383,v1:172.21.15.80:6801/3623038383] conn(0x7f342c039000 0x7f342c03b4c0 unknown :-1 s=NONE pgs=0 cs=0 l=1 rev1=0 crypto rx=0 tx=0 comp rx=0 tx=0).connect
2024-04-25T01:56:54.314 INFO:teuthology.orchestra.run.smithi080.stdout:/usr/bin/ceph: stderr
2024-04-25T01:56:53.357+0000 7f3440ff9700 1 -- 172.21.15.80:0/3860863713 <== mon.0 v2:172.21.15.80:3300/0 5 ==== osd_map(2..2 src has 1..2) ==== 940+0+0 (secure 0 0 0) 0x7f343404d4c0 con 0x7f3444106b00
2024-04-25T01:56:54.315 INFO:teuthology.orchestra.run.smithi080.stdout:/usr/bin/ceph: stderr
2024-04-25T01:56:53.357+0000 7f3449ca6700 1 -- 172.21.15.80:0/3860863713 --> [v2:172.21.15.80:3300/0,v1:172.21.15.80:6789/0] -- mon_command({"prefix": "get_command_descriptions"} v 0) -- 0x7f3444063890 con 0x7f3444106b00
2024-04-25T01:56:54.315 INFO:teuthology.orchestra.run.smithi080.stdout:/usr/bin/ceph: stderr
2024-04-25T01:56:53.357+0000 7f3442ffd700 1 --2- 172.21.15.80:0/3860863713 >> [v2:172.21.15.80:6800/3623038383,v1:172.21.15.80:6801/3623038383] conn(0x7f342c039000 0x7f342c03b4c0 unknown :-1 s=BANNER_CONNECTING pgs=0 cs=0 l=1 rev1=0 crypto rx=0 tx=0 comp rx=0 tx=0)._handle_peer_banner_payload supported=3 required=0
2024-04-25T01:56:54.315 INFO:teuthology.orchestra.run.smithi080.stdout:/usr/bin/ceph: stderr
2024-04-25T01:56:53.358+0000 7f3442ffd700 1 --2- 172.21.15.80:0/3860863713 >> [v2:172.21.15.80:6800/3623038383,v1:172.21.15.80:6801/3623038383] conn(0x7f342c039000 0x7f342c03b4c0 secure :-1 s=READY pgs=16 cs=0 l=1 rev1=1 crypto rx=0x7f3438006fd0 tx=0x7f3438006e40 comp rx=0 tx=0).ready entity=mgr.14120 client_cookie=0 server_cookie=0 in_seq=0 out_seq=0
2024-04-25T01:56:54.315 INFO:teuthology.orchestra.run.smithi080.stdout:/usr/bin/ceph: stderr
2024-04-25T01:56:53.363+0000 7f3440ff9700 1 -- 172.21.15.80:0/3860863713 <== mon.0 v2:172.21.15.80:3300/0 6 ==== mon_command_ack([{"prefix": "get_command_descriptions"}]=0 v0) ==== 72+0+186147 (secure 0 0 0) 0x7f343400b3e0 con 0x7f3444106b00
2024-04-25T01:56:54.315 INFO:teuthology.orchestra.run.smithi080.stdout:/usr/bin/ceph: stderr
2024-04-25T01:56:53.629+0000 7f3449ca6700 1 -- 172.21.15.80:0/3860863713 --> [v2:172.21.15.80:3300/0,v1:172.21.15.80:6789/0] -- mon_command({"prefix": "mgr module enable", "module": "dashboard"} v 0) -- 0x7f344402db30 con 0x7f3444106b00
2024-04-25T01:56:54.315 INFO:teuthology.orchestra.run.smithi080.stdout:/usr/bin/ceph: stderr
2024-04-25T01:56:53.705+0000 7f3440ff9700 1 -- 172.21.15.80:0/3860863713 <== mon.0 v2:172.21.15.80:3300/0 7 ==== mon_command_ack([{"prefix": "mgr module enable", "module": "dashboard"}]=0 v9) ==== 88+0+0 (secure 0 0 0) 0x7f3434020c10 con 0x7f3444106b00
2024-04-25T01:56:54.315 INFO:teuthology.orchestra.run.smithi080.stdout:/usr/bin/ceph: stderr
2024-04-25T01:56:53.707+0000 7f3440ff9700 1 -- 172.21.15.80:0/3860863713 <== mon.0 v2:172.21.15.80:3300/0 8 ==== mgrmap(e 9) ==== 46300+0+0 (secure 0 0 0) 0x7f343402dc90 con 0x7f3444106b00
2024-04-25T01:56:54.315 INFO:teuthology.orchestra.run.smithi080.stdout:/usr/bin/ceph: stderr
2024-04-25T01:56:53.709+0000 7f3449ca6700 1 -- 172.21.15.80:0/3860863713 >> [v2:172.21.15.80:6800/3623038383,v1:172.21.15.80:6801/3623038383] conn(0x7f342c039000 msgr2=0x7f342c03b4c0 secure :-1 s=STATE_CONNECTION_ESTABLISHED l=1).mark_down
2024-04-25T01:56:54.315 INFO:teuthology.orchestra.run.smithi080.stdout:/usr/bin/ceph: stderr
2024-04-25T01:56:53.709+0000 7f3449ca6700 1 --2- 172.21.15.80:0/3860863713 >> [v2:172.21.15.80:6800/3623038383,v1:172.21.15.80:6801/3623038383] conn(0x7f342c039000 0x7f342c03b4c0 secure :-1 s=READY pgs=16 cs=0 l=1 rev1=1 crypto rx=0x7f3438006fd0 tx=0x7f3438006e40 comp rx=0 tx=0).stop
2024-04-25T01:56:54.315 INFO:teuthology.orchestra.run.smithi080.stdout:/usr/bin/ceph: stderr
2024-04-25T01:56:53.709+0000 7f3449ca6700 1 -- 172.21.15.80:0/3860863713 >> [v2:172.21.15.80:3300/0,v1:172.21.15.80:6789/0] conn(0x7f3444106b00 msgr2=0x7f344419be40 secure :-1 s=STATE_CONNECTION_ESTABLISHED l=1).mark_down
2024-04-25T01:56:54.315 INFO:teuthology.orchestra.run.smithi080.stdout:/usr/bin/ceph: stderr
2024-04-25T01:56:53.709+0000 7f3449ca6700 1 --2- 172.21.15.80:0/3860863713 >> [v2:172.21.15.80:3300/0,v1:172.21.15.80:6789/0] conn(0x7f3444106b00 0x7f344419be40 secure :-1 s=READY pgs=56 cs=0 l=1 rev1=1 crypto rx=0x7f3434006ba0 tx=0x7f3434011ad0 comp rx=0 tx=0).stop
2024-04-25T01:56:54.315 INFO:teuthology.orchestra.run.smithi080.stdout:/usr/bin/ceph: stderr
2024-04-25T01:56:53.709+0000 7f3449ca6700 1 -- 172.21.15.80:0/3860863713 shutdown_connections
2024-04-25T01:56:54.315 INFO:teuthology.orchestra.run.smithi080.stdout:/usr/bin/ceph: stderr
2024-04-25T01:56:53.709+0000 7f3449ca6700 1 --2- 172.21.15.80:0/3860863713 >> [v2:172.21.15.80:6800/3623038383,v1:172.21.15.80:6801/3623038383] conn(0x7f342c039000 0x7f342c03b4c0 unknown :-1 s=CLOSED pgs=16 cs=0 l=1 rev1=1 crypto rx=0 tx=0 comp rx=0 tx=0).stop
2024-04-25T01:56:54.315 INFO:teuthology.orchestra.run.smithi080.stdout:/usr/bin/ceph: stderr
2024-04-25T01:56:53.709+0000 7f3449ca6700 1 --2- 172.21.15.80:0/3860863713 >> [v2:172.21.15.80:3300/0,v1:172.21.15.80:6789/0] conn(0x7f3444106b00 0x7f344419be40 unknown :-1 s=CLOSED pgs=56 cs=0 l=1 rev1=1 crypto rx=0 tx=0 comp rx=0 tx=0).stop
2024-04-25T01:56:54.316 INFO:teuthology.orchestra.run.smithi080.stdout:/usr/bin/ceph: stderr
2024-04-25T01:56:53.709+0000 7f3449ca6700 1 -- 172.21.15.80:0/3860863713 >> 172.21.15.80:0/3860863713 conn(0x7f34441020c0 msgr2=0x7f3444102ec0 unknown :-1 s=STATE_NONE l=0).mark_down
2024-04-25T01:56:54.316 INFO:teuthology.orchestra.run.smithi080.stdout:/usr/bin/ceph: stderr
2024-04-25T01:56:53.709+0000 7f3449ca6700 1 -- 172.21.15.80:0/3860863713 shutdown_connections
2024-04-25T01:56:54.316 INFO:teuthology.orchestra.run.smithi080.stdout:/usr/bin/ceph: stderr
2024-04-25T01:56:53.709+0000 7f3449ca6700 1 -- 172.21.15.80:0/3860863713 wait complete.
2024-04-25T01:56:54.433 INFO:journalctl@ceph.mgr.x.smithi080.stdout:Apr 25 01:56:54 smithi080 ceph-cbc55610-02a6-11ef-bc93-c7b262605968-mgr-x[29670]:
2024-04-25T01:56:54.175+0000 7fb5a19b5200 -1 mgr[py] Module snap_schedule has missing NOTIFY_TYPES member
2024-04-25T01:56:54.698 INFO:journalctl@ceph.mgr.x.smithi080.stdout:Apr 25 01:56:54 smithi080 ceph-cbc55610-02a6-11ef-bc93-c7b262605968-mgr-x[29670]:
2024-04-25T01:56:54.492+0000 7fb5a19b5200 -1 mgr[py] Module progress has missing NOTIFY_TYPES member
2024-04-25T01:56:54.698 INFO:journalctl@ceph.mgr.x.smithi080.stdout:Apr 25 01:56:54 smithi080 ceph-cbc55610-02a6-11ef-bc93-c7b262605968-mgr-x[29670]:
2024-04-25T01:56:54.583+0000 7fb5a19b5200 -1 mgr[py] Module influx has missing NOTIFY_TYPES member
2024-04-25T01:56:55.001 INFO:journalctl@ceph.mon.a.smithi080.stdout:Apr 25 01:56:54 smithi080 ceph-mon[29427]: from='client.? 172.21.15.80:0/3860863713' entity='client.admin' cmd='[{"prefix": "mgr module enable", "module": "dashboard"}]': finished
2024-04-25T01:56:55.002 INFO:journalctl@ceph.mon.a.smithi080.stdout:Apr 25 01:56:54 smithi080 ceph-mon[29427]: mgrmap e9: x(active, since 18s)
2024-04-25T01:56:55.585 INFO:teuthology.orchestra.run.smithi080.stdout:/usr/bin/ceph: stdout {
2024-04-25T01:56:55.585 INFO:teuthology.orchestra.run.smithi080.stdout:/usr/bin/ceph: stdout "epoch": 9,
2024-04-25T01:56:55.586 INFO:teuthology.orchestra.run.smithi080.stdout:/usr/bin/ceph: stdout "available": true,
2024-04-25T01:56:55.586 INFO:teuthology.orchestra.run.smithi080.stdout:/usr/bin/ceph: stdout "active_name": "x",
2024-04-25T01:56:55.586 INFO:teuthology.orchestra.run.smithi080.stdout:/usr/bin/ceph: stdout "num_standby": 0
2024-04-25T01:56:55.586 INFO:teuthology.orchestra.run.smithi080.stdout:/usr/bin/ceph: stdout }
2024-04-25T01:56:55.586 INFO:teuthology.orchestra.run.smithi080.stdout:/usr/bin/ceph: stderr
2024-04-25T01:56:54.712+0000 7f214c844700 1 Processor -- start
2024-04-25T01:56:55.586 INFO:teuthology.orchestra.run.smithi080.stdout:/usr/bin/ceph: stderr
2024-04-25T01:56:54.712+0000 7f214c844700 1 -- start start
2024-04-25T01:56:55.586 INFO:teuthology.orchestra.run.smithi080.stdout:/usr/bin/ceph: stderr
2024-04-25T01:56:54.713+0000 7f214c844700 1 --2- >> [v2:172.21.15.80:3300/0,v1:172.21.15.80:6789/0] conn(0x7f21481086f0 0x7f214810aae0 unknown :-1 s=NONE pgs=0 cs=0 l=0 rev1=0 crypto rx=0 tx=0 comp rx=0 tx=0).connect
2024-04-25T01:56:55.586 INFO:teuthology.orchestra.run.smithi080.stdout:/usr/bin/ceph: stderr
2024-04-25T01:56:54.713+0000 7f214c844700 1 -- --> [v2:172.21.15.80:3300/0,v1:172.21.15.80:6789/0] -- mon_getmap magic: 0 -- 0x7f214807bdc0 con 0x7f21481086f0
2024-04-25T01:56:55.586 INFO:teuthology.orchestra.run.smithi080.stdout:/usr/bin/ceph: stderr
2024-04-25T01:56:54.713+0000 7f214659c700 1 --2- >> [v2:172.21.15.80:3300/0,v1:172.21.15.80:6789/0] conn(0x7f21481086f0 0x7f214810aae0 unknown :-1 s=BANNER_CONNECTING pgs=0 cs=0 l=0 rev1=0 crypto rx=0 tx=0 comp rx=0 tx=0)._handle_peer_banner_payload supported=3 required=0
2024-04-25T01:56:55.586 INFO:teuthology.orchestra.run.smithi080.stdout:/usr/bin/ceph: stderr
2024-04-25T01:56:54.713+0000 7f214659c700 1 --2- >> [v2:172.21.15.80:3300/0,v1:172.21.15.80:6789/0] conn(0x7f21481086f0 0x7f214810aae0 unknown :-1 s=HELLO_CONNECTING pgs=0 cs=0 l=0 rev1=1 crypto rx=0 tx=0 comp rx=0 tx=0).handle_hello peer v2:172.21.15.80:3300/0 says I am v2:172.21.15.80:45220/0 (socket says 172.21.15.80:45220)
2024-04-25T01:56:55.587 INFO:teuthology.orchestra.run.smithi080.stdout:/usr/bin/ceph: stderr
2024-04-25T01:56:54.713+0000 7f214659c700 1 -- 172.21.15.80:0/2460137450 learned_addr learned my addr 172.21.15.80:0/2460137450 (peer_addr_for_me v2:172.21.15.80:0/0)
2024-04-25T01:56:55.587 INFO:teuthology.orchestra.run.smithi080.stdout:/usr/bin/ceph: stderr
2024-04-25T01:56:54.713+0000 7f214659c700 1 -- 172.21.15.80:0/2460137450 --> [v2:172.21.15.80:3300/0,v1:172.21.15.80:6789/0] -- mon_subscribe({config=0+,monmap=0+}) -- 0x7f214810b020 con 0x7f21481086f0
2024-04-25T01:56:55.587 INFO:teuthology.orchestra.run.smithi080.stdout:/usr/bin/ceph: stderr
2024-04-25T01:56:54.713+0000 7f214659c700 1 --2- 172.21.15.80:0/2460137450 >> [v2:172.21.15.80:3300/0,v1:172.21.15.80:6789/0] conn(0x7f21481086f0 0x7f214810aae0 secure :-1 s=READY pgs=59 cs=0 l=1 rev1=1 crypto rx=0x7f21380098a0 tx=0x7f2138009bb0 comp rx=0 tx=0).ready entity=mon.0 client_cookie=a89d7e52552d33d9 server_cookie=0 in_seq=0 out_seq=0
2024-04-25T01:56:55.587 INFO:teuthology.orchestra.run.smithi080.stdout:/usr/bin/ceph: stderr
2024-04-25T01:56:54.713+0000 7f214559a700 1 -- 172.21.15.80:0/2460137450 <== mon.0 v2:172.21.15.80:3300/0 1 ==== mon_map magic: 0 ==== 205+0+0 (secure 0 0 0) 0x7f2138004160 con 0x7f21481086f0
2024-04-25T01:56:55.587 INFO:teuthology.orchestra.run.smithi080.stdout:/usr/bin/ceph: stderr
2024-04-25T01:56:54.713+0000 7f214559a700 1 -- 172.21.15.80:0/2460137450 <== mon.0 v2:172.21.15.80:3300/0 2 ==== config(26 keys) ==== 1102+0+0 (secure 0 0 0) 0x7f2138004300 con 0x7f21481086f0
2024-04-25T01:56:55.587 INFO:teuthology.orchestra.run.smithi080.stdout:/usr/bin/ceph: stderr
2024-04-25T01:56:54.713+0000 7f214559a700 1 -- 172.21.15.80:0/2460137450 <== mon.0 v2:172.21.15.80:3300/0 3 ==== mon_map magic: 0 ==== 205+0+0 (secure 0 0 0) 0x7f2138011a50 con 0x7f21481086f0
2024-04-25T01:56:55.587 INFO:teuthology.orchestra.run.smithi080.stdout:/usr/bin/ceph: stderr
2024-04-25T01:56:54.714+0000 7f214c844700 1 -- 172.21.15.80:0/2460137450 >> [v2:172.21.15.80:3300/0,v1:172.21.15.80:6789/0] conn(0x7f21481086f0 msgr2=0x7f214810aae0 secure :-1 s=STATE_CONNECTION_ESTABLISHED l=1).mark_down
2024-04-25T01:56:55.588 INFO:teuthology.orchestra.run.smithi080.stdout:/usr/bin/ceph: stderr
2024-04-25T01:56:54.714+0000 7f214c844700 1 --2- 172.21.15.80:0/2460137450 >> [v2:172.21.15.80:3300/0,v1:172.21.15.80:6789/0] conn(0x7f21481086f0 0x7f214810aae0 secure :-1 s=READY pgs=59 cs=0 l=1 rev1=1 crypto rx=0x7f21380098a0 tx=0x7f2138009bb0 comp rx=0 tx=0).stop
2024-04-25T01:56:55.588 INFO:teuthology.orchestra.run.smithi080.stdout:/usr/bin/ceph: stderr
2024-04-25T01:56:54.714+0000 7f214c844700 1 -- 172.21.15.80:0/2460137450 shutdown_connections
2024-04-25T01:56:55.588 INFO:teuthology.orchestra.run.smithi080.stdout:/usr/bin/ceph: stderr
2024-04-25T01:56:54.714+0000 7f214c844700 1 --2- 172.21.15.80:0/2460137450 >> [v2:172.21.15.80:3300/0,v1:172.21.15.80:6789/0] conn(0x7f21481086f0 0x7f214810aae0 unknown :-1 s=CLOSED pgs=59 cs=0 l=1 rev1=1 crypto rx=0 tx=0 comp rx=0 tx=0).stop
2024-04-25T01:56:55.588 INFO:teuthology.orchestra.run.smithi080.stdout:/usr/bin/ceph: stderr
2024-04-25T01:56:54.714+0000 7f214c844700 1 -- 172.21.15.80:0/2460137450 >> 172.21.15.80:0/2460137450 conn(0x7f21481020c0 msgr2=0x7f21481044e0 unknown :-1 s=STATE_NONE l=0).mark_down
2024-04-25T01:56:55.588 INFO:teuthology.orchestra.run.smithi080.stdout:/usr/bin/ceph: stderr
2024-04-25T01:56:54.714+0000 7f214c844700 1 -- 172.21.15.80:0/2460137450 shutdown_connections
2024-04-25T01:56:55.588 INFO:teuthology.orchestra.run.smithi080.stdout:/usr/bin/ceph: stderr
2024-04-25T01:56:54.714+0000 7f214c844700 1 -- 172.21.15.80:0/2460137450 wait complete.
2024-04-25T01:56:55.588 INFO:teuthology.orchestra.run.smithi080.stdout:/usr/bin/ceph: stderr
2024-04-25T01:56:54.715+0000 7f214c844700 1 Processor -- start
2024-04-25T01:56:55.588 INFO:teuthology.orchestra.run.smithi080.stdout:/usr/bin/ceph: stderr
2024-04-25T01:56:54.715+0000 7f214c844700 1 -- start start
2024-04-25T01:56:55.588 INFO:teuthology.orchestra.run.smithi080.stdout:/usr/bin/ceph: stderr
2024-04-25T01:56:54.715+0000 7f214c844700 1 --2- >> [v2:172.21.15.80:3300/0,v1:172.21.15.80:6789/0] conn(0x7f21481086f0 0x7f214819bdf0 unknown :-1 s=NONE pgs=0 cs=0 l=1 rev1=0 crypto rx=0 tx=0 comp rx=0 tx=0).connect
2024-04-25T01:56:55.588 INFO:teuthology.orchestra.run.smithi080.stdout:/usr/bin/ceph: stderr
2024-04-25T01:56:54.715+0000 7f214c844700 1 -- --> [v2:172.21.15.80:3300/0,v1:172.21.15.80:6789/0] -- mon_getmap magic: 0 -- 0x7f214810bfc0 con 0x7f21481086f0
2024-04-25T01:56:55.588 INFO:teuthology.orchestra.run.smithi080.stdout:/usr/bin/ceph: stderr
2024-04-25T01:56:54.715+0000 7f214659c700 1 --2- >> [v2:172.21.15.80:3300/0,v1:172.21.15.80:6789/0] conn(0x7f21481086f0 0x7f214819bdf0 unknown :-1 s=BANNER_CONNECTING pgs=0 cs=0 l=1 rev1=0 crypto rx=0 tx=0 comp rx=0 tx=0)._handle_peer_banner_payload supported=3 required=0
2024-04-25T01:56:55.588 INFO:teuthology.orchestra.run.smithi080.stdout:/usr/bin/ceph: stderr
2024-04-25T01:56:54.715+0000 7f214659c700 1 --2- >> [v2:172.21.15.80:3300/0,v1:172.21.15.80:6789/0] conn(0x7f21481086f0 0x7f214819bdf0 unknown :-1 s=HELLO_CONNECTING pgs=0 cs=0 l=1 rev1=1 crypto rx=0 tx=0 comp rx=0 tx=0).handle_hello peer v2:172.21.15.80:3300/0 says I am v2:172.21.15.80:45232/0 (socket says 172.21.15.80:45232)
2024-04-25T01:56:55.588 INFO:teuthology.orchestra.run.smithi080.stdout:/usr/bin/ceph: stderr
2024-04-25T01:56:54.715+0000 7f214659c700 1 -- 172.21.15.80:0/2758445938 learned_addr learned my addr 172.21.15.80:0/2758445938 (peer_addr_for_me v2:172.21.15.80:0/0)
2024-04-25T01:56:55.588 INFO:teuthology.orchestra.run.smithi080.stdout:/usr/bin/ceph: stderr
2024-04-25T01:56:54.715+0000 7f214659c700 1 -- 172.21.15.80:0/2758445938 --> [v2:172.21.15.80:3300/0,v1:172.21.15.80:6789/0] -- mon_subscribe({config=0+,monmap=0+}) -- 0x7f214819c330 con 0x7f21481086f0
2024-04-25T01:56:55.589 INFO:teuthology.orchestra.run.smithi080.stdout:/usr/bin/ceph: stderr
2024-04-25T01:56:54.716+0000 7f214659c700 1 --2- 172.21.15.80:0/2758445938 >> [v2:172.21.15.80:3300/0,v1:172.21.15.80:6789/0] conn(0x7f21481086f0 0x7f214819bdf0 secure :-1 s=READY pgs=60 cs=0 l=1 rev1=1 crypto rx=0x7f2138006b20 tx=0x7f2138011ad0 comp rx=0 tx=0).ready entity=mon.0 client_cookie=0 server_cookie=0 in_seq=0 out_seq=0
2024-04-25T01:56:55.589 INFO:teuthology.orchestra.run.smithi080.stdout:/usr/bin/ceph: stderr
2024-04-25T01:56:54.716+0000 7f21377fe700 1 -- 172.21.15.80:0/2758445938 <== mon.0 v2:172.21.15.80:3300/0 1 ==== mon_map magic: 0 ==== 205+0+0 (secure 0 0 0) 0x7f2138003b70 con 0x7f21481086f0
2024-04-25T01:56:55.589 INFO:teuthology.orchestra.run.smithi080.stdout:/usr/bin/ceph: stderr
2024-04-25T01:56:54.716+0000 7f21377fe700 1 -- 172.21.15.80:0/2758445938 <== mon.0 v2:172.21.15.80:3300/0 2 ==== config(26 keys) ==== 1102+0+0 (secure 0 0 0) 0x7f213801a8e0 con 0x7f21481086f0
2024-04-25T01:56:55.589 INFO:teuthology.orchestra.run.smithi080.stdout:/usr/bin/ceph: stderr
2024-04-25T01:56:54.716+0000 7f214c844700 1 -- 172.21.15.80:0/2758445938 --> [v2:172.21.15.80:3300/0,v1:172.21.15.80:6789/0] -- mon_subscribe({mgrmap=0+}) -- 0x7f214819c5c0 con 0x7f21481086f0
2024-04-25T01:56:55.589 INFO:teuthology.orchestra.run.smithi080.stdout:/usr/bin/ceph: stderr
2024-04-25T01:56:54.716+0000 7f21377fe700 1 -- 172.21.15.80:0/2758445938 <== mon.0 v2:172.21.15.80:3300/0 3 ==== mon_map magic: 0 ==== 205+0+0 (secure 0 0 0) 0x7f21380249b0 con 0x7f21481086f0
2024-04-25T01:56:55.589 INFO:teuthology.orchestra.run.smithi080.stdout:/usr/bin/ceph: stderr
2024-04-25T01:56:54.716+0000 7f214c844700 1 -- 172.21.15.80:0/2758445938 --> [v2:172.21.15.80:3300/0,v1:172.21.15.80:6789/0] -- mon_subscribe({osdmap=0}) -- 0x7f214819f260 con 0x7f21481086f0
2024-04-25T01:56:55.589 INFO:teuthology.orchestra.run.smithi080.stdout:/usr/bin/ceph: stderr
2024-04-25T01:56:54.717+0000 7f21377fe700 1 -- 172.21.15.80:0/2758445938 <== mon.0 v2:172.21.15.80:3300/0 4 ==== mgrmap(e 9) ==== 46300+0+0 (secure 0 0 0) 0x7f2138022020 con 0x7f21481086f0
2024-04-25T01:56:55.589 INFO:teuthology.orchestra.run.smithi080.stdout:/usr/bin/ceph: stderr
