2024-04-25T02:00:17.591+0000 7f48627d7700 1 -- 172.21.15.77:0/1434044651 >> 172.21.15.77:0/1434044651 conn(0x7f485c0fcef0 msgr2=0x7f485c0ff300 unknown :-1 s=STATE_NONE l=0).mark_down
2024-04-25T02:00:19.221 INFO:teuthology.orchestra.run.smithi077.stdout:/usr/bin/ceph: stderr
2024-04-25T02:00:17.591+0000 7f48627d7700 1 -- 172.21.15.77:0/1434044651 shutdown_connections
2024-04-25T02:00:19.221 INFO:teuthology.orchestra.run.smithi077.stdout:/usr/bin/ceph: stderr
2024-04-25T02:00:17.591+0000 7f48627d7700 1 -- 172.21.15.77:0/1434044651 wait complete.
2024-04-25T02:00:19.222 INFO:teuthology.orchestra.run.smithi077.stdout:/usr/bin/ceph: stderr
2024-04-25T02:00:17.592+0000 7f48627d7700 1 Processor -- start
2024-04-25T02:00:19.222 INFO:teuthology.orchestra.run.smithi077.stdout:/usr/bin/ceph: stderr
2024-04-25T02:00:17.592+0000 7f48627d7700 1 -- start start
2024-04-25T02:00:19.222 INFO:teuthology.orchestra.run.smithi077.stdout:/usr/bin/ceph: stderr
2024-04-25T02:00:17.592+0000 7f48627d7700 1 --2- >> [v2:172.21.15.77:3300/0,v1:172.21.15.77:6789/0] conn(0x7f485c076c10 0x7f485c1115d0 unknown :-1 s=NONE pgs=0 cs=0 l=1 rev1=0 crypto rx=0 tx=0 comp rx=0 tx=0).connect
2024-04-25T02:00:19.222 INFO:teuthology.orchestra.run.smithi077.stdout:/usr/bin/ceph: stderr
2024-04-25T02:00:17.592+0000 7f48627d7700 1 -- --> [v2:172.21.15.77:3300/0,v1:172.21.15.77:6789/0] -- mon_getmap magic: 0 v1 -- 0x7f485c111b10 con 0x7f485c076c10
2024-04-25T02:00:19.222 INFO:teuthology.orchestra.run.smithi077.stdout:/usr/bin/ceph: stderr
2024-04-25T02:00:17.592+0000 7f485bfff700 1 --2- >> [v2:172.21.15.77:3300/0,v1:172.21.15.77:6789/0] conn(0x7f485c076c10 0x7f485c1115d0 unknown :-1 s=BANNER_CONNECTING pgs=0 cs=0 l=1 rev1=0 crypto rx=0 tx=0 comp rx=0 tx=0)._handle_peer_banner_payload supported=3 required=0
2024-04-25T02:00:19.223 INFO:teuthology.orchestra.run.smithi077.stdout:/usr/bin/ceph: stderr
2024-04-25T02:00:17.592+0000 7f485bfff700 1 --2- >> [v2:172.21.15.77:3300/0,v1:172.21.15.77:6789/0] conn(0x7f485c076c10 0x7f485c1115d0 unknown :-1 s=HELLO_CONNECTING pgs=0 cs=0 l=1 rev1=1 crypto rx=0 tx=0 comp rx=0 tx=0).handle_hello peer v2:172.21.15.77:3300/0 says I am v2:172.21.15.77:48136/0 (socket says 172.21.15.77:48136)
2024-04-25T02:00:19.223 INFO:teuthology.orchestra.run.smithi077.stdout:/usr/bin/ceph: stderr
2024-04-25T02:00:17.592+0000 7f485bfff700 1 -- 172.21.15.77:0/2730915715 learned_addr learned my addr 172.21.15.77:0/2730915715 (peer_addr_for_me v2:172.21.15.77:0/0)
2024-04-25T02:00:19.223 INFO:teuthology.orchestra.run.smithi077.stdout:/usr/bin/ceph: stderr
2024-04-25T02:00:17.592+0000 7f485bfff700 1 -- 172.21.15.77:0/2730915715 --> [v2:172.21.15.77:3300/0,v1:172.21.15.77:6789/0] -- mon_subscribe({config=0+,monmap=0+}) v3 -- 0x7f484c0094f0 con 0x7f485c076c10
2024-04-25T02:00:19.223 INFO:teuthology.orchestra.run.smithi077.stdout:/usr/bin/ceph: stderr
2024-04-25T02:00:17.593+0000 7f485bfff700 1 --2- 172.21.15.77:0/2730915715 >> [v2:172.21.15.77:3300/0,v1:172.21.15.77:6789/0] conn(0x7f485c076c10 0x7f485c1115d0 secure :-1 s=READY pgs=64 cs=0 l=1 rev1=1 crypto rx=0x7f484c0094c0 tx=0x7f484c009250 comp rx=0 tx=0).ready entity=mon.0 client_cookie=0 server_cookie=0 in_seq=0 out_seq=0
2024-04-25T02:00:19.223 INFO:teuthology.orchestra.run.smithi077.stdout:/usr/bin/ceph: stderr
2024-04-25T02:00:17.593+0000 7f4858ff9700 1 -- 172.21.15.77:0/2730915715 <== mon.0 v2:172.21.15.77:3300/0 1 ==== mon_map magic: 0 v1 ==== 229+0+0 (secure 0 0 0) 0x7f484c010890 con 0x7f485c076c10
2024-04-25T02:00:19.223 INFO:teuthology.orchestra.run.smithi077.stdout:/usr/bin/ceph: stderr
2024-04-25T02:00:17.593+0000 7f4858ff9700 1 -- 172.21.15.77:0/2730915715 <== mon.0 v2:172.21.15.77:3300/0 2 ==== config(27 keys) v1 ==== 1109+0+0 (secure 0 0 0) 0x7f484c010ec0 con 0x7f485c076c10
2024-04-25T02:00:19.224 INFO:teuthology.orchestra.run.smithi077.stdout:/usr/bin/ceph: stderr
2024-04-25T02:00:17.593+0000 7f4858ff9700 1 -- 172.21.15.77:0/2730915715 <== mon.0 v2:172.21.15.77:3300/0 3 ==== mon_map magic: 0 v1 ==== 229+0+0 (secure 0 0 0) 0x7f484c01aea0 con 0x7f485c076c10
2024-04-25T02:00:19.224 INFO:teuthology.orchestra.run.smithi077.stdout:/usr/bin/ceph: stderr
2024-04-25T02:00:17.593+0000 7f48627d7700 1 -- 172.21.15.77:0/2730915715 --> [v2:172.21.15.77:3300/0,v1:172.21.15.77:6789/0] -- mon_subscribe({mgrmap=0+}) v3 -- 0x7f485c111d70 con 0x7f485c076c10
2024-04-25T02:00:19.224 INFO:teuthology.orchestra.run.smithi077.stdout:/usr/bin/ceph: stderr
2024-04-25T02:00:17.593+0000 7f48627d7700 1 -- 172.21.15.77:0/2730915715 --> [v2:172.21.15.77:3300/0,v1:172.21.15.77:6789/0] -- mon_subscribe({osdmap=0}) v3 -- 0x7f485c112880 con 0x7f485c076c10
2024-04-25T02:00:19.224 INFO:teuthology.orchestra.run.smithi077.stdout:/usr/bin/ceph: stderr
2024-04-25T02:00:17.594+0000 7f4858ff9700 1 -- 172.21.15.77:0/2730915715 <== mon.0 v2:172.21.15.77:3300/0 4 ==== mgrmap(e 8) v1 ==== 43376+0+0 (secure 0 0 0) 0x7f484c02d3f0 con 0x7f485c076c10
2024-04-25T02:00:19.224 INFO:teuthology.orchestra.run.smithi077.stdout:/usr/bin/ceph: stderr
2024-04-25T02:00:17.594+0000 7f48627d7700 1 -- 172.21.15.77:0/2730915715 --> [v2:172.21.15.77:3300/0,v1:172.21.15.77:6789/0] -- mon_command({"prefix": "get_command_descriptions"} v 0) v1 -- 0x7f485c05f5c0 con 0x7f485c076c10
2024-04-25T02:00:19.224 INFO:teuthology.orchestra.run.smithi077.stdout:/usr/bin/ceph: stderr
2024-04-25T02:00:17.594+0000 7f4858ff9700 1 --2- 172.21.15.77:0/2730915715 >> [v2:172.21.15.77:6800/859750200,v1:172.21.15.77:6801/859750200] conn(0x7f48440368a0 0x7f4844038d50 unknown :-1 s=NONE pgs=0 cs=0 l=1 rev1=0 crypto rx=0 tx=0 comp rx=0 tx=0).connect
2024-04-25T02:00:19.225 INFO:teuthology.orchestra.run.smithi077.stdout:/usr/bin/ceph: stderr
2024-04-25T02:00:17.594+0000 7f4858ff9700 1 -- 172.21.15.77:0/2730915715 <== mon.0 v2:172.21.15.77:3300/0 5 ==== osd_map(2..2 src has 1..2) v4 ==== 936+0+0 (secure 0 0 0) 0x7f484c04a1d0 con 0x7f485c076c10
2024-04-25T02:00:19.225 INFO:teuthology.orchestra.run.smithi077.stdout:/usr/bin/ceph: stderr
2024-04-25T02:00:17.594+0000 7f485b7fe700 1 --2- 172.21.15.77:0/2730915715 >> [v2:172.21.15.77:6800/859750200,v1:172.21.15.77:6801/859750200] conn(0x7f48440368a0 0x7f4844038d50 unknown :-1 s=BANNER_CONNECTING pgs=0 cs=0 l=1 rev1=0 crypto rx=0 tx=0 comp rx=0 tx=0)._handle_peer_banner_payload supported=3 required=0
2024-04-25T02:00:19.225 INFO:teuthology.orchestra.run.smithi077.stdout:/usr/bin/ceph: stderr
2024-04-25T02:00:17.594+0000 7f485b7fe700 1 --2- 172.21.15.77:0/2730915715 >> [v2:172.21.15.77:6800/859750200,v1:172.21.15.77:6801/859750200] conn(0x7f48440368a0 0x7f4844038d50 secure :-1 s=READY pgs=21 cs=0 l=1 rev1=1 crypto rx=0x7f4850009990 tx=0x7f4850006e40 comp rx=0 tx=0).ready entity=mgr.14118 client_cookie=0 server_cookie=0 in_seq=0 out_seq=0
2024-04-25T02:00:19.225 INFO:teuthology.orchestra.run.smithi077.stdout:/usr/bin/ceph: stderr
2024-04-25T02:00:17.598+0000 7f4858ff9700 1 -- 172.21.15.77:0/2730915715 <== mon.0 v2:172.21.15.77:3300/0 6 ==== mon_command_ack([{"prefix": "get_command_descriptions"}]=0 v0) v1 ==== 72+0+176702 (secure 0 0 0) 0x7f484c02b8e0 con 0x7f485c076c10
2024-04-25T02:00:19.225 INFO:teuthology.orchestra.run.smithi077.stdout:/usr/bin/ceph: stderr
2024-04-25T02:00:17.835+0000 7f48627d7700 1 -- 172.21.15.77:0/2730915715 --> [v2:172.21.15.77:3300/0,v1:172.21.15.77:6789/0] -- mon_command({"prefix": "mgr module enable", "module": "dashboard"} v 0) v1 -- 0x7f485c04bed0 con 0x7f485c076c10
2024-04-25T02:00:19.225 INFO:teuthology.orchestra.run.smithi077.stdout:/usr/bin/ceph: stderr
2024-04-25T02:00:18.606+0000 7f4858ff9700 1 -- 172.21.15.77:0/2730915715 <== mon.0 v2:172.21.15.77:3300/0 7 ==== mgrmap(e 9) v1 ==== 43389+0+0 (secure 0 0 0) 0x7f484c01a430 con 0x7f485c076c10
2024-04-25T02:00:19.226 INFO:teuthology.orchestra.run.smithi077.stdout:/usr/bin/ceph: stderr
2024-04-25T02:00:18.608+0000 7f4858ff9700 1 -- 172.21.15.77:0/2730915715 <== mon.0 v2:172.21.15.77:3300/0 8 ==== mon_command_ack([{"prefix": "mgr module enable", "module": "dashboard"}]=0 v9) v1 ==== 88+0+0 (secure 0 0 0) 0x7f484c018a60 con 0x7f485c076c10
2024-04-25T02:00:19.226 INFO:teuthology.orchestra.run.smithi077.stdout:/usr/bin/ceph: stderr
2024-04-25T02:00:18.611+0000 7f48627d7700 1 -- 172.21.15.77:0/2730915715 >> [v2:172.21.15.77:6800/859750200,v1:172.21.15.77:6801/859750200] conn(0x7f48440368a0 msgr2=0x7f4844038d50 secure :-1 s=STATE_CONNECTION_ESTABLISHED l=1).mark_down
2024-04-25T02:00:19.226 INFO:teuthology.orchestra.run.smithi077.stdout:/usr/bin/ceph: stderr
2024-04-25T02:00:18.611+0000 7f48627d7700 1 --2- 172.21.15.77:0/2730915715 >> [v2:172.21.15.77:6800/859750200,v1:172.21.15.77:6801/859750200] conn(0x7f48440368a0 0x7f4844038d50 secure :-1 s=READY pgs=21 cs=0 l=1 rev1=1 crypto rx=0x7f4850009990 tx=0x7f4850006e40 comp rx=0 tx=0).stop
2024-04-25T02:00:19.226 INFO:teuthology.orchestra.run.smithi077.stdout:/usr/bin/ceph: stderr
2024-04-25T02:00:18.611+0000 7f48627d7700 1 -- 172.21.15.77:0/2730915715 >> [v2:172.21.15.77:3300/0,v1:172.21.15.77:6789/0] conn(0x7f485c076c10 msgr2=0x7f485c1115d0 secure :-1 s=STATE_CONNECTION_ESTABLISHED l=1).mark_down
2024-04-25T02:00:19.226 INFO:teuthology.orchestra.run.smithi077.stdout:/usr/bin/ceph: stderr
2024-04-25T02:00:18.611+0000 7f48627d7700 1 --2- 172.21.15.77:0/2730915715 >> [v2:172.21.15.77:3300/0,v1:172.21.15.77:6789/0] conn(0x7f485c076c10 0x7f485c1115d0 secure :-1 s=READY pgs=64 cs=0 l=1 rev1=1 crypto rx=0x7f484c0094c0 tx=0x7f484c009250 comp rx=0 tx=0).stop
2024-04-25T02:00:19.227 INFO:teuthology.orchestra.run.smithi077.stdout:/usr/bin/ceph: stderr
2024-04-25T02:00:18.611+0000 7f48627d7700 1 -- 172.21.15.77:0/2730915715 shutdown_connections
2024-04-25T02:00:19.227 INFO:teuthology.orchestra.run.smithi077.stdout:/usr/bin/ceph: stderr
2024-04-25T02:00:18.611+0000 7f48627d7700 1 --2- 172.21.15.77:0/2730915715 >> [v2:172.21.15.77:6800/859750200,v1:172.21.15.77:6801/859750200] conn(0x7f48440368a0 0x7f4844038d50 unknown :-1 s=CLOSED pgs=21 cs=0 l=1 rev1=1 crypto rx=0 tx=0 comp rx=0 tx=0).stop
2024-04-25T02:00:19.227 INFO:teuthology.orchestra.run.smithi077.stdout:/usr/bin/ceph: stderr
2024-04-25T02:00:18.611+0000 7f48627d7700 1 --2- 172.21.15.77:0/2730915715 >> [v2:172.21.15.77:3300/0,v1:172.21.15.77:6789/0] conn(0x7f485c076c10 0x7f485c1115d0 unknown :-1 s=CLOSED pgs=64 cs=0 l=1 rev1=1 crypto rx=0 tx=0 comp rx=0 tx=0).stop
2024-04-25T02:00:19.227 INFO:teuthology.orchestra.run.smithi077.stdout:/usr/bin/ceph: stderr
2024-04-25T02:00:18.611+0000 7f48627d7700 1 -- 172.21.15.77:0/2730915715 >> 172.21.15.77:0/2730915715 conn(0x7f485c0fcef0 msgr2=0x7f485c0fd9d0 unknown :-1 s=STATE_NONE l=0).mark_down
2024-04-25T02:00:19.227 INFO:teuthology.orchestra.run.smithi077.stdout:/usr/bin/ceph: stderr
2024-04-25T02:00:18.611+0000 7f48627d7700 1 -- 172.21.15.77:0/2730915715 shutdown_connections
2024-04-25T02:00:19.227 INFO:teuthology.orchestra.run.smithi077.stdout:/usr/bin/ceph: stderr
2024-04-25T02:00:18.611+0000 7f48627d7700 1 -- 172.21.15.77:0/2730915715 wait complete.
2024-04-25T02:00:19.727 INFO:journalctl@ceph.mon.smithi077.smithi077.stdout:Apr 25 02:00:19 smithi077 ceph-mon[26330]: from='client.? 172.21.15.77:0/2730915715' entity='client.admin' cmd='[{"prefix": "mgr module enable", "module": "dashboard"}]': finished
2024-04-25T02:00:19.727 INFO:journalctl@ceph.mon.smithi077.smithi077.stdout:Apr 25 02:00:19 smithi077 ceph-mon[26330]: mgrmap e9: smithi077.zpflzp(active, since 24s)
2024-04-25T02:00:20.511 INFO:teuthology.orchestra.run.smithi077.stdout:/usr/bin/ceph: stdout {
2024-04-25T02:00:20.511 INFO:teuthology.orchestra.run.smithi077.stdout:/usr/bin/ceph: stdout "epoch": 9,
2024-04-25T02:00:20.511 INFO:teuthology.orchestra.run.smithi077.stdout:/usr/bin/ceph: stdout "available": true,
2024-04-25T02:00:20.511 INFO:teuthology.orchestra.run.smithi077.stdout:/usr/bin/ceph: stdout "active_name": "smithi077.zpflzp",
2024-04-25T02:00:20.511 INFO:teuthology.orchestra.run.smithi077.stdout:/usr/bin/ceph: stdout "num_standby": 0
2024-04-25T02:00:20.511 INFO:teuthology.orchestra.run.smithi077.stdout:/usr/bin/ceph: stdout }
2024-04-25T02:00:20.511 INFO:teuthology.orchestra.run.smithi077.stdout:/usr/bin/ceph: stderr
2024-04-25T02:00:19.643+0000 7fdeb5e10700 1 Processor -- start
2024-04-25T02:00:20.511 INFO:teuthology.orchestra.run.smithi077.stdout:/usr/bin/ceph: stderr
2024-04-25T02:00:19.643+0000 7fdeb5e10700 1 -- start start
2024-04-25T02:00:20.511 INFO:teuthology.orchestra.run.smithi077.stdout:/usr/bin/ceph: stderr
2024-04-25T02:00:19.643+0000 7fdeb5e10700 1 --2- >> [v2:172.21.15.77:3300/0,v1:172.21.15.77:6789/0] conn(0x7fdeb0078cc0 0x7fdeb0077270 unknown :-1 s=NONE pgs=0 cs=0 l=0 rev1=0 crypto rx=0 tx=0 comp rx=0 tx=0).connect
2024-04-25T02:00:20.512 INFO:teuthology.orchestra.run.smithi077.stdout:/usr/bin/ceph: stderr
2024-04-25T02:00:19.643+0000 7fdeb5e10700 1 -- --> [v2:172.21.15.77:3300/0,v1:172.21.15.77:6789/0] -- mon_getmap magic: 0 v1 -- 0x7fdeb00790d0 con 0x7fdeb0078cc0
2024-04-25T02:00:20.512 INFO:teuthology.orchestra.run.smithi077.stdout:/usr/bin/ceph: stderr
2024-04-25T02:00:19.643+0000 7fdeaf7fe700 1 --2- >> [v2:172.21.15.77:3300/0,v1:172.21.15.77:6789/0] conn(0x7fdeb0078cc0 0x7fdeb0077270 unknown :-1 s=BANNER_CONNECTING pgs=0 cs=0 l=0 rev1=0 crypto rx=0 tx=0 comp rx=0 tx=0)._handle_peer_banner_payload supported=3 required=0
2024-04-25T02:00:20.512 INFO:teuthology.orchestra.run.smithi077.stdout:/usr/bin/ceph: stderr
2024-04-25T02:00:19.643+0000 7fdeaf7fe700 1 --2- >> [v2:172.21.15.77:3300/0,v1:172.21.15.77:6789/0] conn(0x7fdeb0078cc0 0x7fdeb0077270 unknown :-1 s=HELLO_CONNECTING pgs=0 cs=0 l=0 rev1=1 crypto rx=0 tx=0 comp rx=0 tx=0).handle_hello peer v2:172.21.15.77:3300/0 says I am v2:172.21.15.77:48156/0 (socket says 172.21.15.77:48156)
2024-04-25T02:00:20.512 INFO:teuthology.orchestra.run.smithi077.stdout:/usr/bin/ceph: stderr
2024-04-25T02:00:19.643+0000 7fdeaf7fe700 1 -- 172.21.15.77:0/368840833 learned_addr learned my addr 172.21.15.77:0/368840833 (peer_addr_for_me v2:172.21.15.77:0/0)
2024-04-25T02:00:20.512 INFO:teuthology.orchestra.run.smithi077.stdout:/usr/bin/ceph: stderr
2024-04-25T02:00:19.643+0000 7fdeaf7fe700 1 -- 172.21.15.77:0/368840833 --> [v2:172.21.15.77:3300/0,v1:172.21.15.77:6789/0] -- mon_subscribe({config=0+,monmap=0+}) v3 -- 0x7fdeb00777b0 con 0x7fdeb0078cc0
2024-04-25T02:00:20.512 INFO:teuthology.orchestra.run.smithi077.stdout:/usr/bin/ceph: stderr
2024-04-25T02:00:19.644+0000 7fdeaf7fe700 1 --2- 172.21.15.77:0/368840833 >> [v2:172.21.15.77:3300/0,v1:172.21.15.77:6789/0] conn(0x7fdeb0078cc0 0x7fdeb0077270 secure :-1 s=READY pgs=67 cs=0 l=1 rev1=1 crypto rx=0x7fdea00098e0 tx=0x7fdea0009250 comp rx=0 tx=0).ready entity=mon.0 client_cookie=608854fc2ae7301b server_cookie=0 in_seq=0 out_seq=0
2024-04-25T02:00:20.512 INFO:teuthology.orchestra.run.smithi077.stdout:/usr/bin/ceph: stderr
2024-04-25T02:00:19.644+0000 7fdeae7fc700 1 -- 172.21.15.77:0/368840833 <== mon.0 v2:172.21.15.77:3300/0 1 ==== mon_map magic: 0 v1 ==== 229+0+0 (secure 0 0 0) 0x7fdea000b860 con 0x7fdeb0078cc0
2024-04-25T02:00:20.512 INFO:teuthology.orchestra.run.smithi077.stdout:/usr/bin/ceph: stderr
2024-04-25T02:00:19.644+0000 7fdeae7fc700 1 -- 172.21.15.77:0/368840833 <== mon.0 v2:172.21.15.77:3300/0 2 ==== config(27 keys) v1 ==== 1109+0+0 (secure 0 0 0) 0x7fdea000be90 con 0x7fdeb0078cc0
2024-04-25T02:00:20.512 INFO:teuthology.orchestra.run.smithi077.stdout:/usr/bin/ceph: stderr
2024-04-25T02:00:19.644+0000 7fdeae7fc700 1 -- 172.21.15.77:0/368840833 <== mon.0 v2:172.21.15.77:3300/0 3 ==== mon_map magic: 0 v1 ==== 229+0+0 (secure 0 0 0) 0x7fdea00103c0 con 0x7fdeb0078cc0
2024-04-25T02:00:20.513 INFO:teuthology.orchestra.run.smithi077.stdout:/usr/bin/ceph: stderr
2024-04-25T02:00:19.644+0000 7fdeb5e10700 1 -- 172.21.15.77:0/368840833 >> [v2:172.21.15.77:3300/0,v1:172.21.15.77:6789/0] conn(0x7fdeb0078cc0 msgr2=0x7fdeb0077270 secure :-1 s=STATE_CONNECTION_ESTABLISHED l=1).mark_down
2024-04-25T02:00:20.513 INFO:teuthology.orchestra.run.smithi077.stdout:/usr/bin/ceph: stderr
2024-04-25T02:00:19.644+0000 7fdeb5e10700 1 --2- 172.21.15.77:0/368840833 >> [v2:172.21.15.77:3300/0,v1:172.21.15.77:6789/0] conn(0x7fdeb0078cc0 0x7fdeb0077270 secure :-1 s=READY pgs=67 cs=0 l=1 rev1=1 crypto rx=0x7fdea00098e0 tx=0x7fdea0009250 comp rx=0 tx=0).stop
2024-04-25T02:00:20.513 INFO:teuthology.orchestra.run.smithi077.stdout:/usr/bin/ceph: stderr
2024-04-25T02:00:19.644+0000 7fdeb5e10700 1 -- 172.21.15.77:0/368840833 shutdown_connections
2024-04-25T02:00:20.513 INFO:teuthology.orchestra.run.smithi077.stdout:/usr/bin/ceph: stderr
2024-04-25T02:00:19.644+0000 7fdeb5e10700 1 --2- 172.21.15.77:0/368840833 >> [v2:172.21.15.77:3300/0,v1:172.21.15.77:6789/0] conn(0x7fdeb0078cc0 0x7fdeb0077270 unknown :-1 s=CLOSED pgs=67 cs=0 l=1 rev1=1 crypto rx=0 tx=0 comp rx=0 tx=0).stop
2024-04-25T02:00:20.513 INFO:teuthology.orchestra.run.smithi077.stdout:/usr/bin/ceph: stderr
2024-04-25T02:00:19.644+0000 7fdeb5e10700 1 -- 172.21.15.77:0/368840833 >> 172.21.15.77:0/368840833 conn(0x7fdeb00fe030 msgr2=0x7fdeb0100440 unknown :-1 s=STATE_NONE l=0).mark_down
2024-04-25T02:00:20.513 INFO:teuthology.orchestra.run.smithi077.stdout:/usr/bin/ceph: stderr
2024-04-25T02:00:19.644+0000 7fdeb5e10700 1 -- 172.21.15.77:0/368840833 shutdown_connections
2024-04-25T02:00:20.513 INFO:teuthology.orchestra.run.smithi077.stdout:/usr/bin/ceph: stderr
2024-04-25T02:00:19.645+0000 7fdeb5e10700 1 -- 172.21.15.77:0/368840833 wait complete.
2024-04-25T02:00:20.513 INFO:teuthology.orchestra.run.smithi077.stdout:/usr/bin/ceph: stderr
2024-04-25T02:00:19.645+0000 7fdeb5e10700 1 Processor -- start
2024-04-25T02:00:20.513 INFO:teuthology.orchestra.run.smithi077.stdout:/usr/bin/ceph: stderr
2024-04-25T02:00:19.645+0000 7fdeb5e10700 1 -- start start
2024-04-25T02:00:20.513 INFO:teuthology.orchestra.run.smithi077.stdout:/usr/bin/ceph: stderr
2024-04-25T02:00:19.645+0000 7fdeb5e10700 1 --2- >> [v2:172.21.15.77:3300/0,v1:172.21.15.77:6789/0] conn(0x7fdeb0078cc0 0x7fdeb01137f0 unknown :-1 s=NONE pgs=0 cs=0 l=1 rev1=0 crypto rx=0 tx=0 comp rx=0 tx=0).connect
2024-04-25T02:00:20.513 INFO:teuthology.orchestra.run.smithi077.stdout:/usr/bin/ceph: stderr
2024-04-25T02:00:19.645+0000 7fdeb5e10700 1 -- --> [v2:172.21.15.77:3300/0,v1:172.21.15.77:6789/0] -- mon_getmap magic: 0 v1 -- 0x7fdeb0113d30 con 0x7fdeb0078cc0
2024-04-25T02:00:20.513 INFO:teuthology.orchestra.run.smithi077.stdout:/usr/bin/ceph: stderr
2024-04-25T02:00:19.645+0000 7fdeaf7fe700 1 --2- >> [v2:172.21.15.77:3300/0,v1:172.21.15.77:6789/0] conn(0x7fdeb0078cc0 0x7fdeb01137f0 unknown :-1 s=BANNER_CONNECTING pgs=0 cs=0 l=1 rev1=0 crypto rx=0 tx=0 comp rx=0 tx=0)._handle_peer_banner_payload supported=3 required=0
2024-04-25T02:00:20.513 INFO:teuthology.orchestra.run.smithi077.stdout:/usr/bin/ceph: stderr
2024-04-25T02:00:19.646+0000 7fdeaf7fe700 1 --2- >> [v2:172.21.15.77:3300/0,v1:172.21.15.77:6789/0] conn(0x7fdeb0078cc0 0x7fdeb01137f0 unknown :-1 s=HELLO_CONNECTING pgs=0 cs=0 l=1 rev1=1 crypto rx=0 tx=0 comp rx=0 tx=0).handle_hello peer v2:172.21.15.77:3300/0 says I am v2:172.21.15.77:48164/0 (socket says 172.21.15.77:48164)
2024-04-25T02:00:20.513 INFO:teuthology.orchestra.run.smithi077.stdout:/usr/bin/ceph: stderr
2024-04-25T02:00:19.646+0000 7fdeaf7fe700 1 -- 172.21.15.77:0/1363180224 learned_addr learned my addr 172.21.15.77:0/1363180224 (peer_addr_for_me v2:172.21.15.77:0/0)
2024-04-25T02:00:20.513 INFO:teuthology.orchestra.run.smithi077.stdout:/usr/bin/ceph: stderr
2024-04-25T02:00:19.646+0000 7fdeaf7fe700 1 -- 172.21.15.77:0/1363180224 --> [v2:172.21.15.77:3300/0,v1:172.21.15.77:6789/0] -- mon_subscribe({config=0+,monmap=0+}) v3 -- 0x7fdea00094f0 con 0x7fdeb0078cc0
2024-04-25T02:00:20.514 INFO:teuthology.orchestra.run.smithi077.stdout:/usr/bin/ceph: stderr
2024-04-25T02:00:19.646+0000 7fdeaf7fe700 1 --2- 172.21.15.77:0/1363180224 >> [v2:172.21.15.77:3300/0,v1:172.21.15.77:6789/0] conn(0x7fdeb0078cc0 0x7fdeb01137f0 secure :-1 s=READY pgs=68 cs=0 l=1 rev1=1 crypto rx=0x7fdea00094c0 tx=0x7fdea0009250 comp rx=0 tx=0).ready entity=mon.0 client_cookie=0 server_cookie=0 in_seq=0 out_seq=0
2024-04-25T02:00:20.514 INFO:teuthology.orchestra.run.smithi077.stdout:/usr/bin/ceph: stderr
2024-04-25T02:00:19.646+0000 7fde97fff700 1 -- 172.21.15.77:0/1363180224 <== mon.0 v2:172.21.15.77:3300/0 1 ==== mon_map magic: 0 v1 ==== 229+0+0 (secure 0 0 0) 0x7fdea0010890 con 0x7fdeb0078cc0
2024-04-25T02:00:20.514 INFO:teuthology.orchestra.run.smithi077.stdout:/usr/bin/ceph: stderr
2024-04-25T02:00:19.646+0000 7fde97fff700 1 -- 172.21.15.77:0/1363180224 <== mon.0 v2:172.21.15.77:3300/0 2 ==== config(27 keys) v1 ==== 1109+0+0 (secure 0 0 0) 0x7fdea0010ec0 con 0x7fdeb0078cc0
2024-04-25T02:00:20.514 INFO:teuthology.orchestra.run.smithi077.stdout:/usr/bin/ceph: stderr
2024-04-25T02:00:19.646+0000 7fdeb5e10700 1 -- 172.21.15.77:0/1363180224 --> [v2:172.21.15.77:3300/0,v1:172.21.15.77:6789/0] -- mon_subscribe({mgrmap=0+}) v3 -- 0x7fdeb0113f30 con 0x7fdeb0078cc0
2024-04-25T02:00:20.514 INFO:teuthology.orchestra.run.smithi077.stdout:/usr/bin/ceph: stderr
2024-04-25T02:00:19.646+0000 7fde97fff700 1 -- 172.21.15.77:0/1363180224 <== mon.0 v2:172.21.15.77:3300/0 3 ==== mon_map magic: 0 v1 ==== 229+0+0 (secure 0 0 0) 0x7fdea00243f0 con 0x7fdeb0078cc0
2024-04-25T02:00:20.514 INFO:teuthology.orchestra.run.smithi077.stdout:/usr/bin/ceph: stderr
2024-04-25T02:00:19.646+0000 7fdeb5e10700 1 -- 172.21.15.77:0/1363180224 --> [v2:172.21.15.77:3300/0,v1:172.21.15.77:6789/0] -- mon_subscribe({osdmap=0}) v3 -- 0x7fdeb0114aa0 con 0x7fdeb0078cc0
2024-04-25T02:00:20.514 INFO:teuthology.orchestra.run.smithi077.stdout:/usr/bin/ceph: stderr
2024-04-25T02:00:19.647+0000 7fdeb5e10700 1 -- 172.21.15.77:0/1363180224 --> [v2:172.21.15.77:3300/0,v1:172.21.15.77:6789/0] -- mon_command({"prefix": "get_command_descriptions"} v 0) v1 -- 0x7fdeb005f5c0 con 0x7fdeb0078cc0
2024-04-25T02:00:20.514 INFO:teuthology.orchestra.run.smithi077.stdout:/usr/bin/ceph: stderr
2024-04-25T02:00:19.647+0000 7fde97fff700 1 -- 172.21.15.77:0/1363180224 <== mon.0 v2:172.21.15.77:3300/0 4 ==== mgrmap(e 9) v1 ==== 43389+0+0 (secure 0 0 0) 0x7fdea002d3f0 con 0x7fdeb0078cc0
2024-04-25T02:00:20.514 INFO:teuthology.orchestra.run.smithi077.stdout:/usr/bin/ceph: stderr
2024-04-25T02:00:19.647+0000 7fde97fff700 1 --2- 172.21.15.77:0/1363180224 >> [v2:172.21.15.77:6800/859750200,v1:172.21.15.77:6801/859750200] conn(0x7fde980368a0 0x7fde98038d50 unknown :-1 s=NONE pgs=0 cs=0 l=1 rev1=0 crypto rx=0 tx=0 comp rx=0 tx=0).connect
2024-04-25T02:00:20.514 INFO:teuthology.orchestra.run.smithi077.stdout:/usr/bin/ceph: stderr
2024-04-25T02:00:19.647+0000 7fde97fff700 1 -- 172.21.15.77:0/1363180224 <== mon.0 v2:172.21.15.77:3300/0 5 ==== osd_map(2..2 src has 1..2) v4 ==== 936+0+0 (secure 0 0 0) 0x7fdea004a2d0 con 0x7fdeb0078cc0
2024-04-25T02:00:20.514 INFO:teuthology.orchestra.run.smithi077.stdout:/usr/bin/ceph: stderr
2024-04-25T02:00:19.647+0000 7fdeaeffd700 1 -- 172.21.15.77:0/1363180224 >> [v2:172.21.15.77:6800/859750200,v1:172.21.15.77:6801/859750200] conn(0x7fde980368a0 msgr2=0x7fde98038d50 unknown :-1 s=STATE_CONNECTING_RE l=1).process reconnect failed to v2:172.21.15.77:6800/859750200
2024-04-25T02:00:20.514 INFO:teuthology.orchestra.run.smithi077.stdout:/usr/bin/ceph: stderr
2024-04-25T02:00:19.647+0000 7fdeaeffd700 1 --2- 172.21.15.77:0/1363180224 >> [v2:172.21.15.77:6800/859750200,v1:172.21.15.77:6801/859750200] conn(0x7fde980368a0 0x7fde98038d50 unknown :-1 s=START_CONNECT pgs=0 cs=0 l=1 rev1=0 crypto rx=0 tx=0 comp rx=0 tx=0)._fault waiting 0.200000
2024-04-25T02:00:20.514 INFO:teuthology.orchestra.run.smithi077.stdout:/usr/bin/ceph: stderr
2024-04-25T02:00:19.652+0000 7fde97fff700 1 -- 172.21.15.77:0/1363180224 <== mon.0 v2:172.21.15.77:3300/0 6 ==== mon_command_ack([{"prefix": "get_command_descriptions"}]=0 v0) v1 ==== 72+0+176702 (secure 0 0 0) 0x7fdea002b8e0 con 0x7fdeb0078cc0
2024-04-25T02:00:20.515 INFO:teuthology.orchestra.run.smithi077.stdout:/usr/bin/ceph: stderr
2024-04-25T02:00:19.848+0000 7fdeaeffd700 1 -- 172.21.15.77:0/1363180224 >> [v2:172.21.15.77:6800/859750200,v1:172.21.15.77:6801/859750200] conn(0x7fde980368a0 msgr2=0x7fde98038d50 unknown :-1 s=STATE_CONNECTING_RE l=1).process reconnect failed to v2:172.21.15.77:6800/859750200
2024-04-25T02:00:20.515 INFO:teuthology.orchestra.run.smithi077.stdout:/usr/bin/ceph: stderr
2024-04-25T02:00:19.848+0000 7fdeaeffd700 1 --2- 172.21.15.77:0/1363180224 >> [v2:172.21.15.77:6800/859750200,v1:172.21.15.77:6801/859750200] conn(0x7fde980368a0 0x7fde98038d50 unknown :-1 s=START_CONNECT pgs=0 cs=0 l=1 rev1=0 crypto rx=0 tx=0 comp rx=0 tx=0)._fault waiting 0.400000
2024-04-25T02:00:20.515 INFO:teuthology.orchestra.run.smithi077.stdout:/usr/bin/ceph: stderr
2024-04-25T02:00:19.931+0000 7fdeb5e10700 1 -- 172.21.15.77:0/1363180224 --> [v2:172.21.15.77:3300/0,v1:172.21.15.77:6789/0] -- mon_command({"prefix": "mgr stat"} v 0) v1 -- 0x7fdeb0114e40 con 0x7fdeb0078cc0
2024-04-25T02:00:20.515 INFO:teuthology.orchestra.run.smithi077.stdout:/usr/bin/ceph: stderr
2024-04-25T02:00:19.932+0000 7fde97fff700 1 -- 172.21.15.77:0/1363180224 <== mon.0 v2:172.21.15.77:3300/0 7 ==== mon_command_ack([{"prefix": "mgr stat"}]=0 v9) v1 ==== 56+0+103 (secure 0 0 0) 0x7fdea002b2f0 con 0x7fdeb0078cc0
2024-04-25T02:00:20.515 INFO:teuthology.orchestra.run.smithi077.stdout:/usr/bin/ceph: stderr
2024-04-25T02:00:19.934+0000 7fdeb5e10700 1 -- 172.21.15.77:0/1363180224 >> [v2:172.21.15.77:6800/859750200,v1:172.21.15.77:6801/859750200] conn(0x7fde980368a0 msgr2=0x7fde98038d50 unknown :-1 s=STATE_CONNECTING l=1).mark_down
2024-04-25T02:00:20.515 INFO:teuthology.orchestra.run.smithi077.stdout:/usr/bin/ceph: stderr
2024-04-25T02:00:19.934+0000 7fdeb5e10700 1 --2- 172.21.15.77:0/1363180224 >> [v2:172.21.15.77:6800/859750200,v1:172.21.15.77:6801/859750200] conn(0x7fde980368a0 0x7fde98038d50 unknown :-1 s=START_CONNECT pgs=0 cs=0 l=1 rev1=0 crypto rx=0 tx=0 comp rx=0 tx=0).stop
2024-04-25T02:00:20.515 INFO:teuthology.orchestra.run.smithi077.stdout:/usr/bin/ceph: stderr
2024-04-25T02:00:19.934+0000 7fdeb5e10700 1 -- 172.21.15.77:0/1363180224 >> [v2:172.21.15.77:3300/0,v1:172.21.15.77:6789/0] conn(0x7fdeb0078cc0 msgr2=0x7fdeb01137f0 secure :-1 s=STATE_CONNECTION_ESTABLISHED l=1).mark_down
2024-04-25T02:00:20.515 INFO:teuthology.orchestra.run.smithi077.stdout:/usr/bin/ceph: stderr
2024-04-25T02:00:19.934+0000 7fdeb5e10700 1 --2- 172.21.15.77:0/1363180224 >> [v2:172.21.15.77:3300/0,v1:172.21.15.77:6789/0] conn(0x7fdeb0078cc0 0x7fdeb01137f0 secure :-1 s=READY pgs=68 cs=0 l=1 rev1=1 crypto rx=0x7fdea00094c0 tx=0x7fdea0009250 comp rx=0 tx=0).stop
2024-04-25T02:00:20.515 INFO:teuthology.orchestra.run.smithi077.stdout:/usr/bin/ceph: stderr
2024-04-25T02:00:19.934+0000 7fdeb5e10700 1 -- 172.21.15.77:0/1363180224 shutdown_connections
2024-04-25T02:00:20.515 INFO:teuthology.orchestra.run.smithi077.stdout:/usr/bin/ceph: stderr
2024-04-25T02:00:19.934+0000 7fdeb5e10700 1 --2- 172.21.15.77:0/1363180224 >> [v2:172.21.15.77:6800/859750200,v1:172.21.15.77:6801/859750200] conn(0x7fde980368a0 0x7fde98038d50 unknown :-1 s=CLOSED pgs=0 cs=0 l=1 rev1=0 crypto rx=0 tx=0 comp rx=0 tx=0).stop
2024-04-25T02:00:20.515 INFO:teuthology.orchestra.run.smithi077.stdout:/usr/bin/ceph: stderr
2024-04-25T02:00:19.934+0000 7fdeb5e10700 1 --2- 172.21.15.77:0/1363180224 >> [v2:172.21.15.77:3300/0,v1:172.21.15.77:6789/0] conn(0x7fdeb0078cc0 0x7fdeb01137f0 unknown :-1 s=CLOSED pgs=68 cs=0 l=1 rev1=1 crypto rx=0 tx=0 comp rx=0 tx=0).stop
2024-04-25T02:00:20.515 INFO:teuthology.orchestra.run.smithi077.stdout:/usr/bin/ceph: stderr
2024-04-25T02:00:19.934+0000 7fdeb5e10700 1 -- 172.21.15.77:0/1363180224 >> 172.21.15.77:0/1363180224 conn(0x7fdeb00fe030 msgr2=0x7fdeb00feb30 unknown :-1 s=STATE_NONE l=0).mark_down
2024-04-25T02:00:20.515 INFO:teuthology.orchestra.run.smithi077.stdout:/usr/bin/ceph: stderr
2024-04-25T02:00:19.934+0000 7fdeb5e10700 1 -- 172.21.15.77:0/1363180224 shutdown_connections
2024-04-25T02:00:20.515 INFO:teuthology.orchestra.run.smithi077.stdout:/usr/bin/ceph: stderr
2024-04-25T02:00:19.935+0000 7fdeb5e10700 1 -- 172.21.15.77:0/1363180224 wait complete.
2024-04-25T02:00:20.516 INFO:teuthology.orchestra.run.smithi077.stdout:Waiting for the mgr to restart...
2024-04-25T02:00:20.516 INFO:teuthology.orchestra.run.smithi077.stdout:Waiting for mgr epoch 9...
2024-04-25T02:00:20.761 INFO:journalctl@ceph.mon.smithi077.smithi077.stdout:Apr 25 02:00:20 smithi077 ceph-mon[26330]: from='client.? 172.21.15.77:0/1363180224' entity='client.admin' cmd=[{"prefix": "mgr stat"}]: dispatch
2024-04-25T02:00:25.477 INFO:journalctl@ceph.mon.smithi077.smithi077.stdout:Apr 25 02:00:25 smithi077 ceph-mon[26330]: Active manager daemon smithi077.zpflzp restarted
2024-04-25T02:00:25.477 INFO:journalctl@ceph.mon.smithi077.smithi077.stdout:Apr 25 02:00:25 smithi077 ceph-mon[26330]: Activating manager daemon smithi077.zpflzp
2024-04-25T02:00:25.477 INFO:journalctl@ceph.mon.smithi077.smithi077.stdout:Apr 25 02:00:25 smithi077 ceph-mon[26330]: osdmap e3: 0 total, 0 up, 0 in
2024-04-25T02:00:25.477 INFO:journalctl@ceph.mon.smithi077.smithi077.stdout:Apr 25 02:00:25 smithi077 ceph-mon[26330]: mgrmap e10: smithi077.zpflzp(active, starting, since 0.0032288s)
2024-04-25T02:00:25.477 INFO:journalctl@ceph.mon.smithi077.smithi077.stdout:Apr 25 02:00:25 smithi077 ceph-mon[26330]: from='mgr.14160 172.21.15.77:0/3867600355' entity='mgr.smithi077.zpflzp' cmd=[{"prefix": "mon metadata", "id": "smithi077"}]: dispatch
2024-04-25T02:00:25.477 INFO:journalctl@ceph.mon.smithi077.smithi077.stdout:Apr 25 02:00:25 smithi077 ceph-mon[26330]: from='mgr.14160 172.21.15.77:0/3867600355' entity='mgr.smithi077.zpflzp' cmd=[{"prefix": "mgr metadata", "who": "smithi077.zpflzp", "id": "smithi077.zpflzp"}]: dispatch
2024-04-25T02:00:25.477 INFO:journalctl@ceph.mon.smithi077.smithi077.stdout:Apr 25 02:00:25 smithi077 ceph-mon[26330]: from='mgr.14160 172.21.15.77:0/3867600355' entity='mgr.smithi077.zpflzp' cmd=[{"prefix": "mds metadata"}]: dispatch
2024-04-25T02:00:25.477 INFO:journalctl@ceph.mon.smithi077.smithi077.stdout:Apr 25 02:00:25 smithi077 ceph-mon[26330]: from='mgr.14160 172.21.15.77:0/3867600355' entity='mgr.smithi077.zpflzp' cmd=[{"prefix": "osd metadata"}]: dispatch
2024-04-25T02:00:25.478 INFO:journalctl@ceph.mon.smithi077.smithi077.stdout:Apr 25 02:00:25 smithi077 ceph-mon[26330]: from='mgr.14160 172.21.15.77:0/3867600355' entity='mgr.smithi077.zpflzp' cmd=[{"prefix": "mon metadata"}]: dispatch
2024-04-25T02:00:25.478 INFO:journalctl@ceph.mon.smithi077.smithi077.stdout:Apr 25 02:00:25 smithi077 ceph-mon[26330]: Manager daemon smithi077.zpflzp is now available
2024-04-25T02:00:25.478 INFO:journalctl@ceph.mon.smithi077.smithi077.stdout:Apr 25 02:00:25 smithi077 ceph-mon[26330]: from='mgr.14160 172.21.15.77:0/3867600355' entity='mgr.smithi077.zpflzp' cmd=[{"prefix": "config dump", "format": "json"}]: dispatch
2024-04-25T02:00:25.478 INFO:journalctl@ceph.mon.smithi077.smithi077.stdout:Apr 25 02:00:25 smithi077 ceph-mon[26330]: from='mgr.14160 172.21.15.77:0/3867600355' entity='mgr.smithi077.zpflzp' cmd=[{"prefix": "config dump", "format": "json"}]: dispatch
2024-04-25T02:00:25.478 INFO:journalctl@ceph.mon.smithi077.smithi077.stdout:Apr 25 02:00:25 smithi077 ceph-mon[26330]: from='mgr.14160 172.21.15.77:0/3867600355' entity='mgr.smithi077.zpflzp' cmd=[{"prefix":"config rm","who":"mgr","name":"mgr/rbd_support/smithi077.zpflzp/mirror_snapshot_schedule"}]: dispatch
2024-04-25T02:00:25.478 INFO:journalctl@ceph.mon.smithi077.smithi077.stdout:Apr 25 02:00:25 smithi077 ceph-mon[26330]: from='mgr.14160 172.21.15.77:0/3867600355' entity='mgr.smithi077.zpflzp' cmd=[{"prefix":"config rm","who":"mgr","name":"mgr/rbd_support/smithi077.zpflzp/trash_purge_schedule"}]: dispatch
2024-04-25T02:00:26.670 INFO:journalctl@ceph.mon.smithi077.smithi077.stdout:Apr 25 02:00:26 smithi077 ceph-mon[26330]: [25/Apr/2024:02:00:25] ENGINE Bus STARTING
2024-04-25T02:00:26.670 INFO:journalctl@ceph.mon.smithi077.smithi077.stdout:Apr 25 02:00:26 smithi077 ceph-mon[26330]: [25/Apr/2024:02:00:25] ENGINE Serving on https://172.21.15.77:7150
2024-04-25T02:00:26.670 INFO:journalctl@ceph.mon.smithi077.smithi077.stdout:Apr 25 02:00:26 smithi077 ceph-mon[26330]: [25/Apr/2024:02:00:25] ENGINE Bus STARTED
2024-04-25T02:00:26.670 INFO:journalctl@ceph.mon.smithi077.smithi077.stdout:Apr 25 02:00:26 smithi077 ceph-mon[26330]: from='mgr.14160 172.21.15.77:0/3867600355' entity='mgr.smithi077.zpflzp'
2024-04-25T02:00:26.670 INFO:journalctl@ceph.mon.smithi077.smithi077.stdout:Apr 25 02:00:26 smithi077 ceph-mon[26330]: mgrmap e11: smithi077.zpflzp(active, since 1.0059s)
2024-04-25T02:00:26.680 INFO:teuthology.orchestra.run.smithi077.stdout:/usr/bin/ceph: stdout {
2024-04-25T02:00:26.680 INFO:teuthology.orchestra.run.smithi077.stdout:/usr/bin/ceph: stdout "mgrmap_epoch": 11,
2024-04-25T02:00:26.680 INFO:teuthology.orchestra.run.smithi077.stdout:/usr/bin/ceph: stdout "initialized": true
2024-04-25T02:00:26.680 INFO:teuthology.orchestra.run.smithi077.stdout:/usr/bin/ceph: stdout }
2024-04-25T02:00:26.680 INFO:teuthology.orchestra.run.smithi077.stdout:/usr/bin/ceph: stderr
2024-04-25T02:00:20.951+0000 7f226af3c700 1 Processor -- start
2024-04-25T02:00:26.680 INFO:teuthology.orchestra.run.smithi077.stdout:/usr/bin/ceph: stderr
2024-04-25T02:00:20.951+0000 7f226af3c700 1 -- start start
2024-04-25T02:00:26.680 INFO:teuthology.orchestra.run.smithi077.stdout:/usr/bin/ceph: stderr
2024-04-25T02:00:20.951+0000 7f226af3c700 1 --2- >> [v2:172.21.15.77:3300/0,v1:172.21.15.77:6789/0] conn(0x7f2264076c10 0x7f2264105440 unknown :-1 s=NONE pgs=0 cs=0 l=0 rev1=0 crypto rx=0 tx=0 comp rx=0 tx=0).connect
2024-04-25T02:00:26.680 INFO:teuthology.orchestra.run.smithi077.stdout:/usr/bin/ceph: stderr
2024-04-25T02:00:20.951+0000 7f226af3c700 1 -- --> [v2:172.21.15.77:3300/0,v1:172.21.15.77:6789/0] -- mon_getmap magic: 0 v1 -- 0x7f2264105980 con 0x7f2264076c10
2024-04-25T02:00:26.680 INFO:teuthology.orchestra.run.smithi077.stdout:/usr/bin/ceph: stderr
2024-04-25T02:00:20.951+0000 7f2268cd8700 1 --2- >> [v2:172.21.15.77:3300/0,v1:172.21.15.77:6789/0] conn(0x7f2264076c10 0x7f2264105440 unknown :-1 s=BANNER_CONNECTING pgs=0 cs=0 l=0 rev1=0 crypto rx=0 tx=0 comp rx=0 tx=0)._handle_peer_banner_payload supported=3 required=0
2024-04-25T02:00:26.680 INFO:teuthology.orchestra.run.smithi077.stdout:/usr/bin/ceph: stderr
2024-04-25T02:00:20.951+0000 7f2268cd8700 1 --2- >> [v2:172.21.15.77:3300/0,v1:172.21.15.77:6789/0] conn(0x7f2264076c10 0x7f2264105440 unknown :-1 s=HELLO_CONNECTING pgs=0 cs=0 l=0 rev1=1 crypto rx=0 tx=0 comp rx=0 tx=0).handle_hello peer v2:172.21.15.77:3300/0 says I am v2:172.21.15.77:48178/0 (socket says 172.21.15.77:48178)
2024-04-25T02:00:26.681 INFO:teuthology.orchestra.run.smithi077.stdout:/usr/bin/ceph: stderr
2024-04-25T02:00:20.951+0000 7f2268cd8700 1 -- 172.21.15.77:0/2865354238 learned_addr learned my addr 172.21.15.77:0/2865354238 (peer_addr_for_me v2:172.21.15.77:0/0)
2024-04-25T02:00:26.681 INFO:teuthology.orchestra.run.smithi077.stdout:/usr/bin/ceph: stderr
2024-04-25T02:00:20.951+0000 7f2268cd8700 1 -- 172.21.15.77:0/2865354238 --> [v2:172.21.15.77:3300/0,v1:172.21.15.77:6789/0] -- mon_subscribe({config=0+,monmap=0+}) v3 -- 0x7f2264105ac0 con 0x7f2264076c10
2024-04-25T02:00:26.681 INFO:teuthology.orchestra.run.smithi077.stdout:/usr/bin/ceph: stderr
2024-04-25T02:00:20.952+0000 7f2268cd8700 1 --2- 172.21.15.77:0/2865354238 >> [v2:172.21.15.77:3300/0,v1:172.21.15.77:6789/0] conn(0x7f2264076c10 0x7f2264105440 secure :-1 s=READY pgs=69 cs=0 l=1 rev1=1 crypto rx=0x7f22580098e0 tx=0x7f2258009250 comp rx=0 tx=0).ready entity=mon.0 client_cookie=15623d46f3c1631c server_cookie=0 in_seq=0 out_seq=0
2024-04-25T02:00:26.681 INFO:teuthology.orchestra.run.smithi077.stdout:/usr/bin/ceph: stderr
2024-04-25T02:00:20.952+0000 7f22637fe700 1 -- 172.21.15.77:0/2865354238 <== mon.0 v2:172.21.15.77:3300/0 1 ==== mon_map magic: 0 v1 ==== 229+0+0 (secure 0 0 0) 0x7f225800b860 con 0x7f2264076c10
2024-04-25T02:00:26.681 INFO:teuthology.orchestra.run.smithi077.stdout:/usr/bin/ceph: stderr
2024-04-25T02:00:20.952+0000 7f22637fe700 1 -- 172.21.15.77:0/2865354238 <== mon.0 v2:172.21.15.77:3300/0 2 ==== config(27 keys) v1 ==== 1109+0+0 (secure 0 0 0) 0x7f225800be90 con 0x7f2264076c10
2024-04-25T02:00:26.681 INFO:teuthology.orchestra.run.smithi077.stdout:/usr/bin/ceph: stderr
2024-04-25T02:00:20.952+0000 7f22637fe700 1 -- 172.21.15.77:0/2865354238 <== mon.0 v2:172.21.15.77:3300/0 3 ==== mon_map magic: 0 v1 ==== 229+0+0 (secure 0 0 0) 0x7f22580103c0 con 0x7f2264076c10
2024-04-25T02:00:26.681 INFO:teuthology.orchestra.run.smithi077.stdout:/usr/bin/ceph: stderr
2024-04-25T02:00:20.953+0000 7f226af3c700 1 -- 172.21.15.77:0/2865354238 >> [v2:172.21.15.77:3300/0,v1:172.21.15.77:6789/0] conn(0x7f2264076c10 msgr2=0x7f2264105440 secure :-1 s=STATE_CONNECTION_ESTABLISHED l=1).mark_down
2024-04-25T02:00:26.681 INFO:teuthology.orchestra.run.smithi077.stdout:/usr/bin/ceph: stderr
2024-04-25T02:00:20.953+0000 7f226af3c700 1 --2- 172.21.15.77:0/2865354238 >> [v2:172.21.15.77:3300/0,v1:172.21.15.77:6789/0] conn(0x7f2264076c10 0x7f2264105440 secure :-1 s=READY pgs=69 cs=0 l=1 rev1=1 crypto rx=0x7f22580098e0 tx=0x7f2258009250 comp rx=0 tx=0).stop
2024-04-25T02:00:26.681 INFO:teuthology.orchestra.run.smithi077.stdout:/usr/bin/ceph: stderr
2024-04-25T02:00:20.953+0000 7f226af3c700 1 -- 172.21.15.77:0/2865354238 shutdown_connections
2024-04-25T02:00:26.681 INFO:teuthology.orchestra.run.smithi077.stdout:/usr/bin/ceph: stderr
2024-04-25T02:00:20.953+0000 7f226af3c700 1 --2- 172.21.15.77:0/2865354238 >> [v2:172.21.15.77:3300/0,v1:172.21.15.77:6789/0] conn(0x7f2264076c10 0x7f2264105440 unknown :-1 s=CLOSED pgs=69 cs=0 l=1 rev1=1 crypto rx=0 tx=0 comp rx=0 tx=0).stop
2024-04-25T02:00:26.681 INFO:teuthology.orchestra.run.smithi077.stdout:/usr/bin/ceph: stderr
2024-04-25T02:00:20.953+0000 7f226af3c700 1 -- 172.21.15.77:0/2865354238 >> 172.21.15.77:0/2865354238 conn(0x7f22640fced0 msgr2=0x7f22640ff2e0 unknown :-1 s=STATE_NONE l=0).mark_down
2024-04-25T02:00:26.681 INFO:teuthology.orchestra.run.smithi077.stdout:/usr/bin/ceph: stderr
2024-04-25T02:00:20.953+0000 7f226af3c700 1 -- 172.21.15.77:0/2865354238 shutdown_connections
2024-04-25T02:00:26.681 INFO:teuthology.orchestra.run.smithi077.stdout:/usr/bin/ceph: stderr
2024-04-25T02:00:20.953+0000 7f226af3c700 1 -- 172.21.15.77:0/2865354238 wait complete.
2024-04-25T02:00:26.681 INFO:teuthology.orchestra.run.smithi077.stdout:/usr/bin/ceph: stderr
2024-04-25T02:00:20.953+0000 7f226af3c700 1 Processor -- start
2024-04-25T02:00:26.682 INFO:teuthology.orchestra.run.smithi077.stdout:/usr/bin/ceph: stderr
2024-04-25T02:00:20.953+0000 7f226af3c700 1 -- start start
2024-04-25T02:00:26.682 INFO:teuthology.orchestra.run.smithi077.stdout:/usr/bin/ceph: stderr
2024-04-25T02:00:20.954+0000 7f226af3c700 1 --2- >> [v2:172.21.15.77:3300/0,v1:172.21.15.77:6789/0] conn(0x7f2264076c10 0x7f22641115b0 unknown :-1 s=NONE pgs=0 cs=0 l=1 rev1=0 crypto rx=0 tx=0 comp rx=0 tx=0).connect
2024-04-25T02:00:26.682 INFO:teuthology.orchestra.run.smithi077.stdout:/usr/bin/ceph: stderr
2024-04-25T02:00:20.954+0000 7f226af3c700 1 -- --> [v2:172.21.15.77:3300/0,v1:172.21.15.77:6789/0] -- mon_getmap magic: 0 v1 -- 0x7f2264111af0 con 0x7f2264076c10
2024-04-25T02:00:26.682 INFO:teuthology.orchestra.run.smithi077.stdout:/usr/bin/ceph: stderr
2024-04-25T02:00:20.954+0000 7f2268cd8700 1 --2- >> [v2:172.21.15.77:3300/0,v1:172.21.15.77:6789/0] conn(0x7f2264076c10 0x7f22641115b0 unknown :-1 s=BANNER_CONNECTING pgs=0 cs=0 l=1 rev1=0 crypto rx=0 tx=0 comp rx=0 tx=0)._handle_peer_banner_payload supported=3 required=0
2024-04-25T02:00:26.682 INFO:teuthology.orchestra.run.smithi077.stdout:/usr/bin/ceph: stderr
2024-04-25T02:00:20.954+0000 7f2268cd8700 1 --2- >> [v2:172.21.15.77:3300/0,v1:172.21.15.77:6789/0] conn(0x7f2264076c10 0x7f22641115b0 unknown :-1 s=HELLO_CONNECTING pgs=0 cs=0 l=1 rev1=1 crypto rx=0 tx=0 comp rx=0 tx=0).handle_hello peer v2:172.21.15.77:3300/0 says I am v2:172.21.15.77:48184/0 (socket says 172.21.15.77:48184)
2024-04-25T02:00:26.682 INFO:teuthology.orchestra.run.smithi077.stdout:/usr/bin/ceph: stderr
2024-04-25T02:00:20.954+0000 7f2268cd8700 1 -- 172.21.15.77:0/1970652695 learned_addr learned my addr 172.21.15.77:0/1970652695 (peer_addr_for_me v2:172.21.15.77:0/0)
2024-04-25T02:00:26.682 INFO:teuthology.orchestra.run.smithi077.stdout:/usr/bin/ceph: stderr
2024-04-25T02:00:20.954+0000 7f2268cd8700 1 -- 172.21.15.77:0/1970652695 --> [v2:172.21.15.77:3300/0,v1:172.21.15.77:6789/0] -- mon_subscribe({config=0+,monmap=0+}) v3 -- 0x7f22580094f0 con 0x7f2264076c10
2024-04-25T02:00:26.682 INFO:teuthology.orchestra.run.smithi077.stdout:/usr/bin/ceph: stderr
2024-04-25T02:00:20.954+0000 7f2268cd8700 1 --2- 172.21.15.77:0/1970652695 >> [v2:172.21.15.77:3300/0,v1:172.21.15.77:6789/0] conn(0x7f2264076c10 0x7f22641115b0 secure :-1 s=READY pgs=70 cs=0 l=1 rev1=1 crypto rx=0x7f22580094c0 tx=0x7f2258009250 comp rx=0 tx=0).ready entity=mon.0 client_cookie=0 server_cookie=0 in_seq=0 out_seq=0
2024-04-25T02:00:26.682 INFO:teuthology.orchestra.run.smithi077.stdout:/usr/bin/ceph: stderr
2024-04-25T02:00:20.954+0000 7f22617fa700 1 -- 172.21.15.77:0/1970652695 <== mon.0 v2:172.21.15.77:3300/0 1 ==== mon_map magic: 0 v1 ==== 229+0+0 (secure 0 0 0) 0x7f2258010890 con 0x7f2264076c10
2024-04-25T02:00:26.682 INFO:teuthology.orchestra.run.smithi077.stdout:/usr/bin/ceph: stderr
2024-04-25T02:00:20.954+0000 7f226af3c700 1 -- 172.21.15.77:0/1970652695 --> [v2:172.21.15.77:3300/0,v1:172.21.15.77:6789/0] -- mon_subscribe({mgrmap=0+}) v3 -- 0x7f2264111d50 con 0x7f2264076c10
2024-04-25T02:00:26.682 INFO:teuthology.orchestra.run.smithi077.stdout:/usr/bin/ceph: stderr
2024-04-25T02:00:20.954+0000 7f22617fa700 1 -- 172.21.15.77:0/1970652695 <== mon.0 v2:172.21.15.77:3300/0 2 ==== config(27 keys) v1 ==== 1109+0+0 (secure 0 0 0) 0x7f2258010ec0 con 0x7f2264076c10
2024-04-25T02:00:26.682 INFO:teuthology.orchestra.run.smithi077.stdout:/usr/bin/ceph: stderr
2024-04-25T02:00:20.954+0000 7f22617fa700 1 -- 172.21.15.77:0/1970652695 <== mon.0 v2:172.21.15.77:3300/0 3 ==== mon_map magic: 0 v1 ==== 229+0+0 (secure 0 0 0) 0x7f225801aea0 con 0x7f2264076c10
2024-04-25T02:00:26.682 INFO:teuthology.orchestra.run.smithi077.stdout:/usr/bin/ceph: stderr
2024-04-25T02:00:20.954+0000 7f226af3c700 1 -- 172.21.15.77:0/1970652695 --> [v2:172.21.15.77:3300/0,v1:172.21.15.77:6789/0] -- mon_subscribe({osdmap=0}) v3 -- 0x7f2264112860 con 0x7f2264076c10
2024-04-25T02:00:26.683 INFO:teuthology.orchestra.run.smithi077.stdout:/usr/bin/ceph: stderr
2024-04-25T02:00:20.955+0000 7f22617fa700 1 -- 172.21.15.77:0/1970652695 <== mon.0 v2:172.21.15.77:3300/0 4 ==== mgrmap(e 9) v1 ==== 43389+0+0 (secure 0 0 0) 0x7f225802d3f0 con 0x7f2264076c10
2024-04-25T02:00:26.683 INFO:teuthology.orchestra.run.smithi077.stdout:/usr/bin/ceph: stderr
2024-04-25T02:00:20.955+0000 7f22617fa700 1 --2- 172.21.15.77:0/1970652695 >> [v2:172.21.15.77:6800/859750200,v1:172.21.15.77:6801/859750200] conn(0x7f2254036870 0x7f2254038d20 unknown :-1 s=NONE pgs=0 cs=0 l=1 rev1=0 crypto rx=0 tx=0 comp rx=0 tx=0).connect
2024-04-25T02:00:26.683 INFO:teuthology.orchestra.run.smithi077.stdout:/usr/bin/ceph: stderr
2024-04-25T02:00:20.955+0000 7f22617fa700 1 -- 172.21.15.77:0/1970652695 --> [v2:172.21.15.77:6800/859750200,v1:172.21.15.77:6801/859750200] -- command(tid 0: {"prefix": "get_command_descriptions"}) v1 -- 0x7f2254039430 con 0x7f2254036870
2024-04-25T02:00:26.683 INFO:teuthology.orchestra.run.smithi077.stdout:/usr/bin/ceph: stderr
2024-04-25T02:00:20.955+0000 7f22617fa700 1 -- 172.21.15.77:0/1970652695 <== mon.0 v2:172.21.15.77:3300/0 5 ==== osd_map(2..2 src has 1..2) v4 ==== 936+0+0 (secure 0 0 0) 0x7f225804a230 con 0x7f2264076c10
2024-04-25T02:00:26.683 INFO:teuthology.orchestra.run.smithi077.stdout:/usr/bin/ceph: stderr
2024-04-25T02:00:20.955+0000 7f2263fff700 1 -- 172.21.15.77:0/1970652695 >> [v2:172.21.15.77:6800/859750200,v1:172.21.15.77:6801/859750200] conn(0x7f2254036870 msgr2=0x7f2254038d20 unknown :-1 s=STATE_CONNECTING_RE l=1).process reconnect failed to v2:172.21.15.77:6800/859750200
2024-04-25T02:00:26.683 INFO:teuthology.orchestra.run.smithi077.stdout:/usr/bin/ceph: stderr
2024-04-25T02:00:20.955+0000 7f2263fff700 1 --2- 172.21.15.77:0/1970652695 >> [v2:172.21.15.77:6800/859750200,v1:172.21.15.77:6801/859750200] conn(0x7f2254036870 0x7f2254038d20 unknown :-1 s=START_CONNECT pgs=0 cs=0 l=1 rev1=0 crypto rx=0 tx=0 comp rx=0 tx=0)._fault waiting 0.200000
2024-04-25T02:00:26.683 INFO:teuthology.orchestra.run.smithi077.stdout:/usr/bin/ceph: stderr
2024-04-25T02:00:21.156+0000 7f2263fff700 1 -- 172.21.15.77:0/1970652695 >> [v2:172.21.15.77:6800/859750200,v1:172.21.15.77:6801/859750200] conn(0x7f2254036870 msgr2=0x7f2254038d20 unknown :-1 s=STATE_CONNECTING_RE l=1).process reconnect failed to v2:172.21.15.77:6800/859750200
2024-04-25T02:00:26.683 INFO:teuthology.orchestra.run.smithi077.stdout:/usr/bin/ceph: stderr
2024-04-25T02:00:21.156+0000 7f2263fff700 1 --2- 172.21.15.77:0/1970652695 >> [v2:172.21.15.77:6800/859750200,v1:172.21.15.77:6801/859750200] conn(0x7f2254036870 0x7f2254038d20 unknown :-1 s=START_CONNECT pgs=0 cs=0 l=1 rev1=0 crypto rx=0 tx=0 comp rx=0 tx=0)._fault waiting 0.400000
2024-04-25T02:00:26.683 INFO:teuthology.orchestra.run.smithi077.stdout:/usr/bin/ceph: stderr
2024-04-25T02:00:21.557+0000 7f2263fff700 1 -- 172.21.15.77:0/1970652695 >> [v2:172.21.15.77:6800/859750200,v1:172.21.15.77:6801/859750200] conn(0x7f2254036870 msgr2=0x7f2254038d20 unknown :-1 s=STATE_CONNECTING_RE l=1).process reconnect failed to v2:172.21.15.77:6800/859750200
2024-04-25T02:00:26.683 INFO:teuthology.orchestra.run.smithi077.stdout:/usr/bin/ceph: stderr
2024-04-25T02:00:21.557+0000 7f2263fff700 1 --2- 172.21.15.77:0/1970652695 >> [v2:172.21.15.77:6800/859750200,v1:172.21.15.77:6801/859750200] conn(0x7f2254036870 0x7f2254038d20 unknown :-1 s=START_CONNECT pgs=0 cs=0 l=1 rev1=0 crypto rx=0 tx=0 comp rx=0 tx=0)._fault waiting 0.800000
2024-04-25T02:00:26.683 INFO:teuthology.orchestra.run.smithi077.stdout:/usr/bin/ceph: stderr
2024-04-25T02:00:22.358+0000 7f2263fff700 1 -- 172.21.15.77:0/1970652695 >> [v2:172.21.15.77:6800/859750200,v1:172.21.15.77:6801/859750200] conn(0x7f2254036870 msgr2=0x7f2254038d20 unknown :-1 s=STATE_CONNECTING_RE l=1).process reconnect failed to v2:172.21.15.77:6800/859750200
2024-04-25T02:00:26.683 INFO:teuthology.orchestra.run.smithi077.stdout:/usr/bin/ceph: stderr
2024-04-25T02:00:22.358+0000 7f2263fff700 1 --2- 172.21.15.77:0/1970652695 >> [v2:172.21.15.77:6800/859750200,v1:172.21.15.77:6801/859750200] conn(0x7f2254036870 0x7f2254038d20 unknown :-1 s=START_CONNECT pgs=0 cs=0 l=1 rev1=0 crypto rx=0 tx=0 comp rx=0 tx=0)._fault waiting 1.600000
2024-04-25T02:00:26.683 INFO:teuthology.orchestra.run.smithi077.stdout:/usr/bin/ceph: stderr
2024-04-25T02:00:23.959+0000 7f2263fff700 1 -- 172.21.15.77:0/1970652695 >> [v2:172.21.15.77:6800/859750200,v1:172.21.15.77:6801/859750200] conn(0x7f2254036870 msgr2=0x7f2254038d20 unknown :-1 s=STATE_CONNECTING_RE l=1).process reconnect failed to v2:172.21.15.77:6800/859750200
2024-04-25T02:00:26.683 INFO:teuthology.orchestra.run.smithi077.stdout:/usr/bin/ceph: stderr
2024-04-25T02:00:23.959+0000 7f2263fff700 1 --2- 172.21.15.77:0/1970652695 >> [v2:172.21.15.77:6800/859750200,v1:172.21.15.77:6801/859750200] conn(0x7f2254036870 0x7f2254038d20 unknown :-1 s=START_CONNECT pgs=0 cs=0 l=1 rev1=0 crypto rx=0 tx=0 comp rx=0 tx=0)._fault waiting 3.200000
2024-04-25T02:00:26.684 INFO:teuthology.orchestra.run.smithi077.stdout:/usr/bin/ceph: stderr
2024-04-25T02:00:25.058+0000 7f22617fa700 1 -- 172.21.15.77:0/1970652695 <== mon.0 v2:172.21.15.77:3300/0 6 ==== mgrmap(e 10) v1 ==== 43156+0+0 (secure 0 0 0) 0x7f225801a430 con 0x7f2264076c10
2024-04-25T02:00:26.684 INFO:teuthology.orchestra.run.smithi077.stdout:/usr/bin/ceph: stderr
2024-04-25T02:00:25.058+0000 7f22617fa700 1 -- 172.21.15.77:0/1970652695 >> [v2:172.21.15.77:6800/859750200,v1:172.21.15.77:6801/859750200] conn(0x7f2254036870 msgr2=0x7f2254038d20 unknown :-1 s=STATE_CONNECTING l=1).mark_down
2024-04-25T02:00:26.684 INFO:teuthology.orchestra.run.smithi077.stdout:/usr/bin/ceph: stderr
2024-04-25T02:00:25.058+0000 7f22617fa700 1 --2- 172.21.15.77:0/1970652695 >> [v2:172.21.15.77:6800/859750200,v1:172.21.15.77:6801/859750200] conn(0x7f2254036870 0x7f2254038d20 unknown :-1 s=START_CONNECT pgs=0 cs=0 l=1 rev1=0 crypto rx=0 tx=0 comp rx=0 tx=0).stop
2024-04-25T02:00:26.684 INFO:teuthology.orchestra.run.smithi077.stdout:/usr/bin/ceph: stderr
2024-04-25T02:00:26.060+0000 7f22617fa700 1 -- 172.21.15.77:0/1970652695 <== mon.0 v2:172.21.15.77:3300/0 7 ==== mgrmap(e 11) v1 ==== 43283+0+0 (secure 0 0 0) 0x7f225802d6a0 con 0x7f2264076c10
2024-04-25T02:00:26.684 INFO:teuthology.orchestra.run.smithi077.stdout:/usr/bin/ceph: stderr
2024-04-25T02:00:26.060+0000 7f22617fa700 1 --2- 172.21.15.77:0/1970652695 >> [v2:172.21.15.77:6800/2375514340,v1:172.21.15.77:6801/2375514340] conn(0x7f225403a210 0x7f225403c5f0 unknown :-1 s=NONE pgs=0 cs=0 l=1 rev1=0 crypto rx=0 tx=0 comp rx=0 tx=0).connect
2024-04-25T02:00:26.684 INFO:teuthology.orchestra.run.smithi077.stdout:/usr/bin/ceph: stderr
2024-04-25T02:00:26.060+0000 7f22617fa700 1 -- 172.21.15.77:0/1970652695 --> [v2:172.21.15.77:6800/2375514340,v1:172.21.15.77:6801/2375514340] -- command(tid 0: {"prefix": "get_command_descriptions"}) v1 -- 0x7f2254039430 con 0x7f225403a210
2024-04-25T02:00:26.684 INFO:teuthology.orchestra.run.smithi077.stdout:/usr/bin/ceph: stderr
2024-04-25T02:00:26.060+0000 7f2263fff700 1 --2- 172.21.15.77:0/1970652695 >> [v2:172.21.15.77:6800/2375514340,v1:172.21.15.77:6801/2375514340] conn(0x7f225403a210 0x7f225403c5f0 unknown :-1 s=BANNER_CONNECTING pgs=0 cs=0 l=1 rev1=0 crypto rx=0 tx=0 comp rx=0 tx=0)._handle_peer_banner_payload supported=3 required=0
2024-04-25T02:00:26.684 INFO:teuthology.orchestra.run.smithi077.stdout:/usr/bin/ceph: stderr
