2024-04-25T02:05:21.850+0000 7fd866b2d700 1 -- start start
2024-04-25T02:05:23.204 INFO:teuthology.orchestra.run.smithi173.stdout:/usr/bin/ceph: stderr
2024-04-25T02:05:21.850+0000 7fd866b2d700 1 --2- >> [v2:172.21.15.173:3300/0,v1:172.21.15.173:6789/0] conn(0x7fd860108780 0x7fd86010ab70 unknown :-1 s=NONE pgs=0 cs=0 l=0 rev1=0 crypto rx=0 tx=0 comp rx=0 tx=0).connect
2024-04-25T02:05:23.204 INFO:teuthology.orchestra.run.smithi173.stdout:/usr/bin/ceph: stderr
2024-04-25T02:05:21.850+0000 7fd866b2d700 1 -- --> [v2:172.21.15.173:3300/0,v1:172.21.15.173:6789/0] -- mon_getmap magic: 0 -- 0x7fd86007bdb0 con 0x7fd860108780
2024-04-25T02:05:23.204 INFO:teuthology.orchestra.run.smithi173.stdout:/usr/bin/ceph: stderr
2024-04-25T02:05:21.850+0000 7fd8648c9700 1 --2- >> [v2:172.21.15.173:3300/0,v1:172.21.15.173:6789/0] conn(0x7fd860108780 0x7fd86010ab70 unknown :-1 s=BANNER_CONNECTING pgs=0 cs=0 l=0 rev1=0 crypto rx=0 tx=0 comp rx=0 tx=0)._handle_peer_banner_payload supported=3 required=0
2024-04-25T02:05:23.204 INFO:teuthology.orchestra.run.smithi173.stdout:/usr/bin/ceph: stderr
2024-04-25T02:05:21.850+0000 7fd8648c9700 1 --2- >> [v2:172.21.15.173:3300/0,v1:172.21.15.173:6789/0] conn(0x7fd860108780 0x7fd86010ab70 unknown :-1 s=HELLO_CONNECTING pgs=0 cs=0 l=0 rev1=1 crypto rx=0 tx=0 comp rx=0 tx=0).handle_hello peer v2:172.21.15.173:3300/0 says I am v2:172.21.15.173:57412/0 (socket says 172.21.15.173:57412)
2024-04-25T02:05:23.204 INFO:teuthology.orchestra.run.smithi173.stdout:/usr/bin/ceph: stderr
2024-04-25T02:05:21.850+0000 7fd8648c9700 1 -- 172.21.15.173:0/1353872198 learned_addr learned my addr 172.21.15.173:0/1353872198 (peer_addr_for_me v2:172.21.15.173:0/0)
2024-04-25T02:05:23.204 INFO:teuthology.orchestra.run.smithi173.stdout:/usr/bin/ceph: stderr
2024-04-25T02:05:21.850+0000 7fd8648c9700 1 -- 172.21.15.173:0/1353872198 --> [v2:172.21.15.173:3300/0,v1:172.21.15.173:6789/0] -- mon_subscribe({config=0+,monmap=0+}) -- 0x7fd86010b0b0 con 0x7fd860108780
2024-04-25T02:05:23.204 INFO:teuthology.orchestra.run.smithi173.stdout:/usr/bin/ceph: stderr
2024-04-25T02:05:21.850+0000 7fd8648c9700 1 --2- 172.21.15.173:0/1353872198 >> [v2:172.21.15.173:3300/0,v1:172.21.15.173:6789/0] conn(0x7fd860108780 0x7fd86010ab70 secure :-1 s=READY pgs=41 cs=0 l=1 rev1=1 crypto rx=0x7fd8540098a0 tx=0x7fd854009bb0 comp rx=0 tx=0).ready entity=mon.0 client_cookie=e857552fd9d9aeb0 server_cookie=0 in_seq=0 out_seq=0
2024-04-25T02:05:23.204 INFO:teuthology.orchestra.run.smithi173.stdout:/usr/bin/ceph: stderr
2024-04-25T02:05:21.850+0000 7fd85f7fe700 1 -- 172.21.15.173:0/1353872198 <== mon.0 v2:172.21.15.173:3300/0 1 ==== mon_map magic: 0 ==== 205+0+0 (secure 0 0 0) 0x7fd854004160 con 0x7fd860108780
2024-04-25T02:05:23.204 INFO:teuthology.orchestra.run.smithi173.stdout:/usr/bin/ceph: stderr
2024-04-25T02:05:21.850+0000 7fd85f7fe700 1 -- 172.21.15.173:0/1353872198 <== mon.0 v2:172.21.15.173:3300/0 2 ==== config(27 keys) ==== 1109+0+0 (secure 0 0 0) 0x7fd854004300 con 0x7fd860108780
2024-04-25T02:05:23.204 INFO:teuthology.orchestra.run.smithi173.stdout:/usr/bin/ceph: stderr
2024-04-25T02:05:21.850+0000 7fd85f7fe700 1 -- 172.21.15.173:0/1353872198 <== mon.0 v2:172.21.15.173:3300/0 3 ==== mon_map magic: 0 ==== 205+0+0 (secure 0 0 0) 0x7fd854011b50 con 0x7fd860108780
2024-04-25T02:05:23.204 INFO:teuthology.orchestra.run.smithi173.stdout:/usr/bin/ceph: stderr
2024-04-25T02:05:21.851+0000 7fd866b2d700 1 -- 172.21.15.173:0/1353872198 >> [v2:172.21.15.173:3300/0,v1:172.21.15.173:6789/0] conn(0x7fd860108780 msgr2=0x7fd86010ab70 secure :-1 s=STATE_CONNECTION_ESTABLISHED l=1).mark_down
2024-04-25T02:05:23.204 INFO:teuthology.orchestra.run.smithi173.stdout:/usr/bin/ceph: stderr
2024-04-25T02:05:21.851+0000 7fd866b2d700 1 --2- 172.21.15.173:0/1353872198 >> [v2:172.21.15.173:3300/0,v1:172.21.15.173:6789/0] conn(0x7fd860108780 0x7fd86010ab70 secure :-1 s=READY pgs=41 cs=0 l=1 rev1=1 crypto rx=0x7fd8540098a0 tx=0x7fd854009bb0 comp rx=0 tx=0).stop
2024-04-25T02:05:23.204 INFO:teuthology.orchestra.run.smithi173.stdout:/usr/bin/ceph: stderr
2024-04-25T02:05:21.851+0000 7fd866b2d700 1 -- 172.21.15.173:0/1353872198 shutdown_connections
2024-04-25T02:05:23.205 INFO:teuthology.orchestra.run.smithi173.stdout:/usr/bin/ceph: stderr
2024-04-25T02:05:21.851+0000 7fd866b2d700 1 --2- 172.21.15.173:0/1353872198 >> [v2:172.21.15.173:3300/0,v1:172.21.15.173:6789/0] conn(0x7fd860108780 0x7fd86010ab70 unknown :-1 s=CLOSED pgs=41 cs=0 l=1 rev1=1 crypto rx=0 tx=0 comp rx=0 tx=0).stop
2024-04-25T02:05:23.205 INFO:teuthology.orchestra.run.smithi173.stdout:/usr/bin/ceph: stderr
2024-04-25T02:05:21.851+0000 7fd866b2d700 1 -- 172.21.15.173:0/1353872198 >> 172.21.15.173:0/1353872198 conn(0x7fd860102170 msgr2=0x7fd860104590 unknown :-1 s=STATE_NONE l=0).mark_down
2024-04-25T02:05:23.205 INFO:teuthology.orchestra.run.smithi173.stdout:/usr/bin/ceph: stderr
2024-04-25T02:05:21.851+0000 7fd866b2d700 1 -- 172.21.15.173:0/1353872198 shutdown_connections
2024-04-25T02:05:23.205 INFO:teuthology.orchestra.run.smithi173.stdout:/usr/bin/ceph: stderr
2024-04-25T02:05:21.851+0000 7fd866b2d700 1 -- 172.21.15.173:0/1353872198 wait complete.
2024-04-25T02:05:23.205 INFO:teuthology.orchestra.run.smithi173.stdout:/usr/bin/ceph: stderr
2024-04-25T02:05:21.852+0000 7fd866b2d700 1 Processor -- start
2024-04-25T02:05:23.205 INFO:teuthology.orchestra.run.smithi173.stdout:/usr/bin/ceph: stderr
2024-04-25T02:05:21.852+0000 7fd866b2d700 1 -- start start
2024-04-25T02:05:23.205 INFO:teuthology.orchestra.run.smithi173.stdout:/usr/bin/ceph: stderr
2024-04-25T02:05:21.852+0000 7fd866b2d700 1 --2- >> [v2:172.21.15.173:3300/0,v1:172.21.15.173:6789/0] conn(0x7fd860108780 0x7fd86019bca0 unknown :-1 s=NONE pgs=0 cs=0 l=1 rev1=0 crypto rx=0 tx=0 comp rx=0 tx=0).connect
2024-04-25T02:05:23.205 INFO:teuthology.orchestra.run.smithi173.stdout:/usr/bin/ceph: stderr
2024-04-25T02:05:21.852+0000 7fd866b2d700 1 -- --> [v2:172.21.15.173:3300/0,v1:172.21.15.173:6789/0] -- mon_getmap magic: 0 -- 0x7fd86010c070 con 0x7fd860108780
2024-04-25T02:05:23.205 INFO:teuthology.orchestra.run.smithi173.stdout:/usr/bin/ceph: stderr
2024-04-25T02:05:21.852+0000 7fd8648c9700 1 --2- >> [v2:172.21.15.173:3300/0,v1:172.21.15.173:6789/0] conn(0x7fd860108780 0x7fd86019bca0 unknown :-1 s=BANNER_CONNECTING pgs=0 cs=0 l=1 rev1=0 crypto rx=0 tx=0 comp rx=0 tx=0)._handle_peer_banner_payload supported=3 required=0
2024-04-25T02:05:23.205 INFO:teuthology.orchestra.run.smithi173.stdout:/usr/bin/ceph: stderr
2024-04-25T02:05:21.852+0000 7fd8648c9700 1 --2- >> [v2:172.21.15.173:3300/0,v1:172.21.15.173:6789/0] conn(0x7fd860108780 0x7fd86019bca0 unknown :-1 s=HELLO_CONNECTING pgs=0 cs=0 l=1 rev1=1 crypto rx=0 tx=0 comp rx=0 tx=0).handle_hello peer v2:172.21.15.173:3300/0 says I am v2:172.21.15.173:57422/0 (socket says 172.21.15.173:57422)
2024-04-25T02:05:23.205 INFO:teuthology.orchestra.run.smithi173.stdout:/usr/bin/ceph: stderr
2024-04-25T02:05:21.852+0000 7fd8648c9700 1 -- 172.21.15.173:0/1722739965 learned_addr learned my addr 172.21.15.173:0/1722739965 (peer_addr_for_me v2:172.21.15.173:0/0)
2024-04-25T02:05:23.205 INFO:teuthology.orchestra.run.smithi173.stdout:/usr/bin/ceph: stderr
2024-04-25T02:05:21.852+0000 7fd8648c9700 1 -- 172.21.15.173:0/1722739965 --> [v2:172.21.15.173:3300/0,v1:172.21.15.173:6789/0] -- mon_subscribe({config=0+,monmap=0+}) -- 0x7fd86019c1e0 con 0x7fd860108780
2024-04-25T02:05:23.205 INFO:teuthology.orchestra.run.smithi173.stdout:/usr/bin/ceph: stderr
2024-04-25T02:05:21.852+0000 7fd8648c9700 1 --2- 172.21.15.173:0/1722739965 >> [v2:172.21.15.173:3300/0,v1:172.21.15.173:6789/0] conn(0x7fd860108780 0x7fd86019bca0 secure :-1 s=READY pgs=42 cs=0 l=1 rev1=1 crypto rx=0x7fd854009fb0 tx=0x7fd854011bf0 comp rx=0 tx=0).ready entity=mon.0 client_cookie=0 server_cookie=0 in_seq=0 out_seq=0
2024-04-25T02:05:23.205 INFO:teuthology.orchestra.run.smithi173.stdout:/usr/bin/ceph: stderr
2024-04-25T02:05:21.853+0000 7fd85dffb700 1 -- 172.21.15.173:0/1722739965 <== mon.0 v2:172.21.15.173:3300/0 1 ==== mon_map magic: 0 ==== 205+0+0 (secure 0 0 0) 0x7fd8540038b0 con 0x7fd860108780
2024-04-25T02:05:23.205 INFO:teuthology.orchestra.run.smithi173.stdout:/usr/bin/ceph: stderr
2024-04-25T02:05:21.853+0000 7fd85dffb700 1 -- 172.21.15.173:0/1722739965 <== mon.0 v2:172.21.15.173:3300/0 2 ==== config(27 keys) ==== 1109+0+0 (secure 0 0 0) 0x7fd854011e50 con 0x7fd860108780
2024-04-25T02:05:23.206 INFO:teuthology.orchestra.run.smithi173.stdout:/usr/bin/ceph: stderr
2024-04-25T02:05:21.853+0000 7fd866b2d700 1 -- 172.21.15.173:0/1722739965 --> [v2:172.21.15.173:3300/0,v1:172.21.15.173:6789/0] -- mon_subscribe({mgrmap=0+}) -- 0x7fd86019c470 con 0x7fd860108780
2024-04-25T02:05:23.206 INFO:teuthology.orchestra.run.smithi173.stdout:/usr/bin/ceph: stderr
2024-04-25T02:05:21.853+0000 7fd85dffb700 1 -- 172.21.15.173:0/1722739965 <== mon.0 v2:172.21.15.173:3300/0 3 ==== mon_map magic: 0 ==== 205+0+0 (secure 0 0 0) 0x7fd854019420 con 0x7fd860108780
2024-04-25T02:05:23.206 INFO:teuthology.orchestra.run.smithi173.stdout:/usr/bin/ceph: stderr
2024-04-25T02:05:21.853+0000 7fd866b2d700 1 -- 172.21.15.173:0/1722739965 --> [v2:172.21.15.173:3300/0,v1:172.21.15.173:6789/0] -- mon_subscribe({osdmap=0}) -- 0x7fd86019f160 con 0x7fd860108780
2024-04-25T02:05:23.206 INFO:teuthology.orchestra.run.smithi173.stdout:/usr/bin/ceph: stderr
2024-04-25T02:05:21.854+0000 7fd85dffb700 1 -- 172.21.15.173:0/1722739965 <== mon.0 v2:172.21.15.173:3300/0 4 ==== mgrmap(e 8) ==== 46287+0+0 (secure 0 0 0) 0x7fd854019720 con 0x7fd860108780
2024-04-25T02:05:23.206 INFO:teuthology.orchestra.run.smithi173.stdout:/usr/bin/ceph: stderr
2024-04-25T02:05:21.854+0000 7fd866b2d700 1 -- 172.21.15.173:0/1722739965 --> [v2:172.21.15.173:3300/0,v1:172.21.15.173:6789/0] -- mon_command({"prefix": "get_command_descriptions"} v 0) -- 0x7fd860063890 con 0x7fd860108780
2024-04-25T02:05:23.206 INFO:teuthology.orchestra.run.smithi173.stdout:/usr/bin/ceph: stderr
2024-04-25T02:05:21.854+0000 7fd85dffb700 1 --2- 172.21.15.173:0/1722739965 >> [v2:172.21.15.173:6800/1463667097,v1:172.21.15.173:6801/1463667097] conn(0x7fd850039000 0x7fd85003b4c0 unknown :-1 s=NONE pgs=0 cs=0 l=1 rev1=0 crypto rx=0 tx=0 comp rx=0 tx=0).connect
2024-04-25T02:05:23.206 INFO:teuthology.orchestra.run.smithi173.stdout:/usr/bin/ceph: stderr
2024-04-25T02:05:21.854+0000 7fd85dffb700 1 -- 172.21.15.173:0/1722739965 <== mon.0 v2:172.21.15.173:3300/0 5 ==== osd_map(2..2 src has 1..2) ==== 940+0+0 (secure 0 0 0) 0x7fd85404d460 con 0x7fd860108780
2024-04-25T02:05:23.206 INFO:teuthology.orchestra.run.smithi173.stdout:/usr/bin/ceph: stderr
2024-04-25T02:05:21.854+0000 7fd85ffff700 1 --2- 172.21.15.173:0/1722739965 >> [v2:172.21.15.173:6800/1463667097,v1:172.21.15.173:6801/1463667097] conn(0x7fd850039000 0x7fd85003b4c0 unknown :-1 s=BANNER_CONNECTING pgs=0 cs=0 l=1 rev1=0 crypto rx=0 tx=0 comp rx=0 tx=0)._handle_peer_banner_payload supported=3 required=0
2024-04-25T02:05:23.206 INFO:teuthology.orchestra.run.smithi173.stdout:/usr/bin/ceph: stderr
2024-04-25T02:05:21.854+0000 7fd85ffff700 1 --2- 172.21.15.173:0/1722739965 >> [v2:172.21.15.173:6800/1463667097,v1:172.21.15.173:6801/1463667097] conn(0x7fd850039000 0x7fd85003b4c0 secure :-1 s=READY pgs=9 cs=0 l=1 rev1=1 crypto rx=0x7fd84c006fd0 tx=0x7fd84c006e40 comp rx=0 tx=0).ready entity=mgr.14120 client_cookie=0 server_cookie=0 in_seq=0 out_seq=0
2024-04-25T02:05:23.206 INFO:teuthology.orchestra.run.smithi173.stdout:/usr/bin/ceph: stderr
2024-04-25T02:05:21.859+0000 7fd85dffb700 1 -- 172.21.15.173:0/1722739965 <== mon.0 v2:172.21.15.173:3300/0 6 ==== mon_command_ack([{"prefix": "get_command_descriptions"}]=0 v0) ==== 72+0+186147 (secure 0 0 0) 0x7fd85400bc70 con 0x7fd860108780
2024-04-25T02:05:23.206 INFO:teuthology.orchestra.run.smithi173.stdout:/usr/bin/ceph: stderr
2024-04-25T02:05:22.054+0000 7fd866b2d700 1 -- 172.21.15.173:0/1722739965 --> [v2:172.21.15.173:6800/1463667097,v1:172.21.15.173:6801/1463667097] -- mgr_command(tid 0: {"prefix": "cephadm generate-key", "target": ["mon-mgr", ""]}) -- 0x7fd860103390 con 0x7fd850039000
2024-04-25T02:05:23.206 INFO:teuthology.orchestra.run.smithi173.stdout:/usr/bin/ceph: stderr
2024-04-25T02:05:22.650+0000 7fd85dffb700 1 -- 172.21.15.173:0/1722739965 <== mgr.14120 v2:172.21.15.173:6800/1463667097 1 ==== mgr_command_reply(tid 0: 0 ) ==== 8+0+0 (secure 0 0 0) 0x7fd860103390 con 0x7fd850039000
2024-04-25T02:05:23.207 INFO:teuthology.orchestra.run.smithi173.stdout:/usr/bin/ceph: stderr
2024-04-25T02:05:22.653+0000 7fd866b2d700 1 -- 172.21.15.173:0/1722739965 >> [v2:172.21.15.173:6800/1463667097,v1:172.21.15.173:6801/1463667097] conn(0x7fd850039000 msgr2=0x7fd85003b4c0 secure :-1 s=STATE_CONNECTION_ESTABLISHED l=1).mark_down
2024-04-25T02:05:23.207 INFO:teuthology.orchestra.run.smithi173.stdout:/usr/bin/ceph: stderr
2024-04-25T02:05:22.653+0000 7fd866b2d700 1 --2- 172.21.15.173:0/1722739965 >> [v2:172.21.15.173:6800/1463667097,v1:172.21.15.173:6801/1463667097] conn(0x7fd850039000 0x7fd85003b4c0 secure :-1 s=READY pgs=9 cs=0 l=1 rev1=1 crypto rx=0x7fd84c006fd0 tx=0x7fd84c006e40 comp rx=0 tx=0).stop
2024-04-25T02:05:23.207 INFO:teuthology.orchestra.run.smithi173.stdout:/usr/bin/ceph: stderr
2024-04-25T02:05:22.653+0000 7fd866b2d700 1 -- 172.21.15.173:0/1722739965 >> [v2:172.21.15.173:3300/0,v1:172.21.15.173:6789/0] conn(0x7fd860108780 msgr2=0x7fd86019bca0 secure :-1 s=STATE_CONNECTION_ESTABLISHED l=1).mark_down
2024-04-25T02:05:23.207 INFO:teuthology.orchestra.run.smithi173.stdout:/usr/bin/ceph: stderr
2024-04-25T02:05:22.653+0000 7fd866b2d700 1 --2- 172.21.15.173:0/1722739965 >> [v2:172.21.15.173:3300/0,v1:172.21.15.173:6789/0] conn(0x7fd860108780 0x7fd86019bca0 secure :-1 s=READY pgs=42 cs=0 l=1 rev1=1 crypto rx=0x7fd854009fb0 tx=0x7fd854011bf0 comp rx=0 tx=0).stop
2024-04-25T02:05:23.207 INFO:teuthology.orchestra.run.smithi173.stdout:/usr/bin/ceph: stderr
2024-04-25T02:05:22.653+0000 7fd866b2d700 1 -- 172.21.15.173:0/1722739965 shutdown_connections
2024-04-25T02:05:23.207 INFO:teuthology.orchestra.run.smithi173.stdout:/usr/bin/ceph: stderr
2024-04-25T02:05:22.653+0000 7fd866b2d700 1 --2- 172.21.15.173:0/1722739965 >> [v2:172.21.15.173:6800/1463667097,v1:172.21.15.173:6801/1463667097] conn(0x7fd850039000 0x7fd85003b4c0 unknown :-1 s=CLOSED pgs=9 cs=0 l=1 rev1=1 crypto rx=0 tx=0 comp rx=0 tx=0).stop
2024-04-25T02:05:23.207 INFO:teuthology.orchestra.run.smithi173.stdout:/usr/bin/ceph: stderr
2024-04-25T02:05:22.653+0000 7fd866b2d700 1 --2- 172.21.15.173:0/1722739965 >> [v2:172.21.15.173:3300/0,v1:172.21.15.173:6789/0] conn(0x7fd860108780 0x7fd86019bca0 unknown :-1 s=CLOSED pgs=42 cs=0 l=1 rev1=1 crypto rx=0 tx=0 comp rx=0 tx=0).stop
2024-04-25T02:05:23.207 INFO:teuthology.orchestra.run.smithi173.stdout:/usr/bin/ceph: stderr
2024-04-25T02:05:22.653+0000 7fd866b2d700 1 -- 172.21.15.173:0/1722739965 >> 172.21.15.173:0/1722739965 conn(0x7fd860102170 msgr2=0x7fd860102c80 unknown :-1 s=STATE_NONE l=0).mark_down
2024-04-25T02:05:23.207 INFO:teuthology.orchestra.run.smithi173.stdout:/usr/bin/ceph: stderr
2024-04-25T02:05:22.653+0000 7fd866b2d700 1 -- 172.21.15.173:0/1722739965 shutdown_connections
2024-04-25T02:05:23.207 INFO:teuthology.orchestra.run.smithi173.stdout:/usr/bin/ceph: stderr
2024-04-25T02:05:22.653+0000 7fd866b2d700 1 -- 172.21.15.173:0/1722739965 wait complete.
2024-04-25T02:05:23.796 INFO:journalctl@ceph.mon.a.smithi173.stdout:Apr 25 02:05:23 smithi173 ceph-mon[29159]: from='client.14136 -' entity='client.admin' cmd=[{"prefix": "cephadm generate-key", "target": ["mon-mgr", ""]}]: dispatch
2024-04-25T02:05:23.796 INFO:journalctl@ceph.mon.a.smithi173.stdout:Apr 25 02:05:23 smithi173 ceph-mon[29159]: Generating ssh key...
2024-04-25T02:05:23.796 INFO:journalctl@ceph.mon.a.smithi173.stdout:Apr 25 02:05:23 smithi173 ceph-mon[29159]: from='mgr.14120 172.21.15.173:0/174106611' entity='mgr.x'
2024-04-25T02:05:23.796 INFO:journalctl@ceph.mon.a.smithi173.stdout:Apr 25 02:05:23 smithi173 ceph-mon[29159]: from='mgr.14120 172.21.15.173:0/174106611' entity='mgr.x'
2024-04-25T02:05:24.366 INFO:teuthology.orchestra.run.smithi173.stdout:/usr/bin/ceph: stdout ssh-rsa AAAAB3NzaC1yc2EAAAADAQABAAABgQC6llSbhhaAfj39r9fpNehcGchz+/7Y+cw7um59RmyU+RvVCNNPbXTALx2dMUrSLdRPLjAdWSNd+vdGQmqgYC1QupWigpOA1Ta3stVSgw2jqVFV/7d+XxjvO4HmlAJL+iRxsjergyZ36s/wLSp6Ru2GxCgRJpr93+p7Ig2txKvMEZ0VBbQyyK99jKPmk6soT4qyIfPfKuBFR+EZHd66ifc9HaQUWbbA0664fVpjNKUsZvIGd9ga0/XslTuZOWqijyVG7KTD93+kyQRhobMGye2p+m69wqz1c7ci3d7tKe3RL2pbJquA9KUOtDIZpkg6wrSesy1vl1UZqYlqbJNBzbxTSy1yUAIJD+jSO18IhhakymunC67bQ2s1mXhdHBAEiI5yD6sHH9MWef8YdA/jFqZhYcJSvm7bYmujZu31wRspxT5aLN8qXsiJlrXt3Mc6Lr7yMPVz0UmwZciaaRrCcRP4xNQysqpt5Fr17kn4XKpD1RUsGgr3kOPNXLgs08VwXI0= ceph-0b4f52c6-02a8-11ef-bc93-c7b262605968
2024-04-25T02:05:24.366 INFO:teuthology.orchestra.run.smithi173.stdout:/usr/bin/ceph: stderr
2024-04-25T02:05:23.586+0000 7ff67dfca700 1 Processor -- start
2024-04-25T02:05:24.366 INFO:teuthology.orchestra.run.smithi173.stdout:/usr/bin/ceph: stderr
2024-04-25T02:05:23.586+0000 7ff67dfca700 1 -- start start
2024-04-25T02:05:24.366 INFO:teuthology.orchestra.run.smithi173.stdout:/usr/bin/ceph: stderr
2024-04-25T02:05:23.587+0000 7ff67dfca700 1 --2- >> [v2:172.21.15.173:3300/0,v1:172.21.15.173:6789/0] conn(0x7ff678107c70 0x7ff678108090 unknown :-1 s=NONE pgs=0 cs=0 l=0 rev1=0 crypto rx=0 tx=0 comp rx=0 tx=0).connect
2024-04-25T02:05:24.366 INFO:teuthology.orchestra.run.smithi173.stdout:/usr/bin/ceph: stderr
2024-04-25T02:05:23.587+0000 7ff67dfca700 1 -- --> [v2:172.21.15.173:3300/0,v1:172.21.15.173:6789/0] -- mon_getmap magic: 0 -- 0x7ff678108660 con 0x7ff678107c70
2024-04-25T02:05:24.366 INFO:teuthology.orchestra.run.smithi173.stdout:/usr/bin/ceph: stderr
2024-04-25T02:05:23.587+0000 7ff6777fe700 1 --2- >> [v2:172.21.15.173:3300/0,v1:172.21.15.173:6789/0] conn(0x7ff678107c70 0x7ff678108090 unknown :-1 s=BANNER_CONNECTING pgs=0 cs=0 l=0 rev1=0 crypto rx=0 tx=0 comp rx=0 tx=0)._handle_peer_banner_payload supported=3 required=0
2024-04-25T02:05:24.367 INFO:teuthology.orchestra.run.smithi173.stdout:/usr/bin/ceph: stderr
2024-04-25T02:05:23.587+0000 7ff6777fe700 1 --2- >> [v2:172.21.15.173:3300/0,v1:172.21.15.173:6789/0] conn(0x7ff678107c70 0x7ff678108090 unknown :-1 s=HELLO_CONNECTING pgs=0 cs=0 l=0 rev1=1 crypto rx=0 tx=0 comp rx=0 tx=0).handle_hello peer v2:172.21.15.173:3300/0 says I am v2:172.21.15.173:57430/0 (socket says 172.21.15.173:57430)
2024-04-25T02:05:24.367 INFO:teuthology.orchestra.run.smithi173.stdout:/usr/bin/ceph: stderr
2024-04-25T02:05:23.587+0000 7ff6777fe700 1 -- 172.21.15.173:0/1974583000 learned_addr learned my addr 172.21.15.173:0/1974583000 (peer_addr_for_me v2:172.21.15.173:0/0)
2024-04-25T02:05:24.367 INFO:teuthology.orchestra.run.smithi173.stdout:/usr/bin/ceph: stderr
2024-04-25T02:05:23.587+0000 7ff6777fe700 1 -- 172.21.15.173:0/1974583000 --> [v2:172.21.15.173:3300/0,v1:172.21.15.173:6789/0] -- mon_subscribe({config=0+,monmap=0+}) -- 0x7ff678108e70 con 0x7ff678107c70
2024-04-25T02:05:24.367 INFO:teuthology.orchestra.run.smithi173.stdout:/usr/bin/ceph: stderr
2024-04-25T02:05:23.587+0000 7ff6777fe700 1 --2- 172.21.15.173:0/1974583000 >> [v2:172.21.15.173:3300/0,v1:172.21.15.173:6789/0] conn(0x7ff678107c70 0x7ff678108090 secure :-1 s=READY pgs=43 cs=0 l=1 rev1=1 crypto rx=0x7ff6680098a0 tx=0x7ff668009bb0 comp rx=0 tx=0).ready entity=mon.0 client_cookie=97186bcfac3d00a8 server_cookie=0 in_seq=0 out_seq=0
2024-04-25T02:05:24.367 INFO:teuthology.orchestra.run.smithi173.stdout:/usr/bin/ceph: stderr
2024-04-25T02:05:23.587+0000 7ff6767fc700 1 -- 172.21.15.173:0/1974583000 <== mon.0 v2:172.21.15.173:3300/0 1 ==== mon_map magic: 0 ==== 205+0+0 (secure 0 0 0) 0x7ff668004160 con 0x7ff678107c70
2024-04-25T02:05:24.367 INFO:teuthology.orchestra.run.smithi173.stdout:/usr/bin/ceph: stderr
2024-04-25T02:05:23.587+0000 7ff6767fc700 1 -- 172.21.15.173:0/1974583000 <== mon.0 v2:172.21.15.173:3300/0 2 ==== config(27 keys) ==== 1109+0+0 (secure 0 0 0) 0x7ff668004300 con 0x7ff678107c70
2024-04-25T02:05:24.367 INFO:teuthology.orchestra.run.smithi173.stdout:/usr/bin/ceph: stderr
2024-04-25T02:05:23.587+0000 7ff6767fc700 1 -- 172.21.15.173:0/1974583000 <== mon.0 v2:172.21.15.173:3300/0 3 ==== mon_map magic: 0 ==== 205+0+0 (secure 0 0 0) 0x7ff668011b50 con 0x7ff678107c70
2024-04-25T02:05:24.367 INFO:teuthology.orchestra.run.smithi173.stdout:/usr/bin/ceph: stderr
2024-04-25T02:05:23.588+0000 7ff67dfca700 1 -- 172.21.15.173:0/1974583000 >> [v2:172.21.15.173:3300/0,v1:172.21.15.173:6789/0] conn(0x7ff678107c70 msgr2=0x7ff678108090 secure :-1 s=STATE_CONNECTION_ESTABLISHED l=1).mark_down
2024-04-25T02:05:24.367 INFO:teuthology.orchestra.run.smithi173.stdout:/usr/bin/ceph: stderr
2024-04-25T02:05:23.588+0000 7ff67dfca700 1 --2- 172.21.15.173:0/1974583000 >> [v2:172.21.15.173:3300/0,v1:172.21.15.173:6789/0] conn(0x7ff678107c70 0x7ff678108090 secure :-1 s=READY pgs=43 cs=0 l=1 rev1=1 crypto rx=0x7ff6680098a0 tx=0x7ff668009bb0 comp rx=0 tx=0).stop
2024-04-25T02:05:24.367 INFO:teuthology.orchestra.run.smithi173.stdout:/usr/bin/ceph: stderr
2024-04-25T02:05:23.588+0000 7ff67dfca700 1 -- 172.21.15.173:0/1974583000 shutdown_connections
2024-04-25T02:05:24.367 INFO:teuthology.orchestra.run.smithi173.stdout:/usr/bin/ceph: stderr
2024-04-25T02:05:23.588+0000 7ff67dfca700 1 --2- 172.21.15.173:0/1974583000 >> [v2:172.21.15.173:3300/0,v1:172.21.15.173:6789/0] conn(0x7ff678107c70 0x7ff678108090 unknown :-1 s=CLOSED pgs=43 cs=0 l=1 rev1=1 crypto rx=0 tx=0 comp rx=0 tx=0).stop
2024-04-25T02:05:24.367 INFO:teuthology.orchestra.run.smithi173.stdout:/usr/bin/ceph: stderr
2024-04-25T02:05:23.588+0000 7ff67dfca700 1 -- 172.21.15.173:0/1974583000 >> 172.21.15.173:0/1974583000 conn(0x7ff678103210 msgr2=0x7ff678105650 unknown :-1 s=STATE_NONE l=0).mark_down
2024-04-25T02:05:24.367 INFO:teuthology.orchestra.run.smithi173.stdout:/usr/bin/ceph: stderr
2024-04-25T02:05:23.588+0000 7ff67dfca700 1 -- 172.21.15.173:0/1974583000 shutdown_connections
2024-04-25T02:05:24.367 INFO:teuthology.orchestra.run.smithi173.stdout:/usr/bin/ceph: stderr
2024-04-25T02:05:23.588+0000 7ff67dfca700 1 -- 172.21.15.173:0/1974583000 wait complete.
2024-04-25T02:05:24.368 INFO:teuthology.orchestra.run.smithi173.stdout:/usr/bin/ceph: stderr
2024-04-25T02:05:23.588+0000 7ff67dfca700 1 Processor -- start
2024-04-25T02:05:24.368 INFO:teuthology.orchestra.run.smithi173.stdout:/usr/bin/ceph: stderr
2024-04-25T02:05:23.589+0000 7ff67dfca700 1 -- start start
2024-04-25T02:05:24.368 INFO:teuthology.orchestra.run.smithi173.stdout:/usr/bin/ceph: stderr
2024-04-25T02:05:23.589+0000 7ff67dfca700 1 --2- >> [v2:172.21.15.173:3300/0,v1:172.21.15.173:6789/0] conn(0x7ff678107c70 0x7ff67807daf0 unknown :-1 s=NONE pgs=0 cs=0 l=1 rev1=0 crypto rx=0 tx=0 comp rx=0 tx=0).connect
2024-04-25T02:05:24.368 INFO:teuthology.orchestra.run.smithi173.stdout:/usr/bin/ceph: stderr
2024-04-25T02:05:23.589+0000 7ff67dfca700 1 -- --> [v2:172.21.15.173:3300/0,v1:172.21.15.173:6789/0] -- mon_getmap magic: 0 -- 0x7ff67810c220 con 0x7ff678107c70
2024-04-25T02:05:24.368 INFO:teuthology.orchestra.run.smithi173.stdout:/usr/bin/ceph: stderr
2024-04-25T02:05:23.589+0000 7ff6777fe700 1 --2- >> [v2:172.21.15.173:3300/0,v1:172.21.15.173:6789/0] conn(0x7ff678107c70 0x7ff67807daf0 unknown :-1 s=BANNER_CONNECTING pgs=0 cs=0 l=1 rev1=0 crypto rx=0 tx=0 comp rx=0 tx=0)._handle_peer_banner_payload supported=3 required=0
2024-04-25T02:05:24.368 INFO:teuthology.orchestra.run.smithi173.stdout:/usr/bin/ceph: stderr
2024-04-25T02:05:23.589+0000 7ff6777fe700 1 --2- >> [v2:172.21.15.173:3300/0,v1:172.21.15.173:6789/0] conn(0x7ff678107c70 0x7ff67807daf0 unknown :-1 s=HELLO_CONNECTING pgs=0 cs=0 l=1 rev1=1 crypto rx=0 tx=0 comp rx=0 tx=0).handle_hello peer v2:172.21.15.173:3300/0 says I am v2:172.21.15.173:57432/0 (socket says 172.21.15.173:57432)
2024-04-25T02:05:24.368 INFO:teuthology.orchestra.run.smithi173.stdout:/usr/bin/ceph: stderr
2024-04-25T02:05:23.589+0000 7ff6777fe700 1 -- 172.21.15.173:0/1901594338 learned_addr learned my addr 172.21.15.173:0/1901594338 (peer_addr_for_me v2:172.21.15.173:0/0)
2024-04-25T02:05:24.368 INFO:teuthology.orchestra.run.smithi173.stdout:/usr/bin/ceph: stderr
2024-04-25T02:05:23.589+0000 7ff6777fe700 1 -- 172.21.15.173:0/1901594338 --> [v2:172.21.15.173:3300/0,v1:172.21.15.173:6789/0] -- mon_subscribe({config=0+,monmap=0+}) -- 0x7ff67807e030 con 0x7ff678107c70
2024-04-25T02:05:24.368 INFO:teuthology.orchestra.run.smithi173.stdout:/usr/bin/ceph: stderr
2024-04-25T02:05:23.589+0000 7ff6777fe700 1 --2- 172.21.15.173:0/1901594338 >> [v2:172.21.15.173:3300/0,v1:172.21.15.173:6789/0] conn(0x7ff678107c70 0x7ff67807daf0 secure :-1 s=READY pgs=44 cs=0 l=1 rev1=1 crypto rx=0x7ff668011850 tx=0x7ff668011c10 comp rx=0 tx=0).ready entity=mon.0 client_cookie=0 server_cookie=0 in_seq=0 out_seq=0
2024-04-25T02:05:24.368 INFO:teuthology.orchestra.run.smithi173.stdout:/usr/bin/ceph: stderr
2024-04-25T02:05:23.589+0000 7ff674ff9700 1 -- 172.21.15.173:0/1901594338 <== mon.0 v2:172.21.15.173:3300/0 1 ==== mon_map magic: 0 ==== 205+0+0 (secure 0 0 0) 0x7ff668003af0 con 0x7ff678107c70
2024-04-25T02:05:24.368 INFO:teuthology.orchestra.run.smithi173.stdout:/usr/bin/ceph: stderr
2024-04-25T02:05:23.589+0000 7ff674ff9700 1 -- 172.21.15.173:0/1901594338 <== mon.0 v2:172.21.15.173:3300/0 2 ==== config(27 keys) ==== 1109+0+0 (secure 0 0 0) 0x7ff668020070 con 0x7ff678107c70
2024-04-25T02:05:24.368 INFO:teuthology.orchestra.run.smithi173.stdout:/usr/bin/ceph: stderr
2024-04-25T02:05:23.590+0000 7ff67dfca700 1 -- 172.21.15.173:0/1901594338 --> [v2:172.21.15.173:3300/0,v1:172.21.15.173:6789/0] -- mon_subscribe({mgrmap=0+}) -- 0x7ff67807c220 con 0x7ff678107c70
2024-04-25T02:05:24.368 INFO:teuthology.orchestra.run.smithi173.stdout:/usr/bin/ceph: stderr
2024-04-25T02:05:23.590+0000 7ff674ff9700 1 -- 172.21.15.173:0/1901594338 <== mon.0 v2:172.21.15.173:3300/0 3 ==== mon_map magic: 0 ==== 205+0+0 (secure 0 0 0) 0x7ff6680195a0 con 0x7ff678107c70
2024-04-25T02:05:24.368 INFO:teuthology.orchestra.run.smithi173.stdout:/usr/bin/ceph: stderr
2024-04-25T02:05:23.590+0000 7ff67dfca700 1 -- 172.21.15.173:0/1901594338 --> [v2:172.21.15.173:3300/0,v1:172.21.15.173:6789/0] -- mon_subscribe({osdmap=0}) -- 0x7ff67807c760 con 0x7ff678107c70
2024-04-25T02:05:24.369 INFO:teuthology.orchestra.run.smithi173.stdout:/usr/bin/ceph: stderr
2024-04-25T02:05:23.590+0000 7ff674ff9700 1 -- 172.21.15.173:0/1901594338 <== mon.0 v2:172.21.15.173:3300/0 4 ==== mgrmap(e 8) ==== 46287+0+0 (secure 0 0 0) 0x7ff668019850 con 0x7ff678107c70
2024-04-25T02:05:24.369 INFO:teuthology.orchestra.run.smithi173.stdout:/usr/bin/ceph: stderr
2024-04-25T02:05:23.590+0000 7ff67dfca700 1 -- 172.21.15.173:0/1901594338 --> [v2:172.21.15.173:3300/0,v1:172.21.15.173:6789/0] -- mon_command({"prefix": "get_command_descriptions"} v 0) -- 0x7ff678063890 con 0x7ff678107c70
2024-04-25T02:05:24.369 INFO:teuthology.orchestra.run.smithi173.stdout:/usr/bin/ceph: stderr
2024-04-25T02:05:23.591+0000 7ff674ff9700 1 --2- 172.21.15.173:0/1901594338 >> [v2:172.21.15.173:6800/1463667097,v1:172.21.15.173:6801/1463667097] conn(0x7ff6600390a0 0x7ff66003b560 unknown :-1 s=NONE pgs=0 cs=0 l=1 rev1=0 crypto rx=0 tx=0 comp rx=0 tx=0).connect
2024-04-25T02:05:24.369 INFO:teuthology.orchestra.run.smithi173.stdout:/usr/bin/ceph: stderr
2024-04-25T02:05:23.591+0000 7ff674ff9700 1 -- 172.21.15.173:0/1901594338 <== mon.0 v2:172.21.15.173:3300/0 5 ==== osd_map(2..2 src has 1..2) ==== 940+0+0 (secure 0 0 0) 0x7ff668011e00 con 0x7ff678107c70
2024-04-25T02:05:24.369 INFO:teuthology.orchestra.run.smithi173.stdout:/usr/bin/ceph: stderr
2024-04-25T02:05:23.591+0000 7ff676ffd700 1 --2- 172.21.15.173:0/1901594338 >> [v2:172.21.15.173:6800/1463667097,v1:172.21.15.173:6801/1463667097] conn(0x7ff6600390a0 0x7ff66003b560 unknown :-1 s=BANNER_CONNECTING pgs=0 cs=0 l=1 rev1=0 crypto rx=0 tx=0 comp rx=0 tx=0)._handle_peer_banner_payload supported=3 required=0
2024-04-25T02:05:24.369 INFO:teuthology.orchestra.run.smithi173.stdout:/usr/bin/ceph: stderr
2024-04-25T02:05:23.591+0000 7ff676ffd700 1 --2- 172.21.15.173:0/1901594338 >> [v2:172.21.15.173:6800/1463667097,v1:172.21.15.173:6801/1463667097] conn(0x7ff6600390a0 0x7ff66003b560 secure :-1 s=READY pgs=10 cs=0 l=1 rev1=1 crypto rx=0x7ff66c006fd0 tx=0x7ff66c006e40 comp rx=0 tx=0).ready entity=mgr.14120 client_cookie=0 server_cookie=0 in_seq=0 out_seq=0
2024-04-25T02:05:24.369 INFO:teuthology.orchestra.run.smithi173.stdout:/usr/bin/ceph: stderr
2024-04-25T02:05:23.595+0000 7ff674ff9700 1 -- 172.21.15.173:0/1901594338 <== mon.0 v2:172.21.15.173:3300/0 6 ==== mon_command_ack([{"prefix": "get_command_descriptions"}]=0 v0) ==== 72+0+186147 (secure 0 0 0) 0x7ff668003c90 con 0x7ff678107c70
2024-04-25T02:05:24.369 INFO:teuthology.orchestra.run.smithi173.stdout:/usr/bin/ceph: stderr
2024-04-25T02:05:23.792+0000 7ff67dfca700 1 -- 172.21.15.173:0/1901594338 --> [v2:172.21.15.173:6800/1463667097,v1:172.21.15.173:6801/1463667097] -- mgr_command(tid 0: {"prefix": "cephadm get-pub-key", "target": ["mon-mgr", ""]}) -- 0x7ff67807cfc0 con 0x7ff6600390a0
2024-04-25T02:05:24.369 INFO:teuthology.orchestra.run.smithi173.stdout:/usr/bin/ceph: stderr
2024-04-25T02:05:23.792+0000 7ff674ff9700 1 -- 172.21.15.173:0/1901594338 <== mgr.14120 v2:172.21.15.173:6800/1463667097 1 ==== mgr_command_reply(tid 0: 0 ) ==== 8+0+595 (secure 0 0 0) 0x7ff67807cfc0 con 0x7ff6600390a0
2024-04-25T02:05:24.369 INFO:teuthology.orchestra.run.smithi173.stdout:/usr/bin/ceph: stderr
2024-04-25T02:05:23.794+0000 7ff67dfca700 1 -- 172.21.15.173:0/1901594338 >> [v2:172.21.15.173:6800/1463667097,v1:172.21.15.173:6801/1463667097] conn(0x7ff6600390a0 msgr2=0x7ff66003b560 secure :-1 s=STATE_CONNECTION_ESTABLISHED l=1).mark_down
2024-04-25T02:05:24.369 INFO:teuthology.orchestra.run.smithi173.stdout:/usr/bin/ceph: stderr
2024-04-25T02:05:23.794+0000 7ff67dfca700 1 --2- 172.21.15.173:0/1901594338 >> [v2:172.21.15.173:6800/1463667097,v1:172.21.15.173:6801/1463667097] conn(0x7ff6600390a0 0x7ff66003b560 secure :-1 s=READY pgs=10 cs=0 l=1 rev1=1 crypto rx=0x7ff66c006fd0 tx=0x7ff66c006e40 comp rx=0 tx=0).stop
2024-04-25T02:05:24.369 INFO:teuthology.orchestra.run.smithi173.stdout:/usr/bin/ceph: stderr
2024-04-25T02:05:23.794+0000 7ff67dfca700 1 -- 172.21.15.173:0/1901594338 >> [v2:172.21.15.173:3300/0,v1:172.21.15.173:6789/0] conn(0x7ff678107c70 msgr2=0x7ff67807daf0 secure :-1 s=STATE_CONNECTION_ESTABLISHED l=1).mark_down
2024-04-25T02:05:24.370 INFO:teuthology.orchestra.run.smithi173.stdout:/usr/bin/ceph: stderr
2024-04-25T02:05:23.794+0000 7ff67dfca700 1 --2- 172.21.15.173:0/1901594338 >> [v2:172.21.15.173:3300/0,v1:172.21.15.173:6789/0] conn(0x7ff678107c70 0x7ff67807daf0 secure :-1 s=READY pgs=44 cs=0 l=1 rev1=1 crypto rx=0x7ff668011850 tx=0x7ff668011c10 comp rx=0 tx=0).stop
2024-04-25T02:05:24.370 INFO:teuthology.orchestra.run.smithi173.stdout:/usr/bin/ceph: stderr
2024-04-25T02:05:23.795+0000 7ff67dfca700 1 -- 172.21.15.173:0/1901594338 shutdown_connections
2024-04-25T02:05:24.370 INFO:teuthology.orchestra.run.smithi173.stdout:/usr/bin/ceph: stderr
2024-04-25T02:05:23.795+0000 7ff67dfca700 1 --2- 172.21.15.173:0/1901594338 >> [v2:172.21.15.173:6800/1463667097,v1:172.21.15.173:6801/1463667097] conn(0x7ff6600390a0 0x7ff66003b560 unknown :-1 s=CLOSED pgs=10 cs=0 l=1 rev1=1 crypto rx=0 tx=0 comp rx=0 tx=0).stop
2024-04-25T02:05:24.370 INFO:teuthology.orchestra.run.smithi173.stdout:/usr/bin/ceph: stderr
2024-04-25T02:05:23.795+0000 7ff67dfca700 1 --2- 172.21.15.173:0/1901594338 >> [v2:172.21.15.173:3300/0,v1:172.21.15.173:6789/0] conn(0x7ff678107c70 0x7ff67807daf0 unknown :-1 s=CLOSED pgs=44 cs=0 l=1 rev1=1 crypto rx=0 tx=0 comp rx=0 tx=0).stop
2024-04-25T02:05:24.370 INFO:teuthology.orchestra.run.smithi173.stdout:/usr/bin/ceph: stderr
2024-04-25T02:05:23.795+0000 7ff67dfca700 1 -- 172.21.15.173:0/1901594338 >> 172.21.15.173:0/1901594338 conn(0x7ff678103210 msgr2=0x7ff678103e60 unknown :-1 s=STATE_NONE l=0).mark_down
2024-04-25T02:05:24.370 INFO:teuthology.orchestra.run.smithi173.stdout:/usr/bin/ceph: stderr
2024-04-25T02:05:23.795+0000 7ff67dfca700 1 -- 172.21.15.173:0/1901594338 shutdown_connections
2024-04-25T02:05:24.370 INFO:teuthology.orchestra.run.smithi173.stdout:/usr/bin/ceph: stderr
2024-04-25T02:05:23.795+0000 7ff67dfca700 1 -- 172.21.15.173:0/1901594338 wait complete.
2024-04-25T02:05:24.370 INFO:teuthology.orchestra.run.smithi173.stdout:Wrote public SSH key to /home/ubuntu/cephtest/ceph.pub
2024-04-25T02:05:24.370 INFO:teuthology.orchestra.run.smithi173.stdout:Adding key to root@localhost authorized_keys...
2024-04-25T02:05:24.370 INFO:teuthology.orchestra.run.smithi173.stdout:Adding host smithi173...
2024-04-25T02:05:25.018 INFO:journalctl@ceph.mon.a.smithi173.stdout:Apr 25 02:05:24 smithi173 ceph-mon[29159]: from='client.14138 -' entity='client.admin' cmd=[{"prefix": "cephadm get-pub-key", "target": ["mon-mgr", ""]}]: dispatch
2024-04-25T02:05:25.866 INFO:journalctl@ceph.mon.a.smithi173.stdout:Apr 25 02:05:25 smithi173 ceph-mon[29159]: from='client.14140 -' entity='client.admin' cmd=[{"prefix": "orch host add", "hostname": "smithi173", "addr": "172.21.15.173", "target": ["mon-mgr", ""]}]: dispatch
2024-04-25T02:05:25.867 INFO:journalctl@ceph.mon.a.smithi173.stdout:Apr 25 02:05:25 smithi173 ceph-mon[29159]: Deploying cephadm binary to smithi173
2024-04-25T02:05:29.739 INFO:teuthology.orchestra.run.smithi173.stdout:/usr/bin/ceph: stdout Added host 'smithi173' with addr '172.21.15.173'
2024-04-25T02:05:29.739 INFO:teuthology.orchestra.run.smithi173.stdout:/usr/bin/ceph: stderr
2024-04-25T02:05:24.804+0000 7fe06cfe6700 1 Processor -- start
2024-04-25T02:05:29.739 INFO:teuthology.orchestra.run.smithi173.stdout:/usr/bin/ceph: stderr
2024-04-25T02:05:24.804+0000 7fe06cfe6700 1 -- start start
2024-04-25T02:05:29.739 INFO:teuthology.orchestra.run.smithi173.stdout:/usr/bin/ceph: stderr
2024-04-25T02:05:24.804+0000 7fe06cfe6700 1 --2- >> [v2:172.21.15.173:3300/0,v1:172.21.15.173:6789/0] conn(0x7fe068106b90 0x7fe068106fb0 unknown :-1 s=NONE pgs=0 cs=0 l=0 rev1=0 crypto rx=0 tx=0 comp rx=0 tx=0).connect
2024-04-25T02:05:29.739 INFO:teuthology.orchestra.run.smithi173.stdout:/usr/bin/ceph: stderr
2024-04-25T02:05:24.804+0000 7fe06cfe6700 1 -- --> [v2:172.21.15.173:3300/0,v1:172.21.15.173:6789/0] -- mon_getmap magic: 0 -- 0x7fe068107580 con 0x7fe068106b90
2024-04-25T02:05:29.740 INFO:teuthology.orchestra.run.smithi173.stdout:/usr/bin/ceph: stderr
2024-04-25T02:05:24.804+0000 7fe06659c700 1 --2- >> [v2:172.21.15.173:3300/0,v1:172.21.15.173:6789/0] conn(0x7fe068106b90 0x7fe068106fb0 unknown :-1 s=BANNER_CONNECTING pgs=0 cs=0 l=0 rev1=0 crypto rx=0 tx=0 comp rx=0 tx=0)._handle_peer_banner_payload supported=3 required=0
2024-04-25T02:05:29.740 INFO:teuthology.orchestra.run.smithi173.stdout:/usr/bin/ceph: stderr
2024-04-25T02:05:24.805+0000 7fe06659c700 1 --2- >> [v2:172.21.15.173:3300/0,v1:172.21.15.173:6789/0] conn(0x7fe068106b90 0x7fe068106fb0 unknown :-1 s=HELLO_CONNECTING pgs=0 cs=0 l=0 rev1=1 crypto rx=0 tx=0 comp rx=0 tx=0).handle_hello peer v2:172.21.15.173:3300/0 says I am v2:172.21.15.173:57440/0 (socket says 172.21.15.173:57440)
2024-04-25T02:05:29.740 INFO:teuthology.orchestra.run.smithi173.stdout:/usr/bin/ceph: stderr
2024-04-25T02:05:24.805+0000 7fe06659c700 1 -- 172.21.15.173:0/299632652 learned_addr learned my addr 172.21.15.173:0/299632652 (peer_addr_for_me v2:172.21.15.173:0/0)
2024-04-25T02:05:29.740 INFO:teuthology.orchestra.run.smithi173.stdout:/usr/bin/ceph: stderr
2024-04-25T02:05:24.805+0000 7fe06659c700 1 -- 172.21.15.173:0/299632652 --> [v2:172.21.15.173:3300/0,v1:172.21.15.173:6789/0] -- mon_subscribe({config=0+,monmap=0+}) -- 0x7fe068107d90 con 0x7fe068106b90
2024-04-25T02:05:29.740 INFO:teuthology.orchestra.run.smithi173.stdout:/usr/bin/ceph: stderr
2024-04-25T02:05:24.805+0000 7fe06659c700 1 --2- 172.21.15.173:0/299632652 >> [v2:172.21.15.173:3300/0,v1:172.21.15.173:6789/0] conn(0x7fe068106b90 0x7fe068106fb0 secure :-1 s=READY pgs=45 cs=0 l=1 rev1=1 crypto rx=0x7fe0580098a0 tx=0x7fe058009bb0 comp rx=0 tx=0).ready entity=mon.0 client_cookie=b21088816ea47dc6 server_cookie=0 in_seq=0 out_seq=0
2024-04-25T02:05:29.740 INFO:teuthology.orchestra.run.smithi173.stdout:/usr/bin/ceph: stderr
2024-04-25T02:05:24.805+0000 7fe065d9b700 1 -- 172.21.15.173:0/299632652 <== mon.0 v2:172.21.15.173:3300/0 1 ==== mon_map magic: 0 ==== 205+0+0 (secure 0 0 0) 0x7fe058004160 con 0x7fe068106b90
2024-04-25T02:05:29.740 INFO:teuthology.orchestra.run.smithi173.stdout:/usr/bin/ceph: stderr
2024-04-25T02:05:24.805+0000 7fe065d9b700 1 -- 172.21.15.173:0/299632652 <== mon.0 v2:172.21.15.173:3300/0 2 ==== config(27 keys) ==== 1109+0+0 (secure 0 0 0) 0x7fe058004300 con 0x7fe068106b90
2024-04-25T02:05:29.740 INFO:teuthology.orchestra.run.smithi173.stdout:/usr/bin/ceph: stderr
2024-04-25T02:05:24.805+0000 7fe065d9b700 1 -- 172.21.15.173:0/299632652 <== mon.0 v2:172.21.15.173:3300/0 3 ==== mon_map magic: 0 ==== 205+0+0 (secure 0 0 0) 0x7fe058011b50 con 0x7fe068106b90
2024-04-25T02:05:29.740 INFO:teuthology.orchestra.run.smithi173.stdout:/usr/bin/ceph: stderr
2024-04-25T02:05:24.806+0000 7fe06cfe6700 1 -- 172.21.15.173:0/299632652 >> [v2:172.21.15.173:3300/0,v1:172.21.15.173:6789/0] conn(0x7fe068106b90 msgr2=0x7fe068106fb0 secure :-1 s=STATE_CONNECTION_ESTABLISHED l=1).mark_down
2024-04-25T02:05:29.740 INFO:teuthology.orchestra.run.smithi173.stdout:/usr/bin/ceph: stderr
2024-04-25T02:05:24.806+0000 7fe06cfe6700 1 --2- 172.21.15.173:0/299632652 >> [v2:172.21.15.173:3300/0,v1:172.21.15.173:6789/0] conn(0x7fe068106b90 0x7fe068106fb0 secure :-1 s=READY pgs=45 cs=0 l=1 rev1=1 crypto rx=0x7fe0580098a0 tx=0x7fe058009bb0 comp rx=0 tx=0).stop
2024-04-25T02:05:29.740 INFO:teuthology.orchestra.run.smithi173.stdout:/usr/bin/ceph: stderr
2024-04-25T02:05:24.806+0000 7fe06cfe6700 1 -- 172.21.15.173:0/299632652 shutdown_connections
2024-04-25T02:05:29.740 INFO:teuthology.orchestra.run.smithi173.stdout:/usr/bin/ceph: stderr
2024-04-25T02:05:24.806+0000 7fe06cfe6700 1 --2- 172.21.15.173:0/299632652 >> [v2:172.21.15.173:3300/0,v1:172.21.15.173:6789/0] conn(0x7fe068106b90 0x7fe068106fb0 unknown :-1 s=CLOSED pgs=45 cs=0 l=1 rev1=1 crypto rx=0 tx=0 comp rx=0 tx=0).stop
2024-04-25T02:05:29.740 INFO:teuthology.orchestra.run.smithi173.stdout:/usr/bin/ceph: stderr
2024-04-25T02:05:24.806+0000 7fe06cfe6700 1 -- 172.21.15.173:0/299632652 >> 172.21.15.173:0/299632652 conn(0x7fe068102110 msgr2=0x7fe068104570 unknown :-1 s=STATE_NONE l=0).mark_down
2024-04-25T02:05:29.740 INFO:teuthology.orchestra.run.smithi173.stdout:/usr/bin/ceph: stderr
2024-04-25T02:05:24.806+0000 7fe06cfe6700 1 -- 172.21.15.173:0/299632652 shutdown_connections
2024-04-25T02:05:29.741 INFO:teuthology.orchestra.run.smithi173.stdout:/usr/bin/ceph: stderr
2024-04-25T02:05:24.806+0000 7fe06cfe6700 1 -- 172.21.15.173:0/299632652 wait complete.
2024-04-25T02:05:29.741 INFO:teuthology.orchestra.run.smithi173.stdout:/usr/bin/ceph: stderr
2024-04-25T02:05:24.806+0000 7fe06cfe6700 1 Processor -- start
2024-04-25T02:05:29.741 INFO:teuthology.orchestra.run.smithi173.stdout:/usr/bin/ceph: stderr
2024-04-25T02:05:24.807+0000 7fe06cfe6700 1 -- start start
2024-04-25T02:05:29.741 INFO:teuthology.orchestra.run.smithi173.stdout:/usr/bin/ceph: stderr
2024-04-25T02:05:24.807+0000 7fe06cfe6700 1 --2- >> [v2:172.21.15.173:3300/0,v1:172.21.15.173:6789/0] conn(0x7fe068106b90 0x7fe06819bd00 unknown :-1 s=NONE pgs=0 cs=0 l=1 rev1=0 crypto rx=0 tx=0 comp rx=0 tx=0).connect
2024-04-25T02:05:29.741 INFO:teuthology.orchestra.run.smithi173.stdout:/usr/bin/ceph: stderr
2024-04-25T02:05:24.807+0000 7fe06cfe6700 1 -- --> [v2:172.21.15.173:3300/0,v1:172.21.15.173:6789/0] -- mon_getmap magic: 0 -- 0x7fe06810b140 con 0x7fe068106b90
2024-04-25T02:05:29.741 INFO:teuthology.orchestra.run.smithi173.stdout:/usr/bin/ceph: stderr
2024-04-25T02:05:24.807+0000 7fe06659c700 1 --2- >> [v2:172.21.15.173:3300/0,v1:172.21.15.173:6789/0] conn(0x7fe068106b90 0x7fe06819bd00 unknown :-1 s=BANNER_CONNECTING pgs=0 cs=0 l=1 rev1=0 crypto rx=0 tx=0 comp rx=0 tx=0)._handle_peer_banner_payload supported=3 required=0
2024-04-25T02:05:29.741 INFO:teuthology.orchestra.run.smithi173.stdout:/usr/bin/ceph: stderr
2024-04-25T02:05:24.807+0000 7fe06659c700 1 --2- >> [v2:172.21.15.173:3300/0,v1:172.21.15.173:6789/0] conn(0x7fe068106b90 0x7fe06819bd00 unknown :-1 s=HELLO_CONNECTING pgs=0 cs=0 l=1 rev1=1 crypto rx=0 tx=0 comp rx=0 tx=0).handle_hello peer v2:172.21.15.173:3300/0 says I am v2:172.21.15.173:57452/0 (socket says 172.21.15.173:57452)
2024-04-25T02:05:29.741 INFO:teuthology.orchestra.run.smithi173.stdout:/usr/bin/ceph: stderr
2024-04-25T02:05:24.807+0000 7fe06659c700 1 -- 172.21.15.173:0/4243723527 learned_addr learned my addr 172.21.15.173:0/4243723527 (peer_addr_for_me v2:172.21.15.173:0/0)
2024-04-25T02:05:29.741 INFO:teuthology.orchestra.run.smithi173.stdout:/usr/bin/ceph: stderr
2024-04-25T02:05:24.807+0000 7fe06659c700 1 -- 172.21.15.173:0/4243723527 --> [v2:172.21.15.173:3300/0,v1:172.21.15.173:6789/0] -- mon_subscribe({config=0+,monmap=0+}) -- 0x7fe06819c240 con 0x7fe068106b90
2024-04-25T02:05:29.741 INFO:teuthology.orchestra.run.smithi173.stdout:/usr/bin/ceph: stderr
2024-04-25T02:05:24.807+0000 7fe06659c700 1 --2- 172.21.15.173:0/4243723527 >> [v2:172.21.15.173:3300/0,v1:172.21.15.173:6789/0] conn(0x7fe068106b90 0x7fe06819bd00 secure :-1 s=READY pgs=46 cs=0 l=1 rev1=1 crypto rx=0x7fe058011850 tx=0x7fe058011c10 comp rx=0 tx=0).ready entity=mon.0 client_cookie=0 server_cookie=0 in_seq=0 out_seq=0
2024-04-25T02:05:29.741 INFO:teuthology.orchestra.run.smithi173.stdout:/usr/bin/ceph: stderr
2024-04-25T02:05:24.807+0000 7fe05ffff700 1 -- 172.21.15.173:0/4243723527 <== mon.0 v2:172.21.15.173:3300/0 1 ==== mon_map magic: 0 ==== 205+0+0 (secure 0 0 0) 0x7fe058003af0 con 0x7fe068106b90
2024-04-25T02:05:29.741 INFO:teuthology.orchestra.run.smithi173.stdout:/usr/bin/ceph: stderr
2024-04-25T02:05:24.808+0000 7fe05ffff700 1 -- 172.21.15.173:0/4243723527 <== mon.0 v2:172.21.15.173:3300/0 2 ==== config(27 keys) ==== 1109+0+0 (secure 0 0 0) 0x7fe058020070 con 0x7fe068106b90
2024-04-25T02:05:29.741 INFO:teuthology.orchestra.run.smithi173.stdout:/usr/bin/ceph: stderr
2024-04-25T02:05:24.808+0000 7fe06cfe6700 1 -- 172.21.15.173:0/4243723527 --> [v2:172.21.15.173:3300/0,v1:172.21.15.173:6789/0] -- mon_subscribe({mgrmap=0+}) -- 0x7fe06819c4d0 con 0x7fe068106b90
2024-04-25T02:05:29.742 INFO:teuthology.orchestra.run.smithi173.stdout:/usr/bin/ceph: stderr
2024-04-25T02:05:24.808+0000 7fe05ffff700 1 -- 172.21.15.173:0/4243723527 <== mon.0 v2:172.21.15.173:3300/0 3 ==== mon_map magic: 0 ==== 205+0+0 (secure 0 0 0) 0x7fe0580195a0 con 0x7fe068106b90
2024-04-25T02:05:29.742 INFO:teuthology.orchestra.run.smithi173.stdout:/usr/bin/ceph: stderr
2024-04-25T02:05:24.808+0000 7fe06cfe6700 1 -- 172.21.15.173:0/4243723527 --> [v2:172.21.15.173:3300/0,v1:172.21.15.173:6789/0] -- mon_subscribe({osdmap=0}) -- 0x7fe06819f1b0 con 0x7fe068106b90
2024-04-25T02:05:29.742 INFO:teuthology.orchestra.run.smithi173.stdout:/usr/bin/ceph: stderr
2024-04-25T02:05:24.808+0000 7fe05ffff700 1 -- 172.21.15.173:0/4243723527 <== mon.0 v2:172.21.15.173:3300/0 4 ==== mgrmap(e 8) ==== 46287+0+0 (secure 0 0 0) 0x7fe058019850 con 0x7fe068106b90
2024-04-25T02:05:29.742 INFO:teuthology.orchestra.run.smithi173.stdout:/usr/bin/ceph: stderr
2024-04-25T02:05:24.808+0000 7fe06cfe6700 1 -- 172.21.15.173:0/4243723527 --> [v2:172.21.15.173:3300/0,v1:172.21.15.173:6789/0] -- mon_command({"prefix": "get_command_descriptions"} v 0) -- 0x7fe068063890 con 0x7fe068106b90
2024-04-25T02:05:29.742 INFO:teuthology.orchestra.run.smithi173.stdout:/usr/bin/ceph: stderr
2024-04-25T02:05:24.809+0000 7fe05ffff700 1 --2- 172.21.15.173:0/4243723527 >> [v2:172.21.15.173:6800/1463667097,v1:172.21.15.173:6801/1463667097] conn(0x7fe0540390a0 0x7fe05403b560 unknown :-1 s=NONE pgs=0 cs=0 l=1 rev1=0 crypto rx=0 tx=0 comp rx=0 tx=0).connect
2024-04-25T02:05:29.742 INFO:teuthology.orchestra.run.smithi173.stdout:/usr/bin/ceph: stderr
2024-04-25T02:05:24.809+0000 7fe05ffff700 1 -- 172.21.15.173:0/4243723527 <== mon.0 v2:172.21.15.173:3300/0 5 ==== osd_map(2..2 src has 1..2) ==== 940+0+0 (secure 0 0 0) 0x7fe058011e00 con 0x7fe068106b90
2024-04-25T02:05:29.742 INFO:teuthology.orchestra.run.smithi173.stdout:/usr/bin/ceph: stderr
2024-04-25T02:05:24.809+0000 7fe05dd9b700 1 --2- 172.21.15.173:0/4243723527 >> [v2:172.21.15.173:6800/1463667097,v1:172.21.15.173:6801/1463667097] conn(0x7fe0540390a0 0x7fe05403b560 unknown :-1 s=BANNER_CONNECTING pgs=0 cs=0 l=1 rev1=0 crypto rx=0 tx=0 comp rx=0 tx=0)._handle_peer_banner_payload supported=3 required=0
2024-04-25T02:05:29.742 INFO:teuthology.orchestra.run.smithi173.stdout:/usr/bin/ceph: stderr
2024-04-25T02:05:24.809+0000 7fe05dd9b700 1 --2- 172.21.15.173:0/4243723527 >> [v2:172.21.15.173:6800/1463667097,v1:172.21.15.173:6801/1463667097] conn(0x7fe0540390a0 0x7fe05403b560 secure :-1 s=READY pgs=11 cs=0 l=1 rev1=1 crypto rx=0x7fe050006fd0 tx=0x7fe050006e40 comp rx=0 tx=0).ready entity=mgr.14120 client_cookie=0 server_cookie=0 in_seq=0 out_seq=0
2024-04-25T02:05:29.742 INFO:teuthology.orchestra.run.smithi173.stdout:/usr/bin/ceph: stderr
2024-04-25T02:05:24.814+0000 7fe05ffff700 1 -- 172.21.15.173:0/4243723527 <== mon.0 v2:172.21.15.173:3300/0 6 ==== mon_command_ack([{"prefix": "get_command_descriptions"}]=0 v0) ==== 72+0+186147 (secure 0 0 0) 0x7fe058003c90 con 0x7fe068106b90
2024-04-25T02:05:29.742 INFO:teuthology.orchestra.run.smithi173.stdout:/usr/bin/ceph: stderr
2024-04-25T02:05:25.012+0000 7fe06cfe6700 1 -- 172.21.15.173:0/4243723527 --> [v2:172.21.15.173:6800/1463667097,v1:172.21.15.173:6801/1463667097] -- mgr_command(tid 0: {"prefix": "orch host add", "hostname": "smithi173", "addr": "172.21.15.173", "target": ["mon-mgr", ""]}) -- 0x7fe0680008d0 con 0x7fe0540390a0
2024-04-25T02:05:29.742 INFO:teuthology.orchestra.run.smithi173.stdout:/usr/bin/ceph: stderr
2024-04-25T02:05:29.115+0000 7fe05ffff700 1 -- 172.21.15.173:0/4243723527 <== mgr.14120 v2:172.21.15.173:6800/1463667097 1 ==== mgr_command_reply(tid 0: 0 ) ==== 8+0+49 (secure 0 0 0) 0x7fe0680008d0 con 0x7fe0540390a0
2024-04-25T02:05:29.742 INFO:teuthology.orchestra.run.smithi173.stdout:/usr/bin/ceph: stderr
2024-04-25T02:05:29.118+0000 7fe06cfe6700 1 -- 172.21.15.173:0/4243723527 >> [v2:172.21.15.173:6800/1463667097,v1:172.21.15.173:6801/1463667097] conn(0x7fe0540390a0 msgr2=0x7fe05403b560 secure :-1 s=STATE_CONNECTION_ESTABLISHED l=1).mark_down
2024-04-25T02:05:29.742 INFO:teuthology.orchestra.run.smithi173.stdout:/usr/bin/ceph: stderr
2024-04-25T02:05:29.118+0000 7fe06cfe6700 1 --2- 172.21.15.173:0/4243723527 >> [v2:172.21.15.173:6800/1463667097,v1:172.21.15.173:6801/1463667097] conn(0x7fe0540390a0 0x7fe05403b560 secure :-1 s=READY pgs=11 cs=0 l=1 rev1=1 crypto rx=0x7fe050006fd0 tx=0x7fe050006e40 comp rx=0 tx=0).stop
2024-04-25T02:05:29.743 INFO:teuthology.orchestra.run.smithi173.stdout:/usr/bin/ceph: stderr
2024-04-25T02:05:29.118+0000 7fe06cfe6700 1 -- 172.21.15.173:0/4243723527 >> [v2:172.21.15.173:3300/0,v1:172.21.15.173:6789/0] conn(0x7fe068106b90 msgr2=0x7fe06819bd00 secure :-1 s=STATE_CONNECTION_ESTABLISHED l=1).mark_down
2024-04-25T02:05:29.743 INFO:teuthology.orchestra.run.smithi173.stdout:/usr/bin/ceph: stderr
2024-04-25T02:05:29.118+0000 7fe06cfe6700 1 --2- 172.21.15.173:0/4243723527 >> [v2:172.21.15.173:3300/0,v1:172.21.15.173:6789/0] conn(0x7fe068106b90 0x7fe06819bd00 secure :-1 s=READY pgs=46 cs=0 l=1 rev1=1 crypto rx=0x7fe058011850 tx=0x7fe058011c10 comp rx=0 tx=0).stop
2024-04-25T02:05:29.743 INFO:teuthology.orchestra.run.smithi173.stdout:/usr/bin/ceph: stderr
2024-04-25T02:05:29.118+0000 7fe06cfe6700 1 -- 172.21.15.173:0/4243723527 shutdown_connections
2024-04-25T02:05:29.743 INFO:teuthology.orchestra.run.smithi173.stdout:/usr/bin/ceph: stderr
2024-04-25T02:05:29.118+0000 7fe06cfe6700 1 --2- 172.21.15.173:0/4243723527 >> [v2:172.21.15.173:6800/1463667097,v1:172.21.15.173:6801/1463667097] conn(0x7fe0540390a0 0x7fe05403b560 unknown :-1 s=CLOSED pgs=11 cs=0 l=1 rev1=1 crypto rx=0 tx=0 comp rx=0 tx=0).stop
2024-04-25T02:05:29.743 INFO:teuthology.orchestra.run.smithi173.stdout:/usr/bin/ceph: stderr
2024-04-25T02:05:29.118+0000 7fe06cfe6700 1 --2- 172.21.15.173:0/4243723527 >> [v2:172.21.15.173:3300/0,v1:172.21.15.173:6789/0] conn(0x7fe068106b90 0x7fe06819bd00 unknown :-1 s=CLOSED pgs=46 cs=0 l=1 rev1=1 crypto rx=0 tx=0 comp rx=0 tx=0).stop
2024-04-25T02:05:29.743 INFO:teuthology.orchestra.run.smithi173.stdout:/usr/bin/ceph: stderr
2024-04-25T02:05:29.118+0000 7fe06cfe6700 1 -- 172.21.15.173:0/4243723527 >> 172.21.15.173:0/4243723527 conn(0x7fe068102110 msgr2=0x7fe068103030 unknown :-1 s=STATE_NONE l=0).mark_down
2024-04-25T02:05:29.743 INFO:teuthology.orchestra.run.smithi173.stdout:/usr/bin/ceph: stderr
2024-04-25T02:05:29.118+0000 7fe06cfe6700 1 -- 172.21.15.173:0/4243723527 shutdown_connections
2024-04-25T02:05:29.743 INFO:teuthology.orchestra.run.smithi173.stdout:/usr/bin/ceph: stderr
2024-04-25T02:05:29.118+0000 7fe06cfe6700 1 -- 172.21.15.173:0/4243723527 wait complete.
2024-04-25T02:05:29.743 INFO:teuthology.orchestra.run.smithi173.stdout:Deploying unmanaged mon service...
2024-04-25T02:05:30.296 INFO:journalctl@ceph.mon.a.smithi173.stdout:Apr 25 02:05:30 smithi173 ceph-mon[29159]: from='mgr.14120 172.21.15.173:0/174106611' entity='mgr.x'
2024-04-25T02:05:30.296 INFO:journalctl@ceph.mon.a.smithi173.stdout:Apr 25 02:05:30 smithi173 ceph-mon[29159]: Added host smithi173
2024-04-25T02:05:30.296 INFO:journalctl@ceph.mon.a.smithi173.stdout:Apr 25 02:05:30 smithi173 ceph-mon[29159]: from='mgr.14120 172.21.15.173:0/174106611' entity='mgr.x' cmd=[{"prefix": "config dump", "format": "json"}]: dispatch
2024-04-25T02:05:31.166 INFO:teuthology.orchestra.run.smithi173.stdout:/usr/bin/ceph: stdout Scheduled mon update...
2024-04-25T02:05:31.166 INFO:teuthology.orchestra.run.smithi173.stdout:/usr/bin/ceph: stderr
2024-04-25T02:05:30.148+0000 7fb2e69a2700 1 Processor -- start
2024-04-25T02:05:31.166 INFO:teuthology.orchestra.run.smithi173.stdout:/usr/bin/ceph: stderr
2024-04-25T02:05:30.148+0000 7fb2e69a2700 1 -- start start
