2024-04-25T02:05:49.391 INFO:teuthology.orchestra.run.smithi173.stdout:/usr/bin/ceph: stderr
2024-04-25T02:05:48.328+0000 7f2b26173700 1 -- 172.21.15.173:0/454416734 learned_addr learned my addr 172.21.15.173:0/454416734 (peer_addr_for_me v2:172.21.15.173:0/0)
2024-04-25T02:05:49.391 INFO:teuthology.orchestra.run.smithi173.stdout:/usr/bin/ceph: stderr
2024-04-25T02:05:48.328+0000 7f2b26173700 1 -- 172.21.15.173:0/454416734 --> [v2:172.21.15.173:3300/0,v1:172.21.15.173:6789/0] -- mon_subscribe({config=0+,monmap=0+}) -- 0x7f2b20106ef0 con 0x7f2b20106590
2024-04-25T02:05:49.391 INFO:teuthology.orchestra.run.smithi173.stdout:/usr/bin/ceph: stderr
2024-04-25T02:05:48.328+0000 7f2b26173700 1 --2- 172.21.15.173:0/454416734 >> [v2:172.21.15.173:3300/0,v1:172.21.15.173:6789/0] conn(0x7f2b20106590 0x7f2b201069b0 secure :-1 s=READY pgs=72 cs=0 l=1 rev1=1 crypto rx=0x7f2b1c0098a0 tx=0x7f2b1c009bb0 comp rx=0 tx=0).ready entity=mon.0 client_cookie=fa1e3395c1247e0e server_cookie=0 in_seq=0 out_seq=0
2024-04-25T02:05:49.392 INFO:teuthology.orchestra.run.smithi173.stdout:/usr/bin/ceph: stderr
2024-04-25T02:05:48.328+0000 7f2b25171700 1 -- 172.21.15.173:0/454416734 <== mon.0 v2:172.21.15.173:3300/0 1 ==== mon_map magic: 0 ==== 205+0+0 (secure 0 0 0) 0x7f2b1c004160 con 0x7f2b20106590
2024-04-25T02:05:49.392 INFO:teuthology.orchestra.run.smithi173.stdout:/usr/bin/ceph: stderr
2024-04-25T02:05:48.329+0000 7f2b25171700 1 -- 172.21.15.173:0/454416734 <== mon.0 v2:172.21.15.173:3300/0 2 ==== config(27 keys) ==== 1140+0+0 (secure 0 0 0) 0x7f2b1c004300 con 0x7f2b20106590
2024-04-25T02:05:49.392 INFO:teuthology.orchestra.run.smithi173.stdout:/usr/bin/ceph: stderr
2024-04-25T02:05:48.329+0000 7f2b25171700 1 -- 172.21.15.173:0/454416734 <== mon.0 v2:172.21.15.173:3300/0 3 ==== mon_map magic: 0 ==== 205+0+0 (secure 0 0 0) 0x7f2b1c011b20 con 0x7f2b20106590
2024-04-25T02:05:49.392 INFO:teuthology.orchestra.run.smithi173.stdout:/usr/bin/ceph: stderr
2024-04-25T02:05:48.329+0000 7f2b283d7700 1 -- 172.21.15.173:0/454416734 >> [v2:172.21.15.173:3300/0,v1:172.21.15.173:6789/0] conn(0x7f2b20106590 msgr2=0x7f2b201069b0 secure :-1 s=STATE_CONNECTION_ESTABLISHED l=1).mark_down
2024-04-25T02:05:49.392 INFO:teuthology.orchestra.run.smithi173.stdout:/usr/bin/ceph: stderr
2024-04-25T02:05:48.329+0000 7f2b283d7700 1 --2- 172.21.15.173:0/454416734 >> [v2:172.21.15.173:3300/0,v1:172.21.15.173:6789/0] conn(0x7f2b20106590 0x7f2b201069b0 secure :-1 s=READY pgs=72 cs=0 l=1 rev1=1 crypto rx=0x7f2b1c0098a0 tx=0x7f2b1c009bb0 comp rx=0 tx=0).stop
2024-04-25T02:05:49.392 INFO:teuthology.orchestra.run.smithi173.stdout:/usr/bin/ceph: stderr
2024-04-25T02:05:48.329+0000 7f2b283d7700 1 -- 172.21.15.173:0/454416734 shutdown_connections
2024-04-25T02:05:49.392 INFO:teuthology.orchestra.run.smithi173.stdout:/usr/bin/ceph: stderr
2024-04-25T02:05:48.329+0000 7f2b283d7700 1 --2- 172.21.15.173:0/454416734 >> [v2:172.21.15.173:3300/0,v1:172.21.15.173:6789/0] conn(0x7f2b20106590 0x7f2b201069b0 unknown :-1 s=CLOSED pgs=72 cs=0 l=1 rev1=1 crypto rx=0 tx=0 comp rx=0 tx=0).stop
2024-04-25T02:05:49.392 INFO:teuthology.orchestra.run.smithi173.stdout:/usr/bin/ceph: stderr
2024-04-25T02:05:48.329+0000 7f2b283d7700 1 -- 172.21.15.173:0/454416734 >> 172.21.15.173:0/454416734 conn(0x7f2b20102170 msgr2=0x7f2b20104590 unknown :-1 s=STATE_NONE l=0).mark_down
2024-04-25T02:05:49.392 INFO:teuthology.orchestra.run.smithi173.stdout:/usr/bin/ceph: stderr
2024-04-25T02:05:48.329+0000 7f2b283d7700 1 -- 172.21.15.173:0/454416734 shutdown_connections
2024-04-25T02:05:49.392 INFO:teuthology.orchestra.run.smithi173.stdout:/usr/bin/ceph: stderr
2024-04-25T02:05:48.329+0000 7f2b283d7700 1 -- 172.21.15.173:0/454416734 wait complete.
2024-04-25T02:05:49.392 INFO:teuthology.orchestra.run.smithi173.stdout:/usr/bin/ceph: stderr
2024-04-25T02:05:48.330+0000 7f2b283d7700 1 Processor -- start
2024-04-25T02:05:49.392 INFO:teuthology.orchestra.run.smithi173.stdout:/usr/bin/ceph: stderr
2024-04-25T02:05:48.330+0000 7f2b283d7700 1 -- start start
2024-04-25T02:05:49.392 INFO:teuthology.orchestra.run.smithi173.stdout:/usr/bin/ceph: stderr
2024-04-25T02:05:48.330+0000 7f2b283d7700 1 --2- >> [v2:172.21.15.173:3300/0,v1:172.21.15.173:6789/0] conn(0x7f2b20106590 0x7f2b2019ddd0 unknown :-1 s=NONE pgs=0 cs=0 l=1 rev1=0 crypto rx=0 tx=0 comp rx=0 tx=0).connect
2024-04-25T02:05:49.392 INFO:teuthology.orchestra.run.smithi173.stdout:/usr/bin/ceph: stderr
2024-04-25T02:05:48.330+0000 7f2b283d7700 1 -- --> [v2:172.21.15.173:3300/0,v1:172.21.15.173:6789/0] -- mon_getmap magic: 0 -- 0x7f2b20107fc0 con 0x7f2b20106590
2024-04-25T02:05:49.393 INFO:teuthology.orchestra.run.smithi173.stdout:/usr/bin/ceph: stderr
2024-04-25T02:05:48.330+0000 7f2b26173700 1 --2- >> [v2:172.21.15.173:3300/0,v1:172.21.15.173:6789/0] conn(0x7f2b20106590 0x7f2b2019ddd0 unknown :-1 s=BANNER_CONNECTING pgs=0 cs=0 l=1 rev1=0 crypto rx=0 tx=0 comp rx=0 tx=0)._handle_peer_banner_payload supported=3 required=0
2024-04-25T02:05:49.393 INFO:teuthology.orchestra.run.smithi173.stdout:/usr/bin/ceph: stderr
2024-04-25T02:05:48.330+0000 7f2b26173700 1 --2- >> [v2:172.21.15.173:3300/0,v1:172.21.15.173:6789/0] conn(0x7f2b20106590 0x7f2b2019ddd0 unknown :-1 s=HELLO_CONNECTING pgs=0 cs=0 l=1 rev1=1 crypto rx=0 tx=0 comp rx=0 tx=0).handle_hello peer v2:172.21.15.173:3300/0 says I am v2:172.21.15.173:42414/0 (socket says 172.21.15.173:42414)
2024-04-25T02:05:49.393 INFO:teuthology.orchestra.run.smithi173.stdout:/usr/bin/ceph: stderr
2024-04-25T02:05:48.330+0000 7f2b26173700 1 -- 172.21.15.173:0/2467096841 learned_addr learned my addr 172.21.15.173:0/2467096841 (peer_addr_for_me v2:172.21.15.173:0/0)
2024-04-25T02:05:49.393 INFO:teuthology.orchestra.run.smithi173.stdout:/usr/bin/ceph: stderr
2024-04-25T02:05:48.330+0000 7f2b26173700 1 -- 172.21.15.173:0/2467096841 --> [v2:172.21.15.173:3300/0,v1:172.21.15.173:6789/0] -- mon_subscribe({config=0+,monmap=0+}) -- 0x7f2b2019e310 con 0x7f2b20106590
2024-04-25T02:05:49.393 INFO:teuthology.orchestra.run.smithi173.stdout:/usr/bin/ceph: stderr
2024-04-25T02:05:48.331+0000 7f2b26173700 1 --2- 172.21.15.173:0/2467096841 >> [v2:172.21.15.173:3300/0,v1:172.21.15.173:6789/0] conn(0x7f2b20106590 0x7f2b2019ddd0 secure :-1 s=READY pgs=73 cs=0 l=1 rev1=1 crypto rx=0x7f2b1c0116a0 tx=0x7f2b1c011ba0 comp rx=0 tx=0).ready entity=mon.0 client_cookie=0 server_cookie=0 in_seq=0 out_seq=0
2024-04-25T02:05:49.393 INFO:teuthology.orchestra.run.smithi173.stdout:/usr/bin/ceph: stderr
2024-04-25T02:05:48.331+0000 7f2b177fe700 1 -- 172.21.15.173:0/2467096841 <== mon.0 v2:172.21.15.173:3300/0 1 ==== mon_map magic: 0 ==== 205+0+0 (secure 0 0 0) 0x7f2b1c003a40 con 0x7f2b20106590
2024-04-25T02:05:49.393 INFO:teuthology.orchestra.run.smithi173.stdout:/usr/bin/ceph: stderr
2024-04-25T02:05:48.331+0000 7f2b177fe700 1 -- 172.21.15.173:0/2467096841 <== mon.0 v2:172.21.15.173:3300/0 2 ==== config(27 keys) ==== 1140+0+0 (secure 0 0 0) 0x7f2b1c003be0 con 0x7f2b20106590
2024-04-25T02:05:49.393 INFO:teuthology.orchestra.run.smithi173.stdout:/usr/bin/ceph: stderr
2024-04-25T02:05:48.331+0000 7f2b283d7700 1 -- 172.21.15.173:0/2467096841 --> [v2:172.21.15.173:3300/0,v1:172.21.15.173:6789/0] -- mon_subscribe({mgrmap=0+}) -- 0x7f2b2019e5a0 con 0x7f2b20106590
2024-04-25T02:05:49.393 INFO:teuthology.orchestra.run.smithi173.stdout:/usr/bin/ceph: stderr
2024-04-25T02:05:48.331+0000 7f2b177fe700 1 -- 172.21.15.173:0/2467096841 <== mon.0 v2:172.21.15.173:3300/0 3 ==== mon_map magic: 0 ==== 205+0+0 (secure 0 0 0) 0x7f2b1c01a750 con 0x7f2b20106590
2024-04-25T02:05:49.393 INFO:teuthology.orchestra.run.smithi173.stdout:/usr/bin/ceph: stderr
2024-04-25T02:05:48.331+0000 7f2b283d7700 1 -- 172.21.15.173:0/2467096841 --> [v2:172.21.15.173:3300/0,v1:172.21.15.173:6789/0] -- mon_subscribe({osdmap=0}) -- 0x7f2b2019ea00 con 0x7f2b20106590
2024-04-25T02:05:49.393 INFO:teuthology.orchestra.run.smithi173.stdout:/usr/bin/ceph: stderr
2024-04-25T02:05:48.332+0000 7f2b177fe700 1 -- 172.21.15.173:0/2467096841 <== mon.0 v2:172.21.15.173:3300/0 4 ==== mgrmap(e 12) ==== 46300+0+0 (secure 0 0 0) 0x7f2b1c024aa0 con 0x7f2b20106590
2024-04-25T02:05:49.393 INFO:teuthology.orchestra.run.smithi173.stdout:/usr/bin/ceph: stderr
2024-04-25T02:05:48.332+0000 7f2b177fe700 1 --2- 172.21.15.173:0/2467096841 >> [v2:172.21.15.173:6800/2139419942,v1:172.21.15.173:6801/2139419942] conn(0x7f2b0c0390b0 0x7f2b0c03b570 unknown :-1 s=NONE pgs=0 cs=0 l=1 rev1=0 crypto rx=0 tx=0 comp rx=0 tx=0).connect
2024-04-25T02:05:49.393 INFO:teuthology.orchestra.run.smithi173.stdout:/usr/bin/ceph: stderr
2024-04-25T02:05:48.332+0000 7f2b283d7700 1 -- 172.21.15.173:0/2467096841 --> [v2:172.21.15.173:3300/0,v1:172.21.15.173:6789/0] -- mon_command({"prefix": "get_command_descriptions"} v 0) -- 0x7f2b20063890 con 0x7f2b20106590
2024-04-25T02:05:49.394 INFO:teuthology.orchestra.run.smithi173.stdout:/usr/bin/ceph: stderr
2024-04-25T02:05:48.332+0000 7f2b177fe700 1 -- 172.21.15.173:0/2467096841 <== mon.0 v2:172.21.15.173:3300/0 5 ==== osd_map(3..3 src has 1..3) ==== 1155+0+0 (secure 0 0 0) 0x7f2b1c04d730 con 0x7f2b20106590
2024-04-25T02:05:49.394 INFO:teuthology.orchestra.run.smithi173.stdout:/usr/bin/ceph: stderr
2024-04-25T02:05:48.332+0000 7f2b25972700 1 --2- 172.21.15.173:0/2467096841 >> [v2:172.21.15.173:6800/2139419942,v1:172.21.15.173:6801/2139419942] conn(0x7f2b0c0390b0 0x7f2b0c03b570 unknown :-1 s=BANNER_CONNECTING pgs=0 cs=0 l=1 rev1=0 crypto rx=0 tx=0 comp rx=0 tx=0)._handle_peer_banner_payload supported=3 required=0
2024-04-25T02:05:49.394 INFO:teuthology.orchestra.run.smithi173.stdout:/usr/bin/ceph: stderr
2024-04-25T02:05:48.332+0000 7f2b25972700 1 --2- 172.21.15.173:0/2467096841 >> [v2:172.21.15.173:6800/2139419942,v1:172.21.15.173:6801/2139419942] conn(0x7f2b0c0390b0 0x7f2b0c03b570 secure :-1 s=READY pgs=8 cs=0 l=1 rev1=1 crypto rx=0x7f2b10006fd0 tx=0x7f2b10006e40 comp rx=0 tx=0).ready entity=mgr.14152 client_cookie=0 server_cookie=0 in_seq=0 out_seq=0
2024-04-25T02:05:49.394 INFO:teuthology.orchestra.run.smithi173.stdout:/usr/bin/ceph: stderr
2024-04-25T02:05:48.337+0000 7f2b177fe700 1 -- 172.21.15.173:0/2467096841 <== mon.0 v2:172.21.15.173:3300/0 6 ==== mon_command_ack([{"prefix": "get_command_descriptions"}]=0 v0) ==== 72+0+186147 (secure 0 0 0) 0x7f2b1c011e20 con 0x7f2b20106590
2024-04-25T02:05:49.394 INFO:teuthology.orchestra.run.smithi173.stdout:/usr/bin/ceph: stderr
2024-04-25T02:05:48.565+0000 7f2b283d7700 1 -- 172.21.15.173:0/2467096841 --> [v2:172.21.15.173:6800/2139419942,v1:172.21.15.173:6801/2139419942] -- mgr_command(tid 0: {"prefix": "dashboard ac-user-create", "username": "admin", "rolename": "administrator", "force_password": true, "pwd_update_required": true, "target": ["mon-mgr", ""]}) -- 0x7f2b201978b0 con 0x7f2b0c0390b0
2024-04-25T02:05:49.394 INFO:teuthology.orchestra.run.smithi173.stdout:/usr/bin/ceph: stderr
2024-04-25T02:05:48.787+0000 7f2b177fe700 1 -- 172.21.15.173:0/2467096841 <== mgr.14152 v2:172.21.15.173:6800/2139419942 1 ==== mgr_command_reply(tid 0: 0 ) ==== 8+0+252 (secure 0 0 0) 0x7f2b201978b0 con 0x7f2b0c0390b0
2024-04-25T02:05:49.394 INFO:teuthology.orchestra.run.smithi173.stdout:/usr/bin/ceph: stderr
2024-04-25T02:05:48.789+0000 7f2b283d7700 1 -- 172.21.15.173:0/2467096841 >> [v2:172.21.15.173:6800/2139419942,v1:172.21.15.173:6801/2139419942] conn(0x7f2b0c0390b0 msgr2=0x7f2b0c03b570 secure :-1 s=STATE_CONNECTION_ESTABLISHED l=1).mark_down
2024-04-25T02:05:49.394 INFO:teuthology.orchestra.run.smithi173.stdout:/usr/bin/ceph: stderr
2024-04-25T02:05:48.789+0000 7f2b283d7700 1 --2- 172.21.15.173:0/2467096841 >> [v2:172.21.15.173:6800/2139419942,v1:172.21.15.173:6801/2139419942] conn(0x7f2b0c0390b0 0x7f2b0c03b570 secure :-1 s=READY pgs=8 cs=0 l=1 rev1=1 crypto rx=0x7f2b10006fd0 tx=0x7f2b10006e40 comp rx=0 tx=0).stop
2024-04-25T02:05:49.394 INFO:teuthology.orchestra.run.smithi173.stdout:/usr/bin/ceph: stderr
2024-04-25T02:05:48.789+0000 7f2b283d7700 1 -- 172.21.15.173:0/2467096841 >> [v2:172.21.15.173:3300/0,v1:172.21.15.173:6789/0] conn(0x7f2b20106590 msgr2=0x7f2b2019ddd0 secure :-1 s=STATE_CONNECTION_ESTABLISHED l=1).mark_down
2024-04-25T02:05:49.394 INFO:teuthology.orchestra.run.smithi173.stdout:/usr/bin/ceph: stderr
2024-04-25T02:05:48.789+0000 7f2b283d7700 1 --2- 172.21.15.173:0/2467096841 >> [v2:172.21.15.173:3300/0,v1:172.21.15.173:6789/0] conn(0x7f2b20106590 0x7f2b2019ddd0 secure :-1 s=READY pgs=73 cs=0 l=1 rev1=1 crypto rx=0x7f2b1c0116a0 tx=0x7f2b1c011ba0 comp rx=0 tx=0).stop
2024-04-25T02:05:49.394 INFO:teuthology.orchestra.run.smithi173.stdout:/usr/bin/ceph: stderr
2024-04-25T02:05:48.789+0000 7f2b283d7700 1 -- 172.21.15.173:0/2467096841 shutdown_connections
2024-04-25T02:05:49.394 INFO:teuthology.orchestra.run.smithi173.stdout:/usr/bin/ceph: stderr
2024-04-25T02:05:48.789+0000 7f2b283d7700 1 --2- 172.21.15.173:0/2467096841 >> [v2:172.21.15.173:6800/2139419942,v1:172.21.15.173:6801/2139419942] conn(0x7f2b0c0390b0 0x7f2b0c03b570 unknown :-1 s=CLOSED pgs=8 cs=0 l=1 rev1=1 crypto rx=0 tx=0 comp rx=0 tx=0).stop
2024-04-25T02:05:49.394 INFO:teuthology.orchestra.run.smithi173.stdout:/usr/bin/ceph: stderr
2024-04-25T02:05:48.789+0000 7f2b283d7700 1 --2- 172.21.15.173:0/2467096841 >> [v2:172.21.15.173:3300/0,v1:172.21.15.173:6789/0] conn(0x7f2b20106590 0x7f2b2019ddd0 unknown :-1 s=CLOSED pgs=73 cs=0 l=1 rev1=1 crypto rx=0 tx=0 comp rx=0 tx=0).stop
2024-04-25T02:05:49.395 INFO:teuthology.orchestra.run.smithi173.stdout:/usr/bin/ceph: stderr
2024-04-25T02:05:48.789+0000 7f2b283d7700 1 -- 172.21.15.173:0/2467096841 >> 172.21.15.173:0/2467096841 conn(0x7f2b20102170 msgr2=0x7f2b201949f0 unknown :-1 s=STATE_NONE l=0).mark_down
2024-04-25T02:05:49.395 INFO:teuthology.orchestra.run.smithi173.stdout:/usr/bin/ceph: stderr
2024-04-25T02:05:48.789+0000 7f2b283d7700 1 -- 172.21.15.173:0/2467096841 shutdown_connections
2024-04-25T02:05:49.395 INFO:teuthology.orchestra.run.smithi173.stdout:/usr/bin/ceph: stderr
2024-04-25T02:05:48.789+0000 7f2b283d7700 1 -- 172.21.15.173:0/2467096841 wait complete.
2024-04-25T02:05:49.395 INFO:teuthology.orchestra.run.smithi173.stdout:Fetching dashboard port number...
2024-04-25T02:05:49.719 INFO:journalctl@ceph.mon.a.smithi173.stdout:Apr 25 02:05:49 smithi173 ceph-mon[29159]: from='mgr.14152 172.21.15.173:0/3902890973' entity='mgr.x'
2024-04-25T02:05:49.719 INFO:journalctl@ceph.mon.a.smithi173.stdout:Apr 25 02:05:49 smithi173 ceph-mon[29159]: from='client.14166 -' entity='client.admin' cmd=[{"prefix": "dashboard ac-user-create", "username": "admin", "rolename": "administrator", "force_password": true, "pwd_update_required": true, "target": ["mon-mgr", ""]}]: dispatch
2024-04-25T02:05:49.719 INFO:journalctl@ceph.mon.a.smithi173.stdout:Apr 25 02:05:49 smithi173 ceph-mon[29159]: from='mgr.14152 172.21.15.173:0/3902890973' entity='mgr.x'
2024-04-25T02:05:50.796 INFO:journalctl@ceph.mon.a.smithi173.stdout:Apr 25 02:05:50 smithi173 ceph-mon[29159]: from='client.? 172.21.15.173:0/3424005640' entity='client.admin' cmd=[{"prefix": "config get", "who": "mgr", "key": "mgr/dashboard/ssl_server_port"}]: dispatch
2024-04-25T02:05:51.395 INFO:teuthology.orchestra.run.smithi173.stdout:/usr/bin/ceph: stdout 8443
2024-04-25T02:05:51.396 INFO:teuthology.orchestra.run.smithi173.stdout:/usr/bin/ceph: stderr
2024-04-25T02:05:49.812+0000 7f2ce3b61700 1 Processor -- start
2024-04-25T02:05:51.396 INFO:teuthology.orchestra.run.smithi173.stdout:/usr/bin/ceph: stderr
2024-04-25T02:05:49.812+0000 7f2ce3b61700 1 -- start start
2024-04-25T02:05:51.396 INFO:teuthology.orchestra.run.smithi173.stdout:/usr/bin/ceph: stderr
2024-04-25T02:05:49.812+0000 7f2ce3b61700 1 --2- >> [v2:172.21.15.173:3300/0,v1:172.21.15.173:6789/0] conn(0x7f2cdc108760 0x7f2cdc10ab50 unknown :-1 s=NONE pgs=0 cs=0 l=0 rev1=0 crypto rx=0 tx=0 comp rx=0 tx=0).connect
2024-04-25T02:05:51.396 INFO:teuthology.orchestra.run.smithi173.stdout:/usr/bin/ceph: stderr
2024-04-25T02:05:49.812+0000 7f2ce3b61700 1 -- --> [v2:172.21.15.173:3300/0,v1:172.21.15.173:6789/0] -- mon_getmap magic: 0 -- 0x7f2cdc07bdd0 con 0x7f2cdc108760
2024-04-25T02:05:51.396 INFO:teuthology.orchestra.run.smithi173.stdout:/usr/bin/ceph: stderr
2024-04-25T02:05:49.812+0000 7f2ce18fd700 1 --2- >> [v2:172.21.15.173:3300/0,v1:172.21.15.173:6789/0] conn(0x7f2cdc108760 0x7f2cdc10ab50 unknown :-1 s=BANNER_CONNECTING pgs=0 cs=0 l=0 rev1=0 crypto rx=0 tx=0 comp rx=0 tx=0)._handle_peer_banner_payload supported=3 required=0
2024-04-25T02:05:51.396 INFO:teuthology.orchestra.run.smithi173.stdout:/usr/bin/ceph: stderr
2024-04-25T02:05:49.812+0000 7f2ce18fd700 1 --2- >> [v2:172.21.15.173:3300/0,v1:172.21.15.173:6789/0] conn(0x7f2cdc108760 0x7f2cdc10ab50 unknown :-1 s=HELLO_CONNECTING pgs=0 cs=0 l=0 rev1=1 crypto rx=0 tx=0 comp rx=0 tx=0).handle_hello peer v2:172.21.15.173:3300/0 says I am v2:172.21.15.173:42430/0 (socket says 172.21.15.173:42430)
2024-04-25T02:05:51.396 INFO:teuthology.orchestra.run.smithi173.stdout:/usr/bin/ceph: stderr
2024-04-25T02:05:49.813+0000 7f2ce18fd700 1 -- 172.21.15.173:0/3604989581 learned_addr learned my addr 172.21.15.173:0/3604989581 (peer_addr_for_me v2:172.21.15.173:0/0)
2024-04-25T02:05:51.396 INFO:teuthology.orchestra.run.smithi173.stdout:/usr/bin/ceph: stderr
2024-04-25T02:05:49.813+0000 7f2ce18fd700 1 -- 172.21.15.173:0/3604989581 --> [v2:172.21.15.173:3300/0,v1:172.21.15.173:6789/0] -- mon_subscribe({config=0+,monmap=0+}) -- 0x7f2cdc10b090 con 0x7f2cdc108760
2024-04-25T02:05:51.397 INFO:teuthology.orchestra.run.smithi173.stdout:/usr/bin/ceph: stderr
2024-04-25T02:05:49.813+0000 7f2ce18fd700 1 --2- 172.21.15.173:0/3604989581 >> [v2:172.21.15.173:3300/0,v1:172.21.15.173:6789/0] conn(0x7f2cdc108760 0x7f2cdc10ab50 secure :-1 s=READY pgs=74 cs=0 l=1 rev1=1 crypto rx=0x7f2cd80098a0 tx=0x7f2cd8009bb0 comp rx=0 tx=0).ready entity=mon.0 client_cookie=d5b0cc993dd11c8e server_cookie=0 in_seq=0 out_seq=0
2024-04-25T02:05:51.397 INFO:teuthology.orchestra.run.smithi173.stdout:/usr/bin/ceph: stderr
2024-04-25T02:05:49.813+0000 7f2ce08fb700 1 -- 172.21.15.173:0/3604989581 <== mon.0 v2:172.21.15.173:3300/0 1 ==== mon_map magic: 0 ==== 205+0+0 (secure 0 0 0) 0x7f2cd8004160 con 0x7f2cdc108760
2024-04-25T02:05:51.397 INFO:teuthology.orchestra.run.smithi173.stdout:/usr/bin/ceph: stderr
2024-04-25T02:05:49.813+0000 7f2ce08fb700 1 -- 172.21.15.173:0/3604989581 <== mon.0 v2:172.21.15.173:3300/0 2 ==== config(27 keys) ==== 1140+0+0 (secure 0 0 0) 0x7f2cd8004300 con 0x7f2cdc108760
2024-04-25T02:05:51.397 INFO:teuthology.orchestra.run.smithi173.stdout:/usr/bin/ceph: stderr
2024-04-25T02:05:49.813+0000 7f2ce08fb700 1 -- 172.21.15.173:0/3604989581 <== mon.0 v2:172.21.15.173:3300/0 3 ==== mon_map magic: 0 ==== 205+0+0 (secure 0 0 0) 0x7f2cd8011b20 con 0x7f2cdc108760
2024-04-25T02:05:51.397 INFO:teuthology.orchestra.run.smithi173.stdout:/usr/bin/ceph: stderr
2024-04-25T02:05:49.813+0000 7f2ce3b61700 1 -- 172.21.15.173:0/3604989581 >> [v2:172.21.15.173:3300/0,v1:172.21.15.173:6789/0] conn(0x7f2cdc108760 msgr2=0x7f2cdc10ab50 secure :-1 s=STATE_CONNECTION_ESTABLISHED l=1).mark_down
2024-04-25T02:05:51.397 INFO:teuthology.orchestra.run.smithi173.stdout:/usr/bin/ceph: stderr
2024-04-25T02:05:49.814+0000 7f2ce3b61700 1 --2- 172.21.15.173:0/3604989581 >> [v2:172.21.15.173:3300/0,v1:172.21.15.173:6789/0] conn(0x7f2cdc108760 0x7f2cdc10ab50 secure :-1 s=READY pgs=74 cs=0 l=1 rev1=1 crypto rx=0x7f2cd80098a0 tx=0x7f2cd8009bb0 comp rx=0 tx=0).stop
2024-04-25T02:05:51.397 INFO:teuthology.orchestra.run.smithi173.stdout:/usr/bin/ceph: stderr
2024-04-25T02:05:49.814+0000 7f2ce3b61700 1 -- 172.21.15.173:0/3604989581 shutdown_connections
2024-04-25T02:05:51.397 INFO:teuthology.orchestra.run.smithi173.stdout:/usr/bin/ceph: stderr
2024-04-25T02:05:49.814+0000 7f2ce3b61700 1 --2- 172.21.15.173:0/3604989581 >> [v2:172.21.15.173:3300/0,v1:172.21.15.173:6789/0] conn(0x7f2cdc108760 0x7f2cdc10ab50 unknown :-1 s=CLOSED pgs=74 cs=0 l=1 rev1=1 crypto rx=0 tx=0 comp rx=0 tx=0).stop
2024-04-25T02:05:51.397 INFO:teuthology.orchestra.run.smithi173.stdout:/usr/bin/ceph: stderr
2024-04-25T02:05:49.814+0000 7f2ce3b61700 1 -- 172.21.15.173:0/3604989581 >> 172.21.15.173:0/3604989581 conn(0x7f2cdc102170 msgr2=0x7f2cdc104590 unknown :-1 s=STATE_NONE l=0).mark_down
2024-04-25T02:05:51.397 INFO:teuthology.orchestra.run.smithi173.stdout:/usr/bin/ceph: stderr
2024-04-25T02:05:49.814+0000 7f2ce3b61700 1 -- 172.21.15.173:0/3604989581 shutdown_connections
2024-04-25T02:05:51.397 INFO:teuthology.orchestra.run.smithi173.stdout:/usr/bin/ceph: stderr
2024-04-25T02:05:49.814+0000 7f2ce3b61700 1 -- 172.21.15.173:0/3604989581 wait complete.
2024-04-25T02:05:51.397 INFO:teuthology.orchestra.run.smithi173.stdout:/usr/bin/ceph: stderr
2024-04-25T02:05:49.814+0000 7f2ce3b61700 1 Processor -- start
2024-04-25T02:05:51.397 INFO:teuthology.orchestra.run.smithi173.stdout:/usr/bin/ceph: stderr
2024-04-25T02:05:49.814+0000 7f2ce3b61700 1 -- start start
2024-04-25T02:05:51.398 INFO:teuthology.orchestra.run.smithi173.stdout:/usr/bin/ceph: stderr
2024-04-25T02:05:49.814+0000 7f2ce3b61700 1 --2- >> [v2:172.21.15.173:3300/0,v1:172.21.15.173:6789/0] conn(0x7f2cdc108760 0x7f2cdc19bc20 unknown :-1 s=NONE pgs=0 cs=0 l=1 rev1=0 crypto rx=0 tx=0 comp rx=0 tx=0).connect
2024-04-25T02:05:51.398 INFO:teuthology.orchestra.run.smithi173.stdout:/usr/bin/ceph: stderr
2024-04-25T02:05:49.814+0000 7f2ce3b61700 1 -- --> [v2:172.21.15.173:3300/0,v1:172.21.15.173:6789/0] -- mon_getmap magic: 0 -- 0x7f2cdc10c0a0 con 0x7f2cdc108760
2024-04-25T02:05:51.398 INFO:teuthology.orchestra.run.smithi173.stdout:/usr/bin/ceph: stderr
2024-04-25T02:05:49.814+0000 7f2ce18fd700 1 --2- >> [v2:172.21.15.173:3300/0,v1:172.21.15.173:6789/0] conn(0x7f2cdc108760 0x7f2cdc19bc20 unknown :-1 s=BANNER_CONNECTING pgs=0 cs=0 l=1 rev1=0 crypto rx=0 tx=0 comp rx=0 tx=0)._handle_peer_banner_payload supported=3 required=0
2024-04-25T02:05:51.398 INFO:teuthology.orchestra.run.smithi173.stdout:/usr/bin/ceph: stderr
2024-04-25T02:05:49.814+0000 7f2ce18fd700 1 --2- >> [v2:172.21.15.173:3300/0,v1:172.21.15.173:6789/0] conn(0x7f2cdc108760 0x7f2cdc19bc20 unknown :-1 s=HELLO_CONNECTING pgs=0 cs=0 l=1 rev1=1 crypto rx=0 tx=0 comp rx=0 tx=0).handle_hello peer v2:172.21.15.173:3300/0 says I am v2:172.21.15.173:42444/0 (socket says 172.21.15.173:42444)
2024-04-25T02:05:51.398 INFO:teuthology.orchestra.run.smithi173.stdout:/usr/bin/ceph: stderr
2024-04-25T02:05:49.815+0000 7f2ce18fd700 1 -- 172.21.15.173:0/3424005640 learned_addr learned my addr 172.21.15.173:0/3424005640 (peer_addr_for_me v2:172.21.15.173:0/0)
2024-04-25T02:05:51.398 INFO:teuthology.orchestra.run.smithi173.stdout:/usr/bin/ceph: stderr
2024-04-25T02:05:49.815+0000 7f2ce18fd700 1 -- 172.21.15.173:0/3424005640 --> [v2:172.21.15.173:3300/0,v1:172.21.15.173:6789/0] -- mon_subscribe({config=0+,monmap=0+}) -- 0x7f2cdc19c160 con 0x7f2cdc108760
2024-04-25T02:05:51.398 INFO:teuthology.orchestra.run.smithi173.stdout:/usr/bin/ceph: stderr
2024-04-25T02:05:49.815+0000 7f2ce18fd700 1 --2- 172.21.15.173:0/3424005640 >> [v2:172.21.15.173:3300/0,v1:172.21.15.173:6789/0] conn(0x7f2cdc108760 0x7f2cdc19bc20 secure :-1 s=READY pgs=75 cs=0 l=1 rev1=1 crypto rx=0x7f2cd80116a0 tx=0x7f2cd8011ba0 comp rx=0 tx=0).ready entity=mon.0 client_cookie=0 server_cookie=0 in_seq=0 out_seq=0
2024-04-25T02:05:51.398 INFO:teuthology.orchestra.run.smithi173.stdout:/usr/bin/ceph: stderr
2024-04-25T02:05:49.815+0000 7f2cd2ffd700 1 -- 172.21.15.173:0/3424005640 <== mon.0 v2:172.21.15.173:3300/0 1 ==== mon_map magic: 0 ==== 205+0+0 (secure 0 0 0) 0x7f2cd8003a40 con 0x7f2cdc108760
2024-04-25T02:05:51.398 INFO:teuthology.orchestra.run.smithi173.stdout:/usr/bin/ceph: stderr
2024-04-25T02:05:49.815+0000 7f2cd2ffd700 1 -- 172.21.15.173:0/3424005640 <== mon.0 v2:172.21.15.173:3300/0 2 ==== config(27 keys) ==== 1140+0+0 (secure 0 0 0) 0x7f2cd8003be0 con 0x7f2cdc108760
2024-04-25T02:05:51.398 INFO:teuthology.orchestra.run.smithi173.stdout:/usr/bin/ceph: stderr
2024-04-25T02:05:49.815+0000 7f2ce3b61700 1 -- 172.21.15.173:0/3424005640 --> [v2:172.21.15.173:3300/0,v1:172.21.15.173:6789/0] -- mon_subscribe({mgrmap=0+}) -- 0x7f2cdc19c3f0 con 0x7f2cdc108760
2024-04-25T02:05:51.398 INFO:teuthology.orchestra.run.smithi173.stdout:/usr/bin/ceph: stderr
2024-04-25T02:05:49.815+0000 7f2cd2ffd700 1 -- 172.21.15.173:0/3424005640 <== mon.0 v2:172.21.15.173:3300/0 3 ==== mon_map magic: 0 ==== 205+0+0 (secure 0 0 0) 0x7f2cd801a750 con 0x7f2cdc108760
2024-04-25T02:05:51.398 INFO:teuthology.orchestra.run.smithi173.stdout:/usr/bin/ceph: stderr
2024-04-25T02:05:49.815+0000 7f2ce3b61700 1 -- 172.21.15.173:0/3424005640 --> [v2:172.21.15.173:3300/0,v1:172.21.15.173:6789/0] -- mon_subscribe({osdmap=0}) -- 0x7f2cdc19c850 con 0x7f2cdc108760
2024-04-25T02:05:51.398 INFO:teuthology.orchestra.run.smithi173.stdout:/usr/bin/ceph: stderr
2024-04-25T02:05:49.816+0000 7f2cd2ffd700 1 -- 172.21.15.173:0/3424005640 <== mon.0 v2:172.21.15.173:3300/0 4 ==== mgrmap(e 12) ==== 46300+0+0 (secure 0 0 0) 0x7f2cd8024430 con 0x7f2cdc108760
2024-04-25T02:05:51.399 INFO:teuthology.orchestra.run.smithi173.stdout:/usr/bin/ceph: stderr
2024-04-25T02:05:49.816+0000 7f2ce3b61700 1 -- 172.21.15.173:0/3424005640 --> [v2:172.21.15.173:3300/0,v1:172.21.15.173:6789/0] -- mon_command({"prefix": "get_command_descriptions"} v 0) -- 0x7f2cdc063890 con 0x7f2cdc108760
2024-04-25T02:05:51.399 INFO:teuthology.orchestra.run.smithi173.stdout:/usr/bin/ceph: stderr
2024-04-25T02:05:49.816+0000 7f2cd2ffd700 1 --2- 172.21.15.173:0/3424005640 >> [v2:172.21.15.173:6800/2139419942,v1:172.21.15.173:6801/2139419942] conn(0x7f2cc8039050 0x7f2cc803b510 unknown :-1 s=NONE pgs=0 cs=0 l=1 rev1=0 crypto rx=0 tx=0 comp rx=0 tx=0).connect
2024-04-25T02:05:51.399 INFO:teuthology.orchestra.run.smithi173.stdout:/usr/bin/ceph: stderr
2024-04-25T02:05:49.816+0000 7f2cd2ffd700 1 -- 172.21.15.173:0/3424005640 <== mon.0 v2:172.21.15.173:3300/0 5 ==== osd_map(3..3 src has 1..3) ==== 1155+0+0 (secure 0 0 0) 0x7f2cd804d870 con 0x7f2cdc108760
2024-04-25T02:05:51.399 INFO:teuthology.orchestra.run.smithi173.stdout:/usr/bin/ceph: stderr
2024-04-25T02:05:49.816+0000 7f2ce10fc700 1 --2- 172.21.15.173:0/3424005640 >> [v2:172.21.15.173:6800/2139419942,v1:172.21.15.173:6801/2139419942] conn(0x7f2cc8039050 0x7f2cc803b510 unknown :-1 s=BANNER_CONNECTING pgs=0 cs=0 l=1 rev1=0 crypto rx=0 tx=0 comp rx=0 tx=0)._handle_peer_banner_payload supported=3 required=0
2024-04-25T02:05:51.399 INFO:teuthology.orchestra.run.smithi173.stdout:/usr/bin/ceph: stderr
2024-04-25T02:05:49.817+0000 7f2ce10fc700 1 --2- 172.21.15.173:0/3424005640 >> [v2:172.21.15.173:6800/2139419942,v1:172.21.15.173:6801/2139419942] conn(0x7f2cc8039050 0x7f2cc803b510 secure :-1 s=READY pgs=9 cs=0 l=1 rev1=1 crypto rx=0x7f2ccc006fd0 tx=0x7f2ccc006e40 comp rx=0 tx=0).ready entity=mgr.14152 client_cookie=0 server_cookie=0 in_seq=0 out_seq=0
2024-04-25T02:05:51.399 INFO:teuthology.orchestra.run.smithi173.stdout:/usr/bin/ceph: stderr
2024-04-25T02:05:49.821+0000 7f2cd2ffd700 1 -- 172.21.15.173:0/3424005640 <== mon.0 v2:172.21.15.173:3300/0 6 ==== mon_command_ack([{"prefix": "get_command_descriptions"}]=0 v0) ==== 72+0+186147 (secure 0 0 0) 0x7f2cd8011e20 con 0x7f2cdc108760
2024-04-25T02:05:51.399 INFO:teuthology.orchestra.run.smithi173.stdout:/usr/bin/ceph: stderr
2024-04-25T02:05:50.031+0000 7f2ce3b61700 1 -- 172.21.15.173:0/3424005640 --> [v2:172.21.15.173:3300/0,v1:172.21.15.173:6789/0] -- mon_command({"prefix": "config get", "who": "mgr", "key": "mgr/dashboard/ssl_server_port"} v 0) -- 0x7f2cdc19f220 con 0x7f2cdc108760
2024-04-25T02:05:51.399 INFO:teuthology.orchestra.run.smithi173.stdout:/usr/bin/ceph: stderr
2024-04-25T02:05:50.031+0000 7f2cd2ffd700 1 -- 172.21.15.173:0/3424005640 <== mon.0 v2:172.21.15.173:3300/0 7 ==== mon_command_ack([{"prefix": "config get", "who": "mgr", "key": "mgr/dashboard/ssl_server_port"}]=0 v8) ==== 112+0+5 (secure 0 0 0) 0x7f2cd802d3f0 con 0x7f2cdc108760
2024-04-25T02:05:51.399 INFO:teuthology.orchestra.run.smithi173.stdout:/usr/bin/ceph: stderr
2024-04-25T02:05:50.034+0000 7f2ce3b61700 1 -- 172.21.15.173:0/3424005640 >> [v2:172.21.15.173:6800/2139419942,v1:172.21.15.173:6801/2139419942] conn(0x7f2cc8039050 msgr2=0x7f2cc803b510 secure :-1 s=STATE_CONNECTION_ESTABLISHED l=1).mark_down
2024-04-25T02:05:51.399 INFO:teuthology.orchestra.run.smithi173.stdout:/usr/bin/ceph: stderr
2024-04-25T02:05:50.034+0000 7f2ce3b61700 1 --2- 172.21.15.173:0/3424005640 >> [v2:172.21.15.173:6800/2139419942,v1:172.21.15.173:6801/2139419942] conn(0x7f2cc8039050 0x7f2cc803b510 secure :-1 s=READY pgs=9 cs=0 l=1 rev1=1 crypto rx=0x7f2ccc006fd0 tx=0x7f2ccc006e40 comp rx=0 tx=0).stop
2024-04-25T02:05:51.399 INFO:teuthology.orchestra.run.smithi173.stdout:/usr/bin/ceph: stderr
2024-04-25T02:05:50.034+0000 7f2ce3b61700 1 -- 172.21.15.173:0/3424005640 >> [v2:172.21.15.173:3300/0,v1:172.21.15.173:6789/0] conn(0x7f2cdc108760 msgr2=0x7f2cdc19bc20 secure :-1 s=STATE_CONNECTION_ESTABLISHED l=1).mark_down
2024-04-25T02:05:51.399 INFO:teuthology.orchestra.run.smithi173.stdout:/usr/bin/ceph: stderr
2024-04-25T02:05:50.034+0000 7f2ce3b61700 1 --2- 172.21.15.173:0/3424005640 >> [v2:172.21.15.173:3300/0,v1:172.21.15.173:6789/0] conn(0x7f2cdc108760 0x7f2cdc19bc20 secure :-1 s=READY pgs=75 cs=0 l=1 rev1=1 crypto rx=0x7f2cd80116a0 tx=0x7f2cd8011ba0 comp rx=0 tx=0).stop
2024-04-25T02:05:51.399 INFO:teuthology.orchestra.run.smithi173.stdout:/usr/bin/ceph: stderr
2024-04-25T02:05:50.034+0000 7f2ce3b61700 1 -- 172.21.15.173:0/3424005640 shutdown_connections
2024-04-25T02:05:51.400 INFO:teuthology.orchestra.run.smithi173.stdout:/usr/bin/ceph: stderr
2024-04-25T02:05:50.034+0000 7f2ce3b61700 1 --2- 172.21.15.173:0/3424005640 >> [v2:172.21.15.173:6800/2139419942,v1:172.21.15.173:6801/2139419942] conn(0x7f2cc8039050 0x7f2cc803b510 unknown :-1 s=CLOSED pgs=9 cs=0 l=1 rev1=1 crypto rx=0 tx=0 comp rx=0 tx=0).stop
2024-04-25T02:05:51.400 INFO:teuthology.orchestra.run.smithi173.stdout:/usr/bin/ceph: stderr
2024-04-25T02:05:50.034+0000 7f2ce3b61700 1 --2- 172.21.15.173:0/3424005640 >> [v2:172.21.15.173:3300/0,v1:172.21.15.173:6789/0] conn(0x7f2cdc108760 0x7f2cdc19bc20 unknown :-1 s=CLOSED pgs=75 cs=0 l=1 rev1=1 crypto rx=0 tx=0 comp rx=0 tx=0).stop
2024-04-25T02:05:51.400 INFO:teuthology.orchestra.run.smithi173.stdout:/usr/bin/ceph: stderr
2024-04-25T02:05:50.034+0000 7f2ce3b61700 1 -- 172.21.15.173:0/3424005640 >> 172.21.15.173:0/3424005640 conn(0x7f2cdc102170 msgr2=0x7f2cdc102c30 unknown :-1 s=STATE_NONE l=0).mark_down
2024-04-25T02:05:51.400 INFO:teuthology.orchestra.run.smithi173.stdout:/usr/bin/ceph: stderr
2024-04-25T02:05:50.034+0000 7f2ce3b61700 1 -- 172.21.15.173:0/3424005640 shutdown_connections
2024-04-25T02:05:51.400 INFO:teuthology.orchestra.run.smithi173.stdout:/usr/bin/ceph: stderr
2024-04-25T02:05:50.034+0000 7f2ce3b61700 1 -- 172.21.15.173:0/3424005640 wait complete.
2024-04-25T02:05:51.403 INFO:teuthology.orchestra.run.smithi173.stdout:Non-zero exit code 1 from systemctl is-enabled firewalld.service
2024-04-25T02:05:51.403 INFO:teuthology.orchestra.run.smithi173.stdout:systemctl: stdout disabled
2024-04-25T02:05:51.411 INFO:teuthology.orchestra.run.smithi173.stdout:Non-zero exit code 3 from systemctl is-active firewalld.service
2024-04-25T02:05:51.411 INFO:teuthology.orchestra.run.smithi173.stdout:systemctl: stdout inactive
2024-04-25T02:05:51.411 INFO:teuthology.orchestra.run.smithi173.stdout:firewalld.service is not enabled
2024-04-25T02:05:51.411 INFO:teuthology.orchestra.run.smithi173.stdout:Not possible to open ports <[8443]>. firewalld.service is not available
2024-04-25T02:05:51.412 INFO:teuthology.orchestra.run.smithi173.stdout:Ceph Dashboard is now available at:
2024-04-25T02:05:51.413 INFO:teuthology.orchestra.run.smithi173.stdout:
2024-04-25T02:05:51.413 INFO:teuthology.orchestra.run.smithi173.stdout: URL: https://smithi173:8443/
2024-04-25T02:05:51.413 INFO:teuthology.orchestra.run.smithi173.stdout: User: admin
2024-04-25T02:05:51.413 INFO:teuthology.orchestra.run.smithi173.stdout: Password: 8iq78d6113
2024-04-25T02:05:51.413 INFO:teuthology.orchestra.run.smithi173.stdout:
2024-04-25T02:05:51.413 INFO:teuthology.orchestra.run.smithi173.stdout:Saving cluster configuration to /var/lib/ceph/0b4f52c6-02a8-11ef-bc93-c7b262605968/config directory
2024-04-25T02:05:51.413 INFO:teuthology.orchestra.run.smithi173.stdout:Enabling autotune for osd_memory_target
2024-04-25T02:05:52.617 INFO:journalctl@ceph.mon.a.smithi173.stdout:Apr 25 02:05:52 smithi173 ceph-mon[29159]: mgrmap e13: x(active, since 6s)
2024-04-25T02:05:52.625 INFO:teuthology.orchestra.run.smithi173.stdout:/usr/bin/ceph: stderr
2024-04-25T02:05:51.841+0000 7f55ba7cb700 1 Processor -- start
2024-04-25T02:05:52.625 INFO:teuthology.orchestra.run.smithi173.stdout:/usr/bin/ceph: stderr
2024-04-25T02:05:51.841+0000 7f55ba7cb700 1 -- start start
2024-04-25T02:05:52.625 INFO:teuthology.orchestra.run.smithi173.stdout:/usr/bin/ceph: stderr
2024-04-25T02:05:51.841+0000 7f55ba7cb700 1 --2- >> [v2:172.21.15.173:3300/0,v1:172.21.15.173:6789/0] conn(0x7f55b4107ca0 0x7f55b41080c0 unknown :-1 s=NONE pgs=0 cs=0 l=0 rev1=0 crypto rx=0 tx=0 comp rx=0 tx=0).connect
2024-04-25T02:05:52.625 INFO:teuthology.orchestra.run.smithi173.stdout:/usr/bin/ceph: stderr
2024-04-25T02:05:51.841+0000 7f55ba7cb700 1 -- --> [v2:172.21.15.173:3300/0,v1:172.21.15.173:6789/0] -- mon_getmap magic: 0 -- 0x7f55b4108690 con 0x7f55b4107ca0
2024-04-25T02:05:52.625 INFO:teuthology.orchestra.run.smithi173.stdout:/usr/bin/ceph: stderr
2024-04-25T02:05:51.842+0000 7f55b3fff700 1 --2- >> [v2:172.21.15.173:3300/0,v1:172.21.15.173:6789/0] conn(0x7f55b4107ca0 0x7f55b41080c0 unknown :-1 s=BANNER_CONNECTING pgs=0 cs=0 l=0 rev1=0 crypto rx=0 tx=0 comp rx=0 tx=0)._handle_peer_banner_payload supported=3 required=0
2024-04-25T02:05:52.625 INFO:teuthology.orchestra.run.smithi173.stdout:/usr/bin/ceph: stderr
2024-04-25T02:05:51.842+0000 7f55b3fff700 1 --2- >> [v2:172.21.15.173:3300/0,v1:172.21.15.173:6789/0] conn(0x7f55b4107ca0 0x7f55b41080c0 unknown :-1 s=HELLO_CONNECTING pgs=0 cs=0 l=0 rev1=1 crypto rx=0 tx=0 comp rx=0 tx=0).handle_hello peer v2:172.21.15.173:3300/0 says I am v2:172.21.15.173:38454/0 (socket says 172.21.15.173:38454)
2024-04-25T02:05:52.625 INFO:teuthology.orchestra.run.smithi173.stdout:/usr/bin/ceph: stderr
2024-04-25T02:05:51.842+0000 7f55b3fff700 1 -- 172.21.15.173:0/1366003297 learned_addr learned my addr 172.21.15.173:0/1366003297 (peer_addr_for_me v2:172.21.15.173:0/0)
2024-04-25T02:05:52.625 INFO:teuthology.orchestra.run.smithi173.stdout:/usr/bin/ceph: stderr
2024-04-25T02:05:51.842+0000 7f55b3fff700 1 -- 172.21.15.173:0/1366003297 --> [v2:172.21.15.173:3300/0,v1:172.21.15.173:6789/0] -- mon_subscribe({config=0+,monmap=0+}) -- 0x7f55b4108e50 con 0x7f55b4107ca0
2024-04-25T02:05:52.625 INFO:teuthology.orchestra.run.smithi173.stdout:/usr/bin/ceph: stderr
2024-04-25T02:05:51.842+0000 7f55b3fff700 1 --2- 172.21.15.173:0/1366003297 >> [v2:172.21.15.173:3300/0,v1:172.21.15.173:6789/0] conn(0x7f55b4107ca0 0x7f55b41080c0 secure :-1 s=READY pgs=76 cs=0 l=1 rev1=1 crypto rx=0x7f55a40098a0 tx=0x7f55a4009bb0 comp rx=0 tx=0).ready entity=mon.0 client_cookie=8688c4145fe13f52 server_cookie=0 in_seq=0 out_seq=0
2024-04-25T02:05:52.626 INFO:teuthology.orchestra.run.smithi173.stdout:/usr/bin/ceph: stderr
2024-04-25T02:05:51.842+0000 7f55b2ffd700 1 -- 172.21.15.173:0/1366003297 <== mon.0 v2:172.21.15.173:3300/0 1 ==== mon_map magic: 0 ==== 205+0+0 (secure 0 0 0) 0x7f55a4004160 con 0x7f55b4107ca0
2024-04-25T02:05:52.626 INFO:teuthology.orchestra.run.smithi173.stdout:/usr/bin/ceph: stderr
2024-04-25T02:05:51.842+0000 7f55b2ffd700 1 -- 172.21.15.173:0/1366003297 <== mon.0 v2:172.21.15.173:3300/0 2 ==== config(27 keys) ==== 1140+0+0 (secure 0 0 0) 0x7f55a4004300 con 0x7f55b4107ca0
2024-04-25T02:05:52.626 INFO:teuthology.orchestra.run.smithi173.stdout:/usr/bin/ceph: stderr
2024-04-25T02:05:51.842+0000 7f55b2ffd700 1 -- 172.21.15.173:0/1366003297 <== mon.0 v2:172.21.15.173:3300/0 3 ==== mon_map magic: 0 ==== 205+0+0 (secure 0 0 0) 0x7f55a4011b20 con 0x7f55b4107ca0
2024-04-25T02:05:52.626 INFO:teuthology.orchestra.run.smithi173.stdout:/usr/bin/ceph: stderr
2024-04-25T02:05:51.843+0000 7f55ba7cb700 1 -- 172.21.15.173:0/1366003297 >> [v2:172.21.15.173:3300/0,v1:172.21.15.173:6789/0] conn(0x7f55b4107ca0 msgr2=0x7f55b41080c0 secure :-1 s=STATE_CONNECTION_ESTABLISHED l=1).mark_down
2024-04-25T02:05:52.626 INFO:teuthology.orchestra.run.smithi173.stdout:/usr/bin/ceph: stderr
2024-04-25T02:05:51.843+0000 7f55ba7cb700 1 --2- 172.21.15.173:0/1366003297 >> [v2:172.21.15.173:3300/0,v1:172.21.15.173:6789/0] conn(0x7f55b4107ca0 0x7f55b41080c0 secure :-1 s=READY pgs=76 cs=0 l=1 rev1=1 crypto rx=0x7f55a40098a0 tx=0x7f55a4009bb0 comp rx=0 tx=0).stop
2024-04-25T02:05:52.626 INFO:teuthology.orchestra.run.smithi173.stdout:/usr/bin/ceph: stderr
2024-04-25T02:05:51.843+0000 7f55ba7cb700 1 -- 172.21.15.173:0/1366003297 shutdown_connections
2024-04-25T02:05:52.626 INFO:teuthology.orchestra.run.smithi173.stdout:/usr/bin/ceph: stderr
2024-04-25T02:05:51.843+0000 7f55ba7cb700 1 --2- 172.21.15.173:0/1366003297 >> [v2:172.21.15.173:3300/0,v1:172.21.15.173:6789/0] conn(0x7f55b4107ca0 0x7f55b41080c0 unknown :-1 s=CLOSED pgs=76 cs=0 l=1 rev1=1 crypto rx=0 tx=0 comp rx=0 tx=0).stop
2024-04-25T02:05:52.626 INFO:teuthology.orchestra.run.smithi173.stdout:/usr/bin/ceph: stderr
2024-04-25T02:05:51.843+0000 7f55ba7cb700 1 -- 172.21.15.173:0/1366003297 >> 172.21.15.173:0/1366003297 conn(0x7f55b41032a0 msgr2=0x7f55b41056c0 unknown :-1 s=STATE_NONE l=0).mark_down
2024-04-25T02:05:52.626 INFO:teuthology.orchestra.run.smithi173.stdout:/usr/bin/ceph: stderr
2024-04-25T02:05:51.843+0000 7f55ba7cb700 1 -- 172.21.15.173:0/1366003297 shutdown_connections
2024-04-25T02:05:52.626 INFO:teuthology.orchestra.run.smithi173.stdout:/usr/bin/ceph: stderr
2024-04-25T02:05:51.843+0000 7f55ba7cb700 1 -- 172.21.15.173:0/1366003297 wait complete.
2024-04-25T02:05:52.626 INFO:teuthology.orchestra.run.smithi173.stdout:/usr/bin/ceph: stderr
2024-04-25T02:05:51.843+0000 7f55ba7cb700 1 Processor -- start
2024-04-25T02:05:52.626 INFO:teuthology.orchestra.run.smithi173.stdout:/usr/bin/ceph: stderr
2024-04-25T02:05:51.843+0000 7f55ba7cb700 1 -- start start
2024-04-25T02:05:52.626 INFO:teuthology.orchestra.run.smithi173.stdout:/usr/bin/ceph: stderr
2024-04-25T02:05:51.844+0000 7f55ba7cb700 1 --2- >> [v2:172.21.15.173:3300/0,v1:172.21.15.173:6789/0] conn(0x7f55b4107ca0 0x7f55b407daf0 unknown :-1 s=NONE pgs=0 cs=0 l=1 rev1=0 crypto rx=0 tx=0 comp rx=0 tx=0).connect
2024-04-25T02:05:52.627 INFO:teuthology.orchestra.run.smithi173.stdout:/usr/bin/ceph: stderr
2024-04-25T02:05:51.844+0000 7f55ba7cb700 1 -- --> [v2:172.21.15.173:3300/0,v1:172.21.15.173:6789/0] -- mon_getmap magic: 0 -- 0x7f55b410c200 con 0x7f55b4107ca0
2024-04-25T02:05:52.627 INFO:teuthology.orchestra.run.smithi173.stdout:/usr/bin/ceph: stderr
2024-04-25T02:05:51.844+0000 7f55b3fff700 1 --2- >> [v2:172.21.15.173:3300/0,v1:172.21.15.173:6789/0] conn(0x7f55b4107ca0 0x7f55b407daf0 unknown :-1 s=BANNER_CONNECTING pgs=0 cs=0 l=1 rev1=0 crypto rx=0 tx=0 comp rx=0 tx=0)._handle_peer_banner_payload supported=3 required=0
2024-04-25T02:05:52.627 INFO:teuthology.orchestra.run.smithi173.stdout:/usr/bin/ceph: stderr
2024-04-25T02:05:51.844+0000 7f55b3fff700 1 --2- >> [v2:172.21.15.173:3300/0,v1:172.21.15.173:6789/0] conn(0x7f55b4107ca0 0x7f55b407daf0 unknown :-1 s=HELLO_CONNECTING pgs=0 cs=0 l=1 rev1=1 crypto rx=0 tx=0 comp rx=0 tx=0).handle_hello peer v2:172.21.15.173:3300/0 says I am v2:172.21.15.173:38468/0 (socket says 172.21.15.173:38468)
2024-04-25T02:05:52.627 INFO:teuthology.orchestra.run.smithi173.stdout:/usr/bin/ceph: stderr
2024-04-25T02:05:51.844+0000 7f55b3fff700 1 -- 172.21.15.173:0/234578754 learned_addr learned my addr 172.21.15.173:0/234578754 (peer_addr_for_me v2:172.21.15.173:0/0)
2024-04-25T02:05:52.627 INFO:teuthology.orchestra.run.smithi173.stdout:/usr/bin/ceph: stderr
2024-04-25T02:05:51.844+0000 7f55b3fff700 1 -- 172.21.15.173:0/234578754 --> [v2:172.21.15.173:3300/0,v1:172.21.15.173:6789/0] -- mon_subscribe({config=0+,monmap=0+}) -- 0x7f55b407e030 con 0x7f55b4107ca0
2024-04-25T02:05:52.627 INFO:teuthology.orchestra.run.smithi173.stdout:/usr/bin/ceph: stderr
2024-04-25T02:05:51.844+0000 7f55b3fff700 1 --2- 172.21.15.173:0/234578754 >> [v2:172.21.15.173:3300/0,v1:172.21.15.173:6789/0] conn(0x7f55b4107ca0 0x7f55b407daf0 secure :-1 s=READY pgs=77 cs=0 l=1 rev1=1 crypto rx=0x7f55a40116a0 tx=0x7f55a4011ba0 comp rx=0 tx=0).ready entity=mon.0 client_cookie=0 server_cookie=0 in_seq=0 out_seq=0
2024-04-25T02:05:52.627 INFO:teuthology.orchestra.run.smithi173.stdout:/usr/bin/ceph: stderr
2024-04-25T02:05:51.844+0000 7f55b17fa700 1 -- 172.21.15.173:0/234578754 <== mon.0 v2:172.21.15.173:3300/0 1 ==== mon_map magic: 0 ==== 205+0+0 (secure 0 0 0) 0x7f55a4003a40 con 0x7f55b4107ca0
2024-04-25T02:05:52.627 INFO:teuthology.orchestra.run.smithi173.stdout:/usr/bin/ceph: stderr
2024-04-25T02:05:51.844+0000 7f55ba7cb700 1 -- 172.21.15.173:0/234578754 --> [v2:172.21.15.173:3300/0,v1:172.21.15.173:6789/0] -- mon_subscribe({mgrmap=0+}) -- 0x7f55b407c220 con 0x7f55b4107ca0
2024-04-25T02:05:52.627 INFO:teuthology.orchestra.run.smithi173.stdout:/usr/bin/ceph: stderr
2024-04-25T02:05:51.844+0000 7f55b17fa700 1 -- 172.21.15.173:0/234578754 <== mon.0 v2:172.21.15.173:3300/0 2 ==== config(27 keys) ==== 1140+0+0 (secure 0 0 0) 0x7f55a4003be0 con 0x7f55b4107ca0
2024-04-25T02:05:52.627 INFO:teuthology.orchestra.run.smithi173.stdout:/usr/bin/ceph: stderr
2024-04-25T02:05:51.844+0000 7f55b17fa700 1 -- 172.21.15.173:0/234578754 <== mon.0 v2:172.21.15.173:3300/0 3 ==== mon_map magic: 0 ==== 205+0+0 (secure 0 0 0) 0x7f55a401a720 con 0x7f55b4107ca0
2024-04-25T02:05:52.627 INFO:teuthology.orchestra.run.smithi173.stdout:/usr/bin/ceph: stderr
2024-04-25T02:05:51.844+0000 7f55ba7cb700 1 -- 172.21.15.173:0/234578754 --> [v2:172.21.15.173:3300/0,v1:172.21.15.173:6789/0] -- mon_subscribe({osdmap=0}) -- 0x7f55b407c6e0 con 0x7f55b4107ca0
2024-04-25T02:05:52.628 INFO:teuthology.orchestra.run.smithi173.stdout:/usr/bin/ceph: stderr
2024-04-25T02:05:51.845+0000 7f55b17fa700 1 -- 172.21.15.173:0/234578754 <== mon.0 v2:172.21.15.173:3300/0 4 ==== mgrmap(e 13) ==== 46344+0+0 (secure 0 0 0) 0x7f55a401aa20 con 0x7f55b4107ca0
2024-04-25T02:05:52.628 INFO:teuthology.orchestra.run.smithi173.stdout:/usr/bin/ceph: stderr
2024-04-25T02:05:51.845+0000 7f55ba7cb700 1 -- 172.21.15.173:0/234578754 --> [v2:172.21.15.173:3300/0,v1:172.21.15.173:6789/0] -- mon_command({"prefix": "get_command_descriptions"} v 0) -- 0x7f55b4063890 con 0x7f55b4107ca0
2024-04-25T02:05:52.628 INFO:teuthology.orchestra.run.smithi173.stdout:/usr/bin/ceph: stderr
2024-04-25T02:05:51.845+0000 7f55b17fa700 1 --2- 172.21.15.173:0/234578754 >> [v2:172.21.15.173:6800/2139419942,v1:172.21.15.173:6801/2139419942] conn(0x7f559c0390f0 0x7f559c03b5b0 unknown :-1 s=NONE pgs=0 cs=0 l=1 rev1=0 crypto rx=0 tx=0 comp rx=0 tx=0).connect
2024-04-25T02:05:52.628 INFO:teuthology.orchestra.run.smithi173.stdout:/usr/bin/ceph: stderr
2024-04-25T02:05:51.846+0000 7f55b17fa700 1 -- 172.21.15.173:0/234578754 <== mon.0 v2:172.21.15.173:3300/0 5 ==== osd_map(3..3 src has 1..3) ==== 1155+0+0 (secure 0 0 0) 0x7f55a404d9c0 con 0x7f55b4107ca0
2024-04-25T02:05:52.628 INFO:teuthology.orchestra.run.smithi173.stdout:/usr/bin/ceph: stderr
2024-04-25T02:05:51.846+0000 7f55b37fe700 1 --2- 172.21.15.173:0/234578754 >> [v2:172.21.15.173:6800/2139419942,v1:172.21.15.173:6801/2139419942] conn(0x7f559c0390f0 0x7f559c03b5b0 unknown :-1 s=BANNER_CONNECTING pgs=0 cs=0 l=1 rev1=0 crypto rx=0 tx=0 comp rx=0 tx=0)._handle_peer_banner_payload supported=3 required=0
2024-04-25T02:05:52.628 INFO:teuthology.orchestra.run.smithi173.stdout:/usr/bin/ceph: stderr
2024-04-25T02:05:51.846+0000 7f55b37fe700 1 --2- 172.21.15.173:0/234578754 >> [v2:172.21.15.173:6800/2139419942,v1:172.21.15.173:6801/2139419942] conn(0x7f559c0390f0 0x7f559c03b5b0 secure :-1 s=READY pgs=10 cs=0 l=1 rev1=1 crypto rx=0x7f55a8006fd0 tx=0x7f55a8006e40 comp rx=0 tx=0).ready entity=mgr.14152 client_cookie=0 server_cookie=0 in_seq=0 out_seq=0
2024-04-25T02:05:52.628 INFO:teuthology.orchestra.run.smithi173.stdout:/usr/bin/ceph: stderr
2024-04-25T02:05:51.851+0000 7f55b17fa700 1 -- 172.21.15.173:0/234578754 <== mon.0 v2:172.21.15.173:3300/0 6 ==== mon_command_ack([{"prefix": "get_command_descriptions"}]=0 v0) ==== 72+0+186147 (secure 0 0 0) 0x7f55a404fe20 con 0x7f55b4107ca0
2024-04-25T02:05:52.628 INFO:teuthology.orchestra.run.smithi173.stdout:/usr/bin/ceph: stderr
2024-04-25T02:05:52.048+0000 7f55ba7cb700 1 -- 172.21.15.173:0/234578754 --> [v2:172.21.15.173:3300/0,v1:172.21.15.173:6789/0] -- mon_command([{prefix=config set, name=osd_memory_target_autotune}] v 0) -- 0x7f55b407ca20 con 0x7f55b4107ca0
2024-04-25T02:05:52.628 INFO:teuthology.orchestra.run.smithi173.stdout:/usr/bin/ceph: stderr
2024-04-25T02:05:52.048+0000 7f55b17fa700 1 -- 172.21.15.173:0/234578754 <== mon.0 v2:172.21.15.173:3300/0 7 ==== mon_command_ack([{prefix=config set, name=osd_memory_target_autotune}]=0 v8)=0 v8) ==== 127+0+0 (secure 0 0 0) 0x7f55b407ca20 con 0x7f55b4107ca0
2024-04-25T02:05:52.628 INFO:teuthology.orchestra.run.smithi173.stdout:/usr/bin/ceph: stderr
2024-04-25T02:05:52.050+0000 7f55ba7cb700 1 -- 172.21.15.173:0/234578754 >> [v2:172.21.15.173:6800/2139419942,v1:172.21.15.173:6801/2139419942] conn(0x7f559c0390f0 msgr2=0x7f559c03b5b0 secure :-1 s=STATE_CONNECTION_ESTABLISHED l=1).mark_down
2024-04-25T02:05:52.628 INFO:teuthology.orchestra.run.smithi173.stdout:/usr/bin/ceph: stderr
2024-04-25T02:05:52.050+0000 7f55ba7cb700 1 --2- 172.21.15.173:0/234578754 >> [v2:172.21.15.173:6800/2139419942,v1:172.21.15.173:6801/2139419942] conn(0x7f559c0390f0 0x7f559c03b5b0 secure :-1 s=READY pgs=10 cs=0 l=1 rev1=1 crypto rx=0x7f55a8006fd0 tx=0x7f55a8006e40 comp rx=0 tx=0).stop
2024-04-25T02:05:52.628 INFO:teuthology.orchestra.run.smithi173.stdout:/usr/bin/ceph: stderr
2024-04-25T02:05:52.050+0000 7f55ba7cb700 1 -- 172.21.15.173:0/234578754 >> [v2:172.21.15.173:3300/0,v1:172.21.15.173:6789/0] conn(0x7f55b4107ca0 msgr2=0x7f55b407daf0 secure :-1 s=STATE_CONNECTION_ESTABLISHED l=1).mark_down
2024-04-25T02:05:52.628 INFO:teuthology.orchestra.run.smithi173.stdout:/usr/bin/ceph: stderr
2024-04-25T02:05:52.050+0000 7f55ba7cb700 1 --2- 172.21.15.173:0/234578754 >> [v2:172.21.15.173:3300/0,v1:172.21.15.173:6789/0] conn(0x7f55b4107ca0 0x7f55b407daf0 secure :-1 s=READY pgs=77 cs=0 l=1 rev1=1 crypto rx=0x7f55a40116a0 tx=0x7f55a4011ba0 comp rx=0 tx=0).stop
2024-04-25T02:05:52.629 INFO:teuthology.orchestra.run.smithi173.stdout:/usr/bin/ceph: stderr
2024-04-25T02:05:52.050+0000 7f55ba7cb700 1 -- 172.21.15.173:0/234578754 shutdown_connections
2024-04-25T02:05:52.629 INFO:teuthology.orchestra.run.smithi173.stdout:/usr/bin/ceph: stderr
2024-04-25T02:05:52.050+0000 7f55ba7cb700 1 --2- 172.21.15.173:0/234578754 >> [v2:172.21.15.173:6800/2139419942,v1:172.21.15.173:6801/2139419942] conn(0x7f559c0390f0 0x7f559c03b5b0 unknown :-1 s=CLOSED pgs=10 cs=0 l=1 rev1=1 crypto rx=0 tx=0 comp rx=0 tx=0).stop
2024-04-25T02:05:52.629 INFO:teuthology.orchestra.run.smithi173.stdout:/usr/bin/ceph: stderr
2024-04-25T02:05:52.050+0000 7f55ba7cb700 1 --2- 172.21.15.173:0/234578754 >> [v2:172.21.15.173:3300/0,v1:172.21.15.173:6789/0] conn(0x7f55b4107ca0 0x7f55b407daf0 unknown :-1 s=CLOSED pgs=77 cs=0 l=1 rev1=1 crypto rx=0 tx=0 comp rx=0 tx=0).stop
2024-04-25T02:05:52.629 INFO:teuthology.orchestra.run.smithi173.stdout:/usr/bin/ceph: stderr
2024-04-25T02:05:52.050+0000 7f55ba7cb700 1 -- 172.21.15.173:0/234578754 >> 172.21.15.173:0/234578754 conn(0x7f55b41032a0 msgr2=0x7f55b4103de0 unknown :-1 s=STATE_NONE l=0).mark_down
2024-04-25T02:05:52.629 INFO:teuthology.orchestra.run.smithi173.stdout:/usr/bin/ceph: stderr
2024-04-25T02:05:52.050+0000 7f55ba7cb700 1 -- 172.21.15.173:0/234578754 shutdown_connections
2024-04-25T02:05:52.629 INFO:teuthology.orchestra.run.smithi173.stdout:/usr/bin/ceph: stderr
2024-04-25T02:05:52.050+0000 7f55ba7cb700 1 -- 172.21.15.173:0/234578754 wait complete.
2024-04-25T02:05:53.892 INFO:teuthology.orchestra.run.smithi173.stdout:/usr/bin/ceph: stderr
2024-04-25T02:05:53.032+0000 7fc4dfac4700 1 Processor -- start
2024-04-25T02:05:53.892 INFO:teuthology.orchestra.run.smithi173.stdout:/usr/bin/ceph: stderr
2024-04-25T02:05:53.033+0000 7fc4dfac4700 1 -- start start
2024-04-25T02:05:53.892 INFO:teuthology.orchestra.run.smithi173.stdout:/usr/bin/ceph: stderr
2024-04-25T02:05:53.033+0000 7fc4dfac4700 1 --2- >> [v2:172.21.15.173:3300/0,v1:172.21.15.173:6789/0] conn(0x7fc4d81087c0 0x7fc4d810abb0 unknown :-1 s=NONE pgs=0 cs=0 l=0 rev1=0 crypto rx=0 tx=0 comp rx=0 tx=0).connect
2024-04-25T02:05:53.892 INFO:teuthology.orchestra.run.smithi173.stdout:/usr/bin/ceph: stderr
2024-04-25T02:05:53.033+0000 7fc4dfac4700 1 -- --> [v2:172.21.15.173:3300/0,v1:172.21.15.173:6789/0] -- mon_getmap magic: 0 -- 0x7fc4d807bd70 con 0x7fc4d81087c0
2024-04-25T02:05:53.892 INFO:teuthology.orchestra.run.smithi173.stdout:/usr/bin/ceph: stderr
2024-04-25T02:05:53.033+0000 7fc4dd860700 1 --2- >> [v2:172.21.15.173:3300/0,v1:172.21.15.173:6789/0] conn(0x7fc4d81087c0 0x7fc4d810abb0 unknown :-1 s=BANNER_CONNECTING pgs=0 cs=0 l=0 rev1=0 crypto rx=0 tx=0 comp rx=0 tx=0)._handle_peer_banner_payload supported=3 required=0
2024-04-25T02:05:53.892 INFO:teuthology.orchestra.run.smithi173.stdout:/usr/bin/ceph: stderr
2024-04-25T02:05:53.033+0000 7fc4dd860700 1 --2- >> [v2:172.21.15.173:3300/0,v1:172.21.15.173:6789/0] conn(0x7fc4d81087c0 0x7fc4d810abb0 unknown :-1 s=HELLO_CONNECTING pgs=0 cs=0 l=0 rev1=1 crypto rx=0 tx=0 comp rx=0 tx=0).handle_hello peer v2:172.21.15.173:3300/0 says I am v2:172.21.15.173:38470/0 (socket says 172.21.15.173:38470)
2024-04-25T02:05:53.892 INFO:teuthology.orchestra.run.smithi173.stdout:/usr/bin/ceph: stderr
2024-04-25T02:05:53.033+0000 7fc4dd860700 1 -- 172.21.15.173:0/2326968659 learned_addr learned my addr 172.21.15.173:0/2326968659 (peer_addr_for_me v2:172.21.15.173:0/0)
2024-04-25T02:05:53.892 INFO:teuthology.orchestra.run.smithi173.stdout:/usr/bin/ceph: stderr
