2024-04-25T02:08:34.072+0000 7fbacd299700 1 --2- 172.21.15.90:0/869361787 >> [v2:172.21.15.90:6800/2913904701,v1:172.21.15.90:6801/2913904701] conn(0x7fbab00390b0 0x7fbab003b570 unknown :-1 s=CLOSED pgs=8 cs=0 l=1 rev1=1 crypto rx=0 tx=0 comp rx=0 tx=0).stop
2024-04-25T02:08:34.805 INFO:teuthology.orchestra.run.smithi090.stdout:/usr/bin/ceph: stderr
2024-04-25T02:08:34.072+0000 7fbacd299700 1 --2- 172.21.15.90:0/869361787 >> [v2:172.21.15.90:3300/0,v1:172.21.15.90:6789/0] conn(0x7fbac8106aa0 0x7fbac819dc50 unknown :-1 s=CLOSED pgs=71 cs=0 l=1 rev1=1 crypto rx=0 tx=0 comp rx=0 tx=0).stop
2024-04-25T02:08:34.805 INFO:teuthology.orchestra.run.smithi090.stdout:/usr/bin/ceph: stderr
2024-04-25T02:08:34.072+0000 7fbacd299700 1 -- 172.21.15.90:0/869361787 >> 172.21.15.90:0/869361787 conn(0x7fbac8102080 msgr2=0x7fbac818fe60 unknown :-1 s=STATE_NONE l=0).mark_down
2024-04-25T02:08:34.805 INFO:teuthology.orchestra.run.smithi090.stdout:/usr/bin/ceph: stderr
2024-04-25T02:08:34.072+0000 7fbacd299700 1 -- 172.21.15.90:0/869361787 shutdown_connections
2024-04-25T02:08:34.805 INFO:teuthology.orchestra.run.smithi090.stdout:/usr/bin/ceph: stderr
2024-04-25T02:08:34.072+0000 7fbacd299700 1 -- 172.21.15.90:0/869361787 wait complete.
2024-04-25T02:08:34.805 INFO:teuthology.orchestra.run.smithi090.stdout:Fetching dashboard port number...
2024-04-25T02:08:36.171 INFO:journalctl@ceph.mon.a.smithi090.stdout:Apr 25 02:08:35 smithi090 ceph-mon[29427]: from='client.? 172.21.15.90:0/180889333' entity='client.admin' cmd=[{"prefix": "config get", "who": "mgr", "key": "mgr/dashboard/ssl_server_port"}]: dispatch
2024-04-25T02:08:36.172 INFO:journalctl@ceph.mon.a.smithi090.stdout:Apr 25 02:08:35 smithi090 ceph-mon[29427]: mgrmap e13: x(active, since 6s)
2024-04-25T02:08:36.488 INFO:teuthology.orchestra.run.smithi090.stdout:/usr/bin/ceph: stdout 8443
2024-04-25T02:08:36.488 INFO:teuthology.orchestra.run.smithi090.stdout:/usr/bin/ceph: stderr
2024-04-25T02:08:35.685+0000 7fe87a077700 1 Processor -- start
2024-04-25T02:08:36.488 INFO:teuthology.orchestra.run.smithi090.stdout:/usr/bin/ceph: stderr
2024-04-25T02:08:35.685+0000 7fe87a077700 1 -- start start
2024-04-25T02:08:36.488 INFO:teuthology.orchestra.run.smithi090.stdout:/usr/bin/ceph: stderr
2024-04-25T02:08:35.685+0000 7fe87a077700 1 --2- >> [v2:172.21.15.90:3300/0,v1:172.21.15.90:6789/0] conn(0x7fe874108690 0x7fe87410aa80 unknown :-1 s=NONE pgs=0 cs=0 l=0 rev1=0 crypto rx=0 tx=0 comp rx=0 tx=0).connect
2024-04-25T02:08:36.488 INFO:teuthology.orchestra.run.smithi090.stdout:/usr/bin/ceph: stderr
2024-04-25T02:08:35.685+0000 7fe87a077700 1 -- --> [v2:172.21.15.90:3300/0,v1:172.21.15.90:6789/0] -- mon_getmap magic: 0 -- 0x7fe87407be30 con 0x7fe874108690
2024-04-25T02:08:36.488 INFO:teuthology.orchestra.run.smithi090.stdout:/usr/bin/ceph: stderr
2024-04-25T02:08:35.685+0000 7fe8737fe700 1 --2- >> [v2:172.21.15.90:3300/0,v1:172.21.15.90:6789/0] conn(0x7fe874108690 0x7fe87410aa80 unknown :-1 s=BANNER_CONNECTING pgs=0 cs=0 l=0 rev1=0 crypto rx=0 tx=0 comp rx=0 tx=0)._handle_peer_banner_payload supported=3 required=0
2024-04-25T02:08:36.488 INFO:teuthology.orchestra.run.smithi090.stdout:/usr/bin/ceph: stderr
2024-04-25T02:08:35.686+0000 7fe8737fe700 1 --2- >> [v2:172.21.15.90:3300/0,v1:172.21.15.90:6789/0] conn(0x7fe874108690 0x7fe87410aa80 unknown :-1 s=HELLO_CONNECTING pgs=0 cs=0 l=0 rev1=1 crypto rx=0 tx=0 comp rx=0 tx=0).handle_hello peer v2:172.21.15.90:3300/0 says I am v2:172.21.15.90:35436/0 (socket says 172.21.15.90:35436)
2024-04-25T02:08:36.488 INFO:teuthology.orchestra.run.smithi090.stdout:/usr/bin/ceph: stderr
2024-04-25T02:08:35.686+0000 7fe8737fe700 1 -- 172.21.15.90:0/3403991503 learned_addr learned my addr 172.21.15.90:0/3403991503 (peer_addr_for_me v2:172.21.15.90:0/0)
2024-04-25T02:08:36.489 INFO:teuthology.orchestra.run.smithi090.stdout:/usr/bin/ceph: stderr
2024-04-25T02:08:35.686+0000 7fe8737fe700 1 -- 172.21.15.90:0/3403991503 --> [v2:172.21.15.90:3300/0,v1:172.21.15.90:6789/0] -- mon_subscribe({config=0+,monmap=0+}) -- 0x7fe87410afc0 con 0x7fe874108690
2024-04-25T02:08:36.489 INFO:teuthology.orchestra.run.smithi090.stdout:/usr/bin/ceph: stderr
2024-04-25T02:08:35.686+0000 7fe8737fe700 1 --2- 172.21.15.90:0/3403991503 >> [v2:172.21.15.90:3300/0,v1:172.21.15.90:6789/0] conn(0x7fe874108690 0x7fe87410aa80 secure :-1 s=READY pgs=72 cs=0 l=1 rev1=1 crypto rx=0x7fe864009e80 tx=0x7fe86400b330 comp rx=0 tx=0).ready entity=mon.0 client_cookie=81ac560cabdb95ab server_cookie=0 in_seq=0 out_seq=0
2024-04-25T02:08:36.489 INFO:teuthology.orchestra.run.smithi090.stdout:/usr/bin/ceph: stderr
2024-04-25T02:08:35.686+0000 7fe8727fc700 1 -- 172.21.15.90:0/3403991503 <== mon.0 v2:172.21.15.90:3300/0 1 ==== mon_map magic: 0 ==== 205+0+0 (secure 0 0 0) 0x7fe864017070 con 0x7fe874108690
2024-04-25T02:08:36.489 INFO:teuthology.orchestra.run.smithi090.stdout:/usr/bin/ceph: stderr
2024-04-25T02:08:35.686+0000 7fe8727fc700 1 -- 172.21.15.90:0/3403991503 <== mon.0 v2:172.21.15.90:3300/0 2 ==== config(26 keys) ==== 1102+0+0 (secure 0 0 0) 0x7fe86400b8c0 con 0x7fe874108690
2024-04-25T02:08:36.489 INFO:teuthology.orchestra.run.smithi090.stdout:/usr/bin/ceph: stderr
2024-04-25T02:08:35.686+0000 7fe8727fc700 1 -- 172.21.15.90:0/3403991503 <== mon.0 v2:172.21.15.90:3300/0 3 ==== mon_map magic: 0 ==== 205+0+0 (secure 0 0 0) 0x7fe864004490 con 0x7fe874108690
2024-04-25T02:08:36.489 INFO:teuthology.orchestra.run.smithi090.stdout:/usr/bin/ceph: stderr
2024-04-25T02:08:35.687+0000 7fe87a077700 1 -- 172.21.15.90:0/3403991503 >> [v2:172.21.15.90:3300/0,v1:172.21.15.90:6789/0] conn(0x7fe874108690 msgr2=0x7fe87410aa80 secure :-1 s=STATE_CONNECTION_ESTABLISHED l=1).mark_down
2024-04-25T02:08:36.489 INFO:teuthology.orchestra.run.smithi090.stdout:/usr/bin/ceph: stderr
2024-04-25T02:08:35.687+0000 7fe87a077700 1 --2- 172.21.15.90:0/3403991503 >> [v2:172.21.15.90:3300/0,v1:172.21.15.90:6789/0] conn(0x7fe874108690 0x7fe87410aa80 secure :-1 s=READY pgs=72 cs=0 l=1 rev1=1 crypto rx=0x7fe864009e80 tx=0x7fe86400b330 comp rx=0 tx=0).stop
2024-04-25T02:08:36.489 INFO:teuthology.orchestra.run.smithi090.stdout:/usr/bin/ceph: stderr
2024-04-25T02:08:35.687+0000 7fe87a077700 1 -- 172.21.15.90:0/3403991503 shutdown_connections
2024-04-25T02:08:36.489 INFO:teuthology.orchestra.run.smithi090.stdout:/usr/bin/ceph: stderr
2024-04-25T02:08:35.687+0000 7fe87a077700 1 --2- 172.21.15.90:0/3403991503 >> [v2:172.21.15.90:3300/0,v1:172.21.15.90:6789/0] conn(0x7fe874108690 0x7fe87410aa80 unknown :-1 s=CLOSED pgs=72 cs=0 l=1 rev1=1 crypto rx=0 tx=0 comp rx=0 tx=0).stop
2024-04-25T02:08:36.489 INFO:teuthology.orchestra.run.smithi090.stdout:/usr/bin/ceph: stderr
2024-04-25T02:08:35.687+0000 7fe87a077700 1 -- 172.21.15.90:0/3403991503 >> 172.21.15.90:0/3403991503 conn(0x7fe874101fe0 msgr2=0x7fe874104460 unknown :-1 s=STATE_NONE l=0).mark_down
2024-04-25T02:08:36.489 INFO:teuthology.orchestra.run.smithi090.stdout:/usr/bin/ceph: stderr
2024-04-25T02:08:35.687+0000 7fe87a077700 1 -- 172.21.15.90:0/3403991503 shutdown_connections
2024-04-25T02:08:36.489 INFO:teuthology.orchestra.run.smithi090.stdout:/usr/bin/ceph: stderr
2024-04-25T02:08:35.687+0000 7fe87a077700 1 -- 172.21.15.90:0/3403991503 wait complete.
2024-04-25T02:08:36.489 INFO:teuthology.orchestra.run.smithi090.stdout:/usr/bin/ceph: stderr
2024-04-25T02:08:35.687+0000 7fe87a077700 1 Processor -- start
2024-04-25T02:08:36.489 INFO:teuthology.orchestra.run.smithi090.stdout:/usr/bin/ceph: stderr
2024-04-25T02:08:35.687+0000 7fe87a077700 1 -- start start
2024-04-25T02:08:36.490 INFO:teuthology.orchestra.run.smithi090.stdout:/usr/bin/ceph: stderr
2024-04-25T02:08:35.688+0000 7fe87a077700 1 --2- >> [v2:172.21.15.90:3300/0,v1:172.21.15.90:6789/0] conn(0x7fe874108690 0x7fe87419ba80 unknown :-1 s=NONE pgs=0 cs=0 l=1 rev1=0 crypto rx=0 tx=0 comp rx=0 tx=0).connect
2024-04-25T02:08:36.490 INFO:teuthology.orchestra.run.smithi090.stdout:/usr/bin/ceph: stderr
2024-04-25T02:08:35.688+0000 7fe87a077700 1 -- --> [v2:172.21.15.90:3300/0,v1:172.21.15.90:6789/0] -- mon_getmap magic: 0 -- 0x7fe87410bf60 con 0x7fe874108690
2024-04-25T02:08:36.490 INFO:teuthology.orchestra.run.smithi090.stdout:/usr/bin/ceph: stderr
2024-04-25T02:08:35.688+0000 7fe8737fe700 1 --2- >> [v2:172.21.15.90:3300/0,v1:172.21.15.90:6789/0] conn(0x7fe874108690 0x7fe87419ba80 unknown :-1 s=BANNER_CONNECTING pgs=0 cs=0 l=1 rev1=0 crypto rx=0 tx=0 comp rx=0 tx=0)._handle_peer_banner_payload supported=3 required=0
2024-04-25T02:08:36.490 INFO:teuthology.orchestra.run.smithi090.stdout:/usr/bin/ceph: stderr
2024-04-25T02:08:35.688+0000 7fe8737fe700 1 --2- >> [v2:172.21.15.90:3300/0,v1:172.21.15.90:6789/0] conn(0x7fe874108690 0x7fe87419ba80 unknown :-1 s=HELLO_CONNECTING pgs=0 cs=0 l=1 rev1=1 crypto rx=0 tx=0 comp rx=0 tx=0).handle_hello peer v2:172.21.15.90:3300/0 says I am v2:172.21.15.90:35446/0 (socket says 172.21.15.90:35446)
2024-04-25T02:08:36.490 INFO:teuthology.orchestra.run.smithi090.stdout:/usr/bin/ceph: stderr
2024-04-25T02:08:35.688+0000 7fe8737fe700 1 -- 172.21.15.90:0/180889333 learned_addr learned my addr 172.21.15.90:0/180889333 (peer_addr_for_me v2:172.21.15.90:0/0)
2024-04-25T02:08:36.490 INFO:teuthology.orchestra.run.smithi090.stdout:/usr/bin/ceph: stderr
2024-04-25T02:08:35.688+0000 7fe8737fe700 1 -- 172.21.15.90:0/180889333 --> [v2:172.21.15.90:3300/0,v1:172.21.15.90:6789/0] -- mon_subscribe({config=0+,monmap=0+}) -- 0x7fe87419bfc0 con 0x7fe874108690
2024-04-25T02:08:36.490 INFO:teuthology.orchestra.run.smithi090.stdout:/usr/bin/ceph: stderr
2024-04-25T02:08:35.688+0000 7fe8737fe700 1 --2- 172.21.15.90:0/180889333 >> [v2:172.21.15.90:3300/0,v1:172.21.15.90:6789/0] conn(0x7fe874108690 0x7fe87419ba80 secure :-1 s=READY pgs=73 cs=0 l=1 rev1=1 crypto rx=0x7fe864009e50 tx=0x7fe864003d00 comp rx=0 tx=0).ready entity=mon.0 client_cookie=0 server_cookie=0 in_seq=0 out_seq=0
2024-04-25T02:08:36.490 INFO:teuthology.orchestra.run.smithi090.stdout:/usr/bin/ceph: stderr
2024-04-25T02:08:35.688+0000 7fe870ff9700 1 -- 172.21.15.90:0/180889333 <== mon.0 v2:172.21.15.90:3300/0 1 ==== mon_map magic: 0 ==== 205+0+0 (secure 0 0 0) 0x7fe864020020 con 0x7fe874108690
2024-04-25T02:08:36.490 INFO:teuthology.orchestra.run.smithi090.stdout:/usr/bin/ceph: stderr
2024-04-25T02:08:35.688+0000 7fe870ff9700 1 -- 172.21.15.90:0/180889333 <== mon.0 v2:172.21.15.90:3300/0 2 ==== config(26 keys) ==== 1102+0+0 (secure 0 0 0) 0x7fe86400bba0 con 0x7fe874108690
2024-04-25T02:08:36.490 INFO:teuthology.orchestra.run.smithi090.stdout:/usr/bin/ceph: stderr
2024-04-25T02:08:35.688+0000 7fe87a077700 1 -- 172.21.15.90:0/180889333 --> [v2:172.21.15.90:3300/0,v1:172.21.15.90:6789/0] -- mon_subscribe({mgrmap=0+}) -- 0x7fe87419c250 con 0x7fe874108690
2024-04-25T02:08:36.490 INFO:teuthology.orchestra.run.smithi090.stdout:/usr/bin/ceph: stderr
2024-04-25T02:08:35.688+0000 7fe870ff9700 1 -- 172.21.15.90:0/180889333 <== mon.0 v2:172.21.15.90:3300/0 3 ==== mon_map magic: 0 ==== 205+0+0 (secure 0 0 0) 0x7fe864017040 con 0x7fe874108690
2024-04-25T02:08:36.490 INFO:teuthology.orchestra.run.smithi090.stdout:/usr/bin/ceph: stderr
2024-04-25T02:08:35.688+0000 7fe87a077700 1 -- 172.21.15.90:0/180889333 --> [v2:172.21.15.90:3300/0,v1:172.21.15.90:6789/0] -- mon_subscribe({osdmap=0}) -- 0x7fe87419ef40 con 0x7fe874108690
2024-04-25T02:08:36.490 INFO:teuthology.orchestra.run.smithi090.stdout:/usr/bin/ceph: stderr
2024-04-25T02:08:35.689+0000 7fe870ff9700 1 -- 172.21.15.90:0/180889333 <== mon.0 v2:172.21.15.90:3300/0 4 ==== mgrmap(e 12) ==== 46300+0+0 (secure 0 0 0) 0x7fe864023020 con 0x7fe874108690
2024-04-25T02:08:36.490 INFO:teuthology.orchestra.run.smithi090.stdout:/usr/bin/ceph: stderr
2024-04-25T02:08:35.689+0000 7fe87a077700 1 -- 172.21.15.90:0/180889333 --> [v2:172.21.15.90:3300/0,v1:172.21.15.90:6789/0] -- mon_command({"prefix": "get_command_descriptions"} v 0) -- 0x7fe874063890 con 0x7fe874108690
2024-04-25T02:08:36.491 INFO:teuthology.orchestra.run.smithi090.stdout:/usr/bin/ceph: stderr
2024-04-25T02:08:35.689+0000 7fe870ff9700 1 --2- 172.21.15.90:0/180889333 >> [v2:172.21.15.90:6800/2913904701,v1:172.21.15.90:6801/2913904701] conn(0x7fe85c039050 0x7fe85c03b510 unknown :-1 s=NONE pgs=0 cs=0 l=1 rev1=0 crypto rx=0 tx=0 comp rx=0 tx=0).connect
2024-04-25T02:08:36.491 INFO:teuthology.orchestra.run.smithi090.stdout:/usr/bin/ceph: stderr
2024-04-25T02:08:35.689+0000 7fe870ff9700 1 -- 172.21.15.90:0/180889333 <== mon.0 v2:172.21.15.90:3300/0 5 ==== osd_map(3..3 src has 1..3) ==== 1155+0+0 (secure 0 0 0) 0x7fe86400f050 con 0x7fe874108690
2024-04-25T02:08:36.491 INFO:teuthology.orchestra.run.smithi090.stdout:/usr/bin/ceph: stderr
2024-04-25T02:08:35.690+0000 7fe872ffd700 1 --2- 172.21.15.90:0/180889333 >> [v2:172.21.15.90:6800/2913904701,v1:172.21.15.90:6801/2913904701] conn(0x7fe85c039050 0x7fe85c03b510 unknown :-1 s=BANNER_CONNECTING pgs=0 cs=0 l=1 rev1=0 crypto rx=0 tx=0 comp rx=0 tx=0)._handle_peer_banner_payload supported=3 required=0
2024-04-25T02:08:36.491 INFO:teuthology.orchestra.run.smithi090.stdout:/usr/bin/ceph: stderr
2024-04-25T02:08:35.690+0000 7fe872ffd700 1 --2- 172.21.15.90:0/180889333 >> [v2:172.21.15.90:6800/2913904701,v1:172.21.15.90:6801/2913904701] conn(0x7fe85c039050 0x7fe85c03b510 secure :-1 s=READY pgs=9 cs=0 l=1 rev1=1 crypto rx=0x7fe868006fd0 tx=0x7fe868006e40 comp rx=0 tx=0).ready entity=mgr.14150 client_cookie=0 server_cookie=0 in_seq=0 out_seq=0
2024-04-25T02:08:36.491 INFO:teuthology.orchestra.run.smithi090.stdout:/usr/bin/ceph: stderr
2024-04-25T02:08:35.694+0000 7fe870ff9700 1 -- 172.21.15.90:0/180889333 <== mon.0 v2:172.21.15.90:3300/0 6 ==== mon_command_ack([{"prefix": "get_command_descriptions"}]=0 v0) ==== 72+0+186147 (secure 0 0 0) 0x7fe86402a020 con 0x7fe874108690
2024-04-25T02:08:36.491 INFO:teuthology.orchestra.run.smithi090.stdout:/usr/bin/ceph: stderr
2024-04-25T02:08:35.893+0000 7fe87a077700 1 -- 172.21.15.90:0/180889333 --> [v2:172.21.15.90:3300/0,v1:172.21.15.90:6789/0] -- mon_command({"prefix": "config get", "who": "mgr", "key": "mgr/dashboard/ssl_server_port"} v 0) -- 0x7fe87419f110 con 0x7fe874108690
2024-04-25T02:08:36.491 INFO:teuthology.orchestra.run.smithi090.stdout:/usr/bin/ceph: stderr
2024-04-25T02:08:35.894+0000 7fe870ff9700 1 -- 172.21.15.90:0/180889333 <== mon.0 v2:172.21.15.90:3300/0 7 ==== mon_command_ack([{"prefix": "config get", "who": "mgr", "key": "mgr/dashboard/ssl_server_port"}]=0 v8) ==== 112+0+5 (secure 0 0 0) 0x7fe87419f110 con 0x7fe874108690
2024-04-25T02:08:36.491 INFO:teuthology.orchestra.run.smithi090.stdout:/usr/bin/ceph: stderr
2024-04-25T02:08:35.896+0000 7fe87a077700 1 -- 172.21.15.90:0/180889333 >> [v2:172.21.15.90:6800/2913904701,v1:172.21.15.90:6801/2913904701] conn(0x7fe85c039050 msgr2=0x7fe85c03b510 secure :-1 s=STATE_CONNECTION_ESTABLISHED l=1).mark_down
2024-04-25T02:08:36.491 INFO:teuthology.orchestra.run.smithi090.stdout:/usr/bin/ceph: stderr
2024-04-25T02:08:35.896+0000 7fe87a077700 1 --2- 172.21.15.90:0/180889333 >> [v2:172.21.15.90:6800/2913904701,v1:172.21.15.90:6801/2913904701] conn(0x7fe85c039050 0x7fe85c03b510 secure :-1 s=READY pgs=9 cs=0 l=1 rev1=1 crypto rx=0x7fe868006fd0 tx=0x7fe868006e40 comp rx=0 tx=0).stop
2024-04-25T02:08:36.491 INFO:teuthology.orchestra.run.smithi090.stdout:/usr/bin/ceph: stderr
2024-04-25T02:08:35.896+0000 7fe87a077700 1 -- 172.21.15.90:0/180889333 >> [v2:172.21.15.90:3300/0,v1:172.21.15.90:6789/0] conn(0x7fe874108690 msgr2=0x7fe87419ba80 secure :-1 s=STATE_CONNECTION_ESTABLISHED l=1).mark_down
2024-04-25T02:08:36.491 INFO:teuthology.orchestra.run.smithi090.stdout:/usr/bin/ceph: stderr
2024-04-25T02:08:35.896+0000 7fe87a077700 1 --2- 172.21.15.90:0/180889333 >> [v2:172.21.15.90:3300/0,v1:172.21.15.90:6789/0] conn(0x7fe874108690 0x7fe87419ba80 secure :-1 s=READY pgs=73 cs=0 l=1 rev1=1 crypto rx=0x7fe864009e50 tx=0x7fe864003d00 comp rx=0 tx=0).stop
2024-04-25T02:08:36.491 INFO:teuthology.orchestra.run.smithi090.stdout:/usr/bin/ceph: stderr
2024-04-25T02:08:35.896+0000 7fe87a077700 1 -- 172.21.15.90:0/180889333 shutdown_connections
2024-04-25T02:08:36.491 INFO:teuthology.orchestra.run.smithi090.stdout:/usr/bin/ceph: stderr
2024-04-25T02:08:35.896+0000 7fe87a077700 1 --2- 172.21.15.90:0/180889333 >> [v2:172.21.15.90:6800/2913904701,v1:172.21.15.90:6801/2913904701] conn(0x7fe85c039050 0x7fe85c03b510 unknown :-1 s=CLOSED pgs=9 cs=0 l=1 rev1=1 crypto rx=0 tx=0 comp rx=0 tx=0).stop
2024-04-25T02:08:36.491 INFO:teuthology.orchestra.run.smithi090.stdout:/usr/bin/ceph: stderr
2024-04-25T02:08:35.896+0000 7fe87a077700 1 --2- 172.21.15.90:0/180889333 >> [v2:172.21.15.90:3300/0,v1:172.21.15.90:6789/0] conn(0x7fe874108690 0x7fe87419ba80 unknown :-1 s=CLOSED pgs=73 cs=0 l=1 rev1=1 crypto rx=0 tx=0 comp rx=0 tx=0).stop
2024-04-25T02:08:36.491 INFO:teuthology.orchestra.run.smithi090.stdout:/usr/bin/ceph: stderr
2024-04-25T02:08:35.896+0000 7fe87a077700 1 -- 172.21.15.90:0/180889333 >> 172.21.15.90:0/180889333 conn(0x7fe874101fe0 msgr2=0x7fe874102ae0 unknown :-1 s=STATE_NONE l=0).mark_down
2024-04-25T02:08:36.492 INFO:teuthology.orchestra.run.smithi090.stdout:/usr/bin/ceph: stderr
2024-04-25T02:08:35.896+0000 7fe87a077700 1 -- 172.21.15.90:0/180889333 shutdown_connections
2024-04-25T02:08:36.492 INFO:teuthology.orchestra.run.smithi090.stdout:/usr/bin/ceph: stderr
2024-04-25T02:08:35.896+0000 7fe87a077700 1 -- 172.21.15.90:0/180889333 wait complete.
2024-04-25T02:08:36.495 INFO:teuthology.orchestra.run.smithi090.stdout:Non-zero exit code 1 from systemctl is-enabled firewalld.service
2024-04-25T02:08:36.495 INFO:teuthology.orchestra.run.smithi090.stdout:systemctl: stdout disabled
2024-04-25T02:08:36.502 INFO:teuthology.orchestra.run.smithi090.stdout:Non-zero exit code 3 from systemctl is-active firewalld.service
2024-04-25T02:08:36.502 INFO:teuthology.orchestra.run.smithi090.stdout:systemctl: stdout inactive
2024-04-25T02:08:36.503 INFO:teuthology.orchestra.run.smithi090.stdout:firewalld.service is not enabled
2024-04-25T02:08:36.503 INFO:teuthology.orchestra.run.smithi090.stdout:Not possible to open ports <[8443]>. firewalld.service is not available
2024-04-25T02:08:36.504 INFO:teuthology.orchestra.run.smithi090.stdout:Ceph Dashboard is now available at:
2024-04-25T02:08:36.504 INFO:teuthology.orchestra.run.smithi090.stdout:
2024-04-25T02:08:36.504 INFO:teuthology.orchestra.run.smithi090.stdout: URL: https://smithi090:8443/
2024-04-25T02:08:36.504 INFO:teuthology.orchestra.run.smithi090.stdout: User: admin
2024-04-25T02:08:36.504 INFO:teuthology.orchestra.run.smithi090.stdout: Password: x9hvbbdnl7
2024-04-25T02:08:36.504 INFO:teuthology.orchestra.run.smithi090.stdout:
2024-04-25T02:08:36.505 INFO:teuthology.orchestra.run.smithi090.stdout:Saving cluster configuration to /var/lib/ceph/6b38eb34-02a8-11ef-bc93-c7b262605968/config directory
2024-04-25T02:08:36.505 INFO:teuthology.orchestra.run.smithi090.stdout:Enabling autotune for osd_memory_target
2024-04-25T02:08:37.688 INFO:teuthology.orchestra.run.smithi090.stdout:/usr/bin/ceph: stderr
2024-04-25T02:08:36.886+0000 7f31ff33f700 1 Processor -- start
2024-04-25T02:08:37.688 INFO:teuthology.orchestra.run.smithi090.stdout:/usr/bin/ceph: stderr
2024-04-25T02:08:36.886+0000 7f31ff33f700 1 -- start start
2024-04-25T02:08:37.688 INFO:teuthology.orchestra.run.smithi090.stdout:/usr/bin/ceph: stderr
2024-04-25T02:08:36.886+0000 7f31ff33f700 1 --2- >> [v2:172.21.15.90:3300/0,v1:172.21.15.90:6789/0] conn(0x7f31f8107bc0 0x7f31f8107fe0 unknown :-1 s=NONE pgs=0 cs=0 l=0 rev1=0 crypto rx=0 tx=0 comp rx=0 tx=0).connect
2024-04-25T02:08:37.688 INFO:teuthology.orchestra.run.smithi090.stdout:/usr/bin/ceph: stderr
2024-04-25T02:08:36.886+0000 7f31ff33f700 1 -- --> [v2:172.21.15.90:3300/0,v1:172.21.15.90:6789/0] -- mon_getmap magic: 0 -- 0x7f31f8108520 con 0x7f31f8107bc0
2024-04-25T02:08:37.688 INFO:teuthology.orchestra.run.smithi090.stdout:/usr/bin/ceph: stderr
2024-04-25T02:08:36.886+0000 7f31fd0db700 1 --2- >> [v2:172.21.15.90:3300/0,v1:172.21.15.90:6789/0] conn(0x7f31f8107bc0 0x7f31f8107fe0 unknown :-1 s=BANNER_CONNECTING pgs=0 cs=0 l=0 rev1=0 crypto rx=0 tx=0 comp rx=0 tx=0)._handle_peer_banner_payload supported=3 required=0
2024-04-25T02:08:37.688 INFO:teuthology.orchestra.run.smithi090.stdout:/usr/bin/ceph: stderr
2024-04-25T02:08:36.886+0000 7f31fd0db700 1 --2- >> [v2:172.21.15.90:3300/0,v1:172.21.15.90:6789/0] conn(0x7f31f8107bc0 0x7f31f8107fe0 unknown :-1 s=HELLO_CONNECTING pgs=0 cs=0 l=0 rev1=1 crypto rx=0 tx=0 comp rx=0 tx=0).handle_hello peer v2:172.21.15.90:3300/0 says I am v2:172.21.15.90:35460/0 (socket says 172.21.15.90:35460)
2024-04-25T02:08:37.688 INFO:teuthology.orchestra.run.smithi090.stdout:/usr/bin/ceph: stderr
2024-04-25T02:08:36.886+0000 7f31fd0db700 1 -- 172.21.15.90:0/1997234314 learned_addr learned my addr 172.21.15.90:0/1997234314 (peer_addr_for_me v2:172.21.15.90:0/0)
2024-04-25T02:08:37.688 INFO:teuthology.orchestra.run.smithi090.stdout:/usr/bin/ceph: stderr
2024-04-25T02:08:36.887+0000 7f31fd0db700 1 -- 172.21.15.90:0/1997234314 --> [v2:172.21.15.90:3300/0,v1:172.21.15.90:6789/0] -- mon_subscribe({config=0+,monmap=0+}) -- 0x7f31f81086a0 con 0x7f31f8107bc0
2024-04-25T02:08:37.688 INFO:teuthology.orchestra.run.smithi090.stdout:/usr/bin/ceph: stderr
2024-04-25T02:08:36.887+0000 7f31fd0db700 1 --2- 172.21.15.90:0/1997234314 >> [v2:172.21.15.90:3300/0,v1:172.21.15.90:6789/0] conn(0x7f31f8107bc0 0x7f31f8107fe0 secure :-1 s=READY pgs=74 cs=0 l=1 rev1=1 crypto rx=0x7f31f40098a0 tx=0x7f31f4009bb0 comp rx=0 tx=0).ready entity=mon.0 client_cookie=11b401e93b035dcf server_cookie=0 in_seq=0 out_seq=0
2024-04-25T02:08:37.689 INFO:teuthology.orchestra.run.smithi090.stdout:/usr/bin/ceph: stderr
2024-04-25T02:08:36.887+0000 7f31ebfff700 1 -- 172.21.15.90:0/1997234314 <== mon.0 v2:172.21.15.90:3300/0 1 ==== mon_map magic: 0 ==== 205+0+0 (secure 0 0 0) 0x7f31f4004160 con 0x7f31f8107bc0
2024-04-25T02:08:37.689 INFO:teuthology.orchestra.run.smithi090.stdout:/usr/bin/ceph: stderr
2024-04-25T02:08:36.887+0000 7f31ebfff700 1 -- 172.21.15.90:0/1997234314 <== mon.0 v2:172.21.15.90:3300/0 2 ==== config(26 keys) ==== 1102+0+0 (secure 0 0 0) 0x7f31f4004300 con 0x7f31f8107bc0
2024-04-25T02:08:37.689 INFO:teuthology.orchestra.run.smithi090.stdout:/usr/bin/ceph: stderr
2024-04-25T02:08:36.887+0000 7f31ebfff700 1 -- 172.21.15.90:0/1997234314 <== mon.0 v2:172.21.15.90:3300/0 3 ==== mon_map magic: 0 ==== 205+0+0 (secure 0 0 0) 0x7f31f4011a50 con 0x7f31f8107bc0
2024-04-25T02:08:37.689 INFO:teuthology.orchestra.run.smithi090.stdout:/usr/bin/ceph: stderr
2024-04-25T02:08:36.887+0000 7f31ff33f700 1 -- 172.21.15.90:0/1997234314 >> [v2:172.21.15.90:3300/0,v1:172.21.15.90:6789/0] conn(0x7f31f8107bc0 msgr2=0x7f31f8107fe0 secure :-1 s=STATE_CONNECTION_ESTABLISHED l=1).mark_down
2024-04-25T02:08:37.689 INFO:teuthology.orchestra.run.smithi090.stdout:/usr/bin/ceph: stderr
2024-04-25T02:08:36.887+0000 7f31ff33f700 1 --2- 172.21.15.90:0/1997234314 >> [v2:172.21.15.90:3300/0,v1:172.21.15.90:6789/0] conn(0x7f31f8107bc0 0x7f31f8107fe0 secure :-1 s=READY pgs=74 cs=0 l=1 rev1=1 crypto rx=0x7f31f40098a0 tx=0x7f31f4009bb0 comp rx=0 tx=0).stop
2024-04-25T02:08:37.689 INFO:teuthology.orchestra.run.smithi090.stdout:/usr/bin/ceph: stderr
2024-04-25T02:08:36.887+0000 7f31ff33f700 1 -- 172.21.15.90:0/1997234314 shutdown_connections
2024-04-25T02:08:37.689 INFO:teuthology.orchestra.run.smithi090.stdout:/usr/bin/ceph: stderr
2024-04-25T02:08:36.887+0000 7f31ff33f700 1 --2- 172.21.15.90:0/1997234314 >> [v2:172.21.15.90:3300/0,v1:172.21.15.90:6789/0] conn(0x7f31f8107bc0 0x7f31f8107fe0 unknown :-1 s=CLOSED pgs=74 cs=0 l=1 rev1=1 crypto rx=0 tx=0 comp rx=0 tx=0).stop
2024-04-25T02:08:37.689 INFO:teuthology.orchestra.run.smithi090.stdout:/usr/bin/ceph: stderr
2024-04-25T02:08:36.887+0000 7f31ff33f700 1 -- 172.21.15.90:0/1997234314 >> 172.21.15.90:0/1997234314 conn(0x7f31f81031c0 msgr2=0x7f31f8105640 unknown :-1 s=STATE_NONE l=0).mark_down
2024-04-25T02:08:37.689 INFO:teuthology.orchestra.run.smithi090.stdout:/usr/bin/ceph: stderr
2024-04-25T02:08:36.888+0000 7f31ff33f700 1 -- 172.21.15.90:0/1997234314 shutdown_connections
2024-04-25T02:08:37.689 INFO:teuthology.orchestra.run.smithi090.stdout:/usr/bin/ceph: stderr
2024-04-25T02:08:36.888+0000 7f31ff33f700 1 -- 172.21.15.90:0/1997234314 wait complete.
2024-04-25T02:08:37.689 INFO:teuthology.orchestra.run.smithi090.stdout:/usr/bin/ceph: stderr
2024-04-25T02:08:36.888+0000 7f31ff33f700 1 Processor -- start
2024-04-25T02:08:37.689 INFO:teuthology.orchestra.run.smithi090.stdout:/usr/bin/ceph: stderr
2024-04-25T02:08:36.888+0000 7f31ff33f700 1 -- start start
2024-04-25T02:08:37.689 INFO:teuthology.orchestra.run.smithi090.stdout:/usr/bin/ceph: stderr
2024-04-25T02:08:36.888+0000 7f31ff33f700 1 --2- >> [v2:172.21.15.90:3300/0,v1:172.21.15.90:6789/0] conn(0x7f31f8107bc0 0x7f31f819b9d0 unknown :-1 s=NONE pgs=0 cs=0 l=1 rev1=0 crypto rx=0 tx=0 comp rx=0 tx=0).connect
2024-04-25T02:08:37.690 INFO:teuthology.orchestra.run.smithi090.stdout:/usr/bin/ceph: stderr
2024-04-25T02:08:36.888+0000 7f31ff33f700 1 -- --> [v2:172.21.15.90:3300/0,v1:172.21.15.90:6789/0] -- mon_getmap magic: 0 -- 0x7f31f8109c00 con 0x7f31f8107bc0
2024-04-25T02:08:37.690 INFO:teuthology.orchestra.run.smithi090.stdout:/usr/bin/ceph: stderr
2024-04-25T02:08:36.888+0000 7f31fd0db700 1 --2- >> [v2:172.21.15.90:3300/0,v1:172.21.15.90:6789/0] conn(0x7f31f8107bc0 0x7f31f819b9d0 unknown :-1 s=BANNER_CONNECTING pgs=0 cs=0 l=1 rev1=0 crypto rx=0 tx=0 comp rx=0 tx=0)._handle_peer_banner_payload supported=3 required=0
2024-04-25T02:08:37.690 INFO:teuthology.orchestra.run.smithi090.stdout:/usr/bin/ceph: stderr
2024-04-25T02:08:36.888+0000 7f31fd0db700 1 --2- >> [v2:172.21.15.90:3300/0,v1:172.21.15.90:6789/0] conn(0x7f31f8107bc0 0x7f31f819b9d0 unknown :-1 s=HELLO_CONNECTING pgs=0 cs=0 l=1 rev1=1 crypto rx=0 tx=0 comp rx=0 tx=0).handle_hello peer v2:172.21.15.90:3300/0 says I am v2:172.21.15.90:35472/0 (socket says 172.21.15.90:35472)
2024-04-25T02:08:37.690 INFO:teuthology.orchestra.run.smithi090.stdout:/usr/bin/ceph: stderr
2024-04-25T02:08:36.888+0000 7f31fd0db700 1 -- 172.21.15.90:0/2280907236 learned_addr learned my addr 172.21.15.90:0/2280907236 (peer_addr_for_me v2:172.21.15.90:0/0)
2024-04-25T02:08:37.690 INFO:teuthology.orchestra.run.smithi090.stdout:/usr/bin/ceph: stderr
2024-04-25T02:08:36.889+0000 7f31fd0db700 1 -- 172.21.15.90:0/2280907236 --> [v2:172.21.15.90:3300/0,v1:172.21.15.90:6789/0] -- mon_subscribe({config=0+,monmap=0+}) -- 0x7f31f819bf10 con 0x7f31f8107bc0
2024-04-25T02:08:37.690 INFO:teuthology.orchestra.run.smithi090.stdout:/usr/bin/ceph: stderr
2024-04-25T02:08:36.889+0000 7f31fd0db700 1 --2- 172.21.15.90:0/2280907236 >> [v2:172.21.15.90:3300/0,v1:172.21.15.90:6789/0] conn(0x7f31f8107bc0 0x7f31f819b9d0 secure :-1 s=READY pgs=75 cs=0 l=1 rev1=1 crypto rx=0x7f31f4011a20 tx=0x7f31f4011b00 comp rx=0 tx=0).ready entity=mon.0 client_cookie=0 server_cookie=0 in_seq=0 out_seq=0
2024-04-25T02:08:37.690 INFO:teuthology.orchestra.run.smithi090.stdout:/usr/bin/ceph: stderr
2024-04-25T02:08:36.889+0000 7f31ea7fc700 1 -- 172.21.15.90:0/2280907236 <== mon.0 v2:172.21.15.90:3300/0 1 ==== mon_map magic: 0 ==== 205+0+0 (secure 0 0 0) 0x7f31f4003b70 con 0x7f31f8107bc0
2024-04-25T02:08:37.690 INFO:teuthology.orchestra.run.smithi090.stdout:/usr/bin/ceph: stderr
2024-04-25T02:08:36.889+0000 7f31ea7fc700 1 -- 172.21.15.90:0/2280907236 <== mon.0 v2:172.21.15.90:3300/0 2 ==== config(26 keys) ==== 1102+0+0 (secure 0 0 0) 0x7f31f401a8e0 con 0x7f31f8107bc0
2024-04-25T02:08:37.690 INFO:teuthology.orchestra.run.smithi090.stdout:/usr/bin/ceph: stderr
2024-04-25T02:08:36.889+0000 7f31ff33f700 1 -- 172.21.15.90:0/2280907236 --> [v2:172.21.15.90:3300/0,v1:172.21.15.90:6789/0] -- mon_subscribe({mgrmap=0+}) -- 0x7f31f819c1a0 con 0x7f31f8107bc0
2024-04-25T02:08:37.690 INFO:teuthology.orchestra.run.smithi090.stdout:/usr/bin/ceph: stderr
2024-04-25T02:08:36.889+0000 7f31ea7fc700 1 -- 172.21.15.90:0/2280907236 <== mon.0 v2:172.21.15.90:3300/0 3 ==== mon_map magic: 0 ==== 205+0+0 (secure 0 0 0) 0x7f31f4024990 con 0x7f31f8107bc0
2024-04-25T02:08:37.690 INFO:teuthology.orchestra.run.smithi090.stdout:/usr/bin/ceph: stderr
2024-04-25T02:08:36.889+0000 7f31ff33f700 1 -- 172.21.15.90:0/2280907236 --> [v2:172.21.15.90:3300/0,v1:172.21.15.90:6789/0] -- mon_subscribe({osdmap=0}) -- 0x7f31f819ee90 con 0x7f31f8107bc0
2024-04-25T02:08:37.690 INFO:teuthology.orchestra.run.smithi090.stdout:/usr/bin/ceph: stderr
2024-04-25T02:08:36.890+0000 7f31ea7fc700 1 -- 172.21.15.90:0/2280907236 <== mon.0 v2:172.21.15.90:3300/0 4 ==== mgrmap(e 13) ==== 46343+0+0 (secure 0 0 0) 0x7f31f4022020 con 0x7f31f8107bc0
2024-04-25T02:08:37.690 INFO:teuthology.orchestra.run.smithi090.stdout:/usr/bin/ceph: stderr
2024-04-25T02:08:36.890+0000 7f31ff33f700 1 -- 172.21.15.90:0/2280907236 --> [v2:172.21.15.90:3300/0,v1:172.21.15.90:6789/0] -- mon_command({"prefix": "get_command_descriptions"} v 0) -- 0x7f31f8063890 con 0x7f31f8107bc0
2024-04-25T02:08:37.690 INFO:teuthology.orchestra.run.smithi090.stdout:/usr/bin/ceph: stderr
2024-04-25T02:08:36.890+0000 7f31ea7fc700 1 --2- 172.21.15.90:0/2280907236 >> [v2:172.21.15.90:6800/2913904701,v1:172.21.15.90:6801/2913904701] conn(0x7f31e4039150 0x7f31e403b610 unknown :-1 s=NONE pgs=0 cs=0 l=1 rev1=0 crypto rx=0 tx=0 comp rx=0 tx=0).connect
2024-04-25T02:08:37.690 INFO:teuthology.orchestra.run.smithi090.stdout:/usr/bin/ceph: stderr
2024-04-25T02:08:36.890+0000 7f31ea7fc700 1 -- 172.21.15.90:0/2280907236 <== mon.0 v2:172.21.15.90:3300/0 5 ==== osd_map(3..3 src has 1..3) ==== 1155+0+0 (secure 0 0 0) 0x7f31f404d630 con 0x7f31f8107bc0
2024-04-25T02:08:37.691 INFO:teuthology.orchestra.run.smithi090.stdout:/usr/bin/ceph: stderr
2024-04-25T02:08:36.890+0000 7f31fc8da700 1 --2- 172.21.15.90:0/2280907236 >> [v2:172.21.15.90:6800/2913904701,v1:172.21.15.90:6801/2913904701] conn(0x7f31e4039150 0x7f31e403b610 unknown :-1 s=BANNER_CONNECTING pgs=0 cs=0 l=1 rev1=0 crypto rx=0 tx=0 comp rx=0 tx=0)._handle_peer_banner_payload supported=3 required=0
2024-04-25T02:08:37.691 INFO:teuthology.orchestra.run.smithi090.stdout:/usr/bin/ceph: stderr
2024-04-25T02:08:36.891+0000 7f31fc8da700 1 --2- 172.21.15.90:0/2280907236 >> [v2:172.21.15.90:6800/2913904701,v1:172.21.15.90:6801/2913904701] conn(0x7f31e4039150 0x7f31e403b610 secure :-1 s=READY pgs=10 cs=0 l=1 rev1=1 crypto rx=0x7f31ec006fd0 tx=0x7f31ec006e40 comp rx=0 tx=0).ready entity=mgr.14150 client_cookie=0 server_cookie=0 in_seq=0 out_seq=0
2024-04-25T02:08:37.691 INFO:teuthology.orchestra.run.smithi090.stdout:/usr/bin/ceph: stderr
2024-04-25T02:08:36.895+0000 7f31ea7fc700 1 -- 172.21.15.90:0/2280907236 <== mon.0 v2:172.21.15.90:3300/0 6 ==== mon_command_ack([{"prefix": "get_command_descriptions"}]=0 v0) ==== 72+0+186147 (secure 0 0 0) 0x7f31f400b3e0 con 0x7f31f8107bc0
2024-04-25T02:08:37.691 INFO:teuthology.orchestra.run.smithi090.stdout:/usr/bin/ceph: stderr
2024-04-25T02:08:37.092+0000 7f31ff33f700 1 -- 172.21.15.90:0/2280907236 --> [v2:172.21.15.90:3300/0,v1:172.21.15.90:6789/0] -- mon_command([{prefix=config set, name=osd_memory_target_autotune}] v 0) -- 0x7f31f819f4b0 con 0x7f31f8107bc0
2024-04-25T02:08:37.691 INFO:teuthology.orchestra.run.smithi090.stdout:/usr/bin/ceph: stderr
2024-04-25T02:08:37.093+0000 7f31ea7fc700 1 -- 172.21.15.90:0/2280907236 <== mon.0 v2:172.21.15.90:3300/0 7 ==== mon_command_ack([{prefix=config set, name=osd_memory_target_autotune}]=0 v8)=0 v8) ==== 127+0+0 (secure 0 0 0) 0x7f31f4021d80 con 0x7f31f8107bc0
2024-04-25T02:08:37.691 INFO:teuthology.orchestra.run.smithi090.stdout:/usr/bin/ceph: stderr
2024-04-25T02:08:37.095+0000 7f31ff33f700 1 -- 172.21.15.90:0/2280907236 >> [v2:172.21.15.90:6800/2913904701,v1:172.21.15.90:6801/2913904701] conn(0x7f31e4039150 msgr2=0x7f31e403b610 secure :-1 s=STATE_CONNECTION_ESTABLISHED l=1).mark_down
2024-04-25T02:08:37.691 INFO:teuthology.orchestra.run.smithi090.stdout:/usr/bin/ceph: stderr
2024-04-25T02:08:37.095+0000 7f31ff33f700 1 --2- 172.21.15.90:0/2280907236 >> [v2:172.21.15.90:6800/2913904701,v1:172.21.15.90:6801/2913904701] conn(0x7f31e4039150 0x7f31e403b610 secure :-1 s=READY pgs=10 cs=0 l=1 rev1=1 crypto rx=0x7f31ec006fd0 tx=0x7f31ec006e40 comp rx=0 tx=0).stop
2024-04-25T02:08:37.691 INFO:teuthology.orchestra.run.smithi090.stdout:/usr/bin/ceph: stderr
2024-04-25T02:08:37.095+0000 7f31ff33f700 1 -- 172.21.15.90:0/2280907236 >> [v2:172.21.15.90:3300/0,v1:172.21.15.90:6789/0] conn(0x7f31f8107bc0 msgr2=0x7f31f819b9d0 secure :-1 s=STATE_CONNECTION_ESTABLISHED l=1).mark_down
2024-04-25T02:08:37.691 INFO:teuthology.orchestra.run.smithi090.stdout:/usr/bin/ceph: stderr
2024-04-25T02:08:37.095+0000 7f31ff33f700 1 --2- 172.21.15.90:0/2280907236 >> [v2:172.21.15.90:3300/0,v1:172.21.15.90:6789/0] conn(0x7f31f8107bc0 0x7f31f819b9d0 secure :-1 s=READY pgs=75 cs=0 l=1 rev1=1 crypto rx=0x7f31f4011a20 tx=0x7f31f4011b00 comp rx=0 tx=0).stop
2024-04-25T02:08:37.691 INFO:teuthology.orchestra.run.smithi090.stdout:/usr/bin/ceph: stderr
2024-04-25T02:08:37.095+0000 7f31ff33f700 1 -- 172.21.15.90:0/2280907236 shutdown_connections
2024-04-25T02:08:37.691 INFO:teuthology.orchestra.run.smithi090.stdout:/usr/bin/ceph: stderr
2024-04-25T02:08:37.095+0000 7f31ff33f700 1 --2- 172.21.15.90:0/2280907236 >> [v2:172.21.15.90:6800/2913904701,v1:172.21.15.90:6801/2913904701] conn(0x7f31e4039150 0x7f31e403b610 unknown :-1 s=CLOSED pgs=10 cs=0 l=1 rev1=1 crypto rx=0 tx=0 comp rx=0 tx=0).stop
2024-04-25T02:08:37.691 INFO:teuthology.orchestra.run.smithi090.stdout:/usr/bin/ceph: stderr
2024-04-25T02:08:37.095+0000 7f31ff33f700 1 --2- 172.21.15.90:0/2280907236 >> [v2:172.21.15.90:3300/0,v1:172.21.15.90:6789/0] conn(0x7f31f8107bc0 0x7f31f819b9d0 unknown :-1 s=CLOSED pgs=75 cs=0 l=1 rev1=1 crypto rx=0 tx=0 comp rx=0 tx=0).stop
2024-04-25T02:08:37.691 INFO:teuthology.orchestra.run.smithi090.stdout:/usr/bin/ceph: stderr
2024-04-25T02:08:37.095+0000 7f31ff33f700 1 -- 172.21.15.90:0/2280907236 >> 172.21.15.90:0/2280907236 conn(0x7f31f81031c0 msgr2=0x7f31f8103c50 unknown :-1 s=STATE_NONE l=0).mark_down
2024-04-25T02:08:37.691 INFO:teuthology.orchestra.run.smithi090.stdout:/usr/bin/ceph: stderr
2024-04-25T02:08:37.095+0000 7f31ff33f700 1 -- 172.21.15.90:0/2280907236 shutdown_connections
2024-04-25T02:08:37.692 INFO:teuthology.orchestra.run.smithi090.stdout:/usr/bin/ceph: stderr
2024-04-25T02:08:37.095+0000 7f31ff33f700 1 -- 172.21.15.90:0/2280907236 wait complete.
2024-04-25T02:08:38.966 INFO:teuthology.orchestra.run.smithi090.stdout:/usr/bin/ceph: stderr
2024-04-25T02:08:38.085+0000 7f76c1911700 1 Processor -- start
2024-04-25T02:08:38.966 INFO:teuthology.orchestra.run.smithi090.stdout:/usr/bin/ceph: stderr
2024-04-25T02:08:38.085+0000 7f76c1911700 1 -- start start
2024-04-25T02:08:38.966 INFO:teuthology.orchestra.run.smithi090.stdout:/usr/bin/ceph: stderr
2024-04-25T02:08:38.085+0000 7f76c1911700 1 --2- >> [v2:172.21.15.90:3300/0,v1:172.21.15.90:6789/0] conn(0x7f76bc108610 0x7f76bc10aa00 unknown :-1 s=NONE pgs=0 cs=0 l=0 rev1=0 crypto rx=0 tx=0 comp rx=0 tx=0).connect
2024-04-25T02:08:38.966 INFO:teuthology.orchestra.run.smithi090.stdout:/usr/bin/ceph: stderr
2024-04-25T02:08:38.085+0000 7f76c1911700 1 -- --> [v2:172.21.15.90:3300/0,v1:172.21.15.90:6789/0] -- mon_getmap magic: 0 -- 0x7f76bc07be90 con 0x7f76bc108610
2024-04-25T02:08:38.967 INFO:teuthology.orchestra.run.smithi090.stdout:/usr/bin/ceph: stderr
2024-04-25T02:08:38.085+0000 7f76baffd700 1 --2- >> [v2:172.21.15.90:3300/0,v1:172.21.15.90:6789/0] conn(0x7f76bc108610 0x7f76bc10aa00 unknown :-1 s=BANNER_CONNECTING pgs=0 cs=0 l=0 rev1=0 crypto rx=0 tx=0 comp rx=0 tx=0)._handle_peer_banner_payload supported=3 required=0
2024-04-25T02:08:38.967 INFO:teuthology.orchestra.run.smithi090.stdout:/usr/bin/ceph: stderr
2024-04-25T02:08:38.086+0000 7f76baffd700 1 --2- >> [v2:172.21.15.90:3300/0,v1:172.21.15.90:6789/0] conn(0x7f76bc108610 0x7f76bc10aa00 unknown :-1 s=HELLO_CONNECTING pgs=0 cs=0 l=0 rev1=1 crypto rx=0 tx=0 comp rx=0 tx=0).handle_hello peer v2:172.21.15.90:3300/0 says I am v2:172.21.15.90:35480/0 (socket says 172.21.15.90:35480)
2024-04-25T02:08:38.967 INFO:teuthology.orchestra.run.smithi090.stdout:/usr/bin/ceph: stderr
2024-04-25T02:08:38.086+0000 7f76baffd700 1 -- 172.21.15.90:0/80105409 learned_addr learned my addr 172.21.15.90:0/80105409 (peer_addr_for_me v2:172.21.15.90:0/0)
2024-04-25T02:08:38.967 INFO:teuthology.orchestra.run.smithi090.stdout:/usr/bin/ceph: stderr
2024-04-25T02:08:38.086+0000 7f76baffd700 1 -- 172.21.15.90:0/80105409 --> [v2:172.21.15.90:3300/0,v1:172.21.15.90:6789/0] -- mon_subscribe({config=0+,monmap=0+}) -- 0x7f76bc10af40 con 0x7f76bc108610
2024-04-25T02:08:38.967 INFO:teuthology.orchestra.run.smithi090.stdout:/usr/bin/ceph: stderr
2024-04-25T02:08:38.086+0000 7f76baffd700 1 --2- 172.21.15.90:0/80105409 >> [v2:172.21.15.90:3300/0,v1:172.21.15.90:6789/0] conn(0x7f76bc108610 0x7f76bc10aa00 secure :-1 s=READY pgs=76 cs=0 l=1 rev1=1 crypto rx=0x7f76b4009e80 tx=0x7f76b400b330 comp rx=0 tx=0).ready entity=mon.0 client_cookie=fe351d9a2984750d server_cookie=0 in_seq=0 out_seq=0
2024-04-25T02:08:38.967 INFO:teuthology.orchestra.run.smithi090.stdout:/usr/bin/ceph: stderr
2024-04-25T02:08:38.086+0000 7f76b9ffb700 1 -- 172.21.15.90:0/80105409 <== mon.0 v2:172.21.15.90:3300/0 1 ==== mon_map magic: 0 ==== 205+0+0 (secure 0 0 0) 0x7f76b4017070 con 0x7f76bc108610
2024-04-25T02:08:38.967 INFO:teuthology.orchestra.run.smithi090.stdout:/usr/bin/ceph: stderr
2024-04-25T02:08:38.086+0000 7f76b9ffb700 1 -- 172.21.15.90:0/80105409 <== mon.0 v2:172.21.15.90:3300/0 2 ==== config(26 keys) ==== 1102+0+0 (secure 0 0 0) 0x7f76b400b8c0 con 0x7f76bc108610
2024-04-25T02:08:38.967 INFO:teuthology.orchestra.run.smithi090.stdout:/usr/bin/ceph: stderr
2024-04-25T02:08:38.086+0000 7f76b9ffb700 1 -- 172.21.15.90:0/80105409 <== mon.0 v2:172.21.15.90:3300/0 3 ==== mon_map magic: 0 ==== 205+0+0 (secure 0 0 0) 0x7f76b4004490 con 0x7f76bc108610
2024-04-25T02:08:38.967 INFO:teuthology.orchestra.run.smithi090.stdout:/usr/bin/ceph: stderr
2024-04-25T02:08:38.087+0000 7f76c1911700 1 -- 172.21.15.90:0/80105409 >> [v2:172.21.15.90:3300/0,v1:172.21.15.90:6789/0] conn(0x7f76bc108610 msgr2=0x7f76bc10aa00 secure :-1 s=STATE_CONNECTION_ESTABLISHED l=1).mark_down
2024-04-25T02:08:38.967 INFO:teuthology.orchestra.run.smithi090.stdout:/usr/bin/ceph: stderr
2024-04-25T02:08:38.087+0000 7f76c1911700 1 --2- 172.21.15.90:0/80105409 >> [v2:172.21.15.90:3300/0,v1:172.21.15.90:6789/0] conn(0x7f76bc108610 0x7f76bc10aa00 secure :-1 s=READY pgs=76 cs=0 l=1 rev1=1 crypto rx=0x7f76b4009e80 tx=0x7f76b400b330 comp rx=0 tx=0).stop
2024-04-25T02:08:38.967 INFO:teuthology.orchestra.run.smithi090.stdout:/usr/bin/ceph: stderr
2024-04-25T02:08:38.087+0000 7f76c1911700 1 -- 172.21.15.90:0/80105409 shutdown_connections
2024-04-25T02:08:38.967 INFO:teuthology.orchestra.run.smithi090.stdout:/usr/bin/ceph: stderr
2024-04-25T02:08:38.087+0000 7f76c1911700 1 --2- 172.21.15.90:0/80105409 >> [v2:172.21.15.90:3300/0,v1:172.21.15.90:6789/0] conn(0x7f76bc108610 0x7f76bc10aa00 unknown :-1 s=CLOSED pgs=76 cs=0 l=1 rev1=1 crypto rx=0 tx=0 comp rx=0 tx=0).stop
2024-04-25T02:08:38.967 INFO:teuthology.orchestra.run.smithi090.stdout:/usr/bin/ceph: stderr
2024-04-25T02:08:38.087+0000 7f76c1911700 1 -- 172.21.15.90:0/80105409 >> 172.21.15.90:0/80105409 conn(0x7f76bc101fe0 msgr2=0x7f76bc104440 unknown :-1 s=STATE_NONE l=0).mark_down
2024-04-25T02:08:38.967 INFO:teuthology.orchestra.run.smithi090.stdout:/usr/bin/ceph: stderr
2024-04-25T02:08:38.087+0000 7f76c1911700 1 -- 172.21.15.90:0/80105409 shutdown_connections
2024-04-25T02:08:38.967 INFO:teuthology.orchestra.run.smithi090.stdout:/usr/bin/ceph: stderr
2024-04-25T02:08:38.087+0000 7f76c1911700 1 -- 172.21.15.90:0/80105409 wait complete.
2024-04-25T02:08:38.968 INFO:teuthology.orchestra.run.smithi090.stdout:/usr/bin/ceph: stderr
2024-04-25T02:08:38.087+0000 7f76c1911700 1 Processor -- start
2024-04-25T02:08:38.968 INFO:teuthology.orchestra.run.smithi090.stdout:/usr/bin/ceph: stderr
2024-04-25T02:08:38.087+0000 7f76c1911700 1 -- start start
2024-04-25T02:08:38.968 INFO:teuthology.orchestra.run.smithi090.stdout:/usr/bin/ceph: stderr
2024-04-25T02:08:38.088+0000 7f76c1911700 1 --2- >> [v2:172.21.15.90:3300/0,v1:172.21.15.90:6789/0] conn(0x7f76bc108610 0x7f76bc19ba60 unknown :-1 s=NONE pgs=0 cs=0 l=1 rev1=0 crypto rx=0 tx=0 comp rx=0 tx=0).connect
2024-04-25T02:08:38.968 INFO:teuthology.orchestra.run.smithi090.stdout:/usr/bin/ceph: stderr
2024-04-25T02:08:38.088+0000 7f76c1911700 1 -- --> [v2:172.21.15.90:3300/0,v1:172.21.15.90:6789/0] -- mon_getmap magic: 0 -- 0x7f76bc10bf40 con 0x7f76bc108610
2024-04-25T02:08:38.968 INFO:teuthology.orchestra.run.smithi090.stdout:/usr/bin/ceph: stderr
2024-04-25T02:08:38.088+0000 7f76baffd700 1 --2- >> [v2:172.21.15.90:3300/0,v1:172.21.15.90:6789/0] conn(0x7f76bc108610 0x7f76bc19ba60 unknown :-1 s=BANNER_CONNECTING pgs=0 cs=0 l=1 rev1=0 crypto rx=0 tx=0 comp rx=0 tx=0)._handle_peer_banner_payload supported=3 required=0
2024-04-25T02:08:38.968 INFO:teuthology.orchestra.run.smithi090.stdout:/usr/bin/ceph: stderr
2024-04-25T02:08:38.088+0000 7f76baffd700 1 --2- >> [v2:172.21.15.90:3300/0,v1:172.21.15.90:6789/0] conn(0x7f76bc108610 0x7f76bc19ba60 unknown :-1 s=HELLO_CONNECTING pgs=0 cs=0 l=1 rev1=1 crypto rx=0 tx=0 comp rx=0 tx=0).handle_hello peer v2:172.21.15.90:3300/0 says I am v2:172.21.15.90:35484/0 (socket says 172.21.15.90:35484)
2024-04-25T02:08:38.968 INFO:teuthology.orchestra.run.smithi090.stdout:/usr/bin/ceph: stderr
2024-04-25T02:08:38.088+0000 7f76baffd700 1 -- 172.21.15.90:0/2420277516 learned_addr learned my addr 172.21.15.90:0/2420277516 (peer_addr_for_me v2:172.21.15.90:0/0)
2024-04-25T02:08:38.968 INFO:teuthology.orchestra.run.smithi090.stdout:/usr/bin/ceph: stderr
2024-04-25T02:08:38.088+0000 7f76baffd700 1 -- 172.21.15.90:0/2420277516 --> [v2:172.21.15.90:3300/0,v1:172.21.15.90:6789/0] -- mon_subscribe({config=0+,monmap=0+}) -- 0x7f76bc19bfa0 con 0x7f76bc108610
2024-04-25T02:08:38.968 INFO:teuthology.orchestra.run.smithi090.stdout:/usr/bin/ceph: stderr
2024-04-25T02:08:38.088+0000 7f76baffd700 1 --2- 172.21.15.90:0/2420277516 >> [v2:172.21.15.90:3300/0,v1:172.21.15.90:6789/0] conn(0x7f76bc108610 0x7f76bc19ba60 secure :-1 s=READY pgs=77 cs=0 l=1 rev1=1 crypto rx=0x7f76b4000f80 tx=0x7f76b4003d70 comp rx=0 tx=0).ready entity=mon.0 client_cookie=0 server_cookie=0 in_seq=0 out_seq=0
2024-04-25T02:08:38.968 INFO:teuthology.orchestra.run.smithi090.stdout:/usr/bin/ceph: stderr
2024-04-25T02:08:38.088+0000 7f76c090f700 1 -- 172.21.15.90:0/2420277516 <== mon.0 v2:172.21.15.90:3300/0 1 ==== mon_map magic: 0 ==== 205+0+0 (secure 0 0 0) 0x7f76b4020020 con 0x7f76bc108610
2024-04-25T02:08:38.968 INFO:teuthology.orchestra.run.smithi090.stdout:/usr/bin/ceph: stderr
2024-04-25T02:08:38.088+0000 7f76c090f700 1 -- 172.21.15.90:0/2420277516 <== mon.0 v2:172.21.15.90:3300/0 2 ==== config(26 keys) ==== 1102+0+0 (secure 0 0 0) 0x7f76b400bba0 con 0x7f76bc108610
2024-04-25T02:08:38.968 INFO:teuthology.orchestra.run.smithi090.stdout:/usr/bin/ceph: stderr
2024-04-25T02:08:38.088+0000 7f76c1911700 1 -- 172.21.15.90:0/2420277516 --> [v2:172.21.15.90:3300/0,v1:172.21.15.90:6789/0] -- mon_subscribe({mgrmap=0+}) -- 0x7f76bc19c230 con 0x7f76bc108610
2024-04-25T02:08:38.968 INFO:teuthology.orchestra.run.smithi090.stdout:/usr/bin/ceph: stderr
2024-04-25T02:08:38.088+0000 7f76c090f700 1 -- 172.21.15.90:0/2420277516 <== mon.0 v2:172.21.15.90:3300/0 3 ==== mon_map magic: 0 ==== 205+0+0 (secure 0 0 0) 0x7f76b4017040 con 0x7f76bc108610
2024-04-25T02:08:38.968 INFO:teuthology.orchestra.run.smithi090.stdout:/usr/bin/ceph: stderr
2024-04-25T02:08:38.088+0000 7f76c1911700 1 -- 172.21.15.90:0/2420277516 --> [v2:172.21.15.90:3300/0,v1:172.21.15.90:6789/0] -- mon_subscribe({osdmap=0}) -- 0x7f76bc19ef20 con 0x7f76bc108610
2024-04-25T02:08:38.968 INFO:teuthology.orchestra.run.smithi090.stdout:/usr/bin/ceph: stderr
2024-04-25T02:08:38.089+0000 7f76c090f700 1 -- 172.21.15.90:0/2420277516 <== mon.0 v2:172.21.15.90:3300/0 4 ==== mgrmap(e 13) ==== 46343+0+0 (secure 0 0 0) 0x7f76b4023020 con 0x7f76bc108610
2024-04-25T02:08:38.969 INFO:teuthology.orchestra.run.smithi090.stdout:/usr/bin/ceph: stderr
2024-04-25T02:08:38.089+0000 7f76c1911700 1 -- 172.21.15.90:0/2420277516 --> [v2:172.21.15.90:3300/0,v1:172.21.15.90:6789/0] -- mon_command({"prefix": "get_command_descriptions"} v 0) -- 0x7f76bc063890 con 0x7f76bc108610
2024-04-25T02:08:38.969 INFO:teuthology.orchestra.run.smithi090.stdout:/usr/bin/ceph: stderr
2024-04-25T02:08:38.089+0000 7f76c090f700 1 --2- 172.21.15.90:0/2420277516 >> [v2:172.21.15.90:6800/2913904701,v1:172.21.15.90:6801/2913904701] conn(0x7f76a8039140 0x7f76a803b600 unknown :-1 s=NONE pgs=0 cs=0 l=1 rev1=0 crypto rx=0 tx=0 comp rx=0 tx=0).connect
2024-04-25T02:08:38.969 INFO:teuthology.orchestra.run.smithi090.stdout:/usr/bin/ceph: stderr
2024-04-25T02:08:38.089+0000 7f76c090f700 1 -- 172.21.15.90:0/2420277516 <== mon.0 v2:172.21.15.90:3300/0 5 ==== osd_map(3..3 src has 1..3) ==== 1155+0+0 (secure 0 0 0) 0x7f76b400f050 con 0x7f76bc108610
2024-04-25T02:08:38.969 INFO:teuthology.orchestra.run.smithi090.stdout:/usr/bin/ceph: stderr
2024-04-25T02:08:38.089+0000 7f76ba7fc700 1 --2- 172.21.15.90:0/2420277516 >> [v2:172.21.15.90:6800/2913904701,v1:172.21.15.90:6801/2913904701] conn(0x7f76a8039140 0x7f76a803b600 unknown :-1 s=BANNER_CONNECTING pgs=0 cs=0 l=1 rev1=0 crypto rx=0 tx=0 comp rx=0 tx=0)._handle_peer_banner_payload supported=3 required=0
2024-04-25T02:08:38.969 INFO:teuthology.orchestra.run.smithi090.stdout:/usr/bin/ceph: stderr
2024-04-25T02:08:38.090+0000 7f76ba7fc700 1 --2- 172.21.15.90:0/2420277516 >> [v2:172.21.15.90:6800/2913904701,v1:172.21.15.90:6801/2913904701] conn(0x7f76a8039140 0x7f76a803b600 secure :-1 s=READY pgs=11 cs=0 l=1 rev1=1 crypto rx=0x7f76a4006fd0 tx=0x7f76a4006e40 comp rx=0 tx=0).ready entity=mgr.14150 client_cookie=0 server_cookie=0 in_seq=0 out_seq=0
2024-04-25T02:08:38.969 INFO:teuthology.orchestra.run.smithi090.stdout:/usr/bin/ceph: stderr
2024-04-25T02:08:38.094+0000 7f76c090f700 1 -- 172.21.15.90:0/2420277516 <== mon.0 v2:172.21.15.90:3300/0 6 ==== mon_command_ack([{"prefix": "get_command_descriptions"}]=0 v0) ==== 72+0+186147 (secure 0 0 0) 0x7f76b402a020 con 0x7f76bc108610
2024-04-25T02:08:38.969 INFO:teuthology.orchestra.run.smithi090.stdout:/usr/bin/ceph: stderr
2024-04-25T02:08:38.398+0000 7f76c1911700 1 -- 172.21.15.90:0/2420277516 --> [v2:172.21.15.90:3300/0,v1:172.21.15.90:6789/0] -- mon_command([{prefix=config-key set, key=mgr/dashboard/cluster/status}] v 0) -- 0x7f76bc19f4f0 con 0x7f76bc108610
2024-04-25T02:08:38.969 INFO:teuthology.orchestra.run.smithi090.stdout:/usr/bin/ceph: stderr
2024-04-25T02:08:38.400+0000 7f76c090f700 1 -- 172.21.15.90:0/2420277516 <== mon.0 v2:172.21.15.90:3300/0 7 ==== mon_command_ack([{prefix=config-key set, key=mgr/dashboard/cluster/status}]=0 set mgr/dashboard/cluster/status v28)=0 set mgr/dashboard/cluster/status v28) ==== 153+0+0 (secure 0 0 0) 0x7f76b40102f0 con 0x7f76bc108610
2024-04-25T02:08:38.969 INFO:teuthology.orchestra.run.smithi090.stdout:/usr/bin/ceph: stderr
2024-04-25T02:08:38.402+0000 7f76c1911700 1 -- 172.21.15.90:0/2420277516 >> [v2:172.21.15.90:6800/2913904701,v1:172.21.15.90:6801/2913904701] conn(0x7f76a8039140 msgr2=0x7f76a803b600 secure :-1 s=STATE_CONNECTION_ESTABLISHED l=1).mark_down
2024-04-25T02:08:38.969 INFO:teuthology.orchestra.run.smithi090.stdout:/usr/bin/ceph: stderr
2024-04-25T02:08:38.402+0000 7f76c1911700 1 --2- 172.21.15.90:0/2420277516 >> [v2:172.21.15.90:6800/2913904701,v1:172.21.15.90:6801/2913904701] conn(0x7f76a8039140 0x7f76a803b600 secure :-1 s=READY pgs=11 cs=0 l=1 rev1=1 crypto rx=0x7f76a4006fd0 tx=0x7f76a4006e40 comp rx=0 tx=0).stop
2024-04-25T02:08:38.969 INFO:teuthology.orchestra.run.smithi090.stdout:/usr/bin/ceph: stderr
2024-04-25T02:08:38.402+0000 7f76c1911700 1 -- 172.21.15.90:0/2420277516 >> [v2:172.21.15.90:3300/0,v1:172.21.15.90:6789/0] conn(0x7f76bc108610 msgr2=0x7f76bc19ba60 secure :-1 s=STATE_CONNECTION_ESTABLISHED l=1).mark_down
2024-04-25T02:08:38.969 INFO:teuthology.orchestra.run.smithi090.stdout:/usr/bin/ceph: stderr
2024-04-25T02:08:38.402+0000 7f76c1911700 1 --2- 172.21.15.90:0/2420277516 >> [v2:172.21.15.90:3300/0,v1:172.21.15.90:6789/0] conn(0x7f76bc108610 0x7f76bc19ba60 secure :-1 s=READY pgs=77 cs=0 l=1 rev1=1 crypto rx=0x7f76b4000f80 tx=0x7f76b4003d70 comp rx=0 tx=0).stop
2024-04-25T02:08:38.969 INFO:teuthology.orchestra.run.smithi090.stdout:/usr/bin/ceph: stderr
2024-04-25T02:08:38.402+0000 7f76c1911700 1 -- 172.21.15.90:0/2420277516 shutdown_connections
2024-04-25T02:08:38.969 INFO:teuthology.orchestra.run.smithi090.stdout:/usr/bin/ceph: stderr
2024-04-25T02:08:38.402+0000 7f76c1911700 1 --2- 172.21.15.90:0/2420277516 >> [v2:172.21.15.90:6800/2913904701,v1:172.21.15.90:6801/2913904701] conn(0x7f76a8039140 0x7f76a803b600 unknown :-1 s=CLOSED pgs=11 cs=0 l=1 rev1=1 crypto rx=0 tx=0 comp rx=0 tx=0).stop
2024-04-25T02:08:38.970 INFO:teuthology.orchestra.run.smithi090.stdout:/usr/bin/ceph: stderr
2024-04-25T02:08:38.402+0000 7f76c1911700 1 --2- 172.21.15.90:0/2420277516 >> [v2:172.21.15.90:3300/0,v1:172.21.15.90:6789/0] conn(0x7f76bc108610 0x7f76bc19ba60 unknown :-1 s=CLOSED pgs=77 cs=0 l=1 rev1=1 crypto rx=0 tx=0 comp rx=0 tx=0).stop
2024-04-25T02:08:38.970 INFO:teuthology.orchestra.run.smithi090.stdout:/usr/bin/ceph: stderr
2024-04-25T02:08:38.402+0000 7f76c1911700 1 -- 172.21.15.90:0/2420277516 >> 172.21.15.90:0/2420277516 conn(0x7f76bc101fe0 msgr2=0x7f76bc102ac0 unknown :-1 s=STATE_NONE l=0).mark_down
2024-04-25T02:08:38.970 INFO:teuthology.orchestra.run.smithi090.stdout:/usr/bin/ceph: stderr
2024-04-25T02:08:38.402+0000 7f76c1911700 1 -- 172.21.15.90:0/2420277516 shutdown_connections
2024-04-25T02:08:38.970 INFO:teuthology.orchestra.run.smithi090.stdout:/usr/bin/ceph: stderr
2024-04-25T02:08:38.402+0000 7f76c1911700 1 -- 172.21.15.90:0/2420277516 wait complete.
2024-04-25T02:08:38.970 INFO:teuthology.orchestra.run.smithi090.stdout:/usr/bin/ceph: stderr set mgr/dashboard/cluster/status
