2024-04-25T02:08:31.756 INFO:teuthology.orchestra.run.smithi090.stdout:/usr/bin/ceph: stderr
2024-04-25T02:08:25.472+0000 7f33ccf93700 1 -- 172.21.15.90:0/3571273656 wait complete.
2024-04-25T02:08:31.756 INFO:teuthology.orchestra.run.smithi090.stdout:/usr/bin/ceph: stderr
2024-04-25T02:08:25.473+0000 7f33ccf93700 1 Processor -- start
2024-04-25T02:08:31.756 INFO:teuthology.orchestra.run.smithi090.stdout:/usr/bin/ceph: stderr
2024-04-25T02:08:25.473+0000 7f33ccf93700 1 -- start start
2024-04-25T02:08:31.756 INFO:teuthology.orchestra.run.smithi090.stdout:/usr/bin/ceph: stderr
2024-04-25T02:08:25.473+0000 7f33ccf93700 1 --2- >> [v2:172.21.15.90:3300/0,v1:172.21.15.90:6789/0] conn(0x7f33c8107bb0 0x7f33c807db90 unknown :-1 s=NONE pgs=0 cs=0 l=1 rev1=0 crypto rx=0 tx=0 comp rx=0 tx=0).connect
2024-04-25T02:08:31.756 INFO:teuthology.orchestra.run.smithi090.stdout:/usr/bin/ceph: stderr
2024-04-25T02:08:25.473+0000 7f33ccf93700 1 -- --> [v2:172.21.15.90:3300/0,v1:172.21.15.90:6789/0] -- mon_getmap magic: 0 -- 0x7f33c810c110 con 0x7f33c8107bb0
2024-04-25T02:08:31.756 INFO:teuthology.orchestra.run.smithi090.stdout:/usr/bin/ceph: stderr
2024-04-25T02:08:25.474+0000 7f33c659c700 1 --2- >> [v2:172.21.15.90:3300/0,v1:172.21.15.90:6789/0] conn(0x7f33c8107bb0 0x7f33c807db90 unknown :-1 s=BANNER_CONNECTING pgs=0 cs=0 l=1 rev1=0 crypto rx=0 tx=0 comp rx=0 tx=0)._handle_peer_banner_payload supported=3 required=0
2024-04-25T02:08:31.756 INFO:teuthology.orchestra.run.smithi090.stdout:/usr/bin/ceph: stderr
2024-04-25T02:08:25.474+0000 7f33c659c700 1 --2- >> [v2:172.21.15.90:3300/0,v1:172.21.15.90:6789/0] conn(0x7f33c8107bb0 0x7f33c807db90 unknown :-1 s=HELLO_CONNECTING pgs=0 cs=0 l=1 rev1=1 crypto rx=0 tx=0 comp rx=0 tx=0).handle_hello peer v2:172.21.15.90:3300/0 says I am v2:172.21.15.90:42038/0 (socket says 172.21.15.90:42038)
2024-04-25T02:08:31.756 INFO:teuthology.orchestra.run.smithi090.stdout:/usr/bin/ceph: stderr
2024-04-25T02:08:25.474+0000 7f33c659c700 1 -- 172.21.15.90:0/1000927031 learned_addr learned my addr 172.21.15.90:0/1000927031 (peer_addr_for_me v2:172.21.15.90:0/0)
2024-04-25T02:08:31.757 INFO:teuthology.orchestra.run.smithi090.stdout:/usr/bin/ceph: stderr
2024-04-25T02:08:25.474+0000 7f33c659c700 1 -- 172.21.15.90:0/1000927031 --> [v2:172.21.15.90:3300/0,v1:172.21.15.90:6789/0] -- mon_subscribe({config=0+,monmap=0+}) -- 0x7f33c807e0d0 con 0x7f33c8107bb0
2024-04-25T02:08:31.757 INFO:teuthology.orchestra.run.smithi090.stdout:/usr/bin/ceph: stderr
2024-04-25T02:08:25.474+0000 7f33c659c700 1 --2- 172.21.15.90:0/1000927031 >> [v2:172.21.15.90:3300/0,v1:172.21.15.90:6789/0] conn(0x7f33c8107bb0 0x7f33c807db90 secure :-1 s=READY pgs=60 cs=0 l=1 rev1=1 crypto rx=0x7f33b8011710 tx=0x7f33b8011ad0 comp rx=0 tx=0).ready entity=mon.0 client_cookie=0 server_cookie=0 in_seq=0 out_seq=0
2024-04-25T02:08:31.757 INFO:teuthology.orchestra.run.smithi090.stdout:/usr/bin/ceph: stderr
2024-04-25T02:08:25.474+0000 7f33b77fe700 1 -- 172.21.15.90:0/1000927031 <== mon.0 v2:172.21.15.90:3300/0 1 ==== mon_map magic: 0 ==== 205+0+0 (secure 0 0 0) 0x7f33b80039c0 con 0x7f33c8107bb0
2024-04-25T02:08:31.757 INFO:teuthology.orchestra.run.smithi090.stdout:/usr/bin/ceph: stderr
2024-04-25T02:08:25.474+0000 7f33ccf93700 1 -- 172.21.15.90:0/1000927031 --> [v2:172.21.15.90:3300/0,v1:172.21.15.90:6789/0] -- mon_subscribe({mgrmap=0+}) -- 0x7f33c807c2c0 con 0x7f33c8107bb0
2024-04-25T02:08:31.757 INFO:teuthology.orchestra.run.smithi090.stdout:/usr/bin/ceph: stderr
2024-04-25T02:08:25.474+0000 7f33b77fe700 1 -- 172.21.15.90:0/1000927031 <== mon.0 v2:172.21.15.90:3300/0 2 ==== config(26 keys) ==== 1102+0+0 (secure 0 0 0) 0x7f33b8003b60 con 0x7f33c8107bb0
2024-04-25T02:08:31.757 INFO:teuthology.orchestra.run.smithi090.stdout:/usr/bin/ceph: stderr
2024-04-25T02:08:25.474+0000 7f33b77fe700 1 -- 172.21.15.90:0/1000927031 <== mon.0 v2:172.21.15.90:3300/0 3 ==== mon_map magic: 0 ==== 205+0+0 (secure 0 0 0) 0x7f33b801a690 con 0x7f33c8107bb0
2024-04-25T02:08:31.757 INFO:teuthology.orchestra.run.smithi090.stdout:/usr/bin/ceph: stderr
2024-04-25T02:08:25.475+0000 7f33ccf93700 1 -- 172.21.15.90:0/1000927031 --> [v2:172.21.15.90:3300/0,v1:172.21.15.90:6789/0] -- mon_subscribe({osdmap=0}) -- 0x7f33c807c800 con 0x7f33c8107bb0
2024-04-25T02:08:31.757 INFO:teuthology.orchestra.run.smithi090.stdout:/usr/bin/ceph: stderr
2024-04-25T02:08:25.475+0000 7f33b77fe700 1 -- 172.21.15.90:0/1000927031 <== mon.0 v2:172.21.15.90:3300/0 4 ==== mgrmap(e 9) ==== 46300+0+0 (secure 0 0 0) 0x7f33b801a990 con 0x7f33c8107bb0
2024-04-25T02:08:31.757 INFO:teuthology.orchestra.run.smithi090.stdout:/usr/bin/ceph: stderr
2024-04-25T02:08:25.476+0000 7f33b77fe700 1 --2- 172.21.15.90:0/1000927031 >> [v2:172.21.15.90:6800/3003695133,v1:172.21.15.90:6801/3003695133] conn(0x7f33b0039050 0x7f33b003b510 unknown :-1 s=NONE pgs=0 cs=0 l=1 rev1=0 crypto rx=0 tx=0 comp rx=0 tx=0).connect
2024-04-25T02:08:31.757 INFO:teuthology.orchestra.run.smithi090.stdout:/usr/bin/ceph: stderr
2024-04-25T02:08:25.476+0000 7f33ccf93700 1 -- 172.21.15.90:0/1000927031 --> [v2:172.21.15.90:6800/3003695133,v1:172.21.15.90:6801/3003695133] -- command(tid 0: {"prefix": "get_command_descriptions"}) -- 0x7f33c8063890 con 0x7f33b0039050
2024-04-25T02:08:31.757 INFO:teuthology.orchestra.run.smithi090.stdout:/usr/bin/ceph: stderr
2024-04-25T02:08:25.476+0000 7f33b77fe700 1 -- 172.21.15.90:0/1000927031 <== mon.0 v2:172.21.15.90:3300/0 5 ==== osd_map(2..2 src has 1..2) ==== 940+0+0 (secure 0 0 0) 0x7f33b804e560 con 0x7f33c8107bb0
2024-04-25T02:08:31.757 INFO:teuthology.orchestra.run.smithi090.stdout:/usr/bin/ceph: stderr
2024-04-25T02:08:25.476+0000 7f33c5d9b700 1 -- 172.21.15.90:0/1000927031 >> [v2:172.21.15.90:6800/3003695133,v1:172.21.15.90:6801/3003695133] conn(0x7f33b0039050 msgr2=0x7f33b003b510 unknown :-1 s=STATE_CONNECTING_RE l=1).process reconnect failed to v2:172.21.15.90:6800/3003695133
2024-04-25T02:08:31.758 INFO:teuthology.orchestra.run.smithi090.stdout:/usr/bin/ceph: stderr
2024-04-25T02:08:25.476+0000 7f33c5d9b700 1 --2- 172.21.15.90:0/1000927031 >> [v2:172.21.15.90:6800/3003695133,v1:172.21.15.90:6801/3003695133] conn(0x7f33b0039050 0x7f33b003b510 unknown :-1 s=START_CONNECT pgs=0 cs=0 l=1 rev1=0 crypto rx=0 tx=0 comp rx=0 tx=0)._fault waiting 0.200000
2024-04-25T02:08:31.758 INFO:teuthology.orchestra.run.smithi090.stdout:/usr/bin/ceph: stderr
2024-04-25T02:08:25.677+0000 7f33c5d9b700 1 -- 172.21.15.90:0/1000927031 >> [v2:172.21.15.90:6800/3003695133,v1:172.21.15.90:6801/3003695133] conn(0x7f33b0039050 msgr2=0x7f33b003b510 unknown :-1 s=STATE_CONNECTING_RE l=1).process reconnect failed to v2:172.21.15.90:6800/3003695133
2024-04-25T02:08:31.758 INFO:teuthology.orchestra.run.smithi090.stdout:/usr/bin/ceph: stderr
2024-04-25T02:08:25.677+0000 7f33c5d9b700 1 --2- 172.21.15.90:0/1000927031 >> [v2:172.21.15.90:6800/3003695133,v1:172.21.15.90:6801/3003695133] conn(0x7f33b0039050 0x7f33b003b510 unknown :-1 s=START_CONNECT pgs=0 cs=0 l=1 rev1=0 crypto rx=0 tx=0 comp rx=0 tx=0)._fault waiting 0.400000
2024-04-25T02:08:31.758 INFO:teuthology.orchestra.run.smithi090.stdout:/usr/bin/ceph: stderr
2024-04-25T02:08:26.078+0000 7f33c5d9b700 1 -- 172.21.15.90:0/1000927031 >> [v2:172.21.15.90:6800/3003695133,v1:172.21.15.90:6801/3003695133] conn(0x7f33b0039050 msgr2=0x7f33b003b510 unknown :-1 s=STATE_CONNECTING_RE l=1).process reconnect failed to v2:172.21.15.90:6800/3003695133
2024-04-25T02:08:31.758 INFO:teuthology.orchestra.run.smithi090.stdout:/usr/bin/ceph: stderr
2024-04-25T02:08:26.078+0000 7f33c5d9b700 1 --2- 172.21.15.90:0/1000927031 >> [v2:172.21.15.90:6800/3003695133,v1:172.21.15.90:6801/3003695133] conn(0x7f33b0039050 0x7f33b003b510 unknown :-1 s=START_CONNECT pgs=0 cs=0 l=1 rev1=0 crypto rx=0 tx=0 comp rx=0 tx=0)._fault waiting 0.800000
2024-04-25T02:08:31.758 INFO:teuthology.orchestra.run.smithi090.stdout:/usr/bin/ceph: stderr
2024-04-25T02:08:26.879+0000 7f33c5d9b700 1 -- 172.21.15.90:0/1000927031 >> [v2:172.21.15.90:6800/3003695133,v1:172.21.15.90:6801/3003695133] conn(0x7f33b0039050 msgr2=0x7f33b003b510 unknown :-1 s=STATE_CONNECTING_RE l=1).process reconnect failed to v2:172.21.15.90:6800/3003695133
2024-04-25T02:08:31.758 INFO:teuthology.orchestra.run.smithi090.stdout:/usr/bin/ceph: stderr
2024-04-25T02:08:26.879+0000 7f33c5d9b700 1 --2- 172.21.15.90:0/1000927031 >> [v2:172.21.15.90:6800/3003695133,v1:172.21.15.90:6801/3003695133] conn(0x7f33b0039050 0x7f33b003b510 unknown :-1 s=START_CONNECT pgs=0 cs=0 l=1 rev1=0 crypto rx=0 tx=0 comp rx=0 tx=0)._fault waiting 1.600000
2024-04-25T02:08:31.758 INFO:teuthology.orchestra.run.smithi090.stdout:/usr/bin/ceph: stderr
2024-04-25T02:08:28.480+0000 7f33c5d9b700 1 -- 172.21.15.90:0/1000927031 >> [v2:172.21.15.90:6800/3003695133,v1:172.21.15.90:6801/3003695133] conn(0x7f33b0039050 msgr2=0x7f33b003b510 unknown :-1 s=STATE_CONNECTING_RE l=1).process reconnect failed to v2:172.21.15.90:6800/3003695133
2024-04-25T02:08:31.758 INFO:teuthology.orchestra.run.smithi090.stdout:/usr/bin/ceph: stderr
2024-04-25T02:08:28.480+0000 7f33c5d9b700 1 --2- 172.21.15.90:0/1000927031 >> [v2:172.21.15.90:6800/3003695133,v1:172.21.15.90:6801/3003695133] conn(0x7f33b0039050 0x7f33b003b510 unknown :-1 s=START_CONNECT pgs=0 cs=0 l=1 rev1=0 crypto rx=0 tx=0 comp rx=0 tx=0)._fault waiting 3.200000
2024-04-25T02:08:31.758 INFO:teuthology.orchestra.run.smithi090.stdout:/usr/bin/ceph: stderr
2024-04-25T02:08:29.853+0000 7f33b77fe700 1 -- 172.21.15.90:0/1000927031 <== mon.0 v2:172.21.15.90:3300/0 6 ==== mgrmap(e 10) ==== 46067+0+0 (secure 0 0 0) 0x7f33b802d8c0 con 0x7f33c8107bb0
2024-04-25T02:08:31.759 INFO:teuthology.orchestra.run.smithi090.stdout:/usr/bin/ceph: stderr
2024-04-25T02:08:29.853+0000 7f33b77fe700 1 -- 172.21.15.90:0/1000927031 >> [v2:172.21.15.90:6800/3003695133,v1:172.21.15.90:6801/3003695133] conn(0x7f33b0039050 msgr2=0x7f33b003b510 unknown :-1 s=STATE_CONNECTING l=1).mark_down
2024-04-25T02:08:31.759 INFO:teuthology.orchestra.run.smithi090.stdout:/usr/bin/ceph: stderr
2024-04-25T02:08:29.853+0000 7f33b77fe700 1 --2- 172.21.15.90:0/1000927031 >> [v2:172.21.15.90:6800/3003695133,v1:172.21.15.90:6801/3003695133] conn(0x7f33b0039050 0x7f33b003b510 unknown :-1 s=START_CONNECT pgs=0 cs=0 l=1 rev1=0 crypto rx=0 tx=0 comp rx=0 tx=0).stop
2024-04-25T02:08:31.759 INFO:teuthology.orchestra.run.smithi090.stdout:/usr/bin/ceph: stderr
2024-04-25T02:08:30.857+0000 7f33b77fe700 1 -- 172.21.15.90:0/1000927031 <== mon.0 v2:172.21.15.90:3300/0 7 ==== mgrmap(e 11) ==== 46194+0+0 (secure 0 0 0) 0x7f33b804fa90 con 0x7f33c8107bb0
2024-04-25T02:08:31.759 INFO:teuthology.orchestra.run.smithi090.stdout:/usr/bin/ceph: stderr
2024-04-25T02:08:30.857+0000 7f33b77fe700 1 --2- 172.21.15.90:0/1000927031 >> [v2:172.21.15.90:6800/2913904701,v1:172.21.15.90:6801/2913904701] conn(0x7f33b003c920 0x7f33b003ed10 unknown :-1 s=NONE pgs=0 cs=0 l=1 rev1=0 crypto rx=0 tx=0 comp rx=0 tx=0).connect
2024-04-25T02:08:31.759 INFO:teuthology.orchestra.run.smithi090.stdout:/usr/bin/ceph: stderr
2024-04-25T02:08:30.857+0000 7f33b77fe700 1 -- 172.21.15.90:0/1000927031 --> [v2:172.21.15.90:6800/2913904701,v1:172.21.15.90:6801/2913904701] -- command(tid 0: {"prefix": "get_command_descriptions"}) -- 0x7f33b8016bd0 con 0x7f33b003c920
2024-04-25T02:08:31.759 INFO:teuthology.orchestra.run.smithi090.stdout:/usr/bin/ceph: stderr
2024-04-25T02:08:30.858+0000 7f33c5d9b700 1 --2- 172.21.15.90:0/1000927031 >> [v2:172.21.15.90:6800/2913904701,v1:172.21.15.90:6801/2913904701] conn(0x7f33b003c920 0x7f33b003ed10 unknown :-1 s=BANNER_CONNECTING pgs=0 cs=0 l=1 rev1=0 crypto rx=0 tx=0 comp rx=0 tx=0)._handle_peer_banner_payload supported=3 required=0
2024-04-25T02:08:31.759 INFO:teuthology.orchestra.run.smithi090.stdout:/usr/bin/ceph: stderr
2024-04-25T02:08:30.858+0000 7f33c5d9b700 1 --2- 172.21.15.90:0/1000927031 >> [v2:172.21.15.90:6800/2913904701,v1:172.21.15.90:6801/2913904701] conn(0x7f33b003c920 0x7f33b003ed10 secure :-1 s=READY pgs=1 cs=0 l=1 rev1=1 crypto rx=0x7f33bc003a10 tx=0x7f33bc0092b0 comp rx=0 tx=0).ready entity=mgr.14150 client_cookie=0 server_cookie=0 in_seq=0 out_seq=0
2024-04-25T02:08:31.759 INFO:teuthology.orchestra.run.smithi090.stdout:/usr/bin/ceph: stderr
2024-04-25T02:08:30.859+0000 7f33b77fe700 1 -- 172.21.15.90:0/1000927031 <== mgr.14150 v2:172.21.15.90:6800/2913904701 1 ==== command_reply(tid 0: 0 ) ==== 8+0+7774 (secure 0 0 0) 0x7f33b8016bd0 con 0x7f33b003c920
2024-04-25T02:08:31.759 INFO:teuthology.orchestra.run.smithi090.stdout:/usr/bin/ceph: stderr
2024-04-25T02:08:30.865+0000 7f33ccf93700 1 -- 172.21.15.90:0/1000927031 --> [v2:172.21.15.90:6800/2913904701,v1:172.21.15.90:6801/2913904701] -- command(tid 1: {"prefix": "mgr_status"}) -- 0x7f33c81043e0 con 0x7f33b003c920
2024-04-25T02:08:31.759 INFO:teuthology.orchestra.run.smithi090.stdout:/usr/bin/ceph: stderr
2024-04-25T02:08:30.866+0000 7f33b77fe700 1 -- 172.21.15.90:0/1000927031 <== mgr.14150 v2:172.21.15.90:6800/2913904701 2 ==== command_reply(tid 1: 0 ) ==== 8+0+52 (secure 0 0 0) 0x7f33c81043e0 con 0x7f33b003c920
2024-04-25T02:08:31.759 INFO:teuthology.orchestra.run.smithi090.stdout:/usr/bin/ceph: stderr
2024-04-25T02:08:30.866+0000 7f33ccf93700 1 -- 172.21.15.90:0/1000927031 >> [v2:172.21.15.90:6800/2913904701,v1:172.21.15.90:6801/2913904701] conn(0x7f33b003c920 msgr2=0x7f33b003ed10 secure :-1 s=STATE_CONNECTION_ESTABLISHED l=1).mark_down
2024-04-25T02:08:31.759 INFO:teuthology.orchestra.run.smithi090.stdout:/usr/bin/ceph: stderr
2024-04-25T02:08:30.866+0000 7f33ccf93700 1 --2- 172.21.15.90:0/1000927031 >> [v2:172.21.15.90:6800/2913904701,v1:172.21.15.90:6801/2913904701] conn(0x7f33b003c920 0x7f33b003ed10 secure :-1 s=READY pgs=1 cs=0 l=1 rev1=1 crypto rx=0x7f33bc003a10 tx=0x7f33bc0092b0 comp rx=0 tx=0).stop
2024-04-25T02:08:31.759 INFO:teuthology.orchestra.run.smithi090.stdout:/usr/bin/ceph: stderr
2024-04-25T02:08:30.866+0000 7f33ccf93700 1 -- 172.21.15.90:0/1000927031 >> [v2:172.21.15.90:3300/0,v1:172.21.15.90:6789/0] conn(0x7f33c8107bb0 msgr2=0x7f33c807db90 secure :-1 s=STATE_CONNECTION_ESTABLISHED l=1).mark_down
2024-04-25T02:08:31.759 INFO:teuthology.orchestra.run.smithi090.stdout:/usr/bin/ceph: stderr
2024-04-25T02:08:30.866+0000 7f33ccf93700 1 --2- 172.21.15.90:0/1000927031 >> [v2:172.21.15.90:3300/0,v1:172.21.15.90:6789/0] conn(0x7f33c8107bb0 0x7f33c807db90 secure :-1 s=READY pgs=60 cs=0 l=1 rev1=1 crypto rx=0x7f33b8011710 tx=0x7f33b8011ad0 comp rx=0 tx=0).stop
2024-04-25T02:08:31.760 INFO:teuthology.orchestra.run.smithi090.stdout:/usr/bin/ceph: stderr
2024-04-25T02:08:30.866+0000 7f33ccf93700 1 -- 172.21.15.90:0/1000927031 shutdown_connections
2024-04-25T02:08:31.760 INFO:teuthology.orchestra.run.smithi090.stdout:/usr/bin/ceph: stderr
2024-04-25T02:08:30.866+0000 7f33ccf93700 1 --2- 172.21.15.90:0/1000927031 >> [v2:172.21.15.90:6800/2913904701,v1:172.21.15.90:6801/2913904701] conn(0x7f33b003c920 0x7f33b003ed10 unknown :-1 s=CLOSED pgs=1 cs=0 l=1 rev1=1 crypto rx=0 tx=0 comp rx=0 tx=0).stop
2024-04-25T02:08:31.760 INFO:teuthology.orchestra.run.smithi090.stdout:/usr/bin/ceph: stderr
2024-04-25T02:08:30.866+0000 7f33ccf93700 1 --2- 172.21.15.90:0/1000927031 >> [v2:172.21.15.90:3300/0,v1:172.21.15.90:6789/0] conn(0x7f33c8107bb0 0x7f33c807db90 unknown :-1 s=CLOSED pgs=60 cs=0 l=1 rev1=1 crypto rx=0 tx=0 comp rx=0 tx=0).stop
2024-04-25T02:08:31.760 INFO:teuthology.orchestra.run.smithi090.stdout:/usr/bin/ceph: stderr
2024-04-25T02:08:30.866+0000 7f33ccf93700 1 --2- 172.21.15.90:0/1000927031 >> [v2:172.21.15.90:6800/3003695133,v1:172.21.15.90:6801/3003695133] conn(0x7f33b0039050 0x7f33b003b510 unknown :-1 s=CLOSED pgs=0 cs=0 l=1 rev1=0 crypto rx=0 tx=0 comp rx=0 tx=0).stop
2024-04-25T02:08:31.760 INFO:teuthology.orchestra.run.smithi090.stdout:/usr/bin/ceph: stderr
2024-04-25T02:08:30.866+0000 7f33ccf93700 1 -- 172.21.15.90:0/1000927031 >> 172.21.15.90:0/1000927031 conn(0x7f33c8103110 msgr2=0x7f33c8103cd0 unknown :-1 s=STATE_NONE l=0).mark_down
2024-04-25T02:08:31.760 INFO:teuthology.orchestra.run.smithi090.stdout:/usr/bin/ceph: stderr
2024-04-25T02:08:30.866+0000 7f33ccf93700 1 -- 172.21.15.90:0/1000927031 shutdown_connections
2024-04-25T02:08:31.760 INFO:teuthology.orchestra.run.smithi090.stdout:/usr/bin/ceph: stderr
2024-04-25T02:08:30.866+0000 7f33ccf93700 1 -- 172.21.15.90:0/1000927031 wait complete.
2024-04-25T02:08:31.760 INFO:teuthology.orchestra.run.smithi090.stdout:mgr epoch 9 is available
2024-04-25T02:08:31.760 INFO:teuthology.orchestra.run.smithi090.stdout:Generating a dashboard self-signed certificate...
2024-04-25T02:08:32.006 INFO:journalctl@ceph.mon.a.smithi090.stdout:Apr 25 02:08:31 smithi090 ceph-mon[29427]: [25/Apr/2024:02:08:30] ENGINE Bus STARTING
2024-04-25T02:08:32.006 INFO:journalctl@ceph.mon.a.smithi090.stdout:Apr 25 02:08:31 smithi090 ceph-mon[29427]: [25/Apr/2024:02:08:30] ENGINE Serving on http://172.21.15.90:8765
2024-04-25T02:08:32.006 INFO:journalctl@ceph.mon.a.smithi090.stdout:Apr 25 02:08:31 smithi090 ceph-mon[29427]: [25/Apr/2024:02:08:30] ENGINE Serving on https://172.21.15.90:7150
2024-04-25T02:08:32.006 INFO:journalctl@ceph.mon.a.smithi090.stdout:Apr 25 02:08:31 smithi090 ceph-mon[29427]: [25/Apr/2024:02:08:30] ENGINE Bus STARTED
2024-04-25T02:08:32.007 INFO:journalctl@ceph.mon.a.smithi090.stdout:Apr 25 02:08:31 smithi090 ceph-mon[29427]: from='client.14154 -' entity='client.admin' cmd=[{"prefix": "get_command_descriptions"}]: dispatch
2024-04-25T02:08:32.007 INFO:journalctl@ceph.mon.a.smithi090.stdout:Apr 25 02:08:31 smithi090 ceph-mon[29427]: mgrmap e11: x(active, since 1.00843s)
2024-04-25T02:08:32.007 INFO:journalctl@ceph.mon.a.smithi090.stdout:Apr 25 02:08:31 smithi090 ceph-mon[29427]: from='client.14154 -' entity='client.admin' cmd=[{"prefix": "mgr_status"}]: dispatch
2024-04-25T02:08:32.007 INFO:journalctl@ceph.mon.a.smithi090.stdout:Apr 25 02:08:31 smithi090 ceph-mon[29427]: from='mgr.14150 172.21.15.90:0/4234166540' entity='mgr.x'
2024-04-25T02:08:33.169 INFO:teuthology.orchestra.run.smithi090.stdout:/usr/bin/ceph: stdout Self-signed certificate created
2024-04-25T02:08:33.169 INFO:teuthology.orchestra.run.smithi090.stdout:/usr/bin/ceph: stderr
2024-04-25T02:08:32.192+0000 7f124bb37700 1 Processor -- start
2024-04-25T02:08:33.169 INFO:teuthology.orchestra.run.smithi090.stdout:/usr/bin/ceph: stderr
2024-04-25T02:08:32.192+0000 7f124bb37700 1 -- start start
2024-04-25T02:08:33.169 INFO:teuthology.orchestra.run.smithi090.stdout:/usr/bin/ceph: stderr
2024-04-25T02:08:32.192+0000 7f124bb37700 1 --2- >> [v2:172.21.15.90:3300/0,v1:172.21.15.90:6789/0] conn(0x7f1244108620 0x7f124410aa10 unknown :-1 s=NONE pgs=0 cs=0 l=0 rev1=0 crypto rx=0 tx=0 comp rx=0 tx=0).connect
2024-04-25T02:08:33.169 INFO:teuthology.orchestra.run.smithi090.stdout:/usr/bin/ceph: stderr
2024-04-25T02:08:32.192+0000 7f124bb37700 1 -- --> [v2:172.21.15.90:3300/0,v1:172.21.15.90:6789/0] -- mon_getmap magic: 0 -- 0x7f124407bed0 con 0x7f1244108620
2024-04-25T02:08:33.169 INFO:teuthology.orchestra.run.smithi090.stdout:/usr/bin/ceph: stderr
2024-04-25T02:08:32.192+0000 7f12498d3700 1 --2- >> [v2:172.21.15.90:3300/0,v1:172.21.15.90:6789/0] conn(0x7f1244108620 0x7f124410aa10 unknown :-1 s=BANNER_CONNECTING pgs=0 cs=0 l=0 rev1=0 crypto rx=0 tx=0 comp rx=0 tx=0)._handle_peer_banner_payload supported=3 required=0
2024-04-25T02:08:33.169 INFO:teuthology.orchestra.run.smithi090.stdout:/usr/bin/ceph: stderr
2024-04-25T02:08:32.192+0000 7f12498d3700 1 --2- >> [v2:172.21.15.90:3300/0,v1:172.21.15.90:6789/0] conn(0x7f1244108620 0x7f124410aa10 unknown :-1 s=HELLO_CONNECTING pgs=0 cs=0 l=0 rev1=1 crypto rx=0 tx=0 comp rx=0 tx=0).handle_hello peer v2:172.21.15.90:3300/0 says I am v2:172.21.15.90:42112/0 (socket says 172.21.15.90:42112)
2024-04-25T02:08:33.169 INFO:teuthology.orchestra.run.smithi090.stdout:/usr/bin/ceph: stderr
2024-04-25T02:08:32.192+0000 7f12498d3700 1 -- 172.21.15.90:0/1501879585 learned_addr learned my addr 172.21.15.90:0/1501879585 (peer_addr_for_me v2:172.21.15.90:0/0)
2024-04-25T02:08:33.169 INFO:teuthology.orchestra.run.smithi090.stdout:/usr/bin/ceph: stderr
2024-04-25T02:08:32.192+0000 7f12498d3700 1 -- 172.21.15.90:0/1501879585 --> [v2:172.21.15.90:3300/0,v1:172.21.15.90:6789/0] -- mon_subscribe({config=0+,monmap=0+}) -- 0x7f124410af50 con 0x7f1244108620
2024-04-25T02:08:33.169 INFO:teuthology.orchestra.run.smithi090.stdout:/usr/bin/ceph: stderr
2024-04-25T02:08:32.193+0000 7f12498d3700 1 --2- 172.21.15.90:0/1501879585 >> [v2:172.21.15.90:3300/0,v1:172.21.15.90:6789/0] conn(0x7f1244108620 0x7f124410aa10 secure :-1 s=READY pgs=68 cs=0 l=1 rev1=1 crypto rx=0x7f124000f960 tx=0x7f124000fc70 comp rx=0 tx=0).ready entity=mon.0 client_cookie=9789cd17d1caf7ec server_cookie=0 in_seq=0 out_seq=0
2024-04-25T02:08:33.170 INFO:teuthology.orchestra.run.smithi090.stdout:/usr/bin/ceph: stderr
2024-04-25T02:08:32.193+0000 7f12488d1700 1 -- 172.21.15.90:0/1501879585 <== mon.0 v2:172.21.15.90:3300/0 1 ==== mon_map magic: 0 ==== 205+0+0 (secure 0 0 0) 0x7f124000f390 con 0x7f1244108620
2024-04-25T02:08:33.170 INFO:teuthology.orchestra.run.smithi090.stdout:/usr/bin/ceph: stderr
2024-04-25T02:08:32.193+0000 7f12488d1700 1 -- 172.21.15.90:0/1501879585 <== mon.0 v2:172.21.15.90:3300/0 2 ==== config(26 keys) ==== 1102+0+0 (secure 0 0 0) 0x7f12400044e0 con 0x7f1244108620
2024-04-25T02:08:33.170 INFO:teuthology.orchestra.run.smithi090.stdout:/usr/bin/ceph: stderr
2024-04-25T02:08:32.193+0000 7f12488d1700 1 -- 172.21.15.90:0/1501879585 <== mon.0 v2:172.21.15.90:3300/0 3 ==== mon_map magic: 0 ==== 205+0+0 (secure 0 0 0) 0x7f1240003950 con 0x7f1244108620
2024-04-25T02:08:33.170 INFO:teuthology.orchestra.run.smithi090.stdout:/usr/bin/ceph: stderr
2024-04-25T02:08:32.193+0000 7f124bb37700 1 -- 172.21.15.90:0/1501879585 >> [v2:172.21.15.90:3300/0,v1:172.21.15.90:6789/0] conn(0x7f1244108620 msgr2=0x7f124410aa10 secure :-1 s=STATE_CONNECTION_ESTABLISHED l=1).mark_down
2024-04-25T02:08:33.170 INFO:teuthology.orchestra.run.smithi090.stdout:/usr/bin/ceph: stderr
2024-04-25T02:08:32.193+0000 7f124bb37700 1 --2- 172.21.15.90:0/1501879585 >> [v2:172.21.15.90:3300/0,v1:172.21.15.90:6789/0] conn(0x7f1244108620 0x7f124410aa10 secure :-1 s=READY pgs=68 cs=0 l=1 rev1=1 crypto rx=0x7f124000f960 tx=0x7f124000fc70 comp rx=0 tx=0).stop
2024-04-25T02:08:33.170 INFO:teuthology.orchestra.run.smithi090.stdout:/usr/bin/ceph: stderr
2024-04-25T02:08:32.194+0000 7f124bb37700 1 -- 172.21.15.90:0/1501879585 shutdown_connections
2024-04-25T02:08:33.170 INFO:teuthology.orchestra.run.smithi090.stdout:/usr/bin/ceph: stderr
2024-04-25T02:08:32.194+0000 7f124bb37700 1 --2- 172.21.15.90:0/1501879585 >> [v2:172.21.15.90:3300/0,v1:172.21.15.90:6789/0] conn(0x7f1244108620 0x7f124410aa10 unknown :-1 s=CLOSED pgs=68 cs=0 l=1 rev1=1 crypto rx=0 tx=0 comp rx=0 tx=0).stop
2024-04-25T02:08:33.170 INFO:teuthology.orchestra.run.smithi090.stdout:/usr/bin/ceph: stderr
2024-04-25T02:08:32.194+0000 7f124bb37700 1 -- 172.21.15.90:0/1501879585 >> 172.21.15.90:0/1501879585 conn(0x7f1244102030 msgr2=0x7f1244104490 unknown :-1 s=STATE_NONE l=0).mark_down
2024-04-25T02:08:33.170 INFO:teuthology.orchestra.run.smithi090.stdout:/usr/bin/ceph: stderr
2024-04-25T02:08:32.194+0000 7f124bb37700 1 -- 172.21.15.90:0/1501879585 shutdown_connections
2024-04-25T02:08:33.170 INFO:teuthology.orchestra.run.smithi090.stdout:/usr/bin/ceph: stderr
2024-04-25T02:08:32.194+0000 7f124bb37700 1 -- 172.21.15.90:0/1501879585 wait complete.
2024-04-25T02:08:33.170 INFO:teuthology.orchestra.run.smithi090.stdout:/usr/bin/ceph: stderr
2024-04-25T02:08:32.194+0000 7f124bb37700 1 Processor -- start
2024-04-25T02:08:33.170 INFO:teuthology.orchestra.run.smithi090.stdout:/usr/bin/ceph: stderr
2024-04-25T02:08:32.194+0000 7f124bb37700 1 -- start start
2024-04-25T02:08:33.170 INFO:teuthology.orchestra.run.smithi090.stdout:/usr/bin/ceph: stderr
2024-04-25T02:08:32.194+0000 7f124bb37700 1 --2- >> [v2:172.21.15.90:3300/0,v1:172.21.15.90:6789/0] conn(0x7f1244108620 0x7f1244199850 unknown :-1 s=NONE pgs=0 cs=0 l=1 rev1=0 crypto rx=0 tx=0 comp rx=0 tx=0).connect
2024-04-25T02:08:33.170 INFO:teuthology.orchestra.run.smithi090.stdout:/usr/bin/ceph: stderr
2024-04-25T02:08:32.194+0000 7f124bb37700 1 -- --> [v2:172.21.15.90:3300/0,v1:172.21.15.90:6789/0] -- mon_getmap magic: 0 -- 0x7f12441071f0 con 0x7f1244108620
2024-04-25T02:08:33.171 INFO:teuthology.orchestra.run.smithi090.stdout:/usr/bin/ceph: stderr
2024-04-25T02:08:32.195+0000 7f12498d3700 1 --2- >> [v2:172.21.15.90:3300/0,v1:172.21.15.90:6789/0] conn(0x7f1244108620 0x7f1244199850 unknown :-1 s=BANNER_CONNECTING pgs=0 cs=0 l=1 rev1=0 crypto rx=0 tx=0 comp rx=0 tx=0)._handle_peer_banner_payload supported=3 required=0
2024-04-25T02:08:33.171 INFO:teuthology.orchestra.run.smithi090.stdout:/usr/bin/ceph: stderr
2024-04-25T02:08:32.195+0000 7f12498d3700 1 --2- >> [v2:172.21.15.90:3300/0,v1:172.21.15.90:6789/0] conn(0x7f1244108620 0x7f1244199850 unknown :-1 s=HELLO_CONNECTING pgs=0 cs=0 l=1 rev1=1 crypto rx=0 tx=0 comp rx=0 tx=0).handle_hello peer v2:172.21.15.90:3300/0 says I am v2:172.21.15.90:42118/0 (socket says 172.21.15.90:42118)
2024-04-25T02:08:33.171 INFO:teuthology.orchestra.run.smithi090.stdout:/usr/bin/ceph: stderr
2024-04-25T02:08:32.195+0000 7f12498d3700 1 -- 172.21.15.90:0/404662927 learned_addr learned my addr 172.21.15.90:0/404662927 (peer_addr_for_me v2:172.21.15.90:0/0)
2024-04-25T02:08:33.171 INFO:teuthology.orchestra.run.smithi090.stdout:/usr/bin/ceph: stderr
2024-04-25T02:08:32.195+0000 7f12498d3700 1 -- 172.21.15.90:0/404662927 --> [v2:172.21.15.90:3300/0,v1:172.21.15.90:6789/0] -- mon_subscribe({config=0+,monmap=0+}) -- 0x7f1244199d90 con 0x7f1244108620
2024-04-25T02:08:33.171 INFO:teuthology.orchestra.run.smithi090.stdout:/usr/bin/ceph: stderr
2024-04-25T02:08:32.195+0000 7f12498d3700 1 --2- 172.21.15.90:0/404662927 >> [v2:172.21.15.90:3300/0,v1:172.21.15.90:6789/0] conn(0x7f1244108620 0x7f1244199850 secure :-1 s=READY pgs=69 cs=0 l=1 rev1=1 crypto rx=0x7f1240006af0 tx=0x7f1240009be0 comp rx=0 tx=0).ready entity=mon.0 client_cookie=0 server_cookie=0 in_seq=0 out_seq=0
2024-04-25T02:08:33.171 INFO:teuthology.orchestra.run.smithi090.stdout:/usr/bin/ceph: stderr
2024-04-25T02:08:32.195+0000 7f123affd700 1 -- 172.21.15.90:0/404662927 <== mon.0 v2:172.21.15.90:3300/0 1 ==== mon_map magic: 0 ==== 205+0+0 (secure 0 0 0) 0x7f1240004030 con 0x7f1244108620
2024-04-25T02:08:33.171 INFO:teuthology.orchestra.run.smithi090.stdout:/usr/bin/ceph: stderr
2024-04-25T02:08:32.195+0000 7f123affd700 1 -- 172.21.15.90:0/404662927 <== mon.0 v2:172.21.15.90:3300/0 2 ==== config(26 keys) ==== 1102+0+0 (secure 0 0 0) 0x7f1240024070 con 0x7f1244108620
2024-04-25T02:08:33.171 INFO:teuthology.orchestra.run.smithi090.stdout:/usr/bin/ceph: stderr
2024-04-25T02:08:32.195+0000 7f123affd700 1 -- 172.21.15.90:0/404662927 <== mon.0 v2:172.21.15.90:3300/0 3 ==== mon_map magic: 0 ==== 205+0+0 (secure 0 0 0) 0x7f12400175b0 con 0x7f1244108620
2024-04-25T02:08:33.171 INFO:teuthology.orchestra.run.smithi090.stdout:/usr/bin/ceph: stderr
2024-04-25T02:08:32.195+0000 7f124bb37700 1 -- 172.21.15.90:0/404662927 --> [v2:172.21.15.90:3300/0,v1:172.21.15.90:6789/0] -- mon_subscribe({mgrmap=0+}) -- 0x7f124419a020 con 0x7f1244108620
2024-04-25T02:08:33.171 INFO:teuthology.orchestra.run.smithi090.stdout:/usr/bin/ceph: stderr
2024-04-25T02:08:32.195+0000 7f124bb37700 1 -- 172.21.15.90:0/404662927 --> [v2:172.21.15.90:3300/0,v1:172.21.15.90:6789/0] -- mon_subscribe({osdmap=0}) -- 0x7f124419cd10 con 0x7f1244108620
2024-04-25T02:08:33.171 INFO:teuthology.orchestra.run.smithi090.stdout:/usr/bin/ceph: stderr
2024-04-25T02:08:32.196+0000 7f123affd700 1 -- 172.21.15.90:0/404662927 <== mon.0 v2:172.21.15.90:3300/0 4 ==== mgrmap(e 11) ==== 46194+0+0 (secure 0 0 0) 0x7f12400178b0 con 0x7f1244108620
2024-04-25T02:08:33.171 INFO:teuthology.orchestra.run.smithi090.stdout:/usr/bin/ceph: stderr
2024-04-25T02:08:32.196+0000 7f123affd700 1 --2- 172.21.15.90:0/404662927 >> [v2:172.21.15.90:6800/2913904701,v1:172.21.15.90:6801/2913904701] conn(0x7f1230038f20 0x7f123003b3e0 unknown :-1 s=NONE pgs=0 cs=0 l=1 rev1=0 crypto rx=0 tx=0 comp rx=0 tx=0).connect
2024-04-25T02:08:33.171 INFO:teuthology.orchestra.run.smithi090.stdout:/usr/bin/ceph: stderr
2024-04-25T02:08:32.196+0000 7f124bb37700 1 -- 172.21.15.90:0/404662927 --> [v2:172.21.15.90:3300/0,v1:172.21.15.90:6789/0] -- mon_command({"prefix": "get_command_descriptions"} v 0) -- 0x7f1244063890 con 0x7f1244108620
2024-04-25T02:08:33.171 INFO:teuthology.orchestra.run.smithi090.stdout:/usr/bin/ceph: stderr
2024-04-25T02:08:32.196+0000 7f123affd700 1 -- 172.21.15.90:0/404662927 <== mon.0 v2:172.21.15.90:3300/0 5 ==== osd_map(3..3 src has 1..3) ==== 1155+0+0 (secure 0 0 0) 0x7f1240050da0 con 0x7f1244108620
2024-04-25T02:08:33.172 INFO:teuthology.orchestra.run.smithi090.stdout:/usr/bin/ceph: stderr
2024-04-25T02:08:32.196+0000 7f12490d2700 1 --2- 172.21.15.90:0/404662927 >> [v2:172.21.15.90:6800/2913904701,v1:172.21.15.90:6801/2913904701] conn(0x7f1230038f20 0x7f123003b3e0 unknown :-1 s=BANNER_CONNECTING pgs=0 cs=0 l=1 rev1=0 crypto rx=0 tx=0 comp rx=0 tx=0)._handle_peer_banner_payload supported=3 required=0
2024-04-25T02:08:33.172 INFO:teuthology.orchestra.run.smithi090.stdout:/usr/bin/ceph: stderr
2024-04-25T02:08:32.197+0000 7f12490d2700 1 --2- 172.21.15.90:0/404662927 >> [v2:172.21.15.90:6800/2913904701,v1:172.21.15.90:6801/2913904701] conn(0x7f1230038f20 0x7f123003b3e0 secure :-1 s=READY pgs=7 cs=0 l=1 rev1=1 crypto rx=0x7f1234006fd0 tx=0x7f1234006e40 comp rx=0 tx=0).ready entity=mgr.14150 client_cookie=0 server_cookie=0 in_seq=0 out_seq=0
2024-04-25T02:08:33.172 INFO:teuthology.orchestra.run.smithi090.stdout:/usr/bin/ceph: stderr
2024-04-25T02:08:32.201+0000 7f123affd700 1 -- 172.21.15.90:0/404662927 <== mon.0 v2:172.21.15.90:3300/0 6 ==== mon_command_ack([{"prefix": "get_command_descriptions"}]=0 v0) ==== 72+0+186147 (secure 0 0 0) 0x7f1240025270 con 0x7f1244108620
2024-04-25T02:08:33.172 INFO:teuthology.orchestra.run.smithi090.stdout:/usr/bin/ceph: stderr
2024-04-25T02:08:32.215+0000 7f123affd700 1 -- 172.21.15.90:0/404662927 <== mon.0 v2:172.21.15.90:3300/0 7 ==== mgrmap(e 12) ==== 46300+0+0 (secure 0 0 0) 0x7f124000e4e0 con 0x7f1244108620
2024-04-25T02:08:33.172 INFO:teuthology.orchestra.run.smithi090.stdout:/usr/bin/ceph: stderr
2024-04-25T02:08:32.413+0000 7f124bb37700 1 -- 172.21.15.90:0/404662927 --> [v2:172.21.15.90:6800/2913904701,v1:172.21.15.90:6801/2913904701] -- mgr_command(tid 0: {"prefix": "dashboard create-self-signed-cert", "target": ["mon-mgr", ""]}) -- 0x7f124402ddf0 con 0x7f1230038f20
2024-04-25T02:08:33.172 INFO:teuthology.orchestra.run.smithi090.stdout:/usr/bin/ceph: stderr
2024-04-25T02:08:32.569+0000 7f123affd700 1 -- 172.21.15.90:0/404662927 <== mgr.14150 v2:172.21.15.90:6800/2913904701 1 ==== mgr_command_reply(tid 0: 0 ) ==== 8+0+32 (secure 0 0 0) 0x7f124402ddf0 con 0x7f1230038f20
2024-04-25T02:08:33.172 INFO:teuthology.orchestra.run.smithi090.stdout:/usr/bin/ceph: stderr
2024-04-25T02:08:32.571+0000 7f124bb37700 1 -- 172.21.15.90:0/404662927 >> [v2:172.21.15.90:6800/2913904701,v1:172.21.15.90:6801/2913904701] conn(0x7f1230038f20 msgr2=0x7f123003b3e0 secure :-1 s=STATE_CONNECTION_ESTABLISHED l=1).mark_down
2024-04-25T02:08:33.172 INFO:teuthology.orchestra.run.smithi090.stdout:/usr/bin/ceph: stderr
2024-04-25T02:08:32.571+0000 7f124bb37700 1 --2- 172.21.15.90:0/404662927 >> [v2:172.21.15.90:6800/2913904701,v1:172.21.15.90:6801/2913904701] conn(0x7f1230038f20 0x7f123003b3e0 secure :-1 s=READY pgs=7 cs=0 l=1 rev1=1 crypto rx=0x7f1234006fd0 tx=0x7f1234006e40 comp rx=0 tx=0).stop
2024-04-25T02:08:33.172 INFO:teuthology.orchestra.run.smithi090.stdout:/usr/bin/ceph: stderr
2024-04-25T02:08:32.571+0000 7f124bb37700 1 -- 172.21.15.90:0/404662927 >> [v2:172.21.15.90:3300/0,v1:172.21.15.90:6789/0] conn(0x7f1244108620 msgr2=0x7f1244199850 secure :-1 s=STATE_CONNECTION_ESTABLISHED l=1).mark_down
2024-04-25T02:08:33.172 INFO:teuthology.orchestra.run.smithi090.stdout:/usr/bin/ceph: stderr
2024-04-25T02:08:32.571+0000 7f124bb37700 1 --2- 172.21.15.90:0/404662927 >> [v2:172.21.15.90:3300/0,v1:172.21.15.90:6789/0] conn(0x7f1244108620 0x7f1244199850 secure :-1 s=READY pgs=69 cs=0 l=1 rev1=1 crypto rx=0x7f1240006af0 tx=0x7f1240009be0 comp rx=0 tx=0).stop
2024-04-25T02:08:33.172 INFO:teuthology.orchestra.run.smithi090.stdout:/usr/bin/ceph: stderr
2024-04-25T02:08:32.571+0000 7f124bb37700 1 -- 172.21.15.90:0/404662927 shutdown_connections
2024-04-25T02:08:33.172 INFO:teuthology.orchestra.run.smithi090.stdout:/usr/bin/ceph: stderr
2024-04-25T02:08:32.571+0000 7f124bb37700 1 --2- 172.21.15.90:0/404662927 >> [v2:172.21.15.90:6800/2913904701,v1:172.21.15.90:6801/2913904701] conn(0x7f1230038f20 0x7f123003b3e0 unknown :-1 s=CLOSED pgs=7 cs=0 l=1 rev1=1 crypto rx=0 tx=0 comp rx=0 tx=0).stop
2024-04-25T02:08:33.172 INFO:teuthology.orchestra.run.smithi090.stdout:/usr/bin/ceph: stderr
2024-04-25T02:08:32.571+0000 7f124bb37700 1 --2- 172.21.15.90:0/404662927 >> [v2:172.21.15.90:3300/0,v1:172.21.15.90:6789/0] conn(0x7f1244108620 0x7f1244199850 unknown :-1 s=CLOSED pgs=69 cs=0 l=1 rev1=1 crypto rx=0 tx=0 comp rx=0 tx=0).stop
2024-04-25T02:08:33.172 INFO:teuthology.orchestra.run.smithi090.stdout:/usr/bin/ceph: stderr
2024-04-25T02:08:32.571+0000 7f124bb37700 1 -- 172.21.15.90:0/404662927 >> 172.21.15.90:0/404662927 conn(0x7f1244102030 msgr2=0x7f1244102940 unknown :-1 s=STATE_NONE l=0).mark_down
2024-04-25T02:08:33.172 INFO:teuthology.orchestra.run.smithi090.stdout:/usr/bin/ceph: stderr
2024-04-25T02:08:32.571+0000 7f124bb37700 1 -- 172.21.15.90:0/404662927 shutdown_connections
2024-04-25T02:08:33.173 INFO:teuthology.orchestra.run.smithi090.stdout:/usr/bin/ceph: stderr
2024-04-25T02:08:32.571+0000 7f124bb37700 1 -- 172.21.15.90:0/404662927 wait complete.
2024-04-25T02:08:33.173 INFO:teuthology.orchestra.run.smithi090.stdout:Creating initial admin user...
2024-04-25T02:08:33.416 INFO:journalctl@ceph.mon.a.smithi090.stdout:Apr 25 02:08:33 smithi090 ceph-mon[29427]: mgrmap e12: x(active, since 2s)
2024-04-25T02:08:33.417 INFO:journalctl@ceph.mon.a.smithi090.stdout:Apr 25 02:08:33 smithi090 ceph-mon[29427]: from='mgr.14150 172.21.15.90:0/4234166540' entity='mgr.x'
2024-04-25T02:08:33.417 INFO:journalctl@ceph.mon.a.smithi090.stdout:Apr 25 02:08:33 smithi090 ceph-mon[29427]: from='client.14162 -' entity='client.admin' cmd=[{"prefix": "dashboard create-self-signed-cert", "target": ["mon-mgr", ""]}]: dispatch
2024-04-25T02:08:33.417 INFO:journalctl@ceph.mon.a.smithi090.stdout:Apr 25 02:08:33 smithi090 ceph-mon[29427]: from='mgr.14150 172.21.15.90:0/4234166540' entity='mgr.x'
2024-04-25T02:08:33.417 INFO:journalctl@ceph.mon.a.smithi090.stdout:Apr 25 02:08:33 smithi090 ceph-mon[29427]: from='mgr.14150 172.21.15.90:0/4234166540' entity='mgr.x'
2024-04-25T02:08:34.421 INFO:journalctl@ceph.mon.a.smithi090.stdout:Apr 25 02:08:34 smithi090 ceph-mon[29427]: from='client.14164 -' entity='client.admin' cmd=[{"prefix": "dashboard ac-user-create", "username": "admin", "rolename": "administrator", "force_password": true, "pwd_update_required": true, "target": ["mon-mgr", ""]}]: dispatch
2024-04-25T02:08:34.421 INFO:journalctl@ceph.mon.a.smithi090.stdout:Apr 25 02:08:34 smithi090 ceph-mon[29427]: from='mgr.14150 172.21.15.90:0/4234166540' entity='mgr.x'
2024-04-25T02:08:34.801 INFO:teuthology.orchestra.run.smithi090.stdout:/usr/bin/ceph: stdout {"username": "admin", "password": "$2b$12$ZFZhB5ueI9Myc8gE.GEboOm4.vp5qCB1p6vS67tAHRjYMlWuCSGUq", "roles": ["administrator"], "name": null, "email": null, "lastUpdate": 1714010914, "enabled": true, "pwdExpirationDate": null, "pwdUpdateRequired": true}
2024-04-25T02:08:34.801 INFO:teuthology.orchestra.run.smithi090.stdout:/usr/bin/ceph: stderr
2024-04-25T02:08:33.611+0000 7fbacd299700 1 Processor -- start
2024-04-25T02:08:34.802 INFO:teuthology.orchestra.run.smithi090.stdout:/usr/bin/ceph: stderr
2024-04-25T02:08:33.611+0000 7fbacd299700 1 -- start start
2024-04-25T02:08:34.802 INFO:teuthology.orchestra.run.smithi090.stdout:/usr/bin/ceph: stderr
2024-04-25T02:08:33.612+0000 7fbacd299700 1 --2- >> [v2:172.21.15.90:3300/0,v1:172.21.15.90:6789/0] conn(0x7fbac8106aa0 0x7fbac8106ec0 unknown :-1 s=NONE pgs=0 cs=0 l=0 rev1=0 crypto rx=0 tx=0 comp rx=0 tx=0).connect
2024-04-25T02:08:34.802 INFO:teuthology.orchestra.run.smithi090.stdout:/usr/bin/ceph: stderr
2024-04-25T02:08:33.612+0000 7fbacd299700 1 -- --> [v2:172.21.15.90:3300/0,v1:172.21.15.90:6789/0] -- mon_getmap magic: 0 -- 0x7fbac8107490 con 0x7fbac8106aa0
2024-04-25T02:08:34.802 INFO:teuthology.orchestra.run.smithi090.stdout:/usr/bin/ceph: stderr
2024-04-25T02:08:33.612+0000 7fbac6ffd700 1 --2- >> [v2:172.21.15.90:3300/0,v1:172.21.15.90:6789/0] conn(0x7fbac8106aa0 0x7fbac8106ec0 unknown :-1 s=BANNER_CONNECTING pgs=0 cs=0 l=0 rev1=0 crypto rx=0 tx=0 comp rx=0 tx=0)._handle_peer_banner_payload supported=3 required=0
2024-04-25T02:08:34.802 INFO:teuthology.orchestra.run.smithi090.stdout:/usr/bin/ceph: stderr
2024-04-25T02:08:33.612+0000 7fbac6ffd700 1 --2- >> [v2:172.21.15.90:3300/0,v1:172.21.15.90:6789/0] conn(0x7fbac8106aa0 0x7fbac8106ec0 unknown :-1 s=HELLO_CONNECTING pgs=0 cs=0 l=0 rev1=1 crypto rx=0 tx=0 comp rx=0 tx=0).handle_hello peer v2:172.21.15.90:3300/0 says I am v2:172.21.15.90:42126/0 (socket says 172.21.15.90:42126)
2024-04-25T02:08:34.802 INFO:teuthology.orchestra.run.smithi090.stdout:/usr/bin/ceph: stderr
2024-04-25T02:08:33.612+0000 7fbac6ffd700 1 -- 172.21.15.90:0/1022943290 learned_addr learned my addr 172.21.15.90:0/1022943290 (peer_addr_for_me v2:172.21.15.90:0/0)
2024-04-25T02:08:34.802 INFO:teuthology.orchestra.run.smithi090.stdout:/usr/bin/ceph: stderr
2024-04-25T02:08:33.612+0000 7fbac6ffd700 1 -- 172.21.15.90:0/1022943290 --> [v2:172.21.15.90:3300/0,v1:172.21.15.90:6789/0] -- mon_subscribe({config=0+,monmap=0+}) -- 0x7fbac8107ca0 con 0x7fbac8106aa0
2024-04-25T02:08:34.802 INFO:teuthology.orchestra.run.smithi090.stdout:/usr/bin/ceph: stderr
2024-04-25T02:08:33.612+0000 7fbac6ffd700 1 --2- 172.21.15.90:0/1022943290 >> [v2:172.21.15.90:3300/0,v1:172.21.15.90:6789/0] conn(0x7fbac8106aa0 0x7fbac8106ec0 secure :-1 s=READY pgs=70 cs=0 l=1 rev1=1 crypto rx=0x7fbac000d180 tx=0x7fbac000d490 comp rx=0 tx=0).ready entity=mon.0 client_cookie=ee3589d3c104d81d server_cookie=0 in_seq=0 out_seq=0
2024-04-25T02:08:34.802 INFO:teuthology.orchestra.run.smithi090.stdout:/usr/bin/ceph: stderr
2024-04-25T02:08:33.612+0000 7fbac5ffb700 1 -- 172.21.15.90:0/1022943290 <== mon.0 v2:172.21.15.90:3300/0 1 ==== mon_map magic: 0 ==== 205+0+0 (secure 0 0 0) 0x7fbac0019070 con 0x7fbac8106aa0
2024-04-25T02:08:34.802 INFO:teuthology.orchestra.run.smithi090.stdout:/usr/bin/ceph: stderr
2024-04-25T02:08:33.612+0000 7fbac5ffb700 1 -- 172.21.15.90:0/1022943290 <== mon.0 v2:172.21.15.90:3300/0 2 ==== config(26 keys) ==== 1102+0+0 (secure 0 0 0) 0x7fbac000de20 con 0x7fbac8106aa0
2024-04-25T02:08:34.802 INFO:teuthology.orchestra.run.smithi090.stdout:/usr/bin/ceph: stderr
2024-04-25T02:08:33.613+0000 7fbac5ffb700 1 -- 172.21.15.90:0/1022943290 <== mon.0 v2:172.21.15.90:3300/0 3 ==== mon_map magic: 0 ==== 205+0+0 (secure 0 0 0) 0x7fbac0009a80 con 0x7fbac8106aa0
2024-04-25T02:08:34.802 INFO:teuthology.orchestra.run.smithi090.stdout:/usr/bin/ceph: stderr
2024-04-25T02:08:33.613+0000 7fbacd299700 1 -- 172.21.15.90:0/1022943290 >> [v2:172.21.15.90:3300/0,v1:172.21.15.90:6789/0] conn(0x7fbac8106aa0 msgr2=0x7fbac8106ec0 secure :-1 s=STATE_CONNECTION_ESTABLISHED l=1).mark_down
2024-04-25T02:08:34.803 INFO:teuthology.orchestra.run.smithi090.stdout:/usr/bin/ceph: stderr
2024-04-25T02:08:33.613+0000 7fbacd299700 1 --2- 172.21.15.90:0/1022943290 >> [v2:172.21.15.90:3300/0,v1:172.21.15.90:6789/0] conn(0x7fbac8106aa0 0x7fbac8106ec0 secure :-1 s=READY pgs=70 cs=0 l=1 rev1=1 crypto rx=0x7fbac000d180 tx=0x7fbac000d490 comp rx=0 tx=0).stop
2024-04-25T02:08:34.803 INFO:teuthology.orchestra.run.smithi090.stdout:/usr/bin/ceph: stderr
2024-04-25T02:08:33.613+0000 7fbacd299700 1 -- 172.21.15.90:0/1022943290 shutdown_connections
2024-04-25T02:08:34.803 INFO:teuthology.orchestra.run.smithi090.stdout:/usr/bin/ceph: stderr
2024-04-25T02:08:33.613+0000 7fbacd299700 1 --2- 172.21.15.90:0/1022943290 >> [v2:172.21.15.90:3300/0,v1:172.21.15.90:6789/0] conn(0x7fbac8106aa0 0x7fbac8106ec0 unknown :-1 s=CLOSED pgs=70 cs=0 l=1 rev1=1 crypto rx=0 tx=0 comp rx=0 tx=0).stop
2024-04-25T02:08:34.803 INFO:teuthology.orchestra.run.smithi090.stdout:/usr/bin/ceph: stderr
2024-04-25T02:08:33.613+0000 7fbacd299700 1 -- 172.21.15.90:0/1022943290 >> 172.21.15.90:0/1022943290 conn(0x7fbac8102080 msgr2=0x7fbac81044a0 unknown :-1 s=STATE_NONE l=0).mark_down
2024-04-25T02:08:34.803 INFO:teuthology.orchestra.run.smithi090.stdout:/usr/bin/ceph: stderr
2024-04-25T02:08:33.613+0000 7fbacd299700 1 -- 172.21.15.90:0/1022943290 shutdown_connections
2024-04-25T02:08:34.803 INFO:teuthology.orchestra.run.smithi090.stdout:/usr/bin/ceph: stderr
2024-04-25T02:08:33.613+0000 7fbacd299700 1 -- 172.21.15.90:0/1022943290 wait complete.
2024-04-25T02:08:34.803 INFO:teuthology.orchestra.run.smithi090.stdout:/usr/bin/ceph: stderr
2024-04-25T02:08:33.614+0000 7fbacd299700 1 Processor -- start
2024-04-25T02:08:34.803 INFO:teuthology.orchestra.run.smithi090.stdout:/usr/bin/ceph: stderr
2024-04-25T02:08:33.614+0000 7fbacd299700 1 -- start start
2024-04-25T02:08:34.803 INFO:teuthology.orchestra.run.smithi090.stdout:/usr/bin/ceph: stderr
2024-04-25T02:08:33.614+0000 7fbacd299700 1 --2- >> [v2:172.21.15.90:3300/0,v1:172.21.15.90:6789/0] conn(0x7fbac8106aa0 0x7fbac819dc50 unknown :-1 s=NONE pgs=0 cs=0 l=1 rev1=0 crypto rx=0 tx=0 comp rx=0 tx=0).connect
2024-04-25T02:08:34.803 INFO:teuthology.orchestra.run.smithi090.stdout:/usr/bin/ceph: stderr
2024-04-25T02:08:33.614+0000 7fbacd299700 1 -- --> [v2:172.21.15.90:3300/0,v1:172.21.15.90:6789/0] -- mon_getmap magic: 0 -- 0x7fbac807aff0 con 0x7fbac8106aa0
2024-04-25T02:08:34.803 INFO:teuthology.orchestra.run.smithi090.stdout:/usr/bin/ceph: stderr
2024-04-25T02:08:33.614+0000 7fbac6ffd700 1 --2- >> [v2:172.21.15.90:3300/0,v1:172.21.15.90:6789/0] conn(0x7fbac8106aa0 0x7fbac819dc50 unknown :-1 s=BANNER_CONNECTING pgs=0 cs=0 l=1 rev1=0 crypto rx=0 tx=0 comp rx=0 tx=0)._handle_peer_banner_payload supported=3 required=0
2024-04-25T02:08:34.803 INFO:teuthology.orchestra.run.smithi090.stdout:/usr/bin/ceph: stderr
2024-04-25T02:08:33.615+0000 7fbac6ffd700 1 --2- >> [v2:172.21.15.90:3300/0,v1:172.21.15.90:6789/0] conn(0x7fbac8106aa0 0x7fbac819dc50 unknown :-1 s=HELLO_CONNECTING pgs=0 cs=0 l=1 rev1=1 crypto rx=0 tx=0 comp rx=0 tx=0).handle_hello peer v2:172.21.15.90:3300/0 says I am v2:172.21.15.90:42142/0 (socket says 172.21.15.90:42142)
2024-04-25T02:08:34.803 INFO:teuthology.orchestra.run.smithi090.stdout:/usr/bin/ceph: stderr
2024-04-25T02:08:33.615+0000 7fbac6ffd700 1 -- 172.21.15.90:0/869361787 learned_addr learned my addr 172.21.15.90:0/869361787 (peer_addr_for_me v2:172.21.15.90:0/0)
2024-04-25T02:08:34.803 INFO:teuthology.orchestra.run.smithi090.stdout:/usr/bin/ceph: stderr
2024-04-25T02:08:33.615+0000 7fbac6ffd700 1 -- 172.21.15.90:0/869361787 --> [v2:172.21.15.90:3300/0,v1:172.21.15.90:6789/0] -- mon_subscribe({config=0+,monmap=0+}) -- 0x7fbac819e190 con 0x7fbac8106aa0
2024-04-25T02:08:34.804 INFO:teuthology.orchestra.run.smithi090.stdout:/usr/bin/ceph: stderr
2024-04-25T02:08:33.615+0000 7fbac6ffd700 1 --2- 172.21.15.90:0/869361787 >> [v2:172.21.15.90:3300/0,v1:172.21.15.90:6789/0] conn(0x7fbac8106aa0 0x7fbac819dc50 secure :-1 s=READY pgs=71 cs=0 l=1 rev1=1 crypto rx=0x7fbac000f010 tx=0x7fbac0003d00 comp rx=0 tx=0).ready entity=mon.0 client_cookie=0 server_cookie=0 in_seq=0 out_seq=0
2024-04-25T02:08:34.804 INFO:teuthology.orchestra.run.smithi090.stdout:/usr/bin/ceph: stderr
2024-04-25T02:08:33.615+0000 7fbaaffff700 1 -- 172.21.15.90:0/869361787 <== mon.0 v2:172.21.15.90:3300/0 1 ==== mon_map magic: 0 ==== 205+0+0 (secure 0 0 0) 0x7fbac0019040 con 0x7fbac8106aa0
2024-04-25T02:08:34.804 INFO:teuthology.orchestra.run.smithi090.stdout:/usr/bin/ceph: stderr
2024-04-25T02:08:33.615+0000 7fbaaffff700 1 -- 172.21.15.90:0/869361787 <== mon.0 v2:172.21.15.90:3300/0 2 ==== config(26 keys) ==== 1102+0+0 (secure 0 0 0) 0x7fbac000b440 con 0x7fbac8106aa0
2024-04-25T02:08:34.804 INFO:teuthology.orchestra.run.smithi090.stdout:/usr/bin/ceph: stderr
2024-04-25T02:08:33.615+0000 7fbacd299700 1 -- 172.21.15.90:0/869361787 --> [v2:172.21.15.90:3300/0,v1:172.21.15.90:6789/0] -- mon_subscribe({mgrmap=0+}) -- 0x7fbac819e420 con 0x7fbac8106aa0
2024-04-25T02:08:34.804 INFO:teuthology.orchestra.run.smithi090.stdout:/usr/bin/ceph: stderr
2024-04-25T02:08:33.615+0000 7fbaaffff700 1 -- 172.21.15.90:0/869361787 <== mon.0 v2:172.21.15.90:3300/0 3 ==== mon_map magic: 0 ==== 205+0+0 (secure 0 0 0) 0x7fbac001f7a0 con 0x7fbac8106aa0
2024-04-25T02:08:34.804 INFO:teuthology.orchestra.run.smithi090.stdout:/usr/bin/ceph: stderr
2024-04-25T02:08:33.615+0000 7fbacd299700 1 -- 172.21.15.90:0/869361787 --> [v2:172.21.15.90:3300/0,v1:172.21.15.90:6789/0] -- mon_subscribe({osdmap=0}) -- 0x7fbac81a10c0 con 0x7fbac8106aa0
2024-04-25T02:08:34.804 INFO:teuthology.orchestra.run.smithi090.stdout:/usr/bin/ceph: stderr
2024-04-25T02:08:33.616+0000 7fbaaffff700 1 -- 172.21.15.90:0/869361787 <== mon.0 v2:172.21.15.90:3300/0 4 ==== mgrmap(e 12) ==== 46300+0+0 (secure 0 0 0) 0x7fbac001f9d0 con 0x7fbac8106aa0
2024-04-25T02:08:34.804 INFO:teuthology.orchestra.run.smithi090.stdout:/usr/bin/ceph: stderr
2024-04-25T02:08:33.616+0000 7fbaaffff700 1 --2- 172.21.15.90:0/869361787 >> [v2:172.21.15.90:6800/2913904701,v1:172.21.15.90:6801/2913904701] conn(0x7fbab00390b0 0x7fbab003b570 unknown :-1 s=NONE pgs=0 cs=0 l=1 rev1=0 crypto rx=0 tx=0 comp rx=0 tx=0).connect
2024-04-25T02:08:34.804 INFO:teuthology.orchestra.run.smithi090.stdout:/usr/bin/ceph: stderr
2024-04-25T02:08:33.616+0000 7fbaaffff700 1 -- 172.21.15.90:0/869361787 <== mon.0 v2:172.21.15.90:3300/0 5 ==== osd_map(3..3 src has 1..3) ==== 1155+0+0 (secure 0 0 0) 0x7fbac0011050 con 0x7fbac8106aa0
2024-04-25T02:08:34.804 INFO:teuthology.orchestra.run.smithi090.stdout:/usr/bin/ceph: stderr
2024-04-25T02:08:33.616+0000 7fbac67fc700 1 --2- 172.21.15.90:0/869361787 >> [v2:172.21.15.90:6800/2913904701,v1:172.21.15.90:6801/2913904701] conn(0x7fbab00390b0 0x7fbab003b570 unknown :-1 s=BANNER_CONNECTING pgs=0 cs=0 l=1 rev1=0 crypto rx=0 tx=0 comp rx=0 tx=0)._handle_peer_banner_payload supported=3 required=0
2024-04-25T02:08:34.804 INFO:teuthology.orchestra.run.smithi090.stdout:/usr/bin/ceph: stderr
2024-04-25T02:08:33.616+0000 7fbacd299700 1 -- 172.21.15.90:0/869361787 --> [v2:172.21.15.90:3300/0,v1:172.21.15.90:6789/0] -- mon_command({"prefix": "get_command_descriptions"} v 0) -- 0x7fbac8063890 con 0x7fbac8106aa0
2024-04-25T02:08:34.804 INFO:teuthology.orchestra.run.smithi090.stdout:/usr/bin/ceph: stderr
2024-04-25T02:08:33.617+0000 7fbac67fc700 1 --2- 172.21.15.90:0/869361787 >> [v2:172.21.15.90:6800/2913904701,v1:172.21.15.90:6801/2913904701] conn(0x7fbab00390b0 0x7fbab003b570 secure :-1 s=READY pgs=8 cs=0 l=1 rev1=1 crypto rx=0x7fbabc006fd0 tx=0x7fbabc006e40 comp rx=0 tx=0).ready entity=mgr.14150 client_cookie=0 server_cookie=0 in_seq=0 out_seq=0
2024-04-25T02:08:34.804 INFO:teuthology.orchestra.run.smithi090.stdout:/usr/bin/ceph: stderr
2024-04-25T02:08:33.623+0000 7fbaaffff700 1 -- 172.21.15.90:0/869361787 <== mon.0 v2:172.21.15.90:3300/0 6 ==== mon_command_ack([{"prefix": "get_command_descriptions"}]=0 v0) ==== 72+0+186147 (secure 0 0 0) 0x7fbac004e030 con 0x7fbac8106aa0
2024-04-25T02:08:34.804 INFO:teuthology.orchestra.run.smithi090.stdout:/usr/bin/ceph: stderr
2024-04-25T02:08:33.845+0000 7fbacd299700 1 -- 172.21.15.90:0/869361787 --> [v2:172.21.15.90:6800/2913904701,v1:172.21.15.90:6801/2913904701] -- mgr_command(tid 0: {"prefix": "dashboard ac-user-create", "username": "admin", "rolename": "administrator", "force_password": true, "pwd_update_required": true, "target": ["mon-mgr", ""]}) -- 0x7fbac8191600 con 0x7fbab00390b0
2024-04-25T02:08:34.805 INFO:teuthology.orchestra.run.smithi090.stdout:/usr/bin/ceph: stderr
2024-04-25T02:08:34.069+0000 7fbaaffff700 1 -- 172.21.15.90:0/869361787 <== mgr.14150 v2:172.21.15.90:6800/2913904701 1 ==== mgr_command_reply(tid 0: 0 ) ==== 8+0+252 (secure 0 0 0) 0x7fbac8191600 con 0x7fbab00390b0
2024-04-25T02:08:34.805 INFO:teuthology.orchestra.run.smithi090.stdout:/usr/bin/ceph: stderr
2024-04-25T02:08:34.071+0000 7fbacd299700 1 -- 172.21.15.90:0/869361787 >> [v2:172.21.15.90:6800/2913904701,v1:172.21.15.90:6801/2913904701] conn(0x7fbab00390b0 msgr2=0x7fbab003b570 secure :-1 s=STATE_CONNECTION_ESTABLISHED l=1).mark_down
2024-04-25T02:08:34.805 INFO:teuthology.orchestra.run.smithi090.stdout:/usr/bin/ceph: stderr
2024-04-25T02:08:34.071+0000 7fbacd299700 1 --2- 172.21.15.90:0/869361787 >> [v2:172.21.15.90:6800/2913904701,v1:172.21.15.90:6801/2913904701] conn(0x7fbab00390b0 0x7fbab003b570 secure :-1 s=READY pgs=8 cs=0 l=1 rev1=1 crypto rx=0x7fbabc006fd0 tx=0x7fbabc006e40 comp rx=0 tx=0).stop
2024-04-25T02:08:34.805 INFO:teuthology.orchestra.run.smithi090.stdout:/usr/bin/ceph: stderr
2024-04-25T02:08:34.071+0000 7fbacd299700 1 -- 172.21.15.90:0/869361787 >> [v2:172.21.15.90:3300/0,v1:172.21.15.90:6789/0] conn(0x7fbac8106aa0 msgr2=0x7fbac819dc50 secure :-1 s=STATE_CONNECTION_ESTABLISHED l=1).mark_down
2024-04-25T02:08:34.805 INFO:teuthology.orchestra.run.smithi090.stdout:/usr/bin/ceph: stderr
2024-04-25T02:08:34.071+0000 7fbacd299700 1 --2- 172.21.15.90:0/869361787 >> [v2:172.21.15.90:3300/0,v1:172.21.15.90:6789/0] conn(0x7fbac8106aa0 0x7fbac819dc50 secure :-1 s=READY pgs=71 cs=0 l=1 rev1=1 crypto rx=0x7fbac000f010 tx=0x7fbac0003d00 comp rx=0 tx=0).stop
2024-04-25T02:08:34.805 INFO:teuthology.orchestra.run.smithi090.stdout:/usr/bin/ceph: stderr
2024-04-25T02:08:34.072+0000 7fbacd299700 1 -- 172.21.15.90:0/869361787 shutdown_connections
2024-04-25T02:08:34.805 INFO:teuthology.orchestra.run.smithi090.stdout:/usr/bin/ceph: stderr
