2024-04-25T02:08:20.935+0000 7fc946ae4700 1 --2- 172.21.15.90:0/2055908572 >> [v2:172.21.15.90:6800/3003695133,v1:172.21.15.90:6801/3003695133] conn(0x7fc9300390a0 0x7fc93003b560 unknown :-1 s=CLOSED pgs=15 cs=0 l=1 rev1=1 crypto rx=0 tx=0 comp rx=0 tx=0).stop
2024-04-25T02:08:21.525 INFO:teuthology.orchestra.run.smithi090.stdout:/usr/bin/ceph: stderr
2024-04-25T02:08:20.935+0000 7fc946ae4700 1 --2- 172.21.15.90:0/2055908572 >> [v2:172.21.15.90:3300/0,v1:172.21.15.90:6789/0] conn(0x7fc940107bb0 0x7fc94007db90 unknown :-1 s=CLOSED pgs=52 cs=0 l=1 rev1=1 crypto rx=0 tx=0 comp rx=0 tx=0).stop
2024-04-25T02:08:21.525 INFO:teuthology.orchestra.run.smithi090.stdout:/usr/bin/ceph: stderr
2024-04-25T02:08:20.935+0000 7fc946ae4700 1 -- 172.21.15.90:0/2055908572 >> 172.21.15.90:0/2055908572 conn(0x7fc940103110 msgr2=0x7fc940103cb0 unknown :-1 s=STATE_NONE l=0).mark_down
2024-04-25T02:08:21.525 INFO:teuthology.orchestra.run.smithi090.stdout:/usr/bin/ceph: stderr
2024-04-25T02:08:20.935+0000 7fc946ae4700 1 -- 172.21.15.90:0/2055908572 shutdown_connections
2024-04-25T02:08:21.525 INFO:teuthology.orchestra.run.smithi090.stdout:/usr/bin/ceph: stderr
2024-04-25T02:08:20.935+0000 7fc946ae4700 1 -- 172.21.15.90:0/2055908572 wait complete.
2024-04-25T02:08:21.525 INFO:teuthology.orchestra.run.smithi090.stdout:Enabling the dashboard module...
2024-04-25T02:08:22.092 INFO:journalctl@ceph.mon.a.smithi090.stdout:Apr 25 02:08:21 smithi090 ceph-mon[29427]: from='client.? 172.21.15.90:0/2055908572' entity='client.admin'
2024-04-25T02:08:22.092 INFO:journalctl@ceph.mon.a.smithi090.stdout:Apr 25 02:08:21 smithi090 ceph-mon[29427]: from='mgr.14118 172.21.15.90:0/732088456' entity='mgr.x'
2024-04-25T02:08:23.075 INFO:journalctl@ceph.mon.a.smithi090.stdout:Apr 25 02:08:22 smithi090 ceph-mon[29427]: from='client.? 172.21.15.90:0/1917618556' entity='client.admin' cmd=[{"prefix": "mgr module enable", "module": "dashboard"}]: dispatch
2024-04-25T02:08:23.075 INFO:journalctl@ceph.mgr.x.smithi090.stdout:Apr 25 02:08:22 smithi090 ceph-6b38eb34-02a8-11ef-bc93-c7b262605968-mgr-x[29667]: ignoring --setuser ceph since I am not root
2024-04-25T02:08:23.075 INFO:journalctl@ceph.mgr.x.smithi090.stdout:Apr 25 02:08:22 smithi090 ceph-6b38eb34-02a8-11ef-bc93-c7b262605968-mgr-x[29667]: ignoring --setgroup ceph since I am not root
2024-04-25T02:08:23.408 INFO:journalctl@ceph.mgr.x.smithi090.stdout:Apr 25 02:08:23 smithi090 ceph-6b38eb34-02a8-11ef-bc93-c7b262605968-mgr-x[29667]:
2024-04-25T02:08:23.112+0000 7fe0e4da9200 -1 mgr[py] Module balancer has missing NOTIFY_TYPES member
2024-04-25T02:08:23.408 INFO:journalctl@ceph.mgr.x.smithi090.stdout:Apr 25 02:08:23 smithi090 ceph-6b38eb34-02a8-11ef-bc93-c7b262605968-mgr-x[29667]:
2024-04-25T02:08:23.297+0000 7fe0e4da9200 -1 mgr[py] Module orchestrator has missing NOTIFY_TYPES member
2024-04-25T02:08:23.408 INFO:journalctl@ceph.mgr.x.smithi090.stdout:Apr 25 02:08:23 smithi090 ceph-6b38eb34-02a8-11ef-bc93-c7b262605968-mgr-x[29667]:
2024-04-25T02:08:23.401+0000 7fe0e4da9200 -1 mgr[py] Module snap_schedule has missing NOTIFY_TYPES member
2024-04-25T02:08:23.713 INFO:teuthology.orchestra.run.smithi090.stdout:/usr/bin/ceph: stderr
2024-04-25T02:08:21.917+0000 7fe9de2d1700 1 Processor -- start
2024-04-25T02:08:23.713 INFO:teuthology.orchestra.run.smithi090.stdout:/usr/bin/ceph: stderr
2024-04-25T02:08:21.917+0000 7fe9de2d1700 1 -- start start
2024-04-25T02:08:23.713 INFO:teuthology.orchestra.run.smithi090.stdout:/usr/bin/ceph: stderr
2024-04-25T02:08:21.918+0000 7fe9de2d1700 1 --2- >> [v2:172.21.15.90:3300/0,v1:172.21.15.90:6789/0] conn(0x7fe9d8073fd0 0x7fe9d8072540 unknown :-1 s=NONE pgs=0 cs=0 l=0 rev1=0 crypto rx=0 tx=0 comp rx=0 tx=0).connect
2024-04-25T02:08:23.713 INFO:teuthology.orchestra.run.smithi090.stdout:/usr/bin/ceph: stderr
2024-04-25T02:08:21.918+0000 7fe9de2d1700 1 -- --> [v2:172.21.15.90:3300/0,v1:172.21.15.90:6789/0] -- mon_getmap magic: 0 -- 0x7fe9d8072b10 con 0x7fe9d8073fd0
2024-04-25T02:08:23.713 INFO:teuthology.orchestra.run.smithi090.stdout:/usr/bin/ceph: stderr
2024-04-25T02:08:21.918+0000 7fe9d7fff700 1 --2- >> [v2:172.21.15.90:3300/0,v1:172.21.15.90:6789/0] conn(0x7fe9d8073fd0 0x7fe9d8072540 unknown :-1 s=BANNER_CONNECTING pgs=0 cs=0 l=0 rev1=0 crypto rx=0 tx=0 comp rx=0 tx=0)._handle_peer_banner_payload supported=3 required=0
2024-04-25T02:08:23.713 INFO:teuthology.orchestra.run.smithi090.stdout:/usr/bin/ceph: stderr
2024-04-25T02:08:21.918+0000 7fe9d7fff700 1 --2- >> [v2:172.21.15.90:3300/0,v1:172.21.15.90:6789/0] conn(0x7fe9d8073fd0 0x7fe9d8072540 unknown :-1 s=HELLO_CONNECTING pgs=0 cs=0 l=0 rev1=1 crypto rx=0 tx=0 comp rx=0 tx=0).handle_hello peer v2:172.21.15.90:3300/0 says I am v2:172.21.15.90:57136/0 (socket says 172.21.15.90:57136)
2024-04-25T02:08:23.713 INFO:teuthology.orchestra.run.smithi090.stdout:/usr/bin/ceph: stderr
2024-04-25T02:08:21.918+0000 7fe9d7fff700 1 -- 172.21.15.90:0/730184812 learned_addr learned my addr 172.21.15.90:0/730184812 (peer_addr_for_me v2:172.21.15.90:0/0)
2024-04-25T02:08:23.713 INFO:teuthology.orchestra.run.smithi090.stdout:/usr/bin/ceph: stderr
2024-04-25T02:08:21.918+0000 7fe9d7fff700 1 -- 172.21.15.90:0/730184812 --> [v2:172.21.15.90:3300/0,v1:172.21.15.90:6789/0] -- mon_subscribe({config=0+,monmap=0+}) -- 0x7fe9d8072c90 con 0x7fe9d8073fd0
2024-04-25T02:08:23.713 INFO:teuthology.orchestra.run.smithi090.stdout:/usr/bin/ceph: stderr
2024-04-25T02:08:21.918+0000 7fe9d7fff700 1 --2- 172.21.15.90:0/730184812 >> [v2:172.21.15.90:3300/0,v1:172.21.15.90:6789/0] conn(0x7fe9d8073fd0 0x7fe9d8072540 secure :-1 s=READY pgs=53 cs=0 l=1 rev1=1 crypto rx=0x7fe9c80098a0 tx=0x7fe9c8009bb0 comp rx=0 tx=0).ready entity=mon.0 client_cookie=61a9ff88b8e86361 server_cookie=0 in_seq=0 out_seq=0
2024-04-25T02:08:23.713 INFO:teuthology.orchestra.run.smithi090.stdout:/usr/bin/ceph: stderr
2024-04-25T02:08:21.918+0000 7fe9d6ffd700 1 -- 172.21.15.90:0/730184812 <== mon.0 v2:172.21.15.90:3300/0 1 ==== mon_map magic: 0 ==== 205+0+0 (secure 0 0 0) 0x7fe9c8004160 con 0x7fe9d8073fd0
2024-04-25T02:08:23.713 INFO:teuthology.orchestra.run.smithi090.stdout:/usr/bin/ceph: stderr
2024-04-25T02:08:21.918+0000 7fe9d6ffd700 1 -- 172.21.15.90:0/730184812 <== mon.0 v2:172.21.15.90:3300/0 2 ==== config(26 keys) ==== 1102+0+0 (secure 0 0 0) 0x7fe9c8004300 con 0x7fe9d8073fd0
2024-04-25T02:08:23.713 INFO:teuthology.orchestra.run.smithi090.stdout:/usr/bin/ceph: stderr
2024-04-25T02:08:21.919+0000 7fe9d6ffd700 1 -- 172.21.15.90:0/730184812 <== mon.0 v2:172.21.15.90:3300/0 3 ==== mon_map magic: 0 ==== 205+0+0 (secure 0 0 0) 0x7fe9c8011a50 con 0x7fe9d8073fd0
2024-04-25T02:08:23.714 INFO:teuthology.orchestra.run.smithi090.stdout:/usr/bin/ceph: stderr
2024-04-25T02:08:21.919+0000 7fe9de2d1700 1 -- 172.21.15.90:0/730184812 >> [v2:172.21.15.90:3300/0,v1:172.21.15.90:6789/0] conn(0x7fe9d8073fd0 msgr2=0x7fe9d8072540 secure :-1 s=STATE_CONNECTION_ESTABLISHED l=1).mark_down
2024-04-25T02:08:23.714 INFO:teuthology.orchestra.run.smithi090.stdout:/usr/bin/ceph: stderr
2024-04-25T02:08:21.919+0000 7fe9de2d1700 1 --2- 172.21.15.90:0/730184812 >> [v2:172.21.15.90:3300/0,v1:172.21.15.90:6789/0] conn(0x7fe9d8073fd0 0x7fe9d8072540 secure :-1 s=READY pgs=53 cs=0 l=1 rev1=1 crypto rx=0x7fe9c80098a0 tx=0x7fe9c8009bb0 comp rx=0 tx=0).stop
2024-04-25T02:08:23.714 INFO:teuthology.orchestra.run.smithi090.stdout:/usr/bin/ceph: stderr
2024-04-25T02:08:21.919+0000 7fe9de2d1700 1 -- 172.21.15.90:0/730184812 shutdown_connections
2024-04-25T02:08:23.714 INFO:teuthology.orchestra.run.smithi090.stdout:/usr/bin/ceph: stderr
2024-04-25T02:08:21.919+0000 7fe9de2d1700 1 --2- 172.21.15.90:0/730184812 >> [v2:172.21.15.90:3300/0,v1:172.21.15.90:6789/0] conn(0x7fe9d8073fd0 0x7fe9d8072540 unknown :-1 s=CLOSED pgs=53 cs=0 l=1 rev1=1 crypto rx=0 tx=0 comp rx=0 tx=0).stop
2024-04-25T02:08:23.714 INFO:teuthology.orchestra.run.smithi090.stdout:/usr/bin/ceph: stderr
2024-04-25T02:08:21.919+0000 7fe9de2d1700 1 -- 172.21.15.90:0/730184812 >> 172.21.15.90:0/730184812 conn(0x7fe9d806dd70 msgr2=0x7fe9d80701d0 unknown :-1 s=STATE_NONE l=0).mark_down
2024-04-25T02:08:23.714 INFO:teuthology.orchestra.run.smithi090.stdout:/usr/bin/ceph: stderr
2024-04-25T02:08:21.919+0000 7fe9de2d1700 1 -- 172.21.15.90:0/730184812 shutdown_connections
2024-04-25T02:08:23.714 INFO:teuthology.orchestra.run.smithi090.stdout:/usr/bin/ceph: stderr
2024-04-25T02:08:21.919+0000 7fe9de2d1700 1 -- 172.21.15.90:0/730184812 wait complete.
2024-04-25T02:08:23.714 INFO:teuthology.orchestra.run.smithi090.stdout:/usr/bin/ceph: stderr
2024-04-25T02:08:21.920+0000 7fe9de2d1700 1 Processor -- start
2024-04-25T02:08:23.714 INFO:teuthology.orchestra.run.smithi090.stdout:/usr/bin/ceph: stderr
2024-04-25T02:08:21.920+0000 7fe9de2d1700 1 -- start start
2024-04-25T02:08:23.714 INFO:teuthology.orchestra.run.smithi090.stdout:/usr/bin/ceph: stderr
2024-04-25T02:08:21.920+0000 7fe9de2d1700 1 --2- >> [v2:172.21.15.90:3300/0,v1:172.21.15.90:6789/0] conn(0x7fe9d8073fd0 0x7fe9d8111850 unknown :-1 s=NONE pgs=0 cs=0 l=1 rev1=0 crypto rx=0 tx=0 comp rx=0 tx=0).connect
2024-04-25T02:08:23.714 INFO:teuthology.orchestra.run.smithi090.stdout:/usr/bin/ceph: stderr
2024-04-25T02:08:21.920+0000 7fe9de2d1700 1 -- --> [v2:172.21.15.90:3300/0,v1:172.21.15.90:6789/0] -- mon_getmap magic: 0 -- 0x7fe9d8114750 con 0x7fe9d8073fd0
2024-04-25T02:08:23.714 INFO:teuthology.orchestra.run.smithi090.stdout:/usr/bin/ceph: stderr
2024-04-25T02:08:21.920+0000 7fe9d7fff700 1 --2- >> [v2:172.21.15.90:3300/0,v1:172.21.15.90:6789/0] conn(0x7fe9d8073fd0 0x7fe9d8111850 unknown :-1 s=BANNER_CONNECTING pgs=0 cs=0 l=1 rev1=0 crypto rx=0 tx=0 comp rx=0 tx=0)._handle_peer_banner_payload supported=3 required=0
2024-04-25T02:08:23.714 INFO:teuthology.orchestra.run.smithi090.stdout:/usr/bin/ceph: stderr
2024-04-25T02:08:21.920+0000 7fe9d7fff700 1 --2- >> [v2:172.21.15.90:3300/0,v1:172.21.15.90:6789/0] conn(0x7fe9d8073fd0 0x7fe9d8111850 unknown :-1 s=HELLO_CONNECTING pgs=0 cs=0 l=1 rev1=1 crypto rx=0 tx=0 comp rx=0 tx=0).handle_hello peer v2:172.21.15.90:3300/0 says I am v2:172.21.15.90:57140/0 (socket says 172.21.15.90:57140)
2024-04-25T02:08:23.715 INFO:teuthology.orchestra.run.smithi090.stdout:/usr/bin/ceph: stderr
2024-04-25T02:08:21.920+0000 7fe9d7fff700 1 -- 172.21.15.90:0/1917618556 learned_addr learned my addr 172.21.15.90:0/1917618556 (peer_addr_for_me v2:172.21.15.90:0/0)
2024-04-25T02:08:23.715 INFO:teuthology.orchestra.run.smithi090.stdout:/usr/bin/ceph: stderr
2024-04-25T02:08:21.921+0000 7fe9d7fff700 1 -- 172.21.15.90:0/1917618556 --> [v2:172.21.15.90:3300/0,v1:172.21.15.90:6789/0] -- mon_subscribe({config=0+,monmap=0+}) -- 0x7fe9d8111d90 con 0x7fe9d8073fd0
2024-04-25T02:08:23.715 INFO:teuthology.orchestra.run.smithi090.stdout:/usr/bin/ceph: stderr
2024-04-25T02:08:21.921+0000 7fe9d7fff700 1 --2- 172.21.15.90:0/1917618556 >> [v2:172.21.15.90:3300/0,v1:172.21.15.90:6789/0] conn(0x7fe9d8073fd0 0x7fe9d8111850 secure :-1 s=READY pgs=54 cs=0 l=1 rev1=1 crypto rx=0x7fe9c8011a00 tx=0x7fe9c8011ae0 comp rx=0 tx=0).ready entity=mon.0 client_cookie=0 server_cookie=0 in_seq=0 out_seq=0
2024-04-25T02:08:23.715 INFO:teuthology.orchestra.run.smithi090.stdout:/usr/bin/ceph: stderr
2024-04-25T02:08:21.921+0000 7fe9d57fa700 1 -- 172.21.15.90:0/1917618556 <== mon.0 v2:172.21.15.90:3300/0 1 ==== mon_map magic: 0 ==== 205+0+0 (secure 0 0 0) 0x7fe9c8003af0 con 0x7fe9d8073fd0
2024-04-25T02:08:23.715 INFO:teuthology.orchestra.run.smithi090.stdout:/usr/bin/ceph: stderr
2024-04-25T02:08:21.921+0000 7fe9d57fa700 1 -- 172.21.15.90:0/1917618556 <== mon.0 v2:172.21.15.90:3300/0 2 ==== config(26 keys) ==== 1102+0+0 (secure 0 0 0) 0x7fe9c801a8e0 con 0x7fe9d8073fd0
2024-04-25T02:08:23.715 INFO:teuthology.orchestra.run.smithi090.stdout:/usr/bin/ceph: stderr
2024-04-25T02:08:21.921+0000 7fe9de2d1700 1 -- 172.21.15.90:0/1917618556 --> [v2:172.21.15.90:3300/0,v1:172.21.15.90:6789/0] -- mon_subscribe({mgrmap=0+}) -- 0x7fe9d810ff80 con 0x7fe9d8073fd0
2024-04-25T02:08:23.715 INFO:teuthology.orchestra.run.smithi090.stdout:/usr/bin/ceph: stderr
2024-04-25T02:08:21.921+0000 7fe9d57fa700 1 -- 172.21.15.90:0/1917618556 <== mon.0 v2:172.21.15.90:3300/0 3 ==== mon_map magic: 0 ==== 205+0+0 (secure 0 0 0) 0x7fe9c8024840 con 0x7fe9d8073fd0
2024-04-25T02:08:23.715 INFO:teuthology.orchestra.run.smithi090.stdout:/usr/bin/ceph: stderr
2024-04-25T02:08:21.921+0000 7fe9de2d1700 1 -- 172.21.15.90:0/1917618556 --> [v2:172.21.15.90:3300/0,v1:172.21.15.90:6789/0] -- mon_subscribe({osdmap=0}) -- 0x7fe9d81104c0 con 0x7fe9d8073fd0
2024-04-25T02:08:23.715 INFO:teuthology.orchestra.run.smithi090.stdout:/usr/bin/ceph: stderr
2024-04-25T02:08:21.922+0000 7fe9d57fa700 1 -- 172.21.15.90:0/1917618556 <== mon.0 v2:172.21.15.90:3300/0 4 ==== mgrmap(e 8) ==== 46287+0+0 (secure 0 0 0) 0x7fe9c8022020 con 0x7fe9d8073fd0
2024-04-25T02:08:23.715 INFO:teuthology.orchestra.run.smithi090.stdout:/usr/bin/ceph: stderr
2024-04-25T02:08:21.922+0000 7fe9de2d1700 1 -- 172.21.15.90:0/1917618556 --> [v2:172.21.15.90:3300/0,v1:172.21.15.90:6789/0] -- mon_command({"prefix": "get_command_descriptions"} v 0) -- 0x7fe9d8063890 con 0x7fe9d8073fd0
2024-04-25T02:08:23.715 INFO:teuthology.orchestra.run.smithi090.stdout:/usr/bin/ceph: stderr
2024-04-25T02:08:21.922+0000 7fe9d57fa700 1 --2- 172.21.15.90:0/1917618556 >> [v2:172.21.15.90:6800/3003695133,v1:172.21.15.90:6801/3003695133] conn(0x7fe9c00390a0 0x7fe9c003b560 unknown :-1 s=NONE pgs=0 cs=0 l=1 rev1=0 crypto rx=0 tx=0 comp rx=0 tx=0).connect
2024-04-25T02:08:23.715 INFO:teuthology.orchestra.run.smithi090.stdout:/usr/bin/ceph: stderr
2024-04-25T02:08:21.923+0000 7fe9d57fa700 1 -- 172.21.15.90:0/1917618556 <== mon.0 v2:172.21.15.90:3300/0 5 ==== osd_map(2..2 src has 1..2) ==== 940+0+0 (secure 0 0 0) 0x7fe9c804d330 con 0x7fe9d8073fd0
2024-04-25T02:08:23.715 INFO:teuthology.orchestra.run.smithi090.stdout:/usr/bin/ceph: stderr
2024-04-25T02:08:21.923+0000 7fe9d77fe700 1 --2- 172.21.15.90:0/1917618556 >> [v2:172.21.15.90:6800/3003695133,v1:172.21.15.90:6801/3003695133] conn(0x7fe9c00390a0 0x7fe9c003b560 unknown :-1 s=BANNER_CONNECTING pgs=0 cs=0 l=1 rev1=0 crypto rx=0 tx=0 comp rx=0 tx=0)._handle_peer_banner_payload supported=3 required=0
2024-04-25T02:08:23.715 INFO:teuthology.orchestra.run.smithi090.stdout:/usr/bin/ceph: stderr
2024-04-25T02:08:21.923+0000 7fe9d77fe700 1 --2- 172.21.15.90:0/1917618556 >> [v2:172.21.15.90:6800/3003695133,v1:172.21.15.90:6801/3003695133] conn(0x7fe9c00390a0 0x7fe9c003b560 secure :-1 s=READY pgs=16 cs=0 l=1 rev1=1 crypto rx=0x7fe9cc006fd0 tx=0x7fe9cc006e40 comp rx=0 tx=0).ready entity=mgr.14118 client_cookie=0 server_cookie=0 in_seq=0 out_seq=0
2024-04-25T02:08:23.716 INFO:teuthology.orchestra.run.smithi090.stdout:/usr/bin/ceph: stderr
2024-04-25T02:08:21.927+0000 7fe9d57fa700 1 -- 172.21.15.90:0/1917618556 <== mon.0 v2:172.21.15.90:3300/0 6 ==== mon_command_ack([{"prefix": "get_command_descriptions"}]=0 v0) ==== 72+0+186147 (secure 0 0 0) 0x7fe9c800b3e0 con 0x7fe9d8073fd0
2024-04-25T02:08:23.716 INFO:teuthology.orchestra.run.smithi090.stdout:/usr/bin/ceph: stderr
2024-04-25T02:08:22.201+0000 7fe9de2d1700 1 -- 172.21.15.90:0/1917618556 --> [v2:172.21.15.90:3300/0,v1:172.21.15.90:6789/0] -- mon_command({"prefix": "mgr module enable", "module": "dashboard"} v 0) -- 0x7fe9d8110740 con 0x7fe9d8073fd0
2024-04-25T02:08:23.716 INFO:teuthology.orchestra.run.smithi090.stdout:/usr/bin/ceph: stderr
2024-04-25T02:08:22.935+0000 7fe9d57fa700 1 -- 172.21.15.90:0/1917618556 <== mon.0 v2:172.21.15.90:3300/0 7 ==== mon_command_ack([{"prefix": "mgr module enable", "module": "dashboard"}]=0 v9) ==== 88+0+0 (secure 0 0 0) 0x7fe9c802ddb0 con 0x7fe9d8073fd0
2024-04-25T02:08:23.716 INFO:teuthology.orchestra.run.smithi090.stdout:/usr/bin/ceph: stderr
2024-04-25T02:08:22.938+0000 7fe9d57fa700 1 -- 172.21.15.90:0/1917618556 <== mon.0 v2:172.21.15.90:3300/0 8 ==== mgrmap(e 9) ==== 46300+0+0 (secure 0 0 0) 0x7fe9c8017cf0 con 0x7fe9d8073fd0
2024-04-25T02:08:23.716 INFO:teuthology.orchestra.run.smithi090.stdout:/usr/bin/ceph: stderr
2024-04-25T02:08:22.939+0000 7fe9de2d1700 1 -- 172.21.15.90:0/1917618556 >> [v2:172.21.15.90:6800/3003695133,v1:172.21.15.90:6801/3003695133] conn(0x7fe9c00390a0 msgr2=0x7fe9c003b560 secure :-1 s=STATE_CONNECTION_ESTABLISHED l=1).mark_down
2024-04-25T02:08:23.716 INFO:teuthology.orchestra.run.smithi090.stdout:/usr/bin/ceph: stderr
2024-04-25T02:08:22.939+0000 7fe9de2d1700 1 --2- 172.21.15.90:0/1917618556 >> [v2:172.21.15.90:6800/3003695133,v1:172.21.15.90:6801/3003695133] conn(0x7fe9c00390a0 0x7fe9c003b560 secure :-1 s=READY pgs=16 cs=0 l=1 rev1=1 crypto rx=0x7fe9cc006fd0 tx=0x7fe9cc006e40 comp rx=0 tx=0).stop
2024-04-25T02:08:23.716 INFO:teuthology.orchestra.run.smithi090.stdout:/usr/bin/ceph: stderr
2024-04-25T02:08:22.939+0000 7fe9de2d1700 1 -- 172.21.15.90:0/1917618556 >> [v2:172.21.15.90:3300/0,v1:172.21.15.90:6789/0] conn(0x7fe9d8073fd0 msgr2=0x7fe9d8111850 secure :-1 s=STATE_CONNECTION_ESTABLISHED l=1).mark_down
2024-04-25T02:08:23.716 INFO:teuthology.orchestra.run.smithi090.stdout:/usr/bin/ceph: stderr
2024-04-25T02:08:22.939+0000 7fe9de2d1700 1 --2- 172.21.15.90:0/1917618556 >> [v2:172.21.15.90:3300/0,v1:172.21.15.90:6789/0] conn(0x7fe9d8073fd0 0x7fe9d8111850 secure :-1 s=READY pgs=54 cs=0 l=1 rev1=1 crypto rx=0x7fe9c8011a00 tx=0x7fe9c8011ae0 comp rx=0 tx=0).stop
2024-04-25T02:08:23.716 INFO:teuthology.orchestra.run.smithi090.stdout:/usr/bin/ceph: stderr
2024-04-25T02:08:22.939+0000 7fe9de2d1700 1 -- 172.21.15.90:0/1917618556 shutdown_connections
2024-04-25T02:08:23.716 INFO:teuthology.orchestra.run.smithi090.stdout:/usr/bin/ceph: stderr
2024-04-25T02:08:22.939+0000 7fe9de2d1700 1 --2- 172.21.15.90:0/1917618556 >> [v2:172.21.15.90:6800/3003695133,v1:172.21.15.90:6801/3003695133] conn(0x7fe9c00390a0 0x7fe9c003b560 unknown :-1 s=CLOSED pgs=16 cs=0 l=1 rev1=1 crypto rx=0 tx=0 comp rx=0 tx=0).stop
2024-04-25T02:08:23.716 INFO:teuthology.orchestra.run.smithi090.stdout:/usr/bin/ceph: stderr
2024-04-25T02:08:22.939+0000 7fe9de2d1700 1 --2- 172.21.15.90:0/1917618556 >> [v2:172.21.15.90:3300/0,v1:172.21.15.90:6789/0] conn(0x7fe9d8073fd0 0x7fe9d8111850 unknown :-1 s=CLOSED pgs=54 cs=0 l=1 rev1=1 crypto rx=0 tx=0 comp rx=0 tx=0).stop
2024-04-25T02:08:23.716 INFO:teuthology.orchestra.run.smithi090.stdout:/usr/bin/ceph: stderr
2024-04-25T02:08:22.939+0000 7fe9de2d1700 1 -- 172.21.15.90:0/1917618556 >> 172.21.15.90:0/1917618556 conn(0x7fe9d806dd70 msgr2=0x7fe9d806e880 unknown :-1 s=STATE_NONE l=0).mark_down
2024-04-25T02:08:23.716 INFO:teuthology.orchestra.run.smithi090.stdout:/usr/bin/ceph: stderr
2024-04-25T02:08:22.939+0000 7fe9de2d1700 1 -- 172.21.15.90:0/1917618556 shutdown_connections
2024-04-25T02:08:23.716 INFO:teuthology.orchestra.run.smithi090.stdout:/usr/bin/ceph: stderr
2024-04-25T02:08:22.939+0000 7fe9de2d1700 1 -- 172.21.15.90:0/1917618556 wait complete.
2024-04-25T02:08:24.041 INFO:journalctl@ceph.mon.a.smithi090.stdout:Apr 25 02:08:23 smithi090 ceph-mon[29427]: from='client.? 172.21.15.90:0/1917618556' entity='client.admin' cmd='[{"prefix": "mgr module enable", "module": "dashboard"}]': finished
2024-04-25T02:08:24.042 INFO:journalctl@ceph.mon.a.smithi090.stdout:Apr 25 02:08:23 smithi090 ceph-mon[29427]: mgrmap e9: x(active, since 20s)
2024-04-25T02:08:24.042 INFO:journalctl@ceph.mgr.x.smithi090.stdout:Apr 25 02:08:23 smithi090 ceph-6b38eb34-02a8-11ef-bc93-c7b262605968-mgr-x[29667]:
2024-04-25T02:08:23.713+0000 7fe0e4da9200 -1 mgr[py] Module progress has missing NOTIFY_TYPES member
2024-04-25T02:08:24.042 INFO:journalctl@ceph.mgr.x.smithi090.stdout:Apr 25 02:08:23 smithi090 ceph-6b38eb34-02a8-11ef-bc93-c7b262605968-mgr-x[29667]:
2024-04-25T02:08:23.809+0000 7fe0e4da9200 -1 mgr[py] Module influx has missing NOTIFY_TYPES member
2024-04-25T02:08:25.031 INFO:journalctl@ceph.mon.a.smithi090.stdout:Apr 25 02:08:24 smithi090 ceph-mon[29427]: from='client.? 172.21.15.90:0/2528711376' entity='client.admin' cmd=[{"prefix": "mgr stat"}]: dispatch
2024-04-25T02:08:25.040 INFO:teuthology.orchestra.run.smithi090.stdout:/usr/bin/ceph: stdout {
2024-04-25T02:08:25.040 INFO:teuthology.orchestra.run.smithi090.stdout:/usr/bin/ceph: stdout "epoch": 9,
2024-04-25T02:08:25.040 INFO:teuthology.orchestra.run.smithi090.stdout:/usr/bin/ceph: stdout "available": true,
2024-04-25T02:08:25.040 INFO:teuthology.orchestra.run.smithi090.stdout:/usr/bin/ceph: stdout "active_name": "x",
2024-04-25T02:08:25.040 INFO:teuthology.orchestra.run.smithi090.stdout:/usr/bin/ceph: stdout "num_standby": 0
2024-04-25T02:08:25.040 INFO:teuthology.orchestra.run.smithi090.stdout:/usr/bin/ceph: stdout }
2024-04-25T02:08:25.040 INFO:teuthology.orchestra.run.smithi090.stdout:/usr/bin/ceph: stderr
2024-04-25T02:08:24.135+0000 7f0b16ead700 1 Processor -- start
2024-04-25T02:08:25.040 INFO:teuthology.orchestra.run.smithi090.stdout:/usr/bin/ceph: stderr
2024-04-25T02:08:24.135+0000 7f0b16ead700 1 -- start start
2024-04-25T02:08:25.040 INFO:teuthology.orchestra.run.smithi090.stdout:/usr/bin/ceph: stderr
2024-04-25T02:08:24.135+0000 7f0b16ead700 1 --2- >> [v2:172.21.15.90:3300/0,v1:172.21.15.90:6789/0] conn(0x7f0b101086d0 0x7f0b1010aac0 unknown :-1 s=NONE pgs=0 cs=0 l=0 rev1=0 crypto rx=0 tx=0 comp rx=0 tx=0).connect
2024-04-25T02:08:25.040 INFO:teuthology.orchestra.run.smithi090.stdout:/usr/bin/ceph: stderr
2024-04-25T02:08:24.135+0000 7f0b16ead700 1 -- --> [v2:172.21.15.90:3300/0,v1:172.21.15.90:6789/0] -- mon_getmap magic: 0 -- 0x7f0b1007be50 con 0x7f0b101086d0
2024-04-25T02:08:25.040 INFO:teuthology.orchestra.run.smithi090.stdout:/usr/bin/ceph: stderr
2024-04-25T02:08:24.135+0000 7f0b14c49700 1 --2- >> [v2:172.21.15.90:3300/0,v1:172.21.15.90:6789/0] conn(0x7f0b101086d0 0x7f0b1010aac0 unknown :-1 s=BANNER_CONNECTING pgs=0 cs=0 l=0 rev1=0 crypto rx=0 tx=0 comp rx=0 tx=0)._handle_peer_banner_payload supported=3 required=0
2024-04-25T02:08:25.040 INFO:teuthology.orchestra.run.smithi090.stdout:/usr/bin/ceph: stderr
2024-04-25T02:08:24.135+0000 7f0b14c49700 1 --2- >> [v2:172.21.15.90:3300/0,v1:172.21.15.90:6789/0] conn(0x7f0b101086d0 0x7f0b1010aac0 unknown :-1 s=HELLO_CONNECTING pgs=0 cs=0 l=0 rev1=1 crypto rx=0 tx=0 comp rx=0 tx=0).handle_hello peer v2:172.21.15.90:3300/0 says I am v2:172.21.15.90:57164/0 (socket says 172.21.15.90:57164)
2024-04-25T02:08:25.040 INFO:teuthology.orchestra.run.smithi090.stdout:/usr/bin/ceph: stderr
2024-04-25T02:08:24.136+0000 7f0b14c49700 1 -- 172.21.15.90:0/232303767 learned_addr learned my addr 172.21.15.90:0/232303767 (peer_addr_for_me v2:172.21.15.90:0/0)
2024-04-25T02:08:25.041 INFO:teuthology.orchestra.run.smithi090.stdout:/usr/bin/ceph: stderr
2024-04-25T02:08:24.136+0000 7f0b14c49700 1 -- 172.21.15.90:0/232303767 --> [v2:172.21.15.90:3300/0,v1:172.21.15.90:6789/0] -- mon_subscribe({config=0+,monmap=0+}) -- 0x7f0b1010b000 con 0x7f0b101086d0
2024-04-25T02:08:25.041 INFO:teuthology.orchestra.run.smithi090.stdout:/usr/bin/ceph: stderr
2024-04-25T02:08:24.136+0000 7f0b14c49700 1 --2- 172.21.15.90:0/232303767 >> [v2:172.21.15.90:3300/0,v1:172.21.15.90:6789/0] conn(0x7f0b101086d0 0x7f0b1010aac0 secure :-1 s=READY pgs=57 cs=0 l=1 rev1=1 crypto rx=0x7f0b040098a0 tx=0x7f0b04009bb0 comp rx=0 tx=0).ready entity=mon.0 client_cookie=7a0ec73e583c5903 server_cookie=0 in_seq=0 out_seq=0
2024-04-25T02:08:25.041 INFO:teuthology.orchestra.run.smithi090.stdout:/usr/bin/ceph: stderr
2024-04-25T02:08:24.136+0000 7f0b0f7fe700 1 -- 172.21.15.90:0/232303767 <== mon.0 v2:172.21.15.90:3300/0 1 ==== mon_map magic: 0 ==== 205+0+0 (secure 0 0 0) 0x7f0b04004160 con 0x7f0b101086d0
2024-04-25T02:08:25.041 INFO:teuthology.orchestra.run.smithi090.stdout:/usr/bin/ceph: stderr
2024-04-25T02:08:24.136+0000 7f0b0f7fe700 1 -- 172.21.15.90:0/232303767 <== mon.0 v2:172.21.15.90:3300/0 2 ==== config(26 keys) ==== 1102+0+0 (secure 0 0 0) 0x7f0b04004300 con 0x7f0b101086d0
2024-04-25T02:08:25.041 INFO:teuthology.orchestra.run.smithi090.stdout:/usr/bin/ceph: stderr
2024-04-25T02:08:24.136+0000 7f0b0f7fe700 1 -- 172.21.15.90:0/232303767 <== mon.0 v2:172.21.15.90:3300/0 3 ==== mon_map magic: 0 ==== 205+0+0 (secure 0 0 0) 0x7f0b04011a50 con 0x7f0b101086d0
2024-04-25T02:08:25.041 INFO:teuthology.orchestra.run.smithi090.stdout:/usr/bin/ceph: stderr
2024-04-25T02:08:24.137+0000 7f0b16ead700 1 -- 172.21.15.90:0/232303767 >> [v2:172.21.15.90:3300/0,v1:172.21.15.90:6789/0] conn(0x7f0b101086d0 msgr2=0x7f0b1010aac0 secure :-1 s=STATE_CONNECTION_ESTABLISHED l=1).mark_down
2024-04-25T02:08:25.041 INFO:teuthology.orchestra.run.smithi090.stdout:/usr/bin/ceph: stderr
2024-04-25T02:08:24.137+0000 7f0b16ead700 1 --2- 172.21.15.90:0/232303767 >> [v2:172.21.15.90:3300/0,v1:172.21.15.90:6789/0] conn(0x7f0b101086d0 0x7f0b1010aac0 secure :-1 s=READY pgs=57 cs=0 l=1 rev1=1 crypto rx=0x7f0b040098a0 tx=0x7f0b04009bb0 comp rx=0 tx=0).stop
2024-04-25T02:08:25.041 INFO:teuthology.orchestra.run.smithi090.stdout:/usr/bin/ceph: stderr
2024-04-25T02:08:24.137+0000 7f0b16ead700 1 -- 172.21.15.90:0/232303767 shutdown_connections
2024-04-25T02:08:25.041 INFO:teuthology.orchestra.run.smithi090.stdout:/usr/bin/ceph: stderr
2024-04-25T02:08:24.137+0000 7f0b16ead700 1 --2- 172.21.15.90:0/232303767 >> [v2:172.21.15.90:3300/0,v1:172.21.15.90:6789/0] conn(0x7f0b101086d0 0x7f0b1010aac0 unknown :-1 s=CLOSED pgs=57 cs=0 l=1 rev1=1 crypto rx=0 tx=0 comp rx=0 tx=0).stop
2024-04-25T02:08:25.041 INFO:teuthology.orchestra.run.smithi090.stdout:/usr/bin/ceph: stderr
2024-04-25T02:08:24.137+0000 7f0b16ead700 1 -- 172.21.15.90:0/232303767 >> 172.21.15.90:0/232303767 conn(0x7f0b10102060 msgr2=0x7f0b101044c0 unknown :-1 s=STATE_NONE l=0).mark_down
2024-04-25T02:08:25.041 INFO:teuthology.orchestra.run.smithi090.stdout:/usr/bin/ceph: stderr
2024-04-25T02:08:24.137+0000 7f0b16ead700 1 -- 172.21.15.90:0/232303767 shutdown_connections
2024-04-25T02:08:25.041 INFO:teuthology.orchestra.run.smithi090.stdout:/usr/bin/ceph: stderr
2024-04-25T02:08:24.137+0000 7f0b16ead700 1 -- 172.21.15.90:0/232303767 wait complete.
2024-04-25T02:08:25.041 INFO:teuthology.orchestra.run.smithi090.stdout:/usr/bin/ceph: stderr
2024-04-25T02:08:24.138+0000 7f0b16ead700 1 Processor -- start
2024-04-25T02:08:25.041 INFO:teuthology.orchestra.run.smithi090.stdout:/usr/bin/ceph: stderr
2024-04-25T02:08:24.138+0000 7f0b16ead700 1 -- start start
2024-04-25T02:08:25.042 INFO:teuthology.orchestra.run.smithi090.stdout:/usr/bin/ceph: stderr
2024-04-25T02:08:24.138+0000 7f0b16ead700 1 --2- >> [v2:172.21.15.90:3300/0,v1:172.21.15.90:6789/0] conn(0x7f0b101086d0 0x7f0b1019ba90 unknown :-1 s=NONE pgs=0 cs=0 l=1 rev1=0 crypto rx=0 tx=0 comp rx=0 tx=0).connect
2024-04-25T02:08:25.042 INFO:teuthology.orchestra.run.smithi090.stdout:/usr/bin/ceph: stderr
2024-04-25T02:08:24.138+0000 7f0b16ead700 1 -- --> [v2:172.21.15.90:3300/0,v1:172.21.15.90:6789/0] -- mon_getmap magic: 0 -- 0x7f0b1010bfa0 con 0x7f0b101086d0
2024-04-25T02:08:25.042 INFO:teuthology.orchestra.run.smithi090.stdout:/usr/bin/ceph: stderr
2024-04-25T02:08:24.138+0000 7f0b14c49700 1 --2- >> [v2:172.21.15.90:3300/0,v1:172.21.15.90:6789/0] conn(0x7f0b101086d0 0x7f0b1019ba90 unknown :-1 s=BANNER_CONNECTING pgs=0 cs=0 l=1 rev1=0 crypto rx=0 tx=0 comp rx=0 tx=0)._handle_peer_banner_payload supported=3 required=0
2024-04-25T02:08:25.042 INFO:teuthology.orchestra.run.smithi090.stdout:/usr/bin/ceph: stderr
2024-04-25T02:08:24.138+0000 7f0b14c49700 1 --2- >> [v2:172.21.15.90:3300/0,v1:172.21.15.90:6789/0] conn(0x7f0b101086d0 0x7f0b1019ba90 unknown :-1 s=HELLO_CONNECTING pgs=0 cs=0 l=1 rev1=1 crypto rx=0 tx=0 comp rx=0 tx=0).handle_hello peer v2:172.21.15.90:3300/0 says I am v2:172.21.15.90:57168/0 (socket says 172.21.15.90:57168)
2024-04-25T02:08:25.042 INFO:teuthology.orchestra.run.smithi090.stdout:/usr/bin/ceph: stderr
2024-04-25T02:08:24.138+0000 7f0b14c49700 1 -- 172.21.15.90:0/2528711376 learned_addr learned my addr 172.21.15.90:0/2528711376 (peer_addr_for_me v2:172.21.15.90:0/0)
2024-04-25T02:08:25.042 INFO:teuthology.orchestra.run.smithi090.stdout:/usr/bin/ceph: stderr
2024-04-25T02:08:24.138+0000 7f0b14c49700 1 -- 172.21.15.90:0/2528711376 --> [v2:172.21.15.90:3300/0,v1:172.21.15.90:6789/0] -- mon_subscribe({config=0+,monmap=0+}) -- 0x7f0b1019bfd0 con 0x7f0b101086d0
2024-04-25T02:08:25.042 INFO:teuthology.orchestra.run.smithi090.stdout:/usr/bin/ceph: stderr
2024-04-25T02:08:24.138+0000 7f0b14c49700 1 --2- 172.21.15.90:0/2528711376 >> [v2:172.21.15.90:3300/0,v1:172.21.15.90:6789/0] conn(0x7f0b101086d0 0x7f0b1019ba90 secure :-1 s=READY pgs=58 cs=0 l=1 rev1=1 crypto rx=0x7f0b04011a20 tx=0x7f0b04011b00 comp rx=0 tx=0).ready entity=mon.0 client_cookie=0 server_cookie=0 in_seq=0 out_seq=0
2024-04-25T02:08:25.042 INFO:teuthology.orchestra.run.smithi090.stdout:/usr/bin/ceph: stderr
2024-04-25T02:08:24.139+0000 7f0b0dffb700 1 -- 172.21.15.90:0/2528711376 <== mon.0 v2:172.21.15.90:3300/0 1 ==== mon_map magic: 0 ==== 205+0+0 (secure 0 0 0) 0x7f0b040039c0 con 0x7f0b101086d0
2024-04-25T02:08:25.042 INFO:teuthology.orchestra.run.smithi090.stdout:/usr/bin/ceph: stderr
2024-04-25T02:08:24.139+0000 7f0b16ead700 1 -- 172.21.15.90:0/2528711376 --> [v2:172.21.15.90:3300/0,v1:172.21.15.90:6789/0] -- mon_subscribe({mgrmap=0+}) -- 0x7f0b1019c260 con 0x7f0b101086d0
2024-04-25T02:08:25.042 INFO:teuthology.orchestra.run.smithi090.stdout:/usr/bin/ceph: stderr
2024-04-25T02:08:24.139+0000 7f0b0dffb700 1 -- 172.21.15.90:0/2528711376 <== mon.0 v2:172.21.15.90:3300/0 2 ==== config(26 keys) ==== 1102+0+0 (secure 0 0 0) 0x7f0b04003b60 con 0x7f0b101086d0
2024-04-25T02:08:25.042 INFO:teuthology.orchestra.run.smithi090.stdout:/usr/bin/ceph: stderr
2024-04-25T02:08:24.139+0000 7f0b0dffb700 1 -- 172.21.15.90:0/2528711376 <== mon.0 v2:172.21.15.90:3300/0 3 ==== mon_map magic: 0 ==== 205+0+0 (secure 0 0 0) 0x7f0b0401a6b0 con 0x7f0b101086d0
2024-04-25T02:08:25.042 INFO:teuthology.orchestra.run.smithi090.stdout:/usr/bin/ceph: stderr
2024-04-25T02:08:24.139+0000 7f0b16ead700 1 -- 172.21.15.90:0/2528711376 --> [v2:172.21.15.90:3300/0,v1:172.21.15.90:6789/0] -- mon_subscribe({osdmap=0}) -- 0x7f0b1019ef50 con 0x7f0b101086d0
2024-04-25T02:08:25.042 INFO:teuthology.orchestra.run.smithi090.stdout:/usr/bin/ceph: stderr
2024-04-25T02:08:24.140+0000 7f0b16ead700 1 -- 172.21.15.90:0/2528711376 --> [v2:172.21.15.90:3300/0,v1:172.21.15.90:6789/0] -- mon_command({"prefix": "get_command_descriptions"} v 0) -- 0x7f0b10063890 con 0x7f0b101086d0
2024-04-25T02:08:25.042 INFO:teuthology.orchestra.run.smithi090.stdout:/usr/bin/ceph: stderr
2024-04-25T02:08:24.140+0000 7f0b0dffb700 1 -- 172.21.15.90:0/2528711376 <== mon.0 v2:172.21.15.90:3300/0 4 ==== mgrmap(e 9) ==== 46300+0+0 (secure 0 0 0) 0x7f0b0401a9d0 con 0x7f0b101086d0
2024-04-25T02:08:25.043 INFO:teuthology.orchestra.run.smithi090.stdout:/usr/bin/ceph: stderr
2024-04-25T02:08:24.140+0000 7f0b0dffb700 1 --2- 172.21.15.90:0/2528711376 >> [v2:172.21.15.90:6800/3003695133,v1:172.21.15.90:6801/3003695133] conn(0x7f0b00039050 0x7f0b0003b510 unknown :-1 s=NONE pgs=0 cs=0 l=1 rev1=0 crypto rx=0 tx=0 comp rx=0 tx=0).connect
2024-04-25T02:08:25.043 INFO:teuthology.orchestra.run.smithi090.stdout:/usr/bin/ceph: stderr
2024-04-25T02:08:24.140+0000 7f0b0dffb700 1 -- 172.21.15.90:0/2528711376 <== mon.0 v2:172.21.15.90:3300/0 5 ==== osd_map(2..2 src has 1..2) ==== 940+0+0 (secure 0 0 0) 0x7f0b0404d870 con 0x7f0b101086d0
2024-04-25T02:08:25.043 INFO:teuthology.orchestra.run.smithi090.stdout:/usr/bin/ceph: stderr
2024-04-25T02:08:24.140+0000 7f0b0ffff700 1 -- 172.21.15.90:0/2528711376 >> [v2:172.21.15.90:6800/3003695133,v1:172.21.15.90:6801/3003695133] conn(0x7f0b00039050 msgr2=0x7f0b0003b510 unknown :-1 s=STATE_CONNECTING_RE l=1).process reconnect failed to v2:172.21.15.90:6800/3003695133
2024-04-25T02:08:25.043 INFO:teuthology.orchestra.run.smithi090.stdout:/usr/bin/ceph: stderr
2024-04-25T02:08:24.140+0000 7f0b0ffff700 1 --2- 172.21.15.90:0/2528711376 >> [v2:172.21.15.90:6800/3003695133,v1:172.21.15.90:6801/3003695133] conn(0x7f0b00039050 0x7f0b0003b510 unknown :-1 s=START_CONNECT pgs=0 cs=0 l=1 rev1=0 crypto rx=0 tx=0 comp rx=0 tx=0)._fault waiting 0.200000
2024-04-25T02:08:25.043 INFO:teuthology.orchestra.run.smithi090.stdout:/usr/bin/ceph: stderr
2024-04-25T02:08:24.145+0000 7f0b0dffb700 1 -- 172.21.15.90:0/2528711376 <== mon.0 v2:172.21.15.90:3300/0 6 ==== mon_command_ack([{"prefix": "get_command_descriptions"}]=0 v0) ==== 72+0+186147 (secure 0 0 0) 0x7f0b0401adc0 con 0x7f0b101086d0
2024-04-25T02:08:25.043 INFO:teuthology.orchestra.run.smithi090.stdout:/usr/bin/ceph: stderr
2024-04-25T02:08:24.341+0000 7f0b0ffff700 1 -- 172.21.15.90:0/2528711376 >> [v2:172.21.15.90:6800/3003695133,v1:172.21.15.90:6801/3003695133] conn(0x7f0b00039050 msgr2=0x7f0b0003b510 unknown :-1 s=STATE_CONNECTING_RE l=1).process reconnect failed to v2:172.21.15.90:6800/3003695133
2024-04-25T02:08:25.043 INFO:teuthology.orchestra.run.smithi090.stdout:/usr/bin/ceph: stderr
2024-04-25T02:08:24.341+0000 7f0b0ffff700 1 --2- 172.21.15.90:0/2528711376 >> [v2:172.21.15.90:6800/3003695133,v1:172.21.15.90:6801/3003695133] conn(0x7f0b00039050 0x7f0b0003b510 unknown :-1 s=START_CONNECT pgs=0 cs=0 l=1 rev1=0 crypto rx=0 tx=0 comp rx=0 tx=0)._fault waiting 0.400000
2024-04-25T02:08:25.043 INFO:teuthology.orchestra.run.smithi090.stdout:/usr/bin/ceph: stderr
2024-04-25T02:08:24.440+0000 7f0b16ead700 1 -- 172.21.15.90:0/2528711376 --> [v2:172.21.15.90:3300/0,v1:172.21.15.90:6789/0] -- mon_command({"prefix": "mgr stat"} v 0) -- 0x7f0b1019f120 con 0x7f0b101086d0
2024-04-25T02:08:25.043 INFO:teuthology.orchestra.run.smithi090.stdout:/usr/bin/ceph: stderr
2024-04-25T02:08:24.441+0000 7f0b0dffb700 1 -- 172.21.15.90:0/2528711376 <== mon.0 v2:172.21.15.90:3300/0 7 ==== mon_command_ack([{"prefix": "mgr stat"}]=0 v9) ==== 56+0+88 (secure 0 0 0) 0x7f0b0400bc70 con 0x7f0b101086d0
2024-04-25T02:08:25.043 INFO:teuthology.orchestra.run.smithi090.stdout:/usr/bin/ceph: stderr
2024-04-25T02:08:24.444+0000 7f0b16ead700 1 -- 172.21.15.90:0/2528711376 >> [v2:172.21.15.90:6800/3003695133,v1:172.21.15.90:6801/3003695133] conn(0x7f0b00039050 msgr2=0x7f0b0003b510 unknown :-1 s=STATE_CONNECTING l=1).mark_down
2024-04-25T02:08:25.043 INFO:teuthology.orchestra.run.smithi090.stdout:/usr/bin/ceph: stderr
2024-04-25T02:08:24.444+0000 7f0b16ead700 1 --2- 172.21.15.90:0/2528711376 >> [v2:172.21.15.90:6800/3003695133,v1:172.21.15.90:6801/3003695133] conn(0x7f0b00039050 0x7f0b0003b510 unknown :-1 s=START_CONNECT pgs=0 cs=0 l=1 rev1=0 crypto rx=0 tx=0 comp rx=0 tx=0).stop
2024-04-25T02:08:25.043 INFO:teuthology.orchestra.run.smithi090.stdout:/usr/bin/ceph: stderr
2024-04-25T02:08:24.444+0000 7f0b16ead700 1 -- 172.21.15.90:0/2528711376 >> [v2:172.21.15.90:3300/0,v1:172.21.15.90:6789/0] conn(0x7f0b101086d0 msgr2=0x7f0b1019ba90 secure :-1 s=STATE_CONNECTION_ESTABLISHED l=1).mark_down
2024-04-25T02:08:25.043 INFO:teuthology.orchestra.run.smithi090.stdout:/usr/bin/ceph: stderr
2024-04-25T02:08:24.444+0000 7f0b16ead700 1 --2- 172.21.15.90:0/2528711376 >> [v2:172.21.15.90:3300/0,v1:172.21.15.90:6789/0] conn(0x7f0b101086d0 0x7f0b1019ba90 secure :-1 s=READY pgs=58 cs=0 l=1 rev1=1 crypto rx=0x7f0b04011a20 tx=0x7f0b04011b00 comp rx=0 tx=0).stop
2024-04-25T02:08:25.043 INFO:teuthology.orchestra.run.smithi090.stdout:/usr/bin/ceph: stderr
2024-04-25T02:08:24.444+0000 7f0b16ead700 1 -- 172.21.15.90:0/2528711376 shutdown_connections
2024-04-25T02:08:25.044 INFO:teuthology.orchestra.run.smithi090.stdout:/usr/bin/ceph: stderr
2024-04-25T02:08:24.444+0000 7f0b16ead700 1 --2- 172.21.15.90:0/2528711376 >> [v2:172.21.15.90:6800/3003695133,v1:172.21.15.90:6801/3003695133] conn(0x7f0b00039050 0x7f0b0003b510 unknown :-1 s=CLOSED pgs=0 cs=0 l=1 rev1=0 crypto rx=0 tx=0 comp rx=0 tx=0).stop
2024-04-25T02:08:25.044 INFO:teuthology.orchestra.run.smithi090.stdout:/usr/bin/ceph: stderr
2024-04-25T02:08:24.444+0000 7f0b16ead700 1 --2- 172.21.15.90:0/2528711376 >> [v2:172.21.15.90:3300/0,v1:172.21.15.90:6789/0] conn(0x7f0b101086d0 0x7f0b1019ba90 unknown :-1 s=CLOSED pgs=58 cs=0 l=1 rev1=1 crypto rx=0 tx=0 comp rx=0 tx=0).stop
2024-04-25T02:08:25.044 INFO:teuthology.orchestra.run.smithi090.stdout:/usr/bin/ceph: stderr
2024-04-25T02:08:24.444+0000 7f0b16ead700 1 -- 172.21.15.90:0/2528711376 >> 172.21.15.90:0/2528711376 conn(0x7f0b10102060 msgr2=0x7f0b10102ab0 unknown :-1 s=STATE_NONE l=0).mark_down
2024-04-25T02:08:25.044 INFO:teuthology.orchestra.run.smithi090.stdout:/usr/bin/ceph: stderr
2024-04-25T02:08:24.444+0000 7f0b16ead700 1 -- 172.21.15.90:0/2528711376 shutdown_connections
2024-04-25T02:08:25.044 INFO:teuthology.orchestra.run.smithi090.stdout:/usr/bin/ceph: stderr
2024-04-25T02:08:24.444+0000 7f0b16ead700 1 -- 172.21.15.90:0/2528711376 wait complete.
2024-04-25T02:08:25.044 INFO:teuthology.orchestra.run.smithi090.stdout:Waiting for the mgr to restart...
2024-04-25T02:08:25.044 INFO:teuthology.orchestra.run.smithi090.stdout:Waiting for mgr epoch 9...
2024-04-25T02:08:25.288 INFO:journalctl@ceph.mgr.x.smithi090.stdout:Apr 25 02:08:25 smithi090 ceph-6b38eb34-02a8-11ef-bc93-c7b262605968-mgr-x[29667]:
2024-04-25T02:08:25.069+0000 7fe0e4da9200 -1 mgr[py] Module telegraf has missing NOTIFY_TYPES member
2024-04-25T02:08:25.288 INFO:journalctl@ceph.mgr.x.smithi090.stdout:Apr 25 02:08:25 smithi090 ceph-6b38eb34-02a8-11ef-bc93-c7b262605968-mgr-x[29667]:
2024-04-25T02:08:25.243+0000 7fe0e4da9200 -1 mgr[py] Module osd_support has missing NOTIFY_TYPES member
2024-04-25T02:08:25.671 INFO:journalctl@ceph.mgr.x.smithi090.stdout:Apr 25 02:08:25 smithi090 ceph-6b38eb34-02a8-11ef-bc93-c7b262605968-mgr-x[29667]:
2024-04-25T02:08:25.418+0000 7fe0e4da9200 -1 mgr[py] Module iostat has missing NOTIFY_TYPES member
2024-04-25T02:08:26.021 INFO:journalctl@ceph.mgr.x.smithi090.stdout:Apr 25 02:08:25 smithi090 ceph-6b38eb34-02a8-11ef-bc93-c7b262605968-mgr-x[29667]:
2024-04-25T02:08:25.717+0000 7fe0e4da9200 -1 mgr[py] Module alerts has missing NOTIFY_TYPES member
2024-04-25T02:08:26.021 INFO:journalctl@ceph.mgr.x.smithi090.stdout:Apr 25 02:08:25 smithi090 ceph-6b38eb34-02a8-11ef-bc93-c7b262605968-mgr-x[29667]:
2024-04-25T02:08:25.810+0000 7fe0e4da9200 -1 mgr[py] Module selftest has missing NOTIFY_TYPES member
2024-04-25T02:08:26.021 INFO:journalctl@ceph.mgr.x.smithi090.stdout:Apr 25 02:08:26 smithi090 ceph-6b38eb34-02a8-11ef-bc93-c7b262605968-mgr-x[29667]:
2024-04-25T02:08:26.014+0000 7fe0e4da9200 -1 mgr[py] Module pg_autoscaler has missing NOTIFY_TYPES member
2024-04-25T02:08:26.421 INFO:journalctl@ceph.mgr.x.smithi090.stdout:Apr 25 02:08:26 smithi090 ceph-6b38eb34-02a8-11ef-bc93-c7b262605968-mgr-x[29667]:
2024-04-25T02:08:26.209+0000 7fe0e4da9200 -1 mgr[py] Module test_orchestrator has missing NOTIFY_TYPES member
2024-04-25T02:08:27.171 INFO:journalctl@ceph.mgr.x.smithi090.stdout:Apr 25 02:08:26 smithi090 ceph-6b38eb34-02a8-11ef-bc93-c7b262605968-mgr-x[29667]:
2024-04-25T02:08:26.806+0000 7fe0e4da9200 -1 mgr[py] Module rook has missing NOTIFY_TYPES member
2024-04-25T02:08:27.536 INFO:journalctl@ceph.mgr.x.smithi090.stdout:Apr 25 02:08:27 smithi090 ceph-6b38eb34-02a8-11ef-bc93-c7b262605968-mgr-x[29667]:
2024-04-25T02:08:27.231+0000 7fe0e4da9200 -1 mgr[py] Module volumes has missing NOTIFY_TYPES member
2024-04-25T02:08:27.536 INFO:journalctl@ceph.mgr.x.smithi090.stdout:Apr 25 02:08:27 smithi090 ceph-6b38eb34-02a8-11ef-bc93-c7b262605968-mgr-x[29667]:
2024-04-25T02:08:27.328+0000 7fe0e4da9200 -1 mgr[py] Module crash has missing NOTIFY_TYPES member
2024-04-25T02:08:27.536 INFO:journalctl@ceph.mgr.x.smithi090.stdout:Apr 25 02:08:27 smithi090 ceph-6b38eb34-02a8-11ef-bc93-c7b262605968-mgr-x[29667]:
2024-04-25T02:08:27.529+0000 7fe0e4da9200 -1 mgr[py] Module rgw has missing NOTIFY_TYPES member
2024-04-25T02:08:28.390 INFO:journalctl@ceph.mgr.x.smithi090.stdout:Apr 25 02:08:28 smithi090 ceph-6b38eb34-02a8-11ef-bc93-c7b262605968-mgr-x[29667]:
2024-04-25T02:08:28.047+0000 7fe0e4da9200 -1 mgr[py] Module prometheus has missing NOTIFY_TYPES member
2024-04-25T02:08:28.390 INFO:journalctl@ceph.mgr.x.smithi090.stdout:Apr 25 02:08:28 smithi090 ceph-6b38eb34-02a8-11ef-bc93-c7b262605968-mgr-x[29667]:
2024-04-25T02:08:28.141+0000 7fe0e4da9200 -1 mgr[py] Module devicehealth has missing NOTIFY_TYPES member
2024-04-25T02:08:28.671 INFO:journalctl@ceph.mgr.x.smithi090.stdout:Apr 25 02:08:28 smithi090 ceph-6b38eb34-02a8-11ef-bc93-c7b262605968-mgr-x[29667]:
2024-04-25T02:08:28.383+0000 7fe0e4da9200 -1 mgr[py] Module telemetry has missing NOTIFY_TYPES member
2024-04-25T02:08:28.672 INFO:journalctl@ceph.mgr.x.smithi090.stdout:Apr 25 02:08:28 smithi090 ceph-6b38eb34-02a8-11ef-bc93-c7b262605968-mgr-x[29667]:
2024-04-25T02:08:28.517+0000 7fe0e4da9200 -1 mgr[py] Module diskprediction_local has missing NOTIFY_TYPES member
2024-04-25T02:08:28.672 INFO:journalctl@ceph.mgr.x.smithi090.stdout:Apr 25 02:08:28 smithi090 ceph-6b38eb34-02a8-11ef-bc93-c7b262605968-mgr-x[29667]:
2024-04-25T02:08:28.614+0000 7fe0e4da9200 -1 mgr[py] Module osd_perf_query has missing NOTIFY_TYPES member
2024-04-25T02:08:29.171 INFO:journalctl@ceph.mgr.x.smithi090.stdout:Apr 25 02:08:28 smithi090 ceph-6b38eb34-02a8-11ef-bc93-c7b262605968-mgr-x[29667]:
2024-04-25T02:08:28.730+0000 7fe0e4da9200 -1 mgr[py] Module rbd_support has missing NOTIFY_TYPES member
2024-04-25T02:08:29.172 INFO:journalctl@ceph.mgr.x.smithi090.stdout:Apr 25 02:08:28 smithi090 ceph-6b38eb34-02a8-11ef-bc93-c7b262605968-mgr-x[29667]:
2024-04-25T02:08:28.823+0000 7fe0e4da9200 -1 mgr[py] Module zabbix has missing NOTIFY_TYPES member
2024-04-25T02:08:29.910 INFO:journalctl@ceph.mgr.x.smithi090.stdout:Apr 25 02:08:29 smithi090 ceph-6b38eb34-02a8-11ef-bc93-c7b262605968-mgr-x[29667]:
2024-04-25T02:08:29.634+0000 7fe0e4da9200 -1 mgr[py] Module status has missing NOTIFY_TYPES member
2024-04-25T02:08:29.910 INFO:journalctl@ceph.mgr.x.smithi090.stdout:Apr 25 02:08:29 smithi090 ceph-6b38eb34-02a8-11ef-bc93-c7b262605968-mgr-x[29667]:
2024-04-25T02:08:29.849+0000 7fe0e4da9200 -1 mgr[py] Module nfs has missing NOTIFY_TYPES member
2024-04-25T02:08:30.171 INFO:journalctl@ceph.mon.a.smithi090.stdout:Apr 25 02:08:29 smithi090 ceph-mon[29427]: Active manager daemon x restarted
2024-04-25T02:08:30.172 INFO:journalctl@ceph.mon.a.smithi090.stdout:Apr 25 02:08:29 smithi090 ceph-mon[29427]: Activating manager daemon x
2024-04-25T02:08:30.172 INFO:journalctl@ceph.mon.a.smithi090.stdout:Apr 25 02:08:29 smithi090 ceph-mon[29427]: osdmap e3: 0 total, 0 up, 0 in
2024-04-25T02:08:30.172 INFO:journalctl@ceph.mon.a.smithi090.stdout:Apr 25 02:08:29 smithi090 ceph-mon[29427]: mgrmap e10: x(active, starting, since 0.00340335s)
2024-04-25T02:08:30.172 INFO:journalctl@ceph.mon.a.smithi090.stdout:Apr 25 02:08:29 smithi090 ceph-mon[29427]: from='mgr.14150 172.21.15.90:0/4234166540' entity='mgr.x' cmd=[{"prefix": "mon metadata", "id": "a"}]: dispatch
2024-04-25T02:08:30.172 INFO:journalctl@ceph.mon.a.smithi090.stdout:Apr 25 02:08:29 smithi090 ceph-mon[29427]: from='mgr.14150 172.21.15.90:0/4234166540' entity='mgr.x' cmd=[{"prefix": "mgr metadata", "who": "x", "id": "x"}]: dispatch
2024-04-25T02:08:30.172 INFO:journalctl@ceph.mon.a.smithi090.stdout:Apr 25 02:08:29 smithi090 ceph-mon[29427]: from='mgr.14150 172.21.15.90:0/4234166540' entity='mgr.x' cmd=[{"prefix": "mds metadata"}]: dispatch
2024-04-25T02:08:30.172 INFO:journalctl@ceph.mon.a.smithi090.stdout:Apr 25 02:08:29 smithi090 ceph-mon[29427]: from='mgr.14150 172.21.15.90:0/4234166540' entity='mgr.x' cmd=[{"prefix": "osd metadata"}]: dispatch
2024-04-25T02:08:30.172 INFO:journalctl@ceph.mon.a.smithi090.stdout:Apr 25 02:08:29 smithi090 ceph-mon[29427]: from='mgr.14150 172.21.15.90:0/4234166540' entity='mgr.x' cmd=[{"prefix": "mon metadata"}]: dispatch
2024-04-25T02:08:30.172 INFO:journalctl@ceph.mon.a.smithi090.stdout:Apr 25 02:08:29 smithi090 ceph-mon[29427]: Manager daemon x is now available
2024-04-25T02:08:30.172 INFO:journalctl@ceph.mon.a.smithi090.stdout:Apr 25 02:08:29 smithi090 ceph-mon[29427]: from='mgr.14150 172.21.15.90:0/4234166540' entity='mgr.x' cmd=[{"prefix": "config dump", "format": "json"}]: dispatch
2024-04-25T02:08:30.172 INFO:journalctl@ceph.mon.a.smithi090.stdout:Apr 25 02:08:29 smithi090 ceph-mon[29427]: from='mgr.14150 172.21.15.90:0/4234166540' entity='mgr.x' cmd=[{"prefix":"config rm","who":"mgr","name":"mgr/rbd_support/x/mirror_snapshot_schedule"}]: dispatch
2024-04-25T02:08:30.172 INFO:journalctl@ceph.mon.a.smithi090.stdout:Apr 25 02:08:29 smithi090 ceph-mon[29427]: from='mgr.14150 172.21.15.90:0/4234166540' entity='mgr.x' cmd=[{"prefix":"config rm","who":"mgr","name":"mgr/rbd_support/x/trash_purge_schedule"}]: dispatch
2024-04-25T02:08:31.754 INFO:teuthology.orchestra.run.smithi090.stdout:/usr/bin/ceph: stdout {
2024-04-25T02:08:31.754 INFO:teuthology.orchestra.run.smithi090.stdout:/usr/bin/ceph: stdout "mgrmap_epoch": 11,
2024-04-25T02:08:31.754 INFO:teuthology.orchestra.run.smithi090.stdout:/usr/bin/ceph: stdout "initialized": true
2024-04-25T02:08:31.754 INFO:teuthology.orchestra.run.smithi090.stdout:/usr/bin/ceph: stdout }
2024-04-25T02:08:31.755 INFO:teuthology.orchestra.run.smithi090.stdout:/usr/bin/ceph: stderr
2024-04-25T02:08:25.470+0000 7f33ccf93700 1 Processor -- start
2024-04-25T02:08:31.755 INFO:teuthology.orchestra.run.smithi090.stdout:/usr/bin/ceph: stderr
2024-04-25T02:08:25.470+0000 7f33ccf93700 1 -- start start
2024-04-25T02:08:31.755 INFO:teuthology.orchestra.run.smithi090.stdout:/usr/bin/ceph: stderr
2024-04-25T02:08:25.470+0000 7f33ccf93700 1 --2- >> [v2:172.21.15.90:3300/0,v1:172.21.15.90:6789/0] conn(0x7f33c8107bb0 0x7f33c8107fd0 unknown :-1 s=NONE pgs=0 cs=0 l=0 rev1=0 crypto rx=0 tx=0 comp rx=0 tx=0).connect
2024-04-25T02:08:31.755 INFO:teuthology.orchestra.run.smithi090.stdout:/usr/bin/ceph: stderr
2024-04-25T02:08:25.470+0000 7f33ccf93700 1 -- --> [v2:172.21.15.90:3300/0,v1:172.21.15.90:6789/0] -- mon_getmap magic: 0 -- 0x7f33c81085a0 con 0x7f33c8107bb0
2024-04-25T02:08:31.755 INFO:teuthology.orchestra.run.smithi090.stdout:/usr/bin/ceph: stderr
2024-04-25T02:08:25.470+0000 7f33c659c700 1 --2- >> [v2:172.21.15.90:3300/0,v1:172.21.15.90:6789/0] conn(0x7f33c8107bb0 0x7f33c8107fd0 unknown :-1 s=BANNER_CONNECTING pgs=0 cs=0 l=0 rev1=0 crypto rx=0 tx=0 comp rx=0 tx=0)._handle_peer_banner_payload supported=3 required=0
2024-04-25T02:08:31.755 INFO:teuthology.orchestra.run.smithi090.stdout:/usr/bin/ceph: stderr
2024-04-25T02:08:25.470+0000 7f33c659c700 1 --2- >> [v2:172.21.15.90:3300/0,v1:172.21.15.90:6789/0] conn(0x7f33c8107bb0 0x7f33c8107fd0 unknown :-1 s=HELLO_CONNECTING pgs=0 cs=0 l=0 rev1=1 crypto rx=0 tx=0 comp rx=0 tx=0).handle_hello peer v2:172.21.15.90:3300/0 says I am v2:172.21.15.90:42030/0 (socket says 172.21.15.90:42030)
2024-04-25T02:08:31.755 INFO:teuthology.orchestra.run.smithi090.stdout:/usr/bin/ceph: stderr
2024-04-25T02:08:25.470+0000 7f33c659c700 1 -- 172.21.15.90:0/3571273656 learned_addr learned my addr 172.21.15.90:0/3571273656 (peer_addr_for_me v2:172.21.15.90:0/0)
2024-04-25T02:08:31.755 INFO:teuthology.orchestra.run.smithi090.stdout:/usr/bin/ceph: stderr
2024-04-25T02:08:25.471+0000 7f33c659c700 1 -- 172.21.15.90:0/3571273656 --> [v2:172.21.15.90:3300/0,v1:172.21.15.90:6789/0] -- mon_subscribe({config=0+,monmap=0+}) -- 0x7f33c8108d60 con 0x7f33c8107bb0
2024-04-25T02:08:31.755 INFO:teuthology.orchestra.run.smithi090.stdout:/usr/bin/ceph: stderr
2024-04-25T02:08:25.471+0000 7f33c659c700 1 --2- 172.21.15.90:0/3571273656 >> [v2:172.21.15.90:3300/0,v1:172.21.15.90:6789/0] conn(0x7f33c8107bb0 0x7f33c8107fd0 secure :-1 s=READY pgs=59 cs=0 l=1 rev1=1 crypto rx=0x7f33b80098a0 tx=0x7f33b8009bb0 comp rx=0 tx=0).ready entity=mon.0 client_cookie=874ec53febb71ad6 server_cookie=0 in_seq=0 out_seq=0
2024-04-25T02:08:31.755 INFO:teuthology.orchestra.run.smithi090.stdout:/usr/bin/ceph: stderr
2024-04-25T02:08:25.471+0000 7f33c559a700 1 -- 172.21.15.90:0/3571273656 <== mon.0 v2:172.21.15.90:3300/0 1 ==== mon_map magic: 0 ==== 205+0+0 (secure 0 0 0) 0x7f33b8004160 con 0x7f33c8107bb0
2024-04-25T02:08:31.755 INFO:teuthology.orchestra.run.smithi090.stdout:/usr/bin/ceph: stderr
2024-04-25T02:08:25.471+0000 7f33c559a700 1 -- 172.21.15.90:0/3571273656 <== mon.0 v2:172.21.15.90:3300/0 2 ==== config(26 keys) ==== 1102+0+0 (secure 0 0 0) 0x7f33b8004300 con 0x7f33c8107bb0
2024-04-25T02:08:31.755 INFO:teuthology.orchestra.run.smithi090.stdout:/usr/bin/ceph: stderr
2024-04-25T02:08:25.471+0000 7f33c559a700 1 -- 172.21.15.90:0/3571273656 <== mon.0 v2:172.21.15.90:3300/0 3 ==== mon_map magic: 0 ==== 205+0+0 (secure 0 0 0) 0x7f33b8011a50 con 0x7f33c8107bb0
2024-04-25T02:08:31.755 INFO:teuthology.orchestra.run.smithi090.stdout:/usr/bin/ceph: stderr
2024-04-25T02:08:25.472+0000 7f33ccf93700 1 -- 172.21.15.90:0/3571273656 >> [v2:172.21.15.90:3300/0,v1:172.21.15.90:6789/0] conn(0x7f33c8107bb0 msgr2=0x7f33c8107fd0 secure :-1 s=STATE_CONNECTION_ESTABLISHED l=1).mark_down
2024-04-25T02:08:31.755 INFO:teuthology.orchestra.run.smithi090.stdout:/usr/bin/ceph: stderr
2024-04-25T02:08:25.472+0000 7f33ccf93700 1 --2- 172.21.15.90:0/3571273656 >> [v2:172.21.15.90:3300/0,v1:172.21.15.90:6789/0] conn(0x7f33c8107bb0 0x7f33c8107fd0 secure :-1 s=READY pgs=59 cs=0 l=1 rev1=1 crypto rx=0x7f33b80098a0 tx=0x7f33b8009bb0 comp rx=0 tx=0).stop
2024-04-25T02:08:31.756 INFO:teuthology.orchestra.run.smithi090.stdout:/usr/bin/ceph: stderr
2024-04-25T02:08:25.472+0000 7f33ccf93700 1 -- 172.21.15.90:0/3571273656 shutdown_connections
2024-04-25T02:08:31.756 INFO:teuthology.orchestra.run.smithi090.stdout:/usr/bin/ceph: stderr
2024-04-25T02:08:25.472+0000 7f33ccf93700 1 --2- 172.21.15.90:0/3571273656 >> [v2:172.21.15.90:3300/0,v1:172.21.15.90:6789/0] conn(0x7f33c8107bb0 0x7f33c8107fd0 unknown :-1 s=CLOSED pgs=59 cs=0 l=1 rev1=1 crypto rx=0 tx=0 comp rx=0 tx=0).stop
2024-04-25T02:08:31.756 INFO:teuthology.orchestra.run.smithi090.stdout:/usr/bin/ceph: stderr
2024-04-25T02:08:25.472+0000 7f33ccf93700 1 -- 172.21.15.90:0/3571273656 >> 172.21.15.90:0/3571273656 conn(0x7f33c8103110 msgr2=0x7f33c8105590 unknown :-1 s=STATE_NONE l=0).mark_down
2024-04-25T02:08:31.756 INFO:teuthology.orchestra.run.smithi090.stdout:/usr/bin/ceph: stderr
2024-04-25T02:08:25.472+0000 7f33ccf93700 1 -- 172.21.15.90:0/3571273656 shutdown_connections
