2024-04-25T02:09:17.592+0000 7f499e3f6700 1 --2- 172.21.15.16:0/1184582464 >> [v2:172.21.15.16:3300/0,v1:172.21.15.16:6789/0] conn(0x7f4998107e70 0x7f4998108290 unknown :-1 s=CLOSED pgs=22 cs=0 l=1 rev1=1 crypto rx=0 tx=0 comp rx=0 tx=0).stop
2024-04-25T02:09:18.944 INFO:teuthology.orchestra.run.smithi016.stdout:/usr/bin/ceph: stderr
2024-04-25T02:09:17.592+0000 7f499e3f6700 1 -- 172.21.15.16:0/1184582464 >> 172.21.15.16:0/1184582464 conn(0x7f49981034a0 msgr2=0x7f49981058c0 unknown :-1 s=STATE_NONE l=0).mark_down
2024-04-25T02:09:18.944 INFO:teuthology.orchestra.run.smithi016.stdout:/usr/bin/ceph: stderr
2024-04-25T02:09:17.592+0000 7f499e3f6700 1 -- 172.21.15.16:0/1184582464 shutdown_connections
2024-04-25T02:09:18.944 INFO:teuthology.orchestra.run.smithi016.stdout:/usr/bin/ceph: stderr
2024-04-25T02:09:17.592+0000 7f499e3f6700 1 -- 172.21.15.16:0/1184582464 wait complete.
2024-04-25T02:09:18.944 INFO:teuthology.orchestra.run.smithi016.stdout:/usr/bin/ceph: stderr
2024-04-25T02:09:17.592+0000 7f499e3f6700 1 Processor -- start
2024-04-25T02:09:18.944 INFO:teuthology.orchestra.run.smithi016.stdout:/usr/bin/ceph: stderr
2024-04-25T02:09:17.592+0000 7f499e3f6700 1 -- start start
2024-04-25T02:09:18.944 INFO:teuthology.orchestra.run.smithi016.stdout:/usr/bin/ceph: stderr
2024-04-25T02:09:17.593+0000 7f499e3f6700 1 --2- >> [v2:172.21.15.16:3300/0,v1:172.21.15.16:6789/0] conn(0x7f4998107e70 0x7f499807db00 unknown :-1 s=NONE pgs=0 cs=0 l=1 rev1=0 crypto rx=0 tx=0 comp rx=0 tx=0).connect
2024-04-25T02:09:18.944 INFO:teuthology.orchestra.run.smithi016.stdout:/usr/bin/ceph: stderr
2024-04-25T02:09:17.593+0000 7f499e3f6700 1 -- --> [v2:172.21.15.16:3300/0,v1:172.21.15.16:6789/0] -- mon_getmap magic: 0 -- 0x7f499810c320 con 0x7f4998107e70
2024-04-25T02:09:18.944 INFO:teuthology.orchestra.run.smithi016.stdout:/usr/bin/ceph: stderr
2024-04-25T02:09:17.593+0000 7f4997fff700 1 --2- >> [v2:172.21.15.16:3300/0,v1:172.21.15.16:6789/0] conn(0x7f4998107e70 0x7f499807db00 unknown :-1 s=BANNER_CONNECTING pgs=0 cs=0 l=1 rev1=0 crypto rx=0 tx=0 comp rx=0 tx=0)._handle_peer_banner_payload supported=3 required=0
2024-04-25T02:09:18.944 INFO:teuthology.orchestra.run.smithi016.stdout:/usr/bin/ceph: stderr
2024-04-25T02:09:17.593+0000 7f4997fff700 1 --2- >> [v2:172.21.15.16:3300/0,v1:172.21.15.16:6789/0] conn(0x7f4998107e70 0x7f499807db00 unknown :-1 s=HELLO_CONNECTING pgs=0 cs=0 l=1 rev1=1 crypto rx=0 tx=0 comp rx=0 tx=0).handle_hello peer v2:172.21.15.16:3300/0 says I am v2:172.21.15.16:44924/0 (socket says 172.21.15.16:44924)
2024-04-25T02:09:18.944 INFO:teuthology.orchestra.run.smithi016.stdout:/usr/bin/ceph: stderr
2024-04-25T02:09:17.593+0000 7f4997fff700 1 -- 172.21.15.16:0/1763627666 learned_addr learned my addr 172.21.15.16:0/1763627666 (peer_addr_for_me v2:172.21.15.16:0/0)
2024-04-25T02:09:18.944 INFO:teuthology.orchestra.run.smithi016.stdout:/usr/bin/ceph: stderr
2024-04-25T02:09:17.593+0000 7f4997fff700 1 -- 172.21.15.16:0/1763627666 --> [v2:172.21.15.16:3300/0,v1:172.21.15.16:6789/0] -- mon_subscribe({config=0+,monmap=0+}) -- 0x7f499807e040 con 0x7f4998107e70
2024-04-25T02:09:18.944 INFO:teuthology.orchestra.run.smithi016.stdout:/usr/bin/ceph: stderr
2024-04-25T02:09:17.593+0000 7f4997fff700 1 --2- 172.21.15.16:0/1763627666 >> [v2:172.21.15.16:3300/0,v1:172.21.15.16:6789/0] conn(0x7f4998107e70 0x7f499807db00 secure :-1 s=READY pgs=23 cs=0 l=1 rev1=1 crypto rx=0x7f4988009fb0 tx=0x7f4988003980 comp rx=0 tx=0).ready entity=mon.0 client_cookie=0 server_cookie=0 in_seq=0 out_seq=0
2024-04-25T02:09:18.944 INFO:teuthology.orchestra.run.smithi016.stdout:/usr/bin/ceph: stderr
2024-04-25T02:09:17.593+0000 7f49957fa700 1 -- 172.21.15.16:0/1763627666 <== mon.0 v2:172.21.15.16:3300/0 1 ==== mon_map magic: 0 ==== 205+0+0 (secure 0 0 0) 0x7f4988011dd0 con 0x7f4998107e70
2024-04-25T02:09:18.944 INFO:teuthology.orchestra.run.smithi016.stdout:/usr/bin/ceph: stderr
2024-04-25T02:09:17.593+0000 7f49957fa700 1 -- 172.21.15.16:0/1763627666 <== mon.0 v2:172.21.15.16:3300/0 2 ==== config(29 keys) ==== 1178+0+0 (secure 0 0 0) 0x7f498801a430 con 0x7f4998107e70
2024-04-25T02:09:18.945 INFO:teuthology.orchestra.run.smithi016.stdout:/usr/bin/ceph: stderr
2024-04-25T02:09:17.593+0000 7f499e3f6700 1 -- 172.21.15.16:0/1763627666 --> [v2:172.21.15.16:3300/0,v1:172.21.15.16:6789/0] -- mon_subscribe({mgrmap=0+}) -- 0x7f499807c230 con 0x7f4998107e70
2024-04-25T02:09:18.945 INFO:teuthology.orchestra.run.smithi016.stdout:/usr/bin/ceph: stderr
2024-04-25T02:09:17.593+0000 7f49957fa700 1 -- 172.21.15.16:0/1763627666 <== mon.0 v2:172.21.15.16:3300/0 3 ==== mon_map magic: 0 ==== 205+0+0 (secure 0 0 0) 0x7f4988019610 con 0x7f4998107e70
2024-04-25T02:09:18.945 INFO:teuthology.orchestra.run.smithi016.stdout:/usr/bin/ceph: stderr
2024-04-25T02:09:17.594+0000 7f499e3f6700 1 -- 172.21.15.16:0/1763627666 --> [v2:172.21.15.16:3300/0,v1:172.21.15.16:6789/0] -- mon_subscribe({osdmap=0}) -- 0x7f499807c770 con 0x7f4998107e70
2024-04-25T02:09:18.945 INFO:teuthology.orchestra.run.smithi016.stdout:/usr/bin/ceph: stderr
2024-04-25T02:09:17.594+0000 7f49957fa700 1 -- 172.21.15.16:0/1763627666 <== mon.0 v2:172.21.15.16:3300/0 4 ==== mgrmap(e 4) ==== 46276+0+0 (secure 0 0 0) 0x7f49880198c0 con 0x7f4998107e70
2024-04-25T02:09:18.945 INFO:teuthology.orchestra.run.smithi016.stdout:/usr/bin/ceph: stderr
2024-04-25T02:09:17.595+0000 7f499e3f6700 1 -- 172.21.15.16:0/1763627666 --> [v2:172.21.15.16:3300/0,v1:172.21.15.16:6789/0] -- mon_command({"prefix": "get_command_descriptions"} v 0) -- 0x7f4998063890 con 0x7f4998107e70
2024-04-25T02:09:18.945 INFO:teuthology.orchestra.run.smithi016.stdout:/usr/bin/ceph: stderr
2024-04-25T02:09:17.595+0000 7f49957fa700 1 --2- 172.21.15.16:0/1763627666 >> [v2:172.21.15.16:6800/1722831316,v1:172.21.15.16:6801/1722831316] conn(0x7f4984039000 0x7f498403b4c0 unknown :-1 s=NONE pgs=0 cs=0 l=1 rev1=0 crypto rx=0 tx=0 comp rx=0 tx=0).connect
2024-04-25T02:09:18.945 INFO:teuthology.orchestra.run.smithi016.stdout:/usr/bin/ceph: stderr
2024-04-25T02:09:17.595+0000 7f49957fa700 1 -- 172.21.15.16:0/1763627666 <== mon.0 v2:172.21.15.16:3300/0 5 ==== osd_map(1..1 src has 1..1) ==== 725+0+0 (secure 0 0 0) 0x7f498804d250 con 0x7f4998107e70
2024-04-25T02:09:18.945 INFO:teuthology.orchestra.run.smithi016.stdout:/usr/bin/ceph: stderr
2024-04-25T02:09:17.595+0000 7f49977fe700 1 --2- 172.21.15.16:0/1763627666 >> [v2:172.21.15.16:6800/1722831316,v1:172.21.15.16:6801/1722831316] conn(0x7f4984039000 0x7f498403b4c0 unknown :-1 s=BANNER_CONNECTING pgs=0 cs=0 l=1 rev1=0 crypto rx=0 tx=0 comp rx=0 tx=0)._handle_peer_banner_payload supported=3 required=0
2024-04-25T02:09:18.945 INFO:teuthology.orchestra.run.smithi016.stdout:/usr/bin/ceph: stderr
2024-04-25T02:09:17.595+0000 7f49977fe700 1 --2- 172.21.15.16:0/1763627666 >> [v2:172.21.15.16:6800/1722831316,v1:172.21.15.16:6801/1722831316] conn(0x7f4984039000 0x7f498403b4c0 secure :-1 s=READY pgs=8 cs=0 l=1 rev1=1 crypto rx=0x7f4980006fd0 tx=0x7f4980006e40 comp rx=0 tx=0).ready entity=mgr.14100 client_cookie=0 server_cookie=0 in_seq=0 out_seq=0
2024-04-25T02:09:18.945 INFO:teuthology.orchestra.run.smithi016.stdout:/usr/bin/ceph: stderr
2024-04-25T02:09:17.600+0000 7f49957fa700 1 -- 172.21.15.16:0/1763627666 <== mon.0 v2:172.21.15.16:3300/0 6 ==== mon_command_ack([{"prefix": "get_command_descriptions"}]=0 v0) ==== 72+0+186147 (secure 0 0 0) 0x7f49880042a0 con 0x7f4998107e70
2024-04-25T02:09:18.945 INFO:teuthology.orchestra.run.smithi016.stdout:/usr/bin/ceph: stderr
2024-04-25T02:09:17.867+0000 7f499e3f6700 1 -- 172.21.15.16:0/1763627666 --> [v2:172.21.15.16:3300/0,v1:172.21.15.16:6789/0] -- mon_command({"prefix": "mgr module enable", "module": "cephadm"} v 0) -- 0x7f499807cf40 con 0x7f4998107e70
2024-04-25T02:09:18.945 INFO:teuthology.orchestra.run.smithi016.stdout:/usr/bin/ceph: stderr
2024-04-25T02:09:18.319+0000 7f49957fa700 1 -- 172.21.15.16:0/1763627666 <== mon.0 v2:172.21.15.16:3300/0 7 ==== mon_command_ack([{"prefix": "mgr module enable", "module": "cephadm"}]=0 v5) ==== 86+0+0 (secure 0 0 0) 0x7f498801a650 con 0x7f4998107e70
2024-04-25T02:09:18.945 INFO:teuthology.orchestra.run.smithi016.stdout:/usr/bin/ceph: stderr
2024-04-25T02:09:18.320+0000 7f49957fa700 1 -- 172.21.15.16:0/1763627666 <== mon.0 v2:172.21.15.16:3300/0 8 ==== mgrmap(e 5) ==== 46287+0+0 (secure 0 0 0) 0x7f498802d440 con 0x7f4998107e70
2024-04-25T02:09:18.945 INFO:teuthology.orchestra.run.smithi016.stdout:/usr/bin/ceph: stderr
2024-04-25T02:09:18.322+0000 7f499e3f6700 1 -- 172.21.15.16:0/1763627666 >> [v2:172.21.15.16:6800/1722831316,v1:172.21.15.16:6801/1722831316] conn(0x7f4984039000 msgr2=0x7f498403b4c0 secure :-1 s=STATE_CONNECTION_ESTABLISHED l=1).mark_down
2024-04-25T02:09:18.945 INFO:teuthology.orchestra.run.smithi016.stdout:/usr/bin/ceph: stderr
2024-04-25T02:09:18.322+0000 7f499e3f6700 1 --2- 172.21.15.16:0/1763627666 >> [v2:172.21.15.16:6800/1722831316,v1:172.21.15.16:6801/1722831316] conn(0x7f4984039000 0x7f498403b4c0 secure :-1 s=READY pgs=8 cs=0 l=1 rev1=1 crypto rx=0x7f4980006fd0 tx=0x7f4980006e40 comp rx=0 tx=0).stop
2024-04-25T02:09:18.946 INFO:teuthology.orchestra.run.smithi016.stdout:/usr/bin/ceph: stderr
2024-04-25T02:09:18.322+0000 7f499e3f6700 1 -- 172.21.15.16:0/1763627666 >> [v2:172.21.15.16:3300/0,v1:172.21.15.16:6789/0] conn(0x7f4998107e70 msgr2=0x7f499807db00 secure :-1 s=STATE_CONNECTION_ESTABLISHED l=1).mark_down
2024-04-25T02:09:18.946 INFO:teuthology.orchestra.run.smithi016.stdout:/usr/bin/ceph: stderr
2024-04-25T02:09:18.322+0000 7f499e3f6700 1 --2- 172.21.15.16:0/1763627666 >> [v2:172.21.15.16:3300/0,v1:172.21.15.16:6789/0] conn(0x7f4998107e70 0x7f499807db00 secure :-1 s=READY pgs=23 cs=0 l=1 rev1=1 crypto rx=0x7f4988009fb0 tx=0x7f4988003980 comp rx=0 tx=0).stop
2024-04-25T02:09:18.946 INFO:teuthology.orchestra.run.smithi016.stdout:/usr/bin/ceph: stderr
2024-04-25T02:09:18.322+0000 7f499e3f6700 1 -- 172.21.15.16:0/1763627666 shutdown_connections
2024-04-25T02:09:18.946 INFO:teuthology.orchestra.run.smithi016.stdout:/usr/bin/ceph: stderr
2024-04-25T02:09:18.322+0000 7f499e3f6700 1 --2- 172.21.15.16:0/1763627666 >> [v2:172.21.15.16:6800/1722831316,v1:172.21.15.16:6801/1722831316] conn(0x7f4984039000 0x7f498403b4c0 unknown :-1 s=CLOSED pgs=8 cs=0 l=1 rev1=1 crypto rx=0 tx=0 comp rx=0 tx=0).stop
2024-04-25T02:09:18.946 INFO:teuthology.orchestra.run.smithi016.stdout:/usr/bin/ceph: stderr
2024-04-25T02:09:18.322+0000 7f499e3f6700 1 --2- 172.21.15.16:0/1763627666 >> [v2:172.21.15.16:3300/0,v1:172.21.15.16:6789/0] conn(0x7f4998107e70 0x7f499807db00 unknown :-1 s=CLOSED pgs=23 cs=0 l=1 rev1=1 crypto rx=0 tx=0 comp rx=0 tx=0).stop
2024-04-25T02:09:18.946 INFO:teuthology.orchestra.run.smithi016.stdout:/usr/bin/ceph: stderr
2024-04-25T02:09:18.322+0000 7f499e3f6700 1 -- 172.21.15.16:0/1763627666 >> 172.21.15.16:0/1763627666 conn(0x7f49981034a0 msgr2=0x7f49981040a0 unknown :-1 s=STATE_NONE l=0).mark_down
2024-04-25T02:09:18.946 INFO:teuthology.orchestra.run.smithi016.stdout:/usr/bin/ceph: stderr
2024-04-25T02:09:18.322+0000 7f499e3f6700 1 -- 172.21.15.16:0/1763627666 shutdown_connections
2024-04-25T02:09:18.946 INFO:teuthology.orchestra.run.smithi016.stdout:/usr/bin/ceph: stderr
2024-04-25T02:09:18.322+0000 7f499e3f6700 1 -- 172.21.15.16:0/1763627666 wait complete.
2024-04-25T02:09:19.187 INFO:journalctl@ceph.mgr.x.smithi016.stdout:Apr 25 02:09:19 smithi016 ceph-9e679096-02a8-11ef-bc93-c7b262605968-mgr-x[29544]:
2024-04-25T02:09:19.138+0000 7faf62347200 -1 mgr[py] Module progress has missing NOTIFY_TYPES member
2024-04-25T02:09:19.438 INFO:journalctl@ceph.mgr.x.smithi016.stdout:Apr 25 02:09:19 smithi016 ceph-9e679096-02a8-11ef-bc93-c7b262605968-mgr-x[29544]:
2024-04-25T02:09:19.229+0000 7faf62347200 -1 mgr[py] Module influx has missing NOTIFY_TYPES member
2024-04-25T02:09:19.439 INFO:journalctl@ceph.mon.a.smithi016.stdout:Apr 25 02:09:19 smithi016 ceph-mon[29309]: from='client.? 172.21.15.16:0/1763627666' entity='client.admin' cmd='[{"prefix": "mgr module enable", "module": "cephadm"}]': finished
2024-04-25T02:09:19.439 INFO:journalctl@ceph.mon.a.smithi016.stdout:Apr 25 02:09:19 smithi016 ceph-mon[29309]: mgrmap e5: x(active, since 6s)
2024-04-25T02:09:20.161 INFO:teuthology.orchestra.run.smithi016.stdout:/usr/bin/ceph: stdout {
2024-04-25T02:09:20.162 INFO:teuthology.orchestra.run.smithi016.stdout:/usr/bin/ceph: stdout "epoch": 5,
2024-04-25T02:09:20.162 INFO:teuthology.orchestra.run.smithi016.stdout:/usr/bin/ceph: stdout "available": true,
2024-04-25T02:09:20.162 INFO:teuthology.orchestra.run.smithi016.stdout:/usr/bin/ceph: stdout "active_name": "x",
2024-04-25T02:09:20.162 INFO:teuthology.orchestra.run.smithi016.stdout:/usr/bin/ceph: stdout "num_standby": 0
2024-04-25T02:09:20.162 INFO:teuthology.orchestra.run.smithi016.stdout:/usr/bin/ceph: stdout }
2024-04-25T02:09:20.163 INFO:teuthology.orchestra.run.smithi016.stdout:/usr/bin/ceph: stderr
2024-04-25T02:09:19.281+0000 7f00cf30b700 1 Processor -- start
2024-04-25T02:09:20.163 INFO:teuthology.orchestra.run.smithi016.stdout:/usr/bin/ceph: stderr
2024-04-25T02:09:19.282+0000 7f00cf30b700 1 -- start start
2024-04-25T02:09:20.163 INFO:teuthology.orchestra.run.smithi016.stdout:/usr/bin/ceph: stderr
2024-04-25T02:09:19.282+0000 7f00cf30b700 1 --2- >> [v2:172.21.15.16:3300/0,v1:172.21.15.16:6789/0] conn(0x7f00c807ddd0 0x7f00c807c2d0 unknown :-1 s=NONE pgs=0 cs=0 l=0 rev1=0 crypto rx=0 tx=0 comp rx=0 tx=0).connect
2024-04-25T02:09:20.163 INFO:teuthology.orchestra.run.smithi016.stdout:/usr/bin/ceph: stderr
2024-04-25T02:09:19.282+0000 7f00cf30b700 1 -- --> [v2:172.21.15.16:3300/0,v1:172.21.15.16:6789/0] -- mon_getmap magic: 0 -- 0x7f00c807c810 con 0x7f00c807ddd0
2024-04-25T02:09:20.163 INFO:teuthology.orchestra.run.smithi016.stdout:/usr/bin/ceph: stderr
2024-04-25T02:09:19.282+0000 7f00cd0a7700 1 --2- >> [v2:172.21.15.16:3300/0,v1:172.21.15.16:6789/0] conn(0x7f00c807ddd0 0x7f00c807c2d0 unknown :-1 s=BANNER_CONNECTING pgs=0 cs=0 l=0 rev1=0 crypto rx=0 tx=0 comp rx=0 tx=0)._handle_peer_banner_payload supported=3 required=0
2024-04-25T02:09:20.163 INFO:teuthology.orchestra.run.smithi016.stdout:/usr/bin/ceph: stderr
2024-04-25T02:09:19.282+0000 7f00cd0a7700 1 --2- >> [v2:172.21.15.16:3300/0,v1:172.21.15.16:6789/0] conn(0x7f00c807ddd0 0x7f00c807c2d0 unknown :-1 s=HELLO_CONNECTING pgs=0 cs=0 l=0 rev1=1 crypto rx=0 tx=0 comp rx=0 tx=0).handle_hello peer v2:172.21.15.16:3300/0 says I am v2:172.21.15.16:44948/0 (socket says 172.21.15.16:44948)
2024-04-25T02:09:20.164 INFO:teuthology.orchestra.run.smithi016.stdout:/usr/bin/ceph: stderr
2024-04-25T02:09:19.282+0000 7f00cd0a7700 1 -- 172.21.15.16:0/2465303590 learned_addr learned my addr 172.21.15.16:0/2465303590 (peer_addr_for_me v2:172.21.15.16:0/0)
2024-04-25T02:09:20.164 INFO:teuthology.orchestra.run.smithi016.stdout:/usr/bin/ceph: stderr
2024-04-25T02:09:19.282+0000 7f00cd0a7700 1 -- 172.21.15.16:0/2465303590 --> [v2:172.21.15.16:3300/0,v1:172.21.15.16:6789/0] -- mon_subscribe({config=0+,monmap=0+}) -- 0x7f00c807c990 con 0x7f00c807ddd0
2024-04-25T02:09:20.164 INFO:teuthology.orchestra.run.smithi016.stdout:/usr/bin/ceph: stderr
2024-04-25T02:09:19.283+0000 7f00cd0a7700 1 --2- 172.21.15.16:0/2465303590 >> [v2:172.21.15.16:3300/0,v1:172.21.15.16:6789/0] conn(0x7f00c807ddd0 0x7f00c807c2d0 secure :-1 s=READY pgs=26 cs=0 l=1 rev1=1 crypto rx=0x7f00c40098a0 tx=0x7f00c4009bb0 comp rx=0 tx=0).ready entity=mon.0 client_cookie=3b7772cdd04759d8 server_cookie=0 in_seq=0 out_seq=0
2024-04-25T02:09:20.164 INFO:teuthology.orchestra.run.smithi016.stdout:/usr/bin/ceph: stderr
2024-04-25T02:09:19.283+0000 7f00bbfff700 1 -- 172.21.15.16:0/2465303590 <== mon.0 v2:172.21.15.16:3300/0 1 ==== mon_map magic: 0 ==== 205+0+0 (secure 0 0 0) 0x7f00c4004160 con 0x7f00c807ddd0
2024-04-25T02:09:20.164 INFO:teuthology.orchestra.run.smithi016.stdout:/usr/bin/ceph: stderr
2024-04-25T02:09:19.283+0000 7f00bbfff700 1 -- 172.21.15.16:0/2465303590 <== mon.0 v2:172.21.15.16:3300/0 2 ==== config(29 keys) ==== 1178+0+0 (secure 0 0 0) 0x7f00c4004300 con 0x7f00c807ddd0
2024-04-25T02:09:20.164 INFO:teuthology.orchestra.run.smithi016.stdout:/usr/bin/ceph: stderr
2024-04-25T02:09:19.283+0000 7f00bbfff700 1 -- 172.21.15.16:0/2465303590 <== mon.0 v2:172.21.15.16:3300/0 3 ==== mon_map magic: 0 ==== 205+0+0 (secure 0 0 0) 0x7f00c4011cc0 con 0x7f00c807ddd0
2024-04-25T02:09:20.164 INFO:teuthology.orchestra.run.smithi016.stdout:/usr/bin/ceph: stderr
2024-04-25T02:09:19.283+0000 7f00cf30b700 1 -- 172.21.15.16:0/2465303590 >> [v2:172.21.15.16:3300/0,v1:172.21.15.16:6789/0] conn(0x7f00c807ddd0 msgr2=0x7f00c807c2d0 secure :-1 s=STATE_CONNECTION_ESTABLISHED l=1).mark_down
2024-04-25T02:09:20.165 INFO:teuthology.orchestra.run.smithi016.stdout:/usr/bin/ceph: stderr
2024-04-25T02:09:19.283+0000 7f00cf30b700 1 --2- 172.21.15.16:0/2465303590 >> [v2:172.21.15.16:3300/0,v1:172.21.15.16:6789/0] conn(0x7f00c807ddd0 0x7f00c807c2d0 secure :-1 s=READY pgs=26 cs=0 l=1 rev1=1 crypto rx=0x7f00c40098a0 tx=0x7f00c4009bb0 comp rx=0 tx=0).stop
2024-04-25T02:09:20.165 INFO:teuthology.orchestra.run.smithi016.stdout:/usr/bin/ceph: stderr
2024-04-25T02:09:19.283+0000 7f00cf30b700 1 -- 172.21.15.16:0/2465303590 shutdown_connections
2024-04-25T02:09:20.165 INFO:teuthology.orchestra.run.smithi016.stdout:/usr/bin/ceph: stderr
2024-04-25T02:09:19.283+0000 7f00cf30b700 1 --2- 172.21.15.16:0/2465303590 >> [v2:172.21.15.16:3300/0,v1:172.21.15.16:6789/0] conn(0x7f00c807ddd0 0x7f00c807c2d0 unknown :-1 s=CLOSED pgs=26 cs=0 l=1 rev1=1 crypto rx=0 tx=0 comp rx=0 tx=0).stop
2024-04-25T02:09:20.165 INFO:teuthology.orchestra.run.smithi016.stdout:/usr/bin/ceph: stderr
2024-04-25T02:09:19.283+0000 7f00cf30b700 1 -- 172.21.15.16:0/2465303590 >> 172.21.15.16:0/2465303590 conn(0x7f00c8103490 msgr2=0x7f00c81058d0 unknown :-1 s=STATE_NONE l=0).mark_down
2024-04-25T02:09:20.165 INFO:teuthology.orchestra.run.smithi016.stdout:/usr/bin/ceph: stderr
2024-04-25T02:09:19.284+0000 7f00cf30b700 1 -- 172.21.15.16:0/2465303590 shutdown_connections
2024-04-25T02:09:20.165 INFO:teuthology.orchestra.run.smithi016.stdout:/usr/bin/ceph: stderr
2024-04-25T02:09:19.284+0000 7f00cf30b700 1 -- 172.21.15.16:0/2465303590 wait complete.
2024-04-25T02:09:20.165 INFO:teuthology.orchestra.run.smithi016.stdout:/usr/bin/ceph: stderr
2024-04-25T02:09:19.284+0000 7f00cf30b700 1 Processor -- start
2024-04-25T02:09:20.166 INFO:teuthology.orchestra.run.smithi016.stdout:/usr/bin/ceph: stderr
2024-04-25T02:09:19.284+0000 7f00cf30b700 1 -- start start
2024-04-25T02:09:20.166 INFO:teuthology.orchestra.run.smithi016.stdout:/usr/bin/ceph: stderr
2024-04-25T02:09:19.284+0000 7f00cf30b700 1 --2- >> [v2:172.21.15.16:3300/0,v1:172.21.15.16:6789/0] conn(0x7f00c807ddd0 0x7f00c819e120 unknown :-1 s=NONE pgs=0 cs=0 l=1 rev1=0 crypto rx=0 tx=0 comp rx=0 tx=0).connect
2024-04-25T02:09:20.166 INFO:teuthology.orchestra.run.smithi016.stdout:/usr/bin/ceph: stderr
2024-04-25T02:09:19.284+0000 7f00cf30b700 1 -- --> [v2:172.21.15.16:3300/0,v1:172.21.15.16:6789/0] -- mon_getmap magic: 0 -- 0x7f00c810e520 con 0x7f00c807ddd0
2024-04-25T02:09:20.166 INFO:teuthology.orchestra.run.smithi016.stdout:/usr/bin/ceph: stderr
2024-04-25T02:09:19.285+0000 7f00cd0a7700 1 --2- >> [v2:172.21.15.16:3300/0,v1:172.21.15.16:6789/0] conn(0x7f00c807ddd0 0x7f00c819e120 unknown :-1 s=BANNER_CONNECTING pgs=0 cs=0 l=1 rev1=0 crypto rx=0 tx=0 comp rx=0 tx=0)._handle_peer_banner_payload supported=3 required=0
2024-04-25T02:09:20.166 INFO:teuthology.orchestra.run.smithi016.stdout:/usr/bin/ceph: stderr
2024-04-25T02:09:19.285+0000 7f00cd0a7700 1 --2- >> [v2:172.21.15.16:3300/0,v1:172.21.15.16:6789/0] conn(0x7f00c807ddd0 0x7f00c819e120 unknown :-1 s=HELLO_CONNECTING pgs=0 cs=0 l=1 rev1=1 crypto rx=0 tx=0 comp rx=0 tx=0).handle_hello peer v2:172.21.15.16:3300/0 says I am v2:172.21.15.16:44950/0 (socket says 172.21.15.16:44950)
2024-04-25T02:09:20.166 INFO:teuthology.orchestra.run.smithi016.stdout:/usr/bin/ceph: stderr
2024-04-25T02:09:19.285+0000 7f00cd0a7700 1 -- 172.21.15.16:0/1829758267 learned_addr learned my addr 172.21.15.16:0/1829758267 (peer_addr_for_me v2:172.21.15.16:0/0)
2024-04-25T02:09:20.166 INFO:teuthology.orchestra.run.smithi016.stdout:/usr/bin/ceph: stderr
2024-04-25T02:09:19.285+0000 7f00cd0a7700 1 -- 172.21.15.16:0/1829758267 --> [v2:172.21.15.16:3300/0,v1:172.21.15.16:6789/0] -- mon_subscribe({config=0+,monmap=0+}) -- 0x7f00c819e660 con 0x7f00c807ddd0
2024-04-25T02:09:20.166 INFO:teuthology.orchestra.run.smithi016.stdout:/usr/bin/ceph: stderr
2024-04-25T02:09:19.285+0000 7f00cd0a7700 1 --2- 172.21.15.16:0/1829758267 >> [v2:172.21.15.16:3300/0,v1:172.21.15.16:6789/0] conn(0x7f00c807ddd0 0x7f00c819e120 secure :-1 s=READY pgs=27 cs=0 l=1 rev1=1 crypto rx=0x7f00c40038d0 tx=0x7f00c40039b0 comp rx=0 tx=0).ready entity=mon.0 client_cookie=0 server_cookie=0 in_seq=0 out_seq=0
2024-04-25T02:09:20.167 INFO:teuthology.orchestra.run.smithi016.stdout:/usr/bin/ceph: stderr
2024-04-25T02:09:19.285+0000 7f00ba7fc700 1 -- 172.21.15.16:0/1829758267 <== mon.0 v2:172.21.15.16:3300/0 1 ==== mon_map magic: 0 ==== 205+0+0 (secure 0 0 0) 0x7f00c4003dd0 con 0x7f00c807ddd0
2024-04-25T02:09:20.167 INFO:teuthology.orchestra.run.smithi016.stdout:/usr/bin/ceph: stderr
2024-04-25T02:09:19.285+0000 7f00ba7fc700 1 -- 172.21.15.16:0/1829758267 <== mon.0 v2:172.21.15.16:3300/0 2 ==== config(29 keys) ==== 1178+0+0 (secure 0 0 0) 0x7f00c4003f70 con 0x7f00c807ddd0
2024-04-25T02:09:20.167 INFO:teuthology.orchestra.run.smithi016.stdout:/usr/bin/ceph: stderr
2024-04-25T02:09:19.285+0000 7f00cf30b700 1 -- 172.21.15.16:0/1829758267 --> [v2:172.21.15.16:3300/0,v1:172.21.15.16:6789/0] -- mon_subscribe({mgrmap=0+}) -- 0x7f00c819e8f0 con 0x7f00c807ddd0
2024-04-25T02:09:20.167 INFO:teuthology.orchestra.run.smithi016.stdout:/usr/bin/ceph: stderr
2024-04-25T02:09:19.285+0000 7f00ba7fc700 1 -- 172.21.15.16:0/1829758267 <== mon.0 v2:172.21.15.16:3300/0 3 ==== mon_map magic: 0 ==== 205+0+0 (secure 0 0 0) 0x7f00c4024610 con 0x7f00c807ddd0
2024-04-25T02:09:20.167 INFO:teuthology.orchestra.run.smithi016.stdout:/usr/bin/ceph: stderr
2024-04-25T02:09:19.285+0000 7f00cf30b700 1 -- 172.21.15.16:0/1829758267 --> [v2:172.21.15.16:3300/0,v1:172.21.15.16:6789/0] -- mon_subscribe({osdmap=0}) -- 0x7f00c81a15e0 con 0x7f00c807ddd0
2024-04-25T02:09:20.167 INFO:teuthology.orchestra.run.smithi016.stdout:/usr/bin/ceph: stderr
2024-04-25T02:09:19.286+0000 7f00ba7fc700 1 -- 172.21.15.16:0/1829758267 <== mon.0 v2:172.21.15.16:3300/0 4 ==== mgrmap(e 5) ==== 46287+0+0 (secure 0 0 0) 0x7f00c402d3f0 con 0x7f00c807ddd0
2024-04-25T02:09:20.167 INFO:teuthology.orchestra.run.smithi016.stdout:/usr/bin/ceph: stderr
2024-04-25T02:09:19.286+0000 7f00cf30b700 1 -- 172.21.15.16:0/1829758267 --> [v2:172.21.15.16:3300/0,v1:172.21.15.16:6789/0] -- mon_command({"prefix": "get_command_descriptions"} v 0) -- 0x7f00c8063890 con 0x7f00c807ddd0
2024-04-25T02:09:20.167 INFO:teuthology.orchestra.run.smithi016.stdout:/usr/bin/ceph: stderr
2024-04-25T02:09:19.287+0000 7f00ba7fc700 1 --2- 172.21.15.16:0/1829758267 >> [v2:172.21.15.16:6800/1722831316,v1:172.21.15.16:6801/1722831316] conn(0x7f00b40390a0 0x7f00b403b560 unknown :-1 s=NONE pgs=0 cs=0 l=1 rev1=0 crypto rx=0 tx=0 comp rx=0 tx=0).connect
2024-04-25T02:09:20.167 INFO:teuthology.orchestra.run.smithi016.stdout:/usr/bin/ceph: stderr
2024-04-25T02:09:19.287+0000 7f00ba7fc700 1 -- 172.21.15.16:0/1829758267 <== mon.0 v2:172.21.15.16:3300/0 5 ==== osd_map(1..1 src has 1..1) ==== 725+0+0 (secure 0 0 0) 0x7f00c404d020 con 0x7f00c807ddd0
2024-04-25T02:09:20.168 INFO:teuthology.orchestra.run.smithi016.stdout:/usr/bin/ceph: stderr
2024-04-25T02:09:19.287+0000 7f00cc8a6700 1 -- 172.21.15.16:0/1829758267 >> [v2:172.21.15.16:6800/1722831316,v1:172.21.15.16:6801/1722831316] conn(0x7f00b40390a0 msgr2=0x7f00b403b560 unknown :-1 s=STATE_CONNECTING_RE l=1).process reconnect failed to v2:172.21.15.16:6800/1722831316
2024-04-25T02:09:20.168 INFO:teuthology.orchestra.run.smithi016.stdout:/usr/bin/ceph: stderr
2024-04-25T02:09:19.287+0000 7f00cc8a6700 1 --2- 172.21.15.16:0/1829758267 >> [v2:172.21.15.16:6800/1722831316,v1:172.21.15.16:6801/1722831316] conn(0x7f00b40390a0 0x7f00b403b560 unknown :-1 s=START_CONNECT pgs=0 cs=0 l=1 rev1=0 crypto rx=0 tx=0 comp rx=0 tx=0)._fault waiting 0.200000
2024-04-25T02:09:20.168 INFO:teuthology.orchestra.run.smithi016.stdout:/usr/bin/ceph: stderr
2024-04-25T02:09:19.292+0000 7f00ba7fc700 1 -- 172.21.15.16:0/1829758267 <== mon.0 v2:172.21.15.16:3300/0 6 ==== mon_command_ack([{"prefix": "get_command_descriptions"}]=0 v0) ==== 72+0+186147 (secure 0 0 0) 0x7f00c4004120 con 0x7f00c807ddd0
2024-04-25T02:09:20.168 INFO:teuthology.orchestra.run.smithi016.stdout:/usr/bin/ceph: stderr
2024-04-25T02:09:19.488+0000 7f00cc8a6700 1 -- 172.21.15.16:0/1829758267 >> [v2:172.21.15.16:6800/1722831316,v1:172.21.15.16:6801/1722831316] conn(0x7f00b40390a0 msgr2=0x7f00b403b560 unknown :-1 s=STATE_CONNECTING_RE l=1).process reconnect failed to v2:172.21.15.16:6800/1722831316
2024-04-25T02:09:20.168 INFO:teuthology.orchestra.run.smithi016.stdout:/usr/bin/ceph: stderr
2024-04-25T02:09:19.488+0000 7f00cc8a6700 1 --2- 172.21.15.16:0/1829758267 >> [v2:172.21.15.16:6800/1722831316,v1:172.21.15.16:6801/1722831316] conn(0x7f00b40390a0 0x7f00b403b560 unknown :-1 s=START_CONNECT pgs=0 cs=0 l=1 rev1=0 crypto rx=0 tx=0 comp rx=0 tx=0)._fault waiting 0.400000
2024-04-25T02:09:20.168 INFO:teuthology.orchestra.run.smithi016.stdout:/usr/bin/ceph: stderr
2024-04-25T02:09:19.557+0000 7f00cf30b700 1 -- 172.21.15.16:0/1829758267 --> [v2:172.21.15.16:3300/0,v1:172.21.15.16:6789/0] -- mon_command({"prefix": "mgr stat"} v 0) -- 0x7f00c81a17b0 con 0x7f00c807ddd0
2024-04-25T02:09:20.168 INFO:teuthology.orchestra.run.smithi016.stdout:/usr/bin/ceph: stderr
2024-04-25T02:09:19.558+0000 7f00ba7fc700 1 -- 172.21.15.16:0/1829758267 <== mon.0 v2:172.21.15.16:3300/0 7 ==== mon_command_ack([{"prefix": "mgr stat"}]=0 v5) ==== 56+0+88 (secure 0 0 0) 0x7f00c81a17b0 con 0x7f00c807ddd0
2024-04-25T02:09:20.168 INFO:teuthology.orchestra.run.smithi016.stdout:/usr/bin/ceph: stderr
2024-04-25T02:09:19.560+0000 7f00cf30b700 1 -- 172.21.15.16:0/1829758267 >> [v2:172.21.15.16:6800/1722831316,v1:172.21.15.16:6801/1722831316] conn(0x7f00b40390a0 msgr2=0x7f00b403b560 unknown :-1 s=STATE_CONNECTING l=1).mark_down
2024-04-25T02:09:20.169 INFO:teuthology.orchestra.run.smithi016.stdout:/usr/bin/ceph: stderr
2024-04-25T02:09:19.560+0000 7f00cf30b700 1 --2- 172.21.15.16:0/1829758267 >> [v2:172.21.15.16:6800/1722831316,v1:172.21.15.16:6801/1722831316] conn(0x7f00b40390a0 0x7f00b403b560 unknown :-1 s=START_CONNECT pgs=0 cs=0 l=1 rev1=0 crypto rx=0 tx=0 comp rx=0 tx=0).stop
2024-04-25T02:09:20.169 INFO:teuthology.orchestra.run.smithi016.stdout:/usr/bin/ceph: stderr
2024-04-25T02:09:19.560+0000 7f00cf30b700 1 -- 172.21.15.16:0/1829758267 >> [v2:172.21.15.16:3300/0,v1:172.21.15.16:6789/0] conn(0x7f00c807ddd0 msgr2=0x7f00c819e120 secure :-1 s=STATE_CONNECTION_ESTABLISHED l=1).mark_down
2024-04-25T02:09:20.169 INFO:teuthology.orchestra.run.smithi016.stdout:/usr/bin/ceph: stderr
2024-04-25T02:09:19.560+0000 7f00cf30b700 1 --2- 172.21.15.16:0/1829758267 >> [v2:172.21.15.16:3300/0,v1:172.21.15.16:6789/0] conn(0x7f00c807ddd0 0x7f00c819e120 secure :-1 s=READY pgs=27 cs=0 l=1 rev1=1 crypto rx=0x7f00c40038d0 tx=0x7f00c40039b0 comp rx=0 tx=0).stop
2024-04-25T02:09:20.169 INFO:teuthology.orchestra.run.smithi016.stdout:/usr/bin/ceph: stderr
2024-04-25T02:09:19.560+0000 7f00cf30b700 1 -- 172.21.15.16:0/1829758267 shutdown_connections
2024-04-25T02:09:20.169 INFO:teuthology.orchestra.run.smithi016.stdout:/usr/bin/ceph: stderr
2024-04-25T02:09:19.560+0000 7f00cf30b700 1 --2- 172.21.15.16:0/1829758267 >> [v2:172.21.15.16:6800/1722831316,v1:172.21.15.16:6801/1722831316] conn(0x7f00b40390a0 0x7f00b403b560 unknown :-1 s=CLOSED pgs=0 cs=0 l=1 rev1=0 crypto rx=0 tx=0 comp rx=0 tx=0).stop
2024-04-25T02:09:20.169 INFO:teuthology.orchestra.run.smithi016.stdout:/usr/bin/ceph: stderr
2024-04-25T02:09:19.560+0000 7f00cf30b700 1 --2- 172.21.15.16:0/1829758267 >> [v2:172.21.15.16:3300/0,v1:172.21.15.16:6789/0] conn(0x7f00c807ddd0 0x7f00c819e120 unknown :-1 s=CLOSED pgs=27 cs=0 l=1 rev1=1 crypto rx=0 tx=0 comp rx=0 tx=0).stop
2024-04-25T02:09:20.169 INFO:teuthology.orchestra.run.smithi016.stdout:/usr/bin/ceph: stderr
2024-04-25T02:09:19.560+0000 7f00cf30b700 1 -- 172.21.15.16:0/1829758267 >> 172.21.15.16:0/1829758267 conn(0x7f00c8103490 msgr2=0x7f00c8104090 unknown :-1 s=STATE_NONE l=0).mark_down
2024-04-25T02:09:20.170 INFO:teuthology.orchestra.run.smithi016.stdout:/usr/bin/ceph: stderr
2024-04-25T02:09:19.560+0000 7f00cf30b700 1 -- 172.21.15.16:0/1829758267 shutdown_connections
2024-04-25T02:09:20.170 INFO:teuthology.orchestra.run.smithi016.stdout:/usr/bin/ceph: stderr
2024-04-25T02:09:19.560+0000 7f00cf30b700 1 -- 172.21.15.16:0/1829758267 wait complete.
2024-04-25T02:09:20.170 INFO:teuthology.orchestra.run.smithi016.stdout:Waiting for the mgr to restart...
2024-04-25T02:09:20.170 INFO:teuthology.orchestra.run.smithi016.stdout:Waiting for mgr epoch 5...
2024-04-25T02:09:20.402 INFO:journalctl@ceph.mon.a.smithi016.stdout:Apr 25 02:09:20 smithi016 ceph-mon[29309]: from='client.? 172.21.15.16:0/1829758267' entity='client.admin' cmd=[{"prefix": "mgr stat"}]: dispatch
2024-04-25T02:09:20.794 INFO:journalctl@ceph.mgr.x.smithi016.stdout:Apr 25 02:09:20 smithi016 ceph-9e679096-02a8-11ef-bc93-c7b262605968-mgr-x[29544]:
2024-04-25T02:09:20.494+0000 7faf62347200 -1 mgr[py] Module telegraf has missing NOTIFY_TYPES member
2024-04-25T02:09:20.794 INFO:journalctl@ceph.mgr.x.smithi016.stdout:Apr 25 02:09:20 smithi016 ceph-9e679096-02a8-11ef-bc93-c7b262605968-mgr-x[29544]:
2024-04-25T02:09:20.674+0000 7faf62347200 -1 mgr[py] Module osd_support has missing NOTIFY_TYPES member
2024-04-25T02:09:21.154 INFO:journalctl@ceph.mgr.x.smithi016.stdout:Apr 25 02:09:20 smithi016 ceph-9e679096-02a8-11ef-bc93-c7b262605968-mgr-x[29544]:
2024-04-25T02:09:20.849+0000 7faf62347200 -1 mgr[py] Module iostat has missing NOTIFY_TYPES member
2024-04-25T02:09:21.154 INFO:journalctl@ceph.mgr.x.smithi016.stdout:Apr 25 02:09:21 smithi016 ceph-9e679096-02a8-11ef-bc93-c7b262605968-mgr-x[29544]:
2024-04-25T02:09:21.146+0000 7faf62347200 -1 mgr[py] Module alerts has missing NOTIFY_TYPES member
2024-04-25T02:09:21.438 INFO:journalctl@ceph.mgr.x.smithi016.stdout:Apr 25 02:09:21 smithi016 ceph-9e679096-02a8-11ef-bc93-c7b262605968-mgr-x[29544]:
2024-04-25T02:09:21.242+0000 7faf62347200 -1 mgr[py] Module selftest has missing NOTIFY_TYPES member
2024-04-25T02:09:21.938 INFO:journalctl@ceph.mgr.x.smithi016.stdout:Apr 25 02:09:21 smithi016 ceph-9e679096-02a8-11ef-bc93-c7b262605968-mgr-x[29544]:
2024-04-25T02:09:21.451+0000 7faf62347200 -1 mgr[py] Module pg_autoscaler has missing NOTIFY_TYPES member
2024-04-25T02:09:21.939 INFO:journalctl@ceph.mgr.x.smithi016.stdout:Apr 25 02:09:21 smithi016 ceph-9e679096-02a8-11ef-bc93-c7b262605968-mgr-x[29544]:
2024-04-25T02:09:21.649+0000 7faf62347200 -1 mgr[py] Module test_orchestrator has missing NOTIFY_TYPES member
2024-04-25T02:09:22.688 INFO:journalctl@ceph.mgr.x.smithi016.stdout:Apr 25 02:09:22 smithi016 ceph-9e679096-02a8-11ef-bc93-c7b262605968-mgr-x[29544]:
2024-04-25T02:09:22.273+0000 7faf62347200 -1 mgr[py] Module rook has missing NOTIFY_TYPES member
2024-04-25T02:09:23.025 INFO:journalctl@ceph.mgr.x.smithi016.stdout:Apr 25 02:09:22 smithi016 ceph-9e679096-02a8-11ef-bc93-c7b262605968-mgr-x[29544]:
2024-04-25T02:09:22.711+0000 7faf62347200 -1 mgr[py] Module volumes has missing NOTIFY_TYPES member
2024-04-25T02:09:23.026 INFO:journalctl@ceph.mgr.x.smithi016.stdout:Apr 25 02:09:22 smithi016 ceph-9e679096-02a8-11ef-bc93-c7b262605968-mgr-x[29544]:
2024-04-25T02:09:22.810+0000 7faf62347200 -1 mgr[py] Module crash has missing NOTIFY_TYPES member
2024-04-25T02:09:23.026 INFO:journalctl@ceph.mgr.x.smithi016.stdout:Apr 25 02:09:23 smithi016 ceph-9e679096-02a8-11ef-bc93-c7b262605968-mgr-x[29544]:
2024-04-25T02:09:23.018+0000 7faf62347200 -1 mgr[py] Module rgw has missing NOTIFY_TYPES member
2024-04-25T02:09:23.923 INFO:journalctl@ceph.mgr.x.smithi016.stdout:Apr 25 02:09:23 smithi016 ceph-9e679096-02a8-11ef-bc93-c7b262605968-mgr-x[29544]:
2024-04-25T02:09:23.570+0000 7faf62347200 -1 mgr[py] Module prometheus has missing NOTIFY_TYPES member
2024-04-25T02:09:23.924 INFO:journalctl@ceph.mgr.x.smithi016.stdout:Apr 25 02:09:23 smithi016 ceph-9e679096-02a8-11ef-bc93-c7b262605968-mgr-x[29544]:
2024-04-25T02:09:23.665+0000 7faf62347200 -1 mgr[py] Module devicehealth has missing NOTIFY_TYPES member
2024-04-25T02:09:24.189 INFO:journalctl@ceph.mgr.x.smithi016.stdout:Apr 25 02:09:23 smithi016 ceph-9e679096-02a8-11ef-bc93-c7b262605968-mgr-x[29544]:
2024-04-25T02:09:23.916+0000 7faf62347200 -1 mgr[py] Module telemetry has missing NOTIFY_TYPES member
2024-04-25T02:09:24.189 INFO:journalctl@ceph.mgr.x.smithi016.stdout:Apr 25 02:09:24 smithi016 ceph-9e679096-02a8-11ef-bc93-c7b262605968-mgr-x[29544]:
2024-04-25T02:09:24.054+0000 7faf62347200 -1 mgr[py] Module diskprediction_local has missing NOTIFY_TYPES member
2024-04-25T02:09:24.189 INFO:journalctl@ceph.mgr.x.smithi016.stdout:Apr 25 02:09:24 smithi016 ceph-9e679096-02a8-11ef-bc93-c7b262605968-mgr-x[29544]:
2024-04-25T02:09:24.151+0000 7faf62347200 -1 mgr[py] Module osd_perf_query has missing NOTIFY_TYPES member
2024-04-25T02:09:24.688 INFO:journalctl@ceph.mgr.x.smithi016.stdout:Apr 25 02:09:24 smithi016 ceph-9e679096-02a8-11ef-bc93-c7b262605968-mgr-x[29544]:
2024-04-25T02:09:24.270+0000 7faf62347200 -1 mgr[py] Module rbd_support has missing NOTIFY_TYPES member
2024-04-25T02:09:24.689 INFO:journalctl@ceph.mgr.x.smithi016.stdout:Apr 25 02:09:24 smithi016 ceph-9e679096-02a8-11ef-bc93-c7b262605968-mgr-x[29544]:
2024-04-25T02:09:24.365+0000 7faf62347200 -1 mgr[py] Module zabbix has missing NOTIFY_TYPES member
2024-04-25T02:09:25.487 INFO:journalctl@ceph.mgr.x.smithi016.stdout:Apr 25 02:09:25 smithi016 ceph-9e679096-02a8-11ef-bc93-c7b262605968-mgr-x[29544]:
2024-04-25T02:09:25.202+0000 7faf62347200 -1 mgr[py] Module status has missing NOTIFY_TYPES member
2024-04-25T02:09:25.487 INFO:journalctl@ceph.mgr.x.smithi016.stdout:Apr 25 02:09:25 smithi016 ceph-9e679096-02a8-11ef-bc93-c7b262605968-mgr-x[29544]:
2024-04-25T02:09:25.427+0000 7faf62347200 -1 mgr[py] Module nfs has missing NOTIFY_TYPES member
2024-04-25T02:09:25.939 INFO:journalctl@ceph.mon.a.smithi016.stdout:Apr 25 02:09:25 smithi016 ceph-mon[29309]: Active manager daemon x restarted
2024-04-25T02:09:25.939 INFO:journalctl@ceph.mon.a.smithi016.stdout:Apr 25 02:09:25 smithi016 ceph-mon[29309]: Activating manager daemon x
2024-04-25T02:09:25.939 INFO:journalctl@ceph.mon.a.smithi016.stdout:Apr 25 02:09:25 smithi016 ceph-mon[29309]: osdmap e2: 0 total, 0 up, 0 in
2024-04-25T02:09:25.939 INFO:journalctl@ceph.mon.a.smithi016.stdout:Apr 25 02:09:25 smithi016 ceph-mon[29309]: mgrmap e6: x(active, starting, since 0.00330883s)
2024-04-25T02:09:25.939 INFO:journalctl@ceph.mon.a.smithi016.stdout:Apr 25 02:09:25 smithi016 ceph-mon[29309]: from='mgr.14120 172.21.15.16:0/4138160168' entity='mgr.x' cmd=[{"prefix": "mon metadata", "id": "a"}]: dispatch
2024-04-25T02:09:25.939 INFO:journalctl@ceph.mon.a.smithi016.stdout:Apr 25 02:09:25 smithi016 ceph-mon[29309]: from='mgr.14120 172.21.15.16:0/4138160168' entity='mgr.x' cmd=[{"prefix": "mgr metadata", "who": "x", "id": "x"}]: dispatch
2024-04-25T02:09:25.939 INFO:journalctl@ceph.mon.a.smithi016.stdout:Apr 25 02:09:25 smithi016 ceph-mon[29309]: from='mgr.14120 172.21.15.16:0/4138160168' entity='mgr.x' cmd=[{"prefix": "mds metadata"}]: dispatch
2024-04-25T02:09:25.939 INFO:journalctl@ceph.mon.a.smithi016.stdout:Apr 25 02:09:25 smithi016 ceph-mon[29309]: from='mgr.14120 172.21.15.16:0/4138160168' entity='mgr.x' cmd=[{"prefix": "osd metadata"}]: dispatch
2024-04-25T02:09:25.940 INFO:journalctl@ceph.mon.a.smithi016.stdout:Apr 25 02:09:25 smithi016 ceph-mon[29309]: from='mgr.14120 172.21.15.16:0/4138160168' entity='mgr.x' cmd=[{"prefix": "mon metadata"}]: dispatch
2024-04-25T02:09:25.940 INFO:journalctl@ceph.mon.a.smithi016.stdout:Apr 25 02:09:25 smithi016 ceph-mon[29309]: Manager daemon x is now available
2024-04-25T02:09:25.940 INFO:journalctl@ceph.mon.a.smithi016.stdout:Apr 25 02:09:25 smithi016 ceph-mon[29309]: from='mgr.14120 172.21.15.16:0/4138160168' entity='mgr.x'
2024-04-25T02:09:25.940 INFO:journalctl@ceph.mon.a.smithi016.stdout:Apr 25 02:09:25 smithi016 ceph-mon[29309]: from='mgr.14120 172.21.15.16:0/4138160168' entity='mgr.x'
2024-04-25T02:09:25.940 INFO:journalctl@ceph.mon.a.smithi016.stdout:Apr 25 02:09:25 smithi016 ceph-mon[29309]: from='mgr.14120 172.21.15.16:0/4138160168' entity='mgr.x' cmd=[{"prefix": "config dump", "format": "json"}]: dispatch
2024-04-25T02:09:25.940 INFO:journalctl@ceph.mon.a.smithi016.stdout:Apr 25 02:09:25 smithi016 ceph-mon[29309]: from='mgr.14120 172.21.15.16:0/4138160168' entity='mgr.x' cmd=[{"prefix": "config dump", "format": "json"}]: dispatch
2024-04-25T02:09:25.940 INFO:journalctl@ceph.mon.a.smithi016.stdout:Apr 25 02:09:25 smithi016 ceph-mon[29309]: from='mgr.14120 172.21.15.16:0/4138160168' entity='mgr.x' cmd=[{"prefix":"config rm","who":"mgr","name":"mgr/rbd_support/x/mirror_snapshot_schedule"}]: dispatch
2024-04-25T02:09:26.747 INFO:journalctl@ceph.mon.a.smithi016.stdout:Apr 25 02:09:26 smithi016 ceph-mon[29309]: Found migration_current of "None". Setting to last migration.
2024-04-25T02:09:26.747 INFO:journalctl@ceph.mon.a.smithi016.stdout:Apr 25 02:09:26 smithi016 ceph-mon[29309]: from='mgr.14120 172.21.15.16:0/4138160168' entity='mgr.x' cmd=[{"prefix":"config rm","who":"mgr","name":"mgr/rbd_support/x/trash_purge_schedule"}]: dispatch
2024-04-25T02:09:26.747 INFO:journalctl@ceph.mon.a.smithi016.stdout:Apr 25 02:09:26 smithi016 ceph-mon[29309]: from='mgr.14120 172.21.15.16:0/4138160168' entity='mgr.x'
2024-04-25T02:09:26.747 INFO:journalctl@ceph.mon.a.smithi016.stdout:Apr 25 02:09:26 smithi016 ceph-mon[29309]: from='mgr.14120 172.21.15.16:0/4138160168' entity='mgr.x'
2024-04-25T02:09:26.747 INFO:journalctl@ceph.mon.a.smithi016.stdout:Apr 25 02:09:26 smithi016 ceph-mon[29309]: mgrmap e7: x(active, since 1.00546s)
2024-04-25T02:09:27.066 INFO:teuthology.orchestra.run.smithi016.stdout:/usr/bin/ceph: stdout {
2024-04-25T02:09:27.066 INFO:teuthology.orchestra.run.smithi016.stdout:/usr/bin/ceph: stdout "mgrmap_epoch": 7,
2024-04-25T02:09:27.066 INFO:teuthology.orchestra.run.smithi016.stdout:/usr/bin/ceph: stdout "initialized": true
2024-04-25T02:09:27.066 INFO:teuthology.orchestra.run.smithi016.stdout:/usr/bin/ceph: stdout }
2024-04-25T02:09:27.066 INFO:teuthology.orchestra.run.smithi016.stdout:/usr/bin/ceph: stderr
2024-04-25T02:09:20.581+0000 7f9d28d01700 1 Processor -- start
2024-04-25T02:09:27.066 INFO:teuthology.orchestra.run.smithi016.stdout:/usr/bin/ceph: stderr
2024-04-25T02:09:20.581+0000 7f9d28d01700 1 -- start start
2024-04-25T02:09:27.066 INFO:teuthology.orchestra.run.smithi016.stdout:/usr/bin/ceph: stderr
2024-04-25T02:09:20.581+0000 7f9d28d01700 1 --2- >> [v2:172.21.15.16:3300/0,v1:172.21.15.16:6789/0] conn(0x7f9d241088f0 0x7f9d2410ace0 unknown :-1 s=NONE pgs=0 cs=0 l=0 rev1=0 crypto rx=0 tx=0 comp rx=0 tx=0).connect
2024-04-25T02:09:27.066 INFO:teuthology.orchestra.run.smithi016.stdout:/usr/bin/ceph: stderr
2024-04-25T02:09:20.581+0000 7f9d28d01700 1 -- --> [v2:172.21.15.16:3300/0,v1:172.21.15.16:6789/0] -- mon_getmap magic: 0 -- 0x7f9d2407be40 con 0x7f9d241088f0
2024-04-25T02:09:27.067 INFO:teuthology.orchestra.run.smithi016.stdout:/usr/bin/ceph: stderr
2024-04-25T02:09:20.581+0000 7f9d2259c700 1 --2- >> [v2:172.21.15.16:3300/0,v1:172.21.15.16:6789/0] conn(0x7f9d241088f0 0x7f9d2410ace0 unknown :-1 s=BANNER_CONNECTING pgs=0 cs=0 l=0 rev1=0 crypto rx=0 tx=0 comp rx=0 tx=0)._handle_peer_banner_payload supported=3 required=0
2024-04-25T02:09:27.067 INFO:teuthology.orchestra.run.smithi016.stdout:/usr/bin/ceph: stderr
2024-04-25T02:09:20.581+0000 7f9d2259c700 1 --2- >> [v2:172.21.15.16:3300/0,v1:172.21.15.16:6789/0] conn(0x7f9d241088f0 0x7f9d2410ace0 unknown :-1 s=HELLO_CONNECTING pgs=0 cs=0 l=0 rev1=1 crypto rx=0 tx=0 comp rx=0 tx=0).handle_hello peer v2:172.21.15.16:3300/0 says I am v2:172.21.15.16:44964/0 (socket says 172.21.15.16:44964)
2024-04-25T02:09:27.067 INFO:teuthology.orchestra.run.smithi016.stdout:/usr/bin/ceph: stderr
2024-04-25T02:09:20.581+0000 7f9d2259c700 1 -- 172.21.15.16:0/1435173861 learned_addr learned my addr 172.21.15.16:0/1435173861 (peer_addr_for_me v2:172.21.15.16:0/0)
2024-04-25T02:09:27.067 INFO:teuthology.orchestra.run.smithi016.stdout:/usr/bin/ceph: stderr
2024-04-25T02:09:20.582+0000 7f9d2259c700 1 -- 172.21.15.16:0/1435173861 --> [v2:172.21.15.16:3300/0,v1:172.21.15.16:6789/0] -- mon_subscribe({config=0+,monmap=0+}) -- 0x7f9d2410b220 con 0x7f9d241088f0
2024-04-25T02:09:27.067 INFO:teuthology.orchestra.run.smithi016.stdout:/usr/bin/ceph: stderr
2024-04-25T02:09:20.582+0000 7f9d2259c700 1 --2- 172.21.15.16:0/1435173861 >> [v2:172.21.15.16:3300/0,v1:172.21.15.16:6789/0] conn(0x7f9d241088f0 0x7f9d2410ace0 secure :-1 s=READY pgs=28 cs=0 l=1 rev1=1 crypto rx=0x7f9d140098a0 tx=0x7f9d14009bb0 comp rx=0 tx=0).ready entity=mon.0 client_cookie=1ee428a42ec04e64 server_cookie=0 in_seq=0 out_seq=0
2024-04-25T02:09:27.067 INFO:teuthology.orchestra.run.smithi016.stdout:/usr/bin/ceph: stderr
2024-04-25T02:09:20.582+0000 7f9d2159a700 1 -- 172.21.15.16:0/1435173861 <== mon.0 v2:172.21.15.16:3300/0 1 ==== mon_map magic: 0 ==== 205+0+0 (secure 0 0 0) 0x7f9d14004160 con 0x7f9d241088f0
2024-04-25T02:09:27.067 INFO:teuthology.orchestra.run.smithi016.stdout:/usr/bin/ceph: stderr
2024-04-25T02:09:20.582+0000 7f9d2159a700 1 -- 172.21.15.16:0/1435173861 <== mon.0 v2:172.21.15.16:3300/0 2 ==== config(29 keys) ==== 1178+0+0 (secure 0 0 0) 0x7f9d14004300 con 0x7f9d241088f0
2024-04-25T02:09:27.067 INFO:teuthology.orchestra.run.smithi016.stdout:/usr/bin/ceph: stderr
2024-04-25T02:09:20.582+0000 7f9d2159a700 1 -- 172.21.15.16:0/1435173861 <== mon.0 v2:172.21.15.16:3300/0 3 ==== mon_map magic: 0 ==== 205+0+0 (secure 0 0 0) 0x7f9d14011cc0 con 0x7f9d241088f0
2024-04-25T02:09:27.067 INFO:teuthology.orchestra.run.smithi016.stdout:/usr/bin/ceph: stderr
2024-04-25T02:09:20.583+0000 7f9d28d01700 1 -- 172.21.15.16:0/1435173861 >> [v2:172.21.15.16:3300/0,v1:172.21.15.16:6789/0] conn(0x7f9d241088f0 msgr2=0x7f9d2410ace0 secure :-1 s=STATE_CONNECTION_ESTABLISHED l=1).mark_down
2024-04-25T02:09:27.067 INFO:teuthology.orchestra.run.smithi016.stdout:/usr/bin/ceph: stderr
2024-04-25T02:09:20.583+0000 7f9d28d01700 1 --2- 172.21.15.16:0/1435173861 >> [v2:172.21.15.16:3300/0,v1:172.21.15.16:6789/0] conn(0x7f9d241088f0 0x7f9d2410ace0 secure :-1 s=READY pgs=28 cs=0 l=1 rev1=1 crypto rx=0x7f9d140098a0 tx=0x7f9d14009bb0 comp rx=0 tx=0).stop
2024-04-25T02:09:27.067 INFO:teuthology.orchestra.run.smithi016.stdout:/usr/bin/ceph: stderr
2024-04-25T02:09:20.583+0000 7f9d28d01700 1 -- 172.21.15.16:0/1435173861 shutdown_connections
2024-04-25T02:09:27.067 INFO:teuthology.orchestra.run.smithi016.stdout:/usr/bin/ceph: stderr
2024-04-25T02:09:20.583+0000 7f9d28d01700 1 --2- 172.21.15.16:0/1435173861 >> [v2:172.21.15.16:3300/0,v1:172.21.15.16:6789/0] conn(0x7f9d241088f0 0x7f9d2410ace0 unknown :-1 s=CLOSED pgs=28 cs=0 l=1 rev1=1 crypto rx=0 tx=0 comp rx=0 tx=0).stop
2024-04-25T02:09:27.067 INFO:teuthology.orchestra.run.smithi016.stdout:/usr/bin/ceph: stderr
2024-04-25T02:09:20.583+0000 7f9d28d01700 1 -- 172.21.15.16:0/1435173861 >> 172.21.15.16:0/1435173861 conn(0x7f9d24102320 msgr2=0x7f9d24104760 unknown :-1 s=STATE_NONE l=0).mark_down
2024-04-25T02:09:27.067 INFO:teuthology.orchestra.run.smithi016.stdout:/usr/bin/ceph: stderr
2024-04-25T02:09:20.583+0000 7f9d28d01700 1 -- 172.21.15.16:0/1435173861 shutdown_connections
2024-04-25T02:09:27.068 INFO:teuthology.orchestra.run.smithi016.stdout:/usr/bin/ceph: stderr
2024-04-25T02:09:20.583+0000 7f9d28d01700 1 -- 172.21.15.16:0/1435173861 wait complete.
2024-04-25T02:09:27.068 INFO:teuthology.orchestra.run.smithi016.stdout:/usr/bin/ceph: stderr
2024-04-25T02:09:20.584+0000 7f9d28d01700 1 Processor -- start
2024-04-25T02:09:27.068 INFO:teuthology.orchestra.run.smithi016.stdout:/usr/bin/ceph: stderr
2024-04-25T02:09:20.584+0000 7f9d28d01700 1 -- start start
2024-04-25T02:09:27.068 INFO:teuthology.orchestra.run.smithi016.stdout:/usr/bin/ceph: stderr
2024-04-25T02:09:20.584+0000 7f9d28d01700 1 --2- >> [v2:172.21.15.16:3300/0,v1:172.21.15.16:6789/0] conn(0x7f9d241088f0 0x7f9d2419bf10 unknown :-1 s=NONE pgs=0 cs=0 l=1 rev1=0 crypto rx=0 tx=0 comp rx=0 tx=0).connect
2024-04-25T02:09:27.068 INFO:teuthology.orchestra.run.smithi016.stdout:/usr/bin/ceph: stderr
2024-04-25T02:09:20.584+0000 7f9d28d01700 1 -- --> [v2:172.21.15.16:3300/0,v1:172.21.15.16:6789/0] -- mon_getmap magic: 0 -- 0x7f9d2410c310 con 0x7f9d241088f0
2024-04-25T02:09:27.068 INFO:teuthology.orchestra.run.smithi016.stdout:/usr/bin/ceph: stderr
2024-04-25T02:09:20.584+0000 7f9d2259c700 1 --2- >> [v2:172.21.15.16:3300/0,v1:172.21.15.16:6789/0] conn(0x7f9d241088f0 0x7f9d2419bf10 unknown :-1 s=BANNER_CONNECTING pgs=0 cs=0 l=1 rev1=0 crypto rx=0 tx=0 comp rx=0 tx=0)._handle_peer_banner_payload supported=3 required=0
2024-04-25T02:09:27.068 INFO:teuthology.orchestra.run.smithi016.stdout:/usr/bin/ceph: stderr
2024-04-25T02:09:20.584+0000 7f9d2259c700 1 --2- >> [v2:172.21.15.16:3300/0,v1:172.21.15.16:6789/0] conn(0x7f9d241088f0 0x7f9d2419bf10 unknown :-1 s=HELLO_CONNECTING pgs=0 cs=0 l=1 rev1=1 crypto rx=0 tx=0 comp rx=0 tx=0).handle_hello peer v2:172.21.15.16:3300/0 says I am v2:172.21.15.16:44980/0 (socket says 172.21.15.16:44980)
2024-04-25T02:09:27.068 INFO:teuthology.orchestra.run.smithi016.stdout:/usr/bin/ceph: stderr
2024-04-25T02:09:20.584+0000 7f9d2259c700 1 -- 172.21.15.16:0/2342349777 learned_addr learned my addr 172.21.15.16:0/2342349777 (peer_addr_for_me v2:172.21.15.16:0/0)
2024-04-25T02:09:27.068 INFO:teuthology.orchestra.run.smithi016.stdout:/usr/bin/ceph: stderr
2024-04-25T02:09:20.584+0000 7f9d2259c700 1 -- 172.21.15.16:0/2342349777 --> [v2:172.21.15.16:3300/0,v1:172.21.15.16:6789/0] -- mon_subscribe({config=0+,monmap=0+}) -- 0x7f9d2419c450 con 0x7f9d241088f0
2024-04-25T02:09:27.068 INFO:teuthology.orchestra.run.smithi016.stdout:/usr/bin/ceph: stderr
2024-04-25T02:09:20.584+0000 7f9d2259c700 1 --2- 172.21.15.16:0/2342349777 >> [v2:172.21.15.16:3300/0,v1:172.21.15.16:6789/0] conn(0x7f9d241088f0 0x7f9d2419bf10 secure :-1 s=READY pgs=29 cs=0 l=1 rev1=1 crypto rx=0x7f9d140117a0 tx=0x7f9d14003980 comp rx=0 tx=0).ready entity=mon.0 client_cookie=0 server_cookie=0 in_seq=0 out_seq=0
2024-04-25T02:09:27.068 INFO:teuthology.orchestra.run.smithi016.stdout:/usr/bin/ceph: stderr
2024-04-25T02:09:20.585+0000 7f9d137fe700 1 -- 172.21.15.16:0/2342349777 <== mon.0 v2:172.21.15.16:3300/0 1 ==== mon_map magic: 0 ==== 205+0+0 (secure 0 0 0) 0x7f9d14011dd0 con 0x7f9d241088f0
2024-04-25T02:09:27.068 INFO:teuthology.orchestra.run.smithi016.stdout:/usr/bin/ceph: stderr
2024-04-25T02:09:20.585+0000 7f9d137fe700 1 -- 172.21.15.16:0/2342349777 <== mon.0 v2:172.21.15.16:3300/0 2 ==== config(29 keys) ==== 1178+0+0 (secure 0 0 0) 0x7f9d14024430 con 0x7f9d241088f0
2024-04-25T02:09:27.068 INFO:teuthology.orchestra.run.smithi016.stdout:/usr/bin/ceph: stderr
2024-04-25T02:09:20.585+0000 7f9d28d01700 1 -- 172.21.15.16:0/2342349777 --> [v2:172.21.15.16:3300/0,v1:172.21.15.16:6789/0] -- mon_subscribe({mgrmap=0+}) -- 0x7f9d2419c6e0 con 0x7f9d241088f0
2024-04-25T02:09:27.068 INFO:teuthology.orchestra.run.smithi016.stdout:/usr/bin/ceph: stderr
2024-04-25T02:09:20.585+0000 7f9d28d01700 1 -- 172.21.15.16:0/2342349777 --> [v2:172.21.15.16:3300/0,v1:172.21.15.16:6789/0] -- mon_subscribe({osdmap=0}) -- 0x7f9d2419f3d0 con 0x7f9d241088f0
2024-04-25T02:09:27.069 INFO:teuthology.orchestra.run.smithi016.stdout:/usr/bin/ceph: stderr
2024-04-25T02:09:20.585+0000 7f9d137fe700 1 -- 172.21.15.16:0/2342349777 <== mon.0 v2:172.21.15.16:3300/0 3 ==== mon_map magic: 0 ==== 205+0+0 (secure 0 0 0) 0x7f9d1401a6d0 con 0x7f9d241088f0
2024-04-25T02:09:27.069 INFO:teuthology.orchestra.run.smithi016.stdout:/usr/bin/ceph: stderr
2024-04-25T02:09:20.585+0000 7f9d137fe700 1 -- 172.21.15.16:0/2342349777 <== mon.0 v2:172.21.15.16:3300/0 4 ==== mgrmap(e 5) ==== 46287+0+0 (secure 0 0 0) 0x7f9d1401a990 con 0x7f9d241088f0
2024-04-25T02:09:27.069 INFO:teuthology.orchestra.run.smithi016.stdout:/usr/bin/ceph: stderr
2024-04-25T02:09:20.586+0000 7f9d137fe700 1 --2- 172.21.15.16:0/2342349777 >> [v2:172.21.15.16:6800/1722831316,v1:172.21.15.16:6801/1722831316] conn(0x7f9d0c039050 0x7f9d0c03b510 unknown :-1 s=NONE pgs=0 cs=0 l=1 rev1=0 crypto rx=0 tx=0 comp rx=0 tx=0).connect
2024-04-25T02:09:27.069 INFO:teuthology.orchestra.run.smithi016.stdout:/usr/bin/ceph: stderr
2024-04-25T02:09:20.586+0000 7f9d137fe700 1 -- 172.21.15.16:0/2342349777 --> [v2:172.21.15.16:6800/1722831316,v1:172.21.15.16:6801/1722831316] -- command(tid 0: {"prefix": "get_command_descriptions"}) -- 0x7f9d0c03bc20 con 0x7f9d0c039050
2024-04-25T02:09:27.069 INFO:teuthology.orchestra.run.smithi016.stdout:/usr/bin/ceph: stderr
2024-04-25T02:09:20.586+0000 7f9d137fe700 1 -- 172.21.15.16:0/2342349777 <== mon.0 v2:172.21.15.16:3300/0 5 ==== osd_map(1..1 src has 1..1) ==== 725+0+0 (secure 0 0 0) 0x7f9d1404d270 con 0x7f9d241088f0
2024-04-25T02:09:27.069 INFO:teuthology.orchestra.run.smithi016.stdout:/usr/bin/ceph: stderr
2024-04-25T02:09:20.586+0000 7f9d21d9b700 1 -- 172.21.15.16:0/2342349777 >> [v2:172.21.15.16:6800/1722831316,v1:172.21.15.16:6801/1722831316] conn(0x7f9d0c039050 msgr2=0x7f9d0c03b510 unknown :-1 s=STATE_CONNECTING_RE l=1).process reconnect failed to v2:172.21.15.16:6800/1722831316
2024-04-25T02:09:27.069 INFO:teuthology.orchestra.run.smithi016.stdout:/usr/bin/ceph: stderr
2024-04-25T02:09:20.586+0000 7f9d21d9b700 1 --2- 172.21.15.16:0/2342349777 >> [v2:172.21.15.16:6800/1722831316,v1:172.21.15.16:6801/1722831316] conn(0x7f9d0c039050 0x7f9d0c03b510 unknown :-1 s=START_CONNECT pgs=0 cs=0 l=1 rev1=0 crypto rx=0 tx=0 comp rx=0 tx=0)._fault waiting 0.200000
2024-04-25T02:09:27.069 INFO:teuthology.orchestra.run.smithi016.stdout:/usr/bin/ceph: stderr
