2024-04-25T02:09:12.703 INFO:teuthology.orchestra.run.smithi016.stdout:/usr/bin/ceph: stderr
2024-04-25T02:09:12.055+0000 7f3e1cdc5700 1 --2- 172.21.15.16:0/1535453747 >> [v2:172.21.15.16:3300/0,v1:172.21.15.16:6789/0] conn(0x7f3e1807ddd0 0x7f3e1819e130 unknown :-1 s=CLOSED pgs=10 cs=0 l=1 rev1=1 crypto rx=0 tx=0 comp rx=0 tx=0).stop
2024-04-25T02:09:12.703 INFO:teuthology.orchestra.run.smithi016.stdout:/usr/bin/ceph: stderr
2024-04-25T02:09:12.055+0000 7f3e1cdc5700 1 -- 172.21.15.16:0/1535453747 >> 172.21.15.16:0/1535453747 conn(0x7f3e181034a0 msgr2=0x7f3e181040a0 unknown :-1 s=STATE_NONE l=0).mark_down
2024-04-25T02:09:12.703 INFO:teuthology.orchestra.run.smithi016.stdout:/usr/bin/ceph: stderr
2024-04-25T02:09:12.055+0000 7f3e1cdc5700 1 -- 172.21.15.16:0/1535453747 shutdown_connections
2024-04-25T02:09:12.703 INFO:teuthology.orchestra.run.smithi016.stdout:/usr/bin/ceph: stderr
2024-04-25T02:09:12.055+0000 7f3e1cdc5700 1 -- 172.21.15.16:0/1535453747 wait complete.
2024-04-25T02:09:12.703 INFO:teuthology.orchestra.run.smithi016.stdout:mgr not available, waiting (3/15)...
2024-04-25T02:09:13.439 INFO:journalctl@ceph.mon.a.smithi016.stdout:Apr 25 02:09:13 smithi016 ceph-mon[29309]: Activating manager daemon x
2024-04-25T02:09:13.439 INFO:journalctl@ceph.mon.a.smithi016.stdout:Apr 25 02:09:13 smithi016 ceph-mon[29309]: mgrmap e2: x(active, starting, since 0.00324963s)
2024-04-25T02:09:13.439 INFO:journalctl@ceph.mon.a.smithi016.stdout:Apr 25 02:09:13 smithi016 ceph-mon[29309]: from='mgr.14100 172.21.15.16:0/1868276610' entity='mgr.x' cmd=[{"prefix": "mds metadata"}]: dispatch
2024-04-25T02:09:13.439 INFO:journalctl@ceph.mon.a.smithi016.stdout:Apr 25 02:09:13 smithi016 ceph-mon[29309]: from='mgr.14100 172.21.15.16:0/1868276610' entity='mgr.x' cmd=[{"prefix": "osd metadata"}]: dispatch
2024-04-25T02:09:13.439 INFO:journalctl@ceph.mon.a.smithi016.stdout:Apr 25 02:09:13 smithi016 ceph-mon[29309]: from='mgr.14100 172.21.15.16:0/1868276610' entity='mgr.x' cmd=[{"prefix": "mon metadata"}]: dispatch
2024-04-25T02:09:13.439 INFO:journalctl@ceph.mon.a.smithi016.stdout:Apr 25 02:09:13 smithi016 ceph-mon[29309]: from='mgr.14100 172.21.15.16:0/1868276610' entity='mgr.x' cmd=[{"prefix": "mon metadata", "id": "a"}]: dispatch
2024-04-25T02:09:13.439 INFO:journalctl@ceph.mon.a.smithi016.stdout:Apr 25 02:09:13 smithi016 ceph-mon[29309]: from='mgr.14100 172.21.15.16:0/1868276610' entity='mgr.x' cmd=[{"prefix": "mgr metadata", "who": "x", "id": "x"}]: dispatch
2024-04-25T02:09:13.440 INFO:journalctl@ceph.mon.a.smithi016.stdout:Apr 25 02:09:13 smithi016 ceph-mon[29309]: Manager daemon x is now available
2024-04-25T02:09:13.440 INFO:journalctl@ceph.mon.a.smithi016.stdout:Apr 25 02:09:13 smithi016 ceph-mon[29309]: from='mgr.14100 172.21.15.16:0/1868276610' entity='mgr.x' cmd=[{"prefix":"config rm","who":"mgr","name":"mgr/rbd_support/x/mirror_snapshot_schedule"}]: dispatch
2024-04-25T02:09:13.440 INFO:journalctl@ceph.mon.a.smithi016.stdout:Apr 25 02:09:13 smithi016 ceph-mon[29309]: from='mgr.14100 172.21.15.16:0/1868276610' entity='mgr.x' cmd=[{"prefix":"config rm","who":"mgr","name":"mgr/rbd_support/x/trash_purge_schedule"}]: dispatch
2024-04-25T02:09:13.440 INFO:journalctl@ceph.mon.a.smithi016.stdout:Apr 25 02:09:13 smithi016 ceph-mon[29309]: from='mgr.14100 172.21.15.16:0/1868276610' entity='mgr.x'
2024-04-25T02:09:13.440 INFO:journalctl@ceph.mon.a.smithi016.stdout:Apr 25 02:09:13 smithi016 ceph-mon[29309]: from='mgr.14100 172.21.15.16:0/1868276610' entity='mgr.x'
2024-04-25T02:09:13.440 INFO:journalctl@ceph.mon.a.smithi016.stdout:Apr 25 02:09:13 smithi016 ceph-mon[29309]: from='mgr.14100 172.21.15.16:0/1868276610' entity='mgr.x'
2024-04-25T02:09:14.689 INFO:journalctl@ceph.mon.a.smithi016.stdout:Apr 25 02:09:14 smithi016 ceph-mon[29309]: mgrmap e3: x(active, since 1.00762s)
2024-04-25T02:09:15.438 INFO:journalctl@ceph.mon.a.smithi016.stdout:Apr 25 02:09:15 smithi016 ceph-mon[29309]: mgrmap e4: x(active, since 2s)
2024-04-25T02:09:16.069 INFO:teuthology.orchestra.run.smithi016.stdout:/usr/bin/ceph: stdout
2024-04-25T02:09:16.069 INFO:teuthology.orchestra.run.smithi016.stdout:/usr/bin/ceph: stdout {
2024-04-25T02:09:16.069 INFO:teuthology.orchestra.run.smithi016.stdout:/usr/bin/ceph: stdout "fsid": "9e679096-02a8-11ef-bc93-c7b262605968",
2024-04-25T02:09:16.069 INFO:teuthology.orchestra.run.smithi016.stdout:/usr/bin/ceph: stdout "health": {
2024-04-25T02:09:16.069 INFO:teuthology.orchestra.run.smithi016.stdout:/usr/bin/ceph: stdout "status": "HEALTH_OK",
2024-04-25T02:09:16.069 INFO:teuthology.orchestra.run.smithi016.stdout:/usr/bin/ceph: stdout "checks": {},
2024-04-25T02:09:16.069 INFO:teuthology.orchestra.run.smithi016.stdout:/usr/bin/ceph: stdout "mutes": []
2024-04-25T02:09:16.069 INFO:teuthology.orchestra.run.smithi016.stdout:/usr/bin/ceph: stdout },
2024-04-25T02:09:16.069 INFO:teuthology.orchestra.run.smithi016.stdout:/usr/bin/ceph: stdout "election_epoch": 5,
2024-04-25T02:09:16.070 INFO:teuthology.orchestra.run.smithi016.stdout:/usr/bin/ceph: stdout "quorum": [
2024-04-25T02:09:16.070 INFO:teuthology.orchestra.run.smithi016.stdout:/usr/bin/ceph: stdout 0
2024-04-25T02:09:16.070 INFO:teuthology.orchestra.run.smithi016.stdout:/usr/bin/ceph: stdout ],
2024-04-25T02:09:16.070 INFO:teuthology.orchestra.run.smithi016.stdout:/usr/bin/ceph: stdout "quorum_names": [
2024-04-25T02:09:16.070 INFO:teuthology.orchestra.run.smithi016.stdout:/usr/bin/ceph: stdout "a"
2024-04-25T02:09:16.070 INFO:teuthology.orchestra.run.smithi016.stdout:/usr/bin/ceph: stdout ],
2024-04-25T02:09:16.070 INFO:teuthology.orchestra.run.smithi016.stdout:/usr/bin/ceph: stdout "quorum_age": 12,
2024-04-25T02:09:16.070 INFO:teuthology.orchestra.run.smithi016.stdout:/usr/bin/ceph: stdout "monmap": {
2024-04-25T02:09:16.070 INFO:teuthology.orchestra.run.smithi016.stdout:/usr/bin/ceph: stdout "epoch": 1,
2024-04-25T02:09:16.070 INFO:teuthology.orchestra.run.smithi016.stdout:/usr/bin/ceph: stdout "min_mon_release_name": "squid",
2024-04-25T02:09:16.070 INFO:teuthology.orchestra.run.smithi016.stdout:/usr/bin/ceph: stdout "num_mons": 1
2024-04-25T02:09:16.070 INFO:teuthology.orchestra.run.smithi016.stdout:/usr/bin/ceph: stdout },
2024-04-25T02:09:16.070 INFO:teuthology.orchestra.run.smithi016.stdout:/usr/bin/ceph: stdout "osdmap": {
2024-04-25T02:09:16.071 INFO:teuthology.orchestra.run.smithi016.stdout:/usr/bin/ceph: stdout "epoch": 1,
2024-04-25T02:09:16.071 INFO:teuthology.orchestra.run.smithi016.stdout:/usr/bin/ceph: stdout "num_osds": 0,
2024-04-25T02:09:16.071 INFO:teuthology.orchestra.run.smithi016.stdout:/usr/bin/ceph: stdout "num_up_osds": 0,
2024-04-25T02:09:16.071 INFO:teuthology.orchestra.run.smithi016.stdout:/usr/bin/ceph: stdout "osd_up_since": 0,
2024-04-25T02:09:16.071 INFO:teuthology.orchestra.run.smithi016.stdout:/usr/bin/ceph: stdout "num_in_osds": 0,
2024-04-25T02:09:16.071 INFO:teuthology.orchestra.run.smithi016.stdout:/usr/bin/ceph: stdout "osd_in_since": 0,
2024-04-25T02:09:16.071 INFO:teuthology.orchestra.run.smithi016.stdout:/usr/bin/ceph: stdout "num_remapped_pgs": 0
2024-04-25T02:09:16.071 INFO:teuthology.orchestra.run.smithi016.stdout:/usr/bin/ceph: stdout },
2024-04-25T02:09:16.071 INFO:teuthology.orchestra.run.smithi016.stdout:/usr/bin/ceph: stdout "pgmap": {
2024-04-25T02:09:16.071 INFO:teuthology.orchestra.run.smithi016.stdout:/usr/bin/ceph: stdout "pgs_by_state": [],
2024-04-25T02:09:16.071 INFO:teuthology.orchestra.run.smithi016.stdout:/usr/bin/ceph: stdout "num_pgs": 0,
2024-04-25T02:09:16.071 INFO:teuthology.orchestra.run.smithi016.stdout:/usr/bin/ceph: stdout "num_pools": 0,
2024-04-25T02:09:16.071 INFO:teuthology.orchestra.run.smithi016.stdout:/usr/bin/ceph: stdout "num_objects": 0,
2024-04-25T02:09:16.071 INFO:teuthology.orchestra.run.smithi016.stdout:/usr/bin/ceph: stdout "data_bytes": 0,
2024-04-25T02:09:16.072 INFO:teuthology.orchestra.run.smithi016.stdout:/usr/bin/ceph: stdout "bytes_used": 0,
2024-04-25T02:09:16.072 INFO:teuthology.orchestra.run.smithi016.stdout:/usr/bin/ceph: stdout "bytes_avail": 0,
2024-04-25T02:09:16.072 INFO:teuthology.orchestra.run.smithi016.stdout:/usr/bin/ceph: stdout "bytes_total": 0
2024-04-25T02:09:16.072 INFO:teuthology.orchestra.run.smithi016.stdout:/usr/bin/ceph: stdout },
2024-04-25T02:09:16.072 INFO:teuthology.orchestra.run.smithi016.stdout:/usr/bin/ceph: stdout "fsmap": {
2024-04-25T02:09:16.072 INFO:teuthology.orchestra.run.smithi016.stdout:/usr/bin/ceph: stdout "epoch": 1,
2024-04-25T02:09:16.072 INFO:teuthology.orchestra.run.smithi016.stdout:/usr/bin/ceph: stdout "by_rank": [],
2024-04-25T02:09:16.072 INFO:teuthology.orchestra.run.smithi016.stdout:/usr/bin/ceph: stdout "up:standby": 0
2024-04-25T02:09:16.072 INFO:teuthology.orchestra.run.smithi016.stdout:/usr/bin/ceph: stdout },
2024-04-25T02:09:16.072 INFO:teuthology.orchestra.run.smithi016.stdout:/usr/bin/ceph: stdout "mgrmap": {
2024-04-25T02:09:16.072 INFO:teuthology.orchestra.run.smithi016.stdout:/usr/bin/ceph: stdout "available": true,
2024-04-25T02:09:16.072 INFO:teuthology.orchestra.run.smithi016.stdout:/usr/bin/ceph: stdout "num_standbys": 0,
2024-04-25T02:09:16.072 INFO:teuthology.orchestra.run.smithi016.stdout:/usr/bin/ceph: stdout "modules": [
2024-04-25T02:09:16.072 INFO:teuthology.orchestra.run.smithi016.stdout:/usr/bin/ceph: stdout "iostat",
2024-04-25T02:09:16.073 INFO:teuthology.orchestra.run.smithi016.stdout:/usr/bin/ceph: stdout "nfs",
2024-04-25T02:09:16.073 INFO:teuthology.orchestra.run.smithi016.stdout:/usr/bin/ceph: stdout "restful"
2024-04-25T02:09:16.073 INFO:teuthology.orchestra.run.smithi016.stdout:/usr/bin/ceph: stdout ],
2024-04-25T02:09:16.073 INFO:teuthology.orchestra.run.smithi016.stdout:/usr/bin/ceph: stdout "services": {}
2024-04-25T02:09:16.073 INFO:teuthology.orchestra.run.smithi016.stdout:/usr/bin/ceph: stdout },
2024-04-25T02:09:16.073 INFO:teuthology.orchestra.run.smithi016.stdout:/usr/bin/ceph: stdout "servicemap": {
2024-04-25T02:09:16.073 INFO:teuthology.orchestra.run.smithi016.stdout:/usr/bin/ceph: stdout "epoch": 1,
2024-04-25T02:09:16.073 INFO:teuthology.orchestra.run.smithi016.stdout:/usr/bin/ceph: stdout "modified": "2024-04-25T02:08:56.974860+0000",
2024-04-25T02:09:16.073 INFO:teuthology.orchestra.run.smithi016.stdout:/usr/bin/ceph: stdout "services": {}
2024-04-25T02:09:16.073 INFO:teuthology.orchestra.run.smithi016.stdout:/usr/bin/ceph: stdout },
2024-04-25T02:09:16.073 INFO:teuthology.orchestra.run.smithi016.stdout:/usr/bin/ceph: stdout "progress_events": {}
2024-04-25T02:09:16.073 INFO:teuthology.orchestra.run.smithi016.stdout:/usr/bin/ceph: stdout }
2024-04-25T02:09:16.074 INFO:teuthology.orchestra.run.smithi016.stdout:/usr/bin/ceph: stderr
2024-04-25T02:09:15.170+0000 7f697c922700 1 Processor -- start
2024-04-25T02:09:16.074 INFO:teuthology.orchestra.run.smithi016.stdout:/usr/bin/ceph: stderr
2024-04-25T02:09:15.170+0000 7f697c922700 1 -- start start
2024-04-25T02:09:16.074 INFO:teuthology.orchestra.run.smithi016.stdout:/usr/bin/ceph: stderr
2024-04-25T02:09:15.170+0000 7f697c922700 1 --2- >> [v2:172.21.15.16:3300/0,v1:172.21.15.16:6789/0] conn(0x7f697807de10 0x7f697807c270 unknown :-1 s=NONE pgs=0 cs=0 l=0 rev1=0 crypto rx=0 tx=0 comp rx=0 tx=0).connect
2024-04-25T02:09:16.074 INFO:teuthology.orchestra.run.smithi016.stdout:/usr/bin/ceph: stderr
2024-04-25T02:09:15.170+0000 7f697c922700 1 -- --> [v2:172.21.15.16:3300/0,v1:172.21.15.16:6789/0] -- mon_getmap magic: 0 -- 0x7f697807c840 con 0x7f697807de10
2024-04-25T02:09:16.074 INFO:teuthology.orchestra.run.smithi016.stdout:/usr/bin/ceph: stderr
2024-04-25T02:09:15.170+0000 7f697659c700 1 --2- >> [v2:172.21.15.16:3300/0,v1:172.21.15.16:6789/0] conn(0x7f697807de10 0x7f697807c270 unknown :-1 s=BANNER_CONNECTING pgs=0 cs=0 l=0 rev1=0 crypto rx=0 tx=0 comp rx=0 tx=0)._handle_peer_banner_payload supported=3 required=0
2024-04-25T02:09:16.074 INFO:teuthology.orchestra.run.smithi016.stdout:/usr/bin/ceph: stderr
2024-04-25T02:09:15.170+0000 7f697659c700 1 --2- >> [v2:172.21.15.16:3300/0,v1:172.21.15.16:6789/0] conn(0x7f697807de10 0x7f697807c270 unknown :-1 s=HELLO_CONNECTING pgs=0 cs=0 l=0 rev1=1 crypto rx=0 tx=0 comp rx=0 tx=0).handle_hello peer v2:172.21.15.16:3300/0 says I am v2:172.21.15.16:43934/0 (socket says 172.21.15.16:43934)
2024-04-25T02:09:16.074 INFO:teuthology.orchestra.run.smithi016.stdout:/usr/bin/ceph: stderr
2024-04-25T02:09:15.170+0000 7f697659c700 1 -- 172.21.15.16:0/1651455868 learned_addr learned my addr 172.21.15.16:0/1651455868 (peer_addr_for_me v2:172.21.15.16:0/0)
2024-04-25T02:09:16.074 INFO:teuthology.orchestra.run.smithi016.stdout:/usr/bin/ceph: stderr
2024-04-25T02:09:15.171+0000 7f697659c700 1 -- 172.21.15.16:0/1651455868 --> [v2:172.21.15.16:3300/0,v1:172.21.15.16:6789/0] -- mon_subscribe({config=0+,monmap=0+}) -- 0x7f697807c9c0 con 0x7f697807de10
2024-04-25T02:09:16.074 INFO:teuthology.orchestra.run.smithi016.stdout:/usr/bin/ceph: stderr
2024-04-25T02:09:15.171+0000 7f697659c700 1 --2- 172.21.15.16:0/1651455868 >> [v2:172.21.15.16:3300/0,v1:172.21.15.16:6789/0] conn(0x7f697807de10 0x7f697807c270 secure :-1 s=READY pgs=18 cs=0 l=1 rev1=1 crypto rx=0x7f69680098a0 tx=0x7f6968009bb0 comp rx=0 tx=0).ready entity=mon.0 client_cookie=626b043e361ca11e server_cookie=0 in_seq=0 out_seq=0
2024-04-25T02:09:16.074 INFO:teuthology.orchestra.run.smithi016.stdout:/usr/bin/ceph: stderr
2024-04-25T02:09:15.171+0000 7f697559a700 1 -- 172.21.15.16:0/1651455868 <== mon.0 v2:172.21.15.16:3300/0 1 ==== mon_map magic: 0 ==== 205+0+0 (secure 0 0 0) 0x7f6968004160 con 0x7f697807de10
2024-04-25T02:09:16.074 INFO:teuthology.orchestra.run.smithi016.stdout:/usr/bin/ceph: stderr
2024-04-25T02:09:15.171+0000 7f697559a700 1 -- 172.21.15.16:0/1651455868 <== mon.0 v2:172.21.15.16:3300/0 2 ==== config(29 keys) ==== 1178+0+0 (secure 0 0 0) 0x7f6968004300 con 0x7f697807de10
2024-04-25T02:09:16.074 INFO:teuthology.orchestra.run.smithi016.stdout:/usr/bin/ceph: stderr
2024-04-25T02:09:15.171+0000 7f697559a700 1 -- 172.21.15.16:0/1651455868 <== mon.0 v2:172.21.15.16:3300/0 3 ==== mon_map magic: 0 ==== 205+0+0 (secure 0 0 0) 0x7f6968011cc0 con 0x7f697807de10
2024-04-25T02:09:16.074 INFO:teuthology.orchestra.run.smithi016.stdout:/usr/bin/ceph: stderr
2024-04-25T02:09:15.172+0000 7f697c922700 1 -- 172.21.15.16:0/1651455868 >> [v2:172.21.15.16:3300/0,v1:172.21.15.16:6789/0] conn(0x7f697807de10 msgr2=0x7f697807c270 secure :-1 s=STATE_CONNECTION_ESTABLISHED l=1).mark_down
2024-04-25T02:09:16.074 INFO:teuthology.orchestra.run.smithi016.stdout:/usr/bin/ceph: stderr
2024-04-25T02:09:15.172+0000 7f697c922700 1 --2- 172.21.15.16:0/1651455868 >> [v2:172.21.15.16:3300/0,v1:172.21.15.16:6789/0] conn(0x7f697807de10 0x7f697807c270 secure :-1 s=READY pgs=18 cs=0 l=1 rev1=1 crypto rx=0x7f69680098a0 tx=0x7f6968009bb0 comp rx=0 tx=0).stop
2024-04-25T02:09:16.075 INFO:teuthology.orchestra.run.smithi016.stdout:/usr/bin/ceph: stderr
2024-04-25T02:09:15.172+0000 7f697c922700 1 -- 172.21.15.16:0/1651455868 shutdown_connections
2024-04-25T02:09:16.075 INFO:teuthology.orchestra.run.smithi016.stdout:/usr/bin/ceph: stderr
2024-04-25T02:09:15.172+0000 7f697c922700 1 --2- 172.21.15.16:0/1651455868 >> [v2:172.21.15.16:3300/0,v1:172.21.15.16:6789/0] conn(0x7f697807de10 0x7f697807c270 unknown :-1 s=CLOSED pgs=18 cs=0 l=1 rev1=1 crypto rx=0 tx=0 comp rx=0 tx=0).stop
2024-04-25T02:09:16.075 INFO:teuthology.orchestra.run.smithi016.stdout:/usr/bin/ceph: stderr
2024-04-25T02:09:15.172+0000 7f697c922700 1 -- 172.21.15.16:0/1651455868 >> 172.21.15.16:0/1651455868 conn(0x7f69781034a0 msgr2=0x7f69781058c0 unknown :-1 s=STATE_NONE l=0).mark_down
2024-04-25T02:09:16.075 INFO:teuthology.orchestra.run.smithi016.stdout:/usr/bin/ceph: stderr
2024-04-25T02:09:15.172+0000 7f697c922700 1 -- 172.21.15.16:0/1651455868 shutdown_connections
2024-04-25T02:09:16.075 INFO:teuthology.orchestra.run.smithi016.stdout:/usr/bin/ceph: stderr
2024-04-25T02:09:15.172+0000 7f697c922700 1 -- 172.21.15.16:0/1651455868 wait complete.
2024-04-25T02:09:16.075 INFO:teuthology.orchestra.run.smithi016.stdout:/usr/bin/ceph: stderr
2024-04-25T02:09:15.173+0000 7f697c922700 1 Processor -- start
2024-04-25T02:09:16.075 INFO:teuthology.orchestra.run.smithi016.stdout:/usr/bin/ceph: stderr
2024-04-25T02:09:15.173+0000 7f697c922700 1 -- start start
2024-04-25T02:09:16.075 INFO:teuthology.orchestra.run.smithi016.stdout:/usr/bin/ceph: stderr
2024-04-25T02:09:15.173+0000 7f697c922700 1 --2- >> [v2:172.21.15.16:3300/0,v1:172.21.15.16:6789/0] conn(0x7f697807de10 0x7f697819e170 unknown :-1 s=NONE pgs=0 cs=0 l=1 rev1=0 crypto rx=0 tx=0 comp rx=0 tx=0).connect
2024-04-25T02:09:16.075 INFO:teuthology.orchestra.run.smithi016.stdout:/usr/bin/ceph: stderr
2024-04-25T02:09:15.173+0000 7f697c922700 1 -- --> [v2:172.21.15.16:3300/0,v1:172.21.15.16:6789/0] -- mon_getmap magic: 0 -- 0x7f697810e5b0 con 0x7f697807de10
2024-04-25T02:09:16.075 INFO:teuthology.orchestra.run.smithi016.stdout:/usr/bin/ceph: stderr
2024-04-25T02:09:15.173+0000 7f697659c700 1 --2- >> [v2:172.21.15.16:3300/0,v1:172.21.15.16:6789/0] conn(0x7f697807de10 0x7f697819e170 unknown :-1 s=BANNER_CONNECTING pgs=0 cs=0 l=1 rev1=0 crypto rx=0 tx=0 comp rx=0 tx=0)._handle_peer_banner_payload supported=3 required=0
2024-04-25T02:09:16.075 INFO:teuthology.orchestra.run.smithi016.stdout:/usr/bin/ceph: stderr
2024-04-25T02:09:15.173+0000 7f697659c700 1 --2- >> [v2:172.21.15.16:3300/0,v1:172.21.15.16:6789/0] conn(0x7f697807de10 0x7f697819e170 unknown :-1 s=HELLO_CONNECTING pgs=0 cs=0 l=1 rev1=1 crypto rx=0 tx=0 comp rx=0 tx=0).handle_hello peer v2:172.21.15.16:3300/0 says I am v2:172.21.15.16:43936/0 (socket says 172.21.15.16:43936)
2024-04-25T02:09:16.075 INFO:teuthology.orchestra.run.smithi016.stdout:/usr/bin/ceph: stderr
2024-04-25T02:09:15.173+0000 7f697659c700 1 -- 172.21.15.16:0/1545775097 learned_addr learned my addr 172.21.15.16:0/1545775097 (peer_addr_for_me v2:172.21.15.16:0/0)
2024-04-25T02:09:16.075 INFO:teuthology.orchestra.run.smithi016.stdout:/usr/bin/ceph: stderr
2024-04-25T02:09:15.173+0000 7f697659c700 1 -- 172.21.15.16:0/1545775097 --> [v2:172.21.15.16:3300/0,v1:172.21.15.16:6789/0] -- mon_subscribe({config=0+,monmap=0+}) -- 0x7f697819e6b0 con 0x7f697807de10
2024-04-25T02:09:16.075 INFO:teuthology.orchestra.run.smithi016.stdout:/usr/bin/ceph: stderr
2024-04-25T02:09:15.173+0000 7f697659c700 1 --2- 172.21.15.16:0/1545775097 >> [v2:172.21.15.16:3300/0,v1:172.21.15.16:6789/0] conn(0x7f697807de10 0x7f697819e170 secure :-1 s=READY pgs=19 cs=0 l=1 rev1=1 crypto rx=0x7f6968009fb0 tx=0x7f6968003980 comp rx=0 tx=0).ready entity=mon.0 client_cookie=0 server_cookie=0 in_seq=0 out_seq=0
2024-04-25T02:09:16.076 INFO:teuthology.orchestra.run.smithi016.stdout:/usr/bin/ceph: stderr
2024-04-25T02:09:15.174+0000 7f69677fe700 1 -- 172.21.15.16:0/1545775097 <== mon.0 v2:172.21.15.16:3300/0 1 ==== mon_map magic: 0 ==== 205+0+0 (secure 0 0 0) 0x7f6968011dd0 con 0x7f697807de10
2024-04-25T02:09:16.076 INFO:teuthology.orchestra.run.smithi016.stdout:/usr/bin/ceph: stderr
2024-04-25T02:09:15.174+0000 7f69677fe700 1 -- 172.21.15.16:0/1545775097 <== mon.0 v2:172.21.15.16:3300/0 2 ==== config(29 keys) ==== 1178+0+0 (secure 0 0 0) 0x7f696801a430 con 0x7f697807de10
2024-04-25T02:09:16.076 INFO:teuthology.orchestra.run.smithi016.stdout:/usr/bin/ceph: stderr
2024-04-25T02:09:15.174+0000 7f69677fe700 1 -- 172.21.15.16:0/1545775097 <== mon.0 v2:172.21.15.16:3300/0 3 ==== mon_map magic: 0 ==== 205+0+0 (secure 0 0 0) 0x7f6968019630 con 0x7f697807de10
2024-04-25T02:09:16.076 INFO:teuthology.orchestra.run.smithi016.stdout:/usr/bin/ceph: stderr
2024-04-25T02:09:15.174+0000 7f697c922700 1 -- 172.21.15.16:0/1545775097 --> [v2:172.21.15.16:3300/0,v1:172.21.15.16:6789/0] -- mon_subscribe({mgrmap=0+}) -- 0x7f697819e940 con 0x7f697807de10
2024-04-25T02:09:16.076 INFO:teuthology.orchestra.run.smithi016.stdout:/usr/bin/ceph: stderr
2024-04-25T02:09:15.174+0000 7f697c922700 1 -- 172.21.15.16:0/1545775097 --> [v2:172.21.15.16:3300/0,v1:172.21.15.16:6789/0] -- mon_subscribe({osdmap=0}) -- 0x7f69781a1630 con 0x7f697807de10
2024-04-25T02:09:16.076 INFO:teuthology.orchestra.run.smithi016.stdout:/usr/bin/ceph: stderr
2024-04-25T02:09:15.175+0000 7f69677fe700 1 -- 172.21.15.16:0/1545775097 <== mon.0 v2:172.21.15.16:3300/0 4 ==== mgrmap(e 4) ==== 46276+0+0 (secure 0 0 0) 0x7f6968019930 con 0x7f697807de10
2024-04-25T02:09:16.076 INFO:teuthology.orchestra.run.smithi016.stdout:/usr/bin/ceph: stderr
2024-04-25T02:09:15.175+0000 7f69677fe700 1 --2- 172.21.15.16:0/1545775097 >> [v2:172.21.15.16:6800/1722831316,v1:172.21.15.16:6801/1722831316] conn(0x7f6960038fb0 0x7f696003b470 unknown :-1 s=NONE pgs=0 cs=0 l=1 rev1=0 crypto rx=0 tx=0 comp rx=0 tx=0).connect
2024-04-25T02:09:16.076 INFO:teuthology.orchestra.run.smithi016.stdout:/usr/bin/ceph: stderr
2024-04-25T02:09:15.175+0000 7f69677fe700 1 -- 172.21.15.16:0/1545775097 <== mon.0 v2:172.21.15.16:3300/0 5 ==== osd_map(1..1 src has 1..1) ==== 725+0+0 (secure 0 0 0) 0x7f696804d1c0 con 0x7f697807de10
2024-04-25T02:09:16.076 INFO:teuthology.orchestra.run.smithi016.stdout:/usr/bin/ceph: stderr
2024-04-25T02:09:15.175+0000 7f697c922700 1 -- 172.21.15.16:0/1545775097 --> [v2:172.21.15.16:3300/0,v1:172.21.15.16:6789/0] -- mon_command({"prefix": "get_command_descriptions"} v 0) -- 0x7f6978063890 con 0x7f697807de10
2024-04-25T02:09:16.076 INFO:teuthology.orchestra.run.smithi016.stdout:/usr/bin/ceph: stderr
2024-04-25T02:09:15.175+0000 7f6975d9b700 1 --2- 172.21.15.16:0/1545775097 >> [v2:172.21.15.16:6800/1722831316,v1:172.21.15.16:6801/1722831316] conn(0x7f6960038fb0 0x7f696003b470 unknown :-1 s=BANNER_CONNECTING pgs=0 cs=0 l=1 rev1=0 crypto rx=0 tx=0 comp rx=0 tx=0)._handle_peer_banner_payload supported=3 required=0
2024-04-25T02:09:16.076 INFO:teuthology.orchestra.run.smithi016.stdout:/usr/bin/ceph: stderr
2024-04-25T02:09:15.175+0000 7f6975d9b700 1 --2- 172.21.15.16:0/1545775097 >> [v2:172.21.15.16:6800/1722831316,v1:172.21.15.16:6801/1722831316] conn(0x7f6960038fb0 0x7f696003b470 secure :-1 s=READY pgs=6 cs=0 l=1 rev1=1 crypto rx=0x7f696c006fd0 tx=0x7f696c006e40 comp rx=0 tx=0).ready entity=mgr.14100 client_cookie=0 server_cookie=0 in_seq=0 out_seq=0
2024-04-25T02:09:16.076 INFO:teuthology.orchestra.run.smithi016.stdout:/usr/bin/ceph: stderr
2024-04-25T02:09:15.180+0000 7f69677fe700 1 -- 172.21.15.16:0/1545775097 <== mon.0 v2:172.21.15.16:3300/0 6 ==== mon_command_ack([{"prefix": "get_command_descriptions"}]=0 v0) ==== 72+0+186147 (secure 0 0 0) 0x7f696800bc70 con 0x7f697807de10
2024-04-25T02:09:16.076 INFO:teuthology.orchestra.run.smithi016.stdout:/usr/bin/ceph: stderr
2024-04-25T02:09:15.471+0000 7f697c922700 1 -- 172.21.15.16:0/1545775097 --> [v2:172.21.15.16:3300/0,v1:172.21.15.16:6789/0] -- mon_command({"prefix": "status", "format": "json-pretty"} v 0) -- 0x7f69781a1bd0 con 0x7f697807de10
2024-04-25T02:09:16.076 INFO:teuthology.orchestra.run.smithi016.stdout:/usr/bin/ceph: stderr
2024-04-25T02:09:15.472+0000 7f69677fe700 1 -- 172.21.15.16:0/1545775097 <== mon.0 v2:172.21.15.16:3300/0 7 ==== mon_command_ack([{"prefix": "status", "format": "json-pretty"}]=0 v0) ==== 79+0+1239 (secure 0 0 0) 0x7f696800fda0 con 0x7f697807de10
2024-04-25T02:09:16.077 INFO:teuthology.orchestra.run.smithi016.stdout:/usr/bin/ceph: stderr
2024-04-25T02:09:15.474+0000 7f697c922700 1 -- 172.21.15.16:0/1545775097 >> [v2:172.21.15.16:6800/1722831316,v1:172.21.15.16:6801/1722831316] conn(0x7f6960038fb0 msgr2=0x7f696003b470 secure :-1 s=STATE_CONNECTION_ESTABLISHED l=1).mark_down
2024-04-25T02:09:16.077 INFO:teuthology.orchestra.run.smithi016.stdout:/usr/bin/ceph: stderr
2024-04-25T02:09:15.474+0000 7f697c922700 1 --2- 172.21.15.16:0/1545775097 >> [v2:172.21.15.16:6800/1722831316,v1:172.21.15.16:6801/1722831316] conn(0x7f6960038fb0 0x7f696003b470 secure :-1 s=READY pgs=6 cs=0 l=1 rev1=1 crypto rx=0x7f696c006fd0 tx=0x7f696c006e40 comp rx=0 tx=0).stop
2024-04-25T02:09:16.077 INFO:teuthology.orchestra.run.smithi016.stdout:/usr/bin/ceph: stderr
2024-04-25T02:09:15.474+0000 7f697c922700 1 -- 172.21.15.16:0/1545775097 >> [v2:172.21.15.16:3300/0,v1:172.21.15.16:6789/0] conn(0x7f697807de10 msgr2=0x7f697819e170 secure :-1 s=STATE_CONNECTION_ESTABLISHED l=1).mark_down
2024-04-25T02:09:16.077 INFO:teuthology.orchestra.run.smithi016.stdout:/usr/bin/ceph: stderr
2024-04-25T02:09:15.474+0000 7f697c922700 1 --2- 172.21.15.16:0/1545775097 >> [v2:172.21.15.16:3300/0,v1:172.21.15.16:6789/0] conn(0x7f697807de10 0x7f697819e170 secure :-1 s=READY pgs=19 cs=0 l=1 rev1=1 crypto rx=0x7f6968009fb0 tx=0x7f6968003980 comp rx=0 tx=0).stop
2024-04-25T02:09:16.077 INFO:teuthology.orchestra.run.smithi016.stdout:/usr/bin/ceph: stderr
2024-04-25T02:09:15.474+0000 7f697c922700 1 -- 172.21.15.16:0/1545775097 shutdown_connections
2024-04-25T02:09:16.077 INFO:teuthology.orchestra.run.smithi016.stdout:/usr/bin/ceph: stderr
2024-04-25T02:09:15.474+0000 7f697c922700 1 --2- 172.21.15.16:0/1545775097 >> [v2:172.21.15.16:6800/1722831316,v1:172.21.15.16:6801/1722831316] conn(0x7f6960038fb0 0x7f696003b470 unknown :-1 s=CLOSED pgs=6 cs=0 l=1 rev1=1 crypto rx=0 tx=0 comp rx=0 tx=0).stop
2024-04-25T02:09:16.077 INFO:teuthology.orchestra.run.smithi016.stdout:/usr/bin/ceph: stderr
2024-04-25T02:09:15.474+0000 7f697c922700 1 --2- 172.21.15.16:0/1545775097 >> [v2:172.21.15.16:3300/0,v1:172.21.15.16:6789/0] conn(0x7f697807de10 0x7f697819e170 unknown :-1 s=CLOSED pgs=19 cs=0 l=1 rev1=1 crypto rx=0 tx=0 comp rx=0 tx=0).stop
2024-04-25T02:09:16.077 INFO:teuthology.orchestra.run.smithi016.stdout:/usr/bin/ceph: stderr
2024-04-25T02:09:15.474+0000 7f697c922700 1 -- 172.21.15.16:0/1545775097 >> 172.21.15.16:0/1545775097 conn(0x7f69781034a0 msgr2=0x7f6978104030 unknown :-1 s=STATE_NONE l=0).mark_down
2024-04-25T02:09:16.077 INFO:teuthology.orchestra.run.smithi016.stdout:/usr/bin/ceph: stderr
2024-04-25T02:09:15.474+0000 7f697c922700 1 -- 172.21.15.16:0/1545775097 shutdown_connections
2024-04-25T02:09:16.077 INFO:teuthology.orchestra.run.smithi016.stdout:/usr/bin/ceph: stderr
2024-04-25T02:09:15.474+0000 7f697c922700 1 -- 172.21.15.16:0/1545775097 wait complete.
2024-04-25T02:09:16.077 INFO:teuthology.orchestra.run.smithi016.stdout:mgr is available
2024-04-25T02:09:16.661 INFO:journalctl@ceph.mon.a.smithi016.stdout:Apr 25 02:09:16 smithi016 ceph-mon[29309]: from='client.? 172.21.15.16:0/1545775097' entity='client.admin' cmd=[{"prefix": "status", "format": "json-pretty"}]: dispatch
2024-04-25T02:09:17.179 INFO:teuthology.orchestra.run.smithi016.stdout:/usr/bin/ceph: stdout
2024-04-25T02:09:17.179 INFO:teuthology.orchestra.run.smithi016.stdout:/usr/bin/ceph: stdout [global]
2024-04-25T02:09:17.179 INFO:teuthology.orchestra.run.smithi016.stdout:/usr/bin/ceph: stdout fsid = 9e679096-02a8-11ef-bc93-c7b262605968
2024-04-25T02:09:17.179 INFO:teuthology.orchestra.run.smithi016.stdout:/usr/bin/ceph: stdout mon_osd_allow_pg_remap = true
2024-04-25T02:09:17.180 INFO:teuthology.orchestra.run.smithi016.stdout:/usr/bin/ceph: stdout mon_osd_allow_primary_affinity = true
2024-04-25T02:09:17.180 INFO:teuthology.orchestra.run.smithi016.stdout:/usr/bin/ceph: stdout mon_warn_on_no_sortbitwise = false
2024-04-25T02:09:17.180 INFO:teuthology.orchestra.run.smithi016.stdout:/usr/bin/ceph: stdout osd_crush_chooseleaf_type = 0
2024-04-25T02:09:17.180 INFO:teuthology.orchestra.run.smithi016.stdout:/usr/bin/ceph: stdout
2024-04-25T02:09:17.180 INFO:teuthology.orchestra.run.smithi016.stdout:/usr/bin/ceph: stdout [mgr]
2024-04-25T02:09:17.180 INFO:teuthology.orchestra.run.smithi016.stdout:/usr/bin/ceph: stdout mgr/telemetry/nag = false
2024-04-25T02:09:17.180 INFO:teuthology.orchestra.run.smithi016.stdout:/usr/bin/ceph: stdout
2024-04-25T02:09:17.180 INFO:teuthology.orchestra.run.smithi016.stdout:/usr/bin/ceph: stdout [osd]
2024-04-25T02:09:17.180 INFO:teuthology.orchestra.run.smithi016.stdout:/usr/bin/ceph: stdout mon_osd_backfillfull_ratio = 0.85
2024-04-25T02:09:17.180 INFO:teuthology.orchestra.run.smithi016.stdout:/usr/bin/ceph: stdout mon_osd_full_ratio = 0.9
2024-04-25T02:09:17.180 INFO:teuthology.orchestra.run.smithi016.stdout:/usr/bin/ceph: stdout mon_osd_nearfull_ratio = 0.8
2024-04-25T02:09:17.180 INFO:teuthology.orchestra.run.smithi016.stdout:/usr/bin/ceph: stdout osd_map_max_advance = 10
2024-04-25T02:09:17.180 INFO:teuthology.orchestra.run.smithi016.stdout:/usr/bin/ceph: stdout osd_sloppy_crc = true
2024-04-25T02:09:17.181 INFO:teuthology.orchestra.run.smithi016.stdout:/usr/bin/ceph: stderr
2024-04-25T02:09:16.436+0000 7fc9363c4700 1 Processor -- start
2024-04-25T02:09:17.181 INFO:teuthology.orchestra.run.smithi016.stdout:/usr/bin/ceph: stderr
2024-04-25T02:09:16.436+0000 7fc9363c4700 1 -- start start
2024-04-25T02:09:17.181 INFO:teuthology.orchestra.run.smithi016.stdout:/usr/bin/ceph: stderr
2024-04-25T02:09:16.436+0000 7fc9363c4700 1 --2- >> [v2:172.21.15.16:3300/0,v1:172.21.15.16:6789/0] conn(0x7fc930109490 0x7fc9301098b0 unknown :-1 s=NONE pgs=0 cs=0 l=0 rev1=0 crypto rx=0 tx=0 comp rx=0 tx=0).connect
2024-04-25T02:09:17.181 INFO:teuthology.orchestra.run.smithi016.stdout:/usr/bin/ceph: stderr
2024-04-25T02:09:16.436+0000 7fc9363c4700 1 -- --> [v2:172.21.15.16:3300/0,v1:172.21.15.16:6789/0] -- mon_getmap magic: 0 -- 0x7fc930109e80 con 0x7fc930109490
2024-04-25T02:09:17.181 INFO:teuthology.orchestra.run.smithi016.stdout:/usr/bin/ceph: stderr
2024-04-25T02:09:16.436+0000 7fc92ffff700 1 --2- >> [v2:172.21.15.16:3300/0,v1:172.21.15.16:6789/0] conn(0x7fc930109490 0x7fc9301098b0 unknown :-1 s=BANNER_CONNECTING pgs=0 cs=0 l=0 rev1=0 crypto rx=0 tx=0 comp rx=0 tx=0)._handle_peer_banner_payload supported=3 required=0
2024-04-25T02:09:17.181 INFO:teuthology.orchestra.run.smithi016.stdout:/usr/bin/ceph: stderr
2024-04-25T02:09:16.437+0000 7fc92ffff700 1 --2- >> [v2:172.21.15.16:3300/0,v1:172.21.15.16:6789/0] conn(0x7fc930109490 0x7fc9301098b0 unknown :-1 s=HELLO_CONNECTING pgs=0 cs=0 l=0 rev1=1 crypto rx=0 tx=0 comp rx=0 tx=0).handle_hello peer v2:172.21.15.16:3300/0 says I am v2:172.21.15.16:43944/0 (socket says 172.21.15.16:43944)
2024-04-25T02:09:17.181 INFO:teuthology.orchestra.run.smithi016.stdout:/usr/bin/ceph: stderr
2024-04-25T02:09:16.437+0000 7fc92ffff700 1 -- 172.21.15.16:0/2510845211 learned_addr learned my addr 172.21.15.16:0/2510845211 (peer_addr_for_me v2:172.21.15.16:0/0)
2024-04-25T02:09:17.181 INFO:teuthology.orchestra.run.smithi016.stdout:/usr/bin/ceph: stderr
2024-04-25T02:09:16.437+0000 7fc92ffff700 1 -- 172.21.15.16:0/2510845211 --> [v2:172.21.15.16:3300/0,v1:172.21.15.16:6789/0] -- mon_subscribe({config=0+,monmap=0+}) -- 0x7fc93010a000 con 0x7fc930109490
2024-04-25T02:09:17.181 INFO:teuthology.orchestra.run.smithi016.stdout:/usr/bin/ceph: stderr
2024-04-25T02:09:16.437+0000 7fc92ffff700 1 --2- 172.21.15.16:0/2510845211 >> [v2:172.21.15.16:3300/0,v1:172.21.15.16:6789/0] conn(0x7fc930109490 0x7fc9301098b0 secure :-1 s=READY pgs=20 cs=0 l=1 rev1=1 crypto rx=0x7fc9200098a0 tx=0x7fc920009bb0 comp rx=0 tx=0).ready entity=mon.0 client_cookie=5715d8c05a3c8912 server_cookie=0 in_seq=0 out_seq=0
2024-04-25T02:09:17.181 INFO:teuthology.orchestra.run.smithi016.stdout:/usr/bin/ceph: stderr
2024-04-25T02:09:16.437+0000 7fc92effd700 1 -- 172.21.15.16:0/2510845211 <== mon.0 v2:172.21.15.16:3300/0 1 ==== mon_map magic: 0 ==== 205+0+0 (secure 0 0 0) 0x7fc920004160 con 0x7fc930109490
2024-04-25T02:09:17.181 INFO:teuthology.orchestra.run.smithi016.stdout:/usr/bin/ceph: stderr
2024-04-25T02:09:16.437+0000 7fc92effd700 1 -- 172.21.15.16:0/2510845211 <== mon.0 v2:172.21.15.16:3300/0 2 ==== config(29 keys) ==== 1178+0+0 (secure 0 0 0) 0x7fc920004300 con 0x7fc930109490
2024-04-25T02:09:17.182 INFO:teuthology.orchestra.run.smithi016.stdout:/usr/bin/ceph: stderr
2024-04-25T02:09:16.437+0000 7fc92effd700 1 -- 172.21.15.16:0/2510845211 <== mon.0 v2:172.21.15.16:3300/0 3 ==== mon_map magic: 0 ==== 205+0+0 (secure 0 0 0) 0x7fc920011cc0 con 0x7fc930109490
2024-04-25T02:09:17.182 INFO:teuthology.orchestra.run.smithi016.stdout:/usr/bin/ceph: stderr
2024-04-25T02:09:16.438+0000 7fc9363c4700 1 -- 172.21.15.16:0/2510845211 >> [v2:172.21.15.16:3300/0,v1:172.21.15.16:6789/0] conn(0x7fc930109490 msgr2=0x7fc9301098b0 secure :-1 s=STATE_CONNECTION_ESTABLISHED l=1).mark_down
2024-04-25T02:09:17.182 INFO:teuthology.orchestra.run.smithi016.stdout:/usr/bin/ceph: stderr
2024-04-25T02:09:16.438+0000 7fc9363c4700 1 --2- 172.21.15.16:0/2510845211 >> [v2:172.21.15.16:3300/0,v1:172.21.15.16:6789/0] conn(0x7fc930109490 0x7fc9301098b0 secure :-1 s=READY pgs=20 cs=0 l=1 rev1=1 crypto rx=0x7fc9200098a0 tx=0x7fc920009bb0 comp rx=0 tx=0).stop
2024-04-25T02:09:17.182 INFO:teuthology.orchestra.run.smithi016.stdout:/usr/bin/ceph: stderr
2024-04-25T02:09:16.438+0000 7fc9363c4700 1 -- 172.21.15.16:0/2510845211 shutdown_connections
2024-04-25T02:09:17.182 INFO:teuthology.orchestra.run.smithi016.stdout:/usr/bin/ceph: stderr
2024-04-25T02:09:16.438+0000 7fc9363c4700 1 --2- 172.21.15.16:0/2510845211 >> [v2:172.21.15.16:3300/0,v1:172.21.15.16:6789/0] conn(0x7fc930109490 0x7fc9301098b0 unknown :-1 s=CLOSED pgs=20 cs=0 l=1 rev1=1 crypto rx=0 tx=0 comp rx=0 tx=0).stop
2024-04-25T02:09:17.182 INFO:teuthology.orchestra.run.smithi016.stdout:/usr/bin/ceph: stderr
2024-04-25T02:09:16.438+0000 7fc9363c4700 1 -- 172.21.15.16:0/2510845211 >> 172.21.15.16:0/2510845211 conn(0x7fc930101b10 msgr2=0x7fc930103f30 unknown :-1 s=STATE_NONE l=0).mark_down
2024-04-25T02:09:17.182 INFO:teuthology.orchestra.run.smithi016.stdout:/usr/bin/ceph: stderr
2024-04-25T02:09:16.438+0000 7fc9363c4700 1 -- 172.21.15.16:0/2510845211 shutdown_connections
2024-04-25T02:09:17.182 INFO:teuthology.orchestra.run.smithi016.stdout:/usr/bin/ceph: stderr
2024-04-25T02:09:16.438+0000 7fc9363c4700 1 -- 172.21.15.16:0/2510845211 wait complete.
2024-04-25T02:09:17.182 INFO:teuthology.orchestra.run.smithi016.stdout:/usr/bin/ceph: stderr
2024-04-25T02:09:16.438+0000 7fc9363c4700 1 Processor -- start
2024-04-25T02:09:17.182 INFO:teuthology.orchestra.run.smithi016.stdout:/usr/bin/ceph: stderr
2024-04-25T02:09:16.438+0000 7fc9363c4700 1 -- start start
2024-04-25T02:09:17.182 INFO:teuthology.orchestra.run.smithi016.stdout:/usr/bin/ceph: stderr
2024-04-25T02:09:16.439+0000 7fc9363c4700 1 --2- >> [v2:172.21.15.16:3300/0,v1:172.21.15.16:6789/0] conn(0x7fc930109490 0x7fc930108ab0 unknown :-1 s=NONE pgs=0 cs=0 l=1 rev1=0 crypto rx=0 tx=0 comp rx=0 tx=0).connect
2024-04-25T02:09:17.182 INFO:teuthology.orchestra.run.smithi016.stdout:/usr/bin/ceph: stderr
2024-04-25T02:09:16.439+0000 7fc9363c4700 1 -- --> [v2:172.21.15.16:3300/0,v1:172.21.15.16:6789/0] -- mon_getmap magic: 0 -- 0x7fc93010c460 con 0x7fc930109490
2024-04-25T02:09:17.182 INFO:teuthology.orchestra.run.smithi016.stdout:/usr/bin/ceph: stderr
2024-04-25T02:09:16.439+0000 7fc92ffff700 1 --2- >> [v2:172.21.15.16:3300/0,v1:172.21.15.16:6789/0] conn(0x7fc930109490 0x7fc930108ab0 unknown :-1 s=BANNER_CONNECTING pgs=0 cs=0 l=1 rev1=0 crypto rx=0 tx=0 comp rx=0 tx=0)._handle_peer_banner_payload supported=3 required=0
2024-04-25T02:09:17.182 INFO:teuthology.orchestra.run.smithi016.stdout:/usr/bin/ceph: stderr
2024-04-25T02:09:16.439+0000 7fc92ffff700 1 --2- >> [v2:172.21.15.16:3300/0,v1:172.21.15.16:6789/0] conn(0x7fc930109490 0x7fc930108ab0 unknown :-1 s=HELLO_CONNECTING pgs=0 cs=0 l=1 rev1=1 crypto rx=0 tx=0 comp rx=0 tx=0).handle_hello peer v2:172.21.15.16:3300/0 says I am v2:172.21.15.16:43950/0 (socket says 172.21.15.16:43950)
2024-04-25T02:09:17.183 INFO:teuthology.orchestra.run.smithi016.stdout:/usr/bin/ceph: stderr
2024-04-25T02:09:16.439+0000 7fc92ffff700 1 -- 172.21.15.16:0/704058194 learned_addr learned my addr 172.21.15.16:0/704058194 (peer_addr_for_me v2:172.21.15.16:0/0)
2024-04-25T02:09:17.183 INFO:teuthology.orchestra.run.smithi016.stdout:/usr/bin/ceph: stderr
2024-04-25T02:09:16.439+0000 7fc92ffff700 1 -- 172.21.15.16:0/704058194 --> [v2:172.21.15.16:3300/0,v1:172.21.15.16:6789/0] -- mon_subscribe({config=0+,monmap=0+}) -- 0x7fc930108ff0 con 0x7fc930109490
2024-04-25T02:09:17.183 INFO:teuthology.orchestra.run.smithi016.stdout:/usr/bin/ceph: stderr
2024-04-25T02:09:16.439+0000 7fc92ffff700 1 --2- 172.21.15.16:0/704058194 >> [v2:172.21.15.16:3300/0,v1:172.21.15.16:6789/0] conn(0x7fc930109490 0x7fc930108ab0 secure :-1 s=READY pgs=21 cs=0 l=1 rev1=1 crypto rx=0x7fc920009fb0 tx=0x7fc920003980 comp rx=0 tx=0).ready entity=mon.0 client_cookie=0 server_cookie=0 in_seq=0 out_seq=0
2024-04-25T02:09:17.183 INFO:teuthology.orchestra.run.smithi016.stdout:/usr/bin/ceph: stderr
2024-04-25T02:09:16.439+0000 7fc92d7fa700 1 -- 172.21.15.16:0/704058194 <== mon.0 v2:172.21.15.16:3300/0 1 ==== mon_map magic: 0 ==== 205+0+0 (secure 0 0 0) 0x7fc920011dd0 con 0x7fc930109490
2024-04-25T02:09:17.183 INFO:teuthology.orchestra.run.smithi016.stdout:/usr/bin/ceph: stderr
2024-04-25T02:09:16.439+0000 7fc92d7fa700 1 -- 172.21.15.16:0/704058194 <== mon.0 v2:172.21.15.16:3300/0 2 ==== config(29 keys) ==== 1178+0+0 (secure 0 0 0) 0x7fc92001a430 con 0x7fc930109490
2024-04-25T02:09:17.183 INFO:teuthology.orchestra.run.smithi016.stdout:/usr/bin/ceph: stderr
2024-04-25T02:09:16.439+0000 7fc9363c4700 1 -- 172.21.15.16:0/704058194 --> [v2:172.21.15.16:3300/0,v1:172.21.15.16:6789/0] -- mon_subscribe({mgrmap=0+}) -- 0x7fc9301071e0 con 0x7fc930109490
2024-04-25T02:09:17.183 INFO:teuthology.orchestra.run.smithi016.stdout:/usr/bin/ceph: stderr
2024-04-25T02:09:16.439+0000 7fc92d7fa700 1 -- 172.21.15.16:0/704058194 <== mon.0 v2:172.21.15.16:3300/0 3 ==== mon_map magic: 0 ==== 205+0+0 (secure 0 0 0) 0x7fc920019610 con 0x7fc930109490
2024-04-25T02:09:17.183 INFO:teuthology.orchestra.run.smithi016.stdout:/usr/bin/ceph: stderr
2024-04-25T02:09:16.439+0000 7fc9363c4700 1 -- 172.21.15.16:0/704058194 --> [v2:172.21.15.16:3300/0,v1:172.21.15.16:6789/0] -- mon_subscribe({osdmap=0}) -- 0x7fc930107720 con 0x7fc930109490
2024-04-25T02:09:17.183 INFO:teuthology.orchestra.run.smithi016.stdout:/usr/bin/ceph: stderr
2024-04-25T02:09:16.440+0000 7fc92d7fa700 1 -- 172.21.15.16:0/704058194 <== mon.0 v2:172.21.15.16:3300/0 4 ==== mgrmap(e 4) ==== 46276+0+0 (secure 0 0 0) 0x7fc920019910 con 0x7fc930109490
2024-04-25T02:09:17.183 INFO:teuthology.orchestra.run.smithi016.stdout:/usr/bin/ceph: stderr
2024-04-25T02:09:16.441+0000 7fc9363c4700 1 -- 172.21.15.16:0/704058194 --> [v2:172.21.15.16:3300/0,v1:172.21.15.16:6789/0] -- mon_command({"prefix": "get_command_descriptions"} v 0) -- 0x7fc930063890 con 0x7fc930109490
2024-04-25T02:09:17.183 INFO:teuthology.orchestra.run.smithi016.stdout:/usr/bin/ceph: stderr
2024-04-25T02:09:16.441+0000 7fc92d7fa700 1 --2- 172.21.15.16:0/704058194 >> [v2:172.21.15.16:6800/1722831316,v1:172.21.15.16:6801/1722831316] conn(0x7fc91c038fb0 0x7fc91c03b470 unknown :-1 s=NONE pgs=0 cs=0 l=1 rev1=0 crypto rx=0 tx=0 comp rx=0 tx=0).connect
2024-04-25T02:09:17.183 INFO:teuthology.orchestra.run.smithi016.stdout:/usr/bin/ceph: stderr
2024-04-25T02:09:16.441+0000 7fc92d7fa700 1 -- 172.21.15.16:0/704058194 <== mon.0 v2:172.21.15.16:3300/0 5 ==== osd_map(1..1 src has 1..1) ==== 725+0+0 (secure 0 0 0) 0x7fc92004d0f0 con 0x7fc930109490
2024-04-25T02:09:17.183 INFO:teuthology.orchestra.run.smithi016.stdout:/usr/bin/ceph: stderr
2024-04-25T02:09:16.441+0000 7fc92f7fe700 1 --2- 172.21.15.16:0/704058194 >> [v2:172.21.15.16:6800/1722831316,v1:172.21.15.16:6801/1722831316] conn(0x7fc91c038fb0 0x7fc91c03b470 unknown :-1 s=BANNER_CONNECTING pgs=0 cs=0 l=1 rev1=0 crypto rx=0 tx=0 comp rx=0 tx=0)._handle_peer_banner_payload supported=3 required=0
2024-04-25T02:09:17.184 INFO:teuthology.orchestra.run.smithi016.stdout:/usr/bin/ceph: stderr
2024-04-25T02:09:16.441+0000 7fc92f7fe700 1 --2- 172.21.15.16:0/704058194 >> [v2:172.21.15.16:6800/1722831316,v1:172.21.15.16:6801/1722831316] conn(0x7fc91c038fb0 0x7fc91c03b470 secure :-1 s=READY pgs=7 cs=0 l=1 rev1=1 crypto rx=0x7fc918006fd0 tx=0x7fc918006e40 comp rx=0 tx=0).ready entity=mgr.14100 client_cookie=0 server_cookie=0 in_seq=0 out_seq=0
2024-04-25T02:09:17.184 INFO:teuthology.orchestra.run.smithi016.stdout:/usr/bin/ceph: stderr
2024-04-25T02:09:16.446+0000 7fc92d7fa700 1 -- 172.21.15.16:0/704058194 <== mon.0 v2:172.21.15.16:3300/0 6 ==== mon_command_ack([{"prefix": "get_command_descriptions"}]=0 v0) ==== 72+0+186147 (secure 0 0 0) 0x7fc920020240 con 0x7fc930109490
2024-04-25T02:09:17.184 INFO:teuthology.orchestra.run.smithi016.stdout:/usr/bin/ceph: stderr
2024-04-25T02:09:16.653+0000 7fc9363c4700 1 -- 172.21.15.16:0/704058194 --> [v2:172.21.15.16:3300/0,v1:172.21.15.16:6789/0] -- mon_command({"prefix": "config assimilate-conf"} v 0) -- 0x7fc930107a00 con 0x7fc930109490
2024-04-25T02:09:17.184 INFO:teuthology.orchestra.run.smithi016.stdout:/usr/bin/ceph: stderr
2024-04-25T02:09:16.655+0000 7fc92d7fa700 1 -- 172.21.15.16:0/704058194 <== mon.0 v2:172.21.15.16:3300/0 7 ==== mon_command_ack([{"prefix": "config assimilate-conf"}]=0 v3) ==== 70+0+373 (secure 0 0 0) 0x7fc920029d50 con 0x7fc930109490
2024-04-25T02:09:17.184 INFO:teuthology.orchestra.run.smithi016.stdout:/usr/bin/ceph: stderr
2024-04-25T02:09:16.657+0000 7fc9363c4700 1 -- 172.21.15.16:0/704058194 >> [v2:172.21.15.16:6800/1722831316,v1:172.21.15.16:6801/1722831316] conn(0x7fc91c038fb0 msgr2=0x7fc91c03b470 secure :-1 s=STATE_CONNECTION_ESTABLISHED l=1).mark_down
2024-04-25T02:09:17.184 INFO:teuthology.orchestra.run.smithi016.stdout:/usr/bin/ceph: stderr
2024-04-25T02:09:16.657+0000 7fc9363c4700 1 --2- 172.21.15.16:0/704058194 >> [v2:172.21.15.16:6800/1722831316,v1:172.21.15.16:6801/1722831316] conn(0x7fc91c038fb0 0x7fc91c03b470 secure :-1 s=READY pgs=7 cs=0 l=1 rev1=1 crypto rx=0x7fc918006fd0 tx=0x7fc918006e40 comp rx=0 tx=0).stop
2024-04-25T02:09:17.184 INFO:teuthology.orchestra.run.smithi016.stdout:/usr/bin/ceph: stderr
2024-04-25T02:09:16.657+0000 7fc9363c4700 1 -- 172.21.15.16:0/704058194 >> [v2:172.21.15.16:3300/0,v1:172.21.15.16:6789/0] conn(0x7fc930109490 msgr2=0x7fc930108ab0 secure :-1 s=STATE_CONNECTION_ESTABLISHED l=1).mark_down
2024-04-25T02:09:17.184 INFO:teuthology.orchestra.run.smithi016.stdout:/usr/bin/ceph: stderr
2024-04-25T02:09:16.657+0000 7fc9363c4700 1 --2- 172.21.15.16:0/704058194 >> [v2:172.21.15.16:3300/0,v1:172.21.15.16:6789/0] conn(0x7fc930109490 0x7fc930108ab0 secure :-1 s=READY pgs=21 cs=0 l=1 rev1=1 crypto rx=0x7fc920009fb0 tx=0x7fc920003980 comp rx=0 tx=0).stop
2024-04-25T02:09:17.184 INFO:teuthology.orchestra.run.smithi016.stdout:/usr/bin/ceph: stderr
2024-04-25T02:09:16.657+0000 7fc9363c4700 1 -- 172.21.15.16:0/704058194 shutdown_connections
2024-04-25T02:09:17.184 INFO:teuthology.orchestra.run.smithi016.stdout:/usr/bin/ceph: stderr
2024-04-25T02:09:16.657+0000 7fc9363c4700 1 --2- 172.21.15.16:0/704058194 >> [v2:172.21.15.16:6800/1722831316,v1:172.21.15.16:6801/1722831316] conn(0x7fc91c038fb0 0x7fc91c03b470 unknown :-1 s=CLOSED pgs=7 cs=0 l=1 rev1=1 crypto rx=0 tx=0 comp rx=0 tx=0).stop
2024-04-25T02:09:17.184 INFO:teuthology.orchestra.run.smithi016.stdout:/usr/bin/ceph: stderr
2024-04-25T02:09:16.657+0000 7fc9363c4700 1 --2- 172.21.15.16:0/704058194 >> [v2:172.21.15.16:3300/0,v1:172.21.15.16:6789/0] conn(0x7fc930109490 0x7fc930108ab0 unknown :-1 s=CLOSED pgs=21 cs=0 l=1 rev1=1 crypto rx=0 tx=0 comp rx=0 tx=0).stop
2024-04-25T02:09:17.184 INFO:teuthology.orchestra.run.smithi016.stdout:/usr/bin/ceph: stderr
2024-04-25T02:09:16.657+0000 7fc9363c4700 1 -- 172.21.15.16:0/704058194 >> 172.21.15.16:0/704058194 conn(0x7fc930101b10 msgr2=0x7fc930102670 unknown :-1 s=STATE_NONE l=0).mark_down
2024-04-25T02:09:17.184 INFO:teuthology.orchestra.run.smithi016.stdout:/usr/bin/ceph: stderr
2024-04-25T02:09:16.657+0000 7fc9363c4700 1 -- 172.21.15.16:0/704058194 shutdown_connections
2024-04-25T02:09:17.184 INFO:teuthology.orchestra.run.smithi016.stdout:/usr/bin/ceph: stderr
2024-04-25T02:09:16.657+0000 7fc9363c4700 1 -- 172.21.15.16:0/704058194 wait complete.
2024-04-25T02:09:17.184 INFO:teuthology.orchestra.run.smithi016.stdout:Enabling cephadm module...
2024-04-25T02:09:17.438 INFO:journalctl@ceph.mon.a.smithi016.stdout:Apr 25 02:09:17 smithi016 ceph-mon[29309]: from='client.? 172.21.15.16:0/704058194' entity='client.admin' cmd=[{"prefix": "config assimilate-conf"}]: dispatch
2024-04-25T02:09:18.626 INFO:journalctl@ceph.mon.a.smithi016.stdout:Apr 25 02:09:18 smithi016 ceph-mon[29309]: from='client.? 172.21.15.16:0/1763627666' entity='client.admin' cmd=[{"prefix": "mgr module enable", "module": "cephadm"}]: dispatch
2024-04-25T02:09:18.626 INFO:journalctl@ceph.mgr.x.smithi016.stdout:Apr 25 02:09:18 smithi016 ceph-9e679096-02a8-11ef-bc93-c7b262605968-mgr-x[29544]: ignoring --setuser ceph since I am not root
2024-04-25T02:09:18.626 INFO:journalctl@ceph.mgr.x.smithi016.stdout:Apr 25 02:09:18 smithi016 ceph-9e679096-02a8-11ef-bc93-c7b262605968-mgr-x[29544]: ignoring --setgroup ceph since I am not root
2024-04-25T02:09:18.626 INFO:journalctl@ceph.mgr.x.smithi016.stdout:Apr 25 02:09:18 smithi016 ceph-9e679096-02a8-11ef-bc93-c7b262605968-mgr-x[29544]:
2024-04-25T02:09:18.509+0000 7faf62347200 -1 mgr[py] Module balancer has missing NOTIFY_TYPES member
2024-04-25T02:09:18.935 INFO:journalctl@ceph.mgr.x.smithi016.stdout:Apr 25 02:09:18 smithi016 ceph-9e679096-02a8-11ef-bc93-c7b262605968-mgr-x[29544]:
2024-04-25T02:09:18.702+0000 7faf62347200 -1 mgr[py] Module orchestrator has missing NOTIFY_TYPES member
2024-04-25T02:09:18.935 INFO:journalctl@ceph.mgr.x.smithi016.stdout:Apr 25 02:09:18 smithi016 ceph-9e679096-02a8-11ef-bc93-c7b262605968-mgr-x[29544]:
2024-04-25T02:09:18.808+0000 7faf62347200 -1 mgr[py] Module snap_schedule has missing NOTIFY_TYPES member
2024-04-25T02:09:18.942 INFO:teuthology.orchestra.run.smithi016.stdout:/usr/bin/ceph: stderr
2024-04-25T02:09:17.590+0000 7f499e3f6700 1 Processor -- start
2024-04-25T02:09:18.942 INFO:teuthology.orchestra.run.smithi016.stdout:/usr/bin/ceph: stderr
2024-04-25T02:09:17.590+0000 7f499e3f6700 1 -- start start
2024-04-25T02:09:18.943 INFO:teuthology.orchestra.run.smithi016.stdout:/usr/bin/ceph: stderr
2024-04-25T02:09:17.590+0000 7f499e3f6700 1 --2- >> [v2:172.21.15.16:3300/0,v1:172.21.15.16:6789/0] conn(0x7f4998107e70 0x7f4998108290 unknown :-1 s=NONE pgs=0 cs=0 l=0 rev1=0 crypto rx=0 tx=0 comp rx=0 tx=0).connect
2024-04-25T02:09:18.943 INFO:teuthology.orchestra.run.smithi016.stdout:/usr/bin/ceph: stderr
2024-04-25T02:09:17.590+0000 7f499e3f6700 1 -- --> [v2:172.21.15.16:3300/0,v1:172.21.15.16:6789/0] -- mon_getmap magic: 0 -- 0x7f49981087d0 con 0x7f4998107e70
2024-04-25T02:09:18.943 INFO:teuthology.orchestra.run.smithi016.stdout:/usr/bin/ceph: stderr
2024-04-25T02:09:17.590+0000 7f4997fff700 1 --2- >> [v2:172.21.15.16:3300/0,v1:172.21.15.16:6789/0] conn(0x7f4998107e70 0x7f4998108290 unknown :-1 s=BANNER_CONNECTING pgs=0 cs=0 l=0 rev1=0 crypto rx=0 tx=0 comp rx=0 tx=0)._handle_peer_banner_payload supported=3 required=0
2024-04-25T02:09:18.943 INFO:teuthology.orchestra.run.smithi016.stdout:/usr/bin/ceph: stderr
2024-04-25T02:09:17.590+0000 7f4997fff700 1 --2- >> [v2:172.21.15.16:3300/0,v1:172.21.15.16:6789/0] conn(0x7f4998107e70 0x7f4998108290 unknown :-1 s=HELLO_CONNECTING pgs=0 cs=0 l=0 rev1=1 crypto rx=0 tx=0 comp rx=0 tx=0).handle_hello peer v2:172.21.15.16:3300/0 says I am v2:172.21.15.16:44920/0 (socket says 172.21.15.16:44920)
2024-04-25T02:09:18.943 INFO:teuthology.orchestra.run.smithi016.stdout:/usr/bin/ceph: stderr
2024-04-25T02:09:17.590+0000 7f4997fff700 1 -- 172.21.15.16:0/1184582464 learned_addr learned my addr 172.21.15.16:0/1184582464 (peer_addr_for_me v2:172.21.15.16:0/0)
2024-04-25T02:09:18.943 INFO:teuthology.orchestra.run.smithi016.stdout:/usr/bin/ceph: stderr
2024-04-25T02:09:17.591+0000 7f4997fff700 1 -- 172.21.15.16:0/1184582464 --> [v2:172.21.15.16:3300/0,v1:172.21.15.16:6789/0] -- mon_subscribe({config=0+,monmap=0+}) -- 0x7f4998109060 con 0x7f4998107e70
2024-04-25T02:09:18.943 INFO:teuthology.orchestra.run.smithi016.stdout:/usr/bin/ceph: stderr
2024-04-25T02:09:17.591+0000 7f4997fff700 1 --2- 172.21.15.16:0/1184582464 >> [v2:172.21.15.16:3300/0,v1:172.21.15.16:6789/0] conn(0x7f4998107e70 0x7f4998108290 secure :-1 s=READY pgs=22 cs=0 l=1 rev1=1 crypto rx=0x7f49880098a0 tx=0x7f4988009bb0 comp rx=0 tx=0).ready entity=mon.0 client_cookie=6a86bc793d661b7d server_cookie=0 in_seq=0 out_seq=0
2024-04-25T02:09:18.943 INFO:teuthology.orchestra.run.smithi016.stdout:/usr/bin/ceph: stderr
2024-04-25T02:09:17.591+0000 7f4996ffd700 1 -- 172.21.15.16:0/1184582464 <== mon.0 v2:172.21.15.16:3300/0 1 ==== mon_map magic: 0 ==== 205+0+0 (secure 0 0 0) 0x7f4988004160 con 0x7f4998107e70
2024-04-25T02:09:18.943 INFO:teuthology.orchestra.run.smithi016.stdout:/usr/bin/ceph: stderr
2024-04-25T02:09:17.591+0000 7f4996ffd700 1 -- 172.21.15.16:0/1184582464 <== mon.0 v2:172.21.15.16:3300/0 2 ==== config(29 keys) ==== 1178+0+0 (secure 0 0 0) 0x7f4988004300 con 0x7f4998107e70
2024-04-25T02:09:18.943 INFO:teuthology.orchestra.run.smithi016.stdout:/usr/bin/ceph: stderr
2024-04-25T02:09:17.591+0000 7f4996ffd700 1 -- 172.21.15.16:0/1184582464 <== mon.0 v2:172.21.15.16:3300/0 3 ==== mon_map magic: 0 ==== 205+0+0 (secure 0 0 0) 0x7f4988011cc0 con 0x7f4998107e70
2024-04-25T02:09:18.943 INFO:teuthology.orchestra.run.smithi016.stdout:/usr/bin/ceph: stderr
2024-04-25T02:09:17.592+0000 7f499e3f6700 1 -- 172.21.15.16:0/1184582464 >> [v2:172.21.15.16:3300/0,v1:172.21.15.16:6789/0] conn(0x7f4998107e70 msgr2=0x7f4998108290 secure :-1 s=STATE_CONNECTION_ESTABLISHED l=1).mark_down
2024-04-25T02:09:18.943 INFO:teuthology.orchestra.run.smithi016.stdout:/usr/bin/ceph: stderr
2024-04-25T02:09:17.592+0000 7f499e3f6700 1 --2- 172.21.15.16:0/1184582464 >> [v2:172.21.15.16:3300/0,v1:172.21.15.16:6789/0] conn(0x7f4998107e70 0x7f4998108290 secure :-1 s=READY pgs=22 cs=0 l=1 rev1=1 crypto rx=0x7f49880098a0 tx=0x7f4988009bb0 comp rx=0 tx=0).stop
2024-04-25T02:09:18.943 INFO:teuthology.orchestra.run.smithi016.stdout:/usr/bin/ceph: stderr
2024-04-25T02:09:17.592+0000 7f499e3f6700 1 -- 172.21.15.16:0/1184582464 shutdown_connections
2024-04-25T02:09:18.944 INFO:teuthology.orchestra.run.smithi016.stdout:/usr/bin/ceph: stderr
