2024-04-25T02:21:38.664+0000 7fbb69800700 1 --2- >> [v2:172.21.15.47:3300/0,v1:172.21.15.47:6789/0] conn(0x7fbb64108930 0x7fbb6410ad20 unknown :-1 s=NONE pgs=0 cs=0 l=0 rev1=0 crypto rx=0 tx=0 comp rx=0 tx=0).connect
2024-04-25T02:21:39.649 INFO:teuthology.orchestra.run.smithi047.stdout:/usr/bin/ceph: stderr
2024-04-25T02:21:38.664+0000 7fbb69800700 1 -- --> [v2:172.21.15.47:3300/0,v1:172.21.15.47:6789/0] -- mon_getmap magic: 0 -- 0x7fbb6407bd90 con 0x7fbb64108930
2024-04-25T02:21:39.649 INFO:teuthology.orchestra.run.smithi047.stdout:/usr/bin/ceph: stderr
2024-04-25T02:21:38.664+0000 7fbb62a00700 1 --2- >> [v2:172.21.15.47:3300/0,v1:172.21.15.47:6789/0] conn(0x7fbb64108930 0x7fbb6410ad20 unknown :-1 s=BANNER_CONNECTING pgs=0 cs=0 l=0 rev1=0 crypto rx=0 tx=0 comp rx=0 tx=0)._handle_peer_banner_payload supported=3 required=0
2024-04-25T02:21:39.649 INFO:teuthology.orchestra.run.smithi047.stdout:/usr/bin/ceph: stderr
2024-04-25T02:21:38.664+0000 7fbb62a00700 1 --2- >> [v2:172.21.15.47:3300/0,v1:172.21.15.47:6789/0] conn(0x7fbb64108930 0x7fbb6410ad20 unknown :-1 s=HELLO_CONNECTING pgs=0 cs=0 l=0 rev1=1 crypto rx=0 tx=0 comp rx=0 tx=0).handle_hello peer v2:172.21.15.47:3300/0 says I am v2:172.21.15.47:35716/0 (socket says 172.21.15.47:35716)
2024-04-25T02:21:39.649 INFO:teuthology.orchestra.run.smithi047.stdout:/usr/bin/ceph: stderr
2024-04-25T02:21:38.664+0000 7fbb62a00700 1 -- 172.21.15.47:0/1790220539 learned_addr learned my addr 172.21.15.47:0/1790220539 (peer_addr_for_me v2:172.21.15.47:0/0)
2024-04-25T02:21:39.649 INFO:teuthology.orchestra.run.smithi047.stdout:/usr/bin/ceph: stderr
2024-04-25T02:21:38.664+0000 7fbb62a00700 1 -- 172.21.15.47:0/1790220539 --> [v2:172.21.15.47:3300/0,v1:172.21.15.47:6789/0] -- mon_subscribe({config=0+,monmap=0+}) -- 0x7fbb6410b260 con 0x7fbb64108930
2024-04-25T02:21:39.649 INFO:teuthology.orchestra.run.smithi047.stdout:/usr/bin/ceph: stderr
2024-04-25T02:21:38.665+0000 7fbb62a00700 1 --2- 172.21.15.47:0/1790220539 >> [v2:172.21.15.47:3300/0,v1:172.21.15.47:6789/0] conn(0x7fbb64108930 0x7fbb6410ad20 secure :-1 s=READY pgs=37 cs=0 l=1 rev1=1 crypto rx=0x7fbb540098a0 tx=0x7fbb54009bb0 comp rx=0 tx=0).ready entity=mon.0 client_cookie=f623a6fbe4c50775 server_cookie=0 in_seq=0 out_seq=0
2024-04-25T02:21:39.649 INFO:teuthology.orchestra.run.smithi047.stdout:/usr/bin/ceph: stderr
2024-04-25T02:21:38.665+0000 7fbb61600700 1 -- 172.21.15.47:0/1790220539 <== mon.0 v2:172.21.15.47:3300/0 1 ==== mon_map magic: 0 ==== 205+0+0 (secure 0 0 0) 0x7fbb54004160 con 0x7fbb64108930
2024-04-25T02:21:39.649 INFO:teuthology.orchestra.run.smithi047.stdout:/usr/bin/ceph: stderr
2024-04-25T02:21:38.665+0000 7fbb61600700 1 -- 172.21.15.47:0/1790220539 <== mon.0 v2:172.21.15.47:3300/0 2 ==== config(27 keys) ==== 1109+0+0 (secure 0 0 0) 0x7fbb54004300 con 0x7fbb64108930
2024-04-25T02:21:39.649 INFO:teuthology.orchestra.run.smithi047.stdout:/usr/bin/ceph: stderr
2024-04-25T02:21:38.665+0000 7fbb61600700 1 -- 172.21.15.47:0/1790220539 <== mon.0 v2:172.21.15.47:3300/0 3 ==== mon_map magic: 0 ==== 205+0+0 (secure 0 0 0) 0x7fbb54011b50 con 0x7fbb64108930
2024-04-25T02:21:39.649 INFO:teuthology.orchestra.run.smithi047.stdout:/usr/bin/ceph: stderr
2024-04-25T02:21:38.666+0000 7fbb69800700 1 -- 172.21.15.47:0/1790220539 >> [v2:172.21.15.47:3300/0,v1:172.21.15.47:6789/0] conn(0x7fbb64108930 msgr2=0x7fbb6410ad20 secure :-1 s=STATE_CONNECTION_ESTABLISHED l=1).mark_down
2024-04-25T02:21:39.649 INFO:teuthology.orchestra.run.smithi047.stdout:/usr/bin/ceph: stderr
2024-04-25T02:21:38.666+0000 7fbb69800700 1 --2- 172.21.15.47:0/1790220539 >> [v2:172.21.15.47:3300/0,v1:172.21.15.47:6789/0] conn(0x7fbb64108930 0x7fbb6410ad20 secure :-1 s=READY pgs=37 cs=0 l=1 rev1=1 crypto rx=0x7fbb540098a0 tx=0x7fbb54009bb0 comp rx=0 tx=0).stop
2024-04-25T02:21:39.649 INFO:teuthology.orchestra.run.smithi047.stdout:/usr/bin/ceph: stderr
2024-04-25T02:21:38.666+0000 7fbb69800700 1 -- 172.21.15.47:0/1790220539 shutdown_connections
2024-04-25T02:21:39.650 INFO:teuthology.orchestra.run.smithi047.stdout:/usr/bin/ceph: stderr
2024-04-25T02:21:38.666+0000 7fbb69800700 1 --2- 172.21.15.47:0/1790220539 >> [v2:172.21.15.47:3300/0,v1:172.21.15.47:6789/0] conn(0x7fbb64108930 0x7fbb6410ad20 unknown :-1 s=CLOSED pgs=37 cs=0 l=1 rev1=1 crypto rx=0 tx=0 comp rx=0 tx=0).stop
2024-04-25T02:21:39.650 INFO:teuthology.orchestra.run.smithi047.stdout:/usr/bin/ceph: stderr
2024-04-25T02:21:38.666+0000 7fbb69800700 1 -- 172.21.15.47:0/1790220539 >> 172.21.15.47:0/1790220539 conn(0x7fbb64102280 msgr2=0x7fbb641046e0 unknown :-1 s=STATE_NONE l=0).mark_down
2024-04-25T02:21:39.650 INFO:teuthology.orchestra.run.smithi047.stdout:/usr/bin/ceph: stderr
2024-04-25T02:21:38.666+0000 7fbb69800700 1 -- 172.21.15.47:0/1790220539 shutdown_connections
2024-04-25T02:21:39.650 INFO:teuthology.orchestra.run.smithi047.stdout:/usr/bin/ceph: stderr
2024-04-25T02:21:38.666+0000 7fbb69800700 1 -- 172.21.15.47:0/1790220539 wait complete.
2024-04-25T02:21:39.650 INFO:teuthology.orchestra.run.smithi047.stdout:/usr/bin/ceph: stderr
2024-04-25T02:21:38.667+0000 7fbb69800700 1 Processor -- start
2024-04-25T02:21:39.650 INFO:teuthology.orchestra.run.smithi047.stdout:/usr/bin/ceph: stderr
2024-04-25T02:21:38.668+0000 7fbb69800700 1 -- start start
2024-04-25T02:21:39.650 INFO:teuthology.orchestra.run.smithi047.stdout:/usr/bin/ceph: stderr
2024-04-25T02:21:38.668+0000 7fbb69800700 1 --2- >> [v2:172.21.15.47:3300/0,v1:172.21.15.47:6789/0] conn(0x7fbb64108930 0x7fbb6419bec0 unknown :-1 s=NONE pgs=0 cs=0 l=1 rev1=0 crypto rx=0 tx=0 comp rx=0 tx=0).connect
2024-04-25T02:21:39.650 INFO:teuthology.orchestra.run.smithi047.stdout:/usr/bin/ceph: stderr
2024-04-25T02:21:38.668+0000 7fbb69800700 1 -- --> [v2:172.21.15.47:3300/0,v1:172.21.15.47:6789/0] -- mon_getmap magic: 0 -- 0x7fbb6410c1d0 con 0x7fbb64108930
2024-04-25T02:21:39.650 INFO:teuthology.orchestra.run.smithi047.stdout:/usr/bin/ceph: stderr
2024-04-25T02:21:38.668+0000 7fbb62a00700 1 --2- >> [v2:172.21.15.47:3300/0,v1:172.21.15.47:6789/0] conn(0x7fbb64108930 0x7fbb6419bec0 unknown :-1 s=BANNER_CONNECTING pgs=0 cs=0 l=1 rev1=0 crypto rx=0 tx=0 comp rx=0 tx=0)._handle_peer_banner_payload supported=3 required=0
2024-04-25T02:21:39.650 INFO:teuthology.orchestra.run.smithi047.stdout:/usr/bin/ceph: stderr
2024-04-25T02:21:38.668+0000 7fbb62a00700 1 --2- >> [v2:172.21.15.47:3300/0,v1:172.21.15.47:6789/0] conn(0x7fbb64108930 0x7fbb6419bec0 unknown :-1 s=HELLO_CONNECTING pgs=0 cs=0 l=1 rev1=1 crypto rx=0 tx=0 comp rx=0 tx=0).handle_hello peer v2:172.21.15.47:3300/0 says I am v2:172.21.15.47:35730/0 (socket says 172.21.15.47:35730)
2024-04-25T02:21:39.650 INFO:teuthology.orchestra.run.smithi047.stdout:/usr/bin/ceph: stderr
2024-04-25T02:21:38.668+0000 7fbb62a00700 1 -- 172.21.15.47:0/2895649481 learned_addr learned my addr 172.21.15.47:0/2895649481 (peer_addr_for_me v2:172.21.15.47:0/0)
2024-04-25T02:21:39.650 INFO:teuthology.orchestra.run.smithi047.stdout:/usr/bin/ceph: stderr
2024-04-25T02:21:38.669+0000 7fbb62a00700 1 -- 172.21.15.47:0/2895649481 --> [v2:172.21.15.47:3300/0,v1:172.21.15.47:6789/0] -- mon_subscribe({config=0+,monmap=0+}) -- 0x7fbb6419c400 con 0x7fbb64108930
2024-04-25T02:21:39.650 INFO:teuthology.orchestra.run.smithi047.stdout:/usr/bin/ceph: stderr
2024-04-25T02:21:38.669+0000 7fbb62a00700 1 --2- 172.21.15.47:0/2895649481 >> [v2:172.21.15.47:3300/0,v1:172.21.15.47:6789/0] conn(0x7fbb64108930 0x7fbb6419bec0 secure :-1 s=READY pgs=38 cs=0 l=1 rev1=1 crypto rx=0x7fbb54011670 tx=0x7fbb54011b60 comp rx=0 tx=0).ready entity=mon.0 client_cookie=0 server_cookie=0 in_seq=0 out_seq=0
2024-04-25T02:21:39.650 INFO:teuthology.orchestra.run.smithi047.stdout:/usr/bin/ceph: stderr
2024-04-25T02:21:38.669+0000 7fbb5b400700 1 -- 172.21.15.47:0/2895649481 <== mon.0 v2:172.21.15.47:3300/0 1 ==== mon_map magic: 0 ==== 205+0+0 (secure 0 0 0) 0x7fbb540039c0 con 0x7fbb64108930
2024-04-25T02:21:39.651 INFO:teuthology.orchestra.run.smithi047.stdout:/usr/bin/ceph: stderr
2024-04-25T02:21:38.669+0000 7fbb5b400700 1 -- 172.21.15.47:0/2895649481 <== mon.0 v2:172.21.15.47:3300/0 2 ==== config(27 keys) ==== 1109+0+0 (secure 0 0 0) 0x7fbb54011e50 con 0x7fbb64108930
2024-04-25T02:21:39.651 INFO:teuthology.orchestra.run.smithi047.stdout:/usr/bin/ceph: stderr
2024-04-25T02:21:38.669+0000 7fbb69800700 1 -- 172.21.15.47:0/2895649481 --> [v2:172.21.15.47:3300/0,v1:172.21.15.47:6789/0] -- mon_subscribe({mgrmap=0+}) -- 0x7fbb6419c690 con 0x7fbb64108930
2024-04-25T02:21:39.651 INFO:teuthology.orchestra.run.smithi047.stdout:/usr/bin/ceph: stderr
2024-04-25T02:21:38.670+0000 7fbb5b400700 1 -- 172.21.15.47:0/2895649481 <== mon.0 v2:172.21.15.47:3300/0 3 ==== mon_map magic: 0 ==== 205+0+0 (secure 0 0 0) 0x7fbb5401a5c0 con 0x7fbb64108930
2024-04-25T02:21:39.651 INFO:teuthology.orchestra.run.smithi047.stdout:/usr/bin/ceph: stderr
2024-04-25T02:21:38.670+0000 7fbb69800700 1 -- 172.21.15.47:0/2895649481 --> [v2:172.21.15.47:3300/0,v1:172.21.15.47:6789/0] -- mon_subscribe({osdmap=0}) -- 0x7fbb6419d070 con 0x7fbb64108930
2024-04-25T02:21:39.651 INFO:teuthology.orchestra.run.smithi047.stdout:/usr/bin/ceph: stderr
2024-04-25T02:21:38.671+0000 7fbb5b400700 1 -- 172.21.15.47:0/2895649481 <== mon.0 v2:172.21.15.47:3300/0 4 ==== mgrmap(e 8) ==== 46287+0+0 (secure 0 0 0) 0x7fbb54024430 con 0x7fbb64108930
2024-04-25T02:21:39.651 INFO:teuthology.orchestra.run.smithi047.stdout:/usr/bin/ceph: stderr
2024-04-25T02:21:38.671+0000 7fbb69800700 1 -- 172.21.15.47:0/2895649481 --> [v2:172.21.15.47:3300/0,v1:172.21.15.47:6789/0] -- mon_command({"prefix": "get_command_descriptions"} v 0) -- 0x7fbb64063890 con 0x7fbb64108930
2024-04-25T02:21:39.651 INFO:teuthology.orchestra.run.smithi047.stdout:/usr/bin/ceph: stderr
2024-04-25T02:21:38.671+0000 7fbb5b400700 1 --2- 172.21.15.47:0/2895649481 >> [v2:172.21.15.47:6800/369213982,v1:172.21.15.47:6801/369213982] conn(0x7fbb48039050 0x7fbb4803b510 unknown :-1 s=NONE pgs=0 cs=0 l=1 rev1=0 crypto rx=0 tx=0 comp rx=0 tx=0).connect
2024-04-25T02:21:39.651 INFO:teuthology.orchestra.run.smithi047.stdout:/usr/bin/ceph: stderr
2024-04-25T02:21:38.671+0000 7fbb5b400700 1 -- 172.21.15.47:0/2895649481 <== mon.0 v2:172.21.15.47:3300/0 5 ==== osd_map(2..2 src has 1..2) ==== 940+0+0 (secure 0 0 0) 0x7fbb5404d450 con 0x7fbb64108930
2024-04-25T02:21:39.651 INFO:teuthology.orchestra.run.smithi047.stdout:/usr/bin/ceph: stderr
2024-04-25T02:21:38.672+0000 7fbb62000700 1 --2- 172.21.15.47:0/2895649481 >> [v2:172.21.15.47:6800/369213982,v1:172.21.15.47:6801/369213982] conn(0x7fbb48039050 0x7fbb4803b510 unknown :-1 s=BANNER_CONNECTING pgs=0 cs=0 l=1 rev1=0 crypto rx=0 tx=0 comp rx=0 tx=0)._handle_peer_banner_payload supported=3 required=0
2024-04-25T02:21:39.651 INFO:teuthology.orchestra.run.smithi047.stdout:/usr/bin/ceph: stderr
2024-04-25T02:21:38.672+0000 7fbb62000700 1 --2- 172.21.15.47:0/2895649481 >> [v2:172.21.15.47:6800/369213982,v1:172.21.15.47:6801/369213982] conn(0x7fbb48039050 0x7fbb4803b510 secure :-1 s=READY pgs=7 cs=0 l=1 rev1=1 crypto rx=0x7fbb50006fd0 tx=0x7fbb50006e40 comp rx=0 tx=0).ready entity=mgr.14120 client_cookie=0 server_cookie=0 in_seq=0 out_seq=0
2024-04-25T02:21:39.651 INFO:teuthology.orchestra.run.smithi047.stdout:/usr/bin/ceph: stderr
2024-04-25T02:21:38.678+0000 7fbb5b400700 1 -- 172.21.15.47:0/2895649481 <== mon.0 v2:172.21.15.47:3300/0 6 ==== mon_command_ack([{"prefix": "get_command_descriptions"}]=0 v0) ==== 72+0+186147 (secure 0 0 0) 0x7fbb5404cda0 con 0x7fbb64108930
2024-04-25T02:21:39.651 INFO:teuthology.orchestra.run.smithi047.stdout:/usr/bin/ceph: stderr
2024-04-25T02:21:38.924+0000 7fbb69800700 1 -- 172.21.15.47:0/2895649481 --> [v2:172.21.15.47:6800/369213982,v1:172.21.15.47:6801/369213982] -- mgr_command(tid 0: {"prefix": "orch set backend", "module_name": "cephadm", "target": ["mon-mgr", ""]}) -- 0x7fbb641034a0 con 0x7fbb48039050
2024-04-25T02:21:39.651 INFO:teuthology.orchestra.run.smithi047.stdout:/usr/bin/ceph: stderr
2024-04-25T02:21:38.934+0000 7fbb5b400700 1 -- 172.21.15.47:0/2895649481 <== mgr.14120 v2:172.21.15.47:6800/369213982 1 ==== mgr_command_reply(tid 0: 0 ) ==== 8+0+0 (secure 0 0 0) 0x7fbb641034a0 con 0x7fbb48039050
2024-04-25T02:21:39.651 INFO:teuthology.orchestra.run.smithi047.stdout:/usr/bin/ceph: stderr
2024-04-25T02:21:38.937+0000 7fbb69800700 1 -- 172.21.15.47:0/2895649481 >> [v2:172.21.15.47:6800/369213982,v1:172.21.15.47:6801/369213982] conn(0x7fbb48039050 msgr2=0x7fbb4803b510 secure :-1 s=STATE_CONNECTION_ESTABLISHED l=1).mark_down
2024-04-25T02:21:39.651 INFO:teuthology.orchestra.run.smithi047.stdout:/usr/bin/ceph: stderr
2024-04-25T02:21:38.937+0000 7fbb69800700 1 --2- 172.21.15.47:0/2895649481 >> [v2:172.21.15.47:6800/369213982,v1:172.21.15.47:6801/369213982] conn(0x7fbb48039050 0x7fbb4803b510 secure :-1 s=READY pgs=7 cs=0 l=1 rev1=1 crypto rx=0x7fbb50006fd0 tx=0x7fbb50006e40 comp rx=0 tx=0).stop
2024-04-25T02:21:39.651 INFO:teuthology.orchestra.run.smithi047.stdout:/usr/bin/ceph: stderr
2024-04-25T02:21:38.937+0000 7fbb69800700 1 -- 172.21.15.47:0/2895649481 >> [v2:172.21.15.47:3300/0,v1:172.21.15.47:6789/0] conn(0x7fbb64108930 msgr2=0x7fbb6419bec0 secure :-1 s=STATE_CONNECTION_ESTABLISHED l=1).mark_down
2024-04-25T02:21:39.652 INFO:teuthology.orchestra.run.smithi047.stdout:/usr/bin/ceph: stderr
2024-04-25T02:21:38.937+0000 7fbb69800700 1 --2- 172.21.15.47:0/2895649481 >> [v2:172.21.15.47:3300/0,v1:172.21.15.47:6789/0] conn(0x7fbb64108930 0x7fbb6419bec0 secure :-1 s=READY pgs=38 cs=0 l=1 rev1=1 crypto rx=0x7fbb54011670 tx=0x7fbb54011b60 comp rx=0 tx=0).stop
2024-04-25T02:21:39.652 INFO:teuthology.orchestra.run.smithi047.stdout:/usr/bin/ceph: stderr
2024-04-25T02:21:38.938+0000 7fbb69800700 1 -- 172.21.15.47:0/2895649481 shutdown_connections
2024-04-25T02:21:39.652 INFO:teuthology.orchestra.run.smithi047.stdout:/usr/bin/ceph: stderr
2024-04-25T02:21:38.938+0000 7fbb69800700 1 --2- 172.21.15.47:0/2895649481 >> [v2:172.21.15.47:6800/369213982,v1:172.21.15.47:6801/369213982] conn(0x7fbb48039050 0x7fbb4803b510 unknown :-1 s=CLOSED pgs=7 cs=0 l=1 rev1=1 crypto rx=0 tx=0 comp rx=0 tx=0).stop
2024-04-25T02:21:39.652 INFO:teuthology.orchestra.run.smithi047.stdout:/usr/bin/ceph: stderr
2024-04-25T02:21:38.938+0000 7fbb69800700 1 --2- 172.21.15.47:0/2895649481 >> [v2:172.21.15.47:3300/0,v1:172.21.15.47:6789/0] conn(0x7fbb64108930 0x7fbb6419bec0 unknown :-1 s=CLOSED pgs=38 cs=0 l=1 rev1=1 crypto rx=0 tx=0 comp rx=0 tx=0).stop
2024-04-25T02:21:39.652 INFO:teuthology.orchestra.run.smithi047.stdout:/usr/bin/ceph: stderr
2024-04-25T02:21:38.938+0000 7fbb69800700 1 -- 172.21.15.47:0/2895649481 >> 172.21.15.47:0/2895649481 conn(0x7fbb64102280 msgr2=0x7fbb64102d90 unknown :-1 s=STATE_NONE l=0).mark_down
2024-04-25T02:21:39.652 INFO:teuthology.orchestra.run.smithi047.stdout:/usr/bin/ceph: stderr
2024-04-25T02:21:38.938+0000 7fbb69800700 1 -- 172.21.15.47:0/2895649481 shutdown_connections
2024-04-25T02:21:39.652 INFO:teuthology.orchestra.run.smithi047.stdout:/usr/bin/ceph: stderr
2024-04-25T02:21:38.938+0000 7fbb69800700 1 -- 172.21.15.47:0/2895649481 wait complete.
2024-04-25T02:21:41.177 INFO:teuthology.orchestra.run.smithi047.stdout:/usr/bin/ceph: stdout value unchanged
2024-04-25T02:21:41.177 INFO:teuthology.orchestra.run.smithi047.stdout:/usr/bin/ceph: stderr
2024-04-25T02:21:40.305+0000 7fa6c5a00700 1 Processor -- start
2024-04-25T02:21:41.177 INFO:teuthology.orchestra.run.smithi047.stdout:/usr/bin/ceph: stderr
2024-04-25T02:21:40.305+0000 7fa6c5a00700 1 -- start start
2024-04-25T02:21:41.177 INFO:teuthology.orchestra.run.smithi047.stdout:/usr/bin/ceph: stderr
2024-04-25T02:21:40.306+0000 7fa6c5a00700 1 --2- >> [v2:172.21.15.47:3300/0,v1:172.21.15.47:6789/0] conn(0x7fa6c0109e40 0x7fa6c010a260 unknown :-1 s=NONE pgs=0 cs=0 l=0 rev1=0 crypto rx=0 tx=0 comp rx=0 tx=0).connect
2024-04-25T02:21:41.178 INFO:teuthology.orchestra.run.smithi047.stdout:/usr/bin/ceph: stderr
2024-04-25T02:21:40.306+0000 7fa6c5a00700 1 -- --> [v2:172.21.15.47:3300/0,v1:172.21.15.47:6789/0] -- mon_getmap magic: 0 -- 0x7fa6c010a7a0 con 0x7fa6c0109e40
2024-04-25T02:21:41.178 INFO:teuthology.orchestra.run.smithi047.stdout:/usr/bin/ceph: stderr
2024-04-25T02:21:40.306+0000 7fa6bfe00700 1 --2- >> [v2:172.21.15.47:3300/0,v1:172.21.15.47:6789/0] conn(0x7fa6c0109e40 0x7fa6c010a260 unknown :-1 s=BANNER_CONNECTING pgs=0 cs=0 l=0 rev1=0 crypto rx=0 tx=0 comp rx=0 tx=0)._handle_peer_banner_payload supported=3 required=0
2024-04-25T02:21:41.178 INFO:teuthology.orchestra.run.smithi047.stdout:/usr/bin/ceph: stderr
2024-04-25T02:21:40.306+0000 7fa6bfe00700 1 --2- >> [v2:172.21.15.47:3300/0,v1:172.21.15.47:6789/0] conn(0x7fa6c0109e40 0x7fa6c010a260 unknown :-1 s=HELLO_CONNECTING pgs=0 cs=0 l=0 rev1=1 crypto rx=0 tx=0 comp rx=0 tx=0).handle_hello peer v2:172.21.15.47:3300/0 says I am v2:172.21.15.47:35746/0 (socket says 172.21.15.47:35746)
2024-04-25T02:21:41.178 INFO:teuthology.orchestra.run.smithi047.stdout:/usr/bin/ceph: stderr
2024-04-25T02:21:40.306+0000 7fa6bfe00700 1 -- 172.21.15.47:0/4217117916 learned_addr learned my addr 172.21.15.47:0/4217117916 (peer_addr_for_me v2:172.21.15.47:0/0)
2024-04-25T02:21:41.178 INFO:teuthology.orchestra.run.smithi047.stdout:/usr/bin/ceph: stderr
2024-04-25T02:21:40.307+0000 7fa6bfe00700 1 -- 172.21.15.47:0/4217117916 --> [v2:172.21.15.47:3300/0,v1:172.21.15.47:6789/0] -- mon_subscribe({config=0+,monmap=0+}) -- 0x7fa6c010afa0 con 0x7fa6c0109e40
2024-04-25T02:21:41.178 INFO:teuthology.orchestra.run.smithi047.stdout:/usr/bin/ceph: stderr
2024-04-25T02:21:40.307+0000 7fa6bfe00700 1 --2- 172.21.15.47:0/4217117916 >> [v2:172.21.15.47:3300/0,v1:172.21.15.47:6789/0] conn(0x7fa6c0109e40 0x7fa6c010a260 secure :-1 s=READY pgs=39 cs=0 l=1 rev1=1 crypto rx=0x7fa6b00098a0 tx=0x7fa6b0009bb0 comp rx=0 tx=0).ready entity=mon.0 client_cookie=912ece7c6b33c5f4 server_cookie=0 in_seq=0 out_seq=0
2024-04-25T02:21:41.178 INFO:teuthology.orchestra.run.smithi047.stdout:/usr/bin/ceph: stderr
2024-04-25T02:21:40.308+0000 7fa6bf400700 1 -- 172.21.15.47:0/4217117916 <== mon.0 v2:172.21.15.47:3300/0 1 ==== mon_map magic: 0 ==== 205+0+0 (secure 0 0 0) 0x7fa6b0004160 con 0x7fa6c0109e40
2024-04-25T02:21:41.178 INFO:teuthology.orchestra.run.smithi047.stdout:/usr/bin/ceph: stderr
2024-04-25T02:21:40.308+0000 7fa6bf400700 1 -- 172.21.15.47:0/4217117916 <== mon.0 v2:172.21.15.47:3300/0 2 ==== config(27 keys) ==== 1109+0+0 (secure 0 0 0) 0x7fa6b0004300 con 0x7fa6c0109e40
2024-04-25T02:21:41.178 INFO:teuthology.orchestra.run.smithi047.stdout:/usr/bin/ceph: stderr
2024-04-25T02:21:40.308+0000 7fa6bf400700 1 -- 172.21.15.47:0/4217117916 <== mon.0 v2:172.21.15.47:3300/0 3 ==== mon_map magic: 0 ==== 205+0+0 (secure 0 0 0) 0x7fa6b0011b50 con 0x7fa6c0109e40
2024-04-25T02:21:41.178 INFO:teuthology.orchestra.run.smithi047.stdout:/usr/bin/ceph: stderr
2024-04-25T02:21:40.308+0000 7fa6c5a00700 1 -- 172.21.15.47:0/4217117916 >> [v2:172.21.15.47:3300/0,v1:172.21.15.47:6789/0] conn(0x7fa6c0109e40 msgr2=0x7fa6c010a260 secure :-1 s=STATE_CONNECTION_ESTABLISHED l=1).mark_down
2024-04-25T02:21:41.178 INFO:teuthology.orchestra.run.smithi047.stdout:/usr/bin/ceph: stderr
2024-04-25T02:21:40.308+0000 7fa6c5a00700 1 --2- 172.21.15.47:0/4217117916 >> [v2:172.21.15.47:3300/0,v1:172.21.15.47:6789/0] conn(0x7fa6c0109e40 0x7fa6c010a260 secure :-1 s=READY pgs=39 cs=0 l=1 rev1=1 crypto rx=0x7fa6b00098a0 tx=0x7fa6b0009bb0 comp rx=0 tx=0).stop
2024-04-25T02:21:41.178 INFO:teuthology.orchestra.run.smithi047.stdout:/usr/bin/ceph: stderr
2024-04-25T02:21:40.308+0000 7fa6c5a00700 1 -- 172.21.15.47:0/4217117916 shutdown_connections
2024-04-25T02:21:41.179 INFO:teuthology.orchestra.run.smithi047.stdout:/usr/bin/ceph: stderr
2024-04-25T02:21:40.308+0000 7fa6c5a00700 1 --2- 172.21.15.47:0/4217117916 >> [v2:172.21.15.47:3300/0,v1:172.21.15.47:6789/0] conn(0x7fa6c0109e40 0x7fa6c010a260 unknown :-1 s=CLOSED pgs=39 cs=0 l=1 rev1=1 crypto rx=0 tx=0 comp rx=0 tx=0).stop
2024-04-25T02:21:41.179 INFO:teuthology.orchestra.run.smithi047.stdout:/usr/bin/ceph: stderr
2024-04-25T02:21:40.308+0000 7fa6c5a00700 1 -- 172.21.15.47:0/4217117916 >> 172.21.15.47:0/4217117916 conn(0x7fa6c007d1e0 msgr2=0x7fa6c007d630 unknown :-1 s=STATE_NONE l=0).mark_down
2024-04-25T02:21:41.179 INFO:teuthology.orchestra.run.smithi047.stdout:/usr/bin/ceph: stderr
2024-04-25T02:21:40.309+0000 7fa6c5a00700 1 -- 172.21.15.47:0/4217117916 shutdown_connections
2024-04-25T02:21:41.179 INFO:teuthology.orchestra.run.smithi047.stdout:/usr/bin/ceph: stderr
2024-04-25T02:21:40.309+0000 7fa6c5a00700 1 -- 172.21.15.47:0/4217117916 wait complete.
2024-04-25T02:21:41.179 INFO:teuthology.orchestra.run.smithi047.stdout:/usr/bin/ceph: stderr
2024-04-25T02:21:40.310+0000 7fa6c5a00700 1 Processor -- start
2024-04-25T02:21:41.179 INFO:teuthology.orchestra.run.smithi047.stdout:/usr/bin/ceph: stderr
2024-04-25T02:21:40.310+0000 7fa6c5a00700 1 -- start start
2024-04-25T02:21:41.179 INFO:teuthology.orchestra.run.smithi047.stdout:/usr/bin/ceph: stderr
2024-04-25T02:21:40.310+0000 7fa6c5a00700 1 --2- >> [v2:172.21.15.47:3300/0,v1:172.21.15.47:6789/0] conn(0x7fa6c019dff0 0x7fa6c019e410 unknown :-1 s=NONE pgs=0 cs=0 l=1 rev1=0 crypto rx=0 tx=0 comp rx=0 tx=0).connect
2024-04-25T02:21:41.179 INFO:teuthology.orchestra.run.smithi047.stdout:/usr/bin/ceph: stderr
2024-04-25T02:21:40.310+0000 7fa6c5a00700 1 -- --> [v2:172.21.15.47:3300/0,v1:172.21.15.47:6789/0] -- mon_getmap magic: 0 -- 0x7fa6c010e3e0 con 0x7fa6c019dff0
2024-04-25T02:21:41.179 INFO:teuthology.orchestra.run.smithi047.stdout:/usr/bin/ceph: stderr
2024-04-25T02:21:40.311+0000 7fa6bfe00700 1 --2- >> [v2:172.21.15.47:3300/0,v1:172.21.15.47:6789/0] conn(0x7fa6c019dff0 0x7fa6c019e410 unknown :-1 s=BANNER_CONNECTING pgs=0 cs=0 l=1 rev1=0 crypto rx=0 tx=0 comp rx=0 tx=0)._handle_peer_banner_payload supported=3 required=0
2024-04-25T02:21:41.179 INFO:teuthology.orchestra.run.smithi047.stdout:/usr/bin/ceph: stderr
2024-04-25T02:21:40.311+0000 7fa6bfe00700 1 --2- >> [v2:172.21.15.47:3300/0,v1:172.21.15.47:6789/0] conn(0x7fa6c019dff0 0x7fa6c019e410 unknown :-1 s=HELLO_CONNECTING pgs=0 cs=0 l=1 rev1=1 crypto rx=0 tx=0 comp rx=0 tx=0).handle_hello peer v2:172.21.15.47:3300/0 says I am v2:172.21.15.47:35758/0 (socket says 172.21.15.47:35758)
2024-04-25T02:21:41.179 INFO:teuthology.orchestra.run.smithi047.stdout:/usr/bin/ceph: stderr
2024-04-25T02:21:40.311+0000 7fa6bfe00700 1 -- 172.21.15.47:0/2881855472 learned_addr learned my addr 172.21.15.47:0/2881855472 (peer_addr_for_me v2:172.21.15.47:0/0)
2024-04-25T02:21:41.179 INFO:teuthology.orchestra.run.smithi047.stdout:/usr/bin/ceph: stderr
2024-04-25T02:21:40.311+0000 7fa6bfe00700 1 -- 172.21.15.47:0/2881855472 --> [v2:172.21.15.47:3300/0,v1:172.21.15.47:6789/0] -- mon_subscribe({config=0+,monmap=0+}) -- 0x7fa6c019e950 con 0x7fa6c019dff0
2024-04-25T02:21:41.179 INFO:teuthology.orchestra.run.smithi047.stdout:/usr/bin/ceph: stderr
2024-04-25T02:21:40.311+0000 7fa6bfe00700 1 --2- 172.21.15.47:0/2881855472 >> [v2:172.21.15.47:3300/0,v1:172.21.15.47:6789/0] conn(0x7fa6c019dff0 0x7fa6c019e410 secure :-1 s=READY pgs=40 cs=0 l=1 rev1=1 crypto rx=0x7fa6b0000c00 tx=0x7fa6b00119e0 comp rx=0 tx=0).ready entity=mon.0 client_cookie=0 server_cookie=0 in_seq=0 out_seq=0
2024-04-25T02:21:41.179 INFO:teuthology.orchestra.run.smithi047.stdout:/usr/bin/ceph: stderr
2024-04-25T02:21:40.312+0000 7fa6bd600700 1 -- 172.21.15.47:0/2881855472 <== mon.0 v2:172.21.15.47:3300/0 1 ==== mon_map magic: 0 ==== 205+0+0 (secure 0 0 0) 0x7fa6b00038b0 con 0x7fa6c019dff0
2024-04-25T02:21:41.180 INFO:teuthology.orchestra.run.smithi047.stdout:/usr/bin/ceph: stderr
2024-04-25T02:21:40.312+0000 7fa6bd600700 1 -- 172.21.15.47:0/2881855472 <== mon.0 v2:172.21.15.47:3300/0 2 ==== config(27 keys) ==== 1109+0+0 (secure 0 0 0) 0x7fa6b0003a50 con 0x7fa6c019dff0
2024-04-25T02:21:41.180 INFO:teuthology.orchestra.run.smithi047.stdout:/usr/bin/ceph: stderr
2024-04-25T02:21:40.312+0000 7fa6c5a00700 1 -- 172.21.15.47:0/2881855472 --> [v2:172.21.15.47:3300/0,v1:172.21.15.47:6789/0] -- mon_subscribe({mgrmap=0+}) -- 0x7fa6c019ebe0 con 0x7fa6c019dff0
2024-04-25T02:21:41.180 INFO:teuthology.orchestra.run.smithi047.stdout:/usr/bin/ceph: stderr
2024-04-25T02:21:40.312+0000 7fa6bd600700 1 -- 172.21.15.47:0/2881855472 <== mon.0 v2:172.21.15.47:3300/0 3 ==== mon_map magic: 0 ==== 205+0+0 (secure 0 0 0) 0x7fa6b001b440 con 0x7fa6c019dff0
2024-04-25T02:21:41.180 INFO:teuthology.orchestra.run.smithi047.stdout:/usr/bin/ceph: stderr
2024-04-25T02:21:40.312+0000 7fa6c5a00700 1 -- 172.21.15.47:0/2881855472 --> [v2:172.21.15.47:3300/0,v1:172.21.15.47:6789/0] -- mon_subscribe({osdmap=0}) -- 0x7fa6c01a16c0 con 0x7fa6c019dff0
2024-04-25T02:21:41.180 INFO:teuthology.orchestra.run.smithi047.stdout:/usr/bin/ceph: stderr
2024-04-25T02:21:40.313+0000 7fa6bd600700 1 -- 172.21.15.47:0/2881855472 <== mon.0 v2:172.21.15.47:3300/0 4 ==== mgrmap(e 8) ==== 46287+0+0 (secure 0 0 0) 0x7fa6b001a440 con 0x7fa6c019dff0
2024-04-25T02:21:41.180 INFO:teuthology.orchestra.run.smithi047.stdout:/usr/bin/ceph: stderr
2024-04-25T02:21:40.313+0000 7fa6c5a00700 1 -- 172.21.15.47:0/2881855472 --> [v2:172.21.15.47:3300/0,v1:172.21.15.47:6789/0] -- mon_command({"prefix": "get_command_descriptions"} v 0) -- 0x7fa6c0069390 con 0x7fa6c019dff0
2024-04-25T02:21:41.180 INFO:teuthology.orchestra.run.smithi047.stdout:/usr/bin/ceph: stderr
2024-04-25T02:21:40.313+0000 7fa6bd600700 1 --2- 172.21.15.47:0/2881855472 >> [v2:172.21.15.47:6800/369213982,v1:172.21.15.47:6801/369213982] conn(0x7fa6a4039050 0x7fa6a403b510 unknown :-1 s=NONE pgs=0 cs=0 l=1 rev1=0 crypto rx=0 tx=0 comp rx=0 tx=0).connect
2024-04-25T02:21:41.180 INFO:teuthology.orchestra.run.smithi047.stdout:/usr/bin/ceph: stderr
2024-04-25T02:21:40.313+0000 7fa6bd600700 1 -- 172.21.15.47:0/2881855472 <== mon.0 v2:172.21.15.47:3300/0 5 ==== osd_map(2..2 src has 1..2) ==== 940+0+0 (secure 0 0 0) 0x7fa6b004d550 con 0x7fa6c019dff0
2024-04-25T02:21:41.180 INFO:teuthology.orchestra.run.smithi047.stdout:/usr/bin/ceph: stderr
2024-04-25T02:21:40.314+0000 7fa6b7400700 1 --2- 172.21.15.47:0/2881855472 >> [v2:172.21.15.47:6800/369213982,v1:172.21.15.47:6801/369213982] conn(0x7fa6a4039050 0x7fa6a403b510 unknown :-1 s=BANNER_CONNECTING pgs=0 cs=0 l=1 rev1=0 crypto rx=0 tx=0 comp rx=0 tx=0)._handle_peer_banner_payload supported=3 required=0
2024-04-25T02:21:41.180 INFO:teuthology.orchestra.run.smithi047.stdout:/usr/bin/ceph: stderr
2024-04-25T02:21:40.314+0000 7fa6b7400700 1 --2- 172.21.15.47:0/2881855472 >> [v2:172.21.15.47:6800/369213982,v1:172.21.15.47:6801/369213982] conn(0x7fa6a4039050 0x7fa6a403b510 secure :-1 s=READY pgs=8 cs=0 l=1 rev1=1 crypto rx=0x7fa6a8006fd0 tx=0x7fa6a8006e40 comp rx=0 tx=0).ready entity=mgr.14120 client_cookie=0 server_cookie=0 in_seq=0 out_seq=0
2024-04-25T02:21:41.181 INFO:teuthology.orchestra.run.smithi047.stdout:/usr/bin/ceph: stderr
2024-04-25T02:21:40.319+0000 7fa6bd600700 1 -- 172.21.15.47:0/2881855472 <== mon.0 v2:172.21.15.47:3300/0 6 ==== mon_command_ack([{"prefix": "get_command_descriptions"}]=0 v0) ==== 72+0+186147 (secure 0 0 0) 0x7fa6b000be50 con 0x7fa6c019dff0
2024-04-25T02:21:41.181 INFO:teuthology.orchestra.run.smithi047.stdout:/usr/bin/ceph: stderr
2024-04-25T02:21:40.548+0000 7fa6c5a00700 1 -- 172.21.15.47:0/2881855472 --> [v2:172.21.15.47:6800/369213982,v1:172.21.15.47:6801/369213982] -- mgr_command(tid 0: {"prefix": "cephadm set-user", "user": "root", "target": ["mon-mgr", ""]}) -- 0x7fa6c0107b80 con 0x7fa6a4039050
2024-04-25T02:21:41.181 INFO:teuthology.orchestra.run.smithi047.stdout:/usr/bin/ceph: stderr
2024-04-25T02:21:40.549+0000 7fa6bd600700 1 -- 172.21.15.47:0/2881855472 <== mgr.14120 v2:172.21.15.47:6800/369213982 1 ==== mgr_command_reply(tid 0: 0 ) ==== 8+0+16 (secure 0 0 0) 0x7fa6c0107b80 con 0x7fa6a4039050
2024-04-25T02:21:41.181 INFO:teuthology.orchestra.run.smithi047.stdout:/usr/bin/ceph: stderr
2024-04-25T02:21:40.552+0000 7fa6c5a00700 1 -- 172.21.15.47:0/2881855472 >> [v2:172.21.15.47:6800/369213982,v1:172.21.15.47:6801/369213982] conn(0x7fa6a4039050 msgr2=0x7fa6a403b510 secure :-1 s=STATE_CONNECTION_ESTABLISHED l=1).mark_down
2024-04-25T02:21:41.181 INFO:teuthology.orchestra.run.smithi047.stdout:/usr/bin/ceph: stderr
2024-04-25T02:21:40.552+0000 7fa6c5a00700 1 --2- 172.21.15.47:0/2881855472 >> [v2:172.21.15.47:6800/369213982,v1:172.21.15.47:6801/369213982] conn(0x7fa6a4039050 0x7fa6a403b510 secure :-1 s=READY pgs=8 cs=0 l=1 rev1=1 crypto rx=0x7fa6a8006fd0 tx=0x7fa6a8006e40 comp rx=0 tx=0).stop
2024-04-25T02:21:41.181 INFO:teuthology.orchestra.run.smithi047.stdout:/usr/bin/ceph: stderr
2024-04-25T02:21:40.552+0000 7fa6c5a00700 1 -- 172.21.15.47:0/2881855472 >> [v2:172.21.15.47:3300/0,v1:172.21.15.47:6789/0] conn(0x7fa6c019dff0 msgr2=0x7fa6c019e410 secure :-1 s=STATE_CONNECTION_ESTABLISHED l=1).mark_down
2024-04-25T02:21:41.181 INFO:teuthology.orchestra.run.smithi047.stdout:/usr/bin/ceph: stderr
2024-04-25T02:21:40.552+0000 7fa6c5a00700 1 --2- 172.21.15.47:0/2881855472 >> [v2:172.21.15.47:3300/0,v1:172.21.15.47:6789/0] conn(0x7fa6c019dff0 0x7fa6c019e410 secure :-1 s=READY pgs=40 cs=0 l=1 rev1=1 crypto rx=0x7fa6b0000c00 tx=0x7fa6b00119e0 comp rx=0 tx=0).stop
2024-04-25T02:21:41.181 INFO:teuthology.orchestra.run.smithi047.stdout:/usr/bin/ceph: stderr
2024-04-25T02:21:40.552+0000 7fa6c5a00700 1 -- 172.21.15.47:0/2881855472 shutdown_connections
2024-04-25T02:21:41.181 INFO:teuthology.orchestra.run.smithi047.stdout:/usr/bin/ceph: stderr
2024-04-25T02:21:40.552+0000 7fa6c5a00700 1 --2- 172.21.15.47:0/2881855472 >> [v2:172.21.15.47:6800/369213982,v1:172.21.15.47:6801/369213982] conn(0x7fa6a4039050 0x7fa6a403b510 unknown :-1 s=CLOSED pgs=8 cs=0 l=1 rev1=1 crypto rx=0 tx=0 comp rx=0 tx=0).stop
2024-04-25T02:21:41.181 INFO:teuthology.orchestra.run.smithi047.stdout:/usr/bin/ceph: stderr
2024-04-25T02:21:40.552+0000 7fa6c5a00700 1 --2- 172.21.15.47:0/2881855472 >> [v2:172.21.15.47:3300/0,v1:172.21.15.47:6789/0] conn(0x7fa6c019dff0 0x7fa6c019e410 unknown :-1 s=CLOSED pgs=40 cs=0 l=1 rev1=1 crypto rx=0 tx=0 comp rx=0 tx=0).stop
2024-04-25T02:21:41.181 INFO:teuthology.orchestra.run.smithi047.stdout:/usr/bin/ceph: stderr
2024-04-25T02:21:40.552+0000 7fa6c5a00700 1 -- 172.21.15.47:0/2881855472 >> 172.21.15.47:0/2881855472 conn(0x7fa6c007d1e0 msgr2=0x7fa6c0107470 unknown :-1 s=STATE_NONE l=0).mark_down
2024-04-25T02:21:41.181 INFO:teuthology.orchestra.run.smithi047.stdout:/usr/bin/ceph: stderr
2024-04-25T02:21:40.553+0000 7fa6c5a00700 1 -- 172.21.15.47:0/2881855472 shutdown_connections
2024-04-25T02:21:41.181 INFO:teuthology.orchestra.run.smithi047.stdout:/usr/bin/ceph: stderr
2024-04-25T02:21:40.553+0000 7fa6c5a00700 1 -- 172.21.15.47:0/2881855472 wait complete.
2024-04-25T02:21:41.181 INFO:teuthology.orchestra.run.smithi047.stdout:Generating ssh key...
2024-04-25T02:21:41.531 INFO:journalctl@ceph.mon.a.smithi047.stdout:Apr 25 02:21:41 smithi047 ceph-mon[27871]: from='client.14134 -' entity='client.admin' cmd=[{"prefix": "cephadm set-user", "user": "root", "target": ["mon-mgr", ""]}]: dispatch
2024-04-25T02:21:42.409 INFO:journalctl@ceph.mon.a.smithi047.stdout:Apr 25 02:21:42 smithi047 ceph-mon[27871]: from='client.14136 -' entity='client.admin' cmd=[{"prefix": "cephadm generate-key", "target": ["mon-mgr", ""]}]: dispatch
2024-04-25T02:21:42.409 INFO:journalctl@ceph.mon.a.smithi047.stdout:Apr 25 02:21:42 smithi047 ceph-mon[27871]: Generating ssh key...
2024-04-25T02:21:42.409 INFO:journalctl@ceph.mon.a.smithi047.stdout:Apr 25 02:21:42 smithi047 ceph-mon[27871]: from='mgr.14120 172.21.15.47:0/653800791' entity='mgr.x'
2024-04-25T02:21:42.409 INFO:journalctl@ceph.mon.a.smithi047.stdout:Apr 25 02:21:42 smithi047 ceph-mon[27871]: from='mgr.14120 172.21.15.47:0/653800791' entity='mgr.x'
2024-04-25T02:21:42.410 INFO:journalctl@ceph.mgr.x.smithi047.stdout:Apr 25 02:21:42 smithi047 ceph-4d24456a-02aa-11ef-bc93-c7b262605968-mgr-x[28103]: Generating public/private rsa key pair.
2024-04-25T02:21:42.410 INFO:journalctl@ceph.mgr.x.smithi047.stdout:Apr 25 02:21:42 smithi047 ceph-4d24456a-02aa-11ef-bc93-c7b262605968-mgr-x[28103]: Your identification has been saved in /tmp/tmpykp4q11e/key.
2024-04-25T02:21:42.410 INFO:journalctl@ceph.mgr.x.smithi047.stdout:Apr 25 02:21:42 smithi047 ceph-4d24456a-02aa-11ef-bc93-c7b262605968-mgr-x[28103]: Your public key has been saved in /tmp/tmpykp4q11e/key.pub.
2024-04-25T02:21:42.410 INFO:journalctl@ceph.mgr.x.smithi047.stdout:Apr 25 02:21:42 smithi047 ceph-4d24456a-02aa-11ef-bc93-c7b262605968-mgr-x[28103]: The key fingerprint is:
2024-04-25T02:21:42.411 INFO:journalctl@ceph.mgr.x.smithi047.stdout:Apr 25 02:21:42 smithi047 ceph-4d24456a-02aa-11ef-bc93-c7b262605968-mgr-x[28103]: SHA256:p+ZB2BWmpeCnI4AN48fGZyO8WFYAkfMwB+V3XPR4008 ceph-4d24456a-02aa-11ef-bc93-c7b262605968
2024-04-25T02:21:42.411 INFO:journalctl@ceph.mgr.x.smithi047.stdout:Apr 25 02:21:42 smithi047 ceph-4d24456a-02aa-11ef-bc93-c7b262605968-mgr-x[28103]: The key's randomart image is:
2024-04-25T02:21:42.411 INFO:journalctl@ceph.mgr.x.smithi047.stdout:Apr 25 02:21:42 smithi047 ceph-4d24456a-02aa-11ef-bc93-c7b262605968-mgr-x[28103]: +---[RSA 3072]----+
2024-04-25T02:21:42.411 INFO:journalctl@ceph.mgr.x.smithi047.stdout:Apr 25 02:21:42 smithi047 ceph-4d24456a-02aa-11ef-bc93-c7b262605968-mgr-x[28103]: |o+*o... .o+ |
2024-04-25T02:21:42.411 INFO:journalctl@ceph.mgr.x.smithi047.stdout:Apr 25 02:21:42 smithi047 ceph-4d24456a-02aa-11ef-bc93-c7b262605968-mgr-x[28103]: |.X=......=o.. |
2024-04-25T02:21:42.411 INFO:journalctl@ceph.mgr.x.smithi047.stdout:Apr 25 02:21:42 smithi047 ceph-4d24456a-02aa-11ef-bc93-c7b262605968-mgr-x[28103]: |..O@ =.o+..+ . E |
2024-04-25T02:21:42.411 INFO:journalctl@ceph.mgr.x.smithi047.stdout:Apr 25 02:21:42 smithi047 ceph-4d24456a-02aa-11ef-bc93-c7b262605968-mgr-x[28103]: | *o* o= .. . o |
2024-04-25T02:21:42.411 INFO:journalctl@ceph.mgr.x.smithi047.stdout:Apr 25 02:21:42 smithi047 ceph-4d24456a-02aa-11ef-bc93-c7b262605968-mgr-x[28103]: | . .. + S . . |
2024-04-25T02:21:42.411 INFO:journalctl@ceph.mgr.x.smithi047.stdout:Apr 25 02:21:42 smithi047 ceph-4d24456a-02aa-11ef-bc93-c7b262605968-mgr-x[28103]: | . o o |
2024-04-25T02:21:42.411 INFO:journalctl@ceph.mgr.x.smithi047.stdout:Apr 25 02:21:42 smithi047 ceph-4d24456a-02aa-11ef-bc93-c7b262605968-mgr-x[28103]: | + |
2024-04-25T02:21:42.411 INFO:journalctl@ceph.mgr.x.smithi047.stdout:Apr 25 02:21:42 smithi047 ceph-4d24456a-02aa-11ef-bc93-c7b262605968-mgr-x[28103]: | o . |
2024-04-25T02:21:42.411 INFO:journalctl@ceph.mgr.x.smithi047.stdout:Apr 25 02:21:42 smithi047 ceph-4d24456a-02aa-11ef-bc93-c7b262605968-mgr-x[28103]: | . |
2024-04-25T02:21:42.411 INFO:journalctl@ceph.mgr.x.smithi047.stdout:Apr 25 02:21:42 smithi047 ceph-4d24456a-02aa-11ef-bc93-c7b262605968-mgr-x[28103]: +----[SHA256]-----+
2024-04-25T02:21:42.951 INFO:teuthology.orchestra.run.smithi047.stdout:/usr/bin/ceph: stderr
2024-04-25T02:21:41.824+0000 7f69b2e00700 1 Processor -- start
2024-04-25T02:21:42.952 INFO:teuthology.orchestra.run.smithi047.stdout:/usr/bin/ceph: stderr
2024-04-25T02:21:41.824+0000 7f69b2e00700 1 -- start start
2024-04-25T02:21:42.952 INFO:teuthology.orchestra.run.smithi047.stdout:/usr/bin/ceph: stderr
2024-04-25T02:21:41.824+0000 7f69b2e00700 1 --2- >> [v2:172.21.15.47:3300/0,v1:172.21.15.47:6789/0] conn(0x7f69ac07e800 0x7f69ac07ec20 unknown :-1 s=NONE pgs=0 cs=0 l=0 rev1=0 crypto rx=0 tx=0 comp rx=0 tx=0).connect
2024-04-25T02:21:42.952 INFO:teuthology.orchestra.run.smithi047.stdout:/usr/bin/ceph: stderr
2024-04-25T02:21:41.824+0000 7f69b2e00700 1 -- --> [v2:172.21.15.47:3300/0,v1:172.21.15.47:6789/0] -- mon_getmap magic: 0 -- 0x7f69ac07f1f0 con 0x7f69ac07e800
2024-04-25T02:21:42.952 INFO:teuthology.orchestra.run.smithi047.stdout:/usr/bin/ceph: stderr
2024-04-25T02:21:41.825+0000 7f69abe00700 1 --2- >> [v2:172.21.15.47:3300/0,v1:172.21.15.47:6789/0] conn(0x7f69ac07e800 0x7f69ac07ec20 unknown :-1 s=BANNER_CONNECTING pgs=0 cs=0 l=0 rev1=0 crypto rx=0 tx=0 comp rx=0 tx=0)._handle_peer_banner_payload supported=3 required=0
2024-04-25T02:21:42.952 INFO:teuthology.orchestra.run.smithi047.stdout:/usr/bin/ceph: stderr
2024-04-25T02:21:41.825+0000 7f69abe00700 1 --2- >> [v2:172.21.15.47:3300/0,v1:172.21.15.47:6789/0] conn(0x7f69ac07e800 0x7f69ac07ec20 unknown :-1 s=HELLO_CONNECTING pgs=0 cs=0 l=0 rev1=1 crypto rx=0 tx=0 comp rx=0 tx=0).handle_hello peer v2:172.21.15.47:3300/0 says I am v2:172.21.15.47:33072/0 (socket says 172.21.15.47:33072)
2024-04-25T02:21:42.952 INFO:teuthology.orchestra.run.smithi047.stdout:/usr/bin/ceph: stderr
2024-04-25T02:21:41.825+0000 7f69abe00700 1 -- 172.21.15.47:0/913065012 learned_addr learned my addr 172.21.15.47:0/913065012 (peer_addr_for_me v2:172.21.15.47:0/0)
2024-04-25T02:21:42.952 INFO:teuthology.orchestra.run.smithi047.stdout:/usr/bin/ceph: stderr
2024-04-25T02:21:41.826+0000 7f69abe00700 1 -- 172.21.15.47:0/913065012 --> [v2:172.21.15.47:3300/0,v1:172.21.15.47:6789/0] -- mon_subscribe({config=0+,monmap=0+}) -- 0x7f69ac07fa50 con 0x7f69ac07e800
2024-04-25T02:21:42.952 INFO:teuthology.orchestra.run.smithi047.stdout:/usr/bin/ceph: stderr
2024-04-25T02:21:41.826+0000 7f69abe00700 1 --2- 172.21.15.47:0/913065012 >> [v2:172.21.15.47:3300/0,v1:172.21.15.47:6789/0] conn(0x7f69ac07e800 0x7f69ac07ec20 secure :-1 s=READY pgs=41 cs=0 l=1 rev1=1 crypto rx=0x7f699c0098a0 tx=0x7f699c009bb0 comp rx=0 tx=0).ready entity=mon.0 client_cookie=8f69464153643215 server_cookie=0 in_seq=0 out_seq=0
2024-04-25T02:21:42.952 INFO:teuthology.orchestra.run.smithi047.stdout:/usr/bin/ceph: stderr
2024-04-25T02:21:41.826+0000 7f69ab400700 1 -- 172.21.15.47:0/913065012 <== mon.0 v2:172.21.15.47:3300/0 1 ==== mon_map magic: 0 ==== 205+0+0 (secure 0 0 0) 0x7f699c004160 con 0x7f69ac07e800
2024-04-25T02:21:42.952 INFO:teuthology.orchestra.run.smithi047.stdout:/usr/bin/ceph: stderr
2024-04-25T02:21:41.826+0000 7f69ab400700 1 -- 172.21.15.47:0/913065012 <== mon.0 v2:172.21.15.47:3300/0 2 ==== config(27 keys) ==== 1109+0+0 (secure 0 0 0) 0x7f699c004300 con 0x7f69ac07e800
2024-04-25T02:21:42.952 INFO:teuthology.orchestra.run.smithi047.stdout:/usr/bin/ceph: stderr
2024-04-25T02:21:41.826+0000 7f69ab400700 1 -- 172.21.15.47:0/913065012 <== mon.0 v2:172.21.15.47:3300/0 3 ==== mon_map magic: 0 ==== 205+0+0 (secure 0 0 0) 0x7f699c011b50 con 0x7f69ac07e800
2024-04-25T02:21:42.952 INFO:teuthology.orchestra.run.smithi047.stdout:/usr/bin/ceph: stderr
2024-04-25T02:21:41.827+0000 7f69b2e00700 1 -- 172.21.15.47:0/913065012 >> [v2:172.21.15.47:3300/0,v1:172.21.15.47:6789/0] conn(0x7f69ac07e800 msgr2=0x7f69ac07ec20 secure :-1 s=STATE_CONNECTION_ESTABLISHED l=1).mark_down
2024-04-25T02:21:42.952 INFO:teuthology.orchestra.run.smithi047.stdout:/usr/bin/ceph: stderr
2024-04-25T02:21:41.827+0000 7f69b2e00700 1 --2- 172.21.15.47:0/913065012 >> [v2:172.21.15.47:3300/0,v1:172.21.15.47:6789/0] conn(0x7f69ac07e800 0x7f69ac07ec20 secure :-1 s=READY pgs=41 cs=0 l=1 rev1=1 crypto rx=0x7f699c0098a0 tx=0x7f699c009bb0 comp rx=0 tx=0).stop
2024-04-25T02:21:42.953 INFO:teuthology.orchestra.run.smithi047.stdout:/usr/bin/ceph: stderr
2024-04-25T02:21:41.827+0000 7f69b2e00700 1 -- 172.21.15.47:0/913065012 shutdown_connections
2024-04-25T02:21:42.953 INFO:teuthology.orchestra.run.smithi047.stdout:/usr/bin/ceph: stderr
2024-04-25T02:21:41.827+0000 7f69b2e00700 1 --2- 172.21.15.47:0/913065012 >> [v2:172.21.15.47:3300/0,v1:172.21.15.47:6789/0] conn(0x7f69ac07e800 0x7f69ac07ec20 unknown :-1 s=CLOSED pgs=41 cs=0 l=1 rev1=1 crypto rx=0 tx=0 comp rx=0 tx=0).stop
2024-04-25T02:21:42.953 INFO:teuthology.orchestra.run.smithi047.stdout:/usr/bin/ceph: stderr
2024-04-25T02:21:41.827+0000 7f69b2e00700 1 -- 172.21.15.47:0/913065012 >> 172.21.15.47:0/913065012 conn(0x7f69ac07d3c0 msgr2=0x7f69ac07d7f0 unknown :-1 s=STATE_NONE l=0).mark_down
2024-04-25T02:21:42.953 INFO:teuthology.orchestra.run.smithi047.stdout:/usr/bin/ceph: stderr
2024-04-25T02:21:41.827+0000 7f69b2e00700 1 -- 172.21.15.47:0/913065012 shutdown_connections
2024-04-25T02:21:42.953 INFO:teuthology.orchestra.run.smithi047.stdout:/usr/bin/ceph: stderr
2024-04-25T02:21:41.827+0000 7f69b2e00700 1 -- 172.21.15.47:0/913065012 wait complete.
2024-04-25T02:21:42.953 INFO:teuthology.orchestra.run.smithi047.stdout:/usr/bin/ceph: stderr
2024-04-25T02:21:41.828+0000 7f69b2e00700 1 Processor -- start
2024-04-25T02:21:42.953 INFO:teuthology.orchestra.run.smithi047.stdout:/usr/bin/ceph: stderr
2024-04-25T02:21:41.828+0000 7f69b2e00700 1 -- start start
2024-04-25T02:21:42.953 INFO:teuthology.orchestra.run.smithi047.stdout:/usr/bin/ceph: stderr
2024-04-25T02:21:41.829+0000 7f69b2e00700 1 --2- >> [v2:172.21.15.47:3300/0,v1:172.21.15.47:6789/0] conn(0x7f69ac07e800 0x7f69ac1a2440 unknown :-1 s=NONE pgs=0 cs=0 l=1 rev1=0 crypto rx=0 tx=0 comp rx=0 tx=0).connect
2024-04-25T02:21:42.953 INFO:teuthology.orchestra.run.smithi047.stdout:/usr/bin/ceph: stderr
2024-04-25T02:21:41.829+0000 7f69b2e00700 1 -- --> [v2:172.21.15.47:3300/0,v1:172.21.15.47:6789/0] -- mon_getmap magic: 0 -- 0x7f69ac080e10 con 0x7f69ac07e800
2024-04-25T02:21:42.953 INFO:teuthology.orchestra.run.smithi047.stdout:/usr/bin/ceph: stderr
2024-04-25T02:21:41.829+0000 7f69abe00700 1 --2- >> [v2:172.21.15.47:3300/0,v1:172.21.15.47:6789/0] conn(0x7f69ac07e800 0x7f69ac1a2440 unknown :-1 s=BANNER_CONNECTING pgs=0 cs=0 l=1 rev1=0 crypto rx=0 tx=0 comp rx=0 tx=0)._handle_peer_banner_payload supported=3 required=0
2024-04-25T02:21:42.953 INFO:teuthology.orchestra.run.smithi047.stdout:/usr/bin/ceph: stderr
2024-04-25T02:21:41.829+0000 7f69abe00700 1 --2- >> [v2:172.21.15.47:3300/0,v1:172.21.15.47:6789/0] conn(0x7f69ac07e800 0x7f69ac1a2440 unknown :-1 s=HELLO_CONNECTING pgs=0 cs=0 l=1 rev1=1 crypto rx=0 tx=0 comp rx=0 tx=0).handle_hello peer v2:172.21.15.47:3300/0 says I am v2:172.21.15.47:33078/0 (socket says 172.21.15.47:33078)
2024-04-25T02:21:42.953 INFO:teuthology.orchestra.run.smithi047.stdout:/usr/bin/ceph: stderr
2024-04-25T02:21:41.829+0000 7f69abe00700 1 -- 172.21.15.47:0/2351441020 learned_addr learned my addr 172.21.15.47:0/2351441020 (peer_addr_for_me v2:172.21.15.47:0/0)
2024-04-25T02:21:42.953 INFO:teuthology.orchestra.run.smithi047.stdout:/usr/bin/ceph: stderr
2024-04-25T02:21:41.829+0000 7f69abe00700 1 -- 172.21.15.47:0/2351441020 --> [v2:172.21.15.47:3300/0,v1:172.21.15.47:6789/0] -- mon_subscribe({config=0+,monmap=0+}) -- 0x7f69ac1a2980 con 0x7f69ac07e800
2024-04-25T02:21:42.953 INFO:teuthology.orchestra.run.smithi047.stdout:/usr/bin/ceph: stderr
2024-04-25T02:21:41.830+0000 7f69abe00700 1 --2- 172.21.15.47:0/2351441020 >> [v2:172.21.15.47:3300/0,v1:172.21.15.47:6789/0] conn(0x7f69ac07e800 0x7f69ac1a2440 secure :-1 s=READY pgs=42 cs=0 l=1 rev1=1 crypto rx=0x7f699c011b60 tx=0x7f699c011c40 comp rx=0 tx=0).ready entity=mon.0 client_cookie=0 server_cookie=0 in_seq=0 out_seq=0
2024-04-25T02:21:42.953 INFO:teuthology.orchestra.run.smithi047.stdout:/usr/bin/ceph: stderr
2024-04-25T02:21:41.830+0000 7f69a9600700 1 -- 172.21.15.47:0/2351441020 <== mon.0 v2:172.21.15.47:3300/0 1 ==== mon_map magic: 0 ==== 205+0+0 (secure 0 0 0) 0x7f699c003b20 con 0x7f69ac07e800
2024-04-25T02:21:42.954 INFO:teuthology.orchestra.run.smithi047.stdout:/usr/bin/ceph: stderr
2024-04-25T02:21:41.830+0000 7f69a9600700 1 -- 172.21.15.47:0/2351441020 <== mon.0 v2:172.21.15.47:3300/0 2 ==== config(27 keys) ==== 1109+0+0 (secure 0 0 0) 0x7f699c003cc0 con 0x7f69ac07e800
2024-04-25T02:21:42.954 INFO:teuthology.orchestra.run.smithi047.stdout:/usr/bin/ceph: stderr
2024-04-25T02:21:41.830+0000 7f69b2e00700 1 -- 172.21.15.47:0/2351441020 --> [v2:172.21.15.47:3300/0,v1:172.21.15.47:6789/0] -- mon_subscribe({mgrmap=0+}) -- 0x7f69ac1a2c10 con 0x7f69ac07e800
2024-04-25T02:21:42.954 INFO:teuthology.orchestra.run.smithi047.stdout:/usr/bin/ceph: stderr
2024-04-25T02:21:41.830+0000 7f69a9600700 1 -- 172.21.15.47:0/2351441020 <== mon.0 v2:172.21.15.47:3300/0 3 ==== mon_map magic: 0 ==== 205+0+0 (secure 0 0 0) 0x7f699c024840 con 0x7f69ac07e800
2024-04-25T02:21:42.954 INFO:teuthology.orchestra.run.smithi047.stdout:/usr/bin/ceph: stderr
2024-04-25T02:21:41.830+0000 7f69b2e00700 1 -- 172.21.15.47:0/2351441020 --> [v2:172.21.15.47:3300/0,v1:172.21.15.47:6789/0] -- mon_subscribe({osdmap=0}) -- 0x7f69ac1a3730 con 0x7f69ac07e800
2024-04-25T02:21:42.954 INFO:teuthology.orchestra.run.smithi047.stdout:/usr/bin/ceph: stderr
2024-04-25T02:21:41.831+0000 7f69b2e00700 1 -- 172.21.15.47:0/2351441020 --> [v2:172.21.15.47:3300/0,v1:172.21.15.47:6789/0] -- mon_command({"prefix": "get_command_descriptions"} v 0) -- 0x7f69ac063890 con 0x7f69ac07e800
2024-04-25T02:21:42.954 INFO:teuthology.orchestra.run.smithi047.stdout:/usr/bin/ceph: stderr
2024-04-25T02:21:41.831+0000 7f69a9600700 1 -- 172.21.15.47:0/2351441020 <== mon.0 v2:172.21.15.47:3300/0 4 ==== mgrmap(e 8) ==== 46287+0+0 (secure 0 0 0) 0x7f699c022020 con 0x7f69ac07e800
2024-04-25T02:21:42.954 INFO:teuthology.orchestra.run.smithi047.stdout:/usr/bin/ceph: stderr
2024-04-25T02:21:41.832+0000 7f69a9600700 1 --2- 172.21.15.47:0/2351441020 >> [v2:172.21.15.47:6800/369213982,v1:172.21.15.47:6801/369213982] conn(0x7f69900390a0 0x7f699003b560 unknown :-1 s=NONE pgs=0 cs=0 l=1 rev1=0 crypto rx=0 tx=0 comp rx=0 tx=0).connect
2024-04-25T02:21:42.954 INFO:teuthology.orchestra.run.smithi047.stdout:/usr/bin/ceph: stderr
2024-04-25T02:21:41.832+0000 7f69a9600700 1 -- 172.21.15.47:0/2351441020 <== mon.0 v2:172.21.15.47:3300/0 5 ==== osd_map(2..2 src has 1..2) ==== 940+0+0 (secure 0 0 0) 0x7f699c011e00 con 0x7f69ac07e800
2024-04-25T02:21:42.954 INFO:teuthology.orchestra.run.smithi047.stdout:/usr/bin/ceph: stderr
2024-04-25T02:21:41.832+0000 7f69a3400700 1 --2- 172.21.15.47:0/2351441020 >> [v2:172.21.15.47:6800/369213982,v1:172.21.15.47:6801/369213982] conn(0x7f69900390a0 0x7f699003b560 unknown :-1 s=BANNER_CONNECTING pgs=0 cs=0 l=1 rev1=0 crypto rx=0 tx=0 comp rx=0 tx=0)._handle_peer_banner_payload supported=3 required=0
2024-04-25T02:21:42.954 INFO:teuthology.orchestra.run.smithi047.stdout:/usr/bin/ceph: stderr
2024-04-25T02:21:41.833+0000 7f69a3400700 1 --2- 172.21.15.47:0/2351441020 >> [v2:172.21.15.47:6800/369213982,v1:172.21.15.47:6801/369213982] conn(0x7f69900390a0 0x7f699003b560 secure :-1 s=READY pgs=9 cs=0 l=1 rev1=1 crypto rx=0x7f699400ad30 tx=0x7f69940093f0 comp rx=0 tx=0).ready entity=mgr.14120 client_cookie=0 server_cookie=0 in_seq=0 out_seq=0
2024-04-25T02:21:42.954 INFO:teuthology.orchestra.run.smithi047.stdout:/usr/bin/ceph: stderr
2024-04-25T02:21:41.837+0000 7f69a9600700 1 -- 172.21.15.47:0/2351441020 <== mon.0 v2:172.21.15.47:3300/0 6 ==== mon_command_ack([{"prefix": "get_command_descriptions"}]=0 v0) ==== 72+0+186147 (secure 0 0 0) 0x7f699c01a7b0 con 0x7f69ac07e800
2024-04-25T02:21:42.954 INFO:teuthology.orchestra.run.smithi047.stdout:/usr/bin/ceph: stderr
2024-04-25T02:21:42.066+0000 7f69b2e00700 1 -- 172.21.15.47:0/2351441020 --> [v2:172.21.15.47:6800/369213982,v1:172.21.15.47:6801/369213982] -- mgr_command(tid 0: {"prefix": "cephadm generate-key", "target": ["mon-mgr", ""]}) -- 0x7f69ac1a4470 con 0x7f69900390a0
2024-04-25T02:21:42.955 INFO:teuthology.orchestra.run.smithi047.stdout:/usr/bin/ceph: stderr
2024-04-25T02:21:42.269+0000 7f69a9600700 1 -- 172.21.15.47:0/2351441020 <== mgr.14120 v2:172.21.15.47:6800/369213982 1 ==== mgr_command_reply(tid 0: 0 ) ==== 8+0+0 (secure 0 0 0) 0x7f69ac1a4470 con 0x7f69900390a0
2024-04-25T02:21:42.955 INFO:teuthology.orchestra.run.smithi047.stdout:/usr/bin/ceph: stderr
2024-04-25T02:21:42.273+0000 7f69b2e00700 1 -- 172.21.15.47:0/2351441020 >> [v2:172.21.15.47:6800/369213982,v1:172.21.15.47:6801/369213982] conn(0x7f69900390a0 msgr2=0x7f699003b560 secure :-1 s=STATE_CONNECTION_ESTABLISHED l=1).mark_down
2024-04-25T02:21:42.955 INFO:teuthology.orchestra.run.smithi047.stdout:/usr/bin/ceph: stderr
2024-04-25T02:21:42.273+0000 7f69b2e00700 1 --2- 172.21.15.47:0/2351441020 >> [v2:172.21.15.47:6800/369213982,v1:172.21.15.47:6801/369213982] conn(0x7f69900390a0 0x7f699003b560 secure :-1 s=READY pgs=9 cs=0 l=1 rev1=1 crypto rx=0x7f699400ad30 tx=0x7f69940093f0 comp rx=0 tx=0).stop
2024-04-25T02:21:42.955 INFO:teuthology.orchestra.run.smithi047.stdout:/usr/bin/ceph: stderr
2024-04-25T02:21:42.273+0000 7f69b2e00700 1 -- 172.21.15.47:0/2351441020 >> [v2:172.21.15.47:3300/0,v1:172.21.15.47:6789/0] conn(0x7f69ac07e800 msgr2=0x7f69ac1a2440 secure :-1 s=STATE_CONNECTION_ESTABLISHED l=1).mark_down
2024-04-25T02:21:42.955 INFO:teuthology.orchestra.run.smithi047.stdout:/usr/bin/ceph: stderr
2024-04-25T02:21:42.273+0000 7f69b2e00700 1 --2- 172.21.15.47:0/2351441020 >> [v2:172.21.15.47:3300/0,v1:172.21.15.47:6789/0] conn(0x7f69ac07e800 0x7f69ac1a2440 secure :-1 s=READY pgs=42 cs=0 l=1 rev1=1 crypto rx=0x7f699c011b60 tx=0x7f699c011c40 comp rx=0 tx=0).stop
2024-04-25T02:21:42.955 INFO:teuthology.orchestra.run.smithi047.stdout:/usr/bin/ceph: stderr
2024-04-25T02:21:42.273+0000 7f69b2e00700 1 -- 172.21.15.47:0/2351441020 shutdown_connections
2024-04-25T02:21:42.955 INFO:teuthology.orchestra.run.smithi047.stdout:/usr/bin/ceph: stderr
2024-04-25T02:21:42.273+0000 7f69b2e00700 1 --2- 172.21.15.47:0/2351441020 >> [v2:172.21.15.47:6800/369213982,v1:172.21.15.47:6801/369213982] conn(0x7f69900390a0 0x7f699003b560 unknown :-1 s=CLOSED pgs=9 cs=0 l=1 rev1=1 crypto rx=0 tx=0 comp rx=0 tx=0).stop
2024-04-25T02:21:42.955 INFO:teuthology.orchestra.run.smithi047.stdout:/usr/bin/ceph: stderr
2024-04-25T02:21:42.273+0000 7f69b2e00700 1 --2- 172.21.15.47:0/2351441020 >> [v2:172.21.15.47:3300/0,v1:172.21.15.47:6789/0] conn(0x7f69ac07e800 0x7f69ac1a2440 unknown :-1 s=CLOSED pgs=42 cs=0 l=1 rev1=1 crypto rx=0 tx=0 comp rx=0 tx=0).stop
2024-04-25T02:21:42.955 INFO:teuthology.orchestra.run.smithi047.stdout:/usr/bin/ceph: stderr
2024-04-25T02:21:42.273+0000 7f69b2e00700 1 -- 172.21.15.47:0/2351441020 >> 172.21.15.47:0/2351441020 conn(0x7f69ac07d3c0 msgr2=0x7f69ac198fd0 unknown :-1 s=STATE_NONE l=0).mark_down
2024-04-25T02:21:42.955 INFO:teuthology.orchestra.run.smithi047.stdout:/usr/bin/ceph: stderr
2024-04-25T02:21:42.274+0000 7f69b2e00700 1 -- 172.21.15.47:0/2351441020 shutdown_connections
2024-04-25T02:21:42.955 INFO:teuthology.orchestra.run.smithi047.stdout:/usr/bin/ceph: stderr
2024-04-25T02:21:42.274+0000 7f69b2e00700 1 -- 172.21.15.47:0/2351441020 wait complete.
