2024-04-25T02:21:24.325 INFO:teuthology.orchestra.run.smithi047.stdout:/usr/bin/ceph: stderr
2024-04-25T02:21:23.072+0000 7f0ee1e00700 1 -- 172.21.15.47:0/1631126493 learned_addr learned my addr 172.21.15.47:0/1631126493 (peer_addr_for_me v2:172.21.15.47:0/0)
2024-04-25T02:21:24.325 INFO:teuthology.orchestra.run.smithi047.stdout:/usr/bin/ceph: stderr
2024-04-25T02:21:23.072+0000 7f0ee1e00700 1 -- 172.21.15.47:0/1631126493 --> [v2:172.21.15.47:3300/0,v1:172.21.15.47:6789/0] -- mon_subscribe({config=0+,monmap=0+}) -- 0x7f0ee41115a0 con 0x7f0ee410ec70
2024-04-25T02:21:24.325 INFO:teuthology.orchestra.run.smithi047.stdout:/usr/bin/ceph: stderr
2024-04-25T02:21:23.073+0000 7f0ee1e00700 1 --2- 172.21.15.47:0/1631126493 >> [v2:172.21.15.47:3300/0,v1:172.21.15.47:6789/0] conn(0x7f0ee410ec70 0x7f0ee4111060 secure :-1 s=READY pgs=18 cs=0 l=1 rev1=1 crypto rx=0x7f0ed40098a0 tx=0x7f0ed4009bb0 comp rx=0 tx=0).ready entity=mon.0 client_cookie=70815d81383fc5ef server_cookie=0 in_seq=0 out_seq=0
2024-04-25T02:21:24.325 INFO:teuthology.orchestra.run.smithi047.stdout:/usr/bin/ceph: stderr
2024-04-25T02:21:23.073+0000 7f0ee0a00700 1 -- 172.21.15.47:0/1631126493 <== mon.0 v2:172.21.15.47:3300/0 1 ==== mon_map magic: 0 ==== 205+0+0 (secure 0 0 0) 0x7f0ed4004160 con 0x7f0ee410ec70
2024-04-25T02:21:24.325 INFO:teuthology.orchestra.run.smithi047.stdout:/usr/bin/ceph: stderr
2024-04-25T02:21:23.073+0000 7f0ee0a00700 1 -- 172.21.15.47:0/1631126493 <== mon.0 v2:172.21.15.47:3300/0 2 ==== config(27 keys) ==== 1109+0+0 (secure 0 0 0) 0x7f0ed4004300 con 0x7f0ee410ec70
2024-04-25T02:21:24.325 INFO:teuthology.orchestra.run.smithi047.stdout:/usr/bin/ceph: stderr
2024-04-25T02:21:23.073+0000 7f0ee0a00700 1 -- 172.21.15.47:0/1631126493 <== mon.0 v2:172.21.15.47:3300/0 3 ==== mon_map magic: 0 ==== 205+0+0 (secure 0 0 0) 0x7f0ed4011b50 con 0x7f0ee410ec70
2024-04-25T02:21:24.325 INFO:teuthology.orchestra.run.smithi047.stdout:/usr/bin/ceph: stderr
2024-04-25T02:21:23.074+0000 7f0ee3200700 1 -- 172.21.15.47:0/1631126493 >> [v2:172.21.15.47:3300/0,v1:172.21.15.47:6789/0] conn(0x7f0ee410ec70 msgr2=0x7f0ee4111060 secure :-1 s=STATE_CONNECTION_ESTABLISHED l=1).mark_down
2024-04-25T02:21:24.325 INFO:teuthology.orchestra.run.smithi047.stdout:/usr/bin/ceph: stderr
2024-04-25T02:21:23.074+0000 7f0ee3200700 1 --2- 172.21.15.47:0/1631126493 >> [v2:172.21.15.47:3300/0,v1:172.21.15.47:6789/0] conn(0x7f0ee410ec70 0x7f0ee4111060 secure :-1 s=READY pgs=18 cs=0 l=1 rev1=1 crypto rx=0x7f0ed40098a0 tx=0x7f0ed4009bb0 comp rx=0 tx=0).stop
2024-04-25T02:21:24.325 INFO:teuthology.orchestra.run.smithi047.stdout:/usr/bin/ceph: stderr
2024-04-25T02:21:23.074+0000 7f0ee3200700 1 -- 172.21.15.47:0/1631126493 shutdown_connections
2024-04-25T02:21:24.325 INFO:teuthology.orchestra.run.smithi047.stdout:/usr/bin/ceph: stderr
2024-04-25T02:21:23.074+0000 7f0ee3200700 1 --2- 172.21.15.47:0/1631126493 >> [v2:172.21.15.47:3300/0,v1:172.21.15.47:6789/0] conn(0x7f0ee410ec70 0x7f0ee4111060 unknown :-1 s=CLOSED pgs=18 cs=0 l=1 rev1=1 crypto rx=0 tx=0 comp rx=0 tx=0).stop
2024-04-25T02:21:24.325 INFO:teuthology.orchestra.run.smithi047.stdout:/usr/bin/ceph: stderr
2024-04-25T02:21:23.074+0000 7f0ee3200700 1 -- 172.21.15.47:0/1631126493 >> 172.21.15.47:0/1631126493 conn(0x7f0ee407d240 msgr2=0x7f0ee407f660 unknown :-1 s=STATE_NONE l=0).mark_down
2024-04-25T02:21:24.325 INFO:teuthology.orchestra.run.smithi047.stdout:/usr/bin/ceph: stderr
2024-04-25T02:21:23.074+0000 7f0ee3200700 1 -- 172.21.15.47:0/1631126493 shutdown_connections
2024-04-25T02:21:24.325 INFO:teuthology.orchestra.run.smithi047.stdout:/usr/bin/ceph: stderr
2024-04-25T02:21:23.074+0000 7f0ee3200700 1 -- 172.21.15.47:0/1631126493 wait complete.
2024-04-25T02:21:24.326 INFO:teuthology.orchestra.run.smithi047.stdout:/usr/bin/ceph: stderr
2024-04-25T02:21:23.075+0000 7f0ee3200700 1 Processor -- start
2024-04-25T02:21:24.326 INFO:teuthology.orchestra.run.smithi047.stdout:/usr/bin/ceph: stderr
2024-04-25T02:21:23.075+0000 7f0ee3200700 1 -- start start
2024-04-25T02:21:24.326 INFO:teuthology.orchestra.run.smithi047.stdout:/usr/bin/ceph: stderr
2024-04-25T02:21:23.076+0000 7f0ee3200700 1 --2- >> [v2:172.21.15.47:3300/0,v1:172.21.15.47:6789/0] conn(0x7f0ee410ec70 0x7f0ee41a21e0 unknown :-1 s=NONE pgs=0 cs=0 l=1 rev1=0 crypto rx=0 tx=0 comp rx=0 tx=0).connect
2024-04-25T02:21:24.326 INFO:teuthology.orchestra.run.smithi047.stdout:/usr/bin/ceph: stderr
2024-04-25T02:21:23.076+0000 7f0ee3200700 1 -- --> [v2:172.21.15.47:3300/0,v1:172.21.15.47:6789/0] -- mon_getmap magic: 0 -- 0x7f0ee4112620 con 0x7f0ee410ec70
2024-04-25T02:21:24.326 INFO:teuthology.orchestra.run.smithi047.stdout:/usr/bin/ceph: stderr
2024-04-25T02:21:23.076+0000 7f0ee1e00700 1 --2- >> [v2:172.21.15.47:3300/0,v1:172.21.15.47:6789/0] conn(0x7f0ee410ec70 0x7f0ee41a21e0 unknown :-1 s=BANNER_CONNECTING pgs=0 cs=0 l=1 rev1=0 crypto rx=0 tx=0 comp rx=0 tx=0)._handle_peer_banner_payload supported=3 required=0
2024-04-25T02:21:24.326 INFO:teuthology.orchestra.run.smithi047.stdout:/usr/bin/ceph: stderr
2024-04-25T02:21:23.076+0000 7f0ee1e00700 1 --2- >> [v2:172.21.15.47:3300/0,v1:172.21.15.47:6789/0] conn(0x7f0ee410ec70 0x7f0ee41a21e0 unknown :-1 s=HELLO_CONNECTING pgs=0 cs=0 l=1 rev1=1 crypto rx=0 tx=0 comp rx=0 tx=0).handle_hello peer v2:172.21.15.47:3300/0 says I am v2:172.21.15.47:39484/0 (socket says 172.21.15.47:39484)
2024-04-25T02:21:24.326 INFO:teuthology.orchestra.run.smithi047.stdout:/usr/bin/ceph: stderr
2024-04-25T02:21:23.076+0000 7f0ee1e00700 1 -- 172.21.15.47:0/1189494233 learned_addr learned my addr 172.21.15.47:0/1189494233 (peer_addr_for_me v2:172.21.15.47:0/0)
2024-04-25T02:21:24.326 INFO:teuthology.orchestra.run.smithi047.stdout:/usr/bin/ceph: stderr
2024-04-25T02:21:23.076+0000 7f0ee1e00700 1 -- 172.21.15.47:0/1189494233 --> [v2:172.21.15.47:3300/0,v1:172.21.15.47:6789/0] -- mon_subscribe({config=0+,monmap=0+}) -- 0x7f0ee41a2720 con 0x7f0ee410ec70
2024-04-25T02:21:24.326 INFO:teuthology.orchestra.run.smithi047.stdout:/usr/bin/ceph: stderr
2024-04-25T02:21:23.077+0000 7f0ee1e00700 1 --2- 172.21.15.47:0/1189494233 >> [v2:172.21.15.47:3300/0,v1:172.21.15.47:6789/0] conn(0x7f0ee410ec70 0x7f0ee41a21e0 secure :-1 s=READY pgs=19 cs=0 l=1 rev1=1 crypto rx=0x7f0ed4011b60 tx=0x7f0ed4011c40 comp rx=0 tx=0).ready entity=mon.0 client_cookie=0 server_cookie=0 in_seq=0 out_seq=0
2024-04-25T02:21:24.326 INFO:teuthology.orchestra.run.smithi047.stdout:/usr/bin/ceph: stderr
2024-04-25T02:21:23.077+0000 7f0edaa00700 1 -- 172.21.15.47:0/1189494233 <== mon.0 v2:172.21.15.47:3300/0 1 ==== mon_map magic: 0 ==== 205+0+0 (secure 0 0 0) 0x7f0ed4003970 con 0x7f0ee410ec70
2024-04-25T02:21:24.326 INFO:teuthology.orchestra.run.smithi047.stdout:/usr/bin/ceph: stderr
2024-04-25T02:21:23.077+0000 7f0edaa00700 1 -- 172.21.15.47:0/1189494233 <== mon.0 v2:172.21.15.47:3300/0 2 ==== config(27 keys) ==== 1109+0+0 (secure 0 0 0) 0x7f0ed4003b10 con 0x7f0ee410ec70
2024-04-25T02:21:24.326 INFO:teuthology.orchestra.run.smithi047.stdout:/usr/bin/ceph: stderr
2024-04-25T02:21:23.077+0000 7f0ee3200700 1 -- 172.21.15.47:0/1189494233 --> [v2:172.21.15.47:3300/0,v1:172.21.15.47:6789/0] -- mon_subscribe({mgrmap=0+}) -- 0x7f0ee41a29b0 con 0x7f0ee410ec70
2024-04-25T02:21:24.326 INFO:teuthology.orchestra.run.smithi047.stdout:/usr/bin/ceph: stderr
2024-04-25T02:21:23.077+0000 7f0edaa00700 1 -- 172.21.15.47:0/1189494233 <== mon.0 v2:172.21.15.47:3300/0 3 ==== mon_map magic: 0 ==== 205+0+0 (secure 0 0 0) 0x7f0ed4024610 con 0x7f0ee410ec70
2024-04-25T02:21:24.327 INFO:teuthology.orchestra.run.smithi047.stdout:/usr/bin/ceph: stderr
2024-04-25T02:21:23.077+0000 7f0ee3200700 1 -- 172.21.15.47:0/1189494233 --> [v2:172.21.15.47:3300/0,v1:172.21.15.47:6789/0] -- mon_subscribe({osdmap=0}) -- 0x7f0ee41a56a0 con 0x7f0ee410ec70
2024-04-25T02:21:24.327 INFO:teuthology.orchestra.run.smithi047.stdout:/usr/bin/ceph: stderr
2024-04-25T02:21:23.078+0000 7f0edaa00700 1 -- 172.21.15.47:0/1189494233 <== mon.0 v2:172.21.15.47:3300/0 4 ==== mgrmap(e 4) ==== 46276+0+0 (secure 0 0 0) 0x7f0ed401a9f0 con 0x7f0ee410ec70
2024-04-25T02:21:24.327 INFO:teuthology.orchestra.run.smithi047.stdout:/usr/bin/ceph: stderr
2024-04-25T02:21:23.078+0000 7f0ee3200700 1 -- 172.21.15.47:0/1189494233 --> [v2:172.21.15.47:3300/0,v1:172.21.15.47:6789/0] -- mon_command({"prefix": "get_command_descriptions"} v 0) -- 0x7f0ee4069390 con 0x7f0ee410ec70
2024-04-25T02:21:24.327 INFO:teuthology.orchestra.run.smithi047.stdout:/usr/bin/ceph: stderr
2024-04-25T02:21:23.079+0000 7f0edaa00700 1 --2- 172.21.15.47:0/1189494233 >> [v2:172.21.15.47:6800/121870951,v1:172.21.15.47:6801/121870951] conn(0x7f0ec8039050 0x7f0ec803b510 unknown :-1 s=NONE pgs=0 cs=0 l=1 rev1=0 crypto rx=0 tx=0 comp rx=0 tx=0).connect
2024-04-25T02:21:24.327 INFO:teuthology.orchestra.run.smithi047.stdout:/usr/bin/ceph: stderr
2024-04-25T02:21:23.079+0000 7f0edaa00700 1 -- 172.21.15.47:0/1189494233 <== mon.0 v2:172.21.15.47:3300/0 5 ==== osd_map(1..1 src has 1..1) ==== 725+0+0 (secure 0 0 0) 0x7f0ed4011e00 con 0x7f0ee410ec70
2024-04-25T02:21:24.327 INFO:teuthology.orchestra.run.smithi047.stdout:/usr/bin/ceph: stderr
2024-04-25T02:21:23.079+0000 7f0ee1400700 1 --2- 172.21.15.47:0/1189494233 >> [v2:172.21.15.47:6800/121870951,v1:172.21.15.47:6801/121870951] conn(0x7f0ec8039050 0x7f0ec803b510 unknown :-1 s=BANNER_CONNECTING pgs=0 cs=0 l=1 rev1=0 crypto rx=0 tx=0 comp rx=0 tx=0)._handle_peer_banner_payload supported=3 required=0
2024-04-25T02:21:24.327 INFO:teuthology.orchestra.run.smithi047.stdout:/usr/bin/ceph: stderr
2024-04-25T02:21:23.080+0000 7f0ee1400700 1 --2- 172.21.15.47:0/1189494233 >> [v2:172.21.15.47:6800/121870951,v1:172.21.15.47:6801/121870951] conn(0x7f0ec8039050 0x7f0ec803b510 secure :-1 s=READY pgs=6 cs=0 l=1 rev1=1 crypto rx=0x7f0ed0006fd0 tx=0x7f0ed0006e40 comp rx=0 tx=0).ready entity=mgr.14100 client_cookie=0 server_cookie=0 in_seq=0 out_seq=0
2024-04-25T02:21:24.327 INFO:teuthology.orchestra.run.smithi047.stdout:/usr/bin/ceph: stderr
2024-04-25T02:21:23.086+0000 7f0edaa00700 1 -- 172.21.15.47:0/1189494233 <== mon.0 v2:172.21.15.47:3300/0 6 ==== mon_command_ack([{"prefix": "get_command_descriptions"}]=0 v0) ==== 72+0+186147 (secure 0 0 0) 0x7f0ed400b3e0 con 0x7f0ee410ec70
2024-04-25T02:21:24.327 INFO:teuthology.orchestra.run.smithi047.stdout:/usr/bin/ceph: stderr
2024-04-25T02:21:23.400+0000 7f0ee3200700 1 -- 172.21.15.47:0/1189494233 --> [v2:172.21.15.47:3300/0,v1:172.21.15.47:6789/0] -- mon_command({"prefix": "status", "format": "json-pretty"} v 0) -- 0x7f0ee41a5870 con 0x7f0ee410ec70
2024-04-25T02:21:24.327 INFO:teuthology.orchestra.run.smithi047.stdout:/usr/bin/ceph: stderr
2024-04-25T02:21:23.401+0000 7f0edaa00700 1 -- 172.21.15.47:0/1189494233 <== mon.0 v2:172.21.15.47:3300/0 7 ==== mon_command_ack([{"prefix": "status", "format": "json-pretty"}]=0 v0) ==== 79+0+1239 (secure 0 0 0) 0x7f0ee41a5870 con 0x7f0ee410ec70
2024-04-25T02:21:24.327 INFO:teuthology.orchestra.run.smithi047.stdout:/usr/bin/ceph: stderr
2024-04-25T02:21:23.404+0000 7f0ee3200700 1 -- 172.21.15.47:0/1189494233 >> [v2:172.21.15.47:6800/121870951,v1:172.21.15.47:6801/121870951] conn(0x7f0ec8039050 msgr2=0x7f0ec803b510 secure :-1 s=STATE_CONNECTION_ESTABLISHED l=1).mark_down
2024-04-25T02:21:24.327 INFO:teuthology.orchestra.run.smithi047.stdout:/usr/bin/ceph: stderr
2024-04-25T02:21:23.404+0000 7f0ee3200700 1 --2- 172.21.15.47:0/1189494233 >> [v2:172.21.15.47:6800/121870951,v1:172.21.15.47:6801/121870951] conn(0x7f0ec8039050 0x7f0ec803b510 secure :-1 s=READY pgs=6 cs=0 l=1 rev1=1 crypto rx=0x7f0ed0006fd0 tx=0x7f0ed0006e40 comp rx=0 tx=0).stop
2024-04-25T02:21:24.327 INFO:teuthology.orchestra.run.smithi047.stdout:/usr/bin/ceph: stderr
2024-04-25T02:21:23.404+0000 7f0ee3200700 1 -- 172.21.15.47:0/1189494233 >> [v2:172.21.15.47:3300/0,v1:172.21.15.47:6789/0] conn(0x7f0ee410ec70 msgr2=0x7f0ee41a21e0 secure :-1 s=STATE_CONNECTION_ESTABLISHED l=1).mark_down
2024-04-25T02:21:24.327 INFO:teuthology.orchestra.run.smithi047.stdout:/usr/bin/ceph: stderr
2024-04-25T02:21:23.404+0000 7f0ee3200700 1 --2- 172.21.15.47:0/1189494233 >> [v2:172.21.15.47:3300/0,v1:172.21.15.47:6789/0] conn(0x7f0ee410ec70 0x7f0ee41a21e0 secure :-1 s=READY pgs=19 cs=0 l=1 rev1=1 crypto rx=0x7f0ed4011b60 tx=0x7f0ed4011c40 comp rx=0 tx=0).stop
2024-04-25T02:21:24.327 INFO:teuthology.orchestra.run.smithi047.stdout:/usr/bin/ceph: stderr
2024-04-25T02:21:23.404+0000 7f0ee3200700 1 -- 172.21.15.47:0/1189494233 shutdown_connections
2024-04-25T02:21:24.328 INFO:teuthology.orchestra.run.smithi047.stdout:/usr/bin/ceph: stderr
2024-04-25T02:21:23.404+0000 7f0ee3200700 1 --2- 172.21.15.47:0/1189494233 >> [v2:172.21.15.47:6800/121870951,v1:172.21.15.47:6801/121870951] conn(0x7f0ec8039050 0x7f0ec803b510 unknown :-1 s=CLOSED pgs=6 cs=0 l=1 rev1=1 crypto rx=0 tx=0 comp rx=0 tx=0).stop
2024-04-25T02:21:24.328 INFO:teuthology.orchestra.run.smithi047.stdout:/usr/bin/ceph: stderr
2024-04-25T02:21:23.404+0000 7f0ee3200700 1 --2- 172.21.15.47:0/1189494233 >> [v2:172.21.15.47:3300/0,v1:172.21.15.47:6789/0] conn(0x7f0ee410ec70 0x7f0ee41a21e0 unknown :-1 s=CLOSED pgs=19 cs=0 l=1 rev1=1 crypto rx=0 tx=0 comp rx=0 tx=0).stop
2024-04-25T02:21:24.328 INFO:teuthology.orchestra.run.smithi047.stdout:/usr/bin/ceph: stderr
2024-04-25T02:21:23.404+0000 7f0ee3200700 1 -- 172.21.15.47:0/1189494233 >> 172.21.15.47:0/1189494233 conn(0x7f0ee407d240 msgr2=0x7f0ee407dd00 unknown :-1 s=STATE_NONE l=0).mark_down
2024-04-25T02:21:24.328 INFO:teuthology.orchestra.run.smithi047.stdout:/usr/bin/ceph: stderr
2024-04-25T02:21:23.405+0000 7f0ee3200700 1 -- 172.21.15.47:0/1189494233 shutdown_connections
2024-04-25T02:21:24.328 INFO:teuthology.orchestra.run.smithi047.stdout:/usr/bin/ceph: stderr
2024-04-25T02:21:23.405+0000 7f0ee3200700 1 -- 172.21.15.47:0/1189494233 wait complete.
2024-04-25T02:21:24.328 INFO:teuthology.orchestra.run.smithi047.stdout:mgr is available
2024-04-25T02:21:25.659 INFO:journalctl@ceph.mon.a.smithi047.stdout:Apr 25 02:21:25 smithi047 ceph-mon[27871]: from='client.? 172.21.15.47:0/4059605119' entity='client.admin' cmd=[{"prefix": "config assimilate-conf"}]: dispatch
2024-04-25T02:21:26.104 INFO:teuthology.orchestra.run.smithi047.stdout:/usr/bin/ceph: stdout
2024-04-25T02:21:26.104 INFO:teuthology.orchestra.run.smithi047.stdout:/usr/bin/ceph: stdout [global]
2024-04-25T02:21:26.104 INFO:teuthology.orchestra.run.smithi047.stdout:/usr/bin/ceph: stdout fsid = 4d24456a-02aa-11ef-bc93-c7b262605968
2024-04-25T02:21:26.104 INFO:teuthology.orchestra.run.smithi047.stdout:/usr/bin/ceph: stdout mon_osd_allow_pg_remap = true
2024-04-25T02:21:26.104 INFO:teuthology.orchestra.run.smithi047.stdout:/usr/bin/ceph: stdout mon_osd_allow_primary_affinity = true
2024-04-25T02:21:26.104 INFO:teuthology.orchestra.run.smithi047.stdout:/usr/bin/ceph: stdout mon_warn_on_no_sortbitwise = false
2024-04-25T02:21:26.104 INFO:teuthology.orchestra.run.smithi047.stdout:/usr/bin/ceph: stdout osd_crush_chooseleaf_type = 0
2024-04-25T02:21:26.104 INFO:teuthology.orchestra.run.smithi047.stdout:/usr/bin/ceph: stdout
2024-04-25T02:21:26.104 INFO:teuthology.orchestra.run.smithi047.stdout:/usr/bin/ceph: stdout [mgr]
2024-04-25T02:21:26.104 INFO:teuthology.orchestra.run.smithi047.stdout:/usr/bin/ceph: stdout mgr/telemetry/nag = false
2024-04-25T02:21:26.104 INFO:teuthology.orchestra.run.smithi047.stdout:/usr/bin/ceph: stdout
2024-04-25T02:21:26.104 INFO:teuthology.orchestra.run.smithi047.stdout:/usr/bin/ceph: stdout [osd]
2024-04-25T02:21:26.105 INFO:teuthology.orchestra.run.smithi047.stdout:/usr/bin/ceph: stdout mon_osd_backfillfull_ratio = 0.85
2024-04-25T02:21:26.105 INFO:teuthology.orchestra.run.smithi047.stdout:/usr/bin/ceph: stdout mon_osd_full_ratio = 0.9
2024-04-25T02:21:26.105 INFO:teuthology.orchestra.run.smithi047.stdout:/usr/bin/ceph: stdout mon_osd_nearfull_ratio = 0.8
2024-04-25T02:21:26.105 INFO:teuthology.orchestra.run.smithi047.stdout:/usr/bin/ceph: stdout osd_map_max_advance = 10
2024-04-25T02:21:26.105 INFO:teuthology.orchestra.run.smithi047.stdout:/usr/bin/ceph: stdout osd_sloppy_crc = true
2024-04-25T02:21:26.105 INFO:teuthology.orchestra.run.smithi047.stdout:/usr/bin/ceph: stderr
2024-04-25T02:21:25.138+0000 7f7ecd400700 1 Processor -- start
2024-04-25T02:21:26.105 INFO:teuthology.orchestra.run.smithi047.stdout:/usr/bin/ceph: stderr
2024-04-25T02:21:25.139+0000 7f7ecd400700 1 -- start start
2024-04-25T02:21:26.105 INFO:teuthology.orchestra.run.smithi047.stdout:/usr/bin/ceph: stderr
2024-04-25T02:21:25.139+0000 7f7ecd400700 1 --2- >> [v2:172.21.15.47:3300/0,v1:172.21.15.47:6789/0] conn(0x7f7ec8107df0 0x7f7ec8108210 unknown :-1 s=NONE pgs=0 cs=0 l=0 rev1=0 crypto rx=0 tx=0 comp rx=0 tx=0).connect
2024-04-25T02:21:26.105 INFO:teuthology.orchestra.run.smithi047.stdout:/usr/bin/ceph: stderr
2024-04-25T02:21:25.139+0000 7f7ecd400700 1 -- --> [v2:172.21.15.47:3300/0,v1:172.21.15.47:6789/0] -- mon_getmap magic: 0 -- 0x7f7ec81087e0 con 0x7f7ec8107df0
2024-04-25T02:21:26.105 INFO:teuthology.orchestra.run.smithi047.stdout:/usr/bin/ceph: stderr
2024-04-25T02:21:25.140+0000 7f7ec6800700 1 --2- >> [v2:172.21.15.47:3300/0,v1:172.21.15.47:6789/0] conn(0x7f7ec8107df0 0x7f7ec8108210 unknown :-1 s=BANNER_CONNECTING pgs=0 cs=0 l=0 rev1=0 crypto rx=0 tx=0 comp rx=0 tx=0)._handle_peer_banner_payload supported=3 required=0
2024-04-25T02:21:26.105 INFO:teuthology.orchestra.run.smithi047.stdout:/usr/bin/ceph: stderr
2024-04-25T02:21:25.140+0000 7f7ec6800700 1 --2- >> [v2:172.21.15.47:3300/0,v1:172.21.15.47:6789/0] conn(0x7f7ec8107df0 0x7f7ec8108210 unknown :-1 s=HELLO_CONNECTING pgs=0 cs=0 l=0 rev1=1 crypto rx=0 tx=0 comp rx=0 tx=0).handle_hello peer v2:172.21.15.47:3300/0 says I am v2:172.21.15.47:39490/0 (socket says 172.21.15.47:39490)
2024-04-25T02:21:26.105 INFO:teuthology.orchestra.run.smithi047.stdout:/usr/bin/ceph: stderr
2024-04-25T02:21:25.140+0000 7f7ec6800700 1 -- 172.21.15.47:0/2893343877 learned_addr learned my addr 172.21.15.47:0/2893343877 (peer_addr_for_me v2:172.21.15.47:0/0)
2024-04-25T02:21:26.105 INFO:teuthology.orchestra.run.smithi047.stdout:/usr/bin/ceph: stderr
2024-04-25T02:21:25.140+0000 7f7ec6800700 1 -- 172.21.15.47:0/2893343877 --> [v2:172.21.15.47:3300/0,v1:172.21.15.47:6789/0] -- mon_subscribe({config=0+,monmap=0+}) -- 0x7f7ec8108ff0 con 0x7f7ec8107df0
2024-04-25T02:21:26.105 INFO:teuthology.orchestra.run.smithi047.stdout:/usr/bin/ceph: stderr
2024-04-25T02:21:25.141+0000 7f7ec6800700 1 --2- 172.21.15.47:0/2893343877 >> [v2:172.21.15.47:3300/0,v1:172.21.15.47:6789/0] conn(0x7f7ec8107df0 0x7f7ec8108210 secure :-1 s=READY pgs=20 cs=0 l=1 rev1=1 crypto rx=0x7f7eb80098a0 tx=0x7f7eb8009bb0 comp rx=0 tx=0).ready entity=mon.0 client_cookie=2d1e093ee96a9aca server_cookie=0 in_seq=0 out_seq=0
2024-04-25T02:21:26.105 INFO:teuthology.orchestra.run.smithi047.stdout:/usr/bin/ceph: stderr
2024-04-25T02:21:25.141+0000 7f7ec5400700 1 -- 172.21.15.47:0/2893343877 <== mon.0 v2:172.21.15.47:3300/0 1 ==== mon_map magic: 0 ==== 205+0+0 (secure 0 0 0) 0x7f7eb8004160 con 0x7f7ec8107df0
2024-04-25T02:21:26.106 INFO:teuthology.orchestra.run.smithi047.stdout:/usr/bin/ceph: stderr
2024-04-25T02:21:25.141+0000 7f7ec5400700 1 -- 172.21.15.47:0/2893343877 <== mon.0 v2:172.21.15.47:3300/0 2 ==== config(27 keys) ==== 1109+0+0 (secure 0 0 0) 0x7f7eb8004300 con 0x7f7ec8107df0
2024-04-25T02:21:26.106 INFO:teuthology.orchestra.run.smithi047.stdout:/usr/bin/ceph: stderr
2024-04-25T02:21:25.141+0000 7f7ec5400700 1 -- 172.21.15.47:0/2893343877 <== mon.0 v2:172.21.15.47:3300/0 3 ==== mon_map magic: 0 ==== 205+0+0 (secure 0 0 0) 0x7f7eb8011b50 con 0x7f7ec8107df0
2024-04-25T02:21:26.106 INFO:teuthology.orchestra.run.smithi047.stdout:/usr/bin/ceph: stderr
2024-04-25T02:21:25.142+0000 7f7ecd400700 1 -- 172.21.15.47:0/2893343877 >> [v2:172.21.15.47:3300/0,v1:172.21.15.47:6789/0] conn(0x7f7ec8107df0 msgr2=0x7f7ec8108210 secure :-1 s=STATE_CONNECTION_ESTABLISHED l=1).mark_down
2024-04-25T02:21:26.106 INFO:teuthology.orchestra.run.smithi047.stdout:/usr/bin/ceph: stderr
2024-04-25T02:21:25.142+0000 7f7ecd400700 1 --2- 172.21.15.47:0/2893343877 >> [v2:172.21.15.47:3300/0,v1:172.21.15.47:6789/0] conn(0x7f7ec8107df0 0x7f7ec8108210 secure :-1 s=READY pgs=20 cs=0 l=1 rev1=1 crypto rx=0x7f7eb80098a0 tx=0x7f7eb8009bb0 comp rx=0 tx=0).stop
2024-04-25T02:21:26.106 INFO:teuthology.orchestra.run.smithi047.stdout:/usr/bin/ceph: stderr
2024-04-25T02:21:25.142+0000 7f7ecd400700 1 -- 172.21.15.47:0/2893343877 shutdown_connections
2024-04-25T02:21:26.106 INFO:teuthology.orchestra.run.smithi047.stdout:/usr/bin/ceph: stderr
2024-04-25T02:21:25.142+0000 7f7ecd400700 1 --2- 172.21.15.47:0/2893343877 >> [v2:172.21.15.47:3300/0,v1:172.21.15.47:6789/0] conn(0x7f7ec8107df0 0x7f7ec8108210 unknown :-1 s=CLOSED pgs=20 cs=0 l=1 rev1=1 crypto rx=0 tx=0 comp rx=0 tx=0).stop
2024-04-25T02:21:26.106 INFO:teuthology.orchestra.run.smithi047.stdout:/usr/bin/ceph: stderr
2024-04-25T02:21:25.142+0000 7f7ecd400700 1 -- 172.21.15.47:0/2893343877 >> 172.21.15.47:0/2893343877 conn(0x7f7ec81033b0 msgr2=0x7f7ec81057d0 unknown :-1 s=STATE_NONE l=0).mark_down
2024-04-25T02:21:26.106 INFO:teuthology.orchestra.run.smithi047.stdout:/usr/bin/ceph: stderr
2024-04-25T02:21:25.142+0000 7f7ecd400700 1 -- 172.21.15.47:0/2893343877 shutdown_connections
2024-04-25T02:21:26.106 INFO:teuthology.orchestra.run.smithi047.stdout:/usr/bin/ceph: stderr
2024-04-25T02:21:25.142+0000 7f7ecd400700 1 -- 172.21.15.47:0/2893343877 wait complete.
2024-04-25T02:21:26.106 INFO:teuthology.orchestra.run.smithi047.stdout:/usr/bin/ceph: stderr
2024-04-25T02:21:25.143+0000 7f7ecd400700 1 Processor -- start
2024-04-25T02:21:26.106 INFO:teuthology.orchestra.run.smithi047.stdout:/usr/bin/ceph: stderr
2024-04-25T02:21:25.143+0000 7f7ecd400700 1 -- start start
2024-04-25T02:21:26.106 INFO:teuthology.orchestra.run.smithi047.stdout:/usr/bin/ceph: stderr
2024-04-25T02:21:25.143+0000 7f7ecd400700 1 --2- >> [v2:172.21.15.47:3300/0,v1:172.21.15.47:6789/0] conn(0x7f7ec8107df0 0x7f7ec819be80 unknown :-1 s=NONE pgs=0 cs=0 l=1 rev1=0 crypto rx=0 tx=0 comp rx=0 tx=0).connect
2024-04-25T02:21:26.106 INFO:teuthology.orchestra.run.smithi047.stdout:/usr/bin/ceph: stderr
2024-04-25T02:21:25.143+0000 7f7ecd400700 1 -- --> [v2:172.21.15.47:3300/0,v1:172.21.15.47:6789/0] -- mon_getmap magic: 0 -- 0x7f7ec810c3a0 con 0x7f7ec8107df0
2024-04-25T02:21:26.107 INFO:teuthology.orchestra.run.smithi047.stdout:/usr/bin/ceph: stderr
2024-04-25T02:21:25.144+0000 7f7ec6800700 1 --2- >> [v2:172.21.15.47:3300/0,v1:172.21.15.47:6789/0] conn(0x7f7ec8107df0 0x7f7ec819be80 unknown :-1 s=BANNER_CONNECTING pgs=0 cs=0 l=1 rev1=0 crypto rx=0 tx=0 comp rx=0 tx=0)._handle_peer_banner_payload supported=3 required=0
2024-04-25T02:21:26.107 INFO:teuthology.orchestra.run.smithi047.stdout:/usr/bin/ceph: stderr
2024-04-25T02:21:25.144+0000 7f7ec6800700 1 --2- >> [v2:172.21.15.47:3300/0,v1:172.21.15.47:6789/0] conn(0x7f7ec8107df0 0x7f7ec819be80 unknown :-1 s=HELLO_CONNECTING pgs=0 cs=0 l=1 rev1=1 crypto rx=0 tx=0 comp rx=0 tx=0).handle_hello peer v2:172.21.15.47:3300/0 says I am v2:172.21.15.47:39504/0 (socket says 172.21.15.47:39504)
2024-04-25T02:21:26.107 INFO:teuthology.orchestra.run.smithi047.stdout:/usr/bin/ceph: stderr
2024-04-25T02:21:25.144+0000 7f7ec6800700 1 -- 172.21.15.47:0/4059605119 learned_addr learned my addr 172.21.15.47:0/4059605119 (peer_addr_for_me v2:172.21.15.47:0/0)
2024-04-25T02:21:26.107 INFO:teuthology.orchestra.run.smithi047.stdout:/usr/bin/ceph: stderr
2024-04-25T02:21:25.144+0000 7f7ec6800700 1 -- 172.21.15.47:0/4059605119 --> [v2:172.21.15.47:3300/0,v1:172.21.15.47:6789/0] -- mon_subscribe({config=0+,monmap=0+}) -- 0x7f7ec819c3c0 con 0x7f7ec8107df0
2024-04-25T02:21:26.107 INFO:teuthology.orchestra.run.smithi047.stdout:/usr/bin/ceph: stderr
2024-04-25T02:21:25.144+0000 7f7ec6800700 1 --2- 172.21.15.47:0/4059605119 >> [v2:172.21.15.47:3300/0,v1:172.21.15.47:6789/0] conn(0x7f7ec8107df0 0x7f7ec819be80 secure :-1 s=READY pgs=21 cs=0 l=1 rev1=1 crypto rx=0x7f7eb8000c00 tx=0x7f7eb8011c10 comp rx=0 tx=0).ready entity=mon.0 client_cookie=0 server_cookie=0 in_seq=0 out_seq=0
2024-04-25T02:21:26.107 INFO:teuthology.orchestra.run.smithi047.stdout:/usr/bin/ceph: stderr
2024-04-25T02:21:25.145+0000 7f7ebf400700 1 -- 172.21.15.47:0/4059605119 <== mon.0 v2:172.21.15.47:3300/0 1 ==== mon_map magic: 0 ==== 205+0+0 (secure 0 0 0) 0x7f7eb8003b20 con 0x7f7ec8107df0
2024-04-25T02:21:26.107 INFO:teuthology.orchestra.run.smithi047.stdout:/usr/bin/ceph: stderr
2024-04-25T02:21:25.145+0000 7f7ebf400700 1 -- 172.21.15.47:0/4059605119 <== mon.0 v2:172.21.15.47:3300/0 2 ==== config(27 keys) ==== 1109+0+0 (secure 0 0 0) 0x7f7eb8003cc0 con 0x7f7ec8107df0
2024-04-25T02:21:26.107 INFO:teuthology.orchestra.run.smithi047.stdout:/usr/bin/ceph: stderr
2024-04-25T02:21:25.145+0000 7f7ecd400700 1 -- 172.21.15.47:0/4059605119 --> [v2:172.21.15.47:3300/0,v1:172.21.15.47:6789/0] -- mon_subscribe({mgrmap=0+}) -- 0x7f7ec819c650 con 0x7f7ec8107df0
2024-04-25T02:21:26.107 INFO:teuthology.orchestra.run.smithi047.stdout:/usr/bin/ceph: stderr
2024-04-25T02:21:25.145+0000 7f7ebf400700 1 -- 172.21.15.47:0/4059605119 <== mon.0 v2:172.21.15.47:3300/0 3 ==== mon_map magic: 0 ==== 205+0+0 (secure 0 0 0) 0x7f7eb8024910 con 0x7f7ec8107df0
2024-04-25T02:21:26.107 INFO:teuthology.orchestra.run.smithi047.stdout:/usr/bin/ceph: stderr
2024-04-25T02:21:25.145+0000 7f7ecd400700 1 -- 172.21.15.47:0/4059605119 --> [v2:172.21.15.47:3300/0,v1:172.21.15.47:6789/0] -- mon_subscribe({osdmap=0}) -- 0x7f7ec819d170 con 0x7f7ec8107df0
2024-04-25T02:21:26.107 INFO:teuthology.orchestra.run.smithi047.stdout:/usr/bin/ceph: stderr
2024-04-25T02:21:25.146+0000 7f7ebf400700 1 -- 172.21.15.47:0/4059605119 <== mon.0 v2:172.21.15.47:3300/0 4 ==== mgrmap(e 4) ==== 46276+0+0 (secure 0 0 0) 0x7f7eb8022020 con 0x7f7ec8107df0
2024-04-25T02:21:26.107 INFO:teuthology.orchestra.run.smithi047.stdout:/usr/bin/ceph: stderr
2024-04-25T02:21:25.146+0000 7f7ecd400700 1 -- 172.21.15.47:0/4059605119 --> [v2:172.21.15.47:3300/0,v1:172.21.15.47:6789/0] -- mon_command({"prefix": "get_command_descriptions"} v 0) -- 0x7f7ec8063890 con 0x7f7ec8107df0
2024-04-25T02:21:26.107 INFO:teuthology.orchestra.run.smithi047.stdout:/usr/bin/ceph: stderr
2024-04-25T02:21:25.147+0000 7f7ebf400700 1 --2- 172.21.15.47:0/4059605119 >> [v2:172.21.15.47:6800/121870951,v1:172.21.15.47:6801/121870951] conn(0x7f7eac039050 0x7f7eac03b510 unknown :-1 s=NONE pgs=0 cs=0 l=1 rev1=0 crypto rx=0 tx=0 comp rx=0 tx=0).connect
2024-04-25T02:21:26.107 INFO:teuthology.orchestra.run.smithi047.stdout:/usr/bin/ceph: stderr
2024-04-25T02:21:25.147+0000 7f7ebf400700 1 -- 172.21.15.47:0/4059605119 <== mon.0 v2:172.21.15.47:3300/0 5 ==== osd_map(1..1 src has 1..1) ==== 725+0+0 (secure 0 0 0) 0x7f7eb8011e00 con 0x7f7ec8107df0
2024-04-25T02:21:26.108 INFO:teuthology.orchestra.run.smithi047.stdout:/usr/bin/ceph: stderr
2024-04-25T02:21:25.147+0000 7f7ec5e00700 1 --2- 172.21.15.47:0/4059605119 >> [v2:172.21.15.47:6800/121870951,v1:172.21.15.47:6801/121870951] conn(0x7f7eac039050 0x7f7eac03b510 unknown :-1 s=BANNER_CONNECTING pgs=0 cs=0 l=1 rev1=0 crypto rx=0 tx=0 comp rx=0 tx=0)._handle_peer_banner_payload supported=3 required=0
2024-04-25T02:21:26.108 INFO:teuthology.orchestra.run.smithi047.stdout:/usr/bin/ceph: stderr
2024-04-25T02:21:25.148+0000 7f7ec5e00700 1 --2- 172.21.15.47:0/4059605119 >> [v2:172.21.15.47:6800/121870951,v1:172.21.15.47:6801/121870951] conn(0x7f7eac039050 0x7f7eac03b510 secure :-1 s=READY pgs=7 cs=0 l=1 rev1=1 crypto rx=0x7f7eb4006fd0 tx=0x7f7eb4006e40 comp rx=0 tx=0).ready entity=mgr.14100 client_cookie=0 server_cookie=0 in_seq=0 out_seq=0
2024-04-25T02:21:26.108 INFO:teuthology.orchestra.run.smithi047.stdout:/usr/bin/ceph: stderr
2024-04-25T02:21:25.152+0000 7f7ebf400700 1 -- 172.21.15.47:0/4059605119 <== mon.0 v2:172.21.15.47:3300/0 6 ==== mon_command_ack([{"prefix": "get_command_descriptions"}]=0 v0) ==== 72+0+186147 (secure 0 0 0) 0x7f7eb804ca90 con 0x7f7ec8107df0
2024-04-25T02:21:26.108 INFO:teuthology.orchestra.run.smithi047.stdout:/usr/bin/ceph: stderr
2024-04-25T02:21:25.368+0000 7f7ecd400700 1 -- 172.21.15.47:0/4059605119 --> [v2:172.21.15.47:3300/0,v1:172.21.15.47:6789/0] -- mon_command({"prefix": "config assimilate-conf"} v 0) -- 0x7f7ec819d690 con 0x7f7ec8107df0
2024-04-25T02:21:26.108 INFO:teuthology.orchestra.run.smithi047.stdout:/usr/bin/ceph: stderr
2024-04-25T02:21:25.370+0000 7f7ebf400700 1 -- 172.21.15.47:0/4059605119 <== mon.0 v2:172.21.15.47:3300/0 7 ==== mon_command_ack([{"prefix": "config assimilate-conf"}]=0 v3) ==== 70+0+373 (secure 0 0 0) 0x7f7eb801acd0 con 0x7f7ec8107df0
2024-04-25T02:21:26.108 INFO:teuthology.orchestra.run.smithi047.stdout:/usr/bin/ceph: stderr
2024-04-25T02:21:25.372+0000 7f7ecd400700 1 -- 172.21.15.47:0/4059605119 >> [v2:172.21.15.47:6800/121870951,v1:172.21.15.47:6801/121870951] conn(0x7f7eac039050 msgr2=0x7f7eac03b510 secure :-1 s=STATE_CONNECTION_ESTABLISHED l=1).mark_down
2024-04-25T02:21:26.108 INFO:teuthology.orchestra.run.smithi047.stdout:/usr/bin/ceph: stderr
2024-04-25T02:21:25.372+0000 7f7ecd400700 1 --2- 172.21.15.47:0/4059605119 >> [v2:172.21.15.47:6800/121870951,v1:172.21.15.47:6801/121870951] conn(0x7f7eac039050 0x7f7eac03b510 secure :-1 s=READY pgs=7 cs=0 l=1 rev1=1 crypto rx=0x7f7eb4006fd0 tx=0x7f7eb4006e40 comp rx=0 tx=0).stop
2024-04-25T02:21:26.108 INFO:teuthology.orchestra.run.smithi047.stdout:/usr/bin/ceph: stderr
2024-04-25T02:21:25.372+0000 7f7ecd400700 1 -- 172.21.15.47:0/4059605119 >> [v2:172.21.15.47:3300/0,v1:172.21.15.47:6789/0] conn(0x7f7ec8107df0 msgr2=0x7f7ec819be80 secure :-1 s=STATE_CONNECTION_ESTABLISHED l=1).mark_down
2024-04-25T02:21:26.108 INFO:teuthology.orchestra.run.smithi047.stdout:/usr/bin/ceph: stderr
2024-04-25T02:21:25.372+0000 7f7ecd400700 1 --2- 172.21.15.47:0/4059605119 >> [v2:172.21.15.47:3300/0,v1:172.21.15.47:6789/0] conn(0x7f7ec8107df0 0x7f7ec819be80 secure :-1 s=READY pgs=21 cs=0 l=1 rev1=1 crypto rx=0x7f7eb8000c00 tx=0x7f7eb8011c10 comp rx=0 tx=0).stop
2024-04-25T02:21:26.108 INFO:teuthology.orchestra.run.smithi047.stdout:/usr/bin/ceph: stderr
2024-04-25T02:21:25.372+0000 7f7ecd400700 1 -- 172.21.15.47:0/4059605119 shutdown_connections
2024-04-25T02:21:26.108 INFO:teuthology.orchestra.run.smithi047.stdout:/usr/bin/ceph: stderr
2024-04-25T02:21:25.372+0000 7f7ecd400700 1 --2- 172.21.15.47:0/4059605119 >> [v2:172.21.15.47:6800/121870951,v1:172.21.15.47:6801/121870951] conn(0x7f7eac039050 0x7f7eac03b510 unknown :-1 s=CLOSED pgs=7 cs=0 l=1 rev1=1 crypto rx=0 tx=0 comp rx=0 tx=0).stop
2024-04-25T02:21:26.108 INFO:teuthology.orchestra.run.smithi047.stdout:/usr/bin/ceph: stderr
2024-04-25T02:21:25.372+0000 7f7ecd400700 1 --2- 172.21.15.47:0/4059605119 >> [v2:172.21.15.47:3300/0,v1:172.21.15.47:6789/0] conn(0x7f7ec8107df0 0x7f7ec819be80 unknown :-1 s=CLOSED pgs=21 cs=0 l=1 rev1=1 crypto rx=0 tx=0 comp rx=0 tx=0).stop
2024-04-25T02:21:26.108 INFO:teuthology.orchestra.run.smithi047.stdout:/usr/bin/ceph: stderr
2024-04-25T02:21:25.372+0000 7f7ecd400700 1 -- 172.21.15.47:0/4059605119 >> 172.21.15.47:0/4059605119 conn(0x7f7ec81033b0 msgr2=0x7f7ec8103ef0 unknown :-1 s=STATE_NONE l=0).mark_down
2024-04-25T02:21:26.108 INFO:teuthology.orchestra.run.smithi047.stdout:/usr/bin/ceph: stderr
2024-04-25T02:21:25.373+0000 7f7ecd400700 1 -- 172.21.15.47:0/4059605119 shutdown_connections
2024-04-25T02:21:26.108 INFO:teuthology.orchestra.run.smithi047.stdout:/usr/bin/ceph: stderr
2024-04-25T02:21:25.373+0000 7f7ecd400700 1 -- 172.21.15.47:0/4059605119 wait complete.
2024-04-25T02:21:26.109 INFO:teuthology.orchestra.run.smithi047.stdout:Enabling cephadm module...
2024-04-25T02:21:27.387 INFO:journalctl@ceph.mon.a.smithi047.stdout:Apr 25 02:21:27 smithi047 ceph-mon[27871]: from='client.? 172.21.15.47:0/1216910278' entity='client.admin' cmd=[{"prefix": "mgr module enable", "module": "cephadm"}]: dispatch
2024-04-25T02:21:27.388 INFO:journalctl@ceph.mgr.x.smithi047.stdout:Apr 25 02:21:27 smithi047 ceph-4d24456a-02aa-11ef-bc93-c7b262605968-mgr-x[28103]: ignoring --setuser ceph since I am not root
2024-04-25T02:21:27.388 INFO:journalctl@ceph.mgr.x.smithi047.stdout:Apr 25 02:21:27 smithi047 ceph-4d24456a-02aa-11ef-bc93-c7b262605968-mgr-x[28103]: ignoring --setgroup ceph since I am not root
2024-04-25T02:21:27.388 INFO:journalctl@ceph.mgr.x.smithi047.stdout:Apr 25 02:21:27 smithi047 ceph-4d24456a-02aa-11ef-bc93-c7b262605968-mgr-x[28103]:
2024-04-25T02:21:27.384+0000 7f7a01fba200 -1 mgr[py] Module balancer has missing NOTIFY_TYPES member
2024-04-25T02:21:27.793 INFO:teuthology.orchestra.run.smithi047.stdout:/usr/bin/ceph: stderr
2024-04-25T02:21:26.739+0000 7f627e800700 1 Processor -- start
2024-04-25T02:21:27.793 INFO:teuthology.orchestra.run.smithi047.stdout:/usr/bin/ceph: stderr
2024-04-25T02:21:26.739+0000 7f627e800700 1 -- start start
2024-04-25T02:21:27.793 INFO:teuthology.orchestra.run.smithi047.stdout:/usr/bin/ceph: stderr
2024-04-25T02:21:26.739+0000 7f627e800700 1 --2- >> [v2:172.21.15.47:3300/0,v1:172.21.15.47:6789/0] conn(0x7f627807de20 0x7f627807c280 unknown :-1 s=NONE pgs=0 cs=0 l=0 rev1=0 crypto rx=0 tx=0 comp rx=0 tx=0).connect
2024-04-25T02:21:27.793 INFO:teuthology.orchestra.run.smithi047.stdout:/usr/bin/ceph: stderr
2024-04-25T02:21:26.739+0000 7f627e800700 1 -- --> [v2:172.21.15.47:3300/0,v1:172.21.15.47:6789/0] -- mon_getmap magic: 0 -- 0x7f627807c850 con 0x7f627807de20
2024-04-25T02:21:27.793 INFO:teuthology.orchestra.run.smithi047.stdout:/usr/bin/ceph: stderr
2024-04-25T02:21:26.740+0000 7f6277400700 1 --2- >> [v2:172.21.15.47:3300/0,v1:172.21.15.47:6789/0] conn(0x7f627807de20 0x7f627807c280 unknown :-1 s=BANNER_CONNECTING pgs=0 cs=0 l=0 rev1=0 crypto rx=0 tx=0 comp rx=0 tx=0)._handle_peer_banner_payload supported=3 required=0
2024-04-25T02:21:27.793 INFO:teuthology.orchestra.run.smithi047.stdout:/usr/bin/ceph: stderr
2024-04-25T02:21:26.740+0000 7f6277400700 1 --2- >> [v2:172.21.15.47:3300/0,v1:172.21.15.47:6789/0] conn(0x7f627807de20 0x7f627807c280 unknown :-1 s=HELLO_CONNECTING pgs=0 cs=0 l=0 rev1=1 crypto rx=0 tx=0 comp rx=0 tx=0).handle_hello peer v2:172.21.15.47:3300/0 says I am v2:172.21.15.47:39510/0 (socket says 172.21.15.47:39510)
2024-04-25T02:21:27.793 INFO:teuthology.orchestra.run.smithi047.stdout:/usr/bin/ceph: stderr
2024-04-25T02:21:26.740+0000 7f6277400700 1 -- 172.21.15.47:0/3733402144 learned_addr learned my addr 172.21.15.47:0/3733402144 (peer_addr_for_me v2:172.21.15.47:0/0)
2024-04-25T02:21:27.793 INFO:teuthology.orchestra.run.smithi047.stdout:/usr/bin/ceph: stderr
2024-04-25T02:21:26.740+0000 7f6277400700 1 -- 172.21.15.47:0/3733402144 --> [v2:172.21.15.47:3300/0,v1:172.21.15.47:6789/0] -- mon_subscribe({config=0+,monmap=0+}) -- 0x7f627807c9d0 con 0x7f627807de20
2024-04-25T02:21:27.794 INFO:teuthology.orchestra.run.smithi047.stdout:/usr/bin/ceph: stderr
2024-04-25T02:21:26.741+0000 7f6277400700 1 --2- 172.21.15.47:0/3733402144 >> [v2:172.21.15.47:3300/0,v1:172.21.15.47:6789/0] conn(0x7f627807de20 0x7f627807c280 secure :-1 s=READY pgs=22 cs=0 l=1 rev1=1 crypto rx=0x7f62680098a0 tx=0x7f6268009bb0 comp rx=0 tx=0).ready entity=mon.0 client_cookie=7faaf75863ff9448 server_cookie=0 in_seq=0 out_seq=0
2024-04-25T02:21:27.794 INFO:teuthology.orchestra.run.smithi047.stdout:/usr/bin/ceph: stderr
2024-04-25T02:21:26.741+0000 7f6276000700 1 -- 172.21.15.47:0/3733402144 <== mon.0 v2:172.21.15.47:3300/0 1 ==== mon_map magic: 0 ==== 205+0+0 (secure 0 0 0) 0x7f6268004160 con 0x7f627807de20
2024-04-25T02:21:27.794 INFO:teuthology.orchestra.run.smithi047.stdout:/usr/bin/ceph: stderr
2024-04-25T02:21:26.741+0000 7f6276000700 1 -- 172.21.15.47:0/3733402144 <== mon.0 v2:172.21.15.47:3300/0 2 ==== config(27 keys) ==== 1109+0+0 (secure 0 0 0) 0x7f6268004300 con 0x7f627807de20
2024-04-25T02:21:27.794 INFO:teuthology.orchestra.run.smithi047.stdout:/usr/bin/ceph: stderr
2024-04-25T02:21:26.741+0000 7f6276000700 1 -- 172.21.15.47:0/3733402144 <== mon.0 v2:172.21.15.47:3300/0 3 ==== mon_map magic: 0 ==== 205+0+0 (secure 0 0 0) 0x7f6268011b50 con 0x7f627807de20
2024-04-25T02:21:27.794 INFO:teuthology.orchestra.run.smithi047.stdout:/usr/bin/ceph: stderr
2024-04-25T02:21:26.742+0000 7f627e800700 1 -- 172.21.15.47:0/3733402144 >> [v2:172.21.15.47:3300/0,v1:172.21.15.47:6789/0] conn(0x7f627807de20 msgr2=0x7f627807c280 secure :-1 s=STATE_CONNECTION_ESTABLISHED l=1).mark_down
2024-04-25T02:21:27.794 INFO:teuthology.orchestra.run.smithi047.stdout:/usr/bin/ceph: stderr
2024-04-25T02:21:26.742+0000 7f627e800700 1 --2- 172.21.15.47:0/3733402144 >> [v2:172.21.15.47:3300/0,v1:172.21.15.47:6789/0] conn(0x7f627807de20 0x7f627807c280 secure :-1 s=READY pgs=22 cs=0 l=1 rev1=1 crypto rx=0x7f62680098a0 tx=0x7f6268009bb0 comp rx=0 tx=0).stop
2024-04-25T02:21:27.794 INFO:teuthology.orchestra.run.smithi047.stdout:/usr/bin/ceph: stderr
2024-04-25T02:21:26.742+0000 7f627e800700 1 -- 172.21.15.47:0/3733402144 shutdown_connections
2024-04-25T02:21:27.794 INFO:teuthology.orchestra.run.smithi047.stdout:/usr/bin/ceph: stderr
2024-04-25T02:21:26.742+0000 7f627e800700 1 --2- 172.21.15.47:0/3733402144 >> [v2:172.21.15.47:3300/0,v1:172.21.15.47:6789/0] conn(0x7f627807de20 0x7f627807c280 unknown :-1 s=CLOSED pgs=22 cs=0 l=1 rev1=1 crypto rx=0 tx=0 comp rx=0 tx=0).stop
2024-04-25T02:21:27.794 INFO:teuthology.orchestra.run.smithi047.stdout:/usr/bin/ceph: stderr
2024-04-25T02:21:26.742+0000 7f627e800700 1 -- 172.21.15.47:0/3733402144 >> 172.21.15.47:0/3733402144 conn(0x7f62781033b0 msgr2=0x7f62781057d0 unknown :-1 s=STATE_NONE l=0).mark_down
2024-04-25T02:21:27.794 INFO:teuthology.orchestra.run.smithi047.stdout:/usr/bin/ceph: stderr
2024-04-25T02:21:26.742+0000 7f627e800700 1 -- 172.21.15.47:0/3733402144 shutdown_connections
2024-04-25T02:21:27.794 INFO:teuthology.orchestra.run.smithi047.stdout:/usr/bin/ceph: stderr
2024-04-25T02:21:26.742+0000 7f627e800700 1 -- 172.21.15.47:0/3733402144 wait complete.
2024-04-25T02:21:27.794 INFO:teuthology.orchestra.run.smithi047.stdout:/usr/bin/ceph: stderr
2024-04-25T02:21:26.743+0000 7f627e800700 1 Processor -- start
2024-04-25T02:21:27.795 INFO:teuthology.orchestra.run.smithi047.stdout:/usr/bin/ceph: stderr
2024-04-25T02:21:26.743+0000 7f627e800700 1 -- start start
2024-04-25T02:21:27.795 INFO:teuthology.orchestra.run.smithi047.stdout:/usr/bin/ceph: stderr
2024-04-25T02:21:26.744+0000 7f627e800700 1 --2- >> [v2:172.21.15.47:3300/0,v1:172.21.15.47:6789/0] conn(0x7f627807de20 0x7f627819e010 unknown :-1 s=NONE pgs=0 cs=0 l=1 rev1=0 crypto rx=0 tx=0 comp rx=0 tx=0).connect
2024-04-25T02:21:27.795 INFO:teuthology.orchestra.run.smithi047.stdout:/usr/bin/ceph: stderr
2024-04-25T02:21:26.744+0000 7f627e800700 1 -- --> [v2:172.21.15.47:3300/0,v1:172.21.15.47:6789/0] -- mon_getmap magic: 0 -- 0x7f627810e420 con 0x7f627807de20
2024-04-25T02:21:27.795 INFO:teuthology.orchestra.run.smithi047.stdout:/usr/bin/ceph: stderr
2024-04-25T02:21:26.744+0000 7f6277400700 1 --2- >> [v2:172.21.15.47:3300/0,v1:172.21.15.47:6789/0] conn(0x7f627807de20 0x7f627819e010 unknown :-1 s=BANNER_CONNECTING pgs=0 cs=0 l=1 rev1=0 crypto rx=0 tx=0 comp rx=0 tx=0)._handle_peer_banner_payload supported=3 required=0
2024-04-25T02:21:27.795 INFO:teuthology.orchestra.run.smithi047.stdout:/usr/bin/ceph: stderr
2024-04-25T02:21:26.744+0000 7f6277400700 1 --2- >> [v2:172.21.15.47:3300/0,v1:172.21.15.47:6789/0] conn(0x7f627807de20 0x7f627819e010 unknown :-1 s=HELLO_CONNECTING pgs=0 cs=0 l=1 rev1=1 crypto rx=0 tx=0 comp rx=0 tx=0).handle_hello peer v2:172.21.15.47:3300/0 says I am v2:172.21.15.47:39518/0 (socket says 172.21.15.47:39518)
2024-04-25T02:21:27.795 INFO:teuthology.orchestra.run.smithi047.stdout:/usr/bin/ceph: stderr
2024-04-25T02:21:26.744+0000 7f6277400700 1 -- 172.21.15.47:0/1216910278 learned_addr learned my addr 172.21.15.47:0/1216910278 (peer_addr_for_me v2:172.21.15.47:0/0)
2024-04-25T02:21:27.795 INFO:teuthology.orchestra.run.smithi047.stdout:/usr/bin/ceph: stderr
2024-04-25T02:21:26.744+0000 7f6277400700 1 -- 172.21.15.47:0/1216910278 --> [v2:172.21.15.47:3300/0,v1:172.21.15.47:6789/0] -- mon_subscribe({config=0+,monmap=0+}) -- 0x7f627819e550 con 0x7f627807de20
2024-04-25T02:21:27.795 INFO:teuthology.orchestra.run.smithi047.stdout:/usr/bin/ceph: stderr
2024-04-25T02:21:26.745+0000 7f6277400700 1 --2- 172.21.15.47:0/1216910278 >> [v2:172.21.15.47:3300/0,v1:172.21.15.47:6789/0] conn(0x7f627807de20 0x7f627819e010 secure :-1 s=READY pgs=23 cs=0 l=1 rev1=1 crypto rx=0x7f6268011b60 tx=0x7f6268011c40 comp rx=0 tx=0).ready entity=mon.0 client_cookie=0 server_cookie=0 in_seq=0 out_seq=0
2024-04-25T02:21:27.795 INFO:teuthology.orchestra.run.smithi047.stdout:/usr/bin/ceph: stderr
2024-04-25T02:21:26.745+0000 7f626fe00700 1 -- 172.21.15.47:0/1216910278 <== mon.0 v2:172.21.15.47:3300/0 1 ==== mon_map magic: 0 ==== 205+0+0 (secure 0 0 0) 0x7f6268003b20 con 0x7f627807de20
2024-04-25T02:21:27.795 INFO:teuthology.orchestra.run.smithi047.stdout:/usr/bin/ceph: stderr
2024-04-25T02:21:26.745+0000 7f626fe00700 1 -- 172.21.15.47:0/1216910278 <== mon.0 v2:172.21.15.47:3300/0 2 ==== config(27 keys) ==== 1109+0+0 (secure 0 0 0) 0x7f6268003cc0 con 0x7f627807de20
2024-04-25T02:21:27.795 INFO:teuthology.orchestra.run.smithi047.stdout:/usr/bin/ceph: stderr
2024-04-25T02:21:26.745+0000 7f626fe00700 1 -- 172.21.15.47:0/1216910278 <== mon.0 v2:172.21.15.47:3300/0 3 ==== mon_map magic: 0 ==== 205+0+0 (secure 0 0 0) 0x7f6268024840 con 0x7f627807de20
2024-04-25T02:21:27.795 INFO:teuthology.orchestra.run.smithi047.stdout:/usr/bin/ceph: stderr
2024-04-25T02:21:26.745+0000 7f627e800700 1 -- 172.21.15.47:0/1216910278 --> [v2:172.21.15.47:3300/0,v1:172.21.15.47:6789/0] -- mon_subscribe({mgrmap=0+}) -- 0x7f627819e7e0 con 0x7f627807de20
2024-04-25T02:21:27.796 INFO:teuthology.orchestra.run.smithi047.stdout:/usr/bin/ceph: stderr
2024-04-25T02:21:26.745+0000 7f627e800700 1 -- 172.21.15.47:0/1216910278 --> [v2:172.21.15.47:3300/0,v1:172.21.15.47:6789/0] -- mon_subscribe({osdmap=0}) -- 0x7f627819f300 con 0x7f627807de20
2024-04-25T02:21:27.796 INFO:teuthology.orchestra.run.smithi047.stdout:/usr/bin/ceph: stderr
2024-04-25T02:21:26.746+0000 7f627e800700 1 -- 172.21.15.47:0/1216910278 --> [v2:172.21.15.47:3300/0,v1:172.21.15.47:6789/0] -- mon_command({"prefix": "get_command_descriptions"} v 0) -- 0x7f6278063890 con 0x7f627807de20
2024-04-25T02:21:27.796 INFO:teuthology.orchestra.run.smithi047.stdout:/usr/bin/ceph: stderr
2024-04-25T02:21:26.746+0000 7f626fe00700 1 -- 172.21.15.47:0/1216910278 <== mon.0 v2:172.21.15.47:3300/0 4 ==== mgrmap(e 4) ==== 46276+0+0 (secure 0 0 0) 0x7f6268022020 con 0x7f627807de20
2024-04-25T02:21:27.796 INFO:teuthology.orchestra.run.smithi047.stdout:/usr/bin/ceph: stderr
2024-04-25T02:21:26.747+0000 7f626fe00700 1 --2- 172.21.15.47:0/1216910278 >> [v2:172.21.15.47:6800/121870951,v1:172.21.15.47:6801/121870951] conn(0x7f625c039050 0x7f625c03b510 unknown :-1 s=NONE pgs=0 cs=0 l=1 rev1=0 crypto rx=0 tx=0 comp rx=0 tx=0).connect
2024-04-25T02:21:27.796 INFO:teuthology.orchestra.run.smithi047.stdout:/usr/bin/ceph: stderr
2024-04-25T02:21:26.747+0000 7f626fe00700 1 -- 172.21.15.47:0/1216910278 <== mon.0 v2:172.21.15.47:3300/0 5 ==== osd_map(1..1 src has 1..1) ==== 725+0+0 (secure 0 0 0) 0x7f6268011e00 con 0x7f627807de20
2024-04-25T02:21:27.796 INFO:teuthology.orchestra.run.smithi047.stdout:/usr/bin/ceph: stderr
2024-04-25T02:21:26.747+0000 7f6276a00700 1 --2- 172.21.15.47:0/1216910278 >> [v2:172.21.15.47:6800/121870951,v1:172.21.15.47:6801/121870951] conn(0x7f625c039050 0x7f625c03b510 unknown :-1 s=BANNER_CONNECTING pgs=0 cs=0 l=1 rev1=0 crypto rx=0 tx=0 comp rx=0 tx=0)._handle_peer_banner_payload supported=3 required=0
2024-04-25T02:21:27.796 INFO:teuthology.orchestra.run.smithi047.stdout:/usr/bin/ceph: stderr
2024-04-25T02:21:26.748+0000 7f6276a00700 1 --2- 172.21.15.47:0/1216910278 >> [v2:172.21.15.47:6800/121870951,v1:172.21.15.47:6801/121870951] conn(0x7f625c039050 0x7f625c03b510 secure :-1 s=READY pgs=8 cs=0 l=1 rev1=1 crypto rx=0x7f6264006fd0 tx=0x7f6264006e40 comp rx=0 tx=0).ready entity=mgr.14100 client_cookie=0 server_cookie=0 in_seq=0 out_seq=0
2024-04-25T02:21:27.796 INFO:teuthology.orchestra.run.smithi047.stdout:/usr/bin/ceph: stderr
2024-04-25T02:21:26.752+0000 7f626fe00700 1 -- 172.21.15.47:0/1216910278 <== mon.0 v2:172.21.15.47:3300/0 6 ==== mon_command_ack([{"prefix": "get_command_descriptions"}]=0 v0) ==== 72+0+186147 (secure 0 0 0) 0x7f626804cae0 con 0x7f627807de20
2024-04-25T02:21:27.796 INFO:teuthology.orchestra.run.smithi047.stdout:/usr/bin/ceph: stderr
2024-04-25T02:21:27.040+0000 7f627e800700 1 -- 172.21.15.47:0/1216910278 --> [v2:172.21.15.47:3300/0,v1:172.21.15.47:6789/0] -- mon_command({"prefix": "mgr module enable", "module": "cephadm"} v 0) -- 0x7f627806af00 con 0x7f627807de20
2024-04-25T02:21:27.796 INFO:teuthology.orchestra.run.smithi047.stdout:/usr/bin/ceph: stderr
2024-04-25T02:21:27.093+0000 7f626fe00700 1 -- 172.21.15.47:0/1216910278 <== mon.0 v2:172.21.15.47:3300/0 7 ==== mon_command_ack([{"prefix": "mgr module enable", "module": "cephadm"}]=0 v5) ==== 86+0+0 (secure 0 0 0) 0x7f627806af00 con 0x7f627807de20
2024-04-25T02:21:27.796 INFO:teuthology.orchestra.run.smithi047.stdout:/usr/bin/ceph: stderr
2024-04-25T02:21:27.098+0000 7f626fe00700 1 -- 172.21.15.47:0/1216910278 <== mon.0 v2:172.21.15.47:3300/0 8 ==== mgrmap(e 5) ==== 46287+0+0 (secure 0 0 0) 0x7f626800b3e0 con 0x7f627807de20
2024-04-25T02:21:27.796 INFO:teuthology.orchestra.run.smithi047.stdout:/usr/bin/ceph: stderr
2024-04-25T02:21:27.098+0000 7f627e800700 1 -- 172.21.15.47:0/1216910278 >> [v2:172.21.15.47:6800/121870951,v1:172.21.15.47:6801/121870951] conn(0x7f625c039050 msgr2=0x7f625c03b510 secure :-1 s=STATE_CONNECTION_ESTABLISHED l=1).mark_down
2024-04-25T02:21:27.796 INFO:teuthology.orchestra.run.smithi047.stdout:/usr/bin/ceph: stderr
2024-04-25T02:21:27.098+0000 7f627e800700 1 --2- 172.21.15.47:0/1216910278 >> [v2:172.21.15.47:6800/121870951,v1:172.21.15.47:6801/121870951] conn(0x7f625c039050 0x7f625c03b510 secure :-1 s=READY pgs=8 cs=0 l=1 rev1=1 crypto rx=0x7f6264006fd0 tx=0x7f6264006e40 comp rx=0 tx=0).stop
2024-04-25T02:21:27.797 INFO:teuthology.orchestra.run.smithi047.stdout:/usr/bin/ceph: stderr
2024-04-25T02:21:27.098+0000 7f627e800700 1 -- 172.21.15.47:0/1216910278 >> [v2:172.21.15.47:3300/0,v1:172.21.15.47:6789/0] conn(0x7f627807de20 msgr2=0x7f627819e010 secure :-1 s=STATE_CONNECTION_ESTABLISHED l=1).mark_down
2024-04-25T02:21:27.797 INFO:teuthology.orchestra.run.smithi047.stdout:/usr/bin/ceph: stderr
2024-04-25T02:21:27.098+0000 7f627e800700 1 --2- 172.21.15.47:0/1216910278 >> [v2:172.21.15.47:3300/0,v1:172.21.15.47:6789/0] conn(0x7f627807de20 0x7f627819e010 secure :-1 s=READY pgs=23 cs=0 l=1 rev1=1 crypto rx=0x7f6268011b60 tx=0x7f6268011c40 comp rx=0 tx=0).stop
2024-04-25T02:21:27.797 INFO:teuthology.orchestra.run.smithi047.stdout:/usr/bin/ceph: stderr
2024-04-25T02:21:27.099+0000 7f627e800700 1 -- 172.21.15.47:0/1216910278 shutdown_connections
2024-04-25T02:21:27.797 INFO:teuthology.orchestra.run.smithi047.stdout:/usr/bin/ceph: stderr
2024-04-25T02:21:27.099+0000 7f627e800700 1 --2- 172.21.15.47:0/1216910278 >> [v2:172.21.15.47:6800/121870951,v1:172.21.15.47:6801/121870951] conn(0x7f625c039050 0x7f625c03b510 unknown :-1 s=CLOSED pgs=8 cs=0 l=1 rev1=1 crypto rx=0 tx=0 comp rx=0 tx=0).stop
2024-04-25T02:21:27.797 INFO:teuthology.orchestra.run.smithi047.stdout:/usr/bin/ceph: stderr
2024-04-25T02:21:27.099+0000 7f627e800700 1 --2- 172.21.15.47:0/1216910278 >> [v2:172.21.15.47:3300/0,v1:172.21.15.47:6789/0] conn(0x7f627807de20 0x7f627819e010 secure :-1 s=CLOSED pgs=23 cs=0 l=1 rev1=1 crypto rx=0x7f6268011b60 tx=0x7f6268011c40 comp rx=0 tx=0).stop
2024-04-25T02:21:27.797 INFO:teuthology.orchestra.run.smithi047.stdout:/usr/bin/ceph: stderr
2024-04-25T02:21:27.099+0000 7f627e800700 1 -- 172.21.15.47:0/1216910278 >> 172.21.15.47:0/1216910278 conn(0x7f62781033b0 msgr2=0x7f6278103e30 unknown :-1 s=STATE_NONE l=0).mark_down
2024-04-25T02:21:27.797 INFO:teuthology.orchestra.run.smithi047.stdout:/usr/bin/ceph: stderr
2024-04-25T02:21:27.099+0000 7f627e800700 1 -- 172.21.15.47:0/1216910278 shutdown_connections
2024-04-25T02:21:27.797 INFO:teuthology.orchestra.run.smithi047.stdout:/usr/bin/ceph: stderr
2024-04-25T02:21:27.099+0000 7f627e800700 1 -- 172.21.15.47:0/1216910278 wait complete.
2024-04-25T02:21:27.909 INFO:journalctl@ceph.mgr.x.smithi047.stdout:Apr 25 02:21:27 smithi047 ceph-4d24456a-02aa-11ef-bc93-c7b262605968-mgr-x[28103]:
2024-04-25T02:21:27.634+0000 7f7a01fba200 -1 mgr[py] Module orchestrator has missing NOTIFY_TYPES member
2024-04-25T02:21:27.909 INFO:journalctl@ceph.mgr.x.smithi047.stdout:Apr 25 02:21:27 smithi047 ceph-4d24456a-02aa-11ef-bc93-c7b262605968-mgr-x[28103]:
2024-04-25T02:21:27.768+0000 7f7a01fba200 -1 mgr[py] Module snap_schedule has missing NOTIFY_TYPES member
2024-04-25T02:21:28.240 INFO:journalctl@ceph.mon.a.smithi047.stdout:Apr 25 02:21:28 smithi047 ceph-mon[27871]: from='client.? 172.21.15.47:0/1216910278' entity='client.admin' cmd='[{"prefix": "mgr module enable", "module": "cephadm"}]': finished
2024-04-25T02:21:28.241 INFO:journalctl@ceph.mon.a.smithi047.stdout:Apr 25 02:21:28 smithi047 ceph-mon[27871]: mgrmap e5: x(active, since 6s)
2024-04-25T02:21:28.241 INFO:journalctl@ceph.mgr.x.smithi047.stdout:Apr 25 02:21:28 smithi047 ceph-4d24456a-02aa-11ef-bc93-c7b262605968-mgr-x[28103]:
2024-04-25T02:21:28.177+0000 7f7a01fba200 -1 mgr[py] Module progress has missing NOTIFY_TYPES member
2024-04-25T02:21:28.494 INFO:journalctl@ceph.mgr.x.smithi047.stdout:Apr 25 02:21:28 smithi047 ceph-4d24456a-02aa-11ef-bc93-c7b262605968-mgr-x[28103]:
2024-04-25T02:21:28.295+0000 7f7a01fba200 -1 mgr[py] Module influx has missing NOTIFY_TYPES member
2024-04-25T02:21:29.409 INFO:journalctl@ceph.mon.a.smithi047.stdout:Apr 25 02:21:29 smithi047 ceph-mon[27871]: from='client.? 172.21.15.47:0/2448832290' entity='client.admin' cmd=[{"prefix": "mgr stat"}]: dispatch
2024-04-25T02:21:29.472 INFO:teuthology.orchestra.run.smithi047.stdout:/usr/bin/ceph: stdout {
2024-04-25T02:21:29.472 INFO:teuthology.orchestra.run.smithi047.stdout:/usr/bin/ceph: stdout "epoch": 5,
