2024-04-25T02:21:36.050+0000 7f87d94c0700 1 -- 172.21.15.57:0/1338954199 >> [v2:172.21.15.57:6800/3854116575,v1:172.21.15.57:6801/3854116575] conn(0x7f87c00383b0 msgr2=0x7f87c003a860 secure :-1 s=STATE_CONNECTION_ESTABLISHED l=1).mark_down
2024-04-25T02:21:36.602 INFO:teuthology.orchestra.run.smithi057.stdout:/usr/bin/ceph: stderr
2024-04-25T02:21:36.050+0000 7f87d94c0700 1 --2- 172.21.15.57:0/1338954199 >> [v2:172.21.15.57:6800/3854116575,v1:172.21.15.57:6801/3854116575] conn(0x7f87c00383b0 0x7f87c003a860 secure :-1 s=READY pgs=11 cs=0 l=1 rev1=1 crypto rx=0x7f87bc006fd0 tx=0x7f87bc006e40 comp rx=0 tx=0).stop
2024-04-25T02:21:36.602 INFO:teuthology.orchestra.run.smithi057.stdout:/usr/bin/ceph: stderr
2024-04-25T02:21:36.050+0000 7f87d94c0700 1 -- 172.21.15.57:0/1338954199 >> [v2:172.21.15.57:3300/0,v1:172.21.15.57:6789/0] conn(0x7f87d4104a00 msgr2=0x7f87d40742c0 secure :-1 s=STATE_CONNECTION_ESTABLISHED l=1).mark_down
2024-04-25T02:21:36.602 INFO:teuthology.orchestra.run.smithi057.stdout:/usr/bin/ceph: stderr
2024-04-25T02:21:36.050+0000 7f87d94c0700 1 --2- 172.21.15.57:0/1338954199 >> [v2:172.21.15.57:3300/0,v1:172.21.15.57:6789/0] conn(0x7f87d4104a00 0x7f87d40742c0 secure :-1 s=READY pgs=44 cs=0 l=1 rev1=1 crypto rx=0x7f87c400b7b0 tx=0x7f87c4004430 comp rx=0 tx=0).stop
2024-04-25T02:21:36.602 INFO:teuthology.orchestra.run.smithi057.stdout:/usr/bin/ceph: stderr
2024-04-25T02:21:36.050+0000 7f87d94c0700 1 -- 172.21.15.57:0/1338954199 shutdown_connections
2024-04-25T02:21:36.602 INFO:teuthology.orchestra.run.smithi057.stdout:/usr/bin/ceph: stderr
2024-04-25T02:21:36.050+0000 7f87d94c0700 1 --2- 172.21.15.57:0/1338954199 >> [v2:172.21.15.57:6800/3854116575,v1:172.21.15.57:6801/3854116575] conn(0x7f87c00383b0 0x7f87c003a860 unknown :-1 s=CLOSED pgs=11 cs=0 l=1 rev1=1 crypto rx=0 tx=0 comp rx=0 tx=0).stop
2024-04-25T02:21:36.602 INFO:teuthology.orchestra.run.smithi057.stdout:/usr/bin/ceph: stderr
2024-04-25T02:21:36.050+0000 7f87d94c0700 1 --2- 172.21.15.57:0/1338954199 >> [v2:172.21.15.57:3300/0,v1:172.21.15.57:6789/0] conn(0x7f87d4104a00 0x7f87d40742c0 unknown :-1 s=CLOSED pgs=44 cs=0 l=1 rev1=1 crypto rx=0 tx=0 comp rx=0 tx=0).stop
2024-04-25T02:21:36.602 INFO:teuthology.orchestra.run.smithi057.stdout:/usr/bin/ceph: stderr
2024-04-25T02:21:36.050+0000 7f87d94c0700 1 -- 172.21.15.57:0/1338954199 >> 172.21.15.57:0/1338954199 conn(0x7f87d4100070 msgr2=0x7f87d4100dc0 unknown :-1 s=STATE_NONE l=0).mark_down
2024-04-25T02:21:36.602 INFO:teuthology.orchestra.run.smithi057.stdout:/usr/bin/ceph: stderr
2024-04-25T02:21:36.051+0000 7f87d94c0700 1 -- 172.21.15.57:0/1338954199 shutdown_connections
2024-04-25T02:21:36.602 INFO:teuthology.orchestra.run.smithi057.stdout:/usr/bin/ceph: stderr
2024-04-25T02:21:36.051+0000 7f87d94c0700 1 -- 172.21.15.57:0/1338954199 wait complete.
2024-04-25T02:21:36.602 INFO:teuthology.orchestra.run.smithi057.stdout:Deploying mon service with default placement...
2024-04-25T02:21:37.251 INFO:journalctl@ceph.mon.smithi057.smithi057.stdout:Apr 25 02:21:37 smithi057 ceph-mon[26687]: from='mgr.14118 172.21.15.57:0/2143458796' entity='mgr.smithi057.uiqxan'
2024-04-25T02:21:37.251 INFO:journalctl@ceph.mon.smithi057.smithi057.stdout:Apr 25 02:21:37 smithi057 ceph-mon[26687]: Added host smithi057
2024-04-25T02:21:37.251 INFO:journalctl@ceph.mon.smithi057.smithi057.stdout:Apr 25 02:21:37 smithi057 ceph-mon[26687]: from='mgr.14118 172.21.15.57:0/2143458796' entity='mgr.smithi057.uiqxan' cmd=[{"prefix": "config dump", "format": "json"}]: dispatch
2024-04-25T02:21:37.807 INFO:teuthology.orchestra.run.smithi057.stdout:/usr/bin/ceph: stdout Scheduled mon update...
2024-04-25T02:21:37.807 INFO:teuthology.orchestra.run.smithi057.stdout:/usr/bin/ceph: stderr
2024-04-25T02:21:37.019+0000 7fb5f2df1700 1 Processor -- start
2024-04-25T02:21:37.807 INFO:teuthology.orchestra.run.smithi057.stdout:/usr/bin/ceph: stderr
2024-04-25T02:21:37.019+0000 7fb5f2df1700 1 -- start start
2024-04-25T02:21:37.807 INFO:teuthology.orchestra.run.smithi057.stdout:/usr/bin/ceph: stderr
2024-04-25T02:21:37.019+0000 7fb5f2df1700 1 --2- >> [v2:172.21.15.57:3300/0,v1:172.21.15.57:6789/0] conn(0x7fb5ec106650 0x7fb5ec108a30 unknown :-1 s=NONE pgs=0 cs=0 l=0 rev1=0 crypto rx=0 tx=0 comp rx=0 tx=0).connect
2024-04-25T02:21:37.807 INFO:teuthology.orchestra.run.smithi057.stdout:/usr/bin/ceph: stderr
2024-04-25T02:21:37.019+0000 7fb5f2df1700 1 -- --> [v2:172.21.15.57:3300/0,v1:172.21.15.57:6789/0] -- mon_getmap magic: 0 v1 -- 0x7fb5ec0744d0 con 0x7fb5ec106650
2024-04-25T02:21:37.807 INFO:teuthology.orchestra.run.smithi057.stdout:/usr/bin/ceph: stderr
2024-04-25T02:21:37.020+0000 7fb5f0b8d700 1 --2- >> [v2:172.21.15.57:3300/0,v1:172.21.15.57:6789/0] conn(0x7fb5ec106650 0x7fb5ec108a30 unknown :-1 s=BANNER_CONNECTING pgs=0 cs=0 l=0 rev1=0 crypto rx=0 tx=0 comp rx=0 tx=0)._handle_peer_banner_payload supported=3 required=0
2024-04-25T02:21:37.807 INFO:teuthology.orchestra.run.smithi057.stdout:/usr/bin/ceph: stderr
2024-04-25T02:21:37.020+0000 7fb5f0b8d700 1 --2- >> [v2:172.21.15.57:3300/0,v1:172.21.15.57:6789/0] conn(0x7fb5ec106650 0x7fb5ec108a30 unknown :-1 s=HELLO_CONNECTING pgs=0 cs=0 l=0 rev1=1 crypto rx=0 tx=0 comp rx=0 tx=0).handle_hello peer v2:172.21.15.57:3300/0 says I am v2:172.21.15.57:60876/0 (socket says 172.21.15.57:60876)
2024-04-25T02:21:37.808 INFO:teuthology.orchestra.run.smithi057.stdout:/usr/bin/ceph: stderr
2024-04-25T02:21:37.020+0000 7fb5f0b8d700 1 -- 172.21.15.57:0/2558312756 learned_addr learned my addr 172.21.15.57:0/2558312756 (peer_addr_for_me v2:172.21.15.57:0/0)
2024-04-25T02:21:37.808 INFO:teuthology.orchestra.run.smithi057.stdout:/usr/bin/ceph: stderr
2024-04-25T02:21:37.020+0000 7fb5f0b8d700 1 -- 172.21.15.57:0/2558312756 --> [v2:172.21.15.57:3300/0,v1:172.21.15.57:6789/0] -- mon_subscribe({config=0+,monmap=0+}) v3 -- 0x7fb5ec074610 con 0x7fb5ec106650
2024-04-25T02:21:37.808 INFO:teuthology.orchestra.run.smithi057.stdout:/usr/bin/ceph: stderr
2024-04-25T02:21:37.020+0000 7fb5f0b8d700 1 --2- 172.21.15.57:0/2558312756 >> [v2:172.21.15.57:3300/0,v1:172.21.15.57:6789/0] conn(0x7fb5ec106650 0x7fb5ec108a30 secure :-1 s=READY pgs=45 cs=0 l=1 rev1=1 crypto rx=0x7fb5e00098a0 tx=0x7fb5e0009bb0 comp rx=0 tx=0).ready entity=mon.0 client_cookie=6991ba88169537d8 server_cookie=0 in_seq=0 out_seq=0
2024-04-25T02:21:37.808 INFO:teuthology.orchestra.run.smithi057.stdout:/usr/bin/ceph: stderr
2024-04-25T02:21:37.020+0000 7fb5eb7fe700 1 -- 172.21.15.57:0/2558312756 <== mon.0 v2:172.21.15.57:3300/0 1 ==== mon_map magic: 0 v1 ==== 229+0+0 (secure 0 0 0) 0x7fb5e0004180 con 0x7fb5ec106650
2024-04-25T02:21:37.808 INFO:teuthology.orchestra.run.smithi057.stdout:/usr/bin/ceph: stderr
2024-04-25T02:21:37.020+0000 7fb5eb7fe700 1 -- 172.21.15.57:0/2558312756 <== mon.0 v2:172.21.15.57:3300/0 2 ==== config(27 keys) v1 ==== 1037+0+0 (secure 0 0 0) 0x7fb5e00042e0 con 0x7fb5ec106650
2024-04-25T02:21:37.808 INFO:teuthology.orchestra.run.smithi057.stdout:/usr/bin/ceph: stderr
2024-04-25T02:21:37.020+0000 7fb5eb7fe700 1 -- 172.21.15.57:0/2558312756 <== mon.0 v2:172.21.15.57:3300/0 3 ==== mon_map magic: 0 v1 ==== 229+0+0 (secure 0 0 0) 0x7fb5e0011a50 con 0x7fb5ec106650
2024-04-25T02:21:37.808 INFO:teuthology.orchestra.run.smithi057.stdout:/usr/bin/ceph: stderr
2024-04-25T02:21:37.021+0000 7fb5f2df1700 1 -- 172.21.15.57:0/2558312756 >> [v2:172.21.15.57:3300/0,v1:172.21.15.57:6789/0] conn(0x7fb5ec106650 msgr2=0x7fb5ec108a30 secure :-1 s=STATE_CONNECTION_ESTABLISHED l=1).mark_down
2024-04-25T02:21:37.808 INFO:teuthology.orchestra.run.smithi057.stdout:/usr/bin/ceph: stderr
2024-04-25T02:21:37.021+0000 7fb5f2df1700 1 --2- 172.21.15.57:0/2558312756 >> [v2:172.21.15.57:3300/0,v1:172.21.15.57:6789/0] conn(0x7fb5ec106650 0x7fb5ec108a30 secure :-1 s=READY pgs=45 cs=0 l=1 rev1=1 crypto rx=0x7fb5e00098a0 tx=0x7fb5e0009bb0 comp rx=0 tx=0).stop
2024-04-25T02:21:37.808 INFO:teuthology.orchestra.run.smithi057.stdout:/usr/bin/ceph: stderr
2024-04-25T02:21:37.021+0000 7fb5f2df1700 1 -- 172.21.15.57:0/2558312756 shutdown_connections
2024-04-25T02:21:37.808 INFO:teuthology.orchestra.run.smithi057.stdout:/usr/bin/ceph: stderr
2024-04-25T02:21:37.021+0000 7fb5f2df1700 1 --2- 172.21.15.57:0/2558312756 >> [v2:172.21.15.57:3300/0,v1:172.21.15.57:6789/0] conn(0x7fb5ec106650 0x7fb5ec108a30 unknown :-1 s=CLOSED pgs=45 cs=0 l=1 rev1=1 crypto rx=0 tx=0 comp rx=0 tx=0).stop
2024-04-25T02:21:37.808 INFO:teuthology.orchestra.run.smithi057.stdout:/usr/bin/ceph: stderr
2024-04-25T02:21:37.021+0000 7fb5f2df1700 1 -- 172.21.15.57:0/2558312756 >> 172.21.15.57:0/2558312756 conn(0x7fb5ec100070 msgr2=0x7fb5ec102480 unknown :-1 s=STATE_NONE l=0).mark_down
2024-04-25T02:21:37.808 INFO:teuthology.orchestra.run.smithi057.stdout:/usr/bin/ceph: stderr
2024-04-25T02:21:37.021+0000 7fb5f2df1700 1 -- 172.21.15.57:0/2558312756 shutdown_connections
2024-04-25T02:21:37.808 INFO:teuthology.orchestra.run.smithi057.stdout:/usr/bin/ceph: stderr
2024-04-25T02:21:37.021+0000 7fb5f2df1700 1 -- 172.21.15.57:0/2558312756 wait complete.
2024-04-25T02:21:37.808 INFO:teuthology.orchestra.run.smithi057.stdout:/usr/bin/ceph: stderr
2024-04-25T02:21:37.021+0000 7fb5f2df1700 1 Processor -- start
2024-04-25T02:21:37.808 INFO:teuthology.orchestra.run.smithi057.stdout:/usr/bin/ceph: stderr
2024-04-25T02:21:37.022+0000 7fb5f2df1700 1 -- start start
2024-04-25T02:21:37.808 INFO:teuthology.orchestra.run.smithi057.stdout:/usr/bin/ceph: stderr
2024-04-25T02:21:37.022+0000 7fb5f2df1700 1 --2- >> [v2:172.21.15.57:3300/0,v1:172.21.15.57:6789/0] conn(0x7fb5ec106650 0x7fb5ec199800 unknown :-1 s=NONE pgs=0 cs=0 l=1 rev1=0 crypto rx=0 tx=0 comp rx=0 tx=0).connect
2024-04-25T02:21:37.809 INFO:teuthology.orchestra.run.smithi057.stdout:/usr/bin/ceph: stderr
2024-04-25T02:21:37.022+0000 7fb5f2df1700 1 -- --> [v2:172.21.15.57:3300/0,v1:172.21.15.57:6789/0] -- mon_getmap magic: 0 v1 -- 0x7fb5ec199d40 con 0x7fb5ec106650
2024-04-25T02:21:37.809 INFO:teuthology.orchestra.run.smithi057.stdout:/usr/bin/ceph: stderr
2024-04-25T02:21:37.022+0000 7fb5f0b8d700 1 --2- >> [v2:172.21.15.57:3300/0,v1:172.21.15.57:6789/0] conn(0x7fb5ec106650 0x7fb5ec199800 unknown :-1 s=BANNER_CONNECTING pgs=0 cs=0 l=1 rev1=0 crypto rx=0 tx=0 comp rx=0 tx=0)._handle_peer_banner_payload supported=3 required=0
2024-04-25T02:21:37.809 INFO:teuthology.orchestra.run.smithi057.stdout:/usr/bin/ceph: stderr
2024-04-25T02:21:37.022+0000 7fb5f0b8d700 1 --2- >> [v2:172.21.15.57:3300/0,v1:172.21.15.57:6789/0] conn(0x7fb5ec106650 0x7fb5ec199800 unknown :-1 s=HELLO_CONNECTING pgs=0 cs=0 l=1 rev1=1 crypto rx=0 tx=0 comp rx=0 tx=0).handle_hello peer v2:172.21.15.57:3300/0 says I am v2:172.21.15.57:60890/0 (socket says 172.21.15.57:60890)
2024-04-25T02:21:37.809 INFO:teuthology.orchestra.run.smithi057.stdout:/usr/bin/ceph: stderr
2024-04-25T02:21:37.022+0000 7fb5f0b8d700 1 -- 172.21.15.57:0/2112707668 learned_addr learned my addr 172.21.15.57:0/2112707668 (peer_addr_for_me v2:172.21.15.57:0/0)
2024-04-25T02:21:37.809 INFO:teuthology.orchestra.run.smithi057.stdout:/usr/bin/ceph: stderr
2024-04-25T02:21:37.022+0000 7fb5f0b8d700 1 -- 172.21.15.57:0/2112707668 --> [v2:172.21.15.57:3300/0,v1:172.21.15.57:6789/0] -- mon_subscribe({config=0+,monmap=0+}) v3 -- 0x7fb5e0009550 con 0x7fb5ec106650
2024-04-25T02:21:37.809 INFO:teuthology.orchestra.run.smithi057.stdout:/usr/bin/ceph: stderr
2024-04-25T02:21:37.022+0000 7fb5f0b8d700 1 --2- 172.21.15.57:0/2112707668 >> [v2:172.21.15.57:3300/0,v1:172.21.15.57:6789/0] conn(0x7fb5ec106650 0x7fb5ec199800 secure :-1 s=READY pgs=46 cs=0 l=1 rev1=1 crypto rx=0x7fb5e0006af0 tx=0x7fb5e0011a90 comp rx=0 tx=0).ready entity=mon.0 client_cookie=0 server_cookie=0 in_seq=0 out_seq=0
2024-04-25T02:21:37.809 INFO:teuthology.orchestra.run.smithi057.stdout:/usr/bin/ceph: stderr
2024-04-25T02:21:37.022+0000 7fb5e9ffb700 1 -- 172.21.15.57:0/2112707668 <== mon.0 v2:172.21.15.57:3300/0 1 ==== mon_map magic: 0 v1 ==== 229+0+0 (secure 0 0 0) 0x7fb5e0003b90 con 0x7fb5ec106650
2024-04-25T02:21:37.809 INFO:teuthology.orchestra.run.smithi057.stdout:/usr/bin/ceph: stderr
2024-04-25T02:21:37.022+0000 7fb5e9ffb700 1 -- 172.21.15.57:0/2112707668 <== mon.0 v2:172.21.15.57:3300/0 2 ==== config(27 keys) v1 ==== 1037+0+0 (secure 0 0 0) 0x7fb5e001a8a0 con 0x7fb5ec106650
2024-04-25T02:21:37.809 INFO:teuthology.orchestra.run.smithi057.stdout:/usr/bin/ceph: stderr
2024-04-25T02:21:37.022+0000 7fb5e9ffb700 1 -- 172.21.15.57:0/2112707668 <== mon.0 v2:172.21.15.57:3300/0 3 ==== mon_map magic: 0 v1 ==== 229+0+0 (secure 0 0 0) 0x7fb5e0019880 con 0x7fb5ec106650
2024-04-25T02:21:37.809 INFO:teuthology.orchestra.run.smithi057.stdout:/usr/bin/ceph: stderr
2024-04-25T02:21:37.022+0000 7fb5f2df1700 1 -- 172.21.15.57:0/2112707668 --> [v2:172.21.15.57:3300/0,v1:172.21.15.57:6789/0] -- mon_subscribe({mgrmap=0+}) v3 -- 0x7fb5ec199fa0 con 0x7fb5ec106650
2024-04-25T02:21:37.809 INFO:teuthology.orchestra.run.smithi057.stdout:/usr/bin/ceph: stderr
2024-04-25T02:21:37.023+0000 7fb5f2df1700 1 -- 172.21.15.57:0/2112707668 --> [v2:172.21.15.57:3300/0,v1:172.21.15.57:6789/0] -- mon_subscribe({osdmap=0}) v3 -- 0x7fb5ec19a420 con 0x7fb5ec106650
2024-04-25T02:21:37.809 INFO:teuthology.orchestra.run.smithi057.stdout:/usr/bin/ceph: stderr
2024-04-25T02:21:37.023+0000 7fb5e9ffb700 1 -- 172.21.15.57:0/2112707668 <== mon.0 v2:172.21.15.57:3300/0 4 ==== mgrmap(e 8) v1 ==== 45084+0+0 (secure 0 0 0) 0x7fb5e001aa10 con 0x7fb5ec106650
2024-04-25T02:21:37.809 INFO:teuthology.orchestra.run.smithi057.stdout:/usr/bin/ceph: stderr
2024-04-25T02:21:37.024+0000 7fb5f2df1700 1 -- 172.21.15.57:0/2112707668 --> [v2:172.21.15.57:3300/0,v1:172.21.15.57:6789/0] -- mon_command({"prefix": "get_command_descriptions"} v 0) v1 -- 0x7fb5ec109b30 con 0x7fb5ec106650
2024-04-25T02:21:37.809 INFO:teuthology.orchestra.run.smithi057.stdout:/usr/bin/ceph: stderr
2024-04-25T02:21:37.024+0000 7fb5e9ffb700 1 --2- 172.21.15.57:0/2112707668 >> [v2:172.21.15.57:6800/3854116575,v1:172.21.15.57:6801/3854116575] conn(0x7fb5dc0383b0 0x7fb5dc03a860 unknown :-1 s=NONE pgs=0 cs=0 l=1 rev1=0 crypto rx=0 tx=0 comp rx=0 tx=0).connect
2024-04-25T02:21:37.809 INFO:teuthology.orchestra.run.smithi057.stdout:/usr/bin/ceph: stderr
2024-04-25T02:21:37.024+0000 7fb5e9ffb700 1 -- 172.21.15.57:0/2112707668 <== mon.0 v2:172.21.15.57:3300/0 5 ==== osd_map(2..2 src has 1..2) v4 ==== 940+0+0 (secure 0 0 0) 0x7fb5e004c680 con 0x7fb5ec106650
2024-04-25T02:21:37.809 INFO:teuthology.orchestra.run.smithi057.stdout:/usr/bin/ceph: stderr
2024-04-25T02:21:37.024+0000 7fb5ebfff700 1 --2- 172.21.15.57:0/2112707668 >> [v2:172.21.15.57:6800/3854116575,v1:172.21.15.57:6801/3854116575] conn(0x7fb5dc0383b0 0x7fb5dc03a860 unknown :-1 s=BANNER_CONNECTING pgs=0 cs=0 l=1 rev1=0 crypto rx=0 tx=0 comp rx=0 tx=0)._handle_peer_banner_payload supported=3 required=0
2024-04-25T02:21:37.810 INFO:teuthology.orchestra.run.smithi057.stdout:/usr/bin/ceph: stderr
2024-04-25T02:21:37.024+0000 7fb5ebfff700 1 --2- 172.21.15.57:0/2112707668 >> [v2:172.21.15.57:6800/3854116575,v1:172.21.15.57:6801/3854116575] conn(0x7fb5dc0383b0 0x7fb5dc03a860 secure :-1 s=READY pgs=12 cs=0 l=1 rev1=1 crypto rx=0x7fb5d8006fd0 tx=0x7fb5d8006e40 comp rx=0 tx=0).ready entity=mgr.14118 client_cookie=0 server_cookie=0 in_seq=0 out_seq=0
2024-04-25T02:21:37.810 INFO:teuthology.orchestra.run.smithi057.stdout:/usr/bin/ceph: stderr
2024-04-25T02:21:37.029+0000 7fb5e9ffb700 1 -- 172.21.15.57:0/2112707668 <== mon.0 v2:172.21.15.57:3300/0 6 ==== mon_command_ack([{"prefix": "get_command_descriptions"}]=0 v0) v1 ==== 72+0+177933 (secure 0 0 0) 0x7fb5e0018530 con 0x7fb5ec106650
2024-04-25T02:21:37.810 INFO:teuthology.orchestra.run.smithi057.stdout:/usr/bin/ceph: stderr
2024-04-25T02:21:37.247+0000 7fb5f2df1700 1 -- 172.21.15.57:0/2112707668 --> [v2:172.21.15.57:6800/3854116575,v1:172.21.15.57:6801/3854116575] -- mgr_command(tid 0: {"prefix": "orch apply", "service_type": "mon", "target": ["mon-mgr", ""]}) v1 -- 0x7fb5ec102380 con 0x7fb5dc0383b0
2024-04-25T02:21:37.810 INFO:teuthology.orchestra.run.smithi057.stdout:/usr/bin/ceph: stderr
2024-04-25T02:21:37.252+0000 7fb5e9ffb700 1 -- 172.21.15.57:0/2112707668 <== mgr.14118 v2:172.21.15.57:6800/3854116575 1 ==== mgr_command_reply(tid 0: 0 ) v1 ==== 8+0+24 (secure 0 0 0) 0x7fb5ec102380 con 0x7fb5dc0383b0
2024-04-25T02:21:37.810 INFO:teuthology.orchestra.run.smithi057.stdout:/usr/bin/ceph: stderr
2024-04-25T02:21:37.254+0000 7fb5f2df1700 1 -- 172.21.15.57:0/2112707668 >> [v2:172.21.15.57:6800/3854116575,v1:172.21.15.57:6801/3854116575] conn(0x7fb5dc0383b0 msgr2=0x7fb5dc03a860 secure :-1 s=STATE_CONNECTION_ESTABLISHED l=1).mark_down
2024-04-25T02:21:37.810 INFO:teuthology.orchestra.run.smithi057.stdout:/usr/bin/ceph: stderr
2024-04-25T02:21:37.254+0000 7fb5f2df1700 1 --2- 172.21.15.57:0/2112707668 >> [v2:172.21.15.57:6800/3854116575,v1:172.21.15.57:6801/3854116575] conn(0x7fb5dc0383b0 0x7fb5dc03a860 secure :-1 s=READY pgs=12 cs=0 l=1 rev1=1 crypto rx=0x7fb5d8006fd0 tx=0x7fb5d8006e40 comp rx=0 tx=0).stop
2024-04-25T02:21:37.810 INFO:teuthology.orchestra.run.smithi057.stdout:/usr/bin/ceph: stderr
2024-04-25T02:21:37.254+0000 7fb5f2df1700 1 -- 172.21.15.57:0/2112707668 >> [v2:172.21.15.57:3300/0,v1:172.21.15.57:6789/0] conn(0x7fb5ec106650 msgr2=0x7fb5ec199800 secure :-1 s=STATE_CONNECTION_ESTABLISHED l=1).mark_down
2024-04-25T02:21:37.810 INFO:teuthology.orchestra.run.smithi057.stdout:/usr/bin/ceph: stderr
2024-04-25T02:21:37.254+0000 7fb5f2df1700 1 --2- 172.21.15.57:0/2112707668 >> [v2:172.21.15.57:3300/0,v1:172.21.15.57:6789/0] conn(0x7fb5ec106650 0x7fb5ec199800 secure :-1 s=READY pgs=46 cs=0 l=1 rev1=1 crypto rx=0x7fb5e0006af0 tx=0x7fb5e0011a90 comp rx=0 tx=0).stop
2024-04-25T02:21:37.810 INFO:teuthology.orchestra.run.smithi057.stdout:/usr/bin/ceph: stderr
2024-04-25T02:21:37.254+0000 7fb5f2df1700 1 -- 172.21.15.57:0/2112707668 shutdown_connections
2024-04-25T02:21:37.810 INFO:teuthology.orchestra.run.smithi057.stdout:/usr/bin/ceph: stderr
2024-04-25T02:21:37.254+0000 7fb5f2df1700 1 --2- 172.21.15.57:0/2112707668 >> [v2:172.21.15.57:6800/3854116575,v1:172.21.15.57:6801/3854116575] conn(0x7fb5dc0383b0 0x7fb5dc03a860 unknown :-1 s=CLOSED pgs=12 cs=0 l=1 rev1=1 crypto rx=0 tx=0 comp rx=0 tx=0).stop
2024-04-25T02:21:37.810 INFO:teuthology.orchestra.run.smithi057.stdout:/usr/bin/ceph: stderr
2024-04-25T02:21:37.254+0000 7fb5f2df1700 1 --2- 172.21.15.57:0/2112707668 >> [v2:172.21.15.57:3300/0,v1:172.21.15.57:6789/0] conn(0x7fb5ec106650 0x7fb5ec199800 unknown :-1 s=CLOSED pgs=46 cs=0 l=1 rev1=1 crypto rx=0 tx=0 comp rx=0 tx=0).stop
2024-04-25T02:21:37.810 INFO:teuthology.orchestra.run.smithi057.stdout:/usr/bin/ceph: stderr
2024-04-25T02:21:37.254+0000 7fb5f2df1700 1 -- 172.21.15.57:0/2112707668 >> 172.21.15.57:0/2112707668 conn(0x7fb5ec100070 msgr2=0x7fb5ec101760 unknown :-1 s=STATE_NONE l=0).mark_down
2024-04-25T02:21:37.810 INFO:teuthology.orchestra.run.smithi057.stdout:/usr/bin/ceph: stderr
2024-04-25T02:21:37.254+0000 7fb5f2df1700 1 -- 172.21.15.57:0/2112707668 shutdown_connections
2024-04-25T02:21:37.810 INFO:teuthology.orchestra.run.smithi057.stdout:/usr/bin/ceph: stderr
2024-04-25T02:21:37.254+0000 7fb5f2df1700 1 -- 172.21.15.57:0/2112707668 wait complete.
2024-04-25T02:21:37.810 INFO:teuthology.orchestra.run.smithi057.stdout:Deploying mgr service with default placement...
2024-04-25T02:21:38.399 INFO:journalctl@ceph.mon.smithi057.smithi057.stdout:Apr 25 02:21:38 smithi057 ceph-mon[26687]: from='client.14140 -' entity='client.admin' cmd=[{"prefix": "orch apply", "service_type": "mon", "target": ["mon-mgr", ""]}]: dispatch
2024-04-25T02:21:38.399 INFO:journalctl@ceph.mon.smithi057.smithi057.stdout:Apr 25 02:21:38 smithi057 ceph-mon[26687]: Saving service mon spec with placement count:5
2024-04-25T02:21:38.399 INFO:journalctl@ceph.mon.smithi057.smithi057.stdout:Apr 25 02:21:38 smithi057 ceph-mon[26687]: from='mgr.14118 172.21.15.57:0/2143458796' entity='mgr.smithi057.uiqxan'
2024-04-25T02:21:39.759 INFO:teuthology.orchestra.run.smithi057.stdout:/usr/bin/ceph: stdout Scheduled mgr update...
2024-04-25T02:21:39.759 INFO:teuthology.orchestra.run.smithi057.stdout:/usr/bin/ceph: stderr
2024-04-25T02:21:38.942+0000 7f11593ee700 1 Processor -- start
2024-04-25T02:21:39.759 INFO:teuthology.orchestra.run.smithi057.stdout:/usr/bin/ceph: stderr
2024-04-25T02:21:38.942+0000 7f11593ee700 1 -- start start
2024-04-25T02:21:39.759 INFO:teuthology.orchestra.run.smithi057.stdout:/usr/bin/ceph: stderr
2024-04-25T02:21:38.942+0000 7f11593ee700 1 --2- >> [v2:172.21.15.57:3300/0,v1:172.21.15.57:6789/0] conn(0x7f1154106010 0x7f1154106420 unknown :-1 s=NONE pgs=0 cs=0 l=0 rev1=0 crypto rx=0 tx=0 comp rx=0 tx=0).connect
2024-04-25T02:21:39.759 INFO:teuthology.orchestra.run.smithi057.stdout:/usr/bin/ceph: stderr
2024-04-25T02:21:38.942+0000 7f11593ee700 1 -- --> [v2:172.21.15.57:3300/0,v1:172.21.15.57:6789/0] -- mon_getmap magic: 0 v1 -- 0x7f1154106960 con 0x7f1154106010
2024-04-25T02:21:39.759 INFO:teuthology.orchestra.run.smithi057.stdout:/usr/bin/ceph: stderr
2024-04-25T02:21:38.942+0000 7f1152ffd700 1 --2- >> [v2:172.21.15.57:3300/0,v1:172.21.15.57:6789/0] conn(0x7f1154106010 0x7f1154106420 unknown :-1 s=BANNER_CONNECTING pgs=0 cs=0 l=0 rev1=0 crypto rx=0 tx=0 comp rx=0 tx=0)._handle_peer_banner_payload supported=3 required=0
2024-04-25T02:21:39.759 INFO:teuthology.orchestra.run.smithi057.stdout:/usr/bin/ceph: stderr
2024-04-25T02:21:38.942+0000 7f1152ffd700 1 --2- >> [v2:172.21.15.57:3300/0,v1:172.21.15.57:6789/0] conn(0x7f1154106010 0x7f1154106420 unknown :-1 s=HELLO_CONNECTING pgs=0 cs=0 l=0 rev1=1 crypto rx=0 tx=0 comp rx=0 tx=0).handle_hello peer v2:172.21.15.57:3300/0 says I am v2:172.21.15.57:60898/0 (socket says 172.21.15.57:60898)
2024-04-25T02:21:39.759 INFO:teuthology.orchestra.run.smithi057.stdout:/usr/bin/ceph: stderr
2024-04-25T02:21:38.942+0000 7f1152ffd700 1 -- 172.21.15.57:0/1047491093 learned_addr learned my addr 172.21.15.57:0/1047491093 (peer_addr_for_me v2:172.21.15.57:0/0)
2024-04-25T02:21:39.759 INFO:teuthology.orchestra.run.smithi057.stdout:/usr/bin/ceph: stderr
2024-04-25T02:21:38.942+0000 7f1152ffd700 1 -- 172.21.15.57:0/1047491093 --> [v2:172.21.15.57:3300/0,v1:172.21.15.57:6789/0] -- mon_subscribe({config=0+,monmap=0+}) v3 -- 0x7f1154106aa0 con 0x7f1154106010
2024-04-25T02:21:39.760 INFO:teuthology.orchestra.run.smithi057.stdout:/usr/bin/ceph: stderr
2024-04-25T02:21:38.943+0000 7f1152ffd700 1 --2- 172.21.15.57:0/1047491093 >> [v2:172.21.15.57:3300/0,v1:172.21.15.57:6789/0] conn(0x7f1154106010 0x7f1154106420 secure :-1 s=READY pgs=47 cs=0 l=1 rev1=1 crypto rx=0x7f11440098a0 tx=0x7f1144009bb0 comp rx=0 tx=0).ready entity=mon.0 client_cookie=f2c3018b762c9ff9 server_cookie=0 in_seq=0 out_seq=0
2024-04-25T02:21:39.760 INFO:teuthology.orchestra.run.smithi057.stdout:/usr/bin/ceph: stderr
2024-04-25T02:21:38.943+0000 7f1151ffb700 1 -- 172.21.15.57:0/1047491093 <== mon.0 v2:172.21.15.57:3300/0 1 ==== mon_map magic: 0 v1 ==== 229+0+0 (secure 0 0 0) 0x7f1144004180 con 0x7f1154106010
2024-04-25T02:21:39.760 INFO:teuthology.orchestra.run.smithi057.stdout:/usr/bin/ceph: stderr
2024-04-25T02:21:38.943+0000 7f1151ffb700 1 -- 172.21.15.57:0/1047491093 <== mon.0 v2:172.21.15.57:3300/0 2 ==== config(27 keys) v1 ==== 1101+0+0 (secure 0 0 0) 0x7f11440042e0 con 0x7f1154106010
2024-04-25T02:21:39.760 INFO:teuthology.orchestra.run.smithi057.stdout:/usr/bin/ceph: stderr
2024-04-25T02:21:38.943+0000 7f1151ffb700 1 -- 172.21.15.57:0/1047491093 <== mon.0 v2:172.21.15.57:3300/0 3 ==== mon_map magic: 0 v1 ==== 229+0+0 (secure 0 0 0) 0x7f1144011af0 con 0x7f1154106010
2024-04-25T02:21:39.760 INFO:teuthology.orchestra.run.smithi057.stdout:/usr/bin/ceph: stderr
2024-04-25T02:21:38.943+0000 7f11593ee700 1 -- 172.21.15.57:0/1047491093 >> [v2:172.21.15.57:3300/0,v1:172.21.15.57:6789/0] conn(0x7f1154106010 msgr2=0x7f1154106420 secure :-1 s=STATE_CONNECTION_ESTABLISHED l=1).mark_down
2024-04-25T02:21:39.760 INFO:teuthology.orchestra.run.smithi057.stdout:/usr/bin/ceph: stderr
2024-04-25T02:21:38.943+0000 7f11593ee700 1 --2- 172.21.15.57:0/1047491093 >> [v2:172.21.15.57:3300/0,v1:172.21.15.57:6789/0] conn(0x7f1154106010 0x7f1154106420 secure :-1 s=READY pgs=47 cs=0 l=1 rev1=1 crypto rx=0x7f11440098a0 tx=0x7f1144009bb0 comp rx=0 tx=0).stop
2024-04-25T02:21:39.760 INFO:teuthology.orchestra.run.smithi057.stdout:/usr/bin/ceph: stderr
2024-04-25T02:21:38.943+0000 7f11593ee700 1 -- 172.21.15.57:0/1047491093 shutdown_connections
2024-04-25T02:21:39.760 INFO:teuthology.orchestra.run.smithi057.stdout:/usr/bin/ceph: stderr
2024-04-25T02:21:38.943+0000 7f11593ee700 1 --2- 172.21.15.57:0/1047491093 >> [v2:172.21.15.57:3300/0,v1:172.21.15.57:6789/0] conn(0x7f1154106010 0x7f1154106420 unknown :-1 s=CLOSED pgs=47 cs=0 l=1 rev1=1 crypto rx=0 tx=0 comp rx=0 tx=0).stop
2024-04-25T02:21:39.760 INFO:teuthology.orchestra.run.smithi057.stdout:/usr/bin/ceph: stderr
2024-04-25T02:21:38.943+0000 7f11593ee700 1 -- 172.21.15.57:0/1047491093 >> 172.21.15.57:0/1047491093 conn(0x7f11540ff7e0 msgr2=0x7f1154101c10 unknown :-1 s=STATE_NONE l=0).mark_down
2024-04-25T02:21:39.760 INFO:teuthology.orchestra.run.smithi057.stdout:/usr/bin/ceph: stderr
2024-04-25T02:21:38.944+0000 7f11593ee700 1 -- 172.21.15.57:0/1047491093 shutdown_connections
2024-04-25T02:21:39.760 INFO:teuthology.orchestra.run.smithi057.stdout:/usr/bin/ceph: stderr
2024-04-25T02:21:38.944+0000 7f11593ee700 1 -- 172.21.15.57:0/1047491093 wait complete.
2024-04-25T02:21:39.760 INFO:teuthology.orchestra.run.smithi057.stdout:/usr/bin/ceph: stderr
2024-04-25T02:21:38.944+0000 7f11593ee700 1 Processor -- start
2024-04-25T02:21:39.760 INFO:teuthology.orchestra.run.smithi057.stdout:/usr/bin/ceph: stderr
2024-04-25T02:21:38.944+0000 7f11593ee700 1 -- start start
2024-04-25T02:21:39.760 INFO:teuthology.orchestra.run.smithi057.stdout:/usr/bin/ceph: stderr
2024-04-25T02:21:38.944+0000 7f11593ee700 1 --2- >> [v2:172.21.15.57:3300/0,v1:172.21.15.57:6789/0] conn(0x7f1154106010 0x7f115418fc40 unknown :-1 s=NONE pgs=0 cs=0 l=1 rev1=0 crypto rx=0 tx=0 comp rx=0 tx=0).connect
2024-04-25T02:21:39.760 INFO:teuthology.orchestra.run.smithi057.stdout:/usr/bin/ceph: stderr
2024-04-25T02:21:38.944+0000 7f11593ee700 1 -- --> [v2:172.21.15.57:3300/0,v1:172.21.15.57:6789/0] -- mon_getmap magic: 0 v1 -- 0x7f1154190180 con 0x7f1154106010
2024-04-25T02:21:39.761 INFO:teuthology.orchestra.run.smithi057.stdout:/usr/bin/ceph: stderr
2024-04-25T02:21:38.945+0000 7f1152ffd700 1 --2- >> [v2:172.21.15.57:3300/0,v1:172.21.15.57:6789/0] conn(0x7f1154106010 0x7f115418fc40 unknown :-1 s=BANNER_CONNECTING pgs=0 cs=0 l=1 rev1=0 crypto rx=0 tx=0 comp rx=0 tx=0)._handle_peer_banner_payload supported=3 required=0
2024-04-25T02:21:39.761 INFO:teuthology.orchestra.run.smithi057.stdout:/usr/bin/ceph: stderr
2024-04-25T02:21:38.945+0000 7f1152ffd700 1 --2- >> [v2:172.21.15.57:3300/0,v1:172.21.15.57:6789/0] conn(0x7f1154106010 0x7f115418fc40 unknown :-1 s=HELLO_CONNECTING pgs=0 cs=0 l=1 rev1=1 crypto rx=0 tx=0 comp rx=0 tx=0).handle_hello peer v2:172.21.15.57:3300/0 says I am v2:172.21.15.57:60908/0 (socket says 172.21.15.57:60908)
2024-04-25T02:21:39.761 INFO:teuthology.orchestra.run.smithi057.stdout:/usr/bin/ceph: stderr
2024-04-25T02:21:38.945+0000 7f1152ffd700 1 -- 172.21.15.57:0/2222379397 learned_addr learned my addr 172.21.15.57:0/2222379397 (peer_addr_for_me v2:172.21.15.57:0/0)
2024-04-25T02:21:39.761 INFO:teuthology.orchestra.run.smithi057.stdout:/usr/bin/ceph: stderr
2024-04-25T02:21:38.945+0000 7f1152ffd700 1 -- 172.21.15.57:0/2222379397 --> [v2:172.21.15.57:3300/0,v1:172.21.15.57:6789/0] -- mon_subscribe({config=0+,monmap=0+}) v3 -- 0x7f1144009550 con 0x7f1154106010
2024-04-25T02:21:39.761 INFO:teuthology.orchestra.run.smithi057.stdout:/usr/bin/ceph: stderr
2024-04-25T02:21:38.945+0000 7f1152ffd700 1 --2- 172.21.15.57:0/2222379397 >> [v2:172.21.15.57:3300/0,v1:172.21.15.57:6789/0] conn(0x7f1154106010 0x7f115418fc40 secure :-1 s=READY pgs=48 cs=0 l=1 rev1=1 crypto rx=0x7f1144006ba0 tx=0x7f1144011b50 comp rx=0 tx=0).ready entity=mon.0 client_cookie=0 server_cookie=0 in_seq=0 out_seq=0
2024-04-25T02:21:39.761 INFO:teuthology.orchestra.run.smithi057.stdout:/usr/bin/ceph: stderr
2024-04-25T02:21:38.945+0000 7f113bfff700 1 -- 172.21.15.57:0/2222379397 <== mon.0 v2:172.21.15.57:3300/0 1 ==== mon_map magic: 0 v1 ==== 229+0+0 (secure 0 0 0) 0x7f1144003b00 con 0x7f1154106010
2024-04-25T02:21:39.761 INFO:teuthology.orchestra.run.smithi057.stdout:/usr/bin/ceph: stderr
2024-04-25T02:21:38.945+0000 7f11593ee700 1 -- 172.21.15.57:0/2222379397 --> [v2:172.21.15.57:3300/0,v1:172.21.15.57:6789/0] -- mon_subscribe({mgrmap=0+}) v3 -- 0x7f115418e290 con 0x7f1154106010
2024-04-25T02:21:39.761 INFO:teuthology.orchestra.run.smithi057.stdout:/usr/bin/ceph: stderr
2024-04-25T02:21:38.945+0000 7f11593ee700 1 -- 172.21.15.57:0/2222379397 --> [v2:172.21.15.57:3300/0,v1:172.21.15.57:6789/0] -- mon_subscribe({osdmap=0}) v3 -- 0x7f115418e6b0 con 0x7f1154106010
2024-04-25T02:21:39.761 INFO:teuthology.orchestra.run.smithi057.stdout:/usr/bin/ceph: stderr
2024-04-25T02:21:38.945+0000 7f113bfff700 1 -- 172.21.15.57:0/2222379397 <== mon.0 v2:172.21.15.57:3300/0 2 ==== config(27 keys) v1 ==== 1101+0+0 (secure 0 0 0) 0x7f1144003c60 con 0x7f1154106010
2024-04-25T02:21:39.761 INFO:teuthology.orchestra.run.smithi057.stdout:/usr/bin/ceph: stderr
2024-04-25T02:21:38.945+0000 7f113bfff700 1 -- 172.21.15.57:0/2222379397 <== mon.0 v2:172.21.15.57:3300/0 3 ==== mon_map magic: 0 v1 ==== 229+0+0 (secure 0 0 0) 0x7f1144019860 con 0x7f1154106010
2024-04-25T02:21:39.761 INFO:teuthology.orchestra.run.smithi057.stdout:/usr/bin/ceph: stderr
2024-04-25T02:21:38.946+0000 7f113bfff700 1 -- 172.21.15.57:0/2222379397 <== mon.0 v2:172.21.15.57:3300/0 4 ==== mgrmap(e 8) v1 ==== 45084+0+0 (secure 0 0 0) 0x7f1144019ad0 con 0x7f1154106010
2024-04-25T02:21:39.761 INFO:teuthology.orchestra.run.smithi057.stdout:/usr/bin/ceph: stderr
2024-04-25T02:21:38.946+0000 7f11593ee700 1 -- 172.21.15.57:0/2222379397 --> [v2:172.21.15.57:3300/0,v1:172.21.15.57:6789/0] -- mon_command({"prefix": "get_command_descriptions"} v 0) v1 -- 0x7f1140005320 con 0x7f1154106010
2024-04-25T02:21:39.761 INFO:teuthology.orchestra.run.smithi057.stdout:/usr/bin/ceph: stderr
2024-04-25T02:21:38.947+0000 7f113bfff700 1 --2- 172.21.15.57:0/2222379397 >> [v2:172.21.15.57:6800/3854116575,v1:172.21.15.57:6801/3854116575] conn(0x7f113c0383f0 0x7f113c03a8a0 unknown :-1 s=NONE pgs=0 cs=0 l=1 rev1=0 crypto rx=0 tx=0 comp rx=0 tx=0).connect
2024-04-25T02:21:39.761 INFO:teuthology.orchestra.run.smithi057.stdout:/usr/bin/ceph: stderr
2024-04-25T02:21:38.947+0000 7f113bfff700 1 -- 172.21.15.57:0/2222379397 <== mon.0 v2:172.21.15.57:3300/0 5 ==== osd_map(2..2 src has 1..2) v4 ==== 940+0+0 (secure 0 0 0) 0x7f114404c480 con 0x7f1154106010
2024-04-25T02:21:39.761 INFO:teuthology.orchestra.run.smithi057.stdout:/usr/bin/ceph: stderr
2024-04-25T02:21:38.947+0000 7f11527fc700 1 --2- 172.21.15.57:0/2222379397 >> [v2:172.21.15.57:6800/3854116575,v1:172.21.15.57:6801/3854116575] conn(0x7f113c0383f0 0x7f113c03a8a0 unknown :-1 s=BANNER_CONNECTING pgs=0 cs=0 l=1 rev1=0 crypto rx=0 tx=0 comp rx=0 tx=0)._handle_peer_banner_payload supported=3 required=0
2024-04-25T02:21:39.762 INFO:teuthology.orchestra.run.smithi057.stdout:/usr/bin/ceph: stderr
2024-04-25T02:21:38.947+0000 7f11527fc700 1 --2- 172.21.15.57:0/2222379397 >> [v2:172.21.15.57:6800/3854116575,v1:172.21.15.57:6801/3854116575] conn(0x7f113c0383f0 0x7f113c03a8a0 secure :-1 s=READY pgs=13 cs=0 l=1 rev1=1 crypto rx=0x7f1148006fd0 tx=0x7f1148006e40 comp rx=0 tx=0).ready entity=mgr.14118 client_cookie=0 server_cookie=0 in_seq=0 out_seq=0
2024-04-25T02:21:39.762 INFO:teuthology.orchestra.run.smithi057.stdout:/usr/bin/ceph: stderr
2024-04-25T02:21:38.952+0000 7f113bfff700 1 -- 172.21.15.57:0/2222379397 <== mon.0 v2:172.21.15.57:3300/0 6 ==== mon_command_ack([{"prefix": "get_command_descriptions"}]=0 v0) v1 ==== 72+0+177933 (secure 0 0 0) 0x7f114402b750 con 0x7f1154106010
2024-04-25T02:21:39.762 INFO:teuthology.orchestra.run.smithi057.stdout:/usr/bin/ceph: stderr
2024-04-25T02:21:39.178+0000 7f11593ee700 1 -- 172.21.15.57:0/2222379397 --> [v2:172.21.15.57:6800/3854116575,v1:172.21.15.57:6801/3854116575] -- mgr_command(tid 0: {"prefix": "orch apply", "service_type": "mgr", "target": ["mon-mgr", ""]}) v1 -- 0x7f1140000bf0 con 0x7f113c0383f0
2024-04-25T02:21:39.762 INFO:teuthology.orchestra.run.smithi057.stdout:/usr/bin/ceph: stderr
2024-04-25T02:21:39.183+0000 7f113bfff700 1 -- 172.21.15.57:0/2222379397 <== mgr.14118 v2:172.21.15.57:6800/3854116575 1 ==== mgr_command_reply(tid 0: 0 ) v1 ==== 8+0+24 (secure 0 0 0) 0x7f1140000bf0 con 0x7f113c0383f0
2024-04-25T02:21:39.762 INFO:teuthology.orchestra.run.smithi057.stdout:/usr/bin/ceph: stderr
2024-04-25T02:21:39.185+0000 7f11593ee700 1 -- 172.21.15.57:0/2222379397 >> [v2:172.21.15.57:6800/3854116575,v1:172.21.15.57:6801/3854116575] conn(0x7f113c0383f0 msgr2=0x7f113c03a8a0 secure :-1 s=STATE_CONNECTION_ESTABLISHED l=1).mark_down
2024-04-25T02:21:39.762 INFO:teuthology.orchestra.run.smithi057.stdout:/usr/bin/ceph: stderr
2024-04-25T02:21:39.185+0000 7f11593ee700 1 --2- 172.21.15.57:0/2222379397 >> [v2:172.21.15.57:6800/3854116575,v1:172.21.15.57:6801/3854116575] conn(0x7f113c0383f0 0x7f113c03a8a0 secure :-1 s=READY pgs=13 cs=0 l=1 rev1=1 crypto rx=0x7f1148006fd0 tx=0x7f1148006e40 comp rx=0 tx=0).stop
2024-04-25T02:21:39.762 INFO:teuthology.orchestra.run.smithi057.stdout:/usr/bin/ceph: stderr
2024-04-25T02:21:39.185+0000 7f11593ee700 1 -- 172.21.15.57:0/2222379397 >> [v2:172.21.15.57:3300/0,v1:172.21.15.57:6789/0] conn(0x7f1154106010 msgr2=0x7f115418fc40 secure :-1 s=STATE_CONNECTION_ESTABLISHED l=1).mark_down
2024-04-25T02:21:39.762 INFO:teuthology.orchestra.run.smithi057.stdout:/usr/bin/ceph: stderr
2024-04-25T02:21:39.185+0000 7f11593ee700 1 --2- 172.21.15.57:0/2222379397 >> [v2:172.21.15.57:3300/0,v1:172.21.15.57:6789/0] conn(0x7f1154106010 0x7f115418fc40 secure :-1 s=READY pgs=48 cs=0 l=1 rev1=1 crypto rx=0x7f1144006ba0 tx=0x7f1144011b50 comp rx=0 tx=0).stop
2024-04-25T02:21:39.762 INFO:teuthology.orchestra.run.smithi057.stdout:/usr/bin/ceph: stderr
2024-04-25T02:21:39.185+0000 7f11593ee700 1 -- 172.21.15.57:0/2222379397 shutdown_connections
2024-04-25T02:21:39.762 INFO:teuthology.orchestra.run.smithi057.stdout:/usr/bin/ceph: stderr
2024-04-25T02:21:39.185+0000 7f11593ee700 1 --2- 172.21.15.57:0/2222379397 >> [v2:172.21.15.57:6800/3854116575,v1:172.21.15.57:6801/3854116575] conn(0x7f113c0383f0 0x7f113c03a8a0 unknown :-1 s=CLOSED pgs=13 cs=0 l=1 rev1=1 crypto rx=0 tx=0 comp rx=0 tx=0).stop
2024-04-25T02:21:39.762 INFO:teuthology.orchestra.run.smithi057.stdout:/usr/bin/ceph: stderr
2024-04-25T02:21:39.185+0000 7f11593ee700 1 --2- 172.21.15.57:0/2222379397 >> [v2:172.21.15.57:3300/0,v1:172.21.15.57:6789/0] conn(0x7f1154106010 0x7f115418fc40 unknown :-1 s=CLOSED pgs=48 cs=0 l=1 rev1=1 crypto rx=0 tx=0 comp rx=0 tx=0).stop
2024-04-25T02:21:39.762 INFO:teuthology.orchestra.run.smithi057.stdout:/usr/bin/ceph: stderr
2024-04-25T02:21:39.185+0000 7f11593ee700 1 -- 172.21.15.57:0/2222379397 >> 172.21.15.57:0/2222379397 conn(0x7f11540ff7e0 msgr2=0x7f1154104560 unknown :-1 s=STATE_NONE l=0).mark_down
2024-04-25T02:21:39.762 INFO:teuthology.orchestra.run.smithi057.stdout:/usr/bin/ceph: stderr
2024-04-25T02:21:39.186+0000 7f11593ee700 1 -- 172.21.15.57:0/2222379397 shutdown_connections
2024-04-25T02:21:39.762 INFO:teuthology.orchestra.run.smithi057.stdout:/usr/bin/ceph: stderr
2024-04-25T02:21:39.186+0000 7f11593ee700 1 -- 172.21.15.57:0/2222379397 wait complete.
2024-04-25T02:21:39.762 INFO:teuthology.orchestra.run.smithi057.stdout:Deploying crash service with default placement...
2024-04-25T02:21:40.045 INFO:journalctl@ceph.mon.smithi057.smithi057.stdout:Apr 25 02:21:39 smithi057 ceph-mon[26687]: from='mgr.14118 172.21.15.57:0/2143458796' entity='mgr.smithi057.uiqxan'
2024-04-25T02:21:40.045 INFO:journalctl@ceph.mon.smithi057.smithi057.stdout:Apr 25 02:21:39 smithi057 ceph-mon[26687]: from='mgr.14118 172.21.15.57:0/2143458796' entity='mgr.smithi057.uiqxan'
2024-04-25T02:21:40.045 INFO:journalctl@ceph.mon.smithi057.smithi057.stdout:Apr 25 02:21:39 smithi057 ceph-mon[26687]: from='client.14142 -' entity='client.admin' cmd=[{"prefix": "orch apply", "service_type": "mgr", "target": ["mon-mgr", ""]}]: dispatch
2024-04-25T02:21:40.046 INFO:journalctl@ceph.mon.smithi057.smithi057.stdout:Apr 25 02:21:39 smithi057 ceph-mon[26687]: Saving service mgr spec with placement count:2
2024-04-25T02:21:40.046 INFO:journalctl@ceph.mon.smithi057.smithi057.stdout:Apr 25 02:21:39 smithi057 ceph-mon[26687]: from='mgr.14118 172.21.15.57:0/2143458796' entity='mgr.smithi057.uiqxan'
2024-04-25T02:21:41.318 INFO:teuthology.orchestra.run.smithi057.stdout:/usr/bin/ceph: stdout Scheduled crash update...
2024-04-25T02:21:41.318 INFO:teuthology.orchestra.run.smithi057.stdout:/usr/bin/ceph: stderr
2024-04-25T02:21:40.146+0000 7fa7f4cc1700 1 Processor -- start
2024-04-25T02:21:41.318 INFO:teuthology.orchestra.run.smithi057.stdout:/usr/bin/ceph: stderr
2024-04-25T02:21:40.146+0000 7fa7f4cc1700 1 -- start start
2024-04-25T02:21:41.318 INFO:teuthology.orchestra.run.smithi057.stdout:/usr/bin/ceph: stderr
2024-04-25T02:21:40.146+0000 7fa7f4cc1700 1 --2- >> [v2:172.21.15.57:3300/0,v1:172.21.15.57:6789/0] conn(0x7fa7f007bdf0 0x7fa7f007a2f0 unknown :-1 s=NONE pgs=0 cs=0 l=0 rev1=0 crypto rx=0 tx=0 comp rx=0 tx=0).connect
2024-04-25T02:21:41.318 INFO:teuthology.orchestra.run.smithi057.stdout:/usr/bin/ceph: stderr
2024-04-25T02:21:40.146+0000 7fa7f4cc1700 1 -- --> [v2:172.21.15.57:3300/0,v1:172.21.15.57:6789/0] -- mon_getmap magic: 0 v1 -- 0x7fa7f007a830 con 0x7fa7f007bdf0
2024-04-25T02:21:41.318 INFO:teuthology.orchestra.run.smithi057.stdout:/usr/bin/ceph: stderr
2024-04-25T02:21:40.146+0000 7fa7ee59c700 1 --2- >> [v2:172.21.15.57:3300/0,v1:172.21.15.57:6789/0] conn(0x7fa7f007bdf0 0x7fa7f007a2f0 unknown :-1 s=BANNER_CONNECTING pgs=0 cs=0 l=0 rev1=0 crypto rx=0 tx=0 comp rx=0 tx=0)._handle_peer_banner_payload supported=3 required=0
2024-04-25T02:21:41.318 INFO:teuthology.orchestra.run.smithi057.stdout:/usr/bin/ceph: stderr
2024-04-25T02:21:40.146+0000 7fa7ee59c700 1 --2- >> [v2:172.21.15.57:3300/0,v1:172.21.15.57:6789/0] conn(0x7fa7f007bdf0 0x7fa7f007a2f0 unknown :-1 s=HELLO_CONNECTING pgs=0 cs=0 l=0 rev1=1 crypto rx=0 tx=0 comp rx=0 tx=0).handle_hello peer v2:172.21.15.57:3300/0 says I am v2:172.21.15.57:58140/0 (socket says 172.21.15.57:58140)
2024-04-25T02:21:41.318 INFO:teuthology.orchestra.run.smithi057.stdout:/usr/bin/ceph: stderr
2024-04-25T02:21:40.146+0000 7fa7ee59c700 1 -- 172.21.15.57:0/1253351198 learned_addr learned my addr 172.21.15.57:0/1253351198 (peer_addr_for_me v2:172.21.15.57:0/0)
2024-04-25T02:21:41.318 INFO:teuthology.orchestra.run.smithi057.stdout:/usr/bin/ceph: stderr
2024-04-25T02:21:40.146+0000 7fa7ee59c700 1 -- 172.21.15.57:0/1253351198 --> [v2:172.21.15.57:3300/0,v1:172.21.15.57:6789/0] -- mon_subscribe({config=0+,monmap=0+}) v3 -- 0x7fa7f007a970 con 0x7fa7f007bdf0
2024-04-25T02:21:41.318 INFO:teuthology.orchestra.run.smithi057.stdout:/usr/bin/ceph: stderr
2024-04-25T02:21:40.147+0000 7fa7ee59c700 1 --2- 172.21.15.57:0/1253351198 >> [v2:172.21.15.57:3300/0,v1:172.21.15.57:6789/0] conn(0x7fa7f007bdf0 0x7fa7f007a2f0 secure :-1 s=READY pgs=49 cs=0 l=1 rev1=1 crypto rx=0x7fa7e00098a0 tx=0x7fa7e0009bb0 comp rx=0 tx=0).ready entity=mon.0 client_cookie=79942d4d780585db server_cookie=0 in_seq=0 out_seq=0
2024-04-25T02:21:41.318 INFO:teuthology.orchestra.run.smithi057.stdout:/usr/bin/ceph: stderr
2024-04-25T02:21:40.147+0000 7fa7ed59a700 1 -- 172.21.15.57:0/1253351198 <== mon.0 v2:172.21.15.57:3300/0 1 ==== mon_map magic: 0 v1 ==== 229+0+0 (secure 0 0 0) 0x7fa7e0004180 con 0x7fa7f007bdf0
2024-04-25T02:21:41.319 INFO:teuthology.orchestra.run.smithi057.stdout:/usr/bin/ceph: stderr
2024-04-25T02:21:40.147+0000 7fa7ed59a700 1 -- 172.21.15.57:0/1253351198 <== mon.0 v2:172.21.15.57:3300/0 2 ==== config(27 keys) v1 ==== 1101+0+0 (secure 0 0 0) 0x7fa7e00042e0 con 0x7fa7f007bdf0
2024-04-25T02:21:41.319 INFO:teuthology.orchestra.run.smithi057.stdout:/usr/bin/ceph: stderr
2024-04-25T02:21:40.147+0000 7fa7ed59a700 1 -- 172.21.15.57:0/1253351198 <== mon.0 v2:172.21.15.57:3300/0 3 ==== mon_map magic: 0 v1 ==== 229+0+0 (secure 0 0 0) 0x7fa7e0011af0 con 0x7fa7f007bdf0
2024-04-25T02:21:41.319 INFO:teuthology.orchestra.run.smithi057.stdout:/usr/bin/ceph: stderr
2024-04-25T02:21:40.147+0000 7fa7f4cc1700 1 -- 172.21.15.57:0/1253351198 >> [v2:172.21.15.57:3300/0,v1:172.21.15.57:6789/0] conn(0x7fa7f007bdf0 msgr2=0x7fa7f007a2f0 secure :-1 s=STATE_CONNECTION_ESTABLISHED l=1).mark_down
2024-04-25T02:21:41.319 INFO:teuthology.orchestra.run.smithi057.stdout:/usr/bin/ceph: stderr
2024-04-25T02:21:40.147+0000 7fa7f4cc1700 1 --2- 172.21.15.57:0/1253351198 >> [v2:172.21.15.57:3300/0,v1:172.21.15.57:6789/0] conn(0x7fa7f007bdf0 0x7fa7f007a2f0 secure :-1 s=READY pgs=49 cs=0 l=1 rev1=1 crypto rx=0x7fa7e00098a0 tx=0x7fa7e0009bb0 comp rx=0 tx=0).stop
2024-04-25T02:21:41.319 INFO:teuthology.orchestra.run.smithi057.stdout:/usr/bin/ceph: stderr
2024-04-25T02:21:40.147+0000 7fa7f4cc1700 1 -- 172.21.15.57:0/1253351198 shutdown_connections
2024-04-25T02:21:41.319 INFO:teuthology.orchestra.run.smithi057.stdout:/usr/bin/ceph: stderr
2024-04-25T02:21:40.147+0000 7fa7f4cc1700 1 --2- 172.21.15.57:0/1253351198 >> [v2:172.21.15.57:3300/0,v1:172.21.15.57:6789/0] conn(0x7fa7f007bdf0 0x7fa7f007a2f0 unknown :-1 s=CLOSED pgs=49 cs=0 l=1 rev1=1 crypto rx=0 tx=0 comp rx=0 tx=0).stop
2024-04-25T02:21:41.319 INFO:teuthology.orchestra.run.smithi057.stdout:/usr/bin/ceph: stderr
2024-04-25T02:21:40.147+0000 7fa7f4cc1700 1 -- 172.21.15.57:0/1253351198 >> 172.21.15.57:0/1253351198 conn(0x7fa7f0101180 msgr2=0x7fa7f0103590 unknown :-1 s=STATE_NONE l=0).mark_down
2024-04-25T02:21:41.319 INFO:teuthology.orchestra.run.smithi057.stdout:/usr/bin/ceph: stderr
2024-04-25T02:21:40.147+0000 7fa7f4cc1700 1 -- 172.21.15.57:0/1253351198 shutdown_connections
2024-04-25T02:21:41.319 INFO:teuthology.orchestra.run.smithi057.stdout:/usr/bin/ceph: stderr
2024-04-25T02:21:40.148+0000 7fa7f4cc1700 1 -- 172.21.15.57:0/1253351198 wait complete.
2024-04-25T02:21:41.319 INFO:teuthology.orchestra.run.smithi057.stdout:/usr/bin/ceph: stderr
2024-04-25T02:21:40.148+0000 7fa7f4cc1700 1 Processor -- start
2024-04-25T02:21:41.319 INFO:teuthology.orchestra.run.smithi057.stdout:/usr/bin/ceph: stderr
2024-04-25T02:21:40.148+0000 7fa7f4cc1700 1 -- start start
2024-04-25T02:21:41.319 INFO:teuthology.orchestra.run.smithi057.stdout:/usr/bin/ceph: stderr
2024-04-25T02:21:40.148+0000 7fa7f4cc1700 1 --2- >> [v2:172.21.15.57:3300/0,v1:172.21.15.57:6789/0] conn(0x7fa7f007bdf0 0x7fa7f019baf0 unknown :-1 s=NONE pgs=0 cs=0 l=1 rev1=0 crypto rx=0 tx=0 comp rx=0 tx=0).connect
2024-04-25T02:21:41.319 INFO:teuthology.orchestra.run.smithi057.stdout:/usr/bin/ceph: stderr
2024-04-25T02:21:40.148+0000 7fa7f4cc1700 1 -- --> [v2:172.21.15.57:3300/0,v1:172.21.15.57:6789/0] -- mon_getmap magic: 0 v1 -- 0x7fa7f019c030 con 0x7fa7f007bdf0
2024-04-25T02:21:41.319 INFO:teuthology.orchestra.run.smithi057.stdout:/usr/bin/ceph: stderr
2024-04-25T02:21:40.149+0000 7fa7ee59c700 1 --2- >> [v2:172.21.15.57:3300/0,v1:172.21.15.57:6789/0] conn(0x7fa7f007bdf0 0x7fa7f019baf0 unknown :-1 s=BANNER_CONNECTING pgs=0 cs=0 l=1 rev1=0 crypto rx=0 tx=0 comp rx=0 tx=0)._handle_peer_banner_payload supported=3 required=0
2024-04-25T02:21:41.319 INFO:teuthology.orchestra.run.smithi057.stdout:/usr/bin/ceph: stderr
2024-04-25T02:21:40.149+0000 7fa7ee59c700 1 --2- >> [v2:172.21.15.57:3300/0,v1:172.21.15.57:6789/0] conn(0x7fa7f007bdf0 0x7fa7f019baf0 unknown :-1 s=HELLO_CONNECTING pgs=0 cs=0 l=1 rev1=1 crypto rx=0 tx=0 comp rx=0 tx=0).handle_hello peer v2:172.21.15.57:3300/0 says I am v2:172.21.15.57:58142/0 (socket says 172.21.15.57:58142)
2024-04-25T02:21:41.320 INFO:teuthology.orchestra.run.smithi057.stdout:/usr/bin/ceph: stderr
2024-04-25T02:21:40.149+0000 7fa7ee59c700 1 -- 172.21.15.57:0/2694424022 learned_addr learned my addr 172.21.15.57:0/2694424022 (peer_addr_for_me v2:172.21.15.57:0/0)
2024-04-25T02:21:41.320 INFO:teuthology.orchestra.run.smithi057.stdout:/usr/bin/ceph: stderr
2024-04-25T02:21:40.149+0000 7fa7ee59c700 1 -- 172.21.15.57:0/2694424022 --> [v2:172.21.15.57:3300/0,v1:172.21.15.57:6789/0] -- mon_subscribe({config=0+,monmap=0+}) v3 -- 0x7fa7e0009550 con 0x7fa7f007bdf0
2024-04-25T02:21:41.320 INFO:teuthology.orchestra.run.smithi057.stdout:/usr/bin/ceph: stderr
2024-04-25T02:21:40.149+0000 7fa7ee59c700 1 --2- 172.21.15.57:0/2694424022 >> [v2:172.21.15.57:3300/0,v1:172.21.15.57:6789/0] conn(0x7fa7f007bdf0 0x7fa7f019baf0 secure :-1 s=READY pgs=50 cs=0 l=1 rev1=1 crypto rx=0x7fa7e0000c00 tx=0x7fa7e0011b50 comp rx=0 tx=0).ready entity=mon.0 client_cookie=0 server_cookie=0 in_seq=0 out_seq=0
2024-04-25T02:21:41.320 INFO:teuthology.orchestra.run.smithi057.stdout:/usr/bin/ceph: stderr
2024-04-25T02:21:40.149+0000 7fa7df7fe700 1 -- 172.21.15.57:0/2694424022 <== mon.0 v2:172.21.15.57:3300/0 1 ==== mon_map magic: 0 v1 ==== 229+0+0 (secure 0 0 0) 0x7fa7e0003a70 con 0x7fa7f007bdf0
2024-04-25T02:21:41.320 INFO:teuthology.orchestra.run.smithi057.stdout:/usr/bin/ceph: stderr
2024-04-25T02:21:40.149+0000 7fa7df7fe700 1 -- 172.21.15.57:0/2694424022 <== mon.0 v2:172.21.15.57:3300/0 2 ==== config(27 keys) v1 ==== 1101+0+0 (secure 0 0 0) 0x7fa7e0003bd0 con 0x7fa7f007bdf0
2024-04-25T02:21:41.320 INFO:teuthology.orchestra.run.smithi057.stdout:/usr/bin/ceph: stderr
2024-04-25T02:21:40.149+0000 7fa7df7fe700 1 -- 172.21.15.57:0/2694424022 <== mon.0 v2:172.21.15.57:3300/0 3 ==== mon_map magic: 0 v1 ==== 229+0+0 (secure 0 0 0) 0x7fa7e0023700 con 0x7fa7f007bdf0
2024-04-25T02:21:41.320 INFO:teuthology.orchestra.run.smithi057.stdout:/usr/bin/ceph: stderr
2024-04-25T02:21:40.149+0000 7fa7f4cc1700 1 -- 172.21.15.57:0/2694424022 --> [v2:172.21.15.57:3300/0,v1:172.21.15.57:6789/0] -- mon_subscribe({mgrmap=0+}) v3 -- 0x7fa7f019c230 con 0x7fa7f007bdf0
2024-04-25T02:21:41.320 INFO:teuthology.orchestra.run.smithi057.stdout:/usr/bin/ceph: stderr
2024-04-25T02:21:40.149+0000 7fa7f4cc1700 1 -- 172.21.15.57:0/2694424022 --> [v2:172.21.15.57:3300/0,v1:172.21.15.57:6789/0] -- mon_subscribe({osdmap=0}) v3 -- 0x7fa7f019c650 con 0x7fa7f007bdf0
2024-04-25T02:21:41.320 INFO:teuthology.orchestra.run.smithi057.stdout:/usr/bin/ceph: stderr
2024-04-25T02:21:40.150+0000 7fa7df7fe700 1 -- 172.21.15.57:0/2694424022 <== mon.0 v2:172.21.15.57:3300/0 4 ==== mgrmap(e 8) v1 ==== 45084+0+0 (secure 0 0 0) 0x7fa7e001ab70 con 0x7fa7f007bdf0
2024-04-25T02:21:41.320 INFO:teuthology.orchestra.run.smithi057.stdout:/usr/bin/ceph: stderr
2024-04-25T02:21:40.150+0000 7fa7f4cc1700 1 -- 172.21.15.57:0/2694424022 --> [v2:172.21.15.57:3300/0,v1:172.21.15.57:6789/0] -- mon_command({"prefix": "get_command_descriptions"} v 0) v1 -- 0x7fa7f010be40 con 0x7fa7f007bdf0
2024-04-25T02:21:41.320 INFO:teuthology.orchestra.run.smithi057.stdout:/usr/bin/ceph: stderr
2024-04-25T02:21:40.150+0000 7fa7df7fe700 1 --2- 172.21.15.57:0/2694424022 >> [v2:172.21.15.57:6800/3854116575,v1:172.21.15.57:6801/3854116575] conn(0x7fa7d80383f0 0x7fa7d803a8a0 unknown :-1 s=NONE pgs=0 cs=0 l=1 rev1=0 crypto rx=0 tx=0 comp rx=0 tx=0).connect
2024-04-25T02:21:41.320 INFO:teuthology.orchestra.run.smithi057.stdout:/usr/bin/ceph: stderr
2024-04-25T02:21:40.150+0000 7fa7df7fe700 1 -- 172.21.15.57:0/2694424022 <== mon.0 v2:172.21.15.57:3300/0 5 ==== osd_map(2..2 src has 1..2) v4 ==== 940+0+0 (secure 0 0 0) 0x7fa7e004c0d0 con 0x7fa7f007bdf0
2024-04-25T02:21:41.320 INFO:teuthology.orchestra.run.smithi057.stdout:/usr/bin/ceph: stderr
2024-04-25T02:21:40.150+0000 7fa7edd9b700 1 --2- 172.21.15.57:0/2694424022 >> [v2:172.21.15.57:6800/3854116575,v1:172.21.15.57:6801/3854116575] conn(0x7fa7d80383f0 0x7fa7d803a8a0 unknown :-1 s=BANNER_CONNECTING pgs=0 cs=0 l=1 rev1=0 crypto rx=0 tx=0 comp rx=0 tx=0)._handle_peer_banner_payload supported=3 required=0
2024-04-25T02:21:41.320 INFO:teuthology.orchestra.run.smithi057.stdout:/usr/bin/ceph: stderr
2024-04-25T02:21:40.151+0000 7fa7edd9b700 1 --2- 172.21.15.57:0/2694424022 >> [v2:172.21.15.57:6800/3854116575,v1:172.21.15.57:6801/3854116575] conn(0x7fa7d80383f0 0x7fa7d803a8a0 secure :-1 s=READY pgs=14 cs=0 l=1 rev1=1 crypto rx=0x7fa7e4006fd0 tx=0x7fa7e4006e40 comp rx=0 tx=0).ready entity=mgr.14118 client_cookie=0 server_cookie=0 in_seq=0 out_seq=0
2024-04-25T02:21:41.320 INFO:teuthology.orchestra.run.smithi057.stdout:/usr/bin/ceph: stderr
2024-04-25T02:21:40.155+0000 7fa7df7fe700 1 -- 172.21.15.57:0/2694424022 <== mon.0 v2:172.21.15.57:3300/0 6 ==== mon_command_ack([{"prefix": "get_command_descriptions"}]=0 v0) v1 ==== 72+0+177933 (secure 0 0 0) 0x7fa7e001a430 con 0x7fa7f007bdf0
2024-04-25T02:21:41.321 INFO:teuthology.orchestra.run.smithi057.stdout:/usr/bin/ceph: stderr
2024-04-25T02:21:40.388+0000 7fa7f4cc1700 1 -- 172.21.15.57:0/2694424022 --> [v2:172.21.15.57:6800/3854116575,v1:172.21.15.57:6801/3854116575] -- mgr_command(tid 0: {"prefix": "orch apply", "service_type": "crash", "target": ["mon-mgr", ""]}) v1 -- 0x7fa7f019f4b0 con 0x7fa7d80383f0
2024-04-25T02:21:41.321 INFO:teuthology.orchestra.run.smithi057.stdout:/usr/bin/ceph: stderr
2024-04-25T02:21:40.393+0000 7fa7df7fe700 1 -- 172.21.15.57:0/2694424022 <== mgr.14118 v2:172.21.15.57:6800/3854116575 1 ==== mgr_command_reply(tid 0: 0 ) v1 ==== 8+0+26 (secure 0 0 0) 0x7fa7f019f4b0 con 0x7fa7d80383f0
2024-04-25T02:21:41.321 INFO:teuthology.orchestra.run.smithi057.stdout:/usr/bin/ceph: stderr
2024-04-25T02:21:40.395+0000 7fa7f4cc1700 1 -- 172.21.15.57:0/2694424022 >> [v2:172.21.15.57:6800/3854116575,v1:172.21.15.57:6801/3854116575] conn(0x7fa7d80383f0 msgr2=0x7fa7d803a8a0 secure :-1 s=STATE_CONNECTION_ESTABLISHED l=1).mark_down
2024-04-25T02:21:41.321 INFO:teuthology.orchestra.run.smithi057.stdout:/usr/bin/ceph: stderr
2024-04-25T02:21:40.395+0000 7fa7f4cc1700 1 --2- 172.21.15.57:0/2694424022 >> [v2:172.21.15.57:6800/3854116575,v1:172.21.15.57:6801/3854116575] conn(0x7fa7d80383f0 0x7fa7d803a8a0 secure :-1 s=READY pgs=14 cs=0 l=1 rev1=1 crypto rx=0x7fa7e4006fd0 tx=0x7fa7e4006e40 comp rx=0 tx=0).stop
