2024-04-25T02:21:17.128+0000 7f8d0cd21700 1 --2- >> [v2:172.21.15.57:3300/0,v1:172.21.15.57:6789/0] conn(0x7f8d08106680 0x7f8d08105fe0 unknown :-1 s=BANNER_CONNECTING pgs=0 cs=0 l=1 rev1=0 crypto rx=0 tx=0 comp rx=0 tx=0)._handle_peer_banner_payload supported=3 required=0
2024-04-25T02:21:17.788 INFO:teuthology.orchestra.run.smithi057.stdout:/usr/bin/ceph: stderr
2024-04-25T02:21:17.128+0000 7f8d0cd21700 1 --2- >> [v2:172.21.15.57:3300/0,v1:172.21.15.57:6789/0] conn(0x7f8d08106680 0x7f8d08105fe0 unknown :-1 s=HELLO_CONNECTING pgs=0 cs=0 l=1 rev1=1 crypto rx=0 tx=0 comp rx=0 tx=0).handle_hello peer v2:172.21.15.57:3300/0 says I am v2:172.21.15.57:45236/0 (socket says 172.21.15.57:45236)
2024-04-25T02:21:17.788 INFO:teuthology.orchestra.run.smithi057.stdout:/usr/bin/ceph: stderr
2024-04-25T02:21:17.128+0000 7f8d0cd21700 1 -- 172.21.15.57:0/3179068895 learned_addr learned my addr 172.21.15.57:0/3179068895 (peer_addr_for_me v2:172.21.15.57:0/0)
2024-04-25T02:21:17.788 INFO:teuthology.orchestra.run.smithi057.stdout:/usr/bin/ceph: stderr
2024-04-25T02:21:17.129+0000 7f8d0cd21700 1 -- 172.21.15.57:0/3179068895 --> [v2:172.21.15.57:3300/0,v1:172.21.15.57:6789/0] -- mon_subscribe({config=0+,monmap=0+}) v3 -- 0x7f8cfc009550 con 0x7f8d08106680
2024-04-25T02:21:17.788 INFO:teuthology.orchestra.run.smithi057.stdout:/usr/bin/ceph: stderr
2024-04-25T02:21:17.129+0000 7f8d0cd21700 1 --2- 172.21.15.57:0/3179068895 >> [v2:172.21.15.57:3300/0,v1:172.21.15.57:6789/0] conn(0x7f8d08106680 0x7f8d08105fe0 secure :-1 s=READY pgs=19 cs=0 l=1 rev1=1 crypto rx=0x7f8cfc006af0 tx=0x7f8cfc011a90 comp rx=0 tx=0).ready entity=mon.0 client_cookie=0 server_cookie=0 in_seq=0 out_seq=0
2024-04-25T02:21:17.789 INFO:teuthology.orchestra.run.smithi057.stdout:/usr/bin/ceph: stderr
2024-04-25T02:21:17.129+0000 7f8d05ffb700 1 -- 172.21.15.57:0/3179068895 <== mon.0 v2:172.21.15.57:3300/0 1 ==== mon_map magic: 0 v1 ==== 229+0+0 (secure 0 0 0) 0x7f8cfc003b90 con 0x7f8d08106680
2024-04-25T02:21:17.789 INFO:teuthology.orchestra.run.smithi057.stdout:/usr/bin/ceph: stderr
2024-04-25T02:21:17.129+0000 7f8d05ffb700 1 -- 172.21.15.57:0/3179068895 <== mon.0 v2:172.21.15.57:3300/0 2 ==== config(27 keys) v1 ==== 1037+0+0 (secure 0 0 0) 0x7f8cfc01a8a0 con 0x7f8d08106680
2024-04-25T02:21:17.789 INFO:teuthology.orchestra.run.smithi057.stdout:/usr/bin/ceph: stderr
2024-04-25T02:21:17.129+0000 7f8d0ef85700 1 -- 172.21.15.57:0/3179068895 --> [v2:172.21.15.57:3300/0,v1:172.21.15.57:6789/0] -- mon_subscribe({mgrmap=0+}) v3 -- 0x7f8d08104630 con 0x7f8d08106680
2024-04-25T02:21:17.789 INFO:teuthology.orchestra.run.smithi057.stdout:/usr/bin/ceph: stderr
2024-04-25T02:21:17.129+0000 7f8d05ffb700 1 -- 172.21.15.57:0/3179068895 <== mon.0 v2:172.21.15.57:3300/0 3 ==== mon_map magic: 0 v1 ==== 229+0+0 (secure 0 0 0) 0x7f8cfc019880 con 0x7f8d08106680
2024-04-25T02:21:17.789 INFO:teuthology.orchestra.run.smithi057.stdout:/usr/bin/ceph: stderr
2024-04-25T02:21:17.129+0000 7f8d0ef85700 1 -- 172.21.15.57:0/3179068895 --> [v2:172.21.15.57:3300/0,v1:172.21.15.57:6789/0] -- mon_subscribe({osdmap=0}) v3 -- 0x7f8d08104a50 con 0x7f8d08106680
2024-04-25T02:21:17.789 INFO:teuthology.orchestra.run.smithi057.stdout:/usr/bin/ceph: stderr
2024-04-25T02:21:17.130+0000 7f8d05ffb700 1 -- 172.21.15.57:0/3179068895 <== mon.0 v2:172.21.15.57:3300/0 4 ==== mgrmap(e 4) v1 ==== 45073+0+0 (secure 0 0 0) 0x7f8cfc01aa10 con 0x7f8d08106680
2024-04-25T02:21:17.789 INFO:teuthology.orchestra.run.smithi057.stdout:/usr/bin/ceph: stderr
2024-04-25T02:21:17.130+0000 7f8d05ffb700 1 --2- 172.21.15.57:0/3179068895 >> [v2:172.21.15.57:6800/3085879719,v1:172.21.15.57:6801/3085879719] conn(0x7f8cf80383b0 0x7f8cf803a860 unknown :-1 s=NONE pgs=0 cs=0 l=1 rev1=0 crypto rx=0 tx=0 comp rx=0 tx=0).connect
2024-04-25T02:21:17.789 INFO:teuthology.orchestra.run.smithi057.stdout:/usr/bin/ceph: stderr
2024-04-25T02:21:17.130+0000 7f8d05ffb700 1 -- 172.21.15.57:0/3179068895 <== mon.0 v2:172.21.15.57:3300/0 5 ==== osd_map(1..1 src has 1..1) v4 ==== 725+0+0 (secure 0 0 0) 0x7f8cfc04c690 con 0x7f8d08106680
2024-04-25T02:21:17.789 INFO:teuthology.orchestra.run.smithi057.stdout:/usr/bin/ceph: stderr
2024-04-25T02:21:17.130+0000 7f8d0ef85700 1 -- 172.21.15.57:0/3179068895 --> [v2:172.21.15.57:3300/0,v1:172.21.15.57:6789/0] -- mon_command({"prefix": "get_command_descriptions"} v 0) v1 -- 0x7f8d08109b90 con 0x7f8d08106680
2024-04-25T02:21:17.789 INFO:teuthology.orchestra.run.smithi057.stdout:/usr/bin/ceph: stderr
2024-04-25T02:21:17.130+0000 7f8d07fff700 1 --2- 172.21.15.57:0/3179068895 >> [v2:172.21.15.57:6800/3085879719,v1:172.21.15.57:6801/3085879719] conn(0x7f8cf80383b0 0x7f8cf803a860 unknown :-1 s=BANNER_CONNECTING pgs=0 cs=0 l=1 rev1=0 crypto rx=0 tx=0 comp rx=0 tx=0)._handle_peer_banner_payload supported=3 required=0
2024-04-25T02:21:17.789 INFO:teuthology.orchestra.run.smithi057.stdout:/usr/bin/ceph: stderr
2024-04-25T02:21:17.131+0000 7f8d07fff700 1 --2- 172.21.15.57:0/3179068895 >> [v2:172.21.15.57:6800/3085879719,v1:172.21.15.57:6801/3085879719] conn(0x7f8cf80383b0 0x7f8cf803a860 secure :-1 s=READY pgs=7 cs=0 l=1 rev1=1 crypto rx=0x7f8cf4006fd0 tx=0x7f8cf4006e40 comp rx=0 tx=0).ready entity=mgr.14100 client_cookie=0 server_cookie=0 in_seq=0 out_seq=0
2024-04-25T02:21:17.789 INFO:teuthology.orchestra.run.smithi057.stdout:/usr/bin/ceph: stderr
2024-04-25T02:21:17.135+0000 7f8d05ffb700 1 -- 172.21.15.57:0/3179068895 <== mon.0 v2:172.21.15.57:3300/0 6 ==== mon_command_ack([{"prefix": "get_command_descriptions"}]=0 v0) v1 ==== 72+0+177933 (secure 0 0 0) 0x7f8cfc018530 con 0x7f8d08106680
2024-04-25T02:21:17.789 INFO:teuthology.orchestra.run.smithi057.stdout:/usr/bin/ceph: stderr
2024-04-25T02:21:17.337+0000 7f8d0ef85700 1 -- 172.21.15.57:0/3179068895 --> [v2:172.21.15.57:3300/0,v1:172.21.15.57:6789/0] -- mon_command({"prefix": "config assimilate-conf"} v 0) v1 -- 0x7f8d081a0a20 con 0x7f8d08106680
2024-04-25T02:21:17.789 INFO:teuthology.orchestra.run.smithi057.stdout:/usr/bin/ceph: stderr
2024-04-25T02:21:17.338+0000 7f8d05ffb700 1 -- 172.21.15.57:0/3179068895 <== mon.0 v2:172.21.15.57:3300/0 7 ==== mon_command_ack([{"prefix": "config assimilate-conf"}]=0 v3) v1 ==== 70+0+373 (secure 0 0 0) 0x7f8cfc018350 con 0x7f8d08106680
2024-04-25T02:21:17.789 INFO:teuthology.orchestra.run.smithi057.stdout:/usr/bin/ceph: stderr
2024-04-25T02:21:17.340+0000 7f8d0ef85700 1 -- 172.21.15.57:0/3179068895 >> [v2:172.21.15.57:6800/3085879719,v1:172.21.15.57:6801/3085879719] conn(0x7f8cf80383b0 msgr2=0x7f8cf803a860 secure :-1 s=STATE_CONNECTION_ESTABLISHED l=1).mark_down
2024-04-25T02:21:17.790 INFO:teuthology.orchestra.run.smithi057.stdout:/usr/bin/ceph: stderr
2024-04-25T02:21:17.340+0000 7f8d0ef85700 1 --2- 172.21.15.57:0/3179068895 >> [v2:172.21.15.57:6800/3085879719,v1:172.21.15.57:6801/3085879719] conn(0x7f8cf80383b0 0x7f8cf803a860 secure :-1 s=READY pgs=7 cs=0 l=1 rev1=1 crypto rx=0x7f8cf4006fd0 tx=0x7f8cf4006e40 comp rx=0 tx=0).stop
2024-04-25T02:21:17.790 INFO:teuthology.orchestra.run.smithi057.stdout:/usr/bin/ceph: stderr
2024-04-25T02:21:17.340+0000 7f8d0ef85700 1 -- 172.21.15.57:0/3179068895 >> [v2:172.21.15.57:3300/0,v1:172.21.15.57:6789/0] conn(0x7f8d08106680 msgr2=0x7f8d08105fe0 secure :-1 s=STATE_CONNECTION_ESTABLISHED l=1).mark_down
2024-04-25T02:21:17.790 INFO:teuthology.orchestra.run.smithi057.stdout:/usr/bin/ceph: stderr
2024-04-25T02:21:17.340+0000 7f8d0ef85700 1 --2- 172.21.15.57:0/3179068895 >> [v2:172.21.15.57:3300/0,v1:172.21.15.57:6789/0] conn(0x7f8d08106680 0x7f8d08105fe0 secure :-1 s=READY pgs=19 cs=0 l=1 rev1=1 crypto rx=0x7f8cfc006af0 tx=0x7f8cfc011a90 comp rx=0 tx=0).stop
2024-04-25T02:21:17.790 INFO:teuthology.orchestra.run.smithi057.stdout:/usr/bin/ceph: stderr
2024-04-25T02:21:17.340+0000 7f8d0ef85700 1 -- 172.21.15.57:0/3179068895 shutdown_connections
2024-04-25T02:21:17.790 INFO:teuthology.orchestra.run.smithi057.stdout:/usr/bin/ceph: stderr
2024-04-25T02:21:17.340+0000 7f8d0ef85700 1 --2- 172.21.15.57:0/3179068895 >> [v2:172.21.15.57:6800/3085879719,v1:172.21.15.57:6801/3085879719] conn(0x7f8cf80383b0 0x7f8cf803a860 unknown :-1 s=CLOSED pgs=7 cs=0 l=1 rev1=1 crypto rx=0 tx=0 comp rx=0 tx=0).stop
2024-04-25T02:21:17.790 INFO:teuthology.orchestra.run.smithi057.stdout:/usr/bin/ceph: stderr
2024-04-25T02:21:17.340+0000 7f8d0ef85700 1 --2- 172.21.15.57:0/3179068895 >> [v2:172.21.15.57:3300/0,v1:172.21.15.57:6789/0] conn(0x7f8d08106680 0x7f8d08105fe0 unknown :-1 s=CLOSED pgs=19 cs=0 l=1 rev1=1 crypto rx=0 tx=0 comp rx=0 tx=0).stop
2024-04-25T02:21:17.790 INFO:teuthology.orchestra.run.smithi057.stdout:/usr/bin/ceph: stderr
2024-04-25T02:21:17.340+0000 7f8d0ef85700 1 -- 172.21.15.57:0/3179068895 >> 172.21.15.57:0/3179068895 conn(0x7f8d08100060 msgr2=0x7f8d08101740 unknown :-1 s=STATE_NONE l=0).mark_down
2024-04-25T02:21:17.790 INFO:teuthology.orchestra.run.smithi057.stdout:/usr/bin/ceph: stderr
2024-04-25T02:21:17.340+0000 7f8d0ef85700 1 -- 172.21.15.57:0/3179068895 shutdown_connections
2024-04-25T02:21:17.790 INFO:teuthology.orchestra.run.smithi057.stdout:/usr/bin/ceph: stderr
2024-04-25T02:21:17.340+0000 7f8d0ef85700 1 -- 172.21.15.57:0/3179068895 wait complete.
2024-04-25T02:21:17.790 INFO:teuthology.orchestra.run.smithi057.stdout:Enabling cephadm module...
2024-04-25T02:21:18.399 INFO:journalctl@ceph.mon.smithi057.smithi057.stdout:Apr 25 02:21:18 smithi057 ceph-mon[26687]: from='client.? 172.21.15.57:0/3179068895' entity='client.admin' cmd=[{"prefix": "config assimilate-conf"}]: dispatch
2024-04-25T02:21:19.564 INFO:journalctl@ceph.mon.smithi057.smithi057.stdout:Apr 25 02:21:19 smithi057 ceph-mon[26687]: from='client.? 172.21.15.57:0/3833047482' entity='client.admin' cmd=[{"prefix": "mgr module enable", "module": "cephadm"}]: dispatch
2024-04-25T02:21:19.840 INFO:teuthology.orchestra.run.smithi057.stdout:/usr/bin/ceph: stderr
2024-04-25T02:21:18.212+0000 7f7a8e381700 1 Processor -- start
2024-04-25T02:21:19.840 INFO:teuthology.orchestra.run.smithi057.stdout:/usr/bin/ceph: stderr
2024-04-25T02:21:18.212+0000 7f7a8e381700 1 -- start start
2024-04-25T02:21:19.840 INFO:teuthology.orchestra.run.smithi057.stdout:/usr/bin/ceph: stderr
2024-04-25T02:21:18.212+0000 7f7a8e381700 1 --2- >> [v2:172.21.15.57:3300/0,v1:172.21.15.57:6789/0] conn(0x7f7a88105b10 0x7f7a88105f20 unknown :-1 s=NONE pgs=0 cs=0 l=0 rev1=0 crypto rx=0 tx=0 comp rx=0 tx=0).connect
2024-04-25T02:21:19.840 INFO:teuthology.orchestra.run.smithi057.stdout:/usr/bin/ceph: stderr
2024-04-25T02:21:18.212+0000 7f7a8e381700 1 -- --> [v2:172.21.15.57:3300/0,v1:172.21.15.57:6789/0] -- mon_getmap magic: 0 v1 -- 0x7f7a88106460 con 0x7f7a88105b10
2024-04-25T02:21:19.840 INFO:teuthology.orchestra.run.smithi057.stdout:/usr/bin/ceph: stderr
2024-04-25T02:21:18.212+0000 7f7a87fff700 1 --2- >> [v2:172.21.15.57:3300/0,v1:172.21.15.57:6789/0] conn(0x7f7a88105b10 0x7f7a88105f20 unknown :-1 s=BANNER_CONNECTING pgs=0 cs=0 l=0 rev1=0 crypto rx=0 tx=0 comp rx=0 tx=0)._handle_peer_banner_payload supported=3 required=0
2024-04-25T02:21:19.840 INFO:teuthology.orchestra.run.smithi057.stdout:/usr/bin/ceph: stderr
2024-04-25T02:21:18.212+0000 7f7a87fff700 1 --2- >> [v2:172.21.15.57:3300/0,v1:172.21.15.57:6789/0] conn(0x7f7a88105b10 0x7f7a88105f20 unknown :-1 s=HELLO_CONNECTING pgs=0 cs=0 l=0 rev1=1 crypto rx=0 tx=0 comp rx=0 tx=0).handle_hello peer v2:172.21.15.57:3300/0 says I am v2:172.21.15.57:45242/0 (socket says 172.21.15.57:45242)
2024-04-25T02:21:19.840 INFO:teuthology.orchestra.run.smithi057.stdout:/usr/bin/ceph: stderr
2024-04-25T02:21:18.212+0000 7f7a87fff700 1 -- 172.21.15.57:0/3727494006 learned_addr learned my addr 172.21.15.57:0/3727494006 (peer_addr_for_me v2:172.21.15.57:0/0)
2024-04-25T02:21:19.840 INFO:teuthology.orchestra.run.smithi057.stdout:/usr/bin/ceph: stderr
2024-04-25T02:21:18.212+0000 7f7a87fff700 1 -- 172.21.15.57:0/3727494006 --> [v2:172.21.15.57:3300/0,v1:172.21.15.57:6789/0] -- mon_subscribe({config=0+,monmap=0+}) v3 -- 0x7f7a881065a0 con 0x7f7a88105b10
2024-04-25T02:21:19.840 INFO:teuthology.orchestra.run.smithi057.stdout:/usr/bin/ceph: stderr
2024-04-25T02:21:18.212+0000 7f7a87fff700 1 --2- 172.21.15.57:0/3727494006 >> [v2:172.21.15.57:3300/0,v1:172.21.15.57:6789/0] conn(0x7f7a88105b10 0x7f7a88105f20 secure :-1 s=READY pgs=20 cs=0 l=1 rev1=1 crypto rx=0x7f7a780098a0 tx=0x7f7a78009bb0 comp rx=0 tx=0).ready entity=mon.0 client_cookie=80b8ae4bb695d74 server_cookie=0 in_seq=0 out_seq=0
2024-04-25T02:21:19.840 INFO:teuthology.orchestra.run.smithi057.stdout:/usr/bin/ceph: stderr
2024-04-25T02:21:18.213+0000 7f7a86ffd700 1 -- 172.21.15.57:0/3727494006 <== mon.0 v2:172.21.15.57:3300/0 1 ==== mon_map magic: 0 v1 ==== 229+0+0 (secure 0 0 0) 0x7f7a78004180 con 0x7f7a88105b10
2024-04-25T02:21:19.840 INFO:teuthology.orchestra.run.smithi057.stdout:/usr/bin/ceph: stderr
2024-04-25T02:21:18.213+0000 7f7a86ffd700 1 -- 172.21.15.57:0/3727494006 <== mon.0 v2:172.21.15.57:3300/0 2 ==== config(27 keys) v1 ==== 1037+0+0 (secure 0 0 0) 0x7f7a780042e0 con 0x7f7a88105b10
2024-04-25T02:21:19.840 INFO:teuthology.orchestra.run.smithi057.stdout:/usr/bin/ceph: stderr
2024-04-25T02:21:18.213+0000 7f7a86ffd700 1 -- 172.21.15.57:0/3727494006 <== mon.0 v2:172.21.15.57:3300/0 3 ==== mon_map magic: 0 v1 ==== 229+0+0 (secure 0 0 0) 0x7f7a78011a50 con 0x7f7a88105b10
2024-04-25T02:21:19.841 INFO:teuthology.orchestra.run.smithi057.stdout:/usr/bin/ceph: stderr
2024-04-25T02:21:18.213+0000 7f7a8e381700 1 -- 172.21.15.57:0/3727494006 >> [v2:172.21.15.57:3300/0,v1:172.21.15.57:6789/0] conn(0x7f7a88105b10 msgr2=0x7f7a88105f20 secure :-1 s=STATE_CONNECTION_ESTABLISHED l=1).mark_down
2024-04-25T02:21:19.841 INFO:teuthology.orchestra.run.smithi057.stdout:/usr/bin/ceph: stderr
2024-04-25T02:21:18.213+0000 7f7a8e381700 1 --2- 172.21.15.57:0/3727494006 >> [v2:172.21.15.57:3300/0,v1:172.21.15.57:6789/0] conn(0x7f7a88105b10 0x7f7a88105f20 secure :-1 s=READY pgs=20 cs=0 l=1 rev1=1 crypto rx=0x7f7a780098a0 tx=0x7f7a78009bb0 comp rx=0 tx=0).stop
2024-04-25T02:21:19.841 INFO:teuthology.orchestra.run.smithi057.stdout:/usr/bin/ceph: stderr
2024-04-25T02:21:18.213+0000 7f7a8e381700 1 -- 172.21.15.57:0/3727494006 shutdown_connections
2024-04-25T02:21:19.841 INFO:teuthology.orchestra.run.smithi057.stdout:/usr/bin/ceph: stderr
2024-04-25T02:21:18.213+0000 7f7a8e381700 1 --2- 172.21.15.57:0/3727494006 >> [v2:172.21.15.57:3300/0,v1:172.21.15.57:6789/0] conn(0x7f7a88105b10 0x7f7a88105f20 unknown :-1 s=CLOSED pgs=20 cs=0 l=1 rev1=1 crypto rx=0 tx=0 comp rx=0 tx=0).stop
2024-04-25T02:21:19.841 INFO:teuthology.orchestra.run.smithi057.stdout:/usr/bin/ceph: stderr
2024-04-25T02:21:18.213+0000 7f7a8e381700 1 -- 172.21.15.57:0/3727494006 >> 172.21.15.57:0/3727494006 conn(0x7f7a88101180 msgr2=0x7f7a88103590 unknown :-1 s=STATE_NONE l=0).mark_down
2024-04-25T02:21:19.841 INFO:teuthology.orchestra.run.smithi057.stdout:/usr/bin/ceph: stderr
2024-04-25T02:21:18.213+0000 7f7a8e381700 1 -- 172.21.15.57:0/3727494006 shutdown_connections
2024-04-25T02:21:19.841 INFO:teuthology.orchestra.run.smithi057.stdout:/usr/bin/ceph: stderr
2024-04-25T02:21:18.213+0000 7f7a8e381700 1 -- 172.21.15.57:0/3727494006 wait complete.
2024-04-25T02:21:19.841 INFO:teuthology.orchestra.run.smithi057.stdout:/usr/bin/ceph: stderr
2024-04-25T02:21:18.214+0000 7f7a8e381700 1 Processor -- start
2024-04-25T02:21:19.841 INFO:teuthology.orchestra.run.smithi057.stdout:/usr/bin/ceph: stderr
2024-04-25T02:21:18.214+0000 7f7a8e381700 1 -- start start
2024-04-25T02:21:19.841 INFO:teuthology.orchestra.run.smithi057.stdout:/usr/bin/ceph: stderr
2024-04-25T02:21:18.214+0000 7f7a8e381700 1 --2- >> [v2:172.21.15.57:3300/0,v1:172.21.15.57:6789/0] conn(0x7f7a88105b10 0x7f7a88199850 unknown :-1 s=NONE pgs=0 cs=0 l=1 rev1=0 crypto rx=0 tx=0 comp rx=0 tx=0).connect
2024-04-25T02:21:19.841 INFO:teuthology.orchestra.run.smithi057.stdout:/usr/bin/ceph: stderr
2024-04-25T02:21:18.214+0000 7f7a8e381700 1 -- --> [v2:172.21.15.57:3300/0,v1:172.21.15.57:6789/0] -- mon_getmap magic: 0 v1 -- 0x7f7a88199d90 con 0x7f7a88105b10
2024-04-25T02:21:19.841 INFO:teuthology.orchestra.run.smithi057.stdout:/usr/bin/ceph: stderr
2024-04-25T02:21:18.214+0000 7f7a87fff700 1 --2- >> [v2:172.21.15.57:3300/0,v1:172.21.15.57:6789/0] conn(0x7f7a88105b10 0x7f7a88199850 unknown :-1 s=BANNER_CONNECTING pgs=0 cs=0 l=1 rev1=0 crypto rx=0 tx=0 comp rx=0 tx=0)._handle_peer_banner_payload supported=3 required=0
2024-04-25T02:21:19.841 INFO:teuthology.orchestra.run.smithi057.stdout:/usr/bin/ceph: stderr
2024-04-25T02:21:18.214+0000 7f7a87fff700 1 --2- >> [v2:172.21.15.57:3300/0,v1:172.21.15.57:6789/0] conn(0x7f7a88105b10 0x7f7a88199850 unknown :-1 s=HELLO_CONNECTING pgs=0 cs=0 l=1 rev1=1 crypto rx=0 tx=0 comp rx=0 tx=0).handle_hello peer v2:172.21.15.57:3300/0 says I am v2:172.21.15.57:45248/0 (socket says 172.21.15.57:45248)
2024-04-25T02:21:19.841 INFO:teuthology.orchestra.run.smithi057.stdout:/usr/bin/ceph: stderr
2024-04-25T02:21:18.214+0000 7f7a87fff700 1 -- 172.21.15.57:0/3833047482 learned_addr learned my addr 172.21.15.57:0/3833047482 (peer_addr_for_me v2:172.21.15.57:0/0)
2024-04-25T02:21:19.841 INFO:teuthology.orchestra.run.smithi057.stdout:/usr/bin/ceph: stderr
2024-04-25T02:21:18.215+0000 7f7a87fff700 1 -- 172.21.15.57:0/3833047482 --> [v2:172.21.15.57:3300/0,v1:172.21.15.57:6789/0] -- mon_subscribe({config=0+,monmap=0+}) v3 -- 0x7f7a78009550 con 0x7f7a88105b10
2024-04-25T02:21:19.842 INFO:teuthology.orchestra.run.smithi057.stdout:/usr/bin/ceph: stderr
2024-04-25T02:21:18.215+0000 7f7a87fff700 1 --2- 172.21.15.57:0/3833047482 >> [v2:172.21.15.57:3300/0,v1:172.21.15.57:6789/0] conn(0x7f7a88105b10 0x7f7a88199850 secure :-1 s=READY pgs=21 cs=0 l=1 rev1=1 crypto rx=0x7f7a78000c00 tx=0x7f7a78011ab0 comp rx=0 tx=0).ready entity=mon.0 client_cookie=0 server_cookie=0 in_seq=0 out_seq=0
2024-04-25T02:21:19.842 INFO:teuthology.orchestra.run.smithi057.stdout:/usr/bin/ceph: stderr
2024-04-25T02:21:18.215+0000 7f7a857fa700 1 -- 172.21.15.57:0/3833047482 <== mon.0 v2:172.21.15.57:3300/0 1 ==== mon_map magic: 0 v1 ==== 229+0+0 (secure 0 0 0) 0x7f7a78003b90 con 0x7f7a88105b10
2024-04-25T02:21:19.842 INFO:teuthology.orchestra.run.smithi057.stdout:/usr/bin/ceph: stderr
2024-04-25T02:21:18.215+0000 7f7a857fa700 1 -- 172.21.15.57:0/3833047482 <== mon.0 v2:172.21.15.57:3300/0 2 ==== config(27 keys) v1 ==== 1037+0+0 (secure 0 0 0) 0x7f7a780248b0 con 0x7f7a88105b10
2024-04-25T02:21:19.842 INFO:teuthology.orchestra.run.smithi057.stdout:/usr/bin/ceph: stderr
2024-04-25T02:21:18.215+0000 7f7a8e381700 1 -- 172.21.15.57:0/3833047482 --> [v2:172.21.15.57:3300/0,v1:172.21.15.57:6789/0] -- mon_subscribe({mgrmap=0+}) v3 -- 0x7f7a88199f90 con 0x7f7a88105b10
2024-04-25T02:21:19.842 INFO:teuthology.orchestra.run.smithi057.stdout:/usr/bin/ceph: stderr
2024-04-25T02:21:18.215+0000 7f7a857fa700 1 -- 172.21.15.57:0/3833047482 <== mon.0 v2:172.21.15.57:3300/0 3 ==== mon_map magic: 0 v1 ==== 229+0+0 (secure 0 0 0) 0x7f7a7801a8e0 con 0x7f7a88105b10
2024-04-25T02:21:19.842 INFO:teuthology.orchestra.run.smithi057.stdout:/usr/bin/ceph: stderr
2024-04-25T02:21:18.215+0000 7f7a8e381700 1 -- 172.21.15.57:0/3833047482 --> [v2:172.21.15.57:3300/0,v1:172.21.15.57:6789/0] -- mon_subscribe({osdmap=0}) v3 -- 0x7f7a8819a3b0 con 0x7f7a88105b10
2024-04-25T02:21:19.842 INFO:teuthology.orchestra.run.smithi057.stdout:/usr/bin/ceph: stderr
2024-04-25T02:21:18.216+0000 7f7a857fa700 1 -- 172.21.15.57:0/3833047482 <== mon.0 v2:172.21.15.57:3300/0 4 ==== mgrmap(e 4) v1 ==== 45073+0+0 (secure 0 0 0) 0x7f7a7801ab50 con 0x7f7a88105b10
2024-04-25T02:21:19.842 INFO:teuthology.orchestra.run.smithi057.stdout:/usr/bin/ceph: stderr
2024-04-25T02:21:18.216+0000 7f7a8e381700 1 -- 172.21.15.57:0/3833047482 --> [v2:172.21.15.57:3300/0,v1:172.21.15.57:6789/0] -- mon_command({"prefix": "get_command_descriptions"} v 0) v1 -- 0x7f7a88062380 con 0x7f7a88105b10
2024-04-25T02:21:19.842 INFO:teuthology.orchestra.run.smithi057.stdout:/usr/bin/ceph: stderr
2024-04-25T02:21:18.216+0000 7f7a857fa700 1 --2- 172.21.15.57:0/3833047482 >> [v2:172.21.15.57:6800/3085879719,v1:172.21.15.57:6801/3085879719] conn(0x7f7a740383f0 0x7f7a7403a8a0 unknown :-1 s=NONE pgs=0 cs=0 l=1 rev1=0 crypto rx=0 tx=0 comp rx=0 tx=0).connect
2024-04-25T02:21:19.842 INFO:teuthology.orchestra.run.smithi057.stdout:/usr/bin/ceph: stderr
2024-04-25T02:21:18.216+0000 7f7a857fa700 1 -- 172.21.15.57:0/3833047482 <== mon.0 v2:172.21.15.57:3300/0 5 ==== osd_map(1..1 src has 1..1) v4 ==== 725+0+0 (secure 0 0 0) 0x7f7a7804c220 con 0x7f7a88105b10
2024-04-25T02:21:19.842 INFO:teuthology.orchestra.run.smithi057.stdout:/usr/bin/ceph: stderr
2024-04-25T02:21:18.216+0000 7f7a877fe700 1 --2- 172.21.15.57:0/3833047482 >> [v2:172.21.15.57:6800/3085879719,v1:172.21.15.57:6801/3085879719] conn(0x7f7a740383f0 0x7f7a7403a8a0 unknown :-1 s=BANNER_CONNECTING pgs=0 cs=0 l=1 rev1=0 crypto rx=0 tx=0 comp rx=0 tx=0)._handle_peer_banner_payload supported=3 required=0
2024-04-25T02:21:19.842 INFO:teuthology.orchestra.run.smithi057.stdout:/usr/bin/ceph: stderr
2024-04-25T02:21:18.217+0000 7f7a877fe700 1 --2- 172.21.15.57:0/3833047482 >> [v2:172.21.15.57:6800/3085879719,v1:172.21.15.57:6801/3085879719] conn(0x7f7a740383f0 0x7f7a7403a8a0 secure :-1 s=READY pgs=8 cs=0 l=1 rev1=1 crypto rx=0x7f7a70006fd0 tx=0x7f7a70006e40 comp rx=0 tx=0).ready entity=mgr.14100 client_cookie=0 server_cookie=0 in_seq=0 out_seq=0
2024-04-25T02:21:19.842 INFO:teuthology.orchestra.run.smithi057.stdout:/usr/bin/ceph: stderr
2024-04-25T02:21:18.221+0000 7f7a857fa700 1 -- 172.21.15.57:0/3833047482 <== mon.0 v2:172.21.15.57:3300/0 6 ==== mon_command_ack([{"prefix": "get_command_descriptions"}]=0 v0) v1 ==== 72+0+177933 (secure 0 0 0) 0x7f7a7801ae00 con 0x7f7a88105b10
2024-04-25T02:21:19.842 INFO:teuthology.orchestra.run.smithi057.stdout:/usr/bin/ceph: stderr
2024-04-25T02:21:18.483+0000 7f7a8e381700 1 -- 172.21.15.57:0/3833047482 --> [v2:172.21.15.57:3300/0,v1:172.21.15.57:6789/0] -- mon_command({"prefix": "mgr module enable", "module": "cephadm"} v 0) v1 -- 0x7f7a8819d550 con 0x7f7a88105b10
2024-04-25T02:21:19.842 INFO:teuthology.orchestra.run.smithi057.stdout:/usr/bin/ceph: stderr
2024-04-25T02:21:19.284+0000 7f7a857fa700 1 -- 172.21.15.57:0/3833047482 <== mon.0 v2:172.21.15.57:3300/0 7 ==== mgrmap(e 5) v1 ==== 45084+0+0 (secure 0 0 0) 0x7f7a78024a20 con 0x7f7a88105b10
2024-04-25T02:21:19.843 INFO:teuthology.orchestra.run.smithi057.stdout:/usr/bin/ceph: stderr
2024-04-25T02:21:19.285+0000 7f7a857fa700 1 -- 172.21.15.57:0/3833047482 <== mon.0 v2:172.21.15.57:3300/0 8 ==== mon_command_ack([{"prefix": "mgr module enable", "module": "cephadm"}]=0 v5) v1 ==== 86+0+0 (secure 0 0 0) 0x7f7a7804bf80 con 0x7f7a88105b10
2024-04-25T02:21:19.843 INFO:teuthology.orchestra.run.smithi057.stdout:/usr/bin/ceph: stderr
2024-04-25T02:21:19.289+0000 7f7a8e381700 1 -- 172.21.15.57:0/3833047482 >> [v2:172.21.15.57:6800/3085879719,v1:172.21.15.57:6801/3085879719] conn(0x7f7a740383f0 msgr2=0x7f7a7403a8a0 secure :-1 s=STATE_CONNECTION_ESTABLISHED l=1).mark_down
2024-04-25T02:21:19.843 INFO:teuthology.orchestra.run.smithi057.stdout:/usr/bin/ceph: stderr
2024-04-25T02:21:19.289+0000 7f7a8e381700 1 --2- 172.21.15.57:0/3833047482 >> [v2:172.21.15.57:6800/3085879719,v1:172.21.15.57:6801/3085879719] conn(0x7f7a740383f0 0x7f7a7403a8a0 secure :-1 s=READY pgs=8 cs=0 l=1 rev1=1 crypto rx=0x7f7a70006fd0 tx=0x7f7a70006e40 comp rx=0 tx=0).stop
2024-04-25T02:21:19.843 INFO:teuthology.orchestra.run.smithi057.stdout:/usr/bin/ceph: stderr
2024-04-25T02:21:19.289+0000 7f7a8e381700 1 -- 172.21.15.57:0/3833047482 >> [v2:172.21.15.57:3300/0,v1:172.21.15.57:6789/0] conn(0x7f7a88105b10 msgr2=0x7f7a88199850 secure :-1 s=STATE_CONNECTION_ESTABLISHED l=1).mark_down
2024-04-25T02:21:19.843 INFO:teuthology.orchestra.run.smithi057.stdout:/usr/bin/ceph: stderr
2024-04-25T02:21:19.289+0000 7f7a8e381700 1 --2- 172.21.15.57:0/3833047482 >> [v2:172.21.15.57:3300/0,v1:172.21.15.57:6789/0] conn(0x7f7a88105b10 0x7f7a88199850 secure :-1 s=READY pgs=21 cs=0 l=1 rev1=1 crypto rx=0x7f7a78000c00 tx=0x7f7a78011ab0 comp rx=0 tx=0).stop
2024-04-25T02:21:19.843 INFO:teuthology.orchestra.run.smithi057.stdout:/usr/bin/ceph: stderr
2024-04-25T02:21:19.289+0000 7f7a8e381700 1 -- 172.21.15.57:0/3833047482 shutdown_connections
2024-04-25T02:21:19.843 INFO:teuthology.orchestra.run.smithi057.stdout:/usr/bin/ceph: stderr
2024-04-25T02:21:19.289+0000 7f7a8e381700 1 --2- 172.21.15.57:0/3833047482 >> [v2:172.21.15.57:6800/3085879719,v1:172.21.15.57:6801/3085879719] conn(0x7f7a740383f0 0x7f7a7403a8a0 unknown :-1 s=CLOSED pgs=8 cs=0 l=1 rev1=1 crypto rx=0 tx=0 comp rx=0 tx=0).stop
2024-04-25T02:21:19.843 INFO:teuthology.orchestra.run.smithi057.stdout:/usr/bin/ceph: stderr
2024-04-25T02:21:19.289+0000 7f7a8e381700 1 --2- 172.21.15.57:0/3833047482 >> [v2:172.21.15.57:3300/0,v1:172.21.15.57:6789/0] conn(0x7f7a88105b10 0x7f7a88199850 unknown :-1 s=CLOSED pgs=21 cs=0 l=1 rev1=1 crypto rx=0 tx=0 comp rx=0 tx=0).stop
2024-04-25T02:21:19.843 INFO:teuthology.orchestra.run.smithi057.stdout:/usr/bin/ceph: stderr
2024-04-25T02:21:19.289+0000 7f7a8e381700 1 -- 172.21.15.57:0/3833047482 >> 172.21.15.57:0/3833047482 conn(0x7f7a88101180 msgr2=0x7f7a88101f10 unknown :-1 s=STATE_NONE l=0).mark_down
2024-04-25T02:21:19.843 INFO:teuthology.orchestra.run.smithi057.stdout:/usr/bin/ceph: stderr
2024-04-25T02:21:19.289+0000 7f7a8e381700 1 -- 172.21.15.57:0/3833047482 shutdown_connections
2024-04-25T02:21:19.843 INFO:teuthology.orchestra.run.smithi057.stdout:/usr/bin/ceph: stderr
2024-04-25T02:21:19.289+0000 7f7a8e381700 1 -- 172.21.15.57:0/3833047482 wait complete.
2024-04-25T02:21:20.486 INFO:journalctl@ceph.mon.smithi057.smithi057.stdout:Apr 25 02:21:20 smithi057 ceph-mon[26687]: from='client.? 172.21.15.57:0/3833047482' entity='client.admin' cmd='[{"prefix": "mgr module enable", "module": "cephadm"}]': finished
2024-04-25T02:21:20.487 INFO:journalctl@ceph.mon.smithi057.smithi057.stdout:Apr 25 02:21:20 smithi057 ceph-mon[26687]: mgrmap e5: smithi057.uiqxan(active, since 7s)
2024-04-25T02:21:21.171 INFO:teuthology.orchestra.run.smithi057.stdout:/usr/bin/ceph: stdout {
2024-04-25T02:21:21.171 INFO:teuthology.orchestra.run.smithi057.stdout:/usr/bin/ceph: stdout "epoch": 5,
2024-04-25T02:21:21.171 INFO:teuthology.orchestra.run.smithi057.stdout:/usr/bin/ceph: stdout "available": true,
2024-04-25T02:21:21.171 INFO:teuthology.orchestra.run.smithi057.stdout:/usr/bin/ceph: stdout "active_name": "smithi057.uiqxan",
2024-04-25T02:21:21.171 INFO:teuthology.orchestra.run.smithi057.stdout:/usr/bin/ceph: stdout "num_standby": 0
2024-04-25T02:21:21.171 INFO:teuthology.orchestra.run.smithi057.stdout:/usr/bin/ceph: stdout }
2024-04-25T02:21:21.171 INFO:teuthology.orchestra.run.smithi057.stdout:/usr/bin/ceph: stderr
2024-04-25T02:21:20.276+0000 7f1909b7a700 1 Processor -- start
2024-04-25T02:21:21.171 INFO:teuthology.orchestra.run.smithi057.stdout:/usr/bin/ceph: stderr
2024-04-25T02:21:20.277+0000 7f1909b7a700 1 -- start start
2024-04-25T02:21:21.171 INFO:teuthology.orchestra.run.smithi057.stdout:/usr/bin/ceph: stderr
2024-04-25T02:21:20.277+0000 7f1909b7a700 1 --2- >> [v2:172.21.15.57:3300/0,v1:172.21.15.57:6789/0] conn(0x7f1904107170 0x7f1904107580 unknown :-1 s=NONE pgs=0 cs=0 l=0 rev1=0 crypto rx=0 tx=0 comp rx=0 tx=0).connect
2024-04-25T02:21:21.171 INFO:teuthology.orchestra.run.smithi057.stdout:/usr/bin/ceph: stderr
2024-04-25T02:21:20.277+0000 7f1909b7a700 1 -- --> [v2:172.21.15.57:3300/0,v1:172.21.15.57:6789/0] -- mon_getmap magic: 0 v1 -- 0x7f1904107ac0 con 0x7f1904107170
2024-04-25T02:21:21.171 INFO:teuthology.orchestra.run.smithi057.stdout:/usr/bin/ceph: stderr
2024-04-25T02:21:20.277+0000 7f19037fe700 1 --2- >> [v2:172.21.15.57:3300/0,v1:172.21.15.57:6789/0] conn(0x7f1904107170 0x7f1904107580 unknown :-1 s=BANNER_CONNECTING pgs=0 cs=0 l=0 rev1=0 crypto rx=0 tx=0 comp rx=0 tx=0)._handle_peer_banner_payload supported=3 required=0
2024-04-25T02:21:21.171 INFO:teuthology.orchestra.run.smithi057.stdout:/usr/bin/ceph: stderr
2024-04-25T02:21:20.277+0000 7f19037fe700 1 --2- >> [v2:172.21.15.57:3300/0,v1:172.21.15.57:6789/0] conn(0x7f1904107170 0x7f1904107580 unknown :-1 s=HELLO_CONNECTING pgs=0 cs=0 l=0 rev1=1 crypto rx=0 tx=0 comp rx=0 tx=0).handle_hello peer v2:172.21.15.57:3300/0 says I am v2:172.21.15.57:46898/0 (socket says 172.21.15.57:46898)
2024-04-25T02:21:21.171 INFO:teuthology.orchestra.run.smithi057.stdout:/usr/bin/ceph: stderr
2024-04-25T02:21:20.277+0000 7f19037fe700 1 -- 172.21.15.57:0/3140681386 learned_addr learned my addr 172.21.15.57:0/3140681386 (peer_addr_for_me v2:172.21.15.57:0/0)
2024-04-25T02:21:21.172 INFO:teuthology.orchestra.run.smithi057.stdout:/usr/bin/ceph: stderr
2024-04-25T02:21:20.277+0000 7f19037fe700 1 -- 172.21.15.57:0/3140681386 --> [v2:172.21.15.57:3300/0,v1:172.21.15.57:6789/0] -- mon_subscribe({config=0+,monmap=0+}) v3 -- 0x7f1904107c00 con 0x7f1904107170
2024-04-25T02:21:21.172 INFO:teuthology.orchestra.run.smithi057.stdout:/usr/bin/ceph: stderr
2024-04-25T02:21:20.277+0000 7f19037fe700 1 --2- 172.21.15.57:0/3140681386 >> [v2:172.21.15.57:3300/0,v1:172.21.15.57:6789/0] conn(0x7f1904107170 0x7f1904107580 secure :-1 s=READY pgs=24 cs=0 l=1 rev1=1 crypto rx=0x7f18f40098a0 tx=0x7f18f4009bb0 comp rx=0 tx=0).ready entity=mon.0 client_cookie=46088af41d9454f7 server_cookie=0 in_seq=0 out_seq=0
2024-04-25T02:21:21.172 INFO:teuthology.orchestra.run.smithi057.stdout:/usr/bin/ceph: stderr
2024-04-25T02:21:20.277+0000 7f19027fc700 1 -- 172.21.15.57:0/3140681386 <== mon.0 v2:172.21.15.57:3300/0 1 ==== mon_map magic: 0 v1 ==== 229+0+0 (secure 0 0 0) 0x7f18f4004180 con 0x7f1904107170
2024-04-25T02:21:21.172 INFO:teuthology.orchestra.run.smithi057.stdout:/usr/bin/ceph: stderr
2024-04-25T02:21:20.278+0000 7f19027fc700 1 -- 172.21.15.57:0/3140681386 <== mon.0 v2:172.21.15.57:3300/0 2 ==== config(27 keys) v1 ==== 1037+0+0 (secure 0 0 0) 0x7f18f40042e0 con 0x7f1904107170
2024-04-25T02:21:21.172 INFO:teuthology.orchestra.run.smithi057.stdout:/usr/bin/ceph: stderr
2024-04-25T02:21:20.278+0000 7f19027fc700 1 -- 172.21.15.57:0/3140681386 <== mon.0 v2:172.21.15.57:3300/0 3 ==== mon_map magic: 0 v1 ==== 229+0+0 (secure 0 0 0) 0x7f18f4011a50 con 0x7f1904107170
2024-04-25T02:21:21.172 INFO:teuthology.orchestra.run.smithi057.stdout:/usr/bin/ceph: stderr
2024-04-25T02:21:20.278+0000 7f1909b7a700 1 -- 172.21.15.57:0/3140681386 >> [v2:172.21.15.57:3300/0,v1:172.21.15.57:6789/0] conn(0x7f1904107170 msgr2=0x7f1904107580 secure :-1 s=STATE_CONNECTION_ESTABLISHED l=1).mark_down
2024-04-25T02:21:21.172 INFO:teuthology.orchestra.run.smithi057.stdout:/usr/bin/ceph: stderr
2024-04-25T02:21:20.278+0000 7f1909b7a700 1 --2- 172.21.15.57:0/3140681386 >> [v2:172.21.15.57:3300/0,v1:172.21.15.57:6789/0] conn(0x7f1904107170 0x7f1904107580 secure :-1 s=READY pgs=24 cs=0 l=1 rev1=1 crypto rx=0x7f18f40098a0 tx=0x7f18f4009bb0 comp rx=0 tx=0).stop
2024-04-25T02:21:21.172 INFO:teuthology.orchestra.run.smithi057.stdout:/usr/bin/ceph: stderr
2024-04-25T02:21:20.278+0000 7f1909b7a700 1 -- 172.21.15.57:0/3140681386 shutdown_connections
2024-04-25T02:21:21.172 INFO:teuthology.orchestra.run.smithi057.stdout:/usr/bin/ceph: stderr
2024-04-25T02:21:20.278+0000 7f1909b7a700 1 --2- 172.21.15.57:0/3140681386 >> [v2:172.21.15.57:3300/0,v1:172.21.15.57:6789/0] conn(0x7f1904107170 0x7f1904107580 unknown :-1 s=CLOSED pgs=24 cs=0 l=1 rev1=1 crypto rx=0 tx=0 comp rx=0 tx=0).stop
2024-04-25T02:21:21.172 INFO:teuthology.orchestra.run.smithi057.stdout:/usr/bin/ceph: stderr
2024-04-25T02:21:20.278+0000 7f1909b7a700 1 -- 172.21.15.57:0/3140681386 >> 172.21.15.57:0/3140681386 conn(0x7f19040ff7e0 msgr2=0x7f1904101c10 unknown :-1 s=STATE_NONE l=0).mark_down
2024-04-25T02:21:21.173 INFO:teuthology.orchestra.run.smithi057.stdout:/usr/bin/ceph: stderr
2024-04-25T02:21:20.278+0000 7f1909b7a700 1 -- 172.21.15.57:0/3140681386 shutdown_connections
2024-04-25T02:21:21.173 INFO:teuthology.orchestra.run.smithi057.stdout:/usr/bin/ceph: stderr
2024-04-25T02:21:20.278+0000 7f1909b7a700 1 -- 172.21.15.57:0/3140681386 wait complete.
2024-04-25T02:21:21.173 INFO:teuthology.orchestra.run.smithi057.stdout:/usr/bin/ceph: stderr
2024-04-25T02:21:20.279+0000 7f1909b7a700 1 Processor -- start
2024-04-25T02:21:21.173 INFO:teuthology.orchestra.run.smithi057.stdout:/usr/bin/ceph: stderr
2024-04-25T02:21:20.279+0000 7f1909b7a700 1 -- start start
2024-04-25T02:21:21.173 INFO:teuthology.orchestra.run.smithi057.stdout:/usr/bin/ceph: stderr
2024-04-25T02:21:20.279+0000 7f1909b7a700 1 --2- >> [v2:172.21.15.57:3300/0,v1:172.21.15.57:6789/0] conn(0x7f1904107170 0x7f1904106870 unknown :-1 s=NONE pgs=0 cs=0 l=1 rev1=0 crypto rx=0 tx=0 comp rx=0 tx=0).connect
2024-04-25T02:21:21.173 INFO:teuthology.orchestra.run.smithi057.stdout:/usr/bin/ceph: stderr
2024-04-25T02:21:20.279+0000 7f1909b7a700 1 -- --> [v2:172.21.15.57:3300/0,v1:172.21.15.57:6789/0] -- mon_getmap magic: 0 v1 -- 0x7f1904106db0 con 0x7f1904107170
2024-04-25T02:21:21.173 INFO:teuthology.orchestra.run.smithi057.stdout:/usr/bin/ceph: stderr
2024-04-25T02:21:20.279+0000 7f19037fe700 1 --2- >> [v2:172.21.15.57:3300/0,v1:172.21.15.57:6789/0] conn(0x7f1904107170 0x7f1904106870 unknown :-1 s=BANNER_CONNECTING pgs=0 cs=0 l=1 rev1=0 crypto rx=0 tx=0 comp rx=0 tx=0)._handle_peer_banner_payload supported=3 required=0
2024-04-25T02:21:21.173 INFO:teuthology.orchestra.run.smithi057.stdout:/usr/bin/ceph: stderr
2024-04-25T02:21:20.279+0000 7f19037fe700 1 --2- >> [v2:172.21.15.57:3300/0,v1:172.21.15.57:6789/0] conn(0x7f1904107170 0x7f1904106870 unknown :-1 s=HELLO_CONNECTING pgs=0 cs=0 l=1 rev1=1 crypto rx=0 tx=0 comp rx=0 tx=0).handle_hello peer v2:172.21.15.57:3300/0 says I am v2:172.21.15.57:46908/0 (socket says 172.21.15.57:46908)
2024-04-25T02:21:21.173 INFO:teuthology.orchestra.run.smithi057.stdout:/usr/bin/ceph: stderr
2024-04-25T02:21:20.279+0000 7f19037fe700 1 -- 172.21.15.57:0/2772908770 learned_addr learned my addr 172.21.15.57:0/2772908770 (peer_addr_for_me v2:172.21.15.57:0/0)
2024-04-25T02:21:21.173 INFO:teuthology.orchestra.run.smithi057.stdout:/usr/bin/ceph: stderr
2024-04-25T02:21:20.279+0000 7f19037fe700 1 -- 172.21.15.57:0/2772908770 --> [v2:172.21.15.57:3300/0,v1:172.21.15.57:6789/0] -- mon_subscribe({config=0+,monmap=0+}) v3 -- 0x7f18f4009550 con 0x7f1904107170
2024-04-25T02:21:21.173 INFO:teuthology.orchestra.run.smithi057.stdout:/usr/bin/ceph: stderr
2024-04-25T02:21:20.280+0000 7f19037fe700 1 --2- 172.21.15.57:0/2772908770 >> [v2:172.21.15.57:3300/0,v1:172.21.15.57:6789/0] conn(0x7f1904107170 0x7f1904106870 secure :-1 s=READY pgs=25 cs=0 l=1 rev1=1 crypto rx=0x7f18f40119e0 tx=0x7f18f4011ac0 comp rx=0 tx=0).ready entity=mon.0 client_cookie=0 server_cookie=0 in_seq=0 out_seq=0
2024-04-25T02:21:21.173 INFO:teuthology.orchestra.run.smithi057.stdout:/usr/bin/ceph: stderr
2024-04-25T02:21:20.280+0000 7f1900ff9700 1 -- 172.21.15.57:0/2772908770 <== mon.0 v2:172.21.15.57:3300/0 1 ==== mon_map magic: 0 v1 ==== 229+0+0 (secure 0 0 0) 0x7f18f4003b90 con 0x7f1904107170
2024-04-25T02:21:21.173 INFO:teuthology.orchestra.run.smithi057.stdout:/usr/bin/ceph: stderr
2024-04-25T02:21:20.280+0000 7f1900ff9700 1 -- 172.21.15.57:0/2772908770 <== mon.0 v2:172.21.15.57:3300/0 2 ==== config(27 keys) v1 ==== 1037+0+0 (secure 0 0 0) 0x7f18f401a8a0 con 0x7f1904107170
2024-04-25T02:21:21.173 INFO:teuthology.orchestra.run.smithi057.stdout:/usr/bin/ceph: stderr
2024-04-25T02:21:20.280+0000 7f1909b7a700 1 -- 172.21.15.57:0/2772908770 --> [v2:172.21.15.57:3300/0,v1:172.21.15.57:6789/0] -- mon_subscribe({mgrmap=0+}) v3 -- 0x7f1904104ec0 con 0x7f1904107170
2024-04-25T02:21:21.173 INFO:teuthology.orchestra.run.smithi057.stdout:/usr/bin/ceph: stderr
2024-04-25T02:21:20.280+0000 7f1900ff9700 1 -- 172.21.15.57:0/2772908770 <== mon.0 v2:172.21.15.57:3300/0 3 ==== mon_map magic: 0 v1 ==== 229+0+0 (secure 0 0 0) 0x7f18f4019930 con 0x7f1904107170
2024-04-25T02:21:21.173 INFO:teuthology.orchestra.run.smithi057.stdout:/usr/bin/ceph: stderr
2024-04-25T02:21:20.280+0000 7f1909b7a700 1 -- 172.21.15.57:0/2772908770 --> [v2:172.21.15.57:3300/0,v1:172.21.15.57:6789/0] -- mon_subscribe({osdmap=0}) v3 -- 0x7f19041052e0 con 0x7f1904107170
2024-04-25T02:21:21.174 INFO:teuthology.orchestra.run.smithi057.stdout:/usr/bin/ceph: stderr
2024-04-25T02:21:20.281+0000 7f1900ff9700 1 -- 172.21.15.57:0/2772908770 <== mon.0 v2:172.21.15.57:3300/0 4 ==== mgrmap(e 5) v1 ==== 45084+0+0 (secure 0 0 0) 0x7f18f4019ba0 con 0x7f1904107170
2024-04-25T02:21:21.174 INFO:teuthology.orchestra.run.smithi057.stdout:/usr/bin/ceph: stderr
2024-04-25T02:21:20.281+0000 7f1900ff9700 1 --2- 172.21.15.57:0/2772908770 >> [v2:172.21.15.57:6800/3085879719,v1:172.21.15.57:6801/3085879719] conn(0x7f18ec038400 0x7f18ec03a8b0 unknown :-1 s=NONE pgs=0 cs=0 l=1 rev1=0 crypto rx=0 tx=0 comp rx=0 tx=0).connect
2024-04-25T02:21:21.174 INFO:teuthology.orchestra.run.smithi057.stdout:/usr/bin/ceph: stderr
2024-04-25T02:21:20.281+0000 7f1900ff9700 1 -- 172.21.15.57:0/2772908770 <== mon.0 v2:172.21.15.57:3300/0 5 ==== osd_map(1..1 src has 1..1) v4 ==== 725+0+0 (secure 0 0 0) 0x7f18f404d550 con 0x7f1904107170
2024-04-25T02:21:21.174 INFO:teuthology.orchestra.run.smithi057.stdout:/usr/bin/ceph: stderr
2024-04-25T02:21:20.281+0000 7f1902ffd700 1 -- 172.21.15.57:0/2772908770 >> [v2:172.21.15.57:6800/3085879719,v1:172.21.15.57:6801/3085879719] conn(0x7f18ec038400 msgr2=0x7f18ec03a8b0 unknown :-1 s=STATE_CONNECTING_RE l=1).process reconnect failed to v2:172.21.15.57:6800/3085879719
2024-04-25T02:21:21.174 INFO:teuthology.orchestra.run.smithi057.stdout:/usr/bin/ceph: stderr
2024-04-25T02:21:20.281+0000 7f1902ffd700 1 --2- 172.21.15.57:0/2772908770 >> [v2:172.21.15.57:6800/3085879719,v1:172.21.15.57:6801/3085879719] conn(0x7f18ec038400 0x7f18ec03a8b0 unknown :-1 s=START_CONNECT pgs=0 cs=0 l=1 rev1=0 crypto rx=0 tx=0 comp rx=0 tx=0)._fault waiting 0.200000
2024-04-25T02:21:21.174 INFO:teuthology.orchestra.run.smithi057.stdout:/usr/bin/ceph: stderr
2024-04-25T02:21:20.281+0000 7f1909b7a700 1 -- 172.21.15.57:0/2772908770 --> [v2:172.21.15.57:3300/0,v1:172.21.15.57:6789/0] -- mon_command({"prefix": "get_command_descriptions"} v 0) v1 -- 0x7f1904104690 con 0x7f1904107170
2024-04-25T02:21:21.174 INFO:teuthology.orchestra.run.smithi057.stdout:/usr/bin/ceph: stderr
2024-04-25T02:21:20.286+0000 7f1900ff9700 1 -- 172.21.15.57:0/2772908770 <== mon.0 v2:172.21.15.57:3300/0 6 ==== mon_command_ack([{"prefix": "get_command_descriptions"}]=0 v0) v1 ==== 72+0+177933 (secure 0 0 0) 0x7f18f402d440 con 0x7f1904107170
2024-04-25T02:21:21.174 INFO:teuthology.orchestra.run.smithi057.stdout:/usr/bin/ceph: stderr
2024-04-25T02:21:20.482+0000 7f1902ffd700 1 -- 172.21.15.57:0/2772908770 >> [v2:172.21.15.57:6800/3085879719,v1:172.21.15.57:6801/3085879719] conn(0x7f18ec038400 msgr2=0x7f18ec03a8b0 unknown :-1 s=STATE_CONNECTING_RE l=1).process reconnect failed to v2:172.21.15.57:6800/3085879719
2024-04-25T02:21:21.174 INFO:teuthology.orchestra.run.smithi057.stdout:/usr/bin/ceph: stderr
2024-04-25T02:21:20.482+0000 7f1902ffd700 1 --2- 172.21.15.57:0/2772908770 >> [v2:172.21.15.57:6800/3085879719,v1:172.21.15.57:6801/3085879719] conn(0x7f18ec038400 0x7f18ec03a8b0 unknown :-1 s=START_CONNECT pgs=0 cs=0 l=1 rev1=0 crypto rx=0 tx=0 comp rx=0 tx=0)._fault waiting 0.400000
2024-04-25T02:21:21.174 INFO:teuthology.orchestra.run.smithi057.stdout:/usr/bin/ceph: stderr
2024-04-25T02:21:20.570+0000 7f1909b7a700 1 -- 172.21.15.57:0/2772908770 --> [v2:172.21.15.57:3300/0,v1:172.21.15.57:6789/0] -- mon_command({"prefix": "mgr stat"} v 0) v1 -- 0x7f190419f880 con 0x7f1904107170
2024-04-25T02:21:21.174 INFO:teuthology.orchestra.run.smithi057.stdout:/usr/bin/ceph: stderr
2024-04-25T02:21:20.571+0000 7f1900ff9700 1 -- 172.21.15.57:0/2772908770 <== mon.0 v2:172.21.15.57:3300/0 7 ==== mon_command_ack([{"prefix": "mgr stat"}]=0 v5) v1 ==== 56+0+103 (secure 0 0 0) 0x7f18f4023390 con 0x7f1904107170
2024-04-25T02:21:21.174 INFO:teuthology.orchestra.run.smithi057.stdout:/usr/bin/ceph: stderr
2024-04-25T02:21:20.576+0000 7f1909b7a700 1 -- 172.21.15.57:0/2772908770 >> [v2:172.21.15.57:6800/3085879719,v1:172.21.15.57:6801/3085879719] conn(0x7f18ec038400 msgr2=0x7f18ec03a8b0 unknown :-1 s=STATE_CONNECTING l=1).mark_down
2024-04-25T02:21:21.174 INFO:teuthology.orchestra.run.smithi057.stdout:/usr/bin/ceph: stderr
2024-04-25T02:21:20.576+0000 7f1909b7a700 1 --2- 172.21.15.57:0/2772908770 >> [v2:172.21.15.57:6800/3085879719,v1:172.21.15.57:6801/3085879719] conn(0x7f18ec038400 0x7f18ec03a8b0 unknown :-1 s=START_CONNECT pgs=0 cs=0 l=1 rev1=0 crypto rx=0 tx=0 comp rx=0 tx=0).stop
2024-04-25T02:21:21.174 INFO:teuthology.orchestra.run.smithi057.stdout:/usr/bin/ceph: stderr
2024-04-25T02:21:20.576+0000 7f1909b7a700 1 -- 172.21.15.57:0/2772908770 >> [v2:172.21.15.57:3300/0,v1:172.21.15.57:6789/0] conn(0x7f1904107170 msgr2=0x7f1904106870 secure :-1 s=STATE_CONNECTION_ESTABLISHED l=1).mark_down
2024-04-25T02:21:21.174 INFO:teuthology.orchestra.run.smithi057.stdout:/usr/bin/ceph: stderr
2024-04-25T02:21:20.576+0000 7f1909b7a700 1 --2- 172.21.15.57:0/2772908770 >> [v2:172.21.15.57:3300/0,v1:172.21.15.57:6789/0] conn(0x7f1904107170 0x7f1904106870 secure :-1 s=READY pgs=25 cs=0 l=1 rev1=1 crypto rx=0x7f18f40119e0 tx=0x7f18f4011ac0 comp rx=0 tx=0).stop
2024-04-25T02:21:21.175 INFO:teuthology.orchestra.run.smithi057.stdout:/usr/bin/ceph: stderr
2024-04-25T02:21:20.576+0000 7f1909b7a700 1 -- 172.21.15.57:0/2772908770 shutdown_connections
2024-04-25T02:21:21.175 INFO:teuthology.orchestra.run.smithi057.stdout:/usr/bin/ceph: stderr
2024-04-25T02:21:20.576+0000 7f1909b7a700 1 --2- 172.21.15.57:0/2772908770 >> [v2:172.21.15.57:6800/3085879719,v1:172.21.15.57:6801/3085879719] conn(0x7f18ec038400 0x7f18ec03a8b0 unknown :-1 s=CLOSED pgs=0 cs=0 l=1 rev1=0 crypto rx=0 tx=0 comp rx=0 tx=0).stop
2024-04-25T02:21:21.175 INFO:teuthology.orchestra.run.smithi057.stdout:/usr/bin/ceph: stderr
2024-04-25T02:21:20.577+0000 7f1909b7a700 1 --2- 172.21.15.57:0/2772908770 >> [v2:172.21.15.57:3300/0,v1:172.21.15.57:6789/0] conn(0x7f1904107170 0x7f1904106870 unknown :-1 s=CLOSED pgs=25 cs=0 l=1 rev1=1 crypto rx=0 tx=0 comp rx=0 tx=0).stop
2024-04-25T02:21:21.175 INFO:teuthology.orchestra.run.smithi057.stdout:/usr/bin/ceph: stderr
2024-04-25T02:21:20.577+0000 7f1909b7a700 1 -- 172.21.15.57:0/2772908770 >> 172.21.15.57:0/2772908770 conn(0x7f19040ff7e0 msgr2=0x7f1904100580 unknown :-1 s=STATE_NONE l=0).mark_down
2024-04-25T02:21:21.175 INFO:teuthology.orchestra.run.smithi057.stdout:/usr/bin/ceph: stderr
2024-04-25T02:21:20.577+0000 7f1909b7a700 1 -- 172.21.15.57:0/2772908770 shutdown_connections
2024-04-25T02:21:21.175 INFO:teuthology.orchestra.run.smithi057.stdout:/usr/bin/ceph: stderr
2024-04-25T02:21:20.577+0000 7f1909b7a700 1 -- 172.21.15.57:0/2772908770 wait complete.
2024-04-25T02:21:21.176 INFO:teuthology.orchestra.run.smithi057.stdout:Waiting for the mgr to restart...
2024-04-25T02:21:21.176 INFO:teuthology.orchestra.run.smithi057.stdout:Waiting for mgr epoch 5...
2024-04-25T02:21:21.516 INFO:journalctl@ceph.mon.smithi057.smithi057.stdout:Apr 25 02:21:21 smithi057 ceph-mon[26687]: from='client.? 172.21.15.57:0/2772908770' entity='client.admin' cmd=[{"prefix": "mgr stat"}]: dispatch
2024-04-25T02:21:26.649 INFO:journalctl@ceph.mon.smithi057.smithi057.stdout:Apr 25 02:21:26 smithi057 ceph-mon[26687]: Active manager daemon smithi057.uiqxan restarted
2024-04-25T02:21:26.649 INFO:journalctl@ceph.mon.smithi057.smithi057.stdout:Apr 25 02:21:26 smithi057 ceph-mon[26687]: Activating manager daemon smithi057.uiqxan
2024-04-25T02:21:26.650 INFO:journalctl@ceph.mon.smithi057.smithi057.stdout:Apr 25 02:21:26 smithi057 ceph-mon[26687]: osdmap e2: 0 total, 0 up, 0 in
2024-04-25T02:21:26.650 INFO:journalctl@ceph.mon.smithi057.smithi057.stdout:Apr 25 02:21:26 smithi057 ceph-mon[26687]: mgrmap e6: smithi057.uiqxan(active, starting, since 0.00971447s)
2024-04-25T02:21:26.650 INFO:journalctl@ceph.mon.smithi057.smithi057.stdout:Apr 25 02:21:26 smithi057 ceph-mon[26687]: from='mgr.14118 172.21.15.57:0/2143458796' entity='mgr.smithi057.uiqxan' cmd=[{"prefix": "mon metadata", "id": "smithi057"}]: dispatch
2024-04-25T02:21:26.650 INFO:journalctl@ceph.mon.smithi057.smithi057.stdout:Apr 25 02:21:26 smithi057 ceph-mon[26687]: from='mgr.14118 172.21.15.57:0/2143458796' entity='mgr.smithi057.uiqxan' cmd=[{"prefix": "mgr metadata", "who": "smithi057.uiqxan", "id": "smithi057.uiqxan"}]: dispatch
2024-04-25T02:21:26.650 INFO:journalctl@ceph.mon.smithi057.smithi057.stdout:Apr 25 02:21:26 smithi057 ceph-mon[26687]: from='mgr.14118 172.21.15.57:0/2143458796' entity='mgr.smithi057.uiqxan' cmd=[{"prefix": "mds metadata"}]: dispatch
2024-04-25T02:21:26.650 INFO:journalctl@ceph.mon.smithi057.smithi057.stdout:Apr 25 02:21:26 smithi057 ceph-mon[26687]: from='mgr.14118 172.21.15.57:0/2143458796' entity='mgr.smithi057.uiqxan' cmd=[{"prefix": "osd metadata"}]: dispatch
2024-04-25T02:21:26.650 INFO:journalctl@ceph.mon.smithi057.smithi057.stdout:Apr 25 02:21:26 smithi057 ceph-mon[26687]: from='mgr.14118 172.21.15.57:0/2143458796' entity='mgr.smithi057.uiqxan' cmd=[{"prefix": "mon metadata"}]: dispatch
2024-04-25T02:21:26.650 INFO:journalctl@ceph.mon.smithi057.smithi057.stdout:Apr 25 02:21:26 smithi057 ceph-mon[26687]: Manager daemon smithi057.uiqxan is now available
2024-04-25T02:21:26.650 INFO:journalctl@ceph.mon.smithi057.smithi057.stdout:Apr 25 02:21:26 smithi057 ceph-mon[26687]: from='mgr.14118 172.21.15.57:0/2143458796' entity='mgr.smithi057.uiqxan'
2024-04-25T02:21:26.650 INFO:journalctl@ceph.mon.smithi057.smithi057.stdout:Apr 25 02:21:26 smithi057 ceph-mon[26687]: from='mgr.14118 172.21.15.57:0/2143458796' entity='mgr.smithi057.uiqxan'
2024-04-25T02:21:26.650 INFO:journalctl@ceph.mon.smithi057.smithi057.stdout:Apr 25 02:21:26 smithi057 ceph-mon[26687]: from='mgr.14118 172.21.15.57:0/2143458796' entity='mgr.smithi057.uiqxan' cmd=[{"prefix": "config dump", "format": "json"}]: dispatch
2024-04-25T02:21:26.650 INFO:journalctl@ceph.mon.smithi057.smithi057.stdout:Apr 25 02:21:26 smithi057 ceph-mon[26687]: from='mgr.14118 172.21.15.57:0/2143458796' entity='mgr.smithi057.uiqxan' cmd=[{"prefix": "config dump", "format": "json"}]: dispatch
2024-04-25T02:21:26.650 INFO:journalctl@ceph.mon.smithi057.smithi057.stdout:Apr 25 02:21:26 smithi057 ceph-mon[26687]: from='mgr.14118 172.21.15.57:0/2143458796' entity='mgr.smithi057.uiqxan' cmd=[{"prefix": "config dump", "format": "json"}]: dispatch
2024-04-25T02:21:27.534 INFO:journalctl@ceph.mon.smithi057.smithi057.stdout:Apr 25 02:21:27 smithi057 ceph-mon[26687]: Found migration_current of "None". Setting to last migration.
2024-04-25T02:21:27.534 INFO:journalctl@ceph.mon.smithi057.smithi057.stdout:Apr 25 02:21:27 smithi057 ceph-mon[26687]: from='mgr.14118 172.21.15.57:0/2143458796' entity='mgr.smithi057.uiqxan' cmd=[{"prefix":"config rm","who":"mgr","name":"mgr/rbd_support/smithi057.uiqxan/mirror_snapshot_schedule"}]: dispatch
2024-04-25T02:21:27.535 INFO:journalctl@ceph.mon.smithi057.smithi057.stdout:Apr 25 02:21:27 smithi057 ceph-mon[26687]: from='mgr.14118 172.21.15.57:0/2143458796' entity='mgr.smithi057.uiqxan' cmd=[{"prefix":"config rm","who":"mgr","name":"mgr/rbd_support/smithi057.uiqxan/trash_purge_schedule"}]: dispatch
2024-04-25T02:21:27.535 INFO:journalctl@ceph.mon.smithi057.smithi057.stdout:Apr 25 02:21:27 smithi057 ceph-mon[26687]: from='mgr.14118 172.21.15.57:0/2143458796' entity='mgr.smithi057.uiqxan'
2024-04-25T02:21:27.535 INFO:journalctl@ceph.mon.smithi057.smithi057.stdout:Apr 25 02:21:27 smithi057 ceph-mon[26687]: from='mgr.14118 172.21.15.57:0/2143458796' entity='mgr.smithi057.uiqxan'
2024-04-25T02:21:27.535 INFO:journalctl@ceph.mon.smithi057.smithi057.stdout:Apr 25 02:21:27 smithi057 ceph-mon[26687]: mgrmap e7: smithi057.uiqxan(active, since 1.01175s)
2024-04-25T02:21:27.747 INFO:teuthology.orchestra.run.smithi057.stdout:/usr/bin/ceph: stdout {
2024-04-25T02:21:27.747 INFO:teuthology.orchestra.run.smithi057.stdout:/usr/bin/ceph: stdout "mgrmap_epoch": 7,
2024-04-25T02:21:27.747 INFO:teuthology.orchestra.run.smithi057.stdout:/usr/bin/ceph: stdout "initialized": true
2024-04-25T02:21:27.747 INFO:teuthology.orchestra.run.smithi057.stdout:/usr/bin/ceph: stdout }
2024-04-25T02:21:27.747 INFO:teuthology.orchestra.run.smithi057.stdout:/usr/bin/ceph: stderr
2024-04-25T02:21:21.613+0000 7f93cf901700 1 Processor -- start
2024-04-25T02:21:27.747 INFO:teuthology.orchestra.run.smithi057.stdout:/usr/bin/ceph: stderr
2024-04-25T02:21:21.614+0000 7f93cf901700 1 -- start start
2024-04-25T02:21:27.747 INFO:teuthology.orchestra.run.smithi057.stdout:/usr/bin/ceph: stderr
2024-04-25T02:21:21.614+0000 7f93cf901700 1 --2- >> [v2:172.21.15.57:3300/0,v1:172.21.15.57:6789/0] conn(0x7f93c8104460 0x7f93c8104870 unknown :-1 s=NONE pgs=0 cs=0 l=0 rev1=0 crypto rx=0 tx=0 comp rx=0 tx=0).connect
2024-04-25T02:21:27.747 INFO:teuthology.orchestra.run.smithi057.stdout:/usr/bin/ceph: stderr
2024-04-25T02:21:21.614+0000 7f93cf901700 1 -- --> [v2:172.21.15.57:3300/0,v1:172.21.15.57:6789/0] -- mon_getmap magic: 0 v1 -- 0x7f93c80744b0 con 0x7f93c8104460
2024-04-25T02:21:27.748 INFO:teuthology.orchestra.run.smithi057.stdout:/usr/bin/ceph: stderr
2024-04-25T02:21:21.614+0000 7f93cd69d700 1 --2- >> [v2:172.21.15.57:3300/0,v1:172.21.15.57:6789/0] conn(0x7f93c8104460 0x7f93c8104870 unknown :-1 s=BANNER_CONNECTING pgs=0 cs=0 l=0 rev1=0 crypto rx=0 tx=0 comp rx=0 tx=0)._handle_peer_banner_payload supported=3 required=0
2024-04-25T02:21:27.748 INFO:teuthology.orchestra.run.smithi057.stdout:/usr/bin/ceph: stderr
2024-04-25T02:21:21.614+0000 7f93cd69d700 1 --2- >> [v2:172.21.15.57:3300/0,v1:172.21.15.57:6789/0] conn(0x7f93c8104460 0x7f93c8104870 unknown :-1 s=HELLO_CONNECTING pgs=0 cs=0 l=0 rev1=1 crypto rx=0 tx=0 comp rx=0 tx=0).handle_hello peer v2:172.21.15.57:3300/0 says I am v2:172.21.15.57:46922/0 (socket says 172.21.15.57:46922)
2024-04-25T02:21:27.748 INFO:teuthology.orchestra.run.smithi057.stdout:/usr/bin/ceph: stderr
2024-04-25T02:21:21.614+0000 7f93cd69d700 1 -- 172.21.15.57:0/1504520952 learned_addr learned my addr 172.21.15.57:0/1504520952 (peer_addr_for_me v2:172.21.15.57:0/0)
