2024-04-26T07:17:35.254+0000 7f743fd82700 1 -- 172.21.15.150:0/989635395 >> [v2:172.21.15.150:3300/0,v1:172.21.15.150:6789/0] conn(0x7f7438106da0 msgr2=0x7f7438109190 secure :-1 s=STATE_CONNECTION_ESTABLISHED l=1).mark_down
2024-04-26T07:17:36.010 INFO:teuthology.orchestra.run.smithi150.stdout:/usr/bin/ceph: stderr
2024-04-26T07:17:35.254+0000 7f743fd82700 1 --2- 172.21.15.150:0/989635395 >> [v2:172.21.15.150:3300/0,v1:172.21.15.150:6789/0] conn(0x7f7438106da0 0x7f7438109190 secure :-1 s=READY pgs=86 cs=0 l=1 rev1=1 crypto rx=0x7f742c0098a0 tx=0x7f742c009bb0 comp rx=0 tx=0).stop
2024-04-26T07:17:36.010 INFO:teuthology.orchestra.run.smithi150.stdout:/usr/bin/ceph: stderr
2024-04-26T07:17:35.254+0000 7f743fd82700 1 -- 172.21.15.150:0/989635395 shutdown_connections
2024-04-26T07:17:36.010 INFO:teuthology.orchestra.run.smithi150.stdout:/usr/bin/ceph: stderr
2024-04-26T07:17:35.254+0000 7f743fd82700 1 --2- 172.21.15.150:0/989635395 >> [v2:172.21.15.150:3300/0,v1:172.21.15.150:6789/0] conn(0x7f7438106da0 0x7f7438109190 unknown :-1 s=CLOSED pgs=86 cs=0 l=1 rev1=1 crypto rx=0 tx=0 comp rx=0 tx=0).stop
2024-04-26T07:17:36.010 INFO:teuthology.orchestra.run.smithi150.stdout:/usr/bin/ceph: stderr
2024-04-26T07:17:35.254+0000 7f743fd82700 1 -- 172.21.15.150:0/989635395 >> 172.21.15.150:0/989635395 conn(0x7f74381007f0 msgr2=0x7f7438102c10 unknown :-1 s=STATE_NONE l=0).mark_down
2024-04-26T07:17:36.010 INFO:teuthology.orchestra.run.smithi150.stdout:/usr/bin/ceph: stderr
2024-04-26T07:17:35.254+0000 7f743fd82700 1 -- 172.21.15.150:0/989635395 shutdown_connections
2024-04-26T07:17:36.010 INFO:teuthology.orchestra.run.smithi150.stdout:/usr/bin/ceph: stderr
2024-04-26T07:17:35.254+0000 7f743fd82700 1 -- 172.21.15.150:0/989635395 wait complete.
2024-04-26T07:17:36.010 INFO:teuthology.orchestra.run.smithi150.stdout:/usr/bin/ceph: stderr
2024-04-26T07:17:35.255+0000 7f743fd82700 1 Processor -- start
2024-04-26T07:17:36.010 INFO:teuthology.orchestra.run.smithi150.stdout:/usr/bin/ceph: stderr
2024-04-26T07:17:35.255+0000 7f743fd82700 1 -- start start
2024-04-26T07:17:36.010 INFO:teuthology.orchestra.run.smithi150.stdout:/usr/bin/ceph: stderr
2024-04-26T07:17:35.255+0000 7f743fd82700 1 --2- >> [v2:172.21.15.150:3300/0,v1:172.21.15.150:6789/0] conn(0x7f7438106da0 0x7f743819c240 unknown :-1 s=NONE pgs=0 cs=0 l=1 rev1=0 crypto rx=0 tx=0 comp rx=0 tx=0).connect
2024-04-26T07:17:36.010 INFO:teuthology.orchestra.run.smithi150.stdout:/usr/bin/ceph: stderr
2024-04-26T07:17:35.255+0000 7f743fd82700 1 -- --> [v2:172.21.15.150:3300/0,v1:172.21.15.150:6789/0] -- mon_getmap magic: 0 v1 -- 0x7f743819c780 con 0x7f7438106da0
2024-04-26T07:17:36.010 INFO:teuthology.orchestra.run.smithi150.stdout:/usr/bin/ceph: stderr
2024-04-26T07:17:35.255+0000 7f743db1e700 1 --2- >> [v2:172.21.15.150:3300/0,v1:172.21.15.150:6789/0] conn(0x7f7438106da0 0x7f743819c240 unknown :-1 s=BANNER_CONNECTING pgs=0 cs=0 l=1 rev1=0 crypto rx=0 tx=0 comp rx=0 tx=0)._handle_peer_banner_payload supported=3 required=0
2024-04-26T07:17:36.011 INFO:teuthology.orchestra.run.smithi150.stdout:/usr/bin/ceph: stderr
2024-04-26T07:17:35.255+0000 7f743db1e700 1 --2- >> [v2:172.21.15.150:3300/0,v1:172.21.15.150:6789/0] conn(0x7f7438106da0 0x7f743819c240 unknown :-1 s=HELLO_CONNECTING pgs=0 cs=0 l=1 rev1=1 crypto rx=0 tx=0 comp rx=0 tx=0).handle_hello peer v2:172.21.15.150:3300/0 says I am v2:172.21.15.150:54384/0 (socket says 172.21.15.150:54384)
2024-04-26T07:17:36.011 INFO:teuthology.orchestra.run.smithi150.stdout:/usr/bin/ceph: stderr
2024-04-26T07:17:35.255+0000 7f743db1e700 1 -- 172.21.15.150:0/3589980169 learned_addr learned my addr 172.21.15.150:0/3589980169 (peer_addr_for_me v2:172.21.15.150:0/0)
2024-04-26T07:17:36.011 INFO:teuthology.orchestra.run.smithi150.stdout:/usr/bin/ceph: stderr
2024-04-26T07:17:35.255+0000 7f743db1e700 1 -- 172.21.15.150:0/3589980169 --> [v2:172.21.15.150:3300/0,v1:172.21.15.150:6789/0] -- mon_subscribe({config=0+,monmap=0+}) v3 -- 0x7f742c009550 con 0x7f7438106da0
2024-04-26T07:17:36.011 INFO:teuthology.orchestra.run.smithi150.stdout:/usr/bin/ceph: stderr
2024-04-26T07:17:35.256+0000 7f743db1e700 1 --2- 172.21.15.150:0/3589980169 >> [v2:172.21.15.150:3300/0,v1:172.21.15.150:6789/0] conn(0x7f7438106da0 0x7f743819c240 secure :-1 s=READY pgs=87 cs=0 l=1 rev1=1 crypto rx=0x7f742c006af0 tx=0x7f742c011b20 comp rx=0 tx=0).ready entity=mon.0 client_cookie=0 server_cookie=0 in_seq=0 out_seq=0
2024-04-26T07:17:36.011 INFO:teuthology.orchestra.run.smithi150.stdout:/usr/bin/ceph: stderr
2024-04-26T07:17:35.256+0000 7f742affd700 1 -- 172.21.15.150:0/3589980169 <== mon.0 v2:172.21.15.150:3300/0 1 ==== mon_map magic: 0 v1 ==== 229+0+0 (secure 0 0 0) 0x7f742c003a80 con 0x7f7438106da0
2024-04-26T07:17:36.011 INFO:teuthology.orchestra.run.smithi150.stdout:/usr/bin/ceph: stderr
2024-04-26T07:17:35.256+0000 7f743fd82700 1 -- 172.21.15.150:0/3589980169 --> [v2:172.21.15.150:3300/0,v1:172.21.15.150:6789/0] -- mon_subscribe({mgrmap=0+}) v3 -- 0x7f743819c980 con 0x7f7438106da0
2024-04-26T07:17:36.011 INFO:teuthology.orchestra.run.smithi150.stdout:/usr/bin/ceph: stderr
2024-04-26T07:17:35.256+0000 7f742affd700 1 -- 172.21.15.150:0/3589980169 <== mon.0 v2:172.21.15.150:3300/0 2 ==== config(26 keys) v1 ==== 1066+0+0 (secure 0 0 0) 0x7f742c003be0 con 0x7f7438106da0
2024-04-26T07:17:36.011 INFO:teuthology.orchestra.run.smithi150.stdout:/usr/bin/ceph: stderr
2024-04-26T07:17:35.256+0000 7f742affd700 1 -- 172.21.15.150:0/3589980169 <== mon.0 v2:172.21.15.150:3300/0 3 ==== mon_map magic: 0 v1 ==== 229+0+0 (secure 0 0 0) 0x7f742c019770 con 0x7f7438106da0
2024-04-26T07:17:36.011 INFO:teuthology.orchestra.run.smithi150.stdout:/usr/bin/ceph: stderr
2024-04-26T07:17:35.256+0000 7f743fd82700 1 -- 172.21.15.150:0/3589980169 --> [v2:172.21.15.150:3300/0,v1:172.21.15.150:6789/0] -- mon_subscribe({osdmap=0}) v3 -- 0x7f743819cda0 con 0x7f7438106da0
2024-04-26T07:17:36.011 INFO:teuthology.orchestra.run.smithi150.stdout:/usr/bin/ceph: stderr
2024-04-26T07:17:35.256+0000 7f742affd700 1 -- 172.21.15.150:0/3589980169 <== mon.0 v2:172.21.15.150:3300/0 4 ==== mgrmap(e 13) v1 ==== 45340+0+0 (secure 0 0 0) 0x7f742c019a50 con 0x7f7438106da0
2024-04-26T07:17:36.011 INFO:teuthology.orchestra.run.smithi150.stdout:/usr/bin/ceph: stderr
2024-04-26T07:17:35.257+0000 7f742affd700 1 --2- 172.21.15.150:0/3589980169 >> [v2:172.21.15.150:6800/1761306534,v1:172.21.15.150:6801/1761306534] conn(0x7f74240383d0 0x7f742403a890 unknown :-1 s=NONE pgs=0 cs=0 l=1 rev1=0 crypto rx=0 tx=0 comp rx=0 tx=0).connect
2024-04-26T07:17:36.011 INFO:teuthology.orchestra.run.smithi150.stdout:/usr/bin/ceph: stderr
2024-04-26T07:17:35.257+0000 7f742affd700 1 -- 172.21.15.150:0/3589980169 <== mon.0 v2:172.21.15.150:3300/0 5 ==== osd_map(3..3 src has 1..3) v4 ==== 1155+0+0 (secure 0 0 0) 0x7f742c04c7b0 con 0x7f7438106da0
2024-04-26T07:17:36.011 INFO:teuthology.orchestra.run.smithi150.stdout:/usr/bin/ceph: stderr
2024-04-26T07:17:35.257+0000 7f743fd82700 1 -- 172.21.15.150:0/3589980169 --> [v2:172.21.15.150:3300/0,v1:172.21.15.150:6789/0] -- mon_command({"prefix": "get_command_descriptions"} v 0) v1 -- 0x7f743810a460 con 0x7f7438106da0
2024-04-26T07:17:36.011 INFO:teuthology.orchestra.run.smithi150.stdout:/usr/bin/ceph: stderr
2024-04-26T07:17:35.257+0000 7f743d31d700 1 --2- 172.21.15.150:0/3589980169 >> [v2:172.21.15.150:6800/1761306534,v1:172.21.15.150:6801/1761306534] conn(0x7f74240383d0 0x7f742403a890 unknown :-1 s=BANNER_CONNECTING pgs=0 cs=0 l=1 rev1=0 crypto rx=0 tx=0 comp rx=0 tx=0)._handle_peer_banner_payload supported=3 required=0
2024-04-26T07:17:36.012 INFO:teuthology.orchestra.run.smithi150.stdout:/usr/bin/ceph: stderr
2024-04-26T07:17:35.257+0000 7f743d31d700 1 --2- 172.21.15.150:0/3589980169 >> [v2:172.21.15.150:6800/1761306534,v1:172.21.15.150:6801/1761306534] conn(0x7f74240383d0 0x7f742403a890 secure :-1 s=READY pgs=10 cs=0 l=1 rev1=1 crypto rx=0x7f7434006fd0 tx=0x7f7434006e40 comp rx=0 tx=0).ready entity=mgr.14162 client_cookie=0 server_cookie=0 in_seq=0 out_seq=0
2024-04-26T07:17:36.012 INFO:teuthology.orchestra.run.smithi150.stdout:/usr/bin/ceph: stderr
2024-04-26T07:17:35.261+0000 7f742affd700 1 -- 172.21.15.150:0/3589980169 <== mon.0 v2:172.21.15.150:3300/0 6 ==== mon_command_ack([{"prefix": "get_command_descriptions"}]=0 v0) v1 ==== 72+0+180422 (secure 0 0 0) 0x7f742c02c3a0 con 0x7f7438106da0
2024-04-26T07:17:36.012 INFO:teuthology.orchestra.run.smithi150.stdout:/usr/bin/ceph: stderr
2024-04-26T07:17:35.451+0000 7f743fd82700 1 -- 172.21.15.150:0/3589980169 --> [v2:172.21.15.150:3300/0,v1:172.21.15.150:6789/0] -- mon_command([{prefix=config set, name=osd_memory_target_autotune}] v 0) v1 -- 0x7f743810a680 con 0x7f7438106da0
2024-04-26T07:17:36.012 INFO:teuthology.orchestra.run.smithi150.stdout:/usr/bin/ceph: stderr
2024-04-26T07:17:35.451+0000 7f742affd700 1 -- 172.21.15.150:0/3589980169 <== mon.0 v2:172.21.15.150:3300/0 7 ==== mon_command_ack([{prefix=config set, name=osd_memory_target_autotune}]=0 v8)=0 v8) v1 ==== 127+0+0 (secure 0 0 0) 0x7f742c0172b0 con 0x7f7438106da0
2024-04-26T07:17:36.012 INFO:teuthology.orchestra.run.smithi150.stdout:/usr/bin/ceph: stderr
2024-04-26T07:17:35.453+0000 7f743fd82700 1 -- 172.21.15.150:0/3589980169 >> [v2:172.21.15.150:6800/1761306534,v1:172.21.15.150:6801/1761306534] conn(0x7f74240383d0 msgr2=0x7f742403a890 secure :-1 s=STATE_CONNECTION_ESTABLISHED l=1).mark_down
2024-04-26T07:17:36.012 INFO:teuthology.orchestra.run.smithi150.stdout:/usr/bin/ceph: stderr
2024-04-26T07:17:35.453+0000 7f743fd82700 1 --2- 172.21.15.150:0/3589980169 >> [v2:172.21.15.150:6800/1761306534,v1:172.21.15.150:6801/1761306534] conn(0x7f74240383d0 0x7f742403a890 secure :-1 s=READY pgs=10 cs=0 l=1 rev1=1 crypto rx=0x7f7434006fd0 tx=0x7f7434006e40 comp rx=0 tx=0).stop
2024-04-26T07:17:36.012 INFO:teuthology.orchestra.run.smithi150.stdout:/usr/bin/ceph: stderr
2024-04-26T07:17:35.453+0000 7f743fd82700 1 -- 172.21.15.150:0/3589980169 >> [v2:172.21.15.150:3300/0,v1:172.21.15.150:6789/0] conn(0x7f7438106da0 msgr2=0x7f743819c240 secure :-1 s=STATE_CONNECTION_ESTABLISHED l=1).mark_down
2024-04-26T07:17:36.012 INFO:teuthology.orchestra.run.smithi150.stdout:/usr/bin/ceph: stderr
2024-04-26T07:17:35.453+0000 7f743fd82700 1 --2- 172.21.15.150:0/3589980169 >> [v2:172.21.15.150:3300/0,v1:172.21.15.150:6789/0] conn(0x7f7438106da0 0x7f743819c240 secure :-1 s=READY pgs=87 cs=0 l=1 rev1=1 crypto rx=0x7f742c006af0 tx=0x7f742c011b20 comp rx=0 tx=0).stop
2024-04-26T07:17:36.012 INFO:teuthology.orchestra.run.smithi150.stdout:/usr/bin/ceph: stderr
2024-04-26T07:17:35.453+0000 7f743fd82700 1 -- 172.21.15.150:0/3589980169 shutdown_connections
2024-04-26T07:17:36.012 INFO:teuthology.orchestra.run.smithi150.stdout:/usr/bin/ceph: stderr
2024-04-26T07:17:35.453+0000 7f743fd82700 1 --2- 172.21.15.150:0/3589980169 >> [v2:172.21.15.150:6800/1761306534,v1:172.21.15.150:6801/1761306534] conn(0x7f74240383d0 0x7f742403a890 unknown :-1 s=CLOSED pgs=10 cs=0 l=1 rev1=1 crypto rx=0 tx=0 comp rx=0 tx=0).stop
2024-04-26T07:17:36.012 INFO:teuthology.orchestra.run.smithi150.stdout:/usr/bin/ceph: stderr
2024-04-26T07:17:35.453+0000 7f743fd82700 1 --2- 172.21.15.150:0/3589980169 >> [v2:172.21.15.150:3300/0,v1:172.21.15.150:6789/0] conn(0x7f7438106da0 0x7f743819c240 unknown :-1 s=CLOSED pgs=87 cs=0 l=1 rev1=1 crypto rx=0 tx=0 comp rx=0 tx=0).stop
2024-04-26T07:17:36.012 INFO:teuthology.orchestra.run.smithi150.stdout:/usr/bin/ceph: stderr
2024-04-26T07:17:35.453+0000 7f743fd82700 1 -- 172.21.15.150:0/3589980169 >> 172.21.15.150:0/3589980169 conn(0x7f74381007f0 msgr2=0x7f7438101eb0 unknown :-1 s=STATE_NONE l=0).mark_down
2024-04-26T07:17:36.012 INFO:teuthology.orchestra.run.smithi150.stdout:/usr/bin/ceph: stderr
2024-04-26T07:17:35.453+0000 7f743fd82700 1 -- 172.21.15.150:0/3589980169 shutdown_connections
2024-04-26T07:17:36.012 INFO:teuthology.orchestra.run.smithi150.stdout:/usr/bin/ceph: stderr
2024-04-26T07:17:35.453+0000 7f743fd82700 1 -- 172.21.15.150:0/3589980169 wait complete.
2024-04-26T07:17:37.548 INFO:teuthology.orchestra.run.smithi150.stdout:/usr/bin/ceph: stderr
2024-04-26T07:17:36.563+0000 7f4b1d3aa700 1 Processor -- start
2024-04-26T07:17:37.549 INFO:teuthology.orchestra.run.smithi150.stdout:/usr/bin/ceph: stderr
2024-04-26T07:17:36.563+0000 7f4b1d3aa700 1 -- start start
2024-04-26T07:17:37.549 INFO:teuthology.orchestra.run.smithi150.stdout:/usr/bin/ceph: stderr
2024-04-26T07:17:36.563+0000 7f4b1d3aa700 1 --2- >> [v2:172.21.15.150:3300/0,v1:172.21.15.150:6789/0] conn(0x7f4b18106de0 0x7f4b181091d0 unknown :-1 s=NONE pgs=0 cs=0 l=0 rev1=0 crypto rx=0 tx=0 comp rx=0 tx=0).connect
2024-04-26T07:17:37.549 INFO:teuthology.orchestra.run.smithi150.stdout:/usr/bin/ceph: stderr
2024-04-26T07:17:36.563+0000 7f4b1d3aa700 1 -- --> [v2:172.21.15.150:3300/0,v1:172.21.15.150:6789/0] -- mon_getmap magic: 0 v1 -- 0x7f4b18079da0 con 0x7f4b18106de0
2024-04-26T07:17:37.549 INFO:teuthology.orchestra.run.smithi150.stdout:/usr/bin/ceph: stderr
2024-04-26T07:17:36.563+0000 7f4b16ffd700 1 --2- >> [v2:172.21.15.150:3300/0,v1:172.21.15.150:6789/0] conn(0x7f4b18106de0 0x7f4b181091d0 unknown :-1 s=BANNER_CONNECTING pgs=0 cs=0 l=0 rev1=0 crypto rx=0 tx=0 comp rx=0 tx=0)._handle_peer_banner_payload supported=3 required=0
2024-04-26T07:17:37.549 INFO:teuthology.orchestra.run.smithi150.stdout:/usr/bin/ceph: stderr
2024-04-26T07:17:36.563+0000 7f4b16ffd700 1 --2- >> [v2:172.21.15.150:3300/0,v1:172.21.15.150:6789/0] conn(0x7f4b18106de0 0x7f4b181091d0 unknown :-1 s=HELLO_CONNECTING pgs=0 cs=0 l=0 rev1=1 crypto rx=0 tx=0 comp rx=0 tx=0).handle_hello peer v2:172.21.15.150:3300/0 says I am v2:172.21.15.150:54398/0 (socket says 172.21.15.150:54398)
2024-04-26T07:17:37.549 INFO:teuthology.orchestra.run.smithi150.stdout:/usr/bin/ceph: stderr
2024-04-26T07:17:36.563+0000 7f4b16ffd700 1 -- 172.21.15.150:0/356188834 learned_addr learned my addr 172.21.15.150:0/356188834 (peer_addr_for_me v2:172.21.15.150:0/0)
2024-04-26T07:17:37.549 INFO:teuthology.orchestra.run.smithi150.stdout:/usr/bin/ceph: stderr
2024-04-26T07:17:36.564+0000 7f4b16ffd700 1 -- 172.21.15.150:0/356188834 --> [v2:172.21.15.150:3300/0,v1:172.21.15.150:6789/0] -- mon_subscribe({config=0+,monmap=0+}) v3 -- 0x7f4b18109710 con 0x7f4b18106de0
2024-04-26T07:17:37.549 INFO:teuthology.orchestra.run.smithi150.stdout:/usr/bin/ceph: stderr
2024-04-26T07:17:36.564+0000 7f4b16ffd700 1 --2- 172.21.15.150:0/356188834 >> [v2:172.21.15.150:3300/0,v1:172.21.15.150:6789/0] conn(0x7f4b18106de0 0x7f4b181091d0 secure :-1 s=READY pgs=88 cs=0 l=1 rev1=1 crypto rx=0x7f4b080098a0 tx=0x7f4b08009bb0 comp rx=0 tx=0).ready entity=mon.0 client_cookie=bfa03f79e4d09904 server_cookie=0 in_seq=0 out_seq=0
2024-04-26T07:17:37.549 INFO:teuthology.orchestra.run.smithi150.stdout:/usr/bin/ceph: stderr
2024-04-26T07:17:36.564+0000 7f4b15ffb700 1 -- 172.21.15.150:0/356188834 <== mon.0 v2:172.21.15.150:3300/0 1 ==== mon_map magic: 0 v1 ==== 229+0+0 (secure 0 0 0) 0x7f4b08004180 con 0x7f4b18106de0
2024-04-26T07:17:37.549 INFO:teuthology.orchestra.run.smithi150.stdout:/usr/bin/ceph: stderr
2024-04-26T07:17:36.564+0000 7f4b15ffb700 1 -- 172.21.15.150:0/356188834 <== mon.0 v2:172.21.15.150:3300/0 2 ==== config(26 keys) v1 ==== 1066+0+0 (secure 0 0 0) 0x7f4b080042e0 con 0x7f4b18106de0
2024-04-26T07:17:37.549 INFO:teuthology.orchestra.run.smithi150.stdout:/usr/bin/ceph: stderr
2024-04-26T07:17:36.564+0000 7f4b15ffb700 1 -- 172.21.15.150:0/356188834 <== mon.0 v2:172.21.15.150:3300/0 3 ==== mon_map magic: 0 v1 ==== 229+0+0 (secure 0 0 0) 0x7f4b08011a30 con 0x7f4b18106de0
2024-04-26T07:17:37.549 INFO:teuthology.orchestra.run.smithi150.stdout:/usr/bin/ceph: stderr
2024-04-26T07:17:36.564+0000 7f4b1d3aa700 1 -- 172.21.15.150:0/356188834 >> [v2:172.21.15.150:3300/0,v1:172.21.15.150:6789/0] conn(0x7f4b18106de0 msgr2=0x7f4b181091d0 secure :-1 s=STATE_CONNECTION_ESTABLISHED l=1).mark_down
2024-04-26T07:17:37.550 INFO:teuthology.orchestra.run.smithi150.stdout:/usr/bin/ceph: stderr
2024-04-26T07:17:36.564+0000 7f4b1d3aa700 1 --2- 172.21.15.150:0/356188834 >> [v2:172.21.15.150:3300/0,v1:172.21.15.150:6789/0] conn(0x7f4b18106de0 0x7f4b181091d0 secure :-1 s=READY pgs=88 cs=0 l=1 rev1=1 crypto rx=0x7f4b080098a0 tx=0x7f4b08009bb0 comp rx=0 tx=0).stop
2024-04-26T07:17:37.550 INFO:teuthology.orchestra.run.smithi150.stdout:/usr/bin/ceph: stderr
2024-04-26T07:17:36.564+0000 7f4b1d3aa700 1 -- 172.21.15.150:0/356188834 shutdown_connections
2024-04-26T07:17:37.550 INFO:teuthology.orchestra.run.smithi150.stdout:/usr/bin/ceph: stderr
2024-04-26T07:17:36.564+0000 7f4b1d3aa700 1 --2- 172.21.15.150:0/356188834 >> [v2:172.21.15.150:3300/0,v1:172.21.15.150:6789/0] conn(0x7f4b18106de0 0x7f4b181091d0 unknown :-1 s=CLOSED pgs=88 cs=0 l=1 rev1=1 crypto rx=0 tx=0 comp rx=0 tx=0).stop
2024-04-26T07:17:37.550 INFO:teuthology.orchestra.run.smithi150.stdout:/usr/bin/ceph: stderr
2024-04-26T07:17:36.564+0000 7f4b1d3aa700 1 -- 172.21.15.150:0/356188834 >> 172.21.15.150:0/356188834 conn(0x7f4b181007d0 msgr2=0x7f4b18102c10 unknown :-1 s=STATE_NONE l=0).mark_down
2024-04-26T07:17:37.550 INFO:teuthology.orchestra.run.smithi150.stdout:/usr/bin/ceph: stderr
2024-04-26T07:17:36.564+0000 7f4b1d3aa700 1 -- 172.21.15.150:0/356188834 shutdown_connections
2024-04-26T07:17:37.550 INFO:teuthology.orchestra.run.smithi150.stdout:/usr/bin/ceph: stderr
2024-04-26T07:17:36.564+0000 7f4b1d3aa700 1 -- 172.21.15.150:0/356188834 wait complete.
2024-04-26T07:17:37.550 INFO:teuthology.orchestra.run.smithi150.stdout:/usr/bin/ceph: stderr
2024-04-26T07:17:36.565+0000 7f4b1d3aa700 1 Processor -- start
2024-04-26T07:17:37.550 INFO:teuthology.orchestra.run.smithi150.stdout:/usr/bin/ceph: stderr
2024-04-26T07:17:36.565+0000 7f4b1d3aa700 1 -- start start
2024-04-26T07:17:37.550 INFO:teuthology.orchestra.run.smithi150.stdout:/usr/bin/ceph: stderr
2024-04-26T07:17:36.565+0000 7f4b1d3aa700 1 --2- >> [v2:172.21.15.150:3300/0,v1:172.21.15.150:6789/0] conn(0x7f4b18106de0 0x7f4b18106740 unknown :-1 s=NONE pgs=0 cs=0 l=1 rev1=0 crypto rx=0 tx=0 comp rx=0 tx=0).connect
2024-04-26T07:17:37.550 INFO:teuthology.orchestra.run.smithi150.stdout:/usr/bin/ceph: stderr
2024-04-26T07:17:36.565+0000 7f4b1d3aa700 1 -- --> [v2:172.21.15.150:3300/0,v1:172.21.15.150:6789/0] -- mon_getmap magic: 0 v1 -- 0x7f4b18106c80 con 0x7f4b18106de0
2024-04-26T07:17:37.550 INFO:teuthology.orchestra.run.smithi150.stdout:/usr/bin/ceph: stderr
2024-04-26T07:17:36.565+0000 7f4b16ffd700 1 --2- >> [v2:172.21.15.150:3300/0,v1:172.21.15.150:6789/0] conn(0x7f4b18106de0 0x7f4b18106740 unknown :-1 s=BANNER_CONNECTING pgs=0 cs=0 l=1 rev1=0 crypto rx=0 tx=0 comp rx=0 tx=0)._handle_peer_banner_payload supported=3 required=0
2024-04-26T07:17:37.550 INFO:teuthology.orchestra.run.smithi150.stdout:/usr/bin/ceph: stderr
2024-04-26T07:17:36.565+0000 7f4b16ffd700 1 --2- >> [v2:172.21.15.150:3300/0,v1:172.21.15.150:6789/0] conn(0x7f4b18106de0 0x7f4b18106740 unknown :-1 s=HELLO_CONNECTING pgs=0 cs=0 l=1 rev1=1 crypto rx=0 tx=0 comp rx=0 tx=0).handle_hello peer v2:172.21.15.150:3300/0 says I am v2:172.21.15.150:54410/0 (socket says 172.21.15.150:54410)
2024-04-26T07:17:37.550 INFO:teuthology.orchestra.run.smithi150.stdout:/usr/bin/ceph: stderr
2024-04-26T07:17:36.565+0000 7f4b16ffd700 1 -- 172.21.15.150:0/3981378895 learned_addr learned my addr 172.21.15.150:0/3981378895 (peer_addr_for_me v2:172.21.15.150:0/0)
2024-04-26T07:17:37.550 INFO:teuthology.orchestra.run.smithi150.stdout:/usr/bin/ceph: stderr
2024-04-26T07:17:36.566+0000 7f4b16ffd700 1 -- 172.21.15.150:0/3981378895 --> [v2:172.21.15.150:3300/0,v1:172.21.15.150:6789/0] -- mon_subscribe({config=0+,monmap=0+}) v3 -- 0x7f4b08009550 con 0x7f4b18106de0
2024-04-26T07:17:37.551 INFO:teuthology.orchestra.run.smithi150.stdout:/usr/bin/ceph: stderr
2024-04-26T07:17:36.566+0000 7f4b16ffd700 1 --2- 172.21.15.150:0/3981378895 >> [v2:172.21.15.150:3300/0,v1:172.21.15.150:6789/0] conn(0x7f4b18106de0 0x7f4b18106740 secure :-1 s=READY pgs=89 cs=0 l=1 rev1=1 crypto rx=0x7f4b08011a00 tx=0x7f4b08011ae0 comp rx=0 tx=0).ready entity=mon.0 client_cookie=0 server_cookie=0 in_seq=0 out_seq=0
2024-04-26T07:17:37.551 INFO:teuthology.orchestra.run.smithi150.stdout:/usr/bin/ceph: stderr
2024-04-26T07:17:36.566+0000 7f4afffff700 1 -- 172.21.15.150:0/3981378895 <== mon.0 v2:172.21.15.150:3300/0 1 ==== mon_map magic: 0 v1 ==== 229+0+0 (secure 0 0 0) 0x7f4b08003bc0 con 0x7f4b18106de0
2024-04-26T07:17:37.551 INFO:teuthology.orchestra.run.smithi150.stdout:/usr/bin/ceph: stderr
2024-04-26T07:17:36.566+0000 7f4afffff700 1 -- 172.21.15.150:0/3981378895 <== mon.0 v2:172.21.15.150:3300/0 2 ==== config(26 keys) v1 ==== 1066+0+0 (secure 0 0 0) 0x7f4b080248c0 con 0x7f4b18106de0
2024-04-26T07:17:37.551 INFO:teuthology.orchestra.run.smithi150.stdout:/usr/bin/ceph: stderr
2024-04-26T07:17:36.566+0000 7f4afffff700 1 -- 172.21.15.150:0/3981378895 <== mon.0 v2:172.21.15.150:3300/0 3 ==== mon_map magic: 0 v1 ==== 229+0+0 (secure 0 0 0) 0x7f4b0801a850 con 0x7f4b18106de0
2024-04-26T07:17:37.551 INFO:teuthology.orchestra.run.smithi150.stdout:/usr/bin/ceph: stderr
2024-04-26T07:17:36.566+0000 7f4b1d3aa700 1 -- 172.21.15.150:0/3981378895 --> [v2:172.21.15.150:3300/0,v1:172.21.15.150:6789/0] -- mon_subscribe({mgrmap=0+}) v3 -- 0x7f4b18104d90 con 0x7f4b18106de0
2024-04-26T07:17:37.551 INFO:teuthology.orchestra.run.smithi150.stdout:/usr/bin/ceph: stderr
2024-04-26T07:17:36.566+0000 7f4b1d3aa700 1 -- 172.21.15.150:0/3981378895 --> [v2:172.21.15.150:3300/0,v1:172.21.15.150:6789/0] -- mon_subscribe({osdmap=0}) v3 -- 0x7f4b181051b0 con 0x7f4b18106de0
2024-04-26T07:17:37.551 INFO:teuthology.orchestra.run.smithi150.stdout:/usr/bin/ceph: stderr
2024-04-26T07:17:36.567+0000 7f4afffff700 1 -- 172.21.15.150:0/3981378895 <== mon.0 v2:172.21.15.150:3300/0 4 ==== mgrmap(e 13) v1 ==== 45340+0+0 (secure 0 0 0) 0x7f4b08024430 con 0x7f4b18106de0
2024-04-26T07:17:37.551 INFO:teuthology.orchestra.run.smithi150.stdout:/usr/bin/ceph: stderr
2024-04-26T07:17:36.567+0000 7f4b1d3aa700 1 -- 172.21.15.150:0/3981378895 --> [v2:172.21.15.150:3300/0,v1:172.21.15.150:6789/0] -- mon_command({"prefix": "get_command_descriptions"} v 0) v1 -- 0x7f4b1810a440 con 0x7f4b18106de0
2024-04-26T07:17:37.551 INFO:teuthology.orchestra.run.smithi150.stdout:/usr/bin/ceph: stderr
2024-04-26T07:17:36.567+0000 7f4afffff700 1 --2- 172.21.15.150:0/3981378895 >> [v2:172.21.15.150:6800/1761306534,v1:172.21.15.150:6801/1761306534] conn(0x7f4b00038460 0x7f4b0003a920 unknown :-1 s=NONE pgs=0 cs=0 l=1 rev1=0 crypto rx=0 tx=0 comp rx=0 tx=0).connect
2024-04-26T07:17:37.551 INFO:teuthology.orchestra.run.smithi150.stdout:/usr/bin/ceph: stderr
2024-04-26T07:17:36.567+0000 7f4afffff700 1 -- 172.21.15.150:0/3981378895 <== mon.0 v2:172.21.15.150:3300/0 5 ==== osd_map(3..3 src has 1..3) v4 ==== 1155+0+0 (secure 0 0 0) 0x7f4b0804c8f0 con 0x7f4b18106de0
2024-04-26T07:17:37.551 INFO:teuthology.orchestra.run.smithi150.stdout:/usr/bin/ceph: stderr
2024-04-26T07:17:36.567+0000 7f4b167fc700 1 --2- 172.21.15.150:0/3981378895 >> [v2:172.21.15.150:6800/1761306534,v1:172.21.15.150:6801/1761306534] conn(0x7f4b00038460 0x7f4b0003a920 unknown :-1 s=BANNER_CONNECTING pgs=0 cs=0 l=1 rev1=0 crypto rx=0 tx=0 comp rx=0 tx=0)._handle_peer_banner_payload supported=3 required=0
2024-04-26T07:17:37.551 INFO:teuthology.orchestra.run.smithi150.stdout:/usr/bin/ceph: stderr
2024-04-26T07:17:36.567+0000 7f4b167fc700 1 --2- 172.21.15.150:0/3981378895 >> [v2:172.21.15.150:6800/1761306534,v1:172.21.15.150:6801/1761306534] conn(0x7f4b00038460 0x7f4b0003a920 secure :-1 s=READY pgs=11 cs=0 l=1 rev1=1 crypto rx=0x7f4b0c006fd0 tx=0x7f4b0c006e40 comp rx=0 tx=0).ready entity=mgr.14162 client_cookie=0 server_cookie=0 in_seq=0 out_seq=0
2024-04-26T07:17:37.551 INFO:teuthology.orchestra.run.smithi150.stdout:/usr/bin/ceph: stderr
2024-04-26T07:17:36.572+0000 7f4afffff700 1 -- 172.21.15.150:0/3981378895 <== mon.0 v2:172.21.15.150:3300/0 6 ==== mon_command_ack([{"prefix": "get_command_descriptions"}]=0 v0) v1 ==== 72+0+180422 (secure 0 0 0) 0x7f4b08018b40 con 0x7f4b18106de0
2024-04-26T07:17:37.551 INFO:teuthology.orchestra.run.smithi150.stdout:/usr/bin/ceph: stderr
2024-04-26T07:17:36.862+0000 7f4b1d3aa700 1 -- 172.21.15.150:0/3981378895 --> [v2:172.21.15.150:3300/0,v1:172.21.15.150:6789/0] -- mon_command([{prefix=config-key set, key=mgr/dashboard/cluster/status}] v 0) v1 -- 0x7f4b1810a660 con 0x7f4b18106de0
2024-04-26T07:17:37.552 INFO:teuthology.orchestra.run.smithi150.stdout:/usr/bin/ceph: stderr
2024-04-26T07:17:36.864+0000 7f4afffff700 1 -- 172.21.15.150:0/3981378895 <== mon.0 v2:172.21.15.150:3300/0 7 ==== mon_command_ack([{prefix=config-key set, key=mgr/dashboard/cluster/status}]=0 set mgr/dashboard/cluster/status v34)=0 set mgr/dashboard/cluster/status v34) v1 ==== 153+0+0 (secure 0 0 0) 0x7f4b0802c350 con 0x7f4b18106de0
2024-04-26T07:17:37.552 INFO:teuthology.orchestra.run.smithi150.stdout:/usr/bin/ceph: stderr
2024-04-26T07:17:36.866+0000 7f4b1d3aa700 1 -- 172.21.15.150:0/3981378895 >> [v2:172.21.15.150:6800/1761306534,v1:172.21.15.150:6801/1761306534] conn(0x7f4b00038460 msgr2=0x7f4b0003a920 secure :-1 s=STATE_CONNECTION_ESTABLISHED l=1).mark_down
2024-04-26T07:17:37.552 INFO:teuthology.orchestra.run.smithi150.stdout:/usr/bin/ceph: stderr
2024-04-26T07:17:36.866+0000 7f4b1d3aa700 1 --2- 172.21.15.150:0/3981378895 >> [v2:172.21.15.150:6800/1761306534,v1:172.21.15.150:6801/1761306534] conn(0x7f4b00038460 0x7f4b0003a920 secure :-1 s=READY pgs=11 cs=0 l=1 rev1=1 crypto rx=0x7f4b0c006fd0 tx=0x7f4b0c006e40 comp rx=0 tx=0).stop
2024-04-26T07:17:37.552 INFO:teuthology.orchestra.run.smithi150.stdout:/usr/bin/ceph: stderr
2024-04-26T07:17:36.866+0000 7f4b1d3aa700 1 -- 172.21.15.150:0/3981378895 >> [v2:172.21.15.150:3300/0,v1:172.21.15.150:6789/0] conn(0x7f4b18106de0 msgr2=0x7f4b18106740 secure :-1 s=STATE_CONNECTION_ESTABLISHED l=1).mark_down
2024-04-26T07:17:37.552 INFO:teuthology.orchestra.run.smithi150.stdout:/usr/bin/ceph: stderr
2024-04-26T07:17:36.866+0000 7f4b1d3aa700 1 --2- 172.21.15.150:0/3981378895 >> [v2:172.21.15.150:3300/0,v1:172.21.15.150:6789/0] conn(0x7f4b18106de0 0x7f4b18106740 secure :-1 s=READY pgs=89 cs=0 l=1 rev1=1 crypto rx=0x7f4b08011a00 tx=0x7f4b08011ae0 comp rx=0 tx=0).stop
2024-04-26T07:17:37.552 INFO:teuthology.orchestra.run.smithi150.stdout:/usr/bin/ceph: stderr
2024-04-26T07:17:36.866+0000 7f4b1d3aa700 1 -- 172.21.15.150:0/3981378895 shutdown_connections
2024-04-26T07:17:37.552 INFO:teuthology.orchestra.run.smithi150.stdout:/usr/bin/ceph: stderr
2024-04-26T07:17:36.866+0000 7f4b1d3aa700 1 --2- 172.21.15.150:0/3981378895 >> [v2:172.21.15.150:6800/1761306534,v1:172.21.15.150:6801/1761306534] conn(0x7f4b00038460 0x7f4b0003a920 unknown :-1 s=CLOSED pgs=11 cs=0 l=1 rev1=1 crypto rx=0 tx=0 comp rx=0 tx=0).stop
2024-04-26T07:17:37.552 INFO:teuthology.orchestra.run.smithi150.stdout:/usr/bin/ceph: stderr
2024-04-26T07:17:36.866+0000 7f4b1d3aa700 1 --2- 172.21.15.150:0/3981378895 >> [v2:172.21.15.150:3300/0,v1:172.21.15.150:6789/0] conn(0x7f4b18106de0 0x7f4b18106740 unknown :-1 s=CLOSED pgs=89 cs=0 l=1 rev1=1 crypto rx=0 tx=0 comp rx=0 tx=0).stop
2024-04-26T07:17:37.552 INFO:teuthology.orchestra.run.smithi150.stdout:/usr/bin/ceph: stderr
2024-04-26T07:17:36.866+0000 7f4b1d3aa700 1 -- 172.21.15.150:0/3981378895 >> 172.21.15.150:0/3981378895 conn(0x7f4b181007d0 msgr2=0x7f4b18101ef0 unknown :-1 s=STATE_NONE l=0).mark_down
2024-04-26T07:17:37.552 INFO:teuthology.orchestra.run.smithi150.stdout:/usr/bin/ceph: stderr
2024-04-26T07:17:36.867+0000 7f4b1d3aa700 1 -- 172.21.15.150:0/3981378895 shutdown_connections
2024-04-26T07:17:37.552 INFO:teuthology.orchestra.run.smithi150.stdout:/usr/bin/ceph: stderr
2024-04-26T07:17:36.867+0000 7f4b1d3aa700 1 -- 172.21.15.150:0/3981378895 wait complete.
2024-04-26T07:17:37.552 INFO:teuthology.orchestra.run.smithi150.stdout:/usr/bin/ceph: stderr set mgr/dashboard/cluster/status
2024-04-26T07:17:37.552 INFO:teuthology.orchestra.run.smithi150.stdout:You can access the Ceph CLI as following in case of multi-cluster or non-default config:
2024-04-26T07:17:37.552 INFO:teuthology.orchestra.run.smithi150.stdout:
2024-04-26T07:17:37.552 INFO:teuthology.orchestra.run.smithi150.stdout: sudo /home/ubuntu/cephtest/cephadm shell --fsid cd1f2a76-039c-11ef-bc93-c7b262605968 -c /etc/ceph/ceph.conf -k /etc/ceph/ceph.client.admin.keyring
2024-04-26T07:17:37.553 INFO:teuthology.orchestra.run.smithi150.stdout:
2024-04-26T07:17:37.553 INFO:teuthology.orchestra.run.smithi150.stdout:Or, if you are only running a single cluster on this host:
2024-04-26T07:17:37.553 INFO:teuthology.orchestra.run.smithi150.stdout:
2024-04-26T07:17:37.553 INFO:teuthology.orchestra.run.smithi150.stdout: sudo /home/ubuntu/cephtest/cephadm shell
2024-04-26T07:17:37.553 INFO:teuthology.orchestra.run.smithi150.stdout:
2024-04-26T07:17:37.553 INFO:teuthology.orchestra.run.smithi150.stdout:Please consider enabling telemetry to help improve Ceph:
2024-04-26T07:17:37.553 INFO:teuthology.orchestra.run.smithi150.stdout:
2024-04-26T07:17:37.553 INFO:teuthology.orchestra.run.smithi150.stdout: ceph telemetry on
2024-04-26T07:17:37.553 INFO:teuthology.orchestra.run.smithi150.stdout:
2024-04-26T07:17:37.553 INFO:teuthology.orchestra.run.smithi150.stdout:For more information see:
2024-04-26T07:17:37.553 INFO:teuthology.orchestra.run.smithi150.stdout:
2024-04-26T07:17:37.553 INFO:teuthology.orchestra.run.smithi150.stdout: https://docs.ceph.com/en/latest/mgr/telemetry/
2024-04-26T07:17:37.553 INFO:teuthology.orchestra.run.smithi150.stdout:
2024-04-26T07:17:37.553 INFO:teuthology.orchestra.run.smithi150.stdout:Bootstrap complete.
2024-04-26T07:17:37.583 INFO:tasks.cephadm:Fetching config...
2024-04-26T07:17:37.583 DEBUG:teuthology.orchestra.run.smithi150:> set -ex
2024-04-26T07:17:37.583 DEBUG:teuthology.orchestra.run.smithi150:> dd if=/etc/ceph/ceph.conf of=/dev/stdout
2024-04-26T07:17:37.642 INFO:tasks.cephadm:Fetching client.admin keyring...
2024-04-26T07:17:37.642 DEBUG:teuthology.orchestra.run.smithi150:> set -ex
2024-04-26T07:17:37.642 DEBUG:teuthology.orchestra.run.smithi150:> dd if=/etc/ceph/ceph.client.admin.keyring of=/dev/stdout
2024-04-26T07:17:37.702 INFO:tasks.cephadm:Fetching mon keyring...
2024-04-26T07:17:37.702 DEBUG:teuthology.orchestra.run.smithi150:> set -ex
2024-04-26T07:17:37.702 DEBUG:teuthology.orchestra.run.smithi150:> sudo dd if=/var/lib/ceph/cd1f2a76-039c-11ef-bc93-c7b262605968/mon.smithi150/keyring of=/dev/stdout
2024-04-26T07:17:37.770 INFO:tasks.cephadm:Fetching pub ssh key...
2024-04-26T07:17:37.770 DEBUG:teuthology.orchestra.run.smithi150:> set -ex
2024-04-26T07:17:37.770 DEBUG:teuthology.orchestra.run.smithi150:> dd if=/home/ubuntu/cephtest/ceph.pub of=/dev/stdout
2024-04-26T07:17:37.828 INFO:tasks.cephadm:Installing pub ssh key for root users...
2024-04-26T07:17:37.828 DEBUG:teuthology.orchestra.run.smithi150:> sudo install -d -m 0700 /root/.ssh && echo 'ssh-rsa AAAAB3NzaC1yc2EAAAADAQABAAABgQC4EPE0EJFJ0nuaXg/urwFGK18gu18GlJN9HLtBVf4cXTukG2i/6h0aiAww1kI1Nd9/mwHRNF9neyPICXn7AIvCPfp0bK6KTJbBQGcLW6Tqm96gFJgwRJoDkHt60ZSqjqq8HcghMzwuJlXfZS9nVKklVhszSXe5CEV08S0TEI8EhUVHi4+SIYtLQhZpjapeT9zIxUzhDXLr/SjCLfRHFhsAZzD3ck/i+c0pk9sjxTiBw1NrrhynF1C4JykdSaiVCwNAyoNhedXD+r7F329yDxY+0kk8VxPl5kVXVVUGpM9YBrISudFq5CFGRUBOd5M9Wq2yhpVbHZ+FthHfByEja3euuGNPpnCZavA6Ua9t+i3JITTSBLNW9LWPURK4nSyzgQZRdrbJ7SIlckL5yAdcc48Ur5WszoNWV53nkJtG3Ji6EZ/Wp2COj24O+zEgmI1r5nowYLOK6/LUXwLVBLBGju29SS7XVUOQBWynK8rBqkDadmMP0oPuXPA4Kp5FzSgWyUM= ceph-cd1f2a76-039c-11ef-bc93-c7b262605968' | sudo tee -a /root/.ssh/authorized_keys && sudo chmod 0600 /root/.ssh/authorized_keys
2024-04-26T07:17:37.904 INFO:teuthology.orchestra.run.smithi150.stdout:ssh-rsa AAAAB3NzaC1yc2EAAAADAQABAAABgQC4EPE0EJFJ0nuaXg/urwFGK18gu18GlJN9HLtBVf4cXTukG2i/6h0aiAww1kI1Nd9/mwHRNF9neyPICXn7AIvCPfp0bK6KTJbBQGcLW6Tqm96gFJgwRJoDkHt60ZSqjqq8HcghMzwuJlXfZS9nVKklVhszSXe5CEV08S0TEI8EhUVHi4+SIYtLQhZpjapeT9zIxUzhDXLr/SjCLfRHFhsAZzD3ck/i+c0pk9sjxTiBw1NrrhynF1C4JykdSaiVCwNAyoNhedXD+r7F329yDxY+0kk8VxPl5kVXVVUGpM9YBrISudFq5CFGRUBOd5M9Wq2yhpVbHZ+FthHfByEja3euuGNPpnCZavA6Ua9t+i3JITTSBLNW9LWPURK4nSyzgQZRdrbJ7SIlckL5yAdcc48Ur5WszoNWV53nkJtG3Ji6EZ/Wp2COj24O+zEgmI1r5nowYLOK6/LUXwLVBLBGju29SS7XVUOQBWynK8rBqkDadmMP0oPuXPA4Kp5FzSgWyUM= ceph-cd1f2a76-039c-11ef-bc93-c7b262605968
2024-04-26T07:17:37.915 DEBUG:teuthology.orchestra.run.smithi187:> sudo install -d -m 0700 /root/.ssh && echo 'ssh-rsa AAAAB3NzaC1yc2EAAAADAQABAAABgQC4EPE0EJFJ0nuaXg/urwFGK18gu18GlJN9HLtBVf4cXTukG2i/6h0aiAww1kI1Nd9/mwHRNF9neyPICXn7AIvCPfp0bK6KTJbBQGcLW6Tqm96gFJgwRJoDkHt60ZSqjqq8HcghMzwuJlXfZS9nVKklVhszSXe5CEV08S0TEI8EhUVHi4+SIYtLQhZpjapeT9zIxUzhDXLr/SjCLfRHFhsAZzD3ck/i+c0pk9sjxTiBw1NrrhynF1C4JykdSaiVCwNAyoNhedXD+r7F329yDxY+0kk8VxPl5kVXVVUGpM9YBrISudFq5CFGRUBOd5M9Wq2yhpVbHZ+FthHfByEja3euuGNPpnCZavA6Ua9t+i3JITTSBLNW9LWPURK4nSyzgQZRdrbJ7SIlckL5yAdcc48Ur5WszoNWV53nkJtG3Ji6EZ/Wp2COj24O+zEgmI1r5nowYLOK6/LUXwLVBLBGju29SS7XVUOQBWynK8rBqkDadmMP0oPuXPA4Kp5FzSgWyUM= ceph-cd1f2a76-039c-11ef-bc93-c7b262605968' | sudo tee -a /root/.ssh/authorized_keys && sudo chmod 0600 /root/.ssh/authorized_keys
2024-04-26T07:17:37.960 INFO:teuthology.orchestra.run.smithi187.stdout:ssh-rsa AAAAB3NzaC1yc2EAAAADAQABAAABgQC4EPE0EJFJ0nuaXg/urwFGK18gu18GlJN9HLtBVf4cXTukG2i/6h0aiAww1kI1Nd9/mwHRNF9neyPICXn7AIvCPfp0bK6KTJbBQGcLW6Tqm96gFJgwRJoDkHt60ZSqjqq8HcghMzwuJlXfZS9nVKklVhszSXe5CEV08S0TEI8EhUVHi4+SIYtLQhZpjapeT9zIxUzhDXLr/SjCLfRHFhsAZzD3ck/i+c0pk9sjxTiBw1NrrhynF1C4JykdSaiVCwNAyoNhedXD+r7F329yDxY+0kk8VxPl5kVXVVUGpM9YBrISudFq5CFGRUBOd5M9Wq2yhpVbHZ+FthHfByEja3euuGNPpnCZavA6Ua9t+i3JITTSBLNW9LWPURK4nSyzgQZRdrbJ7SIlckL5yAdcc48Ur5WszoNWV53nkJtG3Ji6EZ/Wp2COj24O+zEgmI1r5nowYLOK6/LUXwLVBLBGju29SS7XVUOQBWynK8rBqkDadmMP0oPuXPA4Kp5FzSgWyUM= ceph-cd1f2a76-039c-11ef-bc93-c7b262605968
2024-04-26T07:17:37.972 DEBUG:teuthology.orchestra.run.smithi150:> sudo /home/ubuntu/cephtest/cephadm --image quay.io/ceph/ceph:v18.2.1 shell -c /etc/ceph/ceph.conf -k /etc/ceph/ceph.client.admin.keyring --fsid cd1f2a76-039c-11ef-bc93-c7b262605968 -- ceph config set mgr mgr/cephadm/allow_ptrace true
2024-04-26T07:17:38.293 INFO:teuthology.orchestra.run.smithi150.stderr:Inferring config /var/lib/ceph/cd1f2a76-039c-11ef-bc93-c7b262605968/mon.smithi150/config
2024-04-26T07:17:38.359 INFO:journalctl@ceph.mon.smithi150.smithi150.stdout:Apr 26 07:17:37 smithi150 ceph-mon[39826]: from='client.? 172.21.15.150:0/3981378895' entity='client.admin'
2024-04-26T07:17:40.981 INFO:teuthology.orchestra.run.smithi150.stderr:2024-04-26T07:17:40.979+0000 7f84f1171700 1 -- 172.21.15.150:0/1134191850 >> [v2:172.21.15.150:3300/0,v1:172.21.15.150:6789/0] conn(0x7f84ec102a90 msgr2=0x7f84ec102eb0 secure :-1 s=STATE_CONNECTION_ESTABLISHED l=1).mark_down
2024-04-26T07:17:40.981 INFO:teuthology.orchestra.run.smithi150.stderr:2024-04-26T07:17:40.979+0000 7f84f1171700 1 --2- 172.21.15.150:0/1134191850 >> [v2:172.21.15.150:3300/0,v1:172.21.15.150:6789/0] conn(0x7f84ec102a90 0x7f84ec102eb0 secure :-1 s=READY pgs=90 cs=0 l=1 rev1=1 crypto rx=0x7f84dc009910 tx=0x7f84dc009c20 comp rx=0 tx=0).stop
2024-04-26T07:17:40.981 INFO:teuthology.orchestra.run.smithi150.stderr:2024-04-26T07:17:40.979+0000 7f84f1171700 1 -- 172.21.15.150:0/1134191850 shutdown_connections
2024-04-26T07:17:40.981 INFO:teuthology.orchestra.run.smithi150.stderr:2024-04-26T07:17:40.979+0000 7f84f1171700 1 --2- 172.21.15.150:0/1134191850 >> [v2:172.21.15.150:3300/0,v1:172.21.15.150:6789/0] conn(0x7f84ec102a90 0x7f84ec102eb0 unknown :-1 s=CLOSED pgs=90 cs=0 l=1 rev1=1 crypto rx=0 tx=0 comp rx=0 tx=0).stop
2024-04-26T07:17:40.981 INFO:teuthology.orchestra.run.smithi150.stderr:2024-04-26T07:17:40.979+0000 7f84f1171700 1 -- 172.21.15.150:0/1134191850 >> 172.21.15.150:0/1134191850 conn(0x7f84ec0fe010 msgr2=0x7f84ec100470 unknown :-1 s=STATE_NONE l=0).mark_down
2024-04-26T07:17:40.981 INFO:teuthology.orchestra.run.smithi150.stderr:2024-04-26T07:17:40.979+0000 7f84f1171700 1 -- 172.21.15.150:0/1134191850 shutdown_connections
2024-04-26T07:17:40.981 INFO:teuthology.orchestra.run.smithi150.stderr:2024-04-26T07:17:40.979+0000 7f84f1171700 1 -- 172.21.15.150:0/1134191850 wait complete.
2024-04-26T07:17:40.981 INFO:teuthology.orchestra.run.smithi150.stderr:2024-04-26T07:17:40.979+0000 7f84f1171700 1 Processor -- start
2024-04-26T07:17:40.981 INFO:teuthology.orchestra.run.smithi150.stderr:2024-04-26T07:17:40.980+0000 7f84f1171700 1 -- start start
2024-04-26T07:17:40.982 INFO:teuthology.orchestra.run.smithi150.stderr:2024-04-26T07:17:40.980+0000 7f84f1171700 1 --2- >> [v2:172.21.15.150:3300/0,v1:172.21.15.150:6789/0] conn(0x7f84ec102a90 0x7f84ec197aa0 unknown :-1 s=NONE pgs=0 cs=0 l=1 rev1=0 crypto rx=0 tx=0 comp rx=0 tx=0).connect
2024-04-26T07:17:40.982 INFO:teuthology.orchestra.run.smithi150.stderr:2024-04-26T07:17:40.980+0000 7f84f1171700 1 -- --> [v2:172.21.15.150:3300/0,v1:172.21.15.150:6789/0] -- mon_getmap magic: 0 v1 -- 0x7f84ec197fe0 con 0x7f84ec102a90
2024-04-26T07:17:40.982 INFO:teuthology.orchestra.run.smithi150.stderr:2024-04-26T07:17:40.980+0000 7f84ead9d700 1 --2- >> [v2:172.21.15.150:3300/0,v1:172.21.15.150:6789/0] conn(0x7f84ec102a90 0x7f84ec197aa0 unknown :-1 s=BANNER_CONNECTING pgs=0 cs=0 l=1 rev1=0 crypto rx=0 tx=0 comp rx=0 tx=0)._handle_peer_banner_payload supported=3 required=0
2024-04-26T07:17:40.982 INFO:teuthology.orchestra.run.smithi150.stderr:2024-04-26T07:17:40.980+0000 7f84ead9d700 1 --2- >> [v2:172.21.15.150:3300/0,v1:172.21.15.150:6789/0] conn(0x7f84ec102a90 0x7f84ec197aa0 unknown :-1 s=HELLO_CONNECTING pgs=0 cs=0 l=1 rev1=1 crypto rx=0 tx=0 comp rx=0 tx=0).handle_hello peer v2:172.21.15.150:3300/0 says I am v2:172.21.15.150:54432/0 (socket says 172.21.15.150:54432)
2024-04-26T07:17:40.982 INFO:teuthology.orchestra.run.smithi150.stderr:2024-04-26T07:17:40.980+0000 7f84ead9d700 1 -- 172.21.15.150:0/2111867272 learned_addr learned my addr 172.21.15.150:0/2111867272 (peer_addr_for_me v2:172.21.15.150:0/0)
2024-04-26T07:17:40.982 INFO:teuthology.orchestra.run.smithi150.stderr:2024-04-26T07:17:40.980+0000 7f84ead9d700 1 -- 172.21.15.150:0/2111867272 --> [v2:172.21.15.150:3300/0,v1:172.21.15.150:6789/0] -- mon_subscribe({config=0+,monmap=0+}) v3 -- 0x7f84dc0095f0 con 0x7f84ec102a90
2024-04-26T07:17:40.982 INFO:teuthology.orchestra.run.smithi150.stderr:2024-04-26T07:17:40.980+0000 7f84ead9d700 1 --2- 172.21.15.150:0/2111867272 >> [v2:172.21.15.150:3300/0,v1:172.21.15.150:6789/0] conn(0x7f84ec102a90 0x7f84ec197aa0 secure :-1 s=READY pgs=91 cs=0 l=1 rev1=1 crypto rx=0x7f84dc006010 tx=0x7f84dc0057b0 comp rx=0 tx=0).ready entity=mon.0 client_cookie=0 server_cookie=0 in_seq=0 out_seq=0
2024-04-26T07:17:40.982 INFO:teuthology.orchestra.run.smithi150.stderr:2024-04-26T07:17:40.980+0000 7f84d3fff700 1 -- 172.21.15.150:0/2111867272 <== mon.0 v2:172.21.15.150:3300/0 1 ==== mon_map magic: 0 v1 ==== 229+0+0 (secure 0 0 0) 0x7f84dc01d070 con 0x7f84ec102a90
2024-04-26T07:17:40.982 INFO:teuthology.orchestra.run.smithi150.stderr:2024-04-26T07:17:40.981+0000 7f84f1171700 1 -- 172.21.15.150:0/2111867272 --> [v2:172.21.15.150:3300/0,v1:172.21.15.150:6789/0] -- mon_subscribe({mgrmap=0+}) v3 -- 0x7f84ec1981e0 con 0x7f84ec102a90
2024-04-26T07:17:40.982 INFO:teuthology.orchestra.run.smithi150.stderr:2024-04-26T07:17:40.981+0000 7f84d3fff700 1 -- 172.21.15.150:0/2111867272 <== mon.0 v2:172.21.15.150:3300/0 2 ==== config(26 keys) v1 ==== 1066+0+0 (secure 0 0 0) 0x7f84dc00bdf0 con 0x7f84ec102a90
2024-04-26T07:17:40.982 INFO:teuthology.orchestra.run.smithi150.stderr:2024-04-26T07:17:40.981+0000 7f84d3fff700 1 -- 172.21.15.150:0/2111867272 <== mon.0 v2:172.21.15.150:3300/0 3 ==== mon_map magic: 0 v1 ==== 229+0+0 (secure 0 0 0) 0x7f84dc022e50 con 0x7f84ec102a90
2024-04-26T07:17:40.982 INFO:teuthology.orchestra.run.smithi150.stderr:2024-04-26T07:17:40.981+0000 7f84f1171700 1 -- 172.21.15.150:0/2111867272 --> [v2:172.21.15.150:3300/0,v1:172.21.15.150:6789/0] -- mon_subscribe({osdmap=0}) v3 -- 0x7f84ec198680 con 0x7f84ec102a90
2024-04-26T07:17:40.983 INFO:teuthology.orchestra.run.smithi150.stderr:2024-04-26T07:17:40.981+0000 7f84d3fff700 1 -- 172.21.15.150:0/2111867272 <== mon.0 v2:172.21.15.150:3300/0 4 ==== mgrmap(e 13) v1 ==== 45340+0+0 (secure 0 0 0) 0x7f84dc00f4b0 con 0x7f84ec102a90
2024-04-26T07:17:40.983 INFO:teuthology.orchestra.run.smithi150.stderr:2024-04-26T07:17:40.981+0000 7f84f1171700 1 -- 172.21.15.150:0/2111867272 --> [v2:172.21.15.150:3300/0,v1:172.21.15.150:6789/0] -- mon_command({"prefix": "get_command_descriptions"} v 0) v1 -- 0x7f84ec191570 con 0x7f84ec102a90
2024-04-26T07:17:40.983 INFO:teuthology.orchestra.run.smithi150.stderr:2024-04-26T07:17:40.982+0000 7f84d3fff700 1 --2- 172.21.15.150:0/2111867272 >> [v2:172.21.15.150:6800/1761306534,v1:172.21.15.150:6801/1761306534] conn(0x7f84d4038370 0x7f84d403a830 unknown :-1 s=NONE pgs=0 cs=0 l=1 rev1=0 crypto rx=0 tx=0 comp rx=0 tx=0).connect
2024-04-26T07:17:40.983 INFO:teuthology.orchestra.run.smithi150.stderr:2024-04-26T07:17:40.982+0000 7f84d3fff700 1 -- 172.21.15.150:0/2111867272 <== mon.0 v2:172.21.15.150:3300/0 5 ==== osd_map(3..3 src has 1..3) v4 ==== 1155+0+0 (secure 0 0 0) 0x7f84dc04d3b0 con 0x7f84ec102a90
2024-04-26T07:17:40.984 INFO:teuthology.orchestra.run.smithi150.stderr:2024-04-26T07:17:40.982+0000 7f84ea59c700 1 --2- 172.21.15.150:0/2111867272 >> [v2:172.21.15.150:6800/1761306534,v1:172.21.15.150:6801/1761306534] conn(0x7f84d4038370 0x7f84d403a830 unknown :-1 s=BANNER_CONNECTING pgs=0 cs=0 l=1 rev1=0 crypto rx=0 tx=0 comp rx=0 tx=0)._handle_peer_banner_payload supported=3 required=0
2024-04-26T07:17:40.984 INFO:teuthology.orchestra.run.smithi150.stderr:2024-04-26T07:17:40.982+0000 7f84ea59c700 1 --2- 172.21.15.150:0/2111867272 >> [v2:172.21.15.150:6800/1761306534,v1:172.21.15.150:6801/1761306534] conn(0x7f84d4038370 0x7f84d403a830 secure :-1 s=READY pgs=12 cs=0 l=1 rev1=1 crypto rx=0x7f84e0006fd0 tx=0x7f84e0006e40 comp rx=0 tx=0).ready entity=mgr.14162 client_cookie=0 server_cookie=0 in_seq=0 out_seq=0
2024-04-26T07:17:40.987 INFO:teuthology.orchestra.run.smithi150.stderr:2024-04-26T07:17:40.986+0000 7f84d3fff700 1 -- 172.21.15.150:0/2111867272 <== mon.0 v2:172.21.15.150:3300/0 6 ==== mon_command_ack([{"prefix": "get_command_descriptions"}]=0 v0) v1 ==== 72+0+180422 (secure 0 0 0) 0x7f84dc017440 con 0x7f84ec102a90
2024-04-26T07:17:41.184 INFO:teuthology.orchestra.run.smithi150.stderr:2024-04-26T07:17:41.183+0000 7f84f1171700 1 -- 172.21.15.150:0/2111867272 --> [v2:172.21.15.150:3300/0,v1:172.21.15.150:6789/0] -- mon_command([{prefix=config set, name=mgr/cephadm/allow_ptrace}] v 0) v1 -- 0x7f84ec02cc70 con 0x7f84ec102a90
2024-04-26T07:17:41.187 INFO:teuthology.orchestra.run.smithi150.stderr:2024-04-26T07:17:41.187+0000 7f84d3fff700 1 -- 172.21.15.150:0/2111867272 <== mon.0 v2:172.21.15.150:3300/0 7 ==== mon_command_ack([{prefix=config set, name=mgr/cephadm/allow_ptrace}]=0 v9)=0 v9) v1 ==== 125+0+0 (secure 0 0 0) 0x7f84dc027020 con 0x7f84ec102a90
2024-04-26T07:17:41.190 INFO:teuthology.orchestra.run.smithi150.stderr:2024-04-26T07:17:41.189+0000 7f84f1171700 1 -- 172.21.15.150:0/2111867272 >> [v2:172.21.15.150:6800/1761306534,v1:172.21.15.150:6801/1761306534] conn(0x7f84d4038370 msgr2=0x7f84d403a830 secure :-1 s=STATE_CONNECTION_ESTABLISHED l=1).mark_down
2024-04-26T07:17:41.190 INFO:teuthology.orchestra.run.smithi150.stderr:2024-04-26T07:17:41.189+0000 7f84f1171700 1 --2- 172.21.15.150:0/2111867272 >> [v2:172.21.15.150:6800/1761306534,v1:172.21.15.150:6801/1761306534] conn(0x7f84d4038370 0x7f84d403a830 secure :-1 s=READY pgs=12 cs=0 l=1 rev1=1 crypto rx=0x7f84e0006fd0 tx=0x7f84e0006e40 comp rx=0 tx=0).stop
2024-04-26T07:17:41.190 INFO:teuthology.orchestra.run.smithi150.stderr:2024-04-26T07:17:41.189+0000 7f84f1171700 1 -- 172.21.15.150:0/2111867272 >> [v2:172.21.15.150:3300/0,v1:172.21.15.150:6789/0] conn(0x7f84ec102a90 msgr2=0x7f84ec197aa0 secure :-1 s=STATE_CONNECTION_ESTABLISHED l=1).mark_down
2024-04-26T07:17:41.190 INFO:teuthology.orchestra.run.smithi150.stderr:2024-04-26T07:17:41.189+0000 7f84f1171700 1 --2- 172.21.15.150:0/2111867272 >> [v2:172.21.15.150:3300/0,v1:172.21.15.150:6789/0] conn(0x7f84ec102a90 0x7f84ec197aa0 secure :-1 s=READY pgs=91 cs=0 l=1 rev1=1 crypto rx=0x7f84dc006010 tx=0x7f84dc0057b0 comp rx=0 tx=0).stop
2024-04-26T07:17:41.190 INFO:teuthology.orchestra.run.smithi150.stderr:2024-04-26T07:17:41.189+0000 7f84f1171700 1 -- 172.21.15.150:0/2111867272 shutdown_connections
2024-04-26T07:17:41.190 INFO:teuthology.orchestra.run.smithi150.stderr:2024-04-26T07:17:41.189+0000 7f84f1171700 1 --2- 172.21.15.150:0/2111867272 >> [v2:172.21.15.150:6800/1761306534,v1:172.21.15.150:6801/1761306534] conn(0x7f84d4038370 0x7f84d403a830 unknown :-1 s=CLOSED pgs=12 cs=0 l=1 rev1=1 crypto rx=0 tx=0 comp rx=0 tx=0).stop
2024-04-26T07:17:41.190 INFO:teuthology.orchestra.run.smithi150.stderr:2024-04-26T07:17:41.189+0000 7f84f1171700 1 --2- 172.21.15.150:0/2111867272 >> [v2:172.21.15.150:3300/0,v1:172.21.15.150:6789/0] conn(0x7f84ec102a90 0x7f84ec197aa0 unknown :-1 s=CLOSED pgs=91 cs=0 l=1 rev1=1 crypto rx=0 tx=0 comp rx=0 tx=0).stop
2024-04-26T07:17:41.190 INFO:teuthology.orchestra.run.smithi150.stderr:2024-04-26T07:17:41.189+0000 7f84f1171700 1 -- 172.21.15.150:0/2111867272 >> 172.21.15.150:0/2111867272 conn(0x7f84ec0fe010 msgr2=0x7f84ec0fed10 unknown :-1 s=STATE_NONE l=0).mark_down
2024-04-26T07:17:41.190 INFO:teuthology.orchestra.run.smithi150.stderr:2024-04-26T07:17:41.189+0000 7f84f1171700 1 -- 172.21.15.150:0/2111867272 shutdown_connections
2024-04-26T07:17:41.190 INFO:teuthology.orchestra.run.smithi150.stderr:2024-04-26T07:17:41.190+0000 7f84f1171700 1 -- 172.21.15.150:0/2111867272 wait complete.
2024-04-26T07:17:41.782 INFO:tasks.cephadm:Distributing conf and client.admin keyring to all hosts + 0755
2024-04-26T07:17:41.782 DEBUG:teuthology.orchestra.run.smithi150:> sudo /home/ubuntu/cephtest/cephadm --image quay.io/ceph/ceph:v18.2.1 shell -c /etc/ceph/ceph.conf -k /etc/ceph/ceph.client.admin.keyring --fsid cd1f2a76-039c-11ef-bc93-c7b262605968 -- ceph orch client-keyring set client.admin '*' --mode 0755
2024-04-26T07:17:42.359 INFO:journalctl@ceph.mon.smithi150.smithi150.stdout:Apr 26 07:17:42 smithi150 ceph-mon[39826]: from='client.? 172.21.15.150:0/2111867272' entity='client.admin'
2024-04-26T07:17:42.535 INFO:teuthology.orchestra.run.smithi150.stderr:Inferring config /var/lib/ceph/cd1f2a76-039c-11ef-bc93-c7b262605968/mon.smithi150/config
2024-04-26T07:17:43.859 INFO:journalctl@ceph.mon.smithi150.smithi150.stdout:Apr 26 07:17:43 smithi150 ceph-mon[39826]: from='mgr.14162 172.21.15.150:0/1767592052' entity='mgr.smithi150.ugwvfp'
2024-04-26T07:17:43.859 INFO:journalctl@ceph.mon.smithi150.smithi150.stdout:Apr 26 07:17:43 smithi150 ceph-mon[39826]: from='mgr.14162 172.21.15.150:0/1767592052' entity='mgr.smithi150.ugwvfp'
2024-04-26T07:17:43.859 INFO:journalctl@ceph.mon.smithi150.smithi150.stdout:Apr 26 07:17:43 smithi150 ceph-mon[39826]: from='mgr.14162 172.21.15.150:0/1767592052' entity='mgr.smithi150.ugwvfp' cmd=[{"prefix": "config rm", "who": "osd/host:smithi150", "name": "osd_memory_target"}]: dispatch
2024-04-26T07:17:43.859 INFO:journalctl@ceph.mon.smithi150.smithi150.stdout:Apr 26 07:17:43 smithi150 ceph-mon[39826]: from='mgr.14162 172.21.15.150:0/1767592052' entity='mgr.smithi150.ugwvfp'
2024-04-26T07:17:43.859 INFO:journalctl@ceph.mon.smithi150.smithi150.stdout:Apr 26 07:17:43 smithi150 ceph-mon[39826]: from='mgr.14162 172.21.15.150:0/1767592052' entity='mgr.smithi150.ugwvfp' cmd=[{"prefix": "auth get-or-create", "entity": "client.ceph-exporter.smithi150", "caps": ["mon", "profile ceph-exporter", "mon", "allow r", "mgr", "allow r", "osd", "allow r"]}]: dispatch
2024-04-26T07:17:43.859 INFO:journalctl@ceph.mon.smithi150.smithi150.stdout:Apr 26 07:17:43 smithi150 ceph-mon[39826]: from='mgr.14162 172.21.15.150:0/1767592052' entity='mgr.smithi150.ugwvfp' cmd='[{"prefix": "auth get-or-create", "entity": "client.ceph-exporter.smithi150", "caps": ["mon", "profile ceph-exporter", "mon", "allow r", "mgr", "allow r", "osd", "allow r"]}]': finished
2024-04-26T07:17:43.859 INFO:journalctl@ceph.mon.smithi150.smithi150.stdout:Apr 26 07:17:43 smithi150 ceph-mon[39826]: from='mgr.14162 172.21.15.150:0/1767592052' entity='mgr.smithi150.ugwvfp' cmd=[{"prefix": "config generate-minimal-conf"}]: dispatch
2024-04-26T07:17:43.859 INFO:journalctl@ceph.mon.smithi150.smithi150.stdout:Apr 26 07:17:43 smithi150 ceph-mon[39826]: Deploying daemon ceph-exporter.smithi150 on smithi150
2024-04-26T07:17:45.448 INFO:teuthology.orchestra.run.smithi150.stderr:2024-04-26T07:17:45.398+0000 7f8eb92b9700 1 -- 172.21.15.150:0/4242744163 >> [v2:172.21.15.150:3300/0,v1:172.21.15.150:6789/0] conn(0x7f8eb40feb50 msgr2=0x7f8eb40fef70 secure :-1 s=STATE_CONNECTION_ESTABLISHED l=1).mark_down
2024-04-26T07:17:45.448 INFO:teuthology.orchestra.run.smithi150.stderr:2024-04-26T07:17:45.398+0000 7f8eb92b9700 1 --2- 172.21.15.150:0/4242744163 >> [v2:172.21.15.150:3300/0,v1:172.21.15.150:6789/0] conn(0x7f8eb40feb50 0x7f8eb40fef70 secure :-1 s=READY pgs=92 cs=0 l=1 rev1=1 crypto rx=0x7f8ea4009910 tx=0x7f8ea4009c20 comp rx=0 tx=0).stop
2024-04-26T07:17:45.448 INFO:teuthology.orchestra.run.smithi150.stderr:2024-04-26T07:17:45.398+0000 7f8eb92b9700 1 -- 172.21.15.150:0/4242744163 shutdown_connections
2024-04-26T07:17:45.448 INFO:teuthology.orchestra.run.smithi150.stderr:2024-04-26T07:17:45.398+0000 7f8eb92b9700 1 --2- 172.21.15.150:0/4242744163 >> [v2:172.21.15.150:3300/0,v1:172.21.15.150:6789/0] conn(0x7f8eb40feb50 0x7f8eb40fef70 unknown :-1 s=CLOSED pgs=92 cs=0 l=1 rev1=1 crypto rx=0 tx=0 comp rx=0 tx=0).stop
2024-04-26T07:17:45.448 INFO:teuthology.orchestra.run.smithi150.stderr:2024-04-26T07:17:45.398+0000 7f8eb92b9700 1 -- 172.21.15.150:0/4242744163 >> 172.21.15.150:0/4242744163 conn(0x7f8eb40fa4b0 msgr2=0x7f8eb40fc8f0 unknown :-1 s=STATE_NONE l=0).mark_down
2024-04-26T07:17:45.448 INFO:teuthology.orchestra.run.smithi150.stderr:2024-04-26T07:17:45.398+0000 7f8eb92b9700 1 -- 172.21.15.150:0/4242744163 shutdown_connections
2024-04-26T07:17:45.448 INFO:teuthology.orchestra.run.smithi150.stderr:2024-04-26T07:17:45.398+0000 7f8eb92b9700 1 -- 172.21.15.150:0/4242744163 wait complete.
