2024-04-26T07:16:42.581 INFO:teuthology.orchestra.run.smithi150.stdout:/usr/bin/ceph: stderr
2024-04-26T07:16:36.461+0000 7f0133933700 1 -- 172.21.15.150:0/637717598 --> [v2:172.21.15.150:3300/0,v1:172.21.15.150:6789/0] -- mon_command({"prefix": "get_command_descriptions"} v 0) v1 -- 0x7f012c0623c0 con 0x7f012c105230
2024-04-26T07:16:42.581 INFO:teuthology.orchestra.run.smithi150.stdout:/usr/bin/ceph: stderr
2024-04-26T07:16:36.461+0000 7f01227fc700 1 -- 172.21.15.150:0/637717598 <== mon.0 v2:172.21.15.150:3300/0 5 ==== osd_map(1..1 src has 1..1) v4 ==== 725+0+0 (secure 0 0 0) 0x7f011c04c6b0 con 0x7f012c105230
2024-04-26T07:16:42.581 INFO:teuthology.orchestra.run.smithi150.stdout:/usr/bin/ceph: stderr
2024-04-26T07:16:36.461+0000 7f0130ece700 1 --2- 172.21.15.150:0/637717598 >> [v2:172.21.15.150:6800/2544309554,v1:172.21.15.150:6801/2544309554] conn(0x7f0118038290 0x7f011803a750 unknown :-1 s=BANNER_CONNECTING pgs=0 cs=0 l=1 rev1=0 crypto rx=0 tx=0 comp rx=0 tx=0)._handle_peer_banner_payload supported=3 required=0
2024-04-26T07:16:42.581 INFO:teuthology.orchestra.run.smithi150.stdout:/usr/bin/ceph: stderr
2024-04-26T07:16:36.461+0000 7f0130ece700 1 --2- 172.21.15.150:0/637717598 >> [v2:172.21.15.150:6800/2544309554,v1:172.21.15.150:6801/2544309554] conn(0x7f0118038290 0x7f011803a750 secure :-1 s=READY pgs=6 cs=0 l=1 rev1=1 crypto rx=0x7f0128006fd0 tx=0x7f0128006e40 comp rx=0 tx=0).ready entity=mgr.14100 client_cookie=0 server_cookie=0 in_seq=0 out_seq=0
2024-04-26T07:16:42.582 INFO:teuthology.orchestra.run.smithi150.stdout:/usr/bin/ceph: stderr
2024-04-26T07:16:36.466+0000 7f01227fc700 1 -- 172.21.15.150:0/637717598 <== mon.0 v2:172.21.15.150:3300/0 6 ==== mon_command_ack([{"prefix": "get_command_descriptions"}]=0 v0) v1 ==== 72+0+180422 (secure 0 0 0) 0x7f011c019cf0 con 0x7f012c105230
2024-04-26T07:16:42.582 INFO:teuthology.orchestra.run.smithi150.stdout:/usr/bin/ceph: stderr
2024-04-26T07:16:36.731+0000 7f0133933700 1 -- 172.21.15.150:0/637717598 --> [v2:172.21.15.150:3300/0,v1:172.21.15.150:6789/0] -- mon_command({"prefix": "status", "format": "json-pretty"} v 0) v1 -- 0x7f012c109660 con 0x7f012c105230
2024-04-26T07:16:42.582 INFO:teuthology.orchestra.run.smithi150.stdout:/usr/bin/ceph: stderr
2024-04-26T07:16:36.732+0000 7f01227fc700 1 -- 172.21.15.150:0/637717598 <== mon.0 v2:172.21.15.150:3300/0 7 ==== mon_command_ack([{"prefix": "status", "format": "json-pretty"}]=0 v0) v1 ==== 79+0+1246 (secure 0 0 0) 0x7f011c018350 con 0x7f012c105230
2024-04-26T07:16:42.582 INFO:teuthology.orchestra.run.smithi150.stdout:/usr/bin/ceph: stderr
2024-04-26T07:16:36.734+0000 7f0133933700 1 -- 172.21.15.150:0/637717598 >> [v2:172.21.15.150:6800/2544309554,v1:172.21.15.150:6801/2544309554] conn(0x7f0118038290 msgr2=0x7f011803a750 secure :-1 s=STATE_CONNECTION_ESTABLISHED l=1).mark_down
2024-04-26T07:16:42.582 INFO:teuthology.orchestra.run.smithi150.stdout:/usr/bin/ceph: stderr
2024-04-26T07:16:36.734+0000 7f0133933700 1 --2- 172.21.15.150:0/637717598 >> [v2:172.21.15.150:6800/2544309554,v1:172.21.15.150:6801/2544309554] conn(0x7f0118038290 0x7f011803a750 secure :-1 s=READY pgs=6 cs=0 l=1 rev1=1 crypto rx=0x7f0128006fd0 tx=0x7f0128006e40 comp rx=0 tx=0).stop
2024-04-26T07:16:42.582 INFO:teuthology.orchestra.run.smithi150.stdout:/usr/bin/ceph: stderr
2024-04-26T07:16:36.734+0000 7f0133933700 1 -- 172.21.15.150:0/637717598 >> [v2:172.21.15.150:3300/0,v1:172.21.15.150:6789/0] conn(0x7f012c105230 msgr2=0x7f012c19a060 secure :-1 s=STATE_CONNECTION_ESTABLISHED l=1).mark_down
2024-04-26T07:16:42.582 INFO:teuthology.orchestra.run.smithi150.stdout:/usr/bin/ceph: stderr
2024-04-26T07:16:36.734+0000 7f0133933700 1 --2- 172.21.15.150:0/637717598 >> [v2:172.21.15.150:3300/0,v1:172.21.15.150:6789/0] conn(0x7f012c105230 0x7f012c19a060 secure :-1 s=READY pgs=17 cs=0 l=1 rev1=1 crypto rx=0x7f011c009130 tx=0x7f011c011a30 comp rx=0 tx=0).stop
2024-04-26T07:16:42.582 INFO:teuthology.orchestra.run.smithi150.stdout:/usr/bin/ceph: stderr
2024-04-26T07:16:36.734+0000 7f0133933700 1 -- 172.21.15.150:0/637717598 shutdown_connections
2024-04-26T07:16:42.582 INFO:teuthology.orchestra.run.smithi150.stdout:/usr/bin/ceph: stderr
2024-04-26T07:16:36.734+0000 7f0133933700 1 --2- 172.21.15.150:0/637717598 >> [v2:172.21.15.150:6800/2544309554,v1:172.21.15.150:6801/2544309554] conn(0x7f0118038290 0x7f011803a750 unknown :-1 s=CLOSED pgs=6 cs=0 l=1 rev1=1 crypto rx=0 tx=0 comp rx=0 tx=0).stop
2024-04-26T07:16:42.582 INFO:teuthology.orchestra.run.smithi150.stdout:/usr/bin/ceph: stderr
2024-04-26T07:16:36.734+0000 7f0133933700 1 --2- 172.21.15.150:0/637717598 >> [v2:172.21.15.150:3300/0,v1:172.21.15.150:6789/0] conn(0x7f012c105230 0x7f012c19a060 unknown :-1 s=CLOSED pgs=17 cs=0 l=1 rev1=1 crypto rx=0 tx=0 comp rx=0 tx=0).stop
2024-04-26T07:16:42.582 INFO:teuthology.orchestra.run.smithi150.stdout:/usr/bin/ceph: stderr
2024-04-26T07:16:36.734+0000 7f0133933700 1 -- 172.21.15.150:0/637717598 >> 172.21.15.150:0/637717598 conn(0x7f012c1007f0 msgr2=0x7f012c073f80 unknown :-1 s=STATE_NONE l=0).mark_down
2024-04-26T07:16:42.582 INFO:teuthology.orchestra.run.smithi150.stdout:/usr/bin/ceph: stderr
2024-04-26T07:16:36.734+0000 7f0133933700 1 -- 172.21.15.150:0/637717598 shutdown_connections
2024-04-26T07:16:42.582 INFO:teuthology.orchestra.run.smithi150.stdout:/usr/bin/ceph: stderr
2024-04-26T07:16:36.734+0000 7f0133933700 1 -- 172.21.15.150:0/637717598 wait complete.
2024-04-26T07:16:42.582 INFO:teuthology.orchestra.run.smithi150.stdout:mgr is available
2024-04-26T07:16:44.313 INFO:teuthology.orchestra.run.smithi150.stdout:/usr/bin/ceph: stdout
2024-04-26T07:16:44.313 INFO:teuthology.orchestra.run.smithi150.stdout:/usr/bin/ceph: stdout [global]
2024-04-26T07:16:44.313 INFO:teuthology.orchestra.run.smithi150.stdout:/usr/bin/ceph: stdout fsid = cd1f2a76-039c-11ef-bc93-c7b262605968
2024-04-26T07:16:44.313 INFO:teuthology.orchestra.run.smithi150.stdout:/usr/bin/ceph: stdout mon_osd_allow_pg_remap = true
2024-04-26T07:16:44.314 INFO:teuthology.orchestra.run.smithi150.stdout:/usr/bin/ceph: stdout mon_osd_allow_primary_affinity = true
2024-04-26T07:16:44.314 INFO:teuthology.orchestra.run.smithi150.stdout:/usr/bin/ceph: stdout mon_warn_on_no_sortbitwise = false
2024-04-26T07:16:44.314 INFO:teuthology.orchestra.run.smithi150.stdout:/usr/bin/ceph: stdout osd_crush_chooseleaf_type = 0
2024-04-26T07:16:44.314 INFO:teuthology.orchestra.run.smithi150.stdout:/usr/bin/ceph: stdout
2024-04-26T07:16:44.314 INFO:teuthology.orchestra.run.smithi150.stdout:/usr/bin/ceph: stdout [mgr]
2024-04-26T07:16:44.314 INFO:teuthology.orchestra.run.smithi150.stdout:/usr/bin/ceph: stdout mgr/telemetry/nag = false
2024-04-26T07:16:44.314 INFO:teuthology.orchestra.run.smithi150.stdout:/usr/bin/ceph: stdout
2024-04-26T07:16:44.314 INFO:teuthology.orchestra.run.smithi150.stdout:/usr/bin/ceph: stdout [osd]
2024-04-26T07:16:44.314 INFO:teuthology.orchestra.run.smithi150.stdout:/usr/bin/ceph: stdout mon_osd_backfillfull_ratio = 0.85
2024-04-26T07:16:44.314 INFO:teuthology.orchestra.run.smithi150.stdout:/usr/bin/ceph: stdout mon_osd_full_ratio = 0.9
2024-04-26T07:16:44.314 INFO:teuthology.orchestra.run.smithi150.stdout:/usr/bin/ceph: stdout mon_osd_nearfull_ratio = 0.8
2024-04-26T07:16:44.314 INFO:teuthology.orchestra.run.smithi150.stdout:/usr/bin/ceph: stdout osd_map_max_advance = 10
2024-04-26T07:16:44.314 INFO:teuthology.orchestra.run.smithi150.stdout:/usr/bin/ceph: stdout osd_sloppy_crc = true
2024-04-26T07:16:44.315 INFO:teuthology.orchestra.run.smithi150.stdout:/usr/bin/ceph: stderr
2024-04-26T07:16:43.454+0000 7f6b2e753700 1 Processor -- start
2024-04-26T07:16:44.315 INFO:teuthology.orchestra.run.smithi150.stdout:/usr/bin/ceph: stderr
2024-04-26T07:16:43.454+0000 7f6b2e753700 1 -- start start
2024-04-26T07:16:44.315 INFO:teuthology.orchestra.run.smithi150.stdout:/usr/bin/ceph: stderr
2024-04-26T07:16:43.454+0000 7f6b2e753700 1 --2- >> [v2:172.21.15.150:3300/0,v1:172.21.15.150:6789/0] conn(0x7f6b28105230 0x7f6b28105650 unknown :-1 s=NONE pgs=0 cs=0 l=0 rev1=0 crypto rx=0 tx=0 comp rx=0 tx=0).connect
2024-04-26T07:16:44.315 INFO:teuthology.orchestra.run.smithi150.stdout:/usr/bin/ceph: stderr
2024-04-26T07:16:43.454+0000 7f6b2e753700 1 -- --> [v2:172.21.15.150:3300/0,v1:172.21.15.150:6789/0] -- mon_getmap magic: 0 v1 -- 0x7f6b28105c20 con 0x7f6b28105230
2024-04-26T07:16:44.315 INFO:teuthology.orchestra.run.smithi150.stdout:/usr/bin/ceph: stderr
2024-04-26T07:16:43.454+0000 7f6b27fff700 1 --2- >> [v2:172.21.15.150:3300/0,v1:172.21.15.150:6789/0] conn(0x7f6b28105230 0x7f6b28105650 unknown :-1 s=BANNER_CONNECTING pgs=0 cs=0 l=0 rev1=0 crypto rx=0 tx=0 comp rx=0 tx=0)._handle_peer_banner_payload supported=3 required=0
2024-04-26T07:16:44.315 INFO:teuthology.orchestra.run.smithi150.stdout:/usr/bin/ceph: stderr
2024-04-26T07:16:43.454+0000 7f6b27fff700 1 --2- >> [v2:172.21.15.150:3300/0,v1:172.21.15.150:6789/0] conn(0x7f6b28105230 0x7f6b28105650 unknown :-1 s=HELLO_CONNECTING pgs=0 cs=0 l=0 rev1=1 crypto rx=0 tx=0 comp rx=0 tx=0).handle_hello peer v2:172.21.15.150:3300/0 says I am v2:172.21.15.150:44672/0 (socket says 172.21.15.150:44672)
2024-04-26T07:16:44.315 INFO:teuthology.orchestra.run.smithi150.stdout:/usr/bin/ceph: stderr
2024-04-26T07:16:43.454+0000 7f6b27fff700 1 -- 172.21.15.150:0/2848333731 learned_addr learned my addr 172.21.15.150:0/2848333731 (peer_addr_for_me v2:172.21.15.150:0/0)
2024-04-26T07:16:44.315 INFO:teuthology.orchestra.run.smithi150.stdout:/usr/bin/ceph: stderr
2024-04-26T07:16:43.455+0000 7f6b27fff700 1 -- 172.21.15.150:0/2848333731 --> [v2:172.21.15.150:3300/0,v1:172.21.15.150:6789/0] -- mon_subscribe({config=0+,monmap=0+}) v3 -- 0x7f6b28106430 con 0x7f6b28105230
2024-04-26T07:16:44.315 INFO:teuthology.orchestra.run.smithi150.stdout:/usr/bin/ceph: stderr
2024-04-26T07:16:43.455+0000 7f6b27fff700 1 --2- 172.21.15.150:0/2848333731 >> [v2:172.21.15.150:3300/0,v1:172.21.15.150:6789/0] conn(0x7f6b28105230 0x7f6b28105650 secure :-1 s=READY pgs=18 cs=0 l=1 rev1=1 crypto rx=0x7f6b1c0098a0 tx=0x7f6b1c009bb0 comp rx=0 tx=0).ready entity=mon.0 client_cookie=4343340ed51181b server_cookie=0 in_seq=0 out_seq=0
2024-04-26T07:16:44.315 INFO:teuthology.orchestra.run.smithi150.stdout:/usr/bin/ceph: stderr
2024-04-26T07:16:43.455+0000 7f6b26ffd700 1 -- 172.21.15.150:0/2848333731 <== mon.0 v2:172.21.15.150:3300/0 1 ==== mon_map magic: 0 v1 ==== 229+0+0 (secure 0 0 0) 0x7f6b1c004180 con 0x7f6b28105230
2024-04-26T07:16:44.315 INFO:teuthology.orchestra.run.smithi150.stdout:/usr/bin/ceph: stderr
2024-04-26T07:16:43.455+0000 7f6b26ffd700 1 -- 172.21.15.150:0/2848333731 <== mon.0 v2:172.21.15.150:3300/0 2 ==== config(26 keys) v1 ==== 1002+0+0 (secure 0 0 0) 0x7f6b1c0042e0 con 0x7f6b28105230
2024-04-26T07:16:44.315 INFO:teuthology.orchestra.run.smithi150.stdout:/usr/bin/ceph: stderr
2024-04-26T07:16:43.455+0000 7f6b26ffd700 1 -- 172.21.15.150:0/2848333731 <== mon.0 v2:172.21.15.150:3300/0 3 ==== mon_map magic: 0 v1 ==== 229+0+0 (secure 0 0 0) 0x7f6b1c0119d0 con 0x7f6b28105230
2024-04-26T07:16:44.316 INFO:teuthology.orchestra.run.smithi150.stdout:/usr/bin/ceph: stderr
2024-04-26T07:16:43.455+0000 7f6b2e753700 1 -- 172.21.15.150:0/2848333731 >> [v2:172.21.15.150:3300/0,v1:172.21.15.150:6789/0] conn(0x7f6b28105230 msgr2=0x7f6b28105650 secure :-1 s=STATE_CONNECTION_ESTABLISHED l=1).mark_down
2024-04-26T07:16:44.316 INFO:teuthology.orchestra.run.smithi150.stdout:/usr/bin/ceph: stderr
2024-04-26T07:16:43.455+0000 7f6b2e753700 1 --2- 172.21.15.150:0/2848333731 >> [v2:172.21.15.150:3300/0,v1:172.21.15.150:6789/0] conn(0x7f6b28105230 0x7f6b28105650 secure :-1 s=READY pgs=18 cs=0 l=1 rev1=1 crypto rx=0x7f6b1c0098a0 tx=0x7f6b1c009bb0 comp rx=0 tx=0).stop
2024-04-26T07:16:44.316 INFO:teuthology.orchestra.run.smithi150.stdout:/usr/bin/ceph: stderr
2024-04-26T07:16:43.456+0000 7f6b2e753700 1 -- 172.21.15.150:0/2848333731 shutdown_connections
2024-04-26T07:16:44.316 INFO:teuthology.orchestra.run.smithi150.stdout:/usr/bin/ceph: stderr
2024-04-26T07:16:43.456+0000 7f6b2e753700 1 --2- 172.21.15.150:0/2848333731 >> [v2:172.21.15.150:3300/0,v1:172.21.15.150:6789/0] conn(0x7f6b28105230 0x7f6b28105650 unknown :-1 s=CLOSED pgs=18 cs=0 l=1 rev1=1 crypto rx=0 tx=0 comp rx=0 tx=0).stop
2024-04-26T07:16:44.316 INFO:teuthology.orchestra.run.smithi150.stdout:/usr/bin/ceph: stderr
2024-04-26T07:16:43.456+0000 7f6b2e753700 1 -- 172.21.15.150:0/2848333731 >> 172.21.15.150:0/2848333731 conn(0x7f6b281007f0 msgr2=0x7f6b28102c10 unknown :-1 s=STATE_NONE l=0).mark_down
2024-04-26T07:16:44.316 INFO:teuthology.orchestra.run.smithi150.stdout:/usr/bin/ceph: stderr
2024-04-26T07:16:43.456+0000 7f6b2e753700 1 -- 172.21.15.150:0/2848333731 shutdown_connections
2024-04-26T07:16:44.316 INFO:teuthology.orchestra.run.smithi150.stdout:/usr/bin/ceph: stderr
2024-04-26T07:16:43.456+0000 7f6b2e753700 1 -- 172.21.15.150:0/2848333731 wait complete.
2024-04-26T07:16:44.316 INFO:teuthology.orchestra.run.smithi150.stdout:/usr/bin/ceph: stderr
2024-04-26T07:16:43.456+0000 7f6b2e753700 1 Processor -- start
2024-04-26T07:16:44.316 INFO:teuthology.orchestra.run.smithi150.stdout:/usr/bin/ceph: stderr
2024-04-26T07:16:43.456+0000 7f6b2e753700 1 -- start start
2024-04-26T07:16:44.317 INFO:teuthology.orchestra.run.smithi150.stdout:/usr/bin/ceph: stderr
2024-04-26T07:16:43.457+0000 7f6b2e753700 1 --2- >> [v2:172.21.15.150:3300/0,v1:172.21.15.150:6789/0] conn(0x7f6b28105230 0x7f6b28197e50 unknown :-1 s=NONE pgs=0 cs=0 l=1 rev1=0 crypto rx=0 tx=0 comp rx=0 tx=0).connect
2024-04-26T07:16:44.317 INFO:teuthology.orchestra.run.smithi150.stdout:/usr/bin/ceph: stderr
2024-04-26T07:16:43.457+0000 7f6b2e753700 1 -- --> [v2:172.21.15.150:3300/0,v1:172.21.15.150:6789/0] -- mon_getmap magic: 0 v1 -- 0x7f6b28198390 con 0x7f6b28105230
2024-04-26T07:16:44.317 INFO:teuthology.orchestra.run.smithi150.stdout:/usr/bin/ceph: stderr
2024-04-26T07:16:43.457+0000 7f6b27fff700 1 --2- >> [v2:172.21.15.150:3300/0,v1:172.21.15.150:6789/0] conn(0x7f6b28105230 0x7f6b28197e50 unknown :-1 s=BANNER_CONNECTING pgs=0 cs=0 l=1 rev1=0 crypto rx=0 tx=0 comp rx=0 tx=0)._handle_peer_banner_payload supported=3 required=0
2024-04-26T07:16:44.318 INFO:teuthology.orchestra.run.smithi150.stdout:/usr/bin/ceph: stderr
2024-04-26T07:16:43.457+0000 7f6b27fff700 1 --2- >> [v2:172.21.15.150:3300/0,v1:172.21.15.150:6789/0] conn(0x7f6b28105230 0x7f6b28197e50 unknown :-1 s=HELLO_CONNECTING pgs=0 cs=0 l=1 rev1=1 crypto rx=0 tx=0 comp rx=0 tx=0).handle_hello peer v2:172.21.15.150:3300/0 says I am v2:172.21.15.150:44686/0 (socket says 172.21.15.150:44686)
2024-04-26T07:16:44.318 INFO:teuthology.orchestra.run.smithi150.stdout:/usr/bin/ceph: stderr
2024-04-26T07:16:43.457+0000 7f6b27fff700 1 -- 172.21.15.150:0/4241672938 learned_addr learned my addr 172.21.15.150:0/4241672938 (peer_addr_for_me v2:172.21.15.150:0/0)
2024-04-26T07:16:44.318 INFO:teuthology.orchestra.run.smithi150.stdout:/usr/bin/ceph: stderr
2024-04-26T07:16:43.457+0000 7f6b27fff700 1 -- 172.21.15.150:0/4241672938 --> [v2:172.21.15.150:3300/0,v1:172.21.15.150:6789/0] -- mon_subscribe({config=0+,monmap=0+}) v3 -- 0x7f6b1c009550 con 0x7f6b28105230
2024-04-26T07:16:44.318 INFO:teuthology.orchestra.run.smithi150.stdout:/usr/bin/ceph: stderr
2024-04-26T07:16:43.457+0000 7f6b27fff700 1 --2- 172.21.15.150:0/4241672938 >> [v2:172.21.15.150:3300/0,v1:172.21.15.150:6789/0] conn(0x7f6b28105230 0x7f6b28197e50 secure :-1 s=READY pgs=19 cs=0 l=1 rev1=1 crypto rx=0x7f6b1c009130 tx=0x7f6b1c011a30 comp rx=0 tx=0).ready entity=mon.0 client_cookie=0 server_cookie=0 in_seq=0 out_seq=0
2024-04-26T07:16:44.318 INFO:teuthology.orchestra.run.smithi150.stdout:/usr/bin/ceph: stderr
2024-04-26T07:16:43.457+0000 7f6b257fa700 1 -- 172.21.15.150:0/4241672938 <== mon.0 v2:172.21.15.150:3300/0 1 ==== mon_map magic: 0 v1 ==== 229+0+0 (secure 0 0 0) 0x7f6b1c003a00 con 0x7f6b28105230
2024-04-26T07:16:44.318 INFO:teuthology.orchestra.run.smithi150.stdout:/usr/bin/ceph: stderr
2024-04-26T07:16:43.457+0000 7f6b2e753700 1 -- 172.21.15.150:0/4241672938 --> [v2:172.21.15.150:3300/0,v1:172.21.15.150:6789/0] -- mon_subscribe({mgrmap=0+}) v3 -- 0x7f6b281072b0 con 0x7f6b28105230
2024-04-26T07:16:44.318 INFO:teuthology.orchestra.run.smithi150.stdout:/usr/bin/ceph: stderr
2024-04-26T07:16:43.457+0000 7f6b257fa700 1 -- 172.21.15.150:0/4241672938 <== mon.0 v2:172.21.15.150:3300/0 2 ==== config(26 keys) v1 ==== 1002+0+0 (secure 0 0 0) 0x7f6b1c01a880 con 0x7f6b28105230
2024-04-26T07:16:44.318 INFO:teuthology.orchestra.run.smithi150.stdout:/usr/bin/ceph: stderr
2024-04-26T07:16:43.457+0000 7f6b257fa700 1 -- 172.21.15.150:0/4241672938 <== mon.0 v2:172.21.15.150:3300/0 3 ==== mon_map magic: 0 v1 ==== 229+0+0 (secure 0 0 0) 0x7f6b1c019760 con 0x7f6b28105230
2024-04-26T07:16:44.318 INFO:teuthology.orchestra.run.smithi150.stdout:/usr/bin/ceph: stderr
2024-04-26T07:16:43.457+0000 7f6b2e753700 1 -- 172.21.15.150:0/4241672938 --> [v2:172.21.15.150:3300/0,v1:172.21.15.150:6789/0] -- mon_subscribe({osdmap=0}) v3 -- 0x7f6b28198820 con 0x7f6b28105230
2024-04-26T07:16:44.318 INFO:teuthology.orchestra.run.smithi150.stdout:/usr/bin/ceph: stderr
2024-04-26T07:16:43.458+0000 7f6b2e753700 1 -- 172.21.15.150:0/4241672938 --> [v2:172.21.15.150:3300/0,v1:172.21.15.150:6789/0] -- mon_command({"prefix": "get_command_descriptions"} v 0) v1 -- 0x7f6b28191ac0 con 0x7f6b28105230
2024-04-26T07:16:44.318 INFO:teuthology.orchestra.run.smithi150.stdout:/usr/bin/ceph: stderr
2024-04-26T07:16:43.459+0000 7f6b257fa700 1 -- 172.21.15.150:0/4241672938 <== mon.0 v2:172.21.15.150:3300/0 4 ==== mgrmap(e 4) v1 ==== 45272+0+0 (secure 0 0 0) 0x7f6b1c01a9f0 con 0x7f6b28105230
2024-04-26T07:16:44.318 INFO:teuthology.orchestra.run.smithi150.stdout:/usr/bin/ceph: stderr
2024-04-26T07:16:43.459+0000 7f6b257fa700 1 --2- 172.21.15.150:0/4241672938 >> [v2:172.21.15.150:6800/2544309554,v1:172.21.15.150:6801/2544309554] conn(0x7f6b1003a490 0x7f6b1003c950 unknown :-1 s=NONE pgs=0 cs=0 l=1 rev1=0 crypto rx=0 tx=0 comp rx=0 tx=0).connect
2024-04-26T07:16:44.319 INFO:teuthology.orchestra.run.smithi150.stdout:/usr/bin/ceph: stderr
2024-04-26T07:16:43.459+0000 7f6b257fa700 1 -- 172.21.15.150:0/4241672938 <== mon.0 v2:172.21.15.150:3300/0 5 ==== osd_map(1..1 src has 1..1) v4 ==== 725+0+0 (secure 0 0 0) 0x7f6b1c04c940 con 0x7f6b28105230
2024-04-26T07:16:44.319 INFO:teuthology.orchestra.run.smithi150.stdout:/usr/bin/ceph: stderr
2024-04-26T07:16:43.459+0000 7f6b277fe700 1 --2- 172.21.15.150:0/4241672938 >> [v2:172.21.15.150:6800/2544309554,v1:172.21.15.150:6801/2544309554] conn(0x7f6b1003a490 0x7f6b1003c950 unknown :-1 s=BANNER_CONNECTING pgs=0 cs=0 l=1 rev1=0 crypto rx=0 tx=0 comp rx=0 tx=0)._handle_peer_banner_payload supported=3 required=0
2024-04-26T07:16:44.319 INFO:teuthology.orchestra.run.smithi150.stdout:/usr/bin/ceph: stderr
2024-04-26T07:16:43.459+0000 7f6b277fe700 1 --2- 172.21.15.150:0/4241672938 >> [v2:172.21.15.150:6800/2544309554,v1:172.21.15.150:6801/2544309554] conn(0x7f6b1003a490 0x7f6b1003c950 secure :-1 s=READY pgs=7 cs=0 l=1 rev1=1 crypto rx=0x7f6b18006fd0 tx=0x7f6b18006e40 comp rx=0 tx=0).ready entity=mgr.14100 client_cookie=0 server_cookie=0 in_seq=0 out_seq=0
2024-04-26T07:16:44.319 INFO:teuthology.orchestra.run.smithi150.stdout:/usr/bin/ceph: stderr
2024-04-26T07:16:43.463+0000 7f6b257fa700 1 -- 172.21.15.150:0/4241672938 <== mon.0 v2:172.21.15.150:3300/0 6 ==== mon_command_ack([{"prefix": "get_command_descriptions"}]=0 v0) v1 ==== 72+0+180422 (secure 0 0 0) 0x7f6b1c01a430 con 0x7f6b28105230
2024-04-26T07:16:44.319 INFO:teuthology.orchestra.run.smithi150.stdout:/usr/bin/ceph: stderr
2024-04-26T07:16:43.650+0000 7f6b2e753700 1 -- 172.21.15.150:0/4241672938 --> [v2:172.21.15.150:3300/0,v1:172.21.15.150:6789/0] -- mon_command({"prefix": "config assimilate-conf"} v 0) v1 -- 0x7f6b2802c2c0 con 0x7f6b28105230
2024-04-26T07:16:44.319 INFO:teuthology.orchestra.run.smithi150.stdout:/usr/bin/ceph: stderr
2024-04-26T07:16:43.651+0000 7f6b257fa700 1 -- 172.21.15.150:0/4241672938 <== mon.0 v2:172.21.15.150:3300/0 7 ==== mon_command_ack([{"prefix": "config assimilate-conf"}]=0 v3) v1 ==== 70+0+373 (secure 0 0 0) 0x7f6b1c04b020 con 0x7f6b28105230
2024-04-26T07:16:44.319 INFO:teuthology.orchestra.run.smithi150.stdout:/usr/bin/ceph: stderr
2024-04-26T07:16:43.653+0000 7f6b2e753700 1 -- 172.21.15.150:0/4241672938 >> [v2:172.21.15.150:6800/2544309554,v1:172.21.15.150:6801/2544309554] conn(0x7f6b1003a490 msgr2=0x7f6b1003c950 secure :-1 s=STATE_CONNECTION_ESTABLISHED l=1).mark_down
2024-04-26T07:16:44.319 INFO:teuthology.orchestra.run.smithi150.stdout:/usr/bin/ceph: stderr
2024-04-26T07:16:43.653+0000 7f6b2e753700 1 --2- 172.21.15.150:0/4241672938 >> [v2:172.21.15.150:6800/2544309554,v1:172.21.15.150:6801/2544309554] conn(0x7f6b1003a490 0x7f6b1003c950 secure :-1 s=READY pgs=7 cs=0 l=1 rev1=1 crypto rx=0x7f6b18006fd0 tx=0x7f6b18006e40 comp rx=0 tx=0).stop
2024-04-26T07:16:44.319 INFO:teuthology.orchestra.run.smithi150.stdout:/usr/bin/ceph: stderr
2024-04-26T07:16:43.653+0000 7f6b2e753700 1 -- 172.21.15.150:0/4241672938 >> [v2:172.21.15.150:3300/0,v1:172.21.15.150:6789/0] conn(0x7f6b28105230 msgr2=0x7f6b28197e50 secure :-1 s=STATE_CONNECTION_ESTABLISHED l=1).mark_down
2024-04-26T07:16:44.319 INFO:teuthology.orchestra.run.smithi150.stdout:/usr/bin/ceph: stderr
2024-04-26T07:16:43.653+0000 7f6b2e753700 1 --2- 172.21.15.150:0/4241672938 >> [v2:172.21.15.150:3300/0,v1:172.21.15.150:6789/0] conn(0x7f6b28105230 0x7f6b28197e50 secure :-1 s=READY pgs=19 cs=0 l=1 rev1=1 crypto rx=0x7f6b1c009130 tx=0x7f6b1c011a30 comp rx=0 tx=0).stop
2024-04-26T07:16:44.319 INFO:teuthology.orchestra.run.smithi150.stdout:/usr/bin/ceph: stderr
2024-04-26T07:16:43.653+0000 7f6b2e753700 1 -- 172.21.15.150:0/4241672938 shutdown_connections
2024-04-26T07:16:44.319 INFO:teuthology.orchestra.run.smithi150.stdout:/usr/bin/ceph: stderr
2024-04-26T07:16:43.653+0000 7f6b2e753700 1 --2- 172.21.15.150:0/4241672938 >> [v2:172.21.15.150:6800/2544309554,v1:172.21.15.150:6801/2544309554] conn(0x7f6b1003a490 0x7f6b1003c950 unknown :-1 s=CLOSED pgs=7 cs=0 l=1 rev1=1 crypto rx=0 tx=0 comp rx=0 tx=0).stop
2024-04-26T07:16:44.319 INFO:teuthology.orchestra.run.smithi150.stdout:/usr/bin/ceph: stderr
2024-04-26T07:16:43.653+0000 7f6b2e753700 1 --2- 172.21.15.150:0/4241672938 >> [v2:172.21.15.150:3300/0,v1:172.21.15.150:6789/0] conn(0x7f6b28105230 0x7f6b28197e50 unknown :-1 s=CLOSED pgs=19 cs=0 l=1 rev1=1 crypto rx=0 tx=0 comp rx=0 tx=0).stop
2024-04-26T07:16:44.319 INFO:teuthology.orchestra.run.smithi150.stdout:/usr/bin/ceph: stderr
2024-04-26T07:16:43.653+0000 7f6b2e753700 1 -- 172.21.15.150:0/4241672938 >> 172.21.15.150:0/4241672938 conn(0x7f6b281007f0 msgr2=0x7f6b2818ec00 unknown :-1 s=STATE_NONE l=0).mark_down
2024-04-26T07:16:44.320 INFO:teuthology.orchestra.run.smithi150.stdout:/usr/bin/ceph: stderr
2024-04-26T07:16:43.653+0000 7f6b2e753700 1 -- 172.21.15.150:0/4241672938 shutdown_connections
2024-04-26T07:16:44.320 INFO:teuthology.orchestra.run.smithi150.stdout:/usr/bin/ceph: stderr
2024-04-26T07:16:43.653+0000 7f6b2e753700 1 -- 172.21.15.150:0/4241672938 wait complete.
2024-04-26T07:16:44.320 INFO:teuthology.orchestra.run.smithi150.stdout:Enabling cephadm module...
2024-04-26T07:16:44.579 INFO:journalctl@ceph.mon.smithi150.smithi150.stdout:Apr 26 07:16:44 smithi150 ceph-mon[39826]: from='client.? 172.21.15.150:0/4241672938' entity='client.admin' cmd=[{"prefix": "config assimilate-conf"}]: dispatch
2024-04-26T07:16:45.709 INFO:journalctl@ceph.mon.smithi150.smithi150.stdout:Apr 26 07:16:45 smithi150 ceph-mon[39826]: from='client.? 172.21.15.150:0/288399852' entity='client.admin' cmd=[{"prefix": "mgr module enable", "module": "cephadm"}]: dispatch
2024-04-26T07:16:46.110 INFO:teuthology.orchestra.run.smithi150.stdout:/usr/bin/ceph: stderr
2024-04-26T07:16:44.844+0000 7f7d8d7e9700 1 Processor -- start
2024-04-26T07:16:46.110 INFO:teuthology.orchestra.run.smithi150.stdout:/usr/bin/ceph: stderr
2024-04-26T07:16:44.844+0000 7f7d8d7e9700 1 -- start start
2024-04-26T07:16:46.110 INFO:teuthology.orchestra.run.smithi150.stdout:/usr/bin/ceph: stderr
2024-04-26T07:16:44.844+0000 7f7d8d7e9700 1 --2- >> [v2:172.21.15.150:3300/0,v1:172.21.15.150:6789/0] conn(0x7f7d88107940 0x7f7d88107d60 unknown :-1 s=NONE pgs=0 cs=0 l=0 rev1=0 crypto rx=0 tx=0 comp rx=0 tx=0).connect
2024-04-26T07:16:46.110 INFO:teuthology.orchestra.run.smithi150.stdout:/usr/bin/ceph: stderr
2024-04-26T07:16:44.844+0000 7f7d8d7e9700 1 -- --> [v2:172.21.15.150:3300/0,v1:172.21.15.150:6789/0] -- mon_getmap magic: 0 v1 -- 0x7f7d88108330 con 0x7f7d88107940
2024-04-26T07:16:46.110 INFO:teuthology.orchestra.run.smithi150.stdout:/usr/bin/ceph: stderr
2024-04-26T07:16:44.844+0000 7f7d86ffd700 1 --2- >> [v2:172.21.15.150:3300/0,v1:172.21.15.150:6789/0] conn(0x7f7d88107940 0x7f7d88107d60 unknown :-1 s=BANNER_CONNECTING pgs=0 cs=0 l=0 rev1=0 crypto rx=0 tx=0 comp rx=0 tx=0)._handle_peer_banner_payload supported=3 required=0
2024-04-26T07:16:46.110 INFO:teuthology.orchestra.run.smithi150.stdout:/usr/bin/ceph: stderr
2024-04-26T07:16:44.844+0000 7f7d86ffd700 1 --2- >> [v2:172.21.15.150:3300/0,v1:172.21.15.150:6789/0] conn(0x7f7d88107940 0x7f7d88107d60 unknown :-1 s=HELLO_CONNECTING pgs=0 cs=0 l=0 rev1=1 crypto rx=0 tx=0 comp rx=0 tx=0).handle_hello peer v2:172.21.15.150:3300/0 says I am v2:172.21.15.150:38534/0 (socket says 172.21.15.150:38534)
2024-04-26T07:16:46.110 INFO:teuthology.orchestra.run.smithi150.stdout:/usr/bin/ceph: stderr
2024-04-26T07:16:44.844+0000 7f7d86ffd700 1 -- 172.21.15.150:0/2785616067 learned_addr learned my addr 172.21.15.150:0/2785616067 (peer_addr_for_me v2:172.21.15.150:0/0)
2024-04-26T07:16:46.110 INFO:teuthology.orchestra.run.smithi150.stdout:/usr/bin/ceph: stderr
2024-04-26T07:16:44.844+0000 7f7d86ffd700 1 -- 172.21.15.150:0/2785616067 --> [v2:172.21.15.150:3300/0,v1:172.21.15.150:6789/0] -- mon_subscribe({config=0+,monmap=0+}) v3 -- 0x7f7d88108470 con 0x7f7d88107940
2024-04-26T07:16:46.110 INFO:teuthology.orchestra.run.smithi150.stdout:/usr/bin/ceph: stderr
2024-04-26T07:16:44.845+0000 7f7d86ffd700 1 --2- 172.21.15.150:0/2785616067 >> [v2:172.21.15.150:3300/0,v1:172.21.15.150:6789/0] conn(0x7f7d88107940 0x7f7d88107d60 secure :-1 s=READY pgs=20 cs=0 l=1 rev1=1 crypto rx=0x7f7d7c0098a0 tx=0x7f7d7c009bb0 comp rx=0 tx=0).ready entity=mon.0 client_cookie=b0de5ebc6ac49a9a server_cookie=0 in_seq=0 out_seq=0
2024-04-26T07:16:46.111 INFO:teuthology.orchestra.run.smithi150.stdout:/usr/bin/ceph: stderr
2024-04-26T07:16:44.845+0000 7f7d85ffb700 1 -- 172.21.15.150:0/2785616067 <== mon.0 v2:172.21.15.150:3300/0 1 ==== mon_map magic: 0 v1 ==== 229+0+0 (secure 0 0 0) 0x7f7d7c004180 con 0x7f7d88107940
2024-04-26T07:16:46.111 INFO:teuthology.orchestra.run.smithi150.stdout:/usr/bin/ceph: stderr
2024-04-26T07:16:44.845+0000 7f7d85ffb700 1 -- 172.21.15.150:0/2785616067 <== mon.0 v2:172.21.15.150:3300/0 2 ==== config(26 keys) v1 ==== 1002+0+0 (secure 0 0 0) 0x7f7d7c0042e0 con 0x7f7d88107940
2024-04-26T07:16:46.111 INFO:teuthology.orchestra.run.smithi150.stdout:/usr/bin/ceph: stderr
2024-04-26T07:16:44.845+0000 7f7d85ffb700 1 -- 172.21.15.150:0/2785616067 <== mon.0 v2:172.21.15.150:3300/0 3 ==== mon_map magic: 0 v1 ==== 229+0+0 (secure 0 0 0) 0x7f7d7c0119d0 con 0x7f7d88107940
2024-04-26T07:16:46.111 INFO:teuthology.orchestra.run.smithi150.stdout:/usr/bin/ceph: stderr
2024-04-26T07:16:44.845+0000 7f7d8d7e9700 1 -- 172.21.15.150:0/2785616067 >> [v2:172.21.15.150:3300/0,v1:172.21.15.150:6789/0] conn(0x7f7d88107940 msgr2=0x7f7d88107d60 secure :-1 s=STATE_CONNECTION_ESTABLISHED l=1).mark_down
2024-04-26T07:16:46.111 INFO:teuthology.orchestra.run.smithi150.stdout:/usr/bin/ceph: stderr
2024-04-26T07:16:44.845+0000 7f7d8d7e9700 1 --2- 172.21.15.150:0/2785616067 >> [v2:172.21.15.150:3300/0,v1:172.21.15.150:6789/0] conn(0x7f7d88107940 0x7f7d88107d60 secure :-1 s=READY pgs=20 cs=0 l=1 rev1=1 crypto rx=0x7f7d7c0098a0 tx=0x7f7d7c009bb0 comp rx=0 tx=0).stop
2024-04-26T07:16:46.111 INFO:teuthology.orchestra.run.smithi150.stdout:/usr/bin/ceph: stderr
2024-04-26T07:16:44.845+0000 7f7d8d7e9700 1 -- 172.21.15.150:0/2785616067 shutdown_connections
2024-04-26T07:16:46.111 INFO:teuthology.orchestra.run.smithi150.stdout:/usr/bin/ceph: stderr
2024-04-26T07:16:44.845+0000 7f7d8d7e9700 1 --2- 172.21.15.150:0/2785616067 >> [v2:172.21.15.150:3300/0,v1:172.21.15.150:6789/0] conn(0x7f7d88107940 0x7f7d88107d60 unknown :-1 s=CLOSED pgs=20 cs=0 l=1 rev1=1 crypto rx=0 tx=0 comp rx=0 tx=0).stop
2024-04-26T07:16:46.111 INFO:teuthology.orchestra.run.smithi150.stdout:/usr/bin/ceph: stderr
2024-04-26T07:16:44.845+0000 7f7d8d7e9700 1 -- 172.21.15.150:0/2785616067 >> 172.21.15.150:0/2785616067 conn(0x7f7d880fff40 msgr2=0x7f7d88102380 unknown :-1 s=STATE_NONE l=0).mark_down
2024-04-26T07:16:46.111 INFO:teuthology.orchestra.run.smithi150.stdout:/usr/bin/ceph: stderr
2024-04-26T07:16:44.845+0000 7f7d8d7e9700 1 -- 172.21.15.150:0/2785616067 shutdown_connections
2024-04-26T07:16:46.111 INFO:teuthology.orchestra.run.smithi150.stdout:/usr/bin/ceph: stderr
2024-04-26T07:16:44.845+0000 7f7d8d7e9700 1 -- 172.21.15.150:0/2785616067 wait complete.
2024-04-26T07:16:46.111 INFO:teuthology.orchestra.run.smithi150.stdout:/usr/bin/ceph: stderr
2024-04-26T07:16:44.846+0000 7f7d8d7e9700 1 Processor -- start
2024-04-26T07:16:46.111 INFO:teuthology.orchestra.run.smithi150.stdout:/usr/bin/ceph: stderr
2024-04-26T07:16:44.846+0000 7f7d8d7e9700 1 -- start start
2024-04-26T07:16:46.111 INFO:teuthology.orchestra.run.smithi150.stdout:/usr/bin/ceph: stderr
2024-04-26T07:16:44.846+0000 7f7d8d7e9700 1 --2- >> [v2:172.21.15.150:3300/0,v1:172.21.15.150:6789/0] conn(0x7f7d88107940 0x7f7d8819a060 unknown :-1 s=NONE pgs=0 cs=0 l=1 rev1=0 crypto rx=0 tx=0 comp rx=0 tx=0).connect
2024-04-26T07:16:46.111 INFO:teuthology.orchestra.run.smithi150.stdout:/usr/bin/ceph: stderr
2024-04-26T07:16:44.846+0000 7f7d8d7e9700 1 -- --> [v2:172.21.15.150:3300/0,v1:172.21.15.150:6789/0] -- mon_getmap magic: 0 v1 -- 0x7f7d8819a5a0 con 0x7f7d88107940
2024-04-26T07:16:46.112 INFO:teuthology.orchestra.run.smithi150.stdout:/usr/bin/ceph: stderr
2024-04-26T07:16:44.846+0000 7f7d86ffd700 1 --2- >> [v2:172.21.15.150:3300/0,v1:172.21.15.150:6789/0] conn(0x7f7d88107940 0x7f7d8819a060 unknown :-1 s=BANNER_CONNECTING pgs=0 cs=0 l=1 rev1=0 crypto rx=0 tx=0 comp rx=0 tx=0)._handle_peer_banner_payload supported=3 required=0
2024-04-26T07:16:46.112 INFO:teuthology.orchestra.run.smithi150.stdout:/usr/bin/ceph: stderr
2024-04-26T07:16:44.846+0000 7f7d86ffd700 1 --2- >> [v2:172.21.15.150:3300/0,v1:172.21.15.150:6789/0] conn(0x7f7d88107940 0x7f7d8819a060 unknown :-1 s=HELLO_CONNECTING pgs=0 cs=0 l=1 rev1=1 crypto rx=0 tx=0 comp rx=0 tx=0).handle_hello peer v2:172.21.15.150:3300/0 says I am v2:172.21.15.150:38546/0 (socket says 172.21.15.150:38546)
2024-04-26T07:16:46.112 INFO:teuthology.orchestra.run.smithi150.stdout:/usr/bin/ceph: stderr
2024-04-26T07:16:44.846+0000 7f7d86ffd700 1 -- 172.21.15.150:0/288399852 learned_addr learned my addr 172.21.15.150:0/288399852 (peer_addr_for_me v2:172.21.15.150:0/0)
2024-04-26T07:16:46.112 INFO:teuthology.orchestra.run.smithi150.stdout:/usr/bin/ceph: stderr
2024-04-26T07:16:44.847+0000 7f7d86ffd700 1 -- 172.21.15.150:0/288399852 --> [v2:172.21.15.150:3300/0,v1:172.21.15.150:6789/0] -- mon_subscribe({config=0+,monmap=0+}) v3 -- 0x7f7d7c009550 con 0x7f7d88107940
2024-04-26T07:16:46.112 INFO:teuthology.orchestra.run.smithi150.stdout:/usr/bin/ceph: stderr
2024-04-26T07:16:44.847+0000 7f7d86ffd700 1 --2- 172.21.15.150:0/288399852 >> [v2:172.21.15.150:3300/0,v1:172.21.15.150:6789/0] conn(0x7f7d88107940 0x7f7d8819a060 secure :-1 s=READY pgs=21 cs=0 l=1 rev1=1 crypto rx=0x7f7d7c006af0 tx=0x7f7d7c011a30 comp rx=0 tx=0).ready entity=mon.0 client_cookie=0 server_cookie=0 in_seq=0 out_seq=0
2024-04-26T07:16:46.112 INFO:teuthology.orchestra.run.smithi150.stdout:/usr/bin/ceph: stderr
2024-04-26T07:16:44.847+0000 7f7d6ffff700 1 -- 172.21.15.150:0/288399852 <== mon.0 v2:172.21.15.150:3300/0 1 ==== mon_map magic: 0 v1 ==== 229+0+0 (secure 0 0 0) 0x7f7d7c003b40 con 0x7f7d88107940
2024-04-26T07:16:46.112 INFO:teuthology.orchestra.run.smithi150.stdout:/usr/bin/ceph: stderr
2024-04-26T07:16:44.847+0000 7f7d6ffff700 1 -- 172.21.15.150:0/288399852 <== mon.0 v2:172.21.15.150:3300/0 2 ==== config(26 keys) v1 ==== 1002+0+0 (secure 0 0 0) 0x7f7d7c01a880 con 0x7f7d88107940
2024-04-26T07:16:46.112 INFO:teuthology.orchestra.run.smithi150.stdout:/usr/bin/ceph: stderr
2024-04-26T07:16:44.847+0000 7f7d8d7e9700 1 -- 172.21.15.150:0/288399852 --> [v2:172.21.15.150:3300/0,v1:172.21.15.150:6789/0] -- mon_subscribe({mgrmap=0+}) v3 -- 0x7f7d8819a7a0 con 0x7f7d88107940
2024-04-26T07:16:46.112 INFO:teuthology.orchestra.run.smithi150.stdout:/usr/bin/ceph: stderr
2024-04-26T07:16:44.847+0000 7f7d6ffff700 1 -- 172.21.15.150:0/288399852 <== mon.0 v2:172.21.15.150:3300/0 3 ==== mon_map magic: 0 v1 ==== 229+0+0 (secure 0 0 0) 0x7f7d7c019890 con 0x7f7d88107940
2024-04-26T07:16:46.112 INFO:teuthology.orchestra.run.smithi150.stdout:/usr/bin/ceph: stderr
2024-04-26T07:16:44.847+0000 7f7d8d7e9700 1 -- 172.21.15.150:0/288399852 --> [v2:172.21.15.150:3300/0,v1:172.21.15.150:6789/0] -- mon_subscribe({osdmap=0}) v3 -- 0x7f7d8819abc0 con 0x7f7d88107940
2024-04-26T07:16:46.112 INFO:teuthology.orchestra.run.smithi150.stdout:/usr/bin/ceph: stderr
2024-04-26T07:16:44.848+0000 7f7d6ffff700 1 -- 172.21.15.150:0/288399852 <== mon.0 v2:172.21.15.150:3300/0 4 ==== mgrmap(e 4) v1 ==== 45272+0+0 (secure 0 0 0) 0x7f7d7c019ac0 con 0x7f7d88107940
2024-04-26T07:16:46.112 INFO:teuthology.orchestra.run.smithi150.stdout:/usr/bin/ceph: stderr
2024-04-26T07:16:44.848+0000 7f7d6ffff700 1 --2- 172.21.15.150:0/288399852 >> [v2:172.21.15.150:6800/2544309554,v1:172.21.15.150:6801/2544309554] conn(0x7f7d700382e0 0x7f7d7003a7a0 unknown :-1 s=NONE pgs=0 cs=0 l=1 rev1=0 crypto rx=0 tx=0 comp rx=0 tx=0).connect
2024-04-26T07:16:46.112 INFO:teuthology.orchestra.run.smithi150.stdout:/usr/bin/ceph: stderr
2024-04-26T07:16:44.848+0000 7f7d6ffff700 1 -- 172.21.15.150:0/288399852 <== mon.0 v2:172.21.15.150:3300/0 5 ==== osd_map(1..1 src has 1..1) v4 ==== 725+0+0 (secure 0 0 0) 0x7f7d7c04c5f0 con 0x7f7d88107940
2024-04-26T07:16:46.112 INFO:teuthology.orchestra.run.smithi150.stdout:/usr/bin/ceph: stderr
2024-04-26T07:16:44.848+0000 7f7d8d7e9700 1 -- 172.21.15.150:0/288399852 --> [v2:172.21.15.150:3300/0,v1:172.21.15.150:6789/0] -- mon_command({"prefix": "get_command_descriptions"} v 0) v1 -- 0x7f7d880623c0 con 0x7f7d88107940
2024-04-26T07:16:46.113 INFO:teuthology.orchestra.run.smithi150.stdout:/usr/bin/ceph: stderr
2024-04-26T07:16:44.848+0000 7f7d867fc700 1 --2- 172.21.15.150:0/288399852 >> [v2:172.21.15.150:6800/2544309554,v1:172.21.15.150:6801/2544309554] conn(0x7f7d700382e0 0x7f7d7003a7a0 unknown :-1 s=BANNER_CONNECTING pgs=0 cs=0 l=1 rev1=0 crypto rx=0 tx=0 comp rx=0 tx=0)._handle_peer_banner_payload supported=3 required=0
2024-04-26T07:16:46.113 INFO:teuthology.orchestra.run.smithi150.stdout:/usr/bin/ceph: stderr
2024-04-26T07:16:44.848+0000 7f7d867fc700 1 --2- 172.21.15.150:0/288399852 >> [v2:172.21.15.150:6800/2544309554,v1:172.21.15.150:6801/2544309554] conn(0x7f7d700382e0 0x7f7d7003a7a0 secure :-1 s=READY pgs=8 cs=0 l=1 rev1=1 crypto rx=0x7f7d78006fd0 tx=0x7f7d78006e40 comp rx=0 tx=0).ready entity=mgr.14100 client_cookie=0 server_cookie=0 in_seq=0 out_seq=0
2024-04-26T07:16:46.113 INFO:teuthology.orchestra.run.smithi150.stdout:/usr/bin/ceph: stderr
2024-04-26T07:16:44.853+0000 7f7d6ffff700 1 -- 172.21.15.150:0/288399852 <== mon.0 v2:172.21.15.150:3300/0 6 ==== mon_command_ack([{"prefix": "get_command_descriptions"}]=0 v0) v1 ==== 72+0+180422 (secure 0 0 0) 0x7f7d7c02c3a0 con 0x7f7d88107940
2024-04-26T07:16:46.113 INFO:teuthology.orchestra.run.smithi150.stdout:/usr/bin/ceph: stderr
2024-04-26T07:16:45.093+0000 7f7d8d7e9700 1 -- 172.21.15.150:0/288399852 --> [v2:172.21.15.150:3300/0,v1:172.21.15.150:6789/0] -- mon_command({"prefix": "mgr module enable", "module": "cephadm"} v 0) v1 -- 0x7f7d8819d600 con 0x7f7d88107940
2024-04-26T07:16:46.113 INFO:teuthology.orchestra.run.smithi150.stdout:/usr/bin/ceph: stderr
2024-04-26T07:16:45.385+0000 7f7d6ffff700 1 -- 172.21.15.150:0/288399852 <== mon.0 v2:172.21.15.150:3300/0 7 ==== mgrmap(e 5) v1 ==== 45283+0+0 (secure 0 0 0) 0x7f7d7c016d40 con 0x7f7d88107940
2024-04-26T07:16:46.113 INFO:teuthology.orchestra.run.smithi150.stdout:/usr/bin/ceph: stderr
2024-04-26T07:16:45.387+0000 7f7d6ffff700 1 -- 172.21.15.150:0/288399852 <== mon.0 v2:172.21.15.150:3300/0 8 ==== mon_command_ack([{"prefix": "mgr module enable", "module": "cephadm"}]=0 v5) v1 ==== 86+0+0 (secure 0 0 0) 0x7f7d7c02b340 con 0x7f7d88107940
2024-04-26T07:16:46.113 INFO:teuthology.orchestra.run.smithi150.stdout:/usr/bin/ceph: stderr
2024-04-26T07:16:45.389+0000 7f7d8d7e9700 1 -- 172.21.15.150:0/288399852 >> [v2:172.21.15.150:6800/2544309554,v1:172.21.15.150:6801/2544309554] conn(0x7f7d700382e0 msgr2=0x7f7d7003a7a0 secure :-1 s=STATE_CONNECTION_ESTABLISHED l=1).mark_down
2024-04-26T07:16:46.113 INFO:teuthology.orchestra.run.smithi150.stdout:/usr/bin/ceph: stderr
2024-04-26T07:16:45.389+0000 7f7d8d7e9700 1 --2- 172.21.15.150:0/288399852 >> [v2:172.21.15.150:6800/2544309554,v1:172.21.15.150:6801/2544309554] conn(0x7f7d700382e0 0x7f7d7003a7a0 secure :-1 s=READY pgs=8 cs=0 l=1 rev1=1 crypto rx=0x7f7d78006fd0 tx=0x7f7d78006e40 comp rx=0 tx=0).stop
2024-04-26T07:16:46.113 INFO:teuthology.orchestra.run.smithi150.stdout:/usr/bin/ceph: stderr
2024-04-26T07:16:45.389+0000 7f7d8d7e9700 1 -- 172.21.15.150:0/288399852 >> [v2:172.21.15.150:3300/0,v1:172.21.15.150:6789/0] conn(0x7f7d88107940 msgr2=0x7f7d8819a060 secure :-1 s=STATE_CONNECTION_ESTABLISHED l=1).mark_down
2024-04-26T07:16:46.113 INFO:teuthology.orchestra.run.smithi150.stdout:/usr/bin/ceph: stderr
2024-04-26T07:16:45.389+0000 7f7d8d7e9700 1 --2- 172.21.15.150:0/288399852 >> [v2:172.21.15.150:3300/0,v1:172.21.15.150:6789/0] conn(0x7f7d88107940 0x7f7d8819a060 secure :-1 s=READY pgs=21 cs=0 l=1 rev1=1 crypto rx=0x7f7d7c006af0 tx=0x7f7d7c011a30 comp rx=0 tx=0).stop
2024-04-26T07:16:46.113 INFO:teuthology.orchestra.run.smithi150.stdout:/usr/bin/ceph: stderr
2024-04-26T07:16:45.389+0000 7f7d8d7e9700 1 -- 172.21.15.150:0/288399852 shutdown_connections
2024-04-26T07:16:46.113 INFO:teuthology.orchestra.run.smithi150.stdout:/usr/bin/ceph: stderr
2024-04-26T07:16:45.389+0000 7f7d8d7e9700 1 --2- 172.21.15.150:0/288399852 >> [v2:172.21.15.150:6800/2544309554,v1:172.21.15.150:6801/2544309554] conn(0x7f7d700382e0 0x7f7d7003a7a0 unknown :-1 s=CLOSED pgs=8 cs=0 l=1 rev1=1 crypto rx=0 tx=0 comp rx=0 tx=0).stop
2024-04-26T07:16:46.113 INFO:teuthology.orchestra.run.smithi150.stdout:/usr/bin/ceph: stderr
2024-04-26T07:16:45.389+0000 7f7d8d7e9700 1 --2- 172.21.15.150:0/288399852 >> [v2:172.21.15.150:3300/0,v1:172.21.15.150:6789/0] conn(0x7f7d88107940 0x7f7d8819a060 unknown :-1 s=CLOSED pgs=21 cs=0 l=1 rev1=1 crypto rx=0 tx=0 comp rx=0 tx=0).stop
2024-04-26T07:16:46.113 INFO:teuthology.orchestra.run.smithi150.stdout:/usr/bin/ceph: stderr
2024-04-26T07:16:45.389+0000 7f7d8d7e9700 1 -- 172.21.15.150:0/288399852 >> 172.21.15.150:0/288399852 conn(0x7f7d880fff40 msgr2=0x7f7d88101650 unknown :-1 s=STATE_NONE l=0).mark_down
2024-04-26T07:16:46.114 INFO:teuthology.orchestra.run.smithi150.stdout:/usr/bin/ceph: stderr
2024-04-26T07:16:45.389+0000 7f7d8d7e9700 1 -- 172.21.15.150:0/288399852 shutdown_connections
2024-04-26T07:16:46.114 INFO:teuthology.orchestra.run.smithi150.stdout:/usr/bin/ceph: stderr
2024-04-26T07:16:45.389+0000 7f7d8d7e9700 1 -- 172.21.15.150:0/288399852 wait complete.
2024-04-26T07:16:46.781 INFO:journalctl@ceph.mon.smithi150.smithi150.stdout:Apr 26 07:16:46 smithi150 ceph-mon[39826]: from='client.? 172.21.15.150:0/288399852' entity='client.admin' cmd='[{"prefix": "mgr module enable", "module": "cephadm"}]': finished
2024-04-26T07:16:46.781 INFO:journalctl@ceph.mon.smithi150.smithi150.stdout:Apr 26 07:16:46 smithi150 ceph-mon[39826]: mgrmap e5: smithi150.ugwvfp(active, since 12s)
2024-04-26T07:16:47.575 INFO:teuthology.orchestra.run.smithi150.stdout:/usr/bin/ceph: stdout {
2024-04-26T07:16:47.575 INFO:teuthology.orchestra.run.smithi150.stdout:/usr/bin/ceph: stdout "epoch": 5,
2024-04-26T07:16:47.575 INFO:teuthology.orchestra.run.smithi150.stdout:/usr/bin/ceph: stdout "available": true,
2024-04-26T07:16:47.575 INFO:teuthology.orchestra.run.smithi150.stdout:/usr/bin/ceph: stdout "active_name": "smithi150.ugwvfp",
2024-04-26T07:16:47.575 INFO:teuthology.orchestra.run.smithi150.stdout:/usr/bin/ceph: stdout "num_standby": 0
2024-04-26T07:16:47.575 INFO:teuthology.orchestra.run.smithi150.stdout:/usr/bin/ceph: stdout }
2024-04-26T07:16:47.575 INFO:teuthology.orchestra.run.smithi150.stdout:/usr/bin/ceph: stderr
2024-04-26T07:16:46.690+0000 7f2d8cd19700 1 Processor -- start
2024-04-26T07:16:47.575 INFO:teuthology.orchestra.run.smithi150.stdout:/usr/bin/ceph: stderr
2024-04-26T07:16:46.690+0000 7f2d8cd19700 1 -- start start
2024-04-26T07:16:47.575 INFO:teuthology.orchestra.run.smithi150.stdout:/usr/bin/ceph: stderr
2024-04-26T07:16:46.690+0000 7f2d8cd19700 1 --2- >> [v2:172.21.15.150:3300/0,v1:172.21.15.150:6789/0] conn(0x7f2d88106e00 0x7f2d881091f0 unknown :-1 s=NONE pgs=0 cs=0 l=0 rev1=0 crypto rx=0 tx=0 comp rx=0 tx=0).connect
2024-04-26T07:16:47.575 INFO:teuthology.orchestra.run.smithi150.stdout:/usr/bin/ceph: stderr
2024-04-26T07:16:46.690+0000 7f2d8cd19700 1 -- --> [v2:172.21.15.150:3300/0,v1:172.21.15.150:6789/0] -- mon_getmap magic: 0 v1 -- 0x7f2d880744d0 con 0x7f2d88106e00
2024-04-26T07:16:47.575 INFO:teuthology.orchestra.run.smithi150.stdout:/usr/bin/ceph: stderr
2024-04-26T07:16:46.691+0000 7f2d8659c700 1 --2- >> [v2:172.21.15.150:3300/0,v1:172.21.15.150:6789/0] conn(0x7f2d88106e00 0x7f2d881091f0 unknown :-1 s=BANNER_CONNECTING pgs=0 cs=0 l=0 rev1=0 crypto rx=0 tx=0 comp rx=0 tx=0)._handle_peer_banner_payload supported=3 required=0
2024-04-26T07:16:47.575 INFO:teuthology.orchestra.run.smithi150.stdout:/usr/bin/ceph: stderr
2024-04-26T07:16:46.691+0000 7f2d8659c700 1 --2- >> [v2:172.21.15.150:3300/0,v1:172.21.15.150:6789/0] conn(0x7f2d88106e00 0x7f2d881091f0 unknown :-1 s=HELLO_CONNECTING pgs=0 cs=0 l=0 rev1=1 crypto rx=0 tx=0 comp rx=0 tx=0).handle_hello peer v2:172.21.15.150:3300/0 says I am v2:172.21.15.150:38586/0 (socket says 172.21.15.150:38586)
2024-04-26T07:16:47.576 INFO:teuthology.orchestra.run.smithi150.stdout:/usr/bin/ceph: stderr
2024-04-26T07:16:46.691+0000 7f2d8659c700 1 -- 172.21.15.150:0/3992647768 learned_addr learned my addr 172.21.15.150:0/3992647768 (peer_addr_for_me v2:172.21.15.150:0/0)
2024-04-26T07:16:47.576 INFO:teuthology.orchestra.run.smithi150.stdout:/usr/bin/ceph: stderr
2024-04-26T07:16:46.691+0000 7f2d8659c700 1 -- 172.21.15.150:0/3992647768 --> [v2:172.21.15.150:3300/0,v1:172.21.15.150:6789/0] -- mon_subscribe({config=0+,monmap=0+}) v3 -- 0x7f2d88109730 con 0x7f2d88106e00
2024-04-26T07:16:47.576 INFO:teuthology.orchestra.run.smithi150.stdout:/usr/bin/ceph: stderr
2024-04-26T07:16:46.691+0000 7f2d8659c700 1 --2- 172.21.15.150:0/3992647768 >> [v2:172.21.15.150:3300/0,v1:172.21.15.150:6789/0] conn(0x7f2d88106e00 0x7f2d881091f0 secure :-1 s=READY pgs=24 cs=0 l=1 rev1=1 crypto rx=0x7f2d780098a0 tx=0x7f2d78009bb0 comp rx=0 tx=0).ready entity=mon.0 client_cookie=873ba6959d7efdf9 server_cookie=0 in_seq=0 out_seq=0
2024-04-26T07:16:47.576 INFO:teuthology.orchestra.run.smithi150.stdout:/usr/bin/ceph: stderr
2024-04-26T07:16:46.691+0000 7f2d8559a700 1 -- 172.21.15.150:0/3992647768 <== mon.0 v2:172.21.15.150:3300/0 1 ==== mon_map magic: 0 v1 ==== 229+0+0 (secure 0 0 0) 0x7f2d78004180 con 0x7f2d88106e00
2024-04-26T07:16:47.576 INFO:teuthology.orchestra.run.smithi150.stdout:/usr/bin/ceph: stderr
2024-04-26T07:16:46.691+0000 7f2d8559a700 1 -- 172.21.15.150:0/3992647768 <== mon.0 v2:172.21.15.150:3300/0 2 ==== config(26 keys) v1 ==== 1002+0+0 (secure 0 0 0) 0x7f2d780042e0 con 0x7f2d88106e00
2024-04-26T07:16:47.576 INFO:teuthology.orchestra.run.smithi150.stdout:/usr/bin/ceph: stderr
2024-04-26T07:16:46.691+0000 7f2d8559a700 1 -- 172.21.15.150:0/3992647768 <== mon.0 v2:172.21.15.150:3300/0 3 ==== mon_map magic: 0 v1 ==== 229+0+0 (secure 0 0 0) 0x7f2d780119d0 con 0x7f2d88106e00
2024-04-26T07:16:47.576 INFO:teuthology.orchestra.run.smithi150.stdout:/usr/bin/ceph: stderr
2024-04-26T07:16:46.692+0000 7f2d8cd19700 1 -- 172.21.15.150:0/3992647768 >> [v2:172.21.15.150:3300/0,v1:172.21.15.150:6789/0] conn(0x7f2d88106e00 msgr2=0x7f2d881091f0 secure :-1 s=STATE_CONNECTION_ESTABLISHED l=1).mark_down
2024-04-26T07:16:47.576 INFO:teuthology.orchestra.run.smithi150.stdout:/usr/bin/ceph: stderr
2024-04-26T07:16:46.692+0000 7f2d8cd19700 1 --2- 172.21.15.150:0/3992647768 >> [v2:172.21.15.150:3300/0,v1:172.21.15.150:6789/0] conn(0x7f2d88106e00 0x7f2d881091f0 secure :-1 s=READY pgs=24 cs=0 l=1 rev1=1 crypto rx=0x7f2d780098a0 tx=0x7f2d78009bb0 comp rx=0 tx=0).stop
2024-04-26T07:16:47.576 INFO:teuthology.orchestra.run.smithi150.stdout:/usr/bin/ceph: stderr
2024-04-26T07:16:46.692+0000 7f2d8cd19700 1 -- 172.21.15.150:0/3992647768 shutdown_connections
2024-04-26T07:16:47.576 INFO:teuthology.orchestra.run.smithi150.stdout:/usr/bin/ceph: stderr
2024-04-26T07:16:46.692+0000 7f2d8cd19700 1 --2- 172.21.15.150:0/3992647768 >> [v2:172.21.15.150:3300/0,v1:172.21.15.150:6789/0] conn(0x7f2d88106e00 0x7f2d881091f0 unknown :-1 s=CLOSED pgs=24 cs=0 l=1 rev1=1 crypto rx=0 tx=0 comp rx=0 tx=0).stop
2024-04-26T07:16:47.576 INFO:teuthology.orchestra.run.smithi150.stdout:/usr/bin/ceph: stderr
2024-04-26T07:16:46.692+0000 7f2d8cd19700 1 -- 172.21.15.150:0/3992647768 >> 172.21.15.150:0/3992647768 conn(0x7f2d881007f0 msgr2=0x7f2d88102c10 unknown :-1 s=STATE_NONE l=0).mark_down
2024-04-26T07:16:47.577 INFO:teuthology.orchestra.run.smithi150.stdout:/usr/bin/ceph: stderr
2024-04-26T07:16:46.692+0000 7f2d8cd19700 1 -- 172.21.15.150:0/3992647768 shutdown_connections
2024-04-26T07:16:47.577 INFO:teuthology.orchestra.run.smithi150.stdout:/usr/bin/ceph: stderr
2024-04-26T07:16:46.692+0000 7f2d8cd19700 1 -- 172.21.15.150:0/3992647768 wait complete.
2024-04-26T07:16:47.577 INFO:teuthology.orchestra.run.smithi150.stdout:/usr/bin/ceph: stderr
2024-04-26T07:16:46.693+0000 7f2d8cd19700 1 Processor -- start
2024-04-26T07:16:47.577 INFO:teuthology.orchestra.run.smithi150.stdout:/usr/bin/ceph: stderr
2024-04-26T07:16:46.693+0000 7f2d8cd19700 1 -- start start
2024-04-26T07:16:47.577 INFO:teuthology.orchestra.run.smithi150.stdout:/usr/bin/ceph: stderr
2024-04-26T07:16:46.693+0000 7f2d8cd19700 1 --2- >> [v2:172.21.15.150:3300/0,v1:172.21.15.150:6789/0] conn(0x7f2d88106e00 0x7f2d88106760 unknown :-1 s=NONE pgs=0 cs=0 l=1 rev1=0 crypto rx=0 tx=0 comp rx=0 tx=0).connect
2024-04-26T07:16:47.577 INFO:teuthology.orchestra.run.smithi150.stdout:/usr/bin/ceph: stderr
2024-04-26T07:16:46.693+0000 7f2d8cd19700 1 -- --> [v2:172.21.15.150:3300/0,v1:172.21.15.150:6789/0] -- mon_getmap magic: 0 v1 -- 0x7f2d88106ca0 con 0x7f2d88106e00
2024-04-26T07:16:47.577 INFO:teuthology.orchestra.run.smithi150.stdout:/usr/bin/ceph: stderr
2024-04-26T07:16:46.693+0000 7f2d8659c700 1 --2- >> [v2:172.21.15.150:3300/0,v1:172.21.15.150:6789/0] conn(0x7f2d88106e00 0x7f2d88106760 unknown :-1 s=BANNER_CONNECTING pgs=0 cs=0 l=1 rev1=0 crypto rx=0 tx=0 comp rx=0 tx=0)._handle_peer_banner_payload supported=3 required=0
2024-04-26T07:16:47.577 INFO:teuthology.orchestra.run.smithi150.stdout:/usr/bin/ceph: stderr
2024-04-26T07:16:46.693+0000 7f2d8659c700 1 --2- >> [v2:172.21.15.150:3300/0,v1:172.21.15.150:6789/0] conn(0x7f2d88106e00 0x7f2d88106760 unknown :-1 s=HELLO_CONNECTING pgs=0 cs=0 l=1 rev1=1 crypto rx=0 tx=0 comp rx=0 tx=0).handle_hello peer v2:172.21.15.150:3300/0 says I am v2:172.21.15.150:38588/0 (socket says 172.21.15.150:38588)
2024-04-26T07:16:47.577 INFO:teuthology.orchestra.run.smithi150.stdout:/usr/bin/ceph: stderr
2024-04-26T07:16:46.693+0000 7f2d8659c700 1 -- 172.21.15.150:0/1702842311 learned_addr learned my addr 172.21.15.150:0/1702842311 (peer_addr_for_me v2:172.21.15.150:0/0)
2024-04-26T07:16:47.577 INFO:teuthology.orchestra.run.smithi150.stdout:/usr/bin/ceph: stderr
2024-04-26T07:16:46.693+0000 7f2d8659c700 1 -- 172.21.15.150:0/1702842311 --> [v2:172.21.15.150:3300/0,v1:172.21.15.150:6789/0] -- mon_subscribe({config=0+,monmap=0+}) v3 -- 0x7f2d78009550 con 0x7f2d88106e00
2024-04-26T07:16:47.577 INFO:teuthology.orchestra.run.smithi150.stdout:/usr/bin/ceph: stderr
2024-04-26T07:16:46.693+0000 7f2d8659c700 1 --2- 172.21.15.150:0/1702842311 >> [v2:172.21.15.150:3300/0,v1:172.21.15.150:6789/0] conn(0x7f2d88106e00 0x7f2d88106760 secure :-1 s=READY pgs=25 cs=0 l=1 rev1=1 crypto rx=0x7f2d78009130 tx=0x7f2d78011a30 comp rx=0 tx=0).ready entity=mon.0 client_cookie=0 server_cookie=0 in_seq=0 out_seq=0
2024-04-26T07:16:47.577 INFO:teuthology.orchestra.run.smithi150.stdout:/usr/bin/ceph: stderr
2024-04-26T07:16:46.693+0000 7f2d777fe700 1 -- 172.21.15.150:0/1702842311 <== mon.0 v2:172.21.15.150:3300/0 1 ==== mon_map magic: 0 v1 ==== 229+0+0 (secure 0 0 0) 0x7f2d78003900 con 0x7f2d88106e00
2024-04-26T07:16:47.577 INFO:teuthology.orchestra.run.smithi150.stdout:/usr/bin/ceph: stderr
2024-04-26T07:16:46.693+0000 7f2d777fe700 1 -- 172.21.15.150:0/1702842311 <== mon.0 v2:172.21.15.150:3300/0 2 ==== config(26 keys) v1 ==== 1002+0+0 (secure 0 0 0) 0x7f2d78003a60 con 0x7f2d88106e00
2024-04-26T07:16:47.577 INFO:teuthology.orchestra.run.smithi150.stdout:/usr/bin/ceph: stderr
2024-04-26T07:16:46.693+0000 7f2d8cd19700 1 -- 172.21.15.150:0/1702842311 --> [v2:172.21.15.150:3300/0,v1:172.21.15.150:6789/0] -- mon_subscribe({mgrmap=0+}) v3 -- 0x7f2d88104db0 con 0x7f2d88106e00
2024-04-26T07:16:47.577 INFO:teuthology.orchestra.run.smithi150.stdout:/usr/bin/ceph: stderr
2024-04-26T07:16:46.693+0000 7f2d777fe700 1 -- 172.21.15.150:0/1702842311 <== mon.0 v2:172.21.15.150:3300/0 3 ==== mon_map magic: 0 v1 ==== 229+0+0 (secure 0 0 0) 0x7f2d780246e0 con 0x7f2d88106e00
2024-04-26T07:16:47.578 INFO:teuthology.orchestra.run.smithi150.stdout:/usr/bin/ceph: stderr
