2024-04-26T07:17:15.745+0000 7f6c4a47e700 1 --2- 172.21.15.150:0/2185617139 >> [v2:172.21.15.150:6800/1664429796,v1:172.21.15.150:6801/1664429796] conn(0x7f6c2c038330 0x7f6c2c03a7f0 unknown :-1 s=CLOSED pgs=19 cs=0 l=1 rev1=1 crypto rx=0 tx=0 comp rx=0 tx=0).stop
2024-04-26T07:17:16.400 INFO:teuthology.orchestra.run.smithi150.stdout:/usr/bin/ceph: stderr
2024-04-26T07:17:15.745+0000 7f6c4a47e700 1 --2- 172.21.15.150:0/2185617139 >> [v2:172.21.15.150:3300/0,v1:172.21.15.150:6789/0] conn(0x7f6c44106de0 0x7f6c44106740 unknown :-1 s=CLOSED pgs=60 cs=0 l=1 rev1=1 crypto rx=0 tx=0 comp rx=0 tx=0).stop
2024-04-26T07:17:16.400 INFO:teuthology.orchestra.run.smithi150.stdout:/usr/bin/ceph: stderr
2024-04-26T07:17:15.745+0000 7f6c4a47e700 1 -- 172.21.15.150:0/2185617139 >> 172.21.15.150:0/2185617139 conn(0x7f6c441007f0 msgr2=0x7f6c44101ee0 unknown :-1 s=STATE_NONE l=0).mark_down
2024-04-26T07:17:16.400 INFO:teuthology.orchestra.run.smithi150.stdout:/usr/bin/ceph: stderr
2024-04-26T07:17:15.745+0000 7f6c4a47e700 1 -- 172.21.15.150:0/2185617139 shutdown_connections
2024-04-26T07:17:16.400 INFO:teuthology.orchestra.run.smithi150.stdout:/usr/bin/ceph: stderr
2024-04-26T07:17:15.745+0000 7f6c4a47e700 1 -- 172.21.15.150:0/2185617139 wait complete.
2024-04-26T07:17:16.859 INFO:journalctl@ceph.mon.smithi150.smithi150.stdout:Apr 26 07:17:16 smithi150 ceph-mon[39826]: from='client.14154 -' entity='client.admin' cmd=[{"prefix": "orch apply", "service_type": "alertmanager", "target": ["mon-mgr", ""]}]: dispatch
2024-04-26T07:17:16.859 INFO:journalctl@ceph.mon.smithi150.smithi150.stdout:Apr 26 07:17:16 smithi150 ceph-mon[39826]: Saving service alertmanager spec with placement count:1
2024-04-26T07:17:16.859 INFO:journalctl@ceph.mon.smithi150.smithi150.stdout:Apr 26 07:17:16 smithi150 ceph-mon[39826]: from='mgr.14118 172.21.15.150:0/3448078539' entity='mgr.smithi150.ugwvfp'
2024-04-26T07:17:16.859 INFO:journalctl@ceph.mon.smithi150.smithi150.stdout:Apr 26 07:17:16 smithi150 ceph-mon[39826]: pgmap v5: 0 pgs: ; 0 B data, 0 B used, 0 B / 0 B avail
2024-04-26T07:17:17.795 INFO:teuthology.orchestra.run.smithi150.stdout:/usr/bin/ceph: stderr
2024-04-26T07:17:16.956+0000 7f7093993700 1 Processor -- start
2024-04-26T07:17:17.795 INFO:teuthology.orchestra.run.smithi150.stdout:/usr/bin/ceph: stderr
2024-04-26T07:17:16.956+0000 7f7093993700 1 -- start start
2024-04-26T07:17:17.795 INFO:teuthology.orchestra.run.smithi150.stdout:/usr/bin/ceph: stderr
2024-04-26T07:17:16.956+0000 7f7093993700 1 --2- >> [v2:172.21.15.150:3300/0,v1:172.21.15.150:6789/0] conn(0x7f708c106de0 0x7f708c1091d0 unknown :-1 s=NONE pgs=0 cs=0 l=0 rev1=0 crypto rx=0 tx=0 comp rx=0 tx=0).connect
2024-04-26T07:17:17.795 INFO:teuthology.orchestra.run.smithi150.stdout:/usr/bin/ceph: stderr
2024-04-26T07:17:16.956+0000 7f7093993700 1 -- --> [v2:172.21.15.150:3300/0,v1:172.21.15.150:6789/0] -- mon_getmap magic: 0 v1 -- 0x7f708c079da0 con 0x7f708c106de0
2024-04-26T07:17:17.795 INFO:teuthology.orchestra.run.smithi150.stdout:/usr/bin/ceph: stderr
2024-04-26T07:17:16.956+0000 7f709172f700 1 --2- >> [v2:172.21.15.150:3300/0,v1:172.21.15.150:6789/0] conn(0x7f708c106de0 0x7f708c1091d0 unknown :-1 s=BANNER_CONNECTING pgs=0 cs=0 l=0 rev1=0 crypto rx=0 tx=0 comp rx=0 tx=0)._handle_peer_banner_payload supported=3 required=0
2024-04-26T07:17:17.795 INFO:teuthology.orchestra.run.smithi150.stdout:/usr/bin/ceph: stderr
2024-04-26T07:17:16.957+0000 7f709172f700 1 --2- >> [v2:172.21.15.150:3300/0,v1:172.21.15.150:6789/0] conn(0x7f708c106de0 0x7f708c1091d0 unknown :-1 s=HELLO_CONNECTING pgs=0 cs=0 l=0 rev1=1 crypto rx=0 tx=0 comp rx=0 tx=0).handle_hello peer v2:172.21.15.150:3300/0 says I am v2:172.21.15.150:32858/0 (socket says 172.21.15.150:32858)
2024-04-26T07:17:17.795 INFO:teuthology.orchestra.run.smithi150.stdout:/usr/bin/ceph: stderr
2024-04-26T07:17:16.957+0000 7f709172f700 1 -- 172.21.15.150:0/919689322 learned_addr learned my addr 172.21.15.150:0/919689322 (peer_addr_for_me v2:172.21.15.150:0/0)
2024-04-26T07:17:17.795 INFO:teuthology.orchestra.run.smithi150.stdout:/usr/bin/ceph: stderr
2024-04-26T07:17:16.957+0000 7f709172f700 1 -- 172.21.15.150:0/919689322 --> [v2:172.21.15.150:3300/0,v1:172.21.15.150:6789/0] -- mon_subscribe({config=0+,monmap=0+}) v3 -- 0x7f708c109710 con 0x7f708c106de0
2024-04-26T07:17:17.795 INFO:teuthology.orchestra.run.smithi150.stdout:/usr/bin/ceph: stderr
2024-04-26T07:17:16.957+0000 7f709172f700 1 --2- 172.21.15.150:0/919689322 >> [v2:172.21.15.150:3300/0,v1:172.21.15.150:6789/0] conn(0x7f708c106de0 0x7f708c1091d0 secure :-1 s=READY pgs=61 cs=0 l=1 rev1=1 crypto rx=0x7f707c0098a0 tx=0x7f707c009bb0 comp rx=0 tx=0).ready entity=mon.0 client_cookie=110b6ddbc685a8bb server_cookie=0 in_seq=0 out_seq=0
2024-04-26T07:17:17.795 INFO:teuthology.orchestra.run.smithi150.stdout:/usr/bin/ceph: stderr
2024-04-26T07:17:16.957+0000 7f7083fff700 1 -- 172.21.15.150:0/919689322 <== mon.0 v2:172.21.15.150:3300/0 1 ==== mon_map magic: 0 v1 ==== 229+0+0 (secure 0 0 0) 0x7f707c004180 con 0x7f708c106de0
2024-04-26T07:17:17.796 INFO:teuthology.orchestra.run.smithi150.stdout:/usr/bin/ceph: stderr
2024-04-26T07:17:16.957+0000 7f7083fff700 1 -- 172.21.15.150:0/919689322 <== mon.0 v2:172.21.15.150:3300/0 2 ==== config(26 keys) v1 ==== 1066+0+0 (secure 0 0 0) 0x7f707c0042e0 con 0x7f708c106de0
2024-04-26T07:17:17.796 INFO:teuthology.orchestra.run.smithi150.stdout:/usr/bin/ceph: stderr
2024-04-26T07:17:16.957+0000 7f7083fff700 1 -- 172.21.15.150:0/919689322 <== mon.0 v2:172.21.15.150:3300/0 3 ==== mon_map magic: 0 v1 ==== 229+0+0 (secure 0 0 0) 0x7f707c011a30 con 0x7f708c106de0
2024-04-26T07:17:17.796 INFO:teuthology.orchestra.run.smithi150.stdout:/usr/bin/ceph: stderr
2024-04-26T07:17:16.958+0000 7f7093993700 1 -- 172.21.15.150:0/919689322 >> [v2:172.21.15.150:3300/0,v1:172.21.15.150:6789/0] conn(0x7f708c106de0 msgr2=0x7f708c1091d0 secure :-1 s=STATE_CONNECTION_ESTABLISHED l=1).mark_down
2024-04-26T07:17:17.796 INFO:teuthology.orchestra.run.smithi150.stdout:/usr/bin/ceph: stderr
2024-04-26T07:17:16.958+0000 7f7093993700 1 --2- 172.21.15.150:0/919689322 >> [v2:172.21.15.150:3300/0,v1:172.21.15.150:6789/0] conn(0x7f708c106de0 0x7f708c1091d0 secure :-1 s=READY pgs=61 cs=0 l=1 rev1=1 crypto rx=0x7f707c0098a0 tx=0x7f707c009bb0 comp rx=0 tx=0).stop
2024-04-26T07:17:17.796 INFO:teuthology.orchestra.run.smithi150.stdout:/usr/bin/ceph: stderr
2024-04-26T07:17:16.958+0000 7f7093993700 1 -- 172.21.15.150:0/919689322 shutdown_connections
2024-04-26T07:17:17.796 INFO:teuthology.orchestra.run.smithi150.stdout:/usr/bin/ceph: stderr
2024-04-26T07:17:16.958+0000 7f7093993700 1 --2- 172.21.15.150:0/919689322 >> [v2:172.21.15.150:3300/0,v1:172.21.15.150:6789/0] conn(0x7f708c106de0 0x7f708c1091d0 unknown :-1 s=CLOSED pgs=61 cs=0 l=1 rev1=1 crypto rx=0 tx=0 comp rx=0 tx=0).stop
2024-04-26T07:17:17.796 INFO:teuthology.orchestra.run.smithi150.stdout:/usr/bin/ceph: stderr
2024-04-26T07:17:16.958+0000 7f7093993700 1 -- 172.21.15.150:0/919689322 >> 172.21.15.150:0/919689322 conn(0x7f708c1007d0 msgr2=0x7f708c102c10 unknown :-1 s=STATE_NONE l=0).mark_down
2024-04-26T07:17:17.796 INFO:teuthology.orchestra.run.smithi150.stdout:/usr/bin/ceph: stderr
2024-04-26T07:17:16.958+0000 7f7093993700 1 -- 172.21.15.150:0/919689322 shutdown_connections
2024-04-26T07:17:17.796 INFO:teuthology.orchestra.run.smithi150.stdout:/usr/bin/ceph: stderr
2024-04-26T07:17:16.958+0000 7f7093993700 1 -- 172.21.15.150:0/919689322 wait complete.
2024-04-26T07:17:17.796 INFO:teuthology.orchestra.run.smithi150.stdout:/usr/bin/ceph: stderr
2024-04-26T07:17:16.958+0000 7f7093993700 1 Processor -- start
2024-04-26T07:17:17.796 INFO:teuthology.orchestra.run.smithi150.stdout:/usr/bin/ceph: stderr
2024-04-26T07:17:16.958+0000 7f7093993700 1 -- start start
2024-04-26T07:17:17.796 INFO:teuthology.orchestra.run.smithi150.stdout:/usr/bin/ceph: stderr
2024-04-26T07:17:16.958+0000 7f7093993700 1 --2- >> [v2:172.21.15.150:3300/0,v1:172.21.15.150:6789/0] conn(0x7f708c106de0 0x7f708c106740 unknown :-1 s=NONE pgs=0 cs=0 l=1 rev1=0 crypto rx=0 tx=0 comp rx=0 tx=0).connect
2024-04-26T07:17:17.796 INFO:teuthology.orchestra.run.smithi150.stdout:/usr/bin/ceph: stderr
2024-04-26T07:17:16.958+0000 7f7093993700 1 -- --> [v2:172.21.15.150:3300/0,v1:172.21.15.150:6789/0] -- mon_getmap magic: 0 v1 -- 0x7f708c106c80 con 0x7f708c106de0
2024-04-26T07:17:17.796 INFO:teuthology.orchestra.run.smithi150.stdout:/usr/bin/ceph: stderr
2024-04-26T07:17:16.959+0000 7f709172f700 1 --2- >> [v2:172.21.15.150:3300/0,v1:172.21.15.150:6789/0] conn(0x7f708c106de0 0x7f708c106740 unknown :-1 s=BANNER_CONNECTING pgs=0 cs=0 l=1 rev1=0 crypto rx=0 tx=0 comp rx=0 tx=0)._handle_peer_banner_payload supported=3 required=0
2024-04-26T07:17:17.796 INFO:teuthology.orchestra.run.smithi150.stdout:/usr/bin/ceph: stderr
2024-04-26T07:17:16.959+0000 7f709172f700 1 --2- >> [v2:172.21.15.150:3300/0,v1:172.21.15.150:6789/0] conn(0x7f708c106de0 0x7f708c106740 unknown :-1 s=HELLO_CONNECTING pgs=0 cs=0 l=1 rev1=1 crypto rx=0 tx=0 comp rx=0 tx=0).handle_hello peer v2:172.21.15.150:3300/0 says I am v2:172.21.15.150:32866/0 (socket says 172.21.15.150:32866)
2024-04-26T07:17:17.797 INFO:teuthology.orchestra.run.smithi150.stdout:/usr/bin/ceph: stderr
2024-04-26T07:17:16.959+0000 7f709172f700 1 -- 172.21.15.150:0/4156475492 learned_addr learned my addr 172.21.15.150:0/4156475492 (peer_addr_for_me v2:172.21.15.150:0/0)
2024-04-26T07:17:17.797 INFO:teuthology.orchestra.run.smithi150.stdout:/usr/bin/ceph: stderr
2024-04-26T07:17:16.959+0000 7f709172f700 1 -- 172.21.15.150:0/4156475492 --> [v2:172.21.15.150:3300/0,v1:172.21.15.150:6789/0] -- mon_subscribe({config=0+,monmap=0+}) v3 -- 0x7f707c009550 con 0x7f708c106de0
2024-04-26T07:17:17.797 INFO:teuthology.orchestra.run.smithi150.stdout:/usr/bin/ceph: stderr
2024-04-26T07:17:16.959+0000 7f709172f700 1 --2- 172.21.15.150:0/4156475492 >> [v2:172.21.15.150:3300/0,v1:172.21.15.150:6789/0] conn(0x7f708c106de0 0x7f708c106740 secure :-1 s=READY pgs=62 cs=0 l=1 rev1=1 crypto rx=0x7f707c006af0 tx=0x7f707c011ab0 comp rx=0 tx=0).ready entity=mon.0 client_cookie=0 server_cookie=0 in_seq=0 out_seq=0
2024-04-26T07:17:17.797 INFO:teuthology.orchestra.run.smithi150.stdout:/usr/bin/ceph: stderr
2024-04-26T07:17:16.959+0000 7f70827fc700 1 -- 172.21.15.150:0/4156475492 <== mon.0 v2:172.21.15.150:3300/0 1 ==== mon_map magic: 0 v1 ==== 229+0+0 (secure 0 0 0) 0x7f707c003bc0 con 0x7f708c106de0
2024-04-26T07:17:17.797 INFO:teuthology.orchestra.run.smithi150.stdout:/usr/bin/ceph: stderr
2024-04-26T07:17:16.959+0000 7f70827fc700 1 -- 172.21.15.150:0/4156475492 <== mon.0 v2:172.21.15.150:3300/0 2 ==== config(26 keys) v1 ==== 1066+0+0 (secure 0 0 0) 0x7f707c01a8c0 con 0x7f708c106de0
2024-04-26T07:17:17.797 INFO:teuthology.orchestra.run.smithi150.stdout:/usr/bin/ceph: stderr
2024-04-26T07:17:16.959+0000 7f7093993700 1 -- 172.21.15.150:0/4156475492 --> [v2:172.21.15.150:3300/0,v1:172.21.15.150:6789/0] -- mon_subscribe({mgrmap=0+}) v3 -- 0x7f708c104d90 con 0x7f708c106de0
2024-04-26T07:17:17.797 INFO:teuthology.orchestra.run.smithi150.stdout:/usr/bin/ceph: stderr
2024-04-26T07:17:16.959+0000 7f70827fc700 1 -- 172.21.15.150:0/4156475492 <== mon.0 v2:172.21.15.150:3300/0 3 ==== mon_map magic: 0 v1 ==== 229+0+0 (secure 0 0 0) 0x7f707c019860 con 0x7f708c106de0
2024-04-26T07:17:17.797 INFO:teuthology.orchestra.run.smithi150.stdout:/usr/bin/ceph: stderr
2024-04-26T07:17:16.959+0000 7f7093993700 1 -- 172.21.15.150:0/4156475492 --> [v2:172.21.15.150:3300/0,v1:172.21.15.150:6789/0] -- mon_subscribe({osdmap=0}) v3 -- 0x7f708c1051b0 con 0x7f708c106de0
2024-04-26T07:17:17.797 INFO:teuthology.orchestra.run.smithi150.stdout:/usr/bin/ceph: stderr
2024-04-26T07:17:16.960+0000 7f70827fc700 1 -- 172.21.15.150:0/4156475492 <== mon.0 v2:172.21.15.150:3300/0 4 ==== mgrmap(e 8) v1 ==== 45283+0+0 (secure 0 0 0) 0x7f707c019ad0 con 0x7f708c106de0
2024-04-26T07:17:17.797 INFO:teuthology.orchestra.run.smithi150.stdout:/usr/bin/ceph: stderr
2024-04-26T07:17:16.960+0000 7f7093993700 1 -- 172.21.15.150:0/4156475492 --> [v2:172.21.15.150:3300/0,v1:172.21.15.150:6789/0] -- mon_command({"prefix": "get_command_descriptions"} v 0) v1 -- 0x7f708c0623c0 con 0x7f708c106de0
2024-04-26T07:17:17.797 INFO:teuthology.orchestra.run.smithi150.stdout:/usr/bin/ceph: stderr
2024-04-26T07:17:16.960+0000 7f70827fc700 1 --2- 172.21.15.150:0/4156475492 >> [v2:172.21.15.150:6800/1664429796,v1:172.21.15.150:6801/1664429796] conn(0x7f7078038330 0x7f707803a7f0 unknown :-1 s=NONE pgs=0 cs=0 l=1 rev1=0 crypto rx=0 tx=0 comp rx=0 tx=0).connect
2024-04-26T07:17:17.797 INFO:teuthology.orchestra.run.smithi150.stdout:/usr/bin/ceph: stderr
2024-04-26T07:17:16.960+0000 7f70827fc700 1 -- 172.21.15.150:0/4156475492 <== mon.0 v2:172.21.15.150:3300/0 5 ==== osd_map(2..2 src has 1..2) v4 ==== 940+0+0 (secure 0 0 0) 0x7f707c04c8a0 con 0x7f708c106de0
2024-04-26T07:17:17.797 INFO:teuthology.orchestra.run.smithi150.stdout:/usr/bin/ceph: stderr
2024-04-26T07:17:16.960+0000 7f7090f2e700 1 --2- 172.21.15.150:0/4156475492 >> [v2:172.21.15.150:6800/1664429796,v1:172.21.15.150:6801/1664429796] conn(0x7f7078038330 0x7f707803a7f0 unknown :-1 s=BANNER_CONNECTING pgs=0 cs=0 l=1 rev1=0 crypto rx=0 tx=0 comp rx=0 tx=0)._handle_peer_banner_payload supported=3 required=0
2024-04-26T07:17:17.797 INFO:teuthology.orchestra.run.smithi150.stdout:/usr/bin/ceph: stderr
2024-04-26T07:17:16.961+0000 7f7090f2e700 1 --2- 172.21.15.150:0/4156475492 >> [v2:172.21.15.150:6800/1664429796,v1:172.21.15.150:6801/1664429796] conn(0x7f7078038330 0x7f707803a7f0 secure :-1 s=READY pgs=20 cs=0 l=1 rev1=1 crypto rx=0x7f7088006fd0 tx=0x7f7088006e40 comp rx=0 tx=0).ready entity=mgr.14118 client_cookie=0 server_cookie=0 in_seq=0 out_seq=0
2024-04-26T07:17:17.798 INFO:teuthology.orchestra.run.smithi150.stdout:/usr/bin/ceph: stderr
2024-04-26T07:17:16.965+0000 7f70827fc700 1 -- 172.21.15.150:0/4156475492 <== mon.0 v2:172.21.15.150:3300/0 6 ==== mon_command_ack([{"prefix": "get_command_descriptions"}]=0 v0) v1 ==== 72+0+180422 (secure 0 0 0) 0x7f707c02b340 con 0x7f708c106de0
2024-04-26T07:17:17.798 INFO:teuthology.orchestra.run.smithi150.stdout:/usr/bin/ceph: stderr
2024-04-26T07:17:17.152+0000 7f7093993700 1 -- 172.21.15.150:0/4156475492 --> [v2:172.21.15.150:3300/0,v1:172.21.15.150:6789/0] -- mon_command([{prefix=config set, name=mgr/cephadm/container_init}] v 0) v1 -- 0x7f708c1054b0 con 0x7f708c106de0
2024-04-26T07:17:17.798 INFO:teuthology.orchestra.run.smithi150.stdout:/usr/bin/ceph: stderr
2024-04-26T07:17:17.158+0000 7f70827fc700 1 -- 172.21.15.150:0/4156475492 <== mon.0 v2:172.21.15.150:3300/0 7 ==== mon_command_ack([{prefix=config set, name=mgr/cephadm/container_init}]=0 v7)=0 v7) v1 ==== 142+0+0 (secure 0 0 0) 0x7f707c018b40 con 0x7f708c106de0
2024-04-26T07:17:17.798 INFO:teuthology.orchestra.run.smithi150.stdout:/usr/bin/ceph: stderr
2024-04-26T07:17:17.160+0000 7f7093993700 1 -- 172.21.15.150:0/4156475492 >> [v2:172.21.15.150:6800/1664429796,v1:172.21.15.150:6801/1664429796] conn(0x7f7078038330 msgr2=0x7f707803a7f0 secure :-1 s=STATE_CONNECTION_ESTABLISHED l=1).mark_down
2024-04-26T07:17:17.798 INFO:teuthology.orchestra.run.smithi150.stdout:/usr/bin/ceph: stderr
2024-04-26T07:17:17.160+0000 7f7093993700 1 --2- 172.21.15.150:0/4156475492 >> [v2:172.21.15.150:6800/1664429796,v1:172.21.15.150:6801/1664429796] conn(0x7f7078038330 0x7f707803a7f0 secure :-1 s=READY pgs=20 cs=0 l=1 rev1=1 crypto rx=0x7f7088006fd0 tx=0x7f7088006e40 comp rx=0 tx=0).stop
2024-04-26T07:17:17.798 INFO:teuthology.orchestra.run.smithi150.stdout:/usr/bin/ceph: stderr
2024-04-26T07:17:17.160+0000 7f7093993700 1 -- 172.21.15.150:0/4156475492 >> [v2:172.21.15.150:3300/0,v1:172.21.15.150:6789/0] conn(0x7f708c106de0 msgr2=0x7f708c106740 secure :-1 s=STATE_CONNECTION_ESTABLISHED l=1).mark_down
2024-04-26T07:17:17.798 INFO:teuthology.orchestra.run.smithi150.stdout:/usr/bin/ceph: stderr
2024-04-26T07:17:17.160+0000 7f7093993700 1 --2- 172.21.15.150:0/4156475492 >> [v2:172.21.15.150:3300/0,v1:172.21.15.150:6789/0] conn(0x7f708c106de0 0x7f708c106740 secure :-1 s=READY pgs=62 cs=0 l=1 rev1=1 crypto rx=0x7f707c006af0 tx=0x7f707c011ab0 comp rx=0 tx=0).stop
2024-04-26T07:17:17.798 INFO:teuthology.orchestra.run.smithi150.stdout:/usr/bin/ceph: stderr
2024-04-26T07:17:17.160+0000 7f7093993700 1 -- 172.21.15.150:0/4156475492 shutdown_connections
2024-04-26T07:17:17.798 INFO:teuthology.orchestra.run.smithi150.stdout:/usr/bin/ceph: stderr
2024-04-26T07:17:17.160+0000 7f7093993700 1 --2- 172.21.15.150:0/4156475492 >> [v2:172.21.15.150:6800/1664429796,v1:172.21.15.150:6801/1664429796] conn(0x7f7078038330 0x7f707803a7f0 unknown :-1 s=CLOSED pgs=20 cs=0 l=1 rev1=1 crypto rx=0 tx=0 comp rx=0 tx=0).stop
2024-04-26T07:17:17.798 INFO:teuthology.orchestra.run.smithi150.stdout:/usr/bin/ceph: stderr
2024-04-26T07:17:17.160+0000 7f7093993700 1 --2- 172.21.15.150:0/4156475492 >> [v2:172.21.15.150:3300/0,v1:172.21.15.150:6789/0] conn(0x7f708c106de0 0x7f708c106740 unknown :-1 s=CLOSED pgs=62 cs=0 l=1 rev1=1 crypto rx=0 tx=0 comp rx=0 tx=0).stop
2024-04-26T07:17:17.798 INFO:teuthology.orchestra.run.smithi150.stdout:/usr/bin/ceph: stderr
2024-04-26T07:17:17.160+0000 7f7093993700 1 -- 172.21.15.150:0/4156475492 >> 172.21.15.150:0/4156475492 conn(0x7f708c1007d0 msgr2=0x7f708c101ea0 unknown :-1 s=STATE_NONE l=0).mark_down
2024-04-26T07:17:17.798 INFO:teuthology.orchestra.run.smithi150.stdout:/usr/bin/ceph: stderr
2024-04-26T07:17:17.161+0000 7f7093993700 1 -- 172.21.15.150:0/4156475492 shutdown_connections
2024-04-26T07:17:17.798 INFO:teuthology.orchestra.run.smithi150.stdout:/usr/bin/ceph: stderr
2024-04-26T07:17:17.161+0000 7f7093993700 1 -- 172.21.15.150:0/4156475492 wait complete.
2024-04-26T07:17:18.359 INFO:journalctl@ceph.mon.smithi150.smithi150.stdout:Apr 26 07:17:18 smithi150 ceph-mon[39826]: from='client.? 172.21.15.150:0/4156475492' entity='client.admin'
2024-04-26T07:17:19.159 INFO:teuthology.orchestra.run.smithi150.stdout:/usr/bin/ceph: stderr
2024-04-26T07:17:18.353+0000 7f71e4da7700 1 Processor -- start
2024-04-26T07:17:19.159 INFO:teuthology.orchestra.run.smithi150.stdout:/usr/bin/ceph: stderr
2024-04-26T07:17:18.353+0000 7f71e4da7700 1 -- start start
2024-04-26T07:17:19.159 INFO:teuthology.orchestra.run.smithi150.stdout:/usr/bin/ceph: stderr
2024-04-26T07:17:18.354+0000 7f71e4da7700 1 --2- >> [v2:172.21.15.150:3300/0,v1:172.21.15.150:6789/0] conn(0x7f71e0106e60 0x7f71e0109250 unknown :-1 s=NONE pgs=0 cs=0 l=0 rev1=0 crypto rx=0 tx=0 comp rx=0 tx=0).connect
2024-04-26T07:17:19.159 INFO:teuthology.orchestra.run.smithi150.stdout:/usr/bin/ceph: stderr
2024-04-26T07:17:18.354+0000 7f71e4da7700 1 -- --> [v2:172.21.15.150:3300/0,v1:172.21.15.150:6789/0] -- mon_getmap magic: 0 v1 -- 0x7f71e0079d20 con 0x7f71e0106e60
2024-04-26T07:17:19.159 INFO:teuthology.orchestra.run.smithi150.stdout:/usr/bin/ceph: stderr
2024-04-26T07:17:18.354+0000 7f71de59c700 1 --2- >> [v2:172.21.15.150:3300/0,v1:172.21.15.150:6789/0] conn(0x7f71e0106e60 0x7f71e0109250 unknown :-1 s=BANNER_CONNECTING pgs=0 cs=0 l=0 rev1=0 crypto rx=0 tx=0 comp rx=0 tx=0)._handle_peer_banner_payload supported=3 required=0
2024-04-26T07:17:19.160 INFO:teuthology.orchestra.run.smithi150.stdout:/usr/bin/ceph: stderr
2024-04-26T07:17:18.354+0000 7f71de59c700 1 --2- >> [v2:172.21.15.150:3300/0,v1:172.21.15.150:6789/0] conn(0x7f71e0106e60 0x7f71e0109250 unknown :-1 s=HELLO_CONNECTING pgs=0 cs=0 l=0 rev1=1 crypto rx=0 tx=0 comp rx=0 tx=0).handle_hello peer v2:172.21.15.150:3300/0 says I am v2:172.21.15.150:32868/0 (socket says 172.21.15.150:32868)
2024-04-26T07:17:19.160 INFO:teuthology.orchestra.run.smithi150.stdout:/usr/bin/ceph: stderr
2024-04-26T07:17:18.354+0000 7f71de59c700 1 -- 172.21.15.150:0/3008371712 learned_addr learned my addr 172.21.15.150:0/3008371712 (peer_addr_for_me v2:172.21.15.150:0/0)
2024-04-26T07:17:19.160 INFO:teuthology.orchestra.run.smithi150.stdout:/usr/bin/ceph: stderr
2024-04-26T07:17:18.354+0000 7f71de59c700 1 -- 172.21.15.150:0/3008371712 --> [v2:172.21.15.150:3300/0,v1:172.21.15.150:6789/0] -- mon_subscribe({config=0+,monmap=0+}) v3 -- 0x7f71e0079e60 con 0x7f71e0106e60
2024-04-26T07:17:19.160 INFO:teuthology.orchestra.run.smithi150.stdout:/usr/bin/ceph: stderr
2024-04-26T07:17:18.354+0000 7f71de59c700 1 --2- 172.21.15.150:0/3008371712 >> [v2:172.21.15.150:3300/0,v1:172.21.15.150:6789/0] conn(0x7f71e0106e60 0x7f71e0109250 secure :-1 s=READY pgs=63 cs=0 l=1 rev1=1 crypto rx=0x7f71c80098a0 tx=0x7f71c8009bb0 comp rx=0 tx=0).ready entity=mon.0 client_cookie=f5f4b8e0535c20d2 server_cookie=0 in_seq=0 out_seq=0
2024-04-26T07:17:19.160 INFO:teuthology.orchestra.run.smithi150.stdout:/usr/bin/ceph: stderr
2024-04-26T07:17:18.354+0000 7f71dd59a700 1 -- 172.21.15.150:0/3008371712 <== mon.0 v2:172.21.15.150:3300/0 1 ==== mon_map magic: 0 v1 ==== 229+0+0 (secure 0 0 0) 0x7f71c8004180 con 0x7f71e0106e60
2024-04-26T07:17:19.160 INFO:teuthology.orchestra.run.smithi150.stdout:/usr/bin/ceph: stderr
2024-04-26T07:17:18.354+0000 7f71dd59a700 1 -- 172.21.15.150:0/3008371712 <== mon.0 v2:172.21.15.150:3300/0 2 ==== config(26 keys) v1 ==== 1066+0+0 (secure 0 0 0) 0x7f71c80042e0 con 0x7f71e0106e60
2024-04-26T07:17:19.160 INFO:teuthology.orchestra.run.smithi150.stdout:/usr/bin/ceph: stderr
2024-04-26T07:17:18.354+0000 7f71dd59a700 1 -- 172.21.15.150:0/3008371712 <== mon.0 v2:172.21.15.150:3300/0 3 ==== mon_map magic: 0 v1 ==== 229+0+0 (secure 0 0 0) 0x7f71c8011a30 con 0x7f71e0106e60
2024-04-26T07:17:19.160 INFO:teuthology.orchestra.run.smithi150.stdout:/usr/bin/ceph: stderr
2024-04-26T07:17:18.355+0000 7f71e4da7700 1 -- 172.21.15.150:0/3008371712 >> [v2:172.21.15.150:3300/0,v1:172.21.15.150:6789/0] conn(0x7f71e0106e60 msgr2=0x7f71e0109250 secure :-1 s=STATE_CONNECTION_ESTABLISHED l=1).mark_down
2024-04-26T07:17:19.160 INFO:teuthology.orchestra.run.smithi150.stdout:/usr/bin/ceph: stderr
2024-04-26T07:17:18.355+0000 7f71e4da7700 1 --2- 172.21.15.150:0/3008371712 >> [v2:172.21.15.150:3300/0,v1:172.21.15.150:6789/0] conn(0x7f71e0106e60 0x7f71e0109250 secure :-1 s=READY pgs=63 cs=0 l=1 rev1=1 crypto rx=0x7f71c80098a0 tx=0x7f71c8009bb0 comp rx=0 tx=0).stop
2024-04-26T07:17:19.160 INFO:teuthology.orchestra.run.smithi150.stdout:/usr/bin/ceph: stderr
2024-04-26T07:17:18.355+0000 7f71e4da7700 1 -- 172.21.15.150:0/3008371712 shutdown_connections
2024-04-26T07:17:19.160 INFO:teuthology.orchestra.run.smithi150.stdout:/usr/bin/ceph: stderr
2024-04-26T07:17:18.355+0000 7f71e4da7700 1 --2- 172.21.15.150:0/3008371712 >> [v2:172.21.15.150:3300/0,v1:172.21.15.150:6789/0] conn(0x7f71e0106e60 0x7f71e0109250 unknown :-1 s=CLOSED pgs=63 cs=0 l=1 rev1=1 crypto rx=0 tx=0 comp rx=0 tx=0).stop
2024-04-26T07:17:19.160 INFO:teuthology.orchestra.run.smithi150.stdout:/usr/bin/ceph: stderr
2024-04-26T07:17:18.355+0000 7f71e4da7700 1 -- 172.21.15.150:0/3008371712 >> 172.21.15.150:0/3008371712 conn(0x7f71e01007d0 msgr2=0x7f71e0102c10 unknown :-1 s=STATE_NONE l=0).mark_down
2024-04-26T07:17:19.160 INFO:teuthology.orchestra.run.smithi150.stdout:/usr/bin/ceph: stderr
2024-04-26T07:17:18.355+0000 7f71e4da7700 1 -- 172.21.15.150:0/3008371712 shutdown_connections
2024-04-26T07:17:19.160 INFO:teuthology.orchestra.run.smithi150.stdout:/usr/bin/ceph: stderr
2024-04-26T07:17:18.355+0000 7f71e4da7700 1 -- 172.21.15.150:0/3008371712 wait complete.
2024-04-26T07:17:19.161 INFO:teuthology.orchestra.run.smithi150.stdout:/usr/bin/ceph: stderr
2024-04-26T07:17:18.356+0000 7f71e4da7700 1 Processor -- start
2024-04-26T07:17:19.161 INFO:teuthology.orchestra.run.smithi150.stdout:/usr/bin/ceph: stderr
2024-04-26T07:17:18.356+0000 7f71e4da7700 1 -- start start
2024-04-26T07:17:19.161 INFO:teuthology.orchestra.run.smithi150.stdout:/usr/bin/ceph: stderr
2024-04-26T07:17:18.356+0000 7f71e4da7700 1 --2- >> [v2:172.21.15.150:3300/0,v1:172.21.15.150:6789/0] conn(0x7f71e0106e60 0x7f71e0199ff0 unknown :-1 s=NONE pgs=0 cs=0 l=1 rev1=0 crypto rx=0 tx=0 comp rx=0 tx=0).connect
2024-04-26T07:17:19.161 INFO:teuthology.orchestra.run.smithi150.stdout:/usr/bin/ceph: stderr
2024-04-26T07:17:18.356+0000 7f71e4da7700 1 -- --> [v2:172.21.15.150:3300/0,v1:172.21.15.150:6789/0] -- mon_getmap magic: 0 v1 -- 0x7f71e019a530 con 0x7f71e0106e60
2024-04-26T07:17:19.161 INFO:teuthology.orchestra.run.smithi150.stdout:/usr/bin/ceph: stderr
2024-04-26T07:17:18.356+0000 7f71de59c700 1 --2- >> [v2:172.21.15.150:3300/0,v1:172.21.15.150:6789/0] conn(0x7f71e0106e60 0x7f71e0199ff0 unknown :-1 s=BANNER_CONNECTING pgs=0 cs=0 l=1 rev1=0 crypto rx=0 tx=0 comp rx=0 tx=0)._handle_peer_banner_payload supported=3 required=0
2024-04-26T07:17:19.161 INFO:teuthology.orchestra.run.smithi150.stdout:/usr/bin/ceph: stderr
2024-04-26T07:17:18.356+0000 7f71de59c700 1 --2- >> [v2:172.21.15.150:3300/0,v1:172.21.15.150:6789/0] conn(0x7f71e0106e60 0x7f71e0199ff0 unknown :-1 s=HELLO_CONNECTING pgs=0 cs=0 l=1 rev1=1 crypto rx=0 tx=0 comp rx=0 tx=0).handle_hello peer v2:172.21.15.150:3300/0 says I am v2:172.21.15.150:32884/0 (socket says 172.21.15.150:32884)
2024-04-26T07:17:19.161 INFO:teuthology.orchestra.run.smithi150.stdout:/usr/bin/ceph: stderr
2024-04-26T07:17:18.356+0000 7f71de59c700 1 -- 172.21.15.150:0/990779689 learned_addr learned my addr 172.21.15.150:0/990779689 (peer_addr_for_me v2:172.21.15.150:0/0)
2024-04-26T07:17:19.161 INFO:teuthology.orchestra.run.smithi150.stdout:/usr/bin/ceph: stderr
2024-04-26T07:17:18.357+0000 7f71de59c700 1 -- 172.21.15.150:0/990779689 --> [v2:172.21.15.150:3300/0,v1:172.21.15.150:6789/0] -- mon_subscribe({config=0+,monmap=0+}) v3 -- 0x7f71c8009550 con 0x7f71e0106e60
2024-04-26T07:17:19.161 INFO:teuthology.orchestra.run.smithi150.stdout:/usr/bin/ceph: stderr
2024-04-26T07:17:18.357+0000 7f71de59c700 1 --2- 172.21.15.150:0/990779689 >> [v2:172.21.15.150:3300/0,v1:172.21.15.150:6789/0] conn(0x7f71e0106e60 0x7f71e0199ff0 secure :-1 s=READY pgs=64 cs=0 l=1 rev1=1 crypto rx=0x7f71c8006af0 tx=0x7f71c8011ab0 comp rx=0 tx=0).ready entity=mon.0 client_cookie=0 server_cookie=0 in_seq=0 out_seq=0
2024-04-26T07:17:19.161 INFO:teuthology.orchestra.run.smithi150.stdout:/usr/bin/ceph: stderr
2024-04-26T07:17:18.357+0000 7f71d77fe700 1 -- 172.21.15.150:0/990779689 <== mon.0 v2:172.21.15.150:3300/0 1 ==== mon_map magic: 0 v1 ==== 229+0+0 (secure 0 0 0) 0x7f71c8003bc0 con 0x7f71e0106e60
2024-04-26T07:17:19.161 INFO:teuthology.orchestra.run.smithi150.stdout:/usr/bin/ceph: stderr
2024-04-26T07:17:18.357+0000 7f71e4da7700 1 -- 172.21.15.150:0/990779689 --> [v2:172.21.15.150:3300/0,v1:172.21.15.150:6789/0] -- mon_subscribe({mgrmap=0+}) v3 -- 0x7f71e019a730 con 0x7f71e0106e60
2024-04-26T07:17:19.161 INFO:teuthology.orchestra.run.smithi150.stdout:/usr/bin/ceph: stderr
2024-04-26T07:17:18.357+0000 7f71d77fe700 1 -- 172.21.15.150:0/990779689 <== mon.0 v2:172.21.15.150:3300/0 2 ==== config(26 keys) v1 ==== 1066+0+0 (secure 0 0 0) 0x7f71c801a8c0 con 0x7f71e0106e60
2024-04-26T07:17:19.161 INFO:teuthology.orchestra.run.smithi150.stdout:/usr/bin/ceph: stderr
2024-04-26T07:17:18.357+0000 7f71d77fe700 1 -- 172.21.15.150:0/990779689 <== mon.0 v2:172.21.15.150:3300/0 3 ==== mon_map magic: 0 v1 ==== 229+0+0 (secure 0 0 0) 0x7f71c8019860 con 0x7f71e0106e60
2024-04-26T07:17:19.161 INFO:teuthology.orchestra.run.smithi150.stdout:/usr/bin/ceph: stderr
2024-04-26T07:17:18.357+0000 7f71e4da7700 1 -- 172.21.15.150:0/990779689 --> [v2:172.21.15.150:3300/0,v1:172.21.15.150:6789/0] -- mon_subscribe({osdmap=0}) v3 -- 0x7f71e019ab50 con 0x7f71e0106e60
2024-04-26T07:17:19.162 INFO:teuthology.orchestra.run.smithi150.stdout:/usr/bin/ceph: stderr
2024-04-26T07:17:18.358+0000 7f71d77fe700 1 -- 172.21.15.150:0/990779689 <== mon.0 v2:172.21.15.150:3300/0 4 ==== mgrmap(e 8) v1 ==== 45283+0+0 (secure 0 0 0) 0x7f71c8019b20 con 0x7f71e0106e60
2024-04-26T07:17:19.162 INFO:teuthology.orchestra.run.smithi150.stdout:/usr/bin/ceph: stderr
2024-04-26T07:17:18.358+0000 7f71d77fe700 1 --2- 172.21.15.150:0/990779689 >> [v2:172.21.15.150:6800/1664429796,v1:172.21.15.150:6801/1664429796] conn(0x7f71cc0382e0 0x7f71cc03a7a0 unknown :-1 s=NONE pgs=0 cs=0 l=1 rev1=0 crypto rx=0 tx=0 comp rx=0 tx=0).connect
2024-04-26T07:17:19.162 INFO:teuthology.orchestra.run.smithi150.stdout:/usr/bin/ceph: stderr
2024-04-26T07:17:18.358+0000 7f71d77fe700 1 -- 172.21.15.150:0/990779689 <== mon.0 v2:172.21.15.150:3300/0 5 ==== osd_map(2..2 src has 1..2) v4 ==== 940+0+0 (secure 0 0 0) 0x7f71c804c450 con 0x7f71e0106e60
2024-04-26T07:17:19.162 INFO:teuthology.orchestra.run.smithi150.stdout:/usr/bin/ceph: stderr
2024-04-26T07:17:18.358+0000 7f71ddd9b700 1 --2- 172.21.15.150:0/990779689 >> [v2:172.21.15.150:6800/1664429796,v1:172.21.15.150:6801/1664429796] conn(0x7f71cc0382e0 0x7f71cc03a7a0 unknown :-1 s=BANNER_CONNECTING pgs=0 cs=0 l=1 rev1=0 crypto rx=0 tx=0 comp rx=0 tx=0)._handle_peer_banner_payload supported=3 required=0
2024-04-26T07:17:19.162 INFO:teuthology.orchestra.run.smithi150.stdout:/usr/bin/ceph: stderr
2024-04-26T07:17:18.358+0000 7f71ddd9b700 1 --2- 172.21.15.150:0/990779689 >> [v2:172.21.15.150:6800/1664429796,v1:172.21.15.150:6801/1664429796] conn(0x7f71cc0382e0 0x7f71cc03a7a0 secure :-1 s=READY pgs=21 cs=0 l=1 rev1=1 crypto rx=0x7f71d0006fd0 tx=0x7f71d0006e40 comp rx=0 tx=0).ready entity=mgr.14118 client_cookie=0 server_cookie=0 in_seq=0 out_seq=0
2024-04-26T07:17:19.162 INFO:teuthology.orchestra.run.smithi150.stdout:/usr/bin/ceph: stderr
2024-04-26T07:17:18.359+0000 7f71e4da7700 1 -- 172.21.15.150:0/990779689 --> [v2:172.21.15.150:3300/0,v1:172.21.15.150:6789/0] -- mon_command({"prefix": "get_command_descriptions"} v 0) v1 -- 0x7f71e00623c0 con 0x7f71e0106e60
2024-04-26T07:17:19.162 INFO:teuthology.orchestra.run.smithi150.stdout:/usr/bin/ceph: stderr
2024-04-26T07:17:18.363+0000 7f71d77fe700 1 -- 172.21.15.150:0/990779689 <== mon.0 v2:172.21.15.150:3300/0 6 ==== mon_command_ack([{"prefix": "get_command_descriptions"}]=0 v0) v1 ==== 72+0+180422 (secure 0 0 0) 0x7f71c8019e20 con 0x7f71e0106e60
2024-04-26T07:17:19.162 INFO:teuthology.orchestra.run.smithi150.stdout:/usr/bin/ceph: stderr
2024-04-26T07:17:18.552+0000 7f71e4da7700 1 -- 172.21.15.150:0/990779689 --> [v2:172.21.15.150:3300/0,v1:172.21.15.150:6789/0] -- mon_command([{prefix=config set, name=mgr/dashboard/ssl_server_port}] v 0) v1 -- 0x7f71e019d590 con 0x7f71e0106e60
2024-04-26T07:17:19.162 INFO:teuthology.orchestra.run.smithi150.stdout:/usr/bin/ceph: stderr
2024-04-26T07:17:18.556+0000 7f71d77fe700 1 -- 172.21.15.150:0/990779689 <== mon.0 v2:172.21.15.150:3300/0 7 ==== mon_command_ack([{prefix=config set, name=mgr/dashboard/ssl_server_port}]=0 v8)=0 v8) v1 ==== 130+0+0 (secure 0 0 0) 0x7f71c802b350 con 0x7f71e0106e60
2024-04-26T07:17:19.162 INFO:teuthology.orchestra.run.smithi150.stdout:/usr/bin/ceph: stderr
2024-04-26T07:17:18.558+0000 7f71e4da7700 1 -- 172.21.15.150:0/990779689 >> [v2:172.21.15.150:6800/1664429796,v1:172.21.15.150:6801/1664429796] conn(0x7f71cc0382e0 msgr2=0x7f71cc03a7a0 secure :-1 s=STATE_CONNECTION_ESTABLISHED l=1).mark_down
2024-04-26T07:17:19.162 INFO:teuthology.orchestra.run.smithi150.stdout:/usr/bin/ceph: stderr
2024-04-26T07:17:18.558+0000 7f71e4da7700 1 --2- 172.21.15.150:0/990779689 >> [v2:172.21.15.150:6800/1664429796,v1:172.21.15.150:6801/1664429796] conn(0x7f71cc0382e0 0x7f71cc03a7a0 secure :-1 s=READY pgs=21 cs=0 l=1 rev1=1 crypto rx=0x7f71d0006fd0 tx=0x7f71d0006e40 comp rx=0 tx=0).stop
2024-04-26T07:17:19.162 INFO:teuthology.orchestra.run.smithi150.stdout:/usr/bin/ceph: stderr
2024-04-26T07:17:18.558+0000 7f71e4da7700 1 -- 172.21.15.150:0/990779689 >> [v2:172.21.15.150:3300/0,v1:172.21.15.150:6789/0] conn(0x7f71e0106e60 msgr2=0x7f71e0199ff0 secure :-1 s=STATE_CONNECTION_ESTABLISHED l=1).mark_down
2024-04-26T07:17:19.162 INFO:teuthology.orchestra.run.smithi150.stdout:/usr/bin/ceph: stderr
2024-04-26T07:17:18.558+0000 7f71e4da7700 1 --2- 172.21.15.150:0/990779689 >> [v2:172.21.15.150:3300/0,v1:172.21.15.150:6789/0] conn(0x7f71e0106e60 0x7f71e0199ff0 secure :-1 s=READY pgs=64 cs=0 l=1 rev1=1 crypto rx=0x7f71c8006af0 tx=0x7f71c8011ab0 comp rx=0 tx=0).stop
2024-04-26T07:17:19.162 INFO:teuthology.orchestra.run.smithi150.stdout:/usr/bin/ceph: stderr
2024-04-26T07:17:18.559+0000 7f71e4da7700 1 -- 172.21.15.150:0/990779689 shutdown_connections
2024-04-26T07:17:19.162 INFO:teuthology.orchestra.run.smithi150.stdout:/usr/bin/ceph: stderr
2024-04-26T07:17:18.559+0000 7f71e4da7700 1 --2- 172.21.15.150:0/990779689 >> [v2:172.21.15.150:6800/1664429796,v1:172.21.15.150:6801/1664429796] conn(0x7f71cc0382e0 0x7f71cc03a7a0 unknown :-1 s=CLOSED pgs=21 cs=0 l=1 rev1=1 crypto rx=0 tx=0 comp rx=0 tx=0).stop
2024-04-26T07:17:19.163 INFO:teuthology.orchestra.run.smithi150.stdout:/usr/bin/ceph: stderr
2024-04-26T07:17:18.559+0000 7f71e4da7700 1 --2- 172.21.15.150:0/990779689 >> [v2:172.21.15.150:3300/0,v1:172.21.15.150:6789/0] conn(0x7f71e0106e60 0x7f71e0199ff0 unknown :-1 s=CLOSED pgs=64 cs=0 l=1 rev1=1 crypto rx=0 tx=0 comp rx=0 tx=0).stop
2024-04-26T07:17:19.163 INFO:teuthology.orchestra.run.smithi150.stdout:/usr/bin/ceph: stderr
2024-04-26T07:17:18.559+0000 7f71e4da7700 1 -- 172.21.15.150:0/990779689 >> 172.21.15.150:0/990779689 conn(0x7f71e01007d0 msgr2=0x7f71e0101ea0 unknown :-1 s=STATE_NONE l=0).mark_down
2024-04-26T07:17:19.163 INFO:teuthology.orchestra.run.smithi150.stdout:/usr/bin/ceph: stderr
2024-04-26T07:17:18.559+0000 7f71e4da7700 1 -- 172.21.15.150:0/990779689 shutdown_connections
2024-04-26T07:17:19.163 INFO:teuthology.orchestra.run.smithi150.stdout:/usr/bin/ceph: stderr
2024-04-26T07:17:18.559+0000 7f71e4da7700 1 -- 172.21.15.150:0/990779689 wait complete.
2024-04-26T07:17:19.163 INFO:teuthology.orchestra.run.smithi150.stdout:Enabling the dashboard module...
2024-04-26T07:17:19.422 INFO:journalctl@ceph.mon.smithi150.smithi150.stdout:Apr 26 07:17:19 smithi150 ceph-mon[39826]: pgmap v6: 0 pgs: ; 0 B data, 0 B used, 0 B / 0 B avail
2024-04-26T07:17:19.422 INFO:journalctl@ceph.mon.smithi150.smithi150.stdout:Apr 26 07:17:19 smithi150 ceph-mon[39826]: from='client.? 172.21.15.150:0/990779689' entity='client.admin'
2024-04-26T07:17:20.735 INFO:journalctl@ceph.mon.smithi150.smithi150.stdout:Apr 26 07:17:20 smithi150 ceph-mon[39826]: from='client.? 172.21.15.150:0/1407351668' entity='client.admin' cmd=[{"prefix": "mgr module enable", "module": "dashboard"}]: dispatch
2024-04-26T07:17:21.167 INFO:teuthology.orchestra.run.smithi150.stdout:/usr/bin/ceph: stderr
2024-04-26T07:17:19.734+0000 7fd311113700 1 Processor -- start
2024-04-26T07:17:21.167 INFO:teuthology.orchestra.run.smithi150.stdout:/usr/bin/ceph: stderr
2024-04-26T07:17:19.734+0000 7fd311113700 1 -- start start
2024-04-26T07:17:21.167 INFO:teuthology.orchestra.run.smithi150.stdout:/usr/bin/ceph: stderr
2024-04-26T07:17:19.734+0000 7fd311113700 1 --2- >> [v2:172.21.15.150:3300/0,v1:172.21.15.150:6789/0] conn(0x7fd30c106e00 0x7fd30c1091f0 unknown :-1 s=NONE pgs=0 cs=0 l=0 rev1=0 crypto rx=0 tx=0 comp rx=0 tx=0).connect
2024-04-26T07:17:21.167 INFO:teuthology.orchestra.run.smithi150.stdout:/usr/bin/ceph: stderr
2024-04-26T07:17:19.735+0000 7fd311113700 1 -- --> [v2:172.21.15.150:3300/0,v1:172.21.15.150:6789/0] -- mon_getmap magic: 0 v1 -- 0x7fd30c0744d0 con 0x7fd30c106e00
2024-04-26T07:17:21.167 INFO:teuthology.orchestra.run.smithi150.stdout:/usr/bin/ceph: stderr
2024-04-26T07:17:19.735+0000 7fd30ad9d700 1 --2- >> [v2:172.21.15.150:3300/0,v1:172.21.15.150:6789/0] conn(0x7fd30c106e00 0x7fd30c1091f0 unknown :-1 s=BANNER_CONNECTING pgs=0 cs=0 l=0 rev1=0 crypto rx=0 tx=0 comp rx=0 tx=0)._handle_peer_banner_payload supported=3 required=0
2024-04-26T07:17:21.167 INFO:teuthology.orchestra.run.smithi150.stdout:/usr/bin/ceph: stderr
2024-04-26T07:17:19.735+0000 7fd30ad9d700 1 --2- >> [v2:172.21.15.150:3300/0,v1:172.21.15.150:6789/0] conn(0x7fd30c106e00 0x7fd30c1091f0 unknown :-1 s=HELLO_CONNECTING pgs=0 cs=0 l=0 rev1=1 crypto rx=0 tx=0 comp rx=0 tx=0).handle_hello peer v2:172.21.15.150:3300/0 says I am v2:172.21.15.150:32898/0 (socket says 172.21.15.150:32898)
2024-04-26T07:17:21.168 INFO:teuthology.orchestra.run.smithi150.stdout:/usr/bin/ceph: stderr
2024-04-26T07:17:19.735+0000 7fd30ad9d700 1 -- 172.21.15.150:0/760073867 learned_addr learned my addr 172.21.15.150:0/760073867 (peer_addr_for_me v2:172.21.15.150:0/0)
2024-04-26T07:17:21.168 INFO:teuthology.orchestra.run.smithi150.stdout:/usr/bin/ceph: stderr
2024-04-26T07:17:19.735+0000 7fd30ad9d700 1 -- 172.21.15.150:0/760073867 --> [v2:172.21.15.150:3300/0,v1:172.21.15.150:6789/0] -- mon_subscribe({config=0+,monmap=0+}) v3 -- 0x7fd30c109730 con 0x7fd30c106e00
2024-04-26T07:17:21.168 INFO:teuthology.orchestra.run.smithi150.stdout:/usr/bin/ceph: stderr
2024-04-26T07:17:19.735+0000 7fd30ad9d700 1 --2- 172.21.15.150:0/760073867 >> [v2:172.21.15.150:3300/0,v1:172.21.15.150:6789/0] conn(0x7fd30c106e00 0x7fd30c1091f0 secure :-1 s=READY pgs=65 cs=0 l=1 rev1=1 crypto rx=0x7fd3000098a0 tx=0x7fd300009bb0 comp rx=0 tx=0).ready entity=mon.0 client_cookie=fe98a8f7b69b96fa server_cookie=0 in_seq=0 out_seq=0
2024-04-26T07:17:21.168 INFO:teuthology.orchestra.run.smithi150.stdout:/usr/bin/ceph: stderr
2024-04-26T07:17:19.735+0000 7fd309d9b700 1 -- 172.21.15.150:0/760073867 <== mon.0 v2:172.21.15.150:3300/0 1 ==== mon_map magic: 0 v1 ==== 229+0+0 (secure 0 0 0) 0x7fd300004180 con 0x7fd30c106e00
2024-04-26T07:17:21.168 INFO:teuthology.orchestra.run.smithi150.stdout:/usr/bin/ceph: stderr
2024-04-26T07:17:19.735+0000 7fd309d9b700 1 -- 172.21.15.150:0/760073867 <== mon.0 v2:172.21.15.150:3300/0 2 ==== config(26 keys) v1 ==== 1066+0+0 (secure 0 0 0) 0x7fd3000042e0 con 0x7fd30c106e00
2024-04-26T07:17:21.168 INFO:teuthology.orchestra.run.smithi150.stdout:/usr/bin/ceph: stderr
2024-04-26T07:17:19.735+0000 7fd309d9b700 1 -- 172.21.15.150:0/760073867 <== mon.0 v2:172.21.15.150:3300/0 3 ==== mon_map magic: 0 v1 ==== 229+0+0 (secure 0 0 0) 0x7fd300011a30 con 0x7fd30c106e00
2024-04-26T07:17:21.168 INFO:teuthology.orchestra.run.smithi150.stdout:/usr/bin/ceph: stderr
2024-04-26T07:17:19.736+0000 7fd311113700 1 -- 172.21.15.150:0/760073867 >> [v2:172.21.15.150:3300/0,v1:172.21.15.150:6789/0] conn(0x7fd30c106e00 msgr2=0x7fd30c1091f0 secure :-1 s=STATE_CONNECTION_ESTABLISHED l=1).mark_down
2024-04-26T07:17:21.168 INFO:teuthology.orchestra.run.smithi150.stdout:/usr/bin/ceph: stderr
2024-04-26T07:17:19.736+0000 7fd311113700 1 --2- 172.21.15.150:0/760073867 >> [v2:172.21.15.150:3300/0,v1:172.21.15.150:6789/0] conn(0x7fd30c106e00 0x7fd30c1091f0 secure :-1 s=READY pgs=65 cs=0 l=1 rev1=1 crypto rx=0x7fd3000098a0 tx=0x7fd300009bb0 comp rx=0 tx=0).stop
2024-04-26T07:17:21.168 INFO:teuthology.orchestra.run.smithi150.stdout:/usr/bin/ceph: stderr
2024-04-26T07:17:19.736+0000 7fd311113700 1 -- 172.21.15.150:0/760073867 shutdown_connections
2024-04-26T07:17:21.168 INFO:teuthology.orchestra.run.smithi150.stdout:/usr/bin/ceph: stderr
2024-04-26T07:17:19.736+0000 7fd311113700 1 --2- 172.21.15.150:0/760073867 >> [v2:172.21.15.150:3300/0,v1:172.21.15.150:6789/0] conn(0x7fd30c106e00 0x7fd30c1091f0 unknown :-1 s=CLOSED pgs=65 cs=0 l=1 rev1=1 crypto rx=0 tx=0 comp rx=0 tx=0).stop
2024-04-26T07:17:21.168 INFO:teuthology.orchestra.run.smithi150.stdout:/usr/bin/ceph: stderr
2024-04-26T07:17:19.736+0000 7fd311113700 1 -- 172.21.15.150:0/760073867 >> 172.21.15.150:0/760073867 conn(0x7fd30c1007f0 msgr2=0x7fd30c102c10 unknown :-1 s=STATE_NONE l=0).mark_down
2024-04-26T07:17:21.168 INFO:teuthology.orchestra.run.smithi150.stdout:/usr/bin/ceph: stderr
2024-04-26T07:17:19.736+0000 7fd311113700 1 -- 172.21.15.150:0/760073867 shutdown_connections
2024-04-26T07:17:21.168 INFO:teuthology.orchestra.run.smithi150.stdout:/usr/bin/ceph: stderr
2024-04-26T07:17:19.736+0000 7fd311113700 1 -- 172.21.15.150:0/760073867 wait complete.
2024-04-26T07:17:21.168 INFO:teuthology.orchestra.run.smithi150.stdout:/usr/bin/ceph: stderr
2024-04-26T07:17:19.737+0000 7fd311113700 1 Processor -- start
2024-04-26T07:17:21.168 INFO:teuthology.orchestra.run.smithi150.stdout:/usr/bin/ceph: stderr
2024-04-26T07:17:19.737+0000 7fd311113700 1 -- start start
2024-04-26T07:17:21.169 INFO:teuthology.orchestra.run.smithi150.stdout:/usr/bin/ceph: stderr
2024-04-26T07:17:19.737+0000 7fd311113700 1 --2- >> [v2:172.21.15.150:3300/0,v1:172.21.15.150:6789/0] conn(0x7fd30c106e00 0x7fd30c19a060 unknown :-1 s=NONE pgs=0 cs=0 l=1 rev1=0 crypto rx=0 tx=0 comp rx=0 tx=0).connect
2024-04-26T07:17:21.169 INFO:teuthology.orchestra.run.smithi150.stdout:/usr/bin/ceph: stderr
2024-04-26T07:17:19.737+0000 7fd311113700 1 -- --> [v2:172.21.15.150:3300/0,v1:172.21.15.150:6789/0] -- mon_getmap magic: 0 v1 -- 0x7fd30c19a5a0 con 0x7fd30c106e00
2024-04-26T07:17:21.169 INFO:teuthology.orchestra.run.smithi150.stdout:/usr/bin/ceph: stderr
2024-04-26T07:17:19.737+0000 7fd30ad9d700 1 --2- >> [v2:172.21.15.150:3300/0,v1:172.21.15.150:6789/0] conn(0x7fd30c106e00 0x7fd30c19a060 unknown :-1 s=BANNER_CONNECTING pgs=0 cs=0 l=1 rev1=0 crypto rx=0 tx=0 comp rx=0 tx=0)._handle_peer_banner_payload supported=3 required=0
2024-04-26T07:17:21.169 INFO:teuthology.orchestra.run.smithi150.stdout:/usr/bin/ceph: stderr
2024-04-26T07:17:19.737+0000 7fd30ad9d700 1 --2- >> [v2:172.21.15.150:3300/0,v1:172.21.15.150:6789/0] conn(0x7fd30c106e00 0x7fd30c19a060 unknown :-1 s=HELLO_CONNECTING pgs=0 cs=0 l=1 rev1=1 crypto rx=0 tx=0 comp rx=0 tx=0).handle_hello peer v2:172.21.15.150:3300/0 says I am v2:172.21.15.150:32912/0 (socket says 172.21.15.150:32912)
2024-04-26T07:17:21.169 INFO:teuthology.orchestra.run.smithi150.stdout:/usr/bin/ceph: stderr
2024-04-26T07:17:19.737+0000 7fd30ad9d700 1 -- 172.21.15.150:0/1407351668 learned_addr learned my addr 172.21.15.150:0/1407351668 (peer_addr_for_me v2:172.21.15.150:0/0)
2024-04-26T07:17:21.169 INFO:teuthology.orchestra.run.smithi150.stdout:/usr/bin/ceph: stderr
2024-04-26T07:17:19.737+0000 7fd30ad9d700 1 -- 172.21.15.150:0/1407351668 --> [v2:172.21.15.150:3300/0,v1:172.21.15.150:6789/0] -- mon_subscribe({config=0+,monmap=0+}) v3 -- 0x7fd300009550 con 0x7fd30c106e00
2024-04-26T07:17:21.169 INFO:teuthology.orchestra.run.smithi150.stdout:/usr/bin/ceph: stderr
2024-04-26T07:17:19.737+0000 7fd30ad9d700 1 --2- 172.21.15.150:0/1407351668 >> [v2:172.21.15.150:3300/0,v1:172.21.15.150:6789/0] conn(0x7fd30c106e00 0x7fd30c19a060 secure :-1 s=READY pgs=66 cs=0 l=1 rev1=1 crypto rx=0x7fd300011a00 tx=0x7fd300011ae0 comp rx=0 tx=0).ready entity=mon.0 client_cookie=0 server_cookie=0 in_seq=0 out_seq=0
2024-04-26T07:17:21.169 INFO:teuthology.orchestra.run.smithi150.stdout:/usr/bin/ceph: stderr
2024-04-26T07:17:19.737+0000 7fd2f3fff700 1 -- 172.21.15.150:0/1407351668 <== mon.0 v2:172.21.15.150:3300/0 1 ==== mon_map magic: 0 v1 ==== 229+0+0 (secure 0 0 0) 0x7fd300003bd0 con 0x7fd30c106e00
2024-04-26T07:17:21.169 INFO:teuthology.orchestra.run.smithi150.stdout:/usr/bin/ceph: stderr
2024-04-26T07:17:19.738+0000 7fd2f3fff700 1 -- 172.21.15.150:0/1407351668 <== mon.0 v2:172.21.15.150:3300/0 2 ==== config(26 keys) v1 ==== 1066+0+0 (secure 0 0 0) 0x7fd3000248d0 con 0x7fd30c106e00
2024-04-26T07:17:21.169 INFO:teuthology.orchestra.run.smithi150.stdout:/usr/bin/ceph: stderr
2024-04-26T07:17:19.738+0000 7fd311113700 1 -- 172.21.15.150:0/1407351668 --> [v2:172.21.15.150:3300/0,v1:172.21.15.150:6789/0] -- mon_subscribe({mgrmap=0+}) v3 -- 0x7fd30c19a7a0 con 0x7fd30c106e00
2024-04-26T07:17:21.169 INFO:teuthology.orchestra.run.smithi150.stdout:/usr/bin/ceph: stderr
2024-04-26T07:17:19.738+0000 7fd2f3fff700 1 -- 172.21.15.150:0/1407351668 <== mon.0 v2:172.21.15.150:3300/0 3 ==== mon_map magic: 0 v1 ==== 229+0+0 (secure 0 0 0) 0x7fd30001a7e0 con 0x7fd30c106e00
2024-04-26T07:17:21.169 INFO:teuthology.orchestra.run.smithi150.stdout:/usr/bin/ceph: stderr
2024-04-26T07:17:19.738+0000 7fd311113700 1 -- 172.21.15.150:0/1407351668 --> [v2:172.21.15.150:3300/0,v1:172.21.15.150:6789/0] -- mon_subscribe({osdmap=0}) v3 -- 0x7fd30c19abc0 con 0x7fd30c106e00
2024-04-26T07:17:21.169 INFO:teuthology.orchestra.run.smithi150.stdout:/usr/bin/ceph: stderr
2024-04-26T07:17:19.738+0000 7fd2f3fff700 1 -- 172.21.15.150:0/1407351668 <== mon.0 v2:172.21.15.150:3300/0 4 ==== mgrmap(e 8) v1 ==== 45283+0+0 (secure 0 0 0) 0x7fd30001aa50 con 0x7fd30c106e00
2024-04-26T07:17:21.169 INFO:teuthology.orchestra.run.smithi150.stdout:/usr/bin/ceph: stderr
2024-04-26T07:17:19.739+0000 7fd311113700 1 -- 172.21.15.150:0/1407351668 --> [v2:172.21.15.150:3300/0,v1:172.21.15.150:6789/0] -- mon_command({"prefix": "get_command_descriptions"} v 0) v1 -- 0x7fd30c0623c0 con 0x7fd30c106e00
2024-04-26T07:17:21.170 INFO:teuthology.orchestra.run.smithi150.stdout:/usr/bin/ceph: stderr
2024-04-26T07:17:19.739+0000 7fd2f3fff700 1 --2- 172.21.15.150:0/1407351668 >> [v2:172.21.15.150:6800/1664429796,v1:172.21.15.150:6801/1664429796] conn(0x7fd2f4038320 0x7fd2f403a7e0 unknown :-1 s=NONE pgs=0 cs=0 l=1 rev1=0 crypto rx=0 tx=0 comp rx=0 tx=0).connect
2024-04-26T07:17:21.170 INFO:teuthology.orchestra.run.smithi150.stdout:/usr/bin/ceph: stderr
2024-04-26T07:17:19.739+0000 7fd2f3fff700 1 -- 172.21.15.150:0/1407351668 <== mon.0 v2:172.21.15.150:3300/0 5 ==== osd_map(2..2 src has 1..2) v4 ==== 940+0+0 (secure 0 0 0) 0x7fd30004c480 con 0x7fd30c106e00
2024-04-26T07:17:21.170 INFO:teuthology.orchestra.run.smithi150.stdout:/usr/bin/ceph: stderr
2024-04-26T07:17:19.739+0000 7fd30a59c700 1 --2- 172.21.15.150:0/1407351668 >> [v2:172.21.15.150:6800/1664429796,v1:172.21.15.150:6801/1664429796] conn(0x7fd2f4038320 0x7fd2f403a7e0 unknown :-1 s=BANNER_CONNECTING pgs=0 cs=0 l=1 rev1=0 crypto rx=0 tx=0 comp rx=0 tx=0)._handle_peer_banner_payload supported=3 required=0
2024-04-26T07:17:21.170 INFO:teuthology.orchestra.run.smithi150.stdout:/usr/bin/ceph: stderr
2024-04-26T07:17:19.739+0000 7fd30a59c700 1 --2- 172.21.15.150:0/1407351668 >> [v2:172.21.15.150:6800/1664429796,v1:172.21.15.150:6801/1664429796] conn(0x7fd2f4038320 0x7fd2f403a7e0 secure :-1 s=READY pgs=22 cs=0 l=1 rev1=1 crypto rx=0x7fd2fc006fd0 tx=0x7fd2fc006e40 comp rx=0 tx=0).ready entity=mgr.14118 client_cookie=0 server_cookie=0 in_seq=0 out_seq=0
2024-04-26T07:17:21.170 INFO:teuthology.orchestra.run.smithi150.stdout:/usr/bin/ceph: stderr
2024-04-26T07:17:19.743+0000 7fd2f3fff700 1 -- 172.21.15.150:0/1407351668 <== mon.0 v2:172.21.15.150:3300/0 6 ==== mon_command_ack([{"prefix": "get_command_descriptions"}]=0 v0) v1 ==== 72+0+180422 (secure 0 0 0) 0x7fd30001ad00 con 0x7fd30c106e00
2024-04-26T07:17:21.170 INFO:teuthology.orchestra.run.smithi150.stdout:/usr/bin/ceph: stderr
2024-04-26T07:17:19.983+0000 7fd311113700 1 -- 172.21.15.150:0/1407351668 --> [v2:172.21.15.150:3300/0,v1:172.21.15.150:6789/0] -- mon_command({"prefix": "mgr module enable", "module": "dashboard"} v 0) v1 -- 0x7fd30c19dcc0 con 0x7fd30c106e00
2024-04-26T07:17:21.170 INFO:teuthology.orchestra.run.smithi150.stdout:/usr/bin/ceph: stderr
2024-04-26T07:17:20.394+0000 7fd2f3fff700 1 -- 172.21.15.150:0/1407351668 <== mon.0 v2:172.21.15.150:3300/0 7 ==== mgrmap(e 9) v1 ==== 45296+0+0 (secure 0 0 0) 0x7fd30002dc90 con 0x7fd30c106e00
2024-04-26T07:17:21.170 INFO:teuthology.orchestra.run.smithi150.stdout:/usr/bin/ceph: stderr
2024-04-26T07:17:20.396+0000 7fd2f3fff700 1 -- 172.21.15.150:0/1407351668 <== mon.0 v2:172.21.15.150:3300/0 8 ==== mon_command_ack([{"prefix": "mgr module enable", "module": "dashboard"}]=0 v9) v1 ==== 88+0+0 (secure 0 0 0) 0x7fd30000bde0 con 0x7fd30c106e00
2024-04-26T07:17:21.170 INFO:teuthology.orchestra.run.smithi150.stdout:/usr/bin/ceph: stderr
2024-04-26T07:17:20.398+0000 7fd311113700 1 -- 172.21.15.150:0/1407351668 >> [v2:172.21.15.150:6800/1664429796,v1:172.21.15.150:6801/1664429796] conn(0x7fd2f4038320 msgr2=0x7fd2f403a7e0 secure :-1 s=STATE_CONNECTION_ESTABLISHED l=1).mark_down
2024-04-26T07:17:21.170 INFO:teuthology.orchestra.run.smithi150.stdout:/usr/bin/ceph: stderr
2024-04-26T07:17:20.398+0000 7fd311113700 1 --2- 172.21.15.150:0/1407351668 >> [v2:172.21.15.150:6800/1664429796,v1:172.21.15.150:6801/1664429796] conn(0x7fd2f4038320 0x7fd2f403a7e0 secure :-1 s=READY pgs=22 cs=0 l=1 rev1=1 crypto rx=0x7fd2fc006fd0 tx=0x7fd2fc006e40 comp rx=0 tx=0).stop
2024-04-26T07:17:21.170 INFO:teuthology.orchestra.run.smithi150.stdout:/usr/bin/ceph: stderr
2024-04-26T07:17:20.398+0000 7fd311113700 1 -- 172.21.15.150:0/1407351668 >> [v2:172.21.15.150:3300/0,v1:172.21.15.150:6789/0] conn(0x7fd30c106e00 msgr2=0x7fd30c19a060 secure :-1 s=STATE_CONNECTION_ESTABLISHED l=1).mark_down
2024-04-26T07:17:21.170 INFO:teuthology.orchestra.run.smithi150.stdout:/usr/bin/ceph: stderr
2024-04-26T07:17:20.398+0000 7fd311113700 1 --2- 172.21.15.150:0/1407351668 >> [v2:172.21.15.150:3300/0,v1:172.21.15.150:6789/0] conn(0x7fd30c106e00 0x7fd30c19a060 secure :-1 s=READY pgs=66 cs=0 l=1 rev1=1 crypto rx=0x7fd300011a00 tx=0x7fd300011ae0 comp rx=0 tx=0).stop
2024-04-26T07:17:21.170 INFO:teuthology.orchestra.run.smithi150.stdout:/usr/bin/ceph: stderr
2024-04-26T07:17:20.398+0000 7fd311113700 1 -- 172.21.15.150:0/1407351668 shutdown_connections
2024-04-26T07:17:21.171 INFO:teuthology.orchestra.run.smithi150.stdout:/usr/bin/ceph: stderr
2024-04-26T07:17:20.398+0000 7fd311113700 1 --2- 172.21.15.150:0/1407351668 >> [v2:172.21.15.150:6800/1664429796,v1:172.21.15.150:6801/1664429796] conn(0x7fd2f4038320 0x7fd2f403a7e0 unknown :-1 s=CLOSED pgs=22 cs=0 l=1 rev1=1 crypto rx=0 tx=0 comp rx=0 tx=0).stop
2024-04-26T07:17:21.171 INFO:teuthology.orchestra.run.smithi150.stdout:/usr/bin/ceph: stderr
2024-04-26T07:17:20.398+0000 7fd311113700 1 --2- 172.21.15.150:0/1407351668 >> [v2:172.21.15.150:3300/0,v1:172.21.15.150:6789/0] conn(0x7fd30c106e00 0x7fd30c19a060 unknown :-1 s=CLOSED pgs=66 cs=0 l=1 rev1=1 crypto rx=0 tx=0 comp rx=0 tx=0).stop
2024-04-26T07:17:21.171 INFO:teuthology.orchestra.run.smithi150.stdout:/usr/bin/ceph: stderr
2024-04-26T07:17:20.398+0000 7fd311113700 1 -- 172.21.15.150:0/1407351668 >> 172.21.15.150:0/1407351668 conn(0x7fd30c1007f0 msgr2=0x7fd30c101eb0 unknown :-1 s=STATE_NONE l=0).mark_down
2024-04-26T07:17:21.171 INFO:teuthology.orchestra.run.smithi150.stdout:/usr/bin/ceph: stderr
2024-04-26T07:17:20.398+0000 7fd311113700 1 -- 172.21.15.150:0/1407351668 shutdown_connections
2024-04-26T07:17:21.171 INFO:teuthology.orchestra.run.smithi150.stdout:/usr/bin/ceph: stderr
