2024-04-26T09:38:35.229+0000 7f8001e20700 1 --2- >> [v2:172.21.15.111:3300/0,v1:172.21.15.111:6789/0] conn(0x7f7ffc0fbed0 0x7f7ffc0fc2f0 unknown :-1 s=HELLO_CONNECTING pgs=0 cs=0 l=0 rev1=1 rx=0 tx=0).handle_hello peer v2:172.21.15.111:3300/0 says I am v2:172.21.15.111:46642/0 (socket says 172.21.15.111:46642)
2024-04-26T09:38:35.236 INFO:teuthology.orchestra.run.smithi111.stderr:/usr/bin/ceph:
2024-04-26T09:38:35.229+0000 7f8001e20700 1 -- 172.21.15.111:0/1296823464 learned_addr learned my addr 172.21.15.111:0/1296823464 (peer_addr_for_me v2:172.21.15.111:0/0)
2024-04-26T09:38:35.236 INFO:teuthology.orchestra.run.smithi111.stderr:/usr/bin/ceph:
2024-04-26T09:38:35.229+0000 7f8001e20700 1 -- 172.21.15.111:0/1296823464 --> [v2:172.21.15.111:3300/0,v1:172.21.15.111:6789/0] -- mon_subscribe({config=0+,monmap=0+}) v3 -- 0x7f7ffc0fc920 con 0x7f7ffc0fbed0
2024-04-26T09:38:35.236 INFO:teuthology.orchestra.run.smithi111.stderr:/usr/bin/ceph:
2024-04-26T09:38:35.229+0000 7f8001e20700 1 --2- 172.21.15.111:0/1296823464 >> [v2:172.21.15.111:3300/0,v1:172.21.15.111:6789/0] conn(0x7f7ffc0fbed0 0x7f7ffc0fc2f0 secure :-1 s=READY pgs=49 cs=0 l=1 rev1=1 rx=0x7f7ff8009730 tx=0x7f7ff80090f0).ready entity=mon.0 client_cookie=ab5d76fa5ce950e1 server_cookie=0 in_seq=0 out_seq=0
2024-04-26T09:38:35.236 INFO:teuthology.orchestra.run.smithi111.stderr:/usr/bin/ceph:
2024-04-26T09:38:35.229+0000 7f8000e1e700 1 -- 172.21.15.111:0/1296823464 <== mon.0 v2:172.21.15.111:3300/0 1 ==== mon_map magic: 0 v1 ==== 229+0+0 (secure 0 0 0) 0x7f7ff800b6e0 con 0x7f7ffc0fbed0
2024-04-26T09:38:35.236 INFO:teuthology.orchestra.run.smithi111.stderr:/usr/bin/ceph:
2024-04-26T09:38:35.229+0000 7f8000e1e700 1 -- 172.21.15.111:0/1296823464 <== mon.0 v2:172.21.15.111:3300/0 2 ==== config(25 keys) v1 ==== 1046+0+0 (secure 0 0 0) 0x7f7ff800bcd0 con 0x7f7ffc0fbed0
2024-04-26T09:38:35.236 INFO:teuthology.orchestra.run.smithi111.stderr:/usr/bin/ceph:
2024-04-26T09:38:35.229+0000 7f8000e1e700 1 -- 172.21.15.111:0/1296823464 <== mon.0 v2:172.21.15.111:3300/0 3 ==== mon_map magic: 0 v1 ==== 229+0+0 (secure 0 0 0) 0x7f7ff8011cb0 con 0x7f7ffc0fbed0
2024-04-26T09:38:35.236 INFO:teuthology.orchestra.run.smithi111.stderr:/usr/bin/ceph:
2024-04-26T09:38:35.230+0000 7f8004084700 1 -- 172.21.15.111:0/1296823464 >> [v2:172.21.15.111:3300/0,v1:172.21.15.111:6789/0] conn(0x7f7ffc0fbed0 msgr2=0x7f7ffc0fc2f0 secure :-1 s=STATE_CONNECTION_ESTABLISHED l=1).mark_down
2024-04-26T09:38:35.236 INFO:teuthology.orchestra.run.smithi111.stderr:/usr/bin/ceph:
2024-04-26T09:38:35.230+0000 7f8004084700 1 --2- 172.21.15.111:0/1296823464 >> [v2:172.21.15.111:3300/0,v1:172.21.15.111:6789/0] conn(0x7f7ffc0fbed0 0x7f7ffc0fc2f0 secure :-1 s=READY pgs=49 cs=0 l=1 rev1=1 rx=0x7f7ff8009730 tx=0x7f7ff80090f0).stop
2024-04-26T09:38:35.236 INFO:teuthology.orchestra.run.smithi111.stderr:/usr/bin/ceph:
2024-04-26T09:38:35.230+0000 7f8004084700 1 -- 172.21.15.111:0/1296823464 shutdown_connections
2024-04-26T09:38:35.236 INFO:teuthology.orchestra.run.smithi111.stderr:/usr/bin/ceph:
2024-04-26T09:38:35.230+0000 7f8004084700 1 --2- 172.21.15.111:0/1296823464 >> [v2:172.21.15.111:3300/0,v1:172.21.15.111:6789/0] conn(0x7f7ffc0fbed0 0x7f7ffc0fc2f0 unknown :-1 s=CLOSED pgs=49 cs=0 l=1 rev1=1 rx=0 tx=0).stop
2024-04-26T09:38:35.236 INFO:teuthology.orchestra.run.smithi111.stderr:/usr/bin/ceph:
2024-04-26T09:38:35.230+0000 7f8004084700 1 -- 172.21.15.111:0/1296823464 >> 172.21.15.111:0/1296823464 conn(0x7f7ffc0f76f0 msgr2=0x7f7ffc0f9b10 unknown :-1 s=STATE_NONE l=0).mark_down
2024-04-26T09:38:35.236 INFO:teuthology.orchestra.run.smithi111.stderr:/usr/bin/ceph:
2024-04-26T09:38:35.230+0000 7f8004084700 1 -- 172.21.15.111:0/1296823464 shutdown_connections
2024-04-26T09:38:35.237 INFO:teuthology.orchestra.run.smithi111.stderr:/usr/bin/ceph:
2024-04-26T09:38:35.230+0000 7f8004084700 1 -- 172.21.15.111:0/1296823464 wait complete.
2024-04-26T09:38:35.237 INFO:teuthology.orchestra.run.smithi111.stderr:/usr/bin/ceph:
2024-04-26T09:38:35.231+0000 7f8004084700 1 Processor -- start
2024-04-26T09:38:35.237 INFO:teuthology.orchestra.run.smithi111.stderr:/usr/bin/ceph:
2024-04-26T09:38:35.231+0000 7f8004084700 1 -- start start
2024-04-26T09:38:35.237 INFO:teuthology.orchestra.run.smithi111.stderr:/usr/bin/ceph:
2024-04-26T09:38:35.231+0000 7f8004084700 1 --2- >> [v2:172.21.15.111:3300/0,v1:172.21.15.111:6789/0] conn(0x7f7ffc0fbed0 0x7f7ffc10ad80 unknown :-1 s=NONE pgs=0 cs=0 l=1 rev1=0 rx=0 tx=0).connect
2024-04-26T09:38:35.237 INFO:teuthology.orchestra.run.smithi111.stderr:/usr/bin/ceph:
2024-04-26T09:38:35.231+0000 7f8004084700 1 -- --> [v2:172.21.15.111:3300/0,v1:172.21.15.111:6789/0] -- mon_getmap magic: 0 v1 -- 0x7f7ffc10b270 con 0x7f7ffc0fbed0
2024-04-26T09:38:35.237 INFO:teuthology.orchestra.run.smithi111.stderr:/usr/bin/ceph:
2024-04-26T09:38:35.231+0000 7f8001e20700 1 --2- >> [v2:172.21.15.111:3300/0,v1:172.21.15.111:6789/0] conn(0x7f7ffc0fbed0 0x7f7ffc10ad80 unknown :-1 s=BANNER_CONNECTING pgs=0 cs=0 l=1 rev1=0 rx=0 tx=0)._handle_peer_banner_payload supported=1 required=0
2024-04-26T09:38:35.237 INFO:teuthology.orchestra.run.smithi111.stderr:/usr/bin/ceph:
2024-04-26T09:38:35.231+0000 7f8001e20700 1 --2- >> [v2:172.21.15.111:3300/0,v1:172.21.15.111:6789/0] conn(0x7f7ffc0fbed0 0x7f7ffc10ad80 unknown :-1 s=HELLO_CONNECTING pgs=0 cs=0 l=1 rev1=1 rx=0 tx=0).handle_hello peer v2:172.21.15.111:3300/0 says I am v2:172.21.15.111:46652/0 (socket says 172.21.15.111:46652)
2024-04-26T09:38:35.237 INFO:teuthology.orchestra.run.smithi111.stderr:/usr/bin/ceph:
2024-04-26T09:38:35.231+0000 7f8001e20700 1 -- 172.21.15.111:0/3795300612 learned_addr learned my addr 172.21.15.111:0/3795300612 (peer_addr_for_me v2:172.21.15.111:0/0)
2024-04-26T09:38:35.237 INFO:teuthology.orchestra.run.smithi111.stderr:/usr/bin/ceph:
2024-04-26T09:38:35.232+0000 7f8001e20700 1 -- 172.21.15.111:0/3795300612 --> [v2:172.21.15.111:3300/0,v1:172.21.15.111:6789/0] -- mon_subscribe({config=0+,monmap=0+}) v3 -- 0x7f7ff8009370 con 0x7f7ffc0fbed0
2024-04-26T09:38:35.237 INFO:teuthology.orchestra.run.smithi111.stderr:/usr/bin/ceph:
2024-04-26T09:38:35.232+0000 7f8001e20700 1 --2- 172.21.15.111:0/3795300612 >> [v2:172.21.15.111:3300/0,v1:172.21.15.111:6789/0] conn(0x7f7ffc0fbed0 0x7f7ffc10ad80 secure :-1 s=READY pgs=50 cs=0 l=1 rev1=1 rx=0x7f7ff8002f40 tx=0x7f7ff80090f0).ready entity=mon.0 client_cookie=0 server_cookie=0 in_seq=0 out_seq=0
2024-04-26T09:38:35.237 INFO:teuthology.orchestra.run.smithi111.stderr:/usr/bin/ceph:
2024-04-26T09:38:35.232+0000 7f7ff2ffd700 1 -- 172.21.15.111:0/3795300612 <== mon.0 v2:172.21.15.111:3300/0 1 ==== mon_map magic: 0 v1 ==== 229+0+0 (secure 0 0 0) 0x7f7ff801a590 con 0x7f7ffc0fbed0
2024-04-26T09:38:35.238 INFO:teuthology.orchestra.run.smithi111.stderr:/usr/bin/ceph:
2024-04-26T09:38:35.232+0000 7f8004084700 1 -- 172.21.15.111:0/3795300612 --> [v2:172.21.15.111:3300/0,v1:172.21.15.111:6789/0] -- mon_subscribe({mgrmap=0+}) v3 -- 0x7f7ffc10b470 con 0x7f7ffc0fbed0
2024-04-26T09:38:35.239 INFO:teuthology.orchestra.run.smithi111.stderr:/usr/bin/ceph:
2024-04-26T09:38:35.232+0000 7f7ff2ffd700 1 -- 172.21.15.111:0/3795300612 <== mon.0 v2:172.21.15.111:3300/0 2 ==== config(25 keys) v1 ==== 1046+0+0 (secure 0 0 0) 0x7f7ff801ab80 con 0x7f7ffc0fbed0
2024-04-26T09:38:35.239 INFO:teuthology.orchestra.run.smithi111.stderr:/usr/bin/ceph:
2024-04-26T09:38:35.232+0000 7f7ff2ffd700 1 -- 172.21.15.111:0/3795300612 <== mon.0 v2:172.21.15.111:3300/0 3 ==== mon_map magic: 0 v1 ==== 229+0+0 (secure 0 0 0) 0x7f7ff8022aa0 con 0x7f7ffc0fbed0
2024-04-26T09:38:35.239 INFO:teuthology.orchestra.run.smithi111.stderr:/usr/bin/ceph:
2024-04-26T09:38:35.232+0000 7f8004084700 1 -- 172.21.15.111:0/3795300612 --> [v2:172.21.15.111:3300/0,v1:172.21.15.111:6789/0] -- mon_subscribe({osdmap=0}) v3 -- 0x7f7ffc10b880 con 0x7f7ffc0fbed0
2024-04-26T09:38:35.239 INFO:teuthology.orchestra.run.smithi111.stderr:/usr/bin/ceph:
2024-04-26T09:38:35.233+0000 7f7ff2ffd700 1 -- 172.21.15.111:0/3795300612 <== mon.0 v2:172.21.15.111:3300/0 4 ==== mgrmap(e 8) v1 ==== 38632+0+0 (secure 0 0 0) 0x7f7ff8019390 con 0x7f7ffc0fbed0
2024-04-26T09:38:35.239 INFO:teuthology.orchestra.run.smithi111.stderr:/usr/bin/ceph:
2024-04-26T09:38:35.233+0000 7f8004084700 1 -- 172.21.15.111:0/3795300612 --> [v2:172.21.15.111:3300/0,v1:172.21.15.111:6789/0] -- mon_command({"prefix": "get_command_descriptions"} v 0) v1 -- 0x7f7ffc046ce0 con 0x7f7ffc0fbed0
2024-04-26T09:38:35.239 INFO:teuthology.orchestra.run.smithi111.stderr:/usr/bin/ceph:
2024-04-26T09:38:35.233+0000 7f7ff2ffd700 1 --2- 172.21.15.111:0/3795300612 >> [v2:172.21.15.111:6800/376466405,v1:172.21.15.111:6801/376466405] conn(0x7f7fe8032610 0x7f7fe8034ad0 unknown :-1 s=NONE pgs=0 cs=0 l=1 rev1=0 rx=0 tx=0).connect
2024-04-26T09:38:35.239 INFO:teuthology.orchestra.run.smithi111.stderr:/usr/bin/ceph:
2024-04-26T09:38:35.233+0000 7f7ff2ffd700 1 -- 172.21.15.111:0/3795300612 <== mon.0 v2:172.21.15.111:3300/0 5 ==== osd_map(2..2 src has 1..2) v4 ==== 893+0+0 (secure 0 0 0) 0x7f7ff8044b20 con 0x7f7ffc0fbed0
2024-04-26T09:38:35.239 INFO:teuthology.orchestra.run.smithi111.stderr:/usr/bin/ceph:
2024-04-26T09:38:35.233+0000 7f800161f700 1 --2- 172.21.15.111:0/3795300612 >> [v2:172.21.15.111:6800/376466405,v1:172.21.15.111:6801/376466405] conn(0x7f7fe8032610 0x7f7fe8034ad0 unknown :-1 s=BANNER_CONNECTING pgs=0 cs=0 l=1 rev1=0 rx=0 tx=0)._handle_peer_banner_payload supported=1 required=0
2024-04-26T09:38:35.239 INFO:teuthology.orchestra.run.smithi111.stderr:/usr/bin/ceph:
2024-04-26T09:38:35.233+0000 7f800161f700 1 --2- 172.21.15.111:0/3795300612 >> [v2:172.21.15.111:6800/376466405,v1:172.21.15.111:6801/376466405] conn(0x7f7fe8032610 0x7f7fe8034ad0 secure :-1 s=READY pgs=15 cs=0 l=1 rev1=1 rx=0x7f7fec009780 tx=0x7f7fec006cc0).ready entity=mgr.14116 client_cookie=0 server_cookie=0 in_seq=0 out_seq=0
2024-04-26T09:38:35.241 INFO:teuthology.orchestra.run.smithi111.stderr:/usr/bin/ceph:
2024-04-26T09:38:35.238+0000 7f7ff2ffd700 1 -- 172.21.15.111:0/3795300612 <== mon.0 v2:172.21.15.111:3300/0 6 ==== mon_command_ack([{"prefix": "get_command_descriptions"}]=0 v0) v1 ==== 72+0+163658 (secure 0 0 0) 0x7f7ff802a300 con 0x7f7ffc0fbed0
2024-04-26T09:38:35.282 INFO:journalctl@ceph.mon.smithi111.smithi111.stdout:Apr 26 09:38:34 smithi111 ceph-85503b68-03b0-11ef-bc93-c7b262605968-mon-smithi111[68776]: audit
2024-04-26T09:38:33.918765+0000 mgr.smithi111.gxiwlv (mgr.14116) 17 : audit [DBG] from='client.14142 -' entity='client.admin' cmd=[{"prefix": "orch apply", "service_type": "prometheus", "target": ["mon-mgr", ""]}]: dispatch
2024-04-26T09:38:35.283 INFO:journalctl@ceph.mon.smithi111.smithi111.stdout:Apr 26 09:38:34 smithi111 ceph-85503b68-03b0-11ef-bc93-c7b262605968-mon-smithi111[68776]: cephadm
2024-04-26T09:38:33.919641+0000 mgr.smithi111.gxiwlv (mgr.14116) 18 : cephadm [INF] Saving service prometheus spec with placement count:1
2024-04-26T09:38:35.283 INFO:journalctl@ceph.mon.smithi111.smithi111.stdout:Apr 26 09:38:34 smithi111 ceph-85503b68-03b0-11ef-bc93-c7b262605968-mon-smithi111[68776]: audit
2024-04-26T09:38:33.921877+0000 mon.smithi111 (mon.0) 60 : audit [INF] from='mgr.14116 172.21.15.111:0/1559054235' entity='mgr.smithi111.gxiwlv'
2024-04-26T09:38:35.283 INFO:journalctl@ceph.mon.smithi111.smithi111.stdout:Apr 26 09:38:34 smithi111 ceph-85503b68-03b0-11ef-bc93-c7b262605968-mon-smithi111[68776]: audit
2024-04-26T09:38:34.375590+0000 mon.smithi111 (mon.0) 61 : audit [INF] from='mgr.14116 172.21.15.111:0/1559054235' entity='mgr.smithi111.gxiwlv'
2024-04-26T09:38:35.423 INFO:teuthology.orchestra.run.smithi111.stderr:/usr/bin/ceph:
2024-04-26T09:38:35.419+0000 7f8004084700 1 -- 172.21.15.111:0/3795300612 --> [v2:172.21.15.111:6800/376466405,v1:172.21.15.111:6801/376466405] -- mgr_command(tid 0: {"prefix": "orch apply", "service_type": "grafana", "target": ["mon-mgr", ""]}) v1 -- 0x7f7ffc10c080 con 0x7f7fe8032610
2024-04-26T09:38:35.431 INFO:teuthology.orchestra.run.smithi111.stderr:/usr/bin/ceph:
2024-04-26T09:38:35.424+0000 7f7ff2ffd700 1 -- 172.21.15.111:0/3795300612 <== mgr.14116 v2:172.21.15.111:6800/376466405 1 ==== mgr_command_reply(tid 0: 0 ) v1 ==== 8+0+28 (secure 0 0 0) 0x7f7ffc10c080 con 0x7f7fe8032610
2024-04-26T09:38:35.431 INFO:teuthology.orchestra.run.smithi111.stderr:/usr/bin/ceph: Scheduled grafana update...
2024-04-26T09:38:35.431 INFO:teuthology.orchestra.run.smithi111.stderr:/usr/bin/ceph:
2024-04-26T09:38:35.426+0000 7f8004084700 1 -- 172.21.15.111:0/3795300612 >> [v2:172.21.15.111:6800/376466405,v1:172.21.15.111:6801/376466405] conn(0x7f7fe8032610 msgr2=0x7f7fe8034ad0 secure :-1 s=STATE_CONNECTION_ESTABLISHED l=1).mark_down
2024-04-26T09:38:35.431 INFO:teuthology.orchestra.run.smithi111.stderr:/usr/bin/ceph:
2024-04-26T09:38:35.426+0000 7f8004084700 1 --2- 172.21.15.111:0/3795300612 >> [v2:172.21.15.111:6800/376466405,v1:172.21.15.111:6801/376466405] conn(0x7f7fe8032610 0x7f7fe8034ad0 secure :-1 s=READY pgs=15 cs=0 l=1 rev1=1 rx=0x7f7fec009780 tx=0x7f7fec006cc0).stop
2024-04-26T09:38:35.431 INFO:teuthology.orchestra.run.smithi111.stderr:/usr/bin/ceph:
2024-04-26T09:38:35.426+0000 7f8004084700 1 -- 172.21.15.111:0/3795300612 >> [v2:172.21.15.111:3300/0,v1:172.21.15.111:6789/0] conn(0x7f7ffc0fbed0 msgr2=0x7f7ffc10ad80 secure :-1 s=STATE_CONNECTION_ESTABLISHED l=1).mark_down
2024-04-26T09:38:35.431 INFO:teuthology.orchestra.run.smithi111.stderr:/usr/bin/ceph:
2024-04-26T09:38:35.426+0000 7f8004084700 1 --2- 172.21.15.111:0/3795300612 >> [v2:172.21.15.111:3300/0,v1:172.21.15.111:6789/0] conn(0x7f7ffc0fbed0 0x7f7ffc10ad80 secure :-1 s=READY pgs=50 cs=0 l=1 rev1=1 rx=0x7f7ff8002f40 tx=0x7f7ff80090f0).stop
2024-04-26T09:38:35.431 INFO:teuthology.orchestra.run.smithi111.stderr:/usr/bin/ceph:
2024-04-26T09:38:35.426+0000 7f8004084700 1 -- 172.21.15.111:0/3795300612 shutdown_connections
2024-04-26T09:38:35.431 INFO:teuthology.orchestra.run.smithi111.stderr:/usr/bin/ceph:
2024-04-26T09:38:35.426+0000 7f8004084700 1 --2- 172.21.15.111:0/3795300612 >> [v2:172.21.15.111:6800/376466405,v1:172.21.15.111:6801/376466405] conn(0x7f7fe8032610 0x7f7fe8034ad0 unknown :-1 s=CLOSED pgs=15 cs=0 l=1 rev1=1 rx=0 tx=0).stop
2024-04-26T09:38:35.431 INFO:teuthology.orchestra.run.smithi111.stderr:/usr/bin/ceph:
2024-04-26T09:38:35.426+0000 7f8004084700 1 --2- 172.21.15.111:0/3795300612 >> [v2:172.21.15.111:3300/0,v1:172.21.15.111:6789/0] conn(0x7f7ffc0fbed0 0x7f7ffc10ad80 unknown :-1 s=CLOSED pgs=50 cs=0 l=1 rev1=1 rx=0 tx=0).stop
2024-04-26T09:38:35.431 INFO:teuthology.orchestra.run.smithi111.stderr:/usr/bin/ceph:
2024-04-26T09:38:35.426+0000 7f8004084700 1 -- 172.21.15.111:0/3795300612 >> 172.21.15.111:0/3795300612 conn(0x7f7ffc0f76f0 msgr2=0x7f7ffc0f9160 unknown :-1 s=STATE_NONE l=0).mark_down
2024-04-26T09:38:35.431 INFO:teuthology.orchestra.run.smithi111.stderr:/usr/bin/ceph:
2024-04-26T09:38:35.426+0000 7f8004084700 1 -- 172.21.15.111:0/3795300612 shutdown_connections
2024-04-26T09:38:35.431 INFO:teuthology.orchestra.run.smithi111.stderr:/usr/bin/ceph:
2024-04-26T09:38:35.426+0000 7f8004084700 1 -- 172.21.15.111:0/3795300612 wait complete.
2024-04-26T09:38:36.782 INFO:journalctl@ceph.mon.smithi111.smithi111.stdout:Apr 26 09:38:36 smithi111 ceph-85503b68-03b0-11ef-bc93-c7b262605968-mon-smithi111[68776]: audit
2024-04-26T09:38:35.421680+0000 mgr.smithi111.gxiwlv (mgr.14116) 19 : audit [DBG] from='client.14144 -' entity='client.admin' cmd=[{"prefix": "orch apply", "service_type": "grafana", "target": ["mon-mgr", ""]}]: dispatch
2024-04-26T09:38:36.783 INFO:journalctl@ceph.mon.smithi111.smithi111.stdout:Apr 26 09:38:36 smithi111 ceph-85503b68-03b0-11ef-bc93-c7b262605968-mon-smithi111[68776]: cephadm
2024-04-26T09:38:35.422534+0000 mgr.smithi111.gxiwlv (mgr.14116) 20 : cephadm [INF] Saving service grafana spec with placement count:1
2024-04-26T09:38:36.783 INFO:journalctl@ceph.mon.smithi111.smithi111.stdout:Apr 26 09:38:36 smithi111 ceph-85503b68-03b0-11ef-bc93-c7b262605968-mon-smithi111[68776]: audit
2024-04-26T09:38:35.425385+0000 mon.smithi111 (mon.0) 62 : audit [INF] from='mgr.14116 172.21.15.111:0/1559054235' entity='mgr.smithi111.gxiwlv'
2024-04-26T09:38:36.847 INFO:teuthology.orchestra.run.smithi111.stderr:Deploying node-exporter service with default placement...
2024-04-26T09:38:37.360 INFO:teuthology.orchestra.run.smithi111.stderr:/usr/bin/ceph:
2024-04-26T09:38:37.349+0000 7f66691cd700 1 Processor -- start
2024-04-26T09:38:37.360 INFO:teuthology.orchestra.run.smithi111.stderr:/usr/bin/ceph:
2024-04-26T09:38:37.349+0000 7f66691cd700 1 -- start start
2024-04-26T09:38:37.360 INFO:teuthology.orchestra.run.smithi111.stderr:/usr/bin/ceph:
2024-04-26T09:38:37.349+0000 7f66691cd700 1 --2- >> [v2:172.21.15.111:3300/0,v1:172.21.15.111:6789/0] conn(0x7f6664071c60 0x7f66640ffc30 unknown :-1 s=NONE pgs=0 cs=0 l=0 rev1=0 rx=0 tx=0).connect
2024-04-26T09:38:37.360 INFO:teuthology.orchestra.run.smithi111.stderr:/usr/bin/ceph:
2024-04-26T09:38:37.349+0000 7f66691cd700 1 -- --> [v2:172.21.15.111:3300/0,v1:172.21.15.111:6789/0] -- mon_getmap magic: 0 v1 -- 0x7f6664100120 con 0x7f6664071c60
2024-04-26T09:38:37.360 INFO:teuthology.orchestra.run.smithi111.stderr:/usr/bin/ceph:
2024-04-26T09:38:37.350+0000 7f6662d9d700 1 --2- >> [v2:172.21.15.111:3300/0,v1:172.21.15.111:6789/0] conn(0x7f6664071c60 0x7f66640ffc30 unknown :-1 s=BANNER_CONNECTING pgs=0 cs=0 l=0 rev1=0 rx=0 tx=0)._handle_peer_banner_payload supported=1 required=0
2024-04-26T09:38:37.360 INFO:teuthology.orchestra.run.smithi111.stderr:/usr/bin/ceph:
2024-04-26T09:38:37.350+0000 7f6662d9d700 1 --2- >> [v2:172.21.15.111:3300/0,v1:172.21.15.111:6789/0] conn(0x7f6664071c60 0x7f66640ffc30 unknown :-1 s=HELLO_CONNECTING pgs=0 cs=0 l=0 rev1=1 rx=0 tx=0).handle_hello peer v2:172.21.15.111:3300/0 says I am v2:172.21.15.111:46662/0 (socket says 172.21.15.111:46662)
2024-04-26T09:38:37.360 INFO:teuthology.orchestra.run.smithi111.stderr:/usr/bin/ceph:
2024-04-26T09:38:37.350+0000 7f6662d9d700 1 -- 172.21.15.111:0/2207903599 learned_addr learned my addr 172.21.15.111:0/2207903599 (peer_addr_for_me v2:172.21.15.111:0/0)
2024-04-26T09:38:37.360 INFO:teuthology.orchestra.run.smithi111.stderr:/usr/bin/ceph:
2024-04-26T09:38:37.350+0000 7f6662d9d700 1 -- 172.21.15.111:0/2207903599 --> [v2:172.21.15.111:3300/0,v1:172.21.15.111:6789/0] -- mon_subscribe({config=0+,monmap=0+}) v3 -- 0x7f6664100260 con 0x7f6664071c60
2024-04-26T09:38:37.360 INFO:teuthology.orchestra.run.smithi111.stderr:/usr/bin/ceph:
2024-04-26T09:38:37.350+0000 7f6662d9d700 1 --2- 172.21.15.111:0/2207903599 >> [v2:172.21.15.111:3300/0,v1:172.21.15.111:6789/0] conn(0x7f6664071c60 0x7f66640ffc30 secure :-1 s=READY pgs=51 cs=0 l=1 rev1=1 rx=0x7f664c009730 tx=0x7f664c0090f0).ready entity=mon.0 client_cookie=e0bbe1d79ae44773 server_cookie=0 in_seq=0 out_seq=0
2024-04-26T09:38:37.360 INFO:teuthology.orchestra.run.smithi111.stderr:/usr/bin/ceph:
2024-04-26T09:38:37.350+0000 7f6661d9b700 1 -- 172.21.15.111:0/2207903599 <== mon.0 v2:172.21.15.111:3300/0 1 ==== mon_map magic: 0 v1 ==== 229+0+0 (secure 0 0 0) 0x7f664c00b6e0 con 0x7f6664071c60
2024-04-26T09:38:37.361 INFO:teuthology.orchestra.run.smithi111.stderr:/usr/bin/ceph:
2024-04-26T09:38:37.350+0000 7f6661d9b700 1 -- 172.21.15.111:0/2207903599 <== mon.0 v2:172.21.15.111:3300/0 2 ==== config(25 keys) v1 ==== 1046+0+0 (secure 0 0 0) 0x7f664c00bcd0 con 0x7f6664071c60
2024-04-26T09:38:37.361 INFO:teuthology.orchestra.run.smithi111.stderr:/usr/bin/ceph:
2024-04-26T09:38:37.350+0000 7f6661d9b700 1 -- 172.21.15.111:0/2207903599 <== mon.0 v2:172.21.15.111:3300/0 3 ==== mon_map magic: 0 v1 ==== 229+0+0 (secure 0 0 0) 0x7f664c011cb0 con 0x7f6664071c60
2024-04-26T09:38:37.361 INFO:teuthology.orchestra.run.smithi111.stderr:/usr/bin/ceph:
2024-04-26T09:38:37.351+0000 7f66691cd700 1 -- 172.21.15.111:0/2207903599 >> [v2:172.21.15.111:3300/0,v1:172.21.15.111:6789/0] conn(0x7f6664071c60 msgr2=0x7f66640ffc30 secure :-1 s=STATE_CONNECTION_ESTABLISHED l=1).mark_down
2024-04-26T09:38:37.361 INFO:teuthology.orchestra.run.smithi111.stderr:/usr/bin/ceph:
2024-04-26T09:38:37.351+0000 7f66691cd700 1 --2- 172.21.15.111:0/2207903599 >> [v2:172.21.15.111:3300/0,v1:172.21.15.111:6789/0] conn(0x7f6664071c60 0x7f66640ffc30 secure :-1 s=READY pgs=51 cs=0 l=1 rev1=1 rx=0x7f664c009730 tx=0x7f664c0090f0).stop
2024-04-26T09:38:37.361 INFO:teuthology.orchestra.run.smithi111.stderr:/usr/bin/ceph:
2024-04-26T09:38:37.351+0000 7f66691cd700 1 -- 172.21.15.111:0/2207903599 shutdown_connections
2024-04-26T09:38:37.361 INFO:teuthology.orchestra.run.smithi111.stderr:/usr/bin/ceph:
2024-04-26T09:38:37.351+0000 7f66691cd700 1 --2- 172.21.15.111:0/2207903599 >> [v2:172.21.15.111:3300/0,v1:172.21.15.111:6789/0] conn(0x7f6664071c60 0x7f66640ffc30 unknown :-1 s=CLOSED pgs=51 cs=0 l=1 rev1=1 rx=0 tx=0).stop
2024-04-26T09:38:37.361 INFO:teuthology.orchestra.run.smithi111.stderr:/usr/bin/ceph:
2024-04-26T09:38:37.351+0000 7f66691cd700 1 -- 172.21.15.111:0/2207903599 >> 172.21.15.111:0/2207903599 conn(0x7f66640f76f0 msgr2=0x7f66640f9b10 unknown :-1 s=STATE_NONE l=0).mark_down
2024-04-26T09:38:37.362 INFO:teuthology.orchestra.run.smithi111.stderr:/usr/bin/ceph:
2024-04-26T09:38:37.351+0000 7f66691cd700 1 -- 172.21.15.111:0/2207903599 shutdown_connections
2024-04-26T09:38:37.362 INFO:teuthology.orchestra.run.smithi111.stderr:/usr/bin/ceph:
2024-04-26T09:38:37.351+0000 7f66691cd700 1 -- 172.21.15.111:0/2207903599 wait complete.
2024-04-26T09:38:37.362 INFO:teuthology.orchestra.run.smithi111.stderr:/usr/bin/ceph:
2024-04-26T09:38:37.351+0000 7f66691cd700 1 Processor -- start
2024-04-26T09:38:37.362 INFO:teuthology.orchestra.run.smithi111.stderr:/usr/bin/ceph:
2024-04-26T09:38:37.352+0000 7f66691cd700 1 -- start start
2024-04-26T09:38:37.362 INFO:teuthology.orchestra.run.smithi111.stderr:/usr/bin/ceph:
2024-04-26T09:38:37.352+0000 7f66691cd700 1 --2- >> [v2:172.21.15.111:3300/0,v1:172.21.15.111:6789/0] conn(0x7f6664071c60 0x7f666410bea0 unknown :-1 s=NONE pgs=0 cs=0 l=1 rev1=0 rx=0 tx=0).connect
2024-04-26T09:38:37.362 INFO:teuthology.orchestra.run.smithi111.stderr:/usr/bin/ceph:
2024-04-26T09:38:37.352+0000 7f66691cd700 1 -- --> [v2:172.21.15.111:3300/0,v1:172.21.15.111:6789/0] -- mon_getmap magic: 0 v1 -- 0x7f666410c390 con 0x7f6664071c60
2024-04-26T09:38:37.362 INFO:teuthology.orchestra.run.smithi111.stderr:/usr/bin/ceph:
2024-04-26T09:38:37.352+0000 7f6662d9d700 1 --2- >> [v2:172.21.15.111:3300/0,v1:172.21.15.111:6789/0] conn(0x7f6664071c60 0x7f666410bea0 unknown :-1 s=BANNER_CONNECTING pgs=0 cs=0 l=1 rev1=0 rx=0 tx=0)._handle_peer_banner_payload supported=1 required=0
2024-04-26T09:38:37.363 INFO:teuthology.orchestra.run.smithi111.stderr:/usr/bin/ceph:
2024-04-26T09:38:37.352+0000 7f6662d9d700 1 --2- >> [v2:172.21.15.111:3300/0,v1:172.21.15.111:6789/0] conn(0x7f6664071c60 0x7f666410bea0 unknown :-1 s=HELLO_CONNECTING pgs=0 cs=0 l=1 rev1=1 rx=0 tx=0).handle_hello peer v2:172.21.15.111:3300/0 says I am v2:172.21.15.111:46676/0 (socket says 172.21.15.111:46676)
2024-04-26T09:38:37.363 INFO:teuthology.orchestra.run.smithi111.stderr:/usr/bin/ceph:
2024-04-26T09:38:37.352+0000 7f6662d9d700 1 -- 172.21.15.111:0/2166233742 learned_addr learned my addr 172.21.15.111:0/2166233742 (peer_addr_for_me v2:172.21.15.111:0/0)
2024-04-26T09:38:37.363 INFO:teuthology.orchestra.run.smithi111.stderr:/usr/bin/ceph:
2024-04-26T09:38:37.352+0000 7f6662d9d700 1 -- 172.21.15.111:0/2166233742 --> [v2:172.21.15.111:3300/0,v1:172.21.15.111:6789/0] -- mon_subscribe({config=0+,monmap=0+}) v3 -- 0x7f664c009370 con 0x7f6664071c60
2024-04-26T09:38:37.363 INFO:teuthology.orchestra.run.smithi111.stderr:/usr/bin/ceph:
2024-04-26T09:38:37.352+0000 7f6662d9d700 1 --2- 172.21.15.111:0/2166233742 >> [v2:172.21.15.111:3300/0,v1:172.21.15.111:6789/0] conn(0x7f6664071c60 0x7f666410bea0 secure :-1 s=READY pgs=52 cs=0 l=1 rev1=1 rx=0x7f664c0118b0 tx=0x7f664c0090f0).ready entity=mon.0 client_cookie=0 server_cookie=0 in_seq=0 out_seq=0
2024-04-26T09:38:37.363 INFO:teuthology.orchestra.run.smithi111.stderr:/usr/bin/ceph:
2024-04-26T09:38:37.352+0000 7f665bfff700 1 -- 172.21.15.111:0/2166233742 <== mon.0 v2:172.21.15.111:3300/0 1 ==== mon_map magic: 0 v1 ==== 229+0+0 (secure 0 0 0) 0x7f664c00be40 con 0x7f6664071c60
2024-04-26T09:38:37.363 INFO:teuthology.orchestra.run.smithi111.stderr:/usr/bin/ceph:
2024-04-26T09:38:37.352+0000 7f66691cd700 1 -- 172.21.15.111:0/2166233742 --> [v2:172.21.15.111:3300/0,v1:172.21.15.111:6789/0] -- mon_subscribe({mgrmap=0+}) v3 -- 0x7f666410c590 con 0x7f6664071c60
2024-04-26T09:38:37.363 INFO:teuthology.orchestra.run.smithi111.stderr:/usr/bin/ceph:
2024-04-26T09:38:37.352+0000 7f665bfff700 1 -- 172.21.15.111:0/2166233742 <== mon.0 v2:172.21.15.111:3300/0 2 ==== config(25 keys) v1 ==== 1046+0+0 (secure 0 0 0) 0x7f664c01aad0 con 0x7f6664071c60
2024-04-26T09:38:37.363 INFO:teuthology.orchestra.run.smithi111.stderr:/usr/bin/ceph:
2024-04-26T09:38:37.352+0000 7f665bfff700 1 -- 172.21.15.111:0/2166233742 <== mon.0 v2:172.21.15.111:3300/0 3 ==== mon_map magic: 0 v1 ==== 229+0+0 (secure 0 0 0) 0x7f664c023a80 con 0x7f6664071c60
2024-04-26T09:38:37.363 INFO:teuthology.orchestra.run.smithi111.stderr:/usr/bin/ceph:
2024-04-26T09:38:37.352+0000 7f66691cd700 1 -- 172.21.15.111:0/2166233742 --> [v2:172.21.15.111:3300/0,v1:172.21.15.111:6789/0] -- mon_subscribe({osdmap=0}) v3 -- 0x7f666410c9a0 con 0x7f6664071c60
2024-04-26T09:38:37.363 INFO:teuthology.orchestra.run.smithi111.stderr:/usr/bin/ceph:
2024-04-26T09:38:37.353+0000 7f665bfff700 1 -- 172.21.15.111:0/2166233742 <== mon.0 v2:172.21.15.111:3300/0 4 ==== mgrmap(e 8) v1 ==== 38632+0+0 (secure 0 0 0) 0x7f664c023cc0 con 0x7f6664071c60
2024-04-26T09:38:37.363 INFO:teuthology.orchestra.run.smithi111.stderr:/usr/bin/ceph:
2024-04-26T09:38:37.353+0000 7f66691cd700 1 -- 172.21.15.111:0/2166233742 --> [v2:172.21.15.111:3300/0,v1:172.21.15.111:6789/0] -- mon_command({"prefix": "get_command_descriptions"} v 0) v1 -- 0x7f6664046ce0 con 0x7f6664071c60
2024-04-26T09:38:37.363 INFO:teuthology.orchestra.run.smithi111.stderr:/usr/bin/ceph:
2024-04-26T09:38:37.353+0000 7f665bfff700 1 --2- 172.21.15.111:0/2166233742 >> [v2:172.21.15.111:6800/376466405,v1:172.21.15.111:6801/376466405] conn(0x7f6650032610 0x7f6650034ad0 unknown :-1 s=NONE pgs=0 cs=0 l=1 rev1=0 rx=0 tx=0).connect
2024-04-26T09:38:37.364 INFO:teuthology.orchestra.run.smithi111.stderr:/usr/bin/ceph:
2024-04-26T09:38:37.354+0000 7f665bfff700 1 -- 172.21.15.111:0/2166233742 <== mon.0 v2:172.21.15.111:3300/0 5 ==== osd_map(2..2 src has 1..2) v4 ==== 893+0+0 (secure 0 0 0) 0x7f664c044840 con 0x7f6664071c60
2024-04-26T09:38:37.364 INFO:teuthology.orchestra.run.smithi111.stderr:/usr/bin/ceph:
2024-04-26T09:38:37.354+0000 7f666259c700 1 --2- 172.21.15.111:0/2166233742 >> [v2:172.21.15.111:6800/376466405,v1:172.21.15.111:6801/376466405] conn(0x7f6650032610 0x7f6650034ad0 unknown :-1 s=BANNER_CONNECTING pgs=0 cs=0 l=1 rev1=0 rx=0 tx=0)._handle_peer_banner_payload supported=1 required=0
2024-04-26T09:38:37.364 INFO:teuthology.orchestra.run.smithi111.stderr:/usr/bin/ceph:
2024-04-26T09:38:37.354+0000 7f666259c700 1 --2- 172.21.15.111:0/2166233742 >> [v2:172.21.15.111:6800/376466405,v1:172.21.15.111:6801/376466405] conn(0x7f6650032610 0x7f6650034ad0 secure :-1 s=READY pgs=16 cs=0 l=1 rev1=1 rx=0x7f6654009780 tx=0x7f6654006cc0).ready entity=mgr.14116 client_cookie=0 server_cookie=0 in_seq=0 out_seq=0
2024-04-26T09:38:37.364 INFO:teuthology.orchestra.run.smithi111.stderr:/usr/bin/ceph:
2024-04-26T09:38:37.358+0000 7f665bfff700 1 -- 172.21.15.111:0/2166233742 <== mon.0 v2:172.21.15.111:3300/0 6 ==== mon_command_ack([{"prefix": "get_command_descriptions"}]=0 v0) v1 ==== 72+0+163658 (secure 0 0 0) 0x7f664c02bd20 con 0x7f6664071c60
2024-04-26T09:38:37.531 INFO:teuthology.orchestra.run.smithi111.stderr:/usr/bin/ceph:
2024-04-26T09:38:37.528+0000 7f66691cd700 1 -- 172.21.15.111:0/2166233742 --> [v2:172.21.15.111:6800/376466405,v1:172.21.15.111:6801/376466405] -- mgr_command(tid 0: {"prefix": "orch apply", "service_type": "node-exporter", "target": ["mon-mgr", ""]}) v1 -- 0x7f666410d140 con 0x7f6650032610
2024-04-26T09:38:37.535 INFO:teuthology.orchestra.run.smithi111.stderr:/usr/bin/ceph:
2024-04-26T09:38:37.532+0000 7f665bfff700 1 -- 172.21.15.111:0/2166233742 <== mgr.14116 v2:172.21.15.111:6800/376466405 1 ==== mgr_command_reply(tid 0: 0 ) v1 ==== 8+0+34 (secure 0 0 0) 0x7f666410d140 con 0x7f6650032610
2024-04-26T09:38:37.535 INFO:teuthology.orchestra.run.smithi111.stderr:/usr/bin/ceph: Scheduled node-exporter update...
2024-04-26T09:38:37.538 INFO:teuthology.orchestra.run.smithi111.stderr:/usr/bin/ceph:
2024-04-26T09:38:37.534+0000 7f66691cd700 1 -- 172.21.15.111:0/2166233742 >> [v2:172.21.15.111:6800/376466405,v1:172.21.15.111:6801/376466405] conn(0x7f6650032610 msgr2=0x7f6650034ad0 secure :-1 s=STATE_CONNECTION_ESTABLISHED l=1).mark_down
2024-04-26T09:38:37.538 INFO:teuthology.orchestra.run.smithi111.stderr:/usr/bin/ceph:
2024-04-26T09:38:37.534+0000 7f66691cd700 1 --2- 172.21.15.111:0/2166233742 >> [v2:172.21.15.111:6800/376466405,v1:172.21.15.111:6801/376466405] conn(0x7f6650032610 0x7f6650034ad0 secure :-1 s=READY pgs=16 cs=0 l=1 rev1=1 rx=0x7f6654009780 tx=0x7f6654006cc0).stop
2024-04-26T09:38:37.538 INFO:teuthology.orchestra.run.smithi111.stderr:/usr/bin/ceph:
2024-04-26T09:38:37.534+0000 7f66691cd700 1 -- 172.21.15.111:0/2166233742 >> [v2:172.21.15.111:3300/0,v1:172.21.15.111:6789/0] conn(0x7f6664071c60 msgr2=0x7f666410bea0 secure :-1 s=STATE_CONNECTION_ESTABLISHED l=1).mark_down
2024-04-26T09:38:37.538 INFO:teuthology.orchestra.run.smithi111.stderr:/usr/bin/ceph:
2024-04-26T09:38:37.534+0000 7f66691cd700 1 --2- 172.21.15.111:0/2166233742 >> [v2:172.21.15.111:3300/0,v1:172.21.15.111:6789/0] conn(0x7f6664071c60 0x7f666410bea0 secure :-1 s=READY pgs=52 cs=0 l=1 rev1=1 rx=0x7f664c0118b0 tx=0x7f664c0090f0).stop
2024-04-26T09:38:37.538 INFO:teuthology.orchestra.run.smithi111.stderr:/usr/bin/ceph:
2024-04-26T09:38:37.534+0000 7f66691cd700 1 -- 172.21.15.111:0/2166233742 shutdown_connections
2024-04-26T09:38:37.538 INFO:teuthology.orchestra.run.smithi111.stderr:/usr/bin/ceph:
2024-04-26T09:38:37.534+0000 7f66691cd700 1 --2- 172.21.15.111:0/2166233742 >> [v2:172.21.15.111:6800/376466405,v1:172.21.15.111:6801/376466405] conn(0x7f6650032610 0x7f6650034ad0 unknown :-1 s=CLOSED pgs=16 cs=0 l=1 rev1=1 rx=0 tx=0).stop
2024-04-26T09:38:37.538 INFO:teuthology.orchestra.run.smithi111.stderr:/usr/bin/ceph:
2024-04-26T09:38:37.534+0000 7f66691cd700 1 --2- 172.21.15.111:0/2166233742 >> [v2:172.21.15.111:3300/0,v1:172.21.15.111:6789/0] conn(0x7f6664071c60 0x7f666410bea0 unknown :-1 s=CLOSED pgs=52 cs=0 l=1 rev1=1 rx=0 tx=0).stop
2024-04-26T09:38:37.538 INFO:teuthology.orchestra.run.smithi111.stderr:/usr/bin/ceph:
2024-04-26T09:38:37.534+0000 7f66691cd700 1 -- 172.21.15.111:0/2166233742 >> 172.21.15.111:0/2166233742 conn(0x7f66640f76f0 msgr2=0x7f66640f9140 unknown :-1 s=STATE_NONE l=0).mark_down
2024-04-26T09:38:37.539 INFO:teuthology.orchestra.run.smithi111.stderr:/usr/bin/ceph:
2024-04-26T09:38:37.534+0000 7f66691cd700 1 -- 172.21.15.111:0/2166233742 shutdown_connections
2024-04-26T09:38:37.539 INFO:teuthology.orchestra.run.smithi111.stderr:/usr/bin/ceph:
2024-04-26T09:38:37.534+0000 7f66691cd700 1 -- 172.21.15.111:0/2166233742 wait complete.
2024-04-26T09:38:38.121 INFO:teuthology.orchestra.run.smithi111.stderr:Deploying alertmanager service with default placement...
2024-04-26T09:38:38.642 INFO:teuthology.orchestra.run.smithi111.stderr:/usr/bin/ceph:
2024-04-26T09:38:38.634+0000 7f62464fe700 1 Processor -- start
2024-04-26T09:38:38.642 INFO:teuthology.orchestra.run.smithi111.stderr:/usr/bin/ceph:
2024-04-26T09:38:38.634+0000 7f62464fe700 1 -- start start
2024-04-26T09:38:38.642 INFO:teuthology.orchestra.run.smithi111.stderr:/usr/bin/ceph:
2024-04-26T09:38:38.635+0000 7f62464fe700 1 --2- >> [v2:172.21.15.111:3300/0,v1:172.21.15.111:6789/0] conn(0x7f6240071c20 0x7f62400ffc70 unknown :-1 s=NONE pgs=0 cs=0 l=0 rev1=0 rx=0 tx=0).connect
2024-04-26T09:38:38.642 INFO:teuthology.orchestra.run.smithi111.stderr:/usr/bin/ceph:
2024-04-26T09:38:38.635+0000 7f62464fe700 1 -- --> [v2:172.21.15.111:3300/0,v1:172.21.15.111:6789/0] -- mon_getmap magic: 0 v1 -- 0x7f6240100160 con 0x7f6240071c20
2024-04-26T09:38:38.642 INFO:teuthology.orchestra.run.smithi111.stderr:/usr/bin/ceph:
2024-04-26T09:38:38.635+0000 7f623ffff700 1 --2- >> [v2:172.21.15.111:3300/0,v1:172.21.15.111:6789/0] conn(0x7f6240071c20 0x7f62400ffc70 unknown :-1 s=BANNER_CONNECTING pgs=0 cs=0 l=0 rev1=0 rx=0 tx=0)._handle_peer_banner_payload supported=1 required=0
2024-04-26T09:38:38.642 INFO:teuthology.orchestra.run.smithi111.stderr:/usr/bin/ceph:
2024-04-26T09:38:38.635+0000 7f623ffff700 1 --2- >> [v2:172.21.15.111:3300/0,v1:172.21.15.111:6789/0] conn(0x7f6240071c20 0x7f62400ffc70 unknown :-1 s=HELLO_CONNECTING pgs=0 cs=0 l=0 rev1=1 rx=0 tx=0).handle_hello peer v2:172.21.15.111:3300/0 says I am v2:172.21.15.111:43736/0 (socket says 172.21.15.111:43736)
2024-04-26T09:38:38.642 INFO:teuthology.orchestra.run.smithi111.stderr:/usr/bin/ceph:
2024-04-26T09:38:38.635+0000 7f623ffff700 1 -- 172.21.15.111:0/3091956933 learned_addr learned my addr 172.21.15.111:0/3091956933 (peer_addr_for_me v2:172.21.15.111:0/0)
2024-04-26T09:38:38.642 INFO:teuthology.orchestra.run.smithi111.stderr:/usr/bin/ceph:
2024-04-26T09:38:38.635+0000 7f623ffff700 1 -- 172.21.15.111:0/3091956933 --> [v2:172.21.15.111:3300/0,v1:172.21.15.111:6789/0] -- mon_subscribe({config=0+,monmap=0+}) v3 -- 0x7f62401002a0 con 0x7f6240071c20
2024-04-26T09:38:38.642 INFO:teuthology.orchestra.run.smithi111.stderr:/usr/bin/ceph:
2024-04-26T09:38:38.635+0000 7f623ffff700 1 --2- 172.21.15.111:0/3091956933 >> [v2:172.21.15.111:3300/0,v1:172.21.15.111:6789/0] conn(0x7f6240071c20 0x7f62400ffc70 secure :-1 s=READY pgs=53 cs=0 l=1 rev1=1 rx=0x7f6230009730 tx=0x7f62300090f0).ready entity=mon.0 client_cookie=f3bb541e5035b876 server_cookie=0 in_seq=0 out_seq=0
2024-04-26T09:38:38.642 INFO:teuthology.orchestra.run.smithi111.stderr:/usr/bin/ceph:
2024-04-26T09:38:38.636+0000 7f623f7fe700 1 -- 172.21.15.111:0/3091956933 <== mon.0 v2:172.21.15.111:3300/0 1 ==== mon_map magic: 0 v1 ==== 229+0+0 (secure 0 0 0) 0x7f623000b770 con 0x7f6240071c20
2024-04-26T09:38:38.643 INFO:teuthology.orchestra.run.smithi111.stderr:/usr/bin/ceph:
2024-04-26T09:38:38.636+0000 7f623f7fe700 1 -- 172.21.15.111:0/3091956933 <== mon.0 v2:172.21.15.111:3300/0 2 ==== config(25 keys) v1 ==== 1046+0+0 (secure 0 0 0) 0x7f623000bd60 con 0x7f6240071c20
2024-04-26T09:38:38.643 INFO:teuthology.orchestra.run.smithi111.stderr:/usr/bin/ceph:
2024-04-26T09:38:38.636+0000 7f623f7fe700 1 -- 172.21.15.111:0/3091956933 <== mon.0 v2:172.21.15.111:3300/0 3 ==== mon_map magic: 0 v1 ==== 229+0+0 (secure 0 0 0) 0x7f6230011d90 con 0x7f6240071c20
2024-04-26T09:38:38.643 INFO:teuthology.orchestra.run.smithi111.stderr:/usr/bin/ceph:
2024-04-26T09:38:38.636+0000 7f62464fe700 1 -- 172.21.15.111:0/3091956933 >> [v2:172.21.15.111:3300/0,v1:172.21.15.111:6789/0] conn(0x7f6240071c20 msgr2=0x7f62400ffc70 secure :-1 s=STATE_CONNECTION_ESTABLISHED l=1).mark_down
2024-04-26T09:38:38.643 INFO:teuthology.orchestra.run.smithi111.stderr:/usr/bin/ceph:
2024-04-26T09:38:38.636+0000 7f62464fe700 1 --2- 172.21.15.111:0/3091956933 >> [v2:172.21.15.111:3300/0,v1:172.21.15.111:6789/0] conn(0x7f6240071c20 0x7f62400ffc70 secure :-1 s=READY pgs=53 cs=0 l=1 rev1=1 rx=0x7f6230009730 tx=0x7f62300090f0).stop
2024-04-26T09:38:38.643 INFO:teuthology.orchestra.run.smithi111.stderr:/usr/bin/ceph:
2024-04-26T09:38:38.636+0000 7f62464fe700 1 -- 172.21.15.111:0/3091956933 shutdown_connections
2024-04-26T09:38:38.643 INFO:teuthology.orchestra.run.smithi111.stderr:/usr/bin/ceph:
2024-04-26T09:38:38.636+0000 7f62464fe700 1 --2- 172.21.15.111:0/3091956933 >> [v2:172.21.15.111:3300/0,v1:172.21.15.111:6789/0] conn(0x7f6240071c20 0x7f62400ffc70 unknown :-1 s=CLOSED pgs=53 cs=0 l=1 rev1=1 rx=0 tx=0).stop
2024-04-26T09:38:38.643 INFO:teuthology.orchestra.run.smithi111.stderr:/usr/bin/ceph:
2024-04-26T09:38:38.636+0000 7f62464fe700 1 -- 172.21.15.111:0/3091956933 >> 172.21.15.111:0/3091956933 conn(0x7f62400f76f0 msgr2=0x7f62400f9b10 unknown :-1 s=STATE_NONE l=0).mark_down
2024-04-26T09:38:38.643 INFO:teuthology.orchestra.run.smithi111.stderr:/usr/bin/ceph:
2024-04-26T09:38:38.636+0000 7f62464fe700 1 -- 172.21.15.111:0/3091956933 shutdown_connections
2024-04-26T09:38:38.643 INFO:teuthology.orchestra.run.smithi111.stderr:/usr/bin/ceph:
2024-04-26T09:38:38.636+0000 7f62464fe700 1 -- 172.21.15.111:0/3091956933 wait complete.
2024-04-26T09:38:38.643 INFO:teuthology.orchestra.run.smithi111.stderr:/usr/bin/ceph:
2024-04-26T09:38:38.637+0000 7f62464fe700 1 Processor -- start
2024-04-26T09:38:38.643 INFO:teuthology.orchestra.run.smithi111.stderr:/usr/bin/ceph:
2024-04-26T09:38:38.637+0000 7f62464fe700 1 -- start start
2024-04-26T09:38:38.643 INFO:teuthology.orchestra.run.smithi111.stderr:/usr/bin/ceph:
2024-04-26T09:38:38.637+0000 7f62464fe700 1 --2- >> [v2:172.21.15.111:3300/0,v1:172.21.15.111:6789/0] conn(0x7f6240071c20 0x7f624010bed0 unknown :-1 s=NONE pgs=0 cs=0 l=1 rev1=0 rx=0 tx=0).connect
2024-04-26T09:38:38.643 INFO:teuthology.orchestra.run.smithi111.stderr:/usr/bin/ceph:
2024-04-26T09:38:38.637+0000 7f62464fe700 1 -- --> [v2:172.21.15.111:3300/0,v1:172.21.15.111:6789/0] -- mon_getmap magic: 0 v1 -- 0x7f624010c3c0 con 0x7f6240071c20
2024-04-26T09:38:38.644 INFO:teuthology.orchestra.run.smithi111.stderr:/usr/bin/ceph:
2024-04-26T09:38:38.637+0000 7f623ffff700 1 --2- >> [v2:172.21.15.111:3300/0,v1:172.21.15.111:6789/0] conn(0x7f6240071c20 0x7f624010bed0 unknown :-1 s=BANNER_CONNECTING pgs=0 cs=0 l=1 rev1=0 rx=0 tx=0)._handle_peer_banner_payload supported=1 required=0
2024-04-26T09:38:38.644 INFO:teuthology.orchestra.run.smithi111.stderr:/usr/bin/ceph:
2024-04-26T09:38:38.637+0000 7f623ffff700 1 --2- >> [v2:172.21.15.111:3300/0,v1:172.21.15.111:6789/0] conn(0x7f6240071c20 0x7f624010bed0 unknown :-1 s=HELLO_CONNECTING pgs=0 cs=0 l=1 rev1=1 rx=0 tx=0).handle_hello peer v2:172.21.15.111:3300/0 says I am v2:172.21.15.111:43742/0 (socket says 172.21.15.111:43742)
2024-04-26T09:38:38.644 INFO:teuthology.orchestra.run.smithi111.stderr:/usr/bin/ceph:
2024-04-26T09:38:38.637+0000 7f623ffff700 1 -- 172.21.15.111:0/608585076 learned_addr learned my addr 172.21.15.111:0/608585076 (peer_addr_for_me v2:172.21.15.111:0/0)
2024-04-26T09:38:38.644 INFO:teuthology.orchestra.run.smithi111.stderr:/usr/bin/ceph:
2024-04-26T09:38:38.638+0000 7f623ffff700 1 -- 172.21.15.111:0/608585076 --> [v2:172.21.15.111:3300/0,v1:172.21.15.111:6789/0] -- mon_subscribe({config=0+,monmap=0+}) v3 -- 0x7f6230009370 con 0x7f6240071c20
2024-04-26T09:38:38.644 INFO:teuthology.orchestra.run.smithi111.stderr:/usr/bin/ceph:
2024-04-26T09:38:38.638+0000 7f623ffff700 1 --2- 172.21.15.111:0/608585076 >> [v2:172.21.15.111:3300/0,v1:172.21.15.111:6789/0] conn(0x7f6240071c20 0x7f624010bed0 secure :-1 s=READY pgs=54 cs=0 l=1 rev1=1 rx=0x7f6230009f00 tx=0x7f62300090f0).ready entity=mon.0 client_cookie=0 server_cookie=0 in_seq=0 out_seq=0
2024-04-26T09:38:38.644 INFO:teuthology.orchestra.run.smithi111.stderr:/usr/bin/ceph:
2024-04-26T09:38:38.638+0000 7f623dffb700 1 -- 172.21.15.111:0/608585076 <== mon.0 v2:172.21.15.111:3300/0 1 ==== mon_map magic: 0 v1 ==== 229+0+0 (secure 0 0 0) 0x7f6230011bb0 con 0x7f6240071c20
2024-04-26T09:38:38.644 INFO:teuthology.orchestra.run.smithi111.stderr:/usr/bin/ceph:
2024-04-26T09:38:38.638+0000 7f623dffb700 1 -- 172.21.15.111:0/608585076 <== mon.0 v2:172.21.15.111:3300/0 2 ==== config(25 keys) v1 ==== 1046+0+0 (secure 0 0 0) 0x7f623000bbc0 con 0x7f6240071c20
2024-04-26T09:38:38.644 INFO:teuthology.orchestra.run.smithi111.stderr:/usr/bin/ceph:
2024-04-26T09:38:38.638+0000 7f623dffb700 1 -- 172.21.15.111:0/608585076 <== mon.0 v2:172.21.15.111:3300/0 3 ==== mon_map magic: 0 v1 ==== 229+0+0 (secure 0 0 0) 0x7f623001ab20 con 0x7f6240071c20
2024-04-26T09:38:38.644 INFO:teuthology.orchestra.run.smithi111.stderr:/usr/bin/ceph:
2024-04-26T09:38:38.638+0000 7f62464fe700 1 -- 172.21.15.111:0/608585076 --> [v2:172.21.15.111:3300/0,v1:172.21.15.111:6789/0] -- mon_subscribe({mgrmap=0+}) v3 -- 0x7f624010c5c0 con 0x7f6240071c20
2024-04-26T09:38:38.644 INFO:teuthology.orchestra.run.smithi111.stderr:/usr/bin/ceph:
2024-04-26T09:38:38.638+0000 7f62464fe700 1 -- 172.21.15.111:0/608585076 --> [v2:172.21.15.111:3300/0,v1:172.21.15.111:6789/0] -- mon_subscribe({osdmap=0}) v3 -- 0x7f624010c9d0 con 0x7f6240071c20
2024-04-26T09:38:38.644 INFO:teuthology.orchestra.run.smithi111.stderr:/usr/bin/ceph:
2024-04-26T09:38:38.639+0000 7f623dffb700 1 -- 172.21.15.111:0/608585076 <== mon.0 v2:172.21.15.111:3300/0 4 ==== mgrmap(e 8) v1 ==== 38632+0+0 (secure 0 0 0) 0x7f62300223b0 con 0x7f6240071c20
2024-04-26T09:38:38.645 INFO:teuthology.orchestra.run.smithi111.stderr:/usr/bin/ceph:
2024-04-26T09:38:38.639+0000 7f623dffb700 1 --2- 172.21.15.111:0/608585076 >> [v2:172.21.15.111:6800/376466405,v1:172.21.15.111:6801/376466405] conn(0x7f622c032630 0x7f622c034af0 unknown :-1 s=NONE pgs=0 cs=0 l=1 rev1=0 rx=0 tx=0).connect
2024-04-26T09:38:38.645 INFO:teuthology.orchestra.run.smithi111.stderr:/usr/bin/ceph:
2024-04-26T09:38:38.639+0000 7f623dffb700 1 -- 172.21.15.111:0/608585076 <== mon.0 v2:172.21.15.111:3300/0 5 ==== osd_map(2..2 src has 1..2) v4 ==== 893+0+0 (secure 0 0 0) 0x7f6230044ee0 con 0x7f6240071c20
2024-04-26T09:38:38.646 INFO:teuthology.orchestra.run.smithi111.stderr:/usr/bin/ceph:
2024-04-26T09:38:38.639+0000 7f6237fff700 1 --2- 172.21.15.111:0/608585076 >> [v2:172.21.15.111:6800/376466405,v1:172.21.15.111:6801/376466405] conn(0x7f622c032630 0x7f622c034af0 unknown :-1 s=BANNER_CONNECTING pgs=0 cs=0 l=1 rev1=0 rx=0 tx=0)._handle_peer_banner_payload supported=1 required=0
2024-04-26T09:38:38.646 INFO:teuthology.orchestra.run.smithi111.stderr:/usr/bin/ceph:
2024-04-26T09:38:38.639+0000 7f62464fe700 1 -- 172.21.15.111:0/608585076 --> [v2:172.21.15.111:3300/0,v1:172.21.15.111:6789/0] -- mon_command({"prefix": "get_command_descriptions"} v 0) v1 -- 0x7f6240046ce0 con 0x7f6240071c20
2024-04-26T09:38:38.646 INFO:teuthology.orchestra.run.smithi111.stderr:/usr/bin/ceph:
2024-04-26T09:38:38.639+0000 7f6237fff700 1 --2- 172.21.15.111:0/608585076 >> [v2:172.21.15.111:6800/376466405,v1:172.21.15.111:6801/376466405] conn(0x7f622c032630 0x7f622c034af0 secure :-1 s=READY pgs=17 cs=0 l=1 rev1=1 rx=0x7f6228009780 tx=0x7f6228006cc0).ready entity=mgr.14116 client_cookie=0 server_cookie=0 in_seq=0 out_seq=0
2024-04-26T09:38:38.647 INFO:teuthology.orchestra.run.smithi111.stderr:/usr/bin/ceph:
2024-04-26T09:38:38.644+0000 7f623dffb700 1 -- 172.21.15.111:0/608585076 <== mon.0 v2:172.21.15.111:3300/0 6 ==== mon_command_ack([{"prefix": "get_command_descriptions"}]=0 v0) v1 ==== 72+0+163658 (secure 0 0 0) 0x7f623001e070 con 0x7f6240071c20
2024-04-26T09:38:38.782 INFO:journalctl@ceph.mon.smithi111.smithi111.stdout:Apr 26 09:38:38 smithi111 ceph-85503b68-03b0-11ef-bc93-c7b262605968-mon-smithi111[68776]: audit
2024-04-26T09:38:37.530277+0000 mgr.smithi111.gxiwlv (mgr.14116) 21 : audit [DBG] from='client.14146 -' entity='client.admin' cmd=[{"prefix": "orch apply", "service_type": "node-exporter", "target": ["mon-mgr", ""]}]: dispatch
2024-04-26T09:38:38.783 INFO:journalctl@ceph.mon.smithi111.smithi111.stdout:Apr 26 09:38:38 smithi111 ceph-85503b68-03b0-11ef-bc93-c7b262605968-mon-smithi111[68776]: cephadm
2024-04-26T09:38:37.531164+0000 mgr.smithi111.gxiwlv (mgr.14116) 22 : cephadm [INF] Saving service node-exporter spec with placement *
2024-04-26T09:38:38.783 INFO:journalctl@ceph.mon.smithi111.smithi111.stdout:Apr 26 09:38:38 smithi111 ceph-85503b68-03b0-11ef-bc93-c7b262605968-mon-smithi111[68776]: audit
2024-04-26T09:38:37.533363+0000 mon.smithi111 (mon.0) 63 : audit [INF] from='mgr.14116 172.21.15.111:0/1559054235' entity='mgr.smithi111.gxiwlv'
2024-04-26T09:38:38.818 INFO:teuthology.orchestra.run.smithi111.stderr:/usr/bin/ceph:
2024-04-26T09:38:38.815+0000 7f62464fe700 1 -- 172.21.15.111:0/608585076 --> [v2:172.21.15.111:6800/376466405,v1:172.21.15.111:6801/376466405] -- mgr_command(tid 0: {"prefix": "orch apply", "service_type": "alertmanager", "target": ["mon-mgr", ""]}) v1 -- 0x7f624010d170 con 0x7f622c032630
2024-04-26T09:38:38.822 INFO:teuthology.orchestra.run.smithi111.stderr:/usr/bin/ceph:
2024-04-26T09:38:38.819+0000 7f623dffb700 1 -- 172.21.15.111:0/608585076 <== mgr.14116 v2:172.21.15.111:6800/376466405 1 ==== mgr_command_reply(tid 0: 0 ) v1 ==== 8+0+33 (secure 0 0 0) 0x7f624010d170 con 0x7f622c032630
2024-04-26T09:38:38.822 INFO:teuthology.orchestra.run.smithi111.stderr:/usr/bin/ceph: Scheduled alertmanager update...
2024-04-26T09:38:38.824 INFO:teuthology.orchestra.run.smithi111.stderr:/usr/bin/ceph:
2024-04-26T09:38:38.820+0000 7f62464fe700 1 -- 172.21.15.111:0/608585076 >> [v2:172.21.15.111:6800/376466405,v1:172.21.15.111:6801/376466405] conn(0x7f622c032630 msgr2=0x7f622c034af0 secure :-1 s=STATE_CONNECTION_ESTABLISHED l=1).mark_down
2024-04-26T09:38:38.825 INFO:teuthology.orchestra.run.smithi111.stderr:/usr/bin/ceph:
2024-04-26T09:38:38.820+0000 7f62464fe700 1 --2- 172.21.15.111:0/608585076 >> [v2:172.21.15.111:6800/376466405,v1:172.21.15.111:6801/376466405] conn(0x7f622c032630 0x7f622c034af0 secure :-1 s=READY pgs=17 cs=0 l=1 rev1=1 rx=0x7f6228009780 tx=0x7f6228006cc0).stop
2024-04-26T09:38:38.825 INFO:teuthology.orchestra.run.smithi111.stderr:/usr/bin/ceph:
2024-04-26T09:38:38.820+0000 7f62464fe700 1 -- 172.21.15.111:0/608585076 >> [v2:172.21.15.111:3300/0,v1:172.21.15.111:6789/0] conn(0x7f6240071c20 msgr2=0x7f624010bed0 secure :-1 s=STATE_CONNECTION_ESTABLISHED l=1).mark_down
2024-04-26T09:38:38.825 INFO:teuthology.orchestra.run.smithi111.stderr:/usr/bin/ceph:
2024-04-26T09:38:38.820+0000 7f62464fe700 1 --2- 172.21.15.111:0/608585076 >> [v2:172.21.15.111:3300/0,v1:172.21.15.111:6789/0] conn(0x7f6240071c20 0x7f624010bed0 secure :-1 s=READY pgs=54 cs=0 l=1 rev1=1 rx=0x7f6230009f00 tx=0x7f62300090f0).stop
2024-04-26T09:38:38.825 INFO:teuthology.orchestra.run.smithi111.stderr:/usr/bin/ceph:
2024-04-26T09:38:38.821+0000 7f62464fe700 1 -- 172.21.15.111:0/608585076 shutdown_connections
2024-04-26T09:38:38.825 INFO:teuthology.orchestra.run.smithi111.stderr:/usr/bin/ceph:
2024-04-26T09:38:38.821+0000 7f62464fe700 1 --2- 172.21.15.111:0/608585076 >> [v2:172.21.15.111:6800/376466405,v1:172.21.15.111:6801/376466405] conn(0x7f622c032630 0x7f622c034af0 unknown :-1 s=CLOSED pgs=17 cs=0 l=1 rev1=1 rx=0 tx=0).stop
2024-04-26T09:38:38.825 INFO:teuthology.orchestra.run.smithi111.stderr:/usr/bin/ceph:
2024-04-26T09:38:38.821+0000 7f62464fe700 1 --2- 172.21.15.111:0/608585076 >> [v2:172.21.15.111:3300/0,v1:172.21.15.111:6789/0] conn(0x7f6240071c20 0x7f624010bed0 unknown :-1 s=CLOSED pgs=54 cs=0 l=1 rev1=1 rx=0 tx=0).stop
2024-04-26T09:38:38.825 INFO:teuthology.orchestra.run.smithi111.stderr:/usr/bin/ceph:
2024-04-26T09:38:38.821+0000 7f62464fe700 1 -- 172.21.15.111:0/608585076 >> 172.21.15.111:0/608585076 conn(0x7f62400f76f0 msgr2=0x7f62400f91b0 unknown :-1 s=STATE_NONE l=0).mark_down
2024-04-26T09:38:38.825 INFO:teuthology.orchestra.run.smithi111.stderr:/usr/bin/ceph:
2024-04-26T09:38:38.821+0000 7f62464fe700 1 -- 172.21.15.111:0/608585076 shutdown_connections
2024-04-26T09:38:38.825 INFO:teuthology.orchestra.run.smithi111.stderr:/usr/bin/ceph:
2024-04-26T09:38:38.821+0000 7f62464fe700 1 -- 172.21.15.111:0/608585076 wait complete.
2024-04-26T09:38:39.948 INFO:journalctl@ceph.mon.smithi111.smithi111.stdout:Apr 26 09:38:39 smithi111 ceph-85503b68-03b0-11ef-bc93-c7b262605968-mon-smithi111[68776]: audit
2024-04-26T09:38:38.817161+0000 mgr.smithi111.gxiwlv (mgr.14116) 23 : audit [DBG] from='client.14148 -' entity='client.admin' cmd=[{"prefix": "orch apply", "service_type": "alertmanager", "target": ["mon-mgr", ""]}]: dispatch
2024-04-26T09:38:39.948 INFO:journalctl@ceph.mon.smithi111.smithi111.stdout:Apr 26 09:38:39 smithi111 ceph-85503b68-03b0-11ef-bc93-c7b262605968-mon-smithi111[68776]: cephadm
2024-04-26T09:38:38.818029+0000 mgr.smithi111.gxiwlv (mgr.14116) 24 : cephadm [INF] Saving service alertmanager spec with placement count:1
2024-04-26T09:38:39.948 INFO:journalctl@ceph.mon.smithi111.smithi111.stdout:Apr 26 09:38:39 smithi111 ceph-85503b68-03b0-11ef-bc93-c7b262605968-mon-smithi111[68776]: audit
2024-04-26T09:38:38.820269+0000 mon.smithi111 (mon.0) 64 : audit [INF] from='mgr.14116 172.21.15.111:0/1559054235' entity='mgr.smithi111.gxiwlv'
2024-04-26T09:38:40.206 INFO:teuthology.orchestra.run.smithi111.stderr:/usr/bin/ceph:
2024-04-26T09:38:40.198+0000 7f2090122700 1 Processor -- start
2024-04-26T09:38:40.206 INFO:teuthology.orchestra.run.smithi111.stderr:/usr/bin/ceph:
2024-04-26T09:38:40.198+0000 7f2090122700 1 -- start start
2024-04-26T09:38:40.206 INFO:teuthology.orchestra.run.smithi111.stderr:/usr/bin/ceph:
2024-04-26T09:38:40.198+0000 7f2090122700 1 --2- >> [v2:172.21.15.111:3300/0,v1:172.21.15.111:6789/0] conn(0x7f20880fe600 0x7f20880fea20 unknown :-1 s=NONE pgs=0 cs=0 l=0 rev1=0 rx=0 tx=0).connect
2024-04-26T09:38:40.206 INFO:teuthology.orchestra.run.smithi111.stderr:/usr/bin/ceph:
2024-04-26T09:38:40.198+0000 7f2090122700 1 -- --> [v2:172.21.15.111:3300/0,v1:172.21.15.111:6789/0] -- mon_getmap magic: 0 v1 -- 0x7f20880fef10 con 0x7f20880fe600
2024-04-26T09:38:40.206 INFO:teuthology.orchestra.run.smithi111.stderr:/usr/bin/ceph:
2024-04-26T09:38:40.199+0000 7f208debe700 1 --2- >> [v2:172.21.15.111:3300/0,v1:172.21.15.111:6789/0] conn(0x7f20880fe600 0x7f20880fea20 unknown :-1 s=BANNER_CONNECTING pgs=0 cs=0 l=0 rev1=0 rx=0 tx=0)._handle_peer_banner_payload supported=1 required=0
2024-04-26T09:38:40.206 INFO:teuthology.orchestra.run.smithi111.stderr:/usr/bin/ceph:
2024-04-26T09:38:40.199+0000 7f208debe700 1 --2- >> [v2:172.21.15.111:3300/0,v1:172.21.15.111:6789/0] conn(0x7f20880fe600 0x7f20880fea20 unknown :-1 s=HELLO_CONNECTING pgs=0 cs=0 l=0 rev1=1 rx=0 tx=0).handle_hello peer v2:172.21.15.111:3300/0 says I am v2:172.21.15.111:43752/0 (socket says 172.21.15.111:43752)
2024-04-26T09:38:40.206 INFO:teuthology.orchestra.run.smithi111.stderr:/usr/bin/ceph:
