2024-04-26T09:38:14.311+0000 7fd6b8d96700 1 --2- >> [v2:172.21.15.111:3300/0,v1:172.21.15.111:6789/0] conn(0x7fd6b40fc4f0 0x7fd6b410dfa0 unknown :-1 s=HELLO_CONNECTING pgs=0 cs=0 l=1 rev1=1 rx=0 tx=0).handle_hello peer v2:172.21.15.111:3300/0 says I am v2:172.21.15.111:38946/0 (socket says 172.21.15.111:38946)
2024-04-26T09:38:14.320 INFO:teuthology.orchestra.run.smithi111.stderr:/usr/bin/ceph:
2024-04-26T09:38:14.311+0000 7fd6b8d96700 1 -- 172.21.15.111:0/4163209828 learned_addr learned my addr 172.21.15.111:0/4163209828 (peer_addr_for_me v2:172.21.15.111:0/0)
2024-04-26T09:38:14.320 INFO:teuthology.orchestra.run.smithi111.stderr:/usr/bin/ceph:
2024-04-26T09:38:14.311+0000 7fd6b8d96700 1 -- 172.21.15.111:0/4163209828 --> [v2:172.21.15.111:3300/0,v1:172.21.15.111:6789/0] -- mon_subscribe({config=0+,monmap=0+}) v3 -- 0x7fd6a8009370 con 0x7fd6b40fc4f0
2024-04-26T09:38:14.320 INFO:teuthology.orchestra.run.smithi111.stderr:/usr/bin/ceph:
2024-04-26T09:38:14.311+0000 7fd6b8d96700 1 --2- 172.21.15.111:0/4163209828 >> [v2:172.21.15.111:3300/0,v1:172.21.15.111:6789/0] conn(0x7fd6b40fc4f0 0x7fd6b410dfa0 secure :-1 s=READY pgs=19 cs=0 l=1 rev1=1 rx=0x7fd6a80115c0 tx=0x7fd6a80090f0).ready entity=mon.0 client_cookie=0 server_cookie=0 in_seq=0 out_seq=0
2024-04-26T09:38:14.320 INFO:teuthology.orchestra.run.smithi111.stderr:/usr/bin/ceph:
2024-04-26T09:38:14.311+0000 7fd6b1ffb700 1 -- 172.21.15.111:0/4163209828 <== mon.0 v2:172.21.15.111:3300/0 1 ==== mon_map magic: 0 v1 ==== 229+0+0 (secure 0 0 0) 0x7fd6a801a610 con 0x7fd6b40fc4f0
2024-04-26T09:38:14.320 INFO:teuthology.orchestra.run.smithi111.stderr:/usr/bin/ceph:
2024-04-26T09:38:14.311+0000 7fd6b1ffb700 1 -- 172.21.15.111:0/4163209828 <== mon.0 v2:172.21.15.111:3300/0 2 ==== config(25 keys) v1 ==== 982+0+0 (secure 0 0 0) 0x7fd6a801abc0 con 0x7fd6b40fc4f0
2024-04-26T09:38:14.320 INFO:teuthology.orchestra.run.smithi111.stderr:/usr/bin/ceph:
2024-04-26T09:38:14.311+0000 7fd6b1ffb700 1 -- 172.21.15.111:0/4163209828 <== mon.0 v2:172.21.15.111:3300/0 3 ==== mon_map magic: 0 v1 ==== 229+0+0 (secure 0 0 0) 0x7fd6a8022a40 con 0x7fd6b40fc4f0
2024-04-26T09:38:14.320 INFO:teuthology.orchestra.run.smithi111.stderr:/usr/bin/ceph:
2024-04-26T09:38:14.311+0000 7fd6baffa700 1 -- 172.21.15.111:0/4163209828 --> [v2:172.21.15.111:3300/0,v1:172.21.15.111:6789/0] -- mon_subscribe({mgrmap=0+}) v3 -- 0x7fd6b410e690 con 0x7fd6b40fc4f0
2024-04-26T09:38:14.320 INFO:teuthology.orchestra.run.smithi111.stderr:/usr/bin/ceph:
2024-04-26T09:38:14.312+0000 7fd6baffa700 1 -- 172.21.15.111:0/4163209828 --> [v2:172.21.15.111:3300/0,v1:172.21.15.111:6789/0] -- mon_subscribe({osdmap=0}) v3 -- 0x7fd6b410eaa0 con 0x7fd6b40fc4f0
2024-04-26T09:38:14.320 INFO:teuthology.orchestra.run.smithi111.stderr:/usr/bin/ceph:
2024-04-26T09:38:14.313+0000 7fd6baffa700 1 -- 172.21.15.111:0/4163209828 --> [v2:172.21.15.111:3300/0,v1:172.21.15.111:6789/0] -- mon_command({"prefix": "get_command_descriptions"} v 0) v1 -- 0x7fd6b4046ce0 con 0x7fd6b40fc4f0
2024-04-26T09:38:14.320 INFO:teuthology.orchestra.run.smithi111.stderr:/usr/bin/ceph:
2024-04-26T09:38:14.313+0000 7fd6b1ffb700 1 -- 172.21.15.111:0/4163209828 <== mon.0 v2:172.21.15.111:3300/0 4 ==== mgrmap(e 4) v1 ==== 38621+0+0 (secure 0 0 0) 0x7fd6a8022cb0 con 0x7fd6b40fc4f0
2024-04-26T09:38:14.320 INFO:teuthology.orchestra.run.smithi111.stderr:/usr/bin/ceph:
2024-04-26T09:38:14.313+0000 7fd6b1ffb700 1 --2- 172.21.15.111:0/4163209828 >> [v2:172.21.15.111:6800/1873316809,v1:172.21.15.111:6801/1873316809] conn(0x7fd6a40325e0 0x7fd6a4034aa0 unknown :-1 s=NONE pgs=0 cs=0 l=1 rev1=0 rx=0 tx=0).connect
2024-04-26T09:38:14.321 INFO:teuthology.orchestra.run.smithi111.stderr:/usr/bin/ceph:
2024-04-26T09:38:14.313+0000 7fd6b1ffb700 1 -- 172.21.15.111:0/4163209828 <== mon.0 v2:172.21.15.111:3300/0 5 ==== osd_map(1..1 src has 1..1) v4 ==== 721+0+0 (secure 0 0 0) 0x7fd6a8044bb0 con 0x7fd6b40fc4f0
2024-04-26T09:38:14.321 INFO:teuthology.orchestra.run.smithi111.stderr:/usr/bin/ceph:
2024-04-26T09:38:14.313+0000 7fd6b3fff700 1 --2- 172.21.15.111:0/4163209828 >> [v2:172.21.15.111:6800/1873316809,v1:172.21.15.111:6801/1873316809] conn(0x7fd6a40325e0 0x7fd6a4034aa0 unknown :-1 s=BANNER_CONNECTING pgs=0 cs=0 l=1 rev1=0 rx=0 tx=0)._handle_peer_banner_payload supported=1 required=0
2024-04-26T09:38:14.321 INFO:teuthology.orchestra.run.smithi111.stderr:/usr/bin/ceph:
2024-04-26T09:38:14.314+0000 7fd6b3fff700 1 --2- 172.21.15.111:0/4163209828 >> [v2:172.21.15.111:6800/1873316809,v1:172.21.15.111:6801/1873316809] conn(0x7fd6a40325e0 0x7fd6a4034aa0 secure :-1 s=READY pgs=7 cs=0 l=1 rev1=1 rx=0x7fd6a0009780 tx=0x7fd6a0006cc0).ready entity=mgr.14100 client_cookie=0 server_cookie=0 in_seq=0 out_seq=0
2024-04-26T09:38:14.321 INFO:teuthology.orchestra.run.smithi111.stderr:/usr/bin/ceph:
2024-04-26T09:38:14.317+0000 7fd6b1ffb700 1 -- 172.21.15.111:0/4163209828 <== mon.0 v2:172.21.15.111:3300/0 6 ==== mon_command_ack([{"prefix": "get_command_descriptions"}]=0 v0) v1 ==== 72+0+163658 (secure 0 0 0) 0x7fd6a8010d70 con 0x7fd6b40fc4f0
2024-04-26T09:38:14.520 INFO:teuthology.orchestra.run.smithi111.stderr:/usr/bin/ceph:
2024-04-26T09:38:14.517+0000 7fd6baffa700 1 -- 172.21.15.111:0/4163209828 --> [v2:172.21.15.111:3300/0,v1:172.21.15.111:6789/0] -- mon_command({"prefix": "mgr module enable", "module": "cephadm"} v 0) v1 -- 0x7fd6b40fdc10 con 0x7fd6b40fc4f0
2024-04-26T09:38:14.572 INFO:teuthology.orchestra.run.smithi111.stderr:/usr/bin/ceph:
2024-04-26T09:38:14.570+0000 7fd6b1ffb700 1 -- 172.21.15.111:0/4163209828 <== mon.0 v2:172.21.15.111:3300/0 7 ==== mgrmap(e 5) v1 ==== 38632+0+0 (secure 0 0 0) 0x7fd6a80103a0 con 0x7fd6b40fc4f0
2024-04-26T09:38:14.573 INFO:teuthology.orchestra.run.smithi111.stderr:/usr/bin/ceph:
2024-04-26T09:38:14.571+0000 7fd6b1ffb700 1 -- 172.21.15.111:0/4163209828 <== mon.0 v2:172.21.15.111:3300/0 8 ==== mon_command_ack([{"prefix": "mgr module enable", "module": "cephadm"}]=0 v5) v1 ==== 86+0+0 (secure 0 0 0) 0x7fd6a802c9f0 con 0x7fd6b40fc4f0
2024-04-26T09:38:14.576 INFO:teuthology.orchestra.run.smithi111.stderr:/usr/bin/ceph:
2024-04-26T09:38:14.573+0000 7fd6baffa700 1 -- 172.21.15.111:0/4163209828 >> [v2:172.21.15.111:6800/1873316809,v1:172.21.15.111:6801/1873316809] conn(0x7fd6a40325e0 msgr2=0x7fd6a4034aa0 secure :-1 s=STATE_CONNECTION_ESTABLISHED l=1).mark_down
2024-04-26T09:38:14.576 INFO:teuthology.orchestra.run.smithi111.stderr:/usr/bin/ceph:
2024-04-26T09:38:14.573+0000 7fd6baffa700 1 --2- 172.21.15.111:0/4163209828 >> [v2:172.21.15.111:6800/1873316809,v1:172.21.15.111:6801/1873316809] conn(0x7fd6a40325e0 0x7fd6a4034aa0 secure :-1 s=READY pgs=7 cs=0 l=1 rev1=1 rx=0x7fd6a0009780 tx=0x7fd6a0006cc0).stop
2024-04-26T09:38:14.576 INFO:teuthology.orchestra.run.smithi111.stderr:/usr/bin/ceph:
2024-04-26T09:38:14.573+0000 7fd6baffa700 1 -- 172.21.15.111:0/4163209828 >> [v2:172.21.15.111:3300/0,v1:172.21.15.111:6789/0] conn(0x7fd6b40fc4f0 msgr2=0x7fd6b410dfa0 secure :-1 s=STATE_CONNECTION_ESTABLISHED l=1).mark_down
2024-04-26T09:38:14.576 INFO:teuthology.orchestra.run.smithi111.stderr:/usr/bin/ceph:
2024-04-26T09:38:14.573+0000 7fd6baffa700 1 --2- 172.21.15.111:0/4163209828 >> [v2:172.21.15.111:3300/0,v1:172.21.15.111:6789/0] conn(0x7fd6b40fc4f0 0x7fd6b410dfa0 secure :-1 s=READY pgs=19 cs=0 l=1 rev1=1 rx=0x7fd6a80115c0 tx=0x7fd6a80090f0).stop
2024-04-26T09:38:14.576 INFO:teuthology.orchestra.run.smithi111.stderr:/usr/bin/ceph:
2024-04-26T09:38:14.573+0000 7fd6baffa700 1 -- 172.21.15.111:0/4163209828 shutdown_connections
2024-04-26T09:38:14.576 INFO:teuthology.orchestra.run.smithi111.stderr:/usr/bin/ceph:
2024-04-26T09:38:14.573+0000 7fd6baffa700 1 --2- 172.21.15.111:0/4163209828 >> [v2:172.21.15.111:6800/1873316809,v1:172.21.15.111:6801/1873316809] conn(0x7fd6a40325e0 0x7fd6a4034aa0 unknown :-1 s=CLOSED pgs=7 cs=0 l=1 rev1=1 rx=0 tx=0).stop
2024-04-26T09:38:14.577 INFO:teuthology.orchestra.run.smithi111.stderr:/usr/bin/ceph:
2024-04-26T09:38:14.573+0000 7fd6baffa700 1 --2- 172.21.15.111:0/4163209828 >> [v2:172.21.15.111:3300/0,v1:172.21.15.111:6789/0] conn(0x7fd6b40fc4f0 0x7fd6b410dfa0 unknown :-1 s=CLOSED pgs=19 cs=0 l=1 rev1=1 rx=0 tx=0).stop
2024-04-26T09:38:14.577 INFO:teuthology.orchestra.run.smithi111.stderr:/usr/bin/ceph:
2024-04-26T09:38:14.573+0000 7fd6baffa700 1 -- 172.21.15.111:0/4163209828 >> 172.21.15.111:0/4163209828 conn(0x7fd6b40f6e60 msgr2=0x7fd6b4100d90 unknown :-1 s=STATE_NONE l=0).mark_down
2024-04-26T09:38:14.577 INFO:teuthology.orchestra.run.smithi111.stderr:/usr/bin/ceph:
2024-04-26T09:38:14.574+0000 7fd6baffa700 1 -- 172.21.15.111:0/4163209828 shutdown_connections
2024-04-26T09:38:14.577 INFO:teuthology.orchestra.run.smithi111.stderr:/usr/bin/ceph:
2024-04-26T09:38:14.574+0000 7fd6baffa700 1 -- 172.21.15.111:0/4163209828 wait complete.
2024-04-26T09:38:14.911 INFO:journalctl@ceph.mon.smithi111.smithi111.stdout:Apr 26 09:38:14 smithi111 ceph-85503b68-03b0-11ef-bc93-c7b262605968-mon-smithi111[68776]: audit
2024-04-26T09:38:14.518694+0000 mon.smithi111 (mon.0) 26 : audit [INF] from='client.? 172.21.15.111:0/4163209828' entity='client.admin' cmd=[{"prefix": "mgr module enable", "module": "cephadm"}]: dispatch
2024-04-26T09:38:15.735 INFO:teuthology.orchestra.run.smithi111.stderr:/usr/bin/ceph:
2024-04-26T09:38:15.730+0000 7f6cb9a87700 1 Processor -- start
2024-04-26T09:38:15.736 INFO:teuthology.orchestra.run.smithi111.stderr:/usr/bin/ceph:
2024-04-26T09:38:15.730+0000 7f6cb9a87700 1 -- start start
2024-04-26T09:38:15.736 INFO:teuthology.orchestra.run.smithi111.stderr:/usr/bin/ceph:
2024-04-26T09:38:15.731+0000 7f6cb9a87700 1 --2- >> [v2:172.21.15.111:3300/0,v1:172.21.15.111:6789/0] conn(0x7f6cb4071ba0 0x7f6cb40ffcf0 unknown :-1 s=NONE pgs=0 cs=0 l=0 rev1=0 rx=0 tx=0).connect
2024-04-26T09:38:15.736 INFO:teuthology.orchestra.run.smithi111.stderr:/usr/bin/ceph:
2024-04-26T09:38:15.731+0000 7f6cb9a87700 1 -- --> [v2:172.21.15.111:3300/0,v1:172.21.15.111:6789/0] -- mon_getmap magic: 0 v1 -- 0x7f6cb4071fc0 con 0x7f6cb4071ba0
2024-04-26T09:38:15.736 INFO:teuthology.orchestra.run.smithi111.stderr:/usr/bin/ceph:
2024-04-26T09:38:15.731+0000 7f6cb37fe700 1 --2- >> [v2:172.21.15.111:3300/0,v1:172.21.15.111:6789/0] conn(0x7f6cb4071ba0 0x7f6cb40ffcf0 unknown :-1 s=BANNER_CONNECTING pgs=0 cs=0 l=0 rev1=0 rx=0 tx=0)._handle_peer_banner_payload supported=1 required=0
2024-04-26T09:38:15.736 INFO:teuthology.orchestra.run.smithi111.stderr:/usr/bin/ceph:
2024-04-26T09:38:15.731+0000 7f6cb37fe700 1 --2- >> [v2:172.21.15.111:3300/0,v1:172.21.15.111:6789/0] conn(0x7f6cb4071ba0 0x7f6cb40ffcf0 unknown :-1 s=HELLO_CONNECTING pgs=0 cs=0 l=0 rev1=1 rx=0 tx=0).handle_hello peer v2:172.21.15.111:3300/0 says I am v2:172.21.15.111:38970/0 (socket says 172.21.15.111:38970)
2024-04-26T09:38:15.736 INFO:teuthology.orchestra.run.smithi111.stderr:/usr/bin/ceph:
2024-04-26T09:38:15.731+0000 7f6cb37fe700 1 -- 172.21.15.111:0/905182273 learned_addr learned my addr 172.21.15.111:0/905182273 (peer_addr_for_me v2:172.21.15.111:0/0)
2024-04-26T09:38:15.736 INFO:teuthology.orchestra.run.smithi111.stderr:/usr/bin/ceph:
2024-04-26T09:38:15.731+0000 7f6cb37fe700 1 -- 172.21.15.111:0/905182273 --> [v2:172.21.15.111:3300/0,v1:172.21.15.111:6789/0] -- mon_subscribe({config=0+,monmap=0+}) v3 -- 0x7f6cb41001e0 con 0x7f6cb4071ba0
2024-04-26T09:38:15.736 INFO:teuthology.orchestra.run.smithi111.stderr:/usr/bin/ceph:
2024-04-26T09:38:15.731+0000 7f6cb37fe700 1 --2- 172.21.15.111:0/905182273 >> [v2:172.21.15.111:3300/0,v1:172.21.15.111:6789/0] conn(0x7f6cb4071ba0 0x7f6cb40ffcf0 secure :-1 s=READY pgs=22 cs=0 l=1 rev1=1 rx=0x7f6ca4009730 tx=0x7f6ca40090f0).ready entity=mon.0 client_cookie=5cddc0d051c5d3a0 server_cookie=0 in_seq=0 out_seq=0
2024-04-26T09:38:15.736 INFO:teuthology.orchestra.run.smithi111.stderr:/usr/bin/ceph:
2024-04-26T09:38:15.731+0000 7f6cb27fc700 1 -- 172.21.15.111:0/905182273 <== mon.0 v2:172.21.15.111:3300/0 1 ==== mon_map magic: 0 v1 ==== 229+0+0 (secure 0 0 0) 0x7f6ca400b6e0 con 0x7f6cb4071ba0
2024-04-26T09:38:15.736 INFO:teuthology.orchestra.run.smithi111.stderr:/usr/bin/ceph:
2024-04-26T09:38:15.731+0000 7f6cb27fc700 1 -- 172.21.15.111:0/905182273 <== mon.0 v2:172.21.15.111:3300/0 2 ==== config(25 keys) v1 ==== 982+0+0 (secure 0 0 0) 0x7f6ca400bc90 con 0x7f6cb4071ba0
2024-04-26T09:38:15.736 INFO:teuthology.orchestra.run.smithi111.stderr:/usr/bin/ceph:
2024-04-26T09:38:15.731+0000 7f6cb27fc700 1 -- 172.21.15.111:0/905182273 <== mon.0 v2:172.21.15.111:3300/0 3 ==== mon_map magic: 0 v1 ==== 229+0+0 (secure 0 0 0) 0x7f6ca4011c70 con 0x7f6cb4071ba0
2024-04-26T09:38:15.737 INFO:teuthology.orchestra.run.smithi111.stderr:/usr/bin/ceph:
2024-04-26T09:38:15.732+0000 7f6cb9a87700 1 -- 172.21.15.111:0/905182273 >> [v2:172.21.15.111:3300/0,v1:172.21.15.111:6789/0] conn(0x7f6cb4071ba0 msgr2=0x7f6cb40ffcf0 secure :-1 s=STATE_CONNECTION_ESTABLISHED l=1).mark_down
2024-04-26T09:38:15.737 INFO:teuthology.orchestra.run.smithi111.stderr:/usr/bin/ceph:
2024-04-26T09:38:15.732+0000 7f6cb9a87700 1 --2- 172.21.15.111:0/905182273 >> [v2:172.21.15.111:3300/0,v1:172.21.15.111:6789/0] conn(0x7f6cb4071ba0 0x7f6cb40ffcf0 secure :-1 s=READY pgs=22 cs=0 l=1 rev1=1 rx=0x7f6ca4009730 tx=0x7f6ca40090f0).stop
2024-04-26T09:38:15.737 INFO:teuthology.orchestra.run.smithi111.stderr:/usr/bin/ceph:
2024-04-26T09:38:15.732+0000 7f6cb9a87700 1 -- 172.21.15.111:0/905182273 shutdown_connections
2024-04-26T09:38:15.737 INFO:teuthology.orchestra.run.smithi111.stderr:/usr/bin/ceph:
2024-04-26T09:38:15.732+0000 7f6cb9a87700 1 --2- 172.21.15.111:0/905182273 >> [v2:172.21.15.111:3300/0,v1:172.21.15.111:6789/0] conn(0x7f6cb4071ba0 0x7f6cb40ffcf0 unknown :-1 s=CLOSED pgs=22 cs=0 l=1 rev1=1 rx=0 tx=0).stop
2024-04-26T09:38:15.737 INFO:teuthology.orchestra.run.smithi111.stderr:/usr/bin/ceph:
2024-04-26T09:38:15.732+0000 7f6cb9a87700 1 -- 172.21.15.111:0/905182273 >> 172.21.15.111:0/905182273 conn(0x7f6cb40f76f0 msgr2=0x7f6cb40f9b10 unknown :-1 s=STATE_NONE l=0).mark_down
2024-04-26T09:38:15.737 INFO:teuthology.orchestra.run.smithi111.stderr:/usr/bin/ceph:
2024-04-26T09:38:15.732+0000 7f6cb9a87700 1 -- 172.21.15.111:0/905182273 shutdown_connections
2024-04-26T09:38:15.737 INFO:teuthology.orchestra.run.smithi111.stderr:/usr/bin/ceph:
2024-04-26T09:38:15.732+0000 7f6cb9a87700 1 -- 172.21.15.111:0/905182273 wait complete.
2024-04-26T09:38:15.737 INFO:teuthology.orchestra.run.smithi111.stderr:/usr/bin/ceph:
2024-04-26T09:38:15.733+0000 7f6cb9a87700 1 Processor -- start
2024-04-26T09:38:15.737 INFO:teuthology.orchestra.run.smithi111.stderr:/usr/bin/ceph:
2024-04-26T09:38:15.733+0000 7f6cb9a87700 1 -- start start
2024-04-26T09:38:15.737 INFO:teuthology.orchestra.run.smithi111.stderr:/usr/bin/ceph:
2024-04-26T09:38:15.733+0000 7f6cb9a87700 1 --2- >> [v2:172.21.15.111:3300/0,v1:172.21.15.111:6789/0] conn(0x7f6cb4071ba0 0x7f6cb410be00 unknown :-1 s=NONE pgs=0 cs=0 l=1 rev1=0 rx=0 tx=0).connect
2024-04-26T09:38:15.737 INFO:teuthology.orchestra.run.smithi111.stderr:/usr/bin/ceph:
2024-04-26T09:38:15.733+0000 7f6cb9a87700 1 -- --> [v2:172.21.15.111:3300/0,v1:172.21.15.111:6789/0] -- mon_getmap magic: 0 v1 -- 0x7f6cb410c2f0 con 0x7f6cb4071ba0
2024-04-26T09:38:15.738 INFO:teuthology.orchestra.run.smithi111.stderr:/usr/bin/ceph:
2024-04-26T09:38:15.733+0000 7f6cb37fe700 1 --2- >> [v2:172.21.15.111:3300/0,v1:172.21.15.111:6789/0] conn(0x7f6cb4071ba0 0x7f6cb410be00 unknown :-1 s=BANNER_CONNECTING pgs=0 cs=0 l=1 rev1=0 rx=0 tx=0)._handle_peer_banner_payload supported=1 required=0
2024-04-26T09:38:15.738 INFO:teuthology.orchestra.run.smithi111.stderr:/usr/bin/ceph:
2024-04-26T09:38:15.733+0000 7f6cb37fe700 1 --2- >> [v2:172.21.15.111:3300/0,v1:172.21.15.111:6789/0] conn(0x7f6cb4071ba0 0x7f6cb410be00 unknown :-1 s=HELLO_CONNECTING pgs=0 cs=0 l=1 rev1=1 rx=0 tx=0).handle_hello peer v2:172.21.15.111:3300/0 says I am v2:172.21.15.111:38976/0 (socket says 172.21.15.111:38976)
2024-04-26T09:38:15.738 INFO:teuthology.orchestra.run.smithi111.stderr:/usr/bin/ceph:
2024-04-26T09:38:15.733+0000 7f6cb37fe700 1 -- 172.21.15.111:0/3273166417 learned_addr learned my addr 172.21.15.111:0/3273166417 (peer_addr_for_me v2:172.21.15.111:0/0)
2024-04-26T09:38:15.738 INFO:teuthology.orchestra.run.smithi111.stderr:/usr/bin/ceph:
2024-04-26T09:38:15.733+0000 7f6cb37fe700 1 -- 172.21.15.111:0/3273166417 --> [v2:172.21.15.111:3300/0,v1:172.21.15.111:6789/0] -- mon_subscribe({config=0+,monmap=0+}) v3 -- 0x7f6ca4009370 con 0x7f6cb4071ba0
2024-04-26T09:38:15.738 INFO:teuthology.orchestra.run.smithi111.stderr:/usr/bin/ceph:
2024-04-26T09:38:15.734+0000 7f6cb37fe700 1 --2- 172.21.15.111:0/3273166417 >> [v2:172.21.15.111:3300/0,v1:172.21.15.111:6789/0] conn(0x7f6cb4071ba0 0x7f6cb410be00 secure :-1 s=READY pgs=23 cs=0 l=1 rev1=1 rx=0x7f6ca400c010 tx=0x7f6ca40090f0).ready entity=mon.0 client_cookie=0 server_cookie=0 in_seq=0 out_seq=0
2024-04-26T09:38:15.738 INFO:teuthology.orchestra.run.smithi111.stderr:/usr/bin/ceph:
2024-04-26T09:38:15.734+0000 7f6cb0f74700 1 -- 172.21.15.111:0/3273166417 <== mon.0 v2:172.21.15.111:3300/0 1 ==== mon_map magic: 0 v1 ==== 229+0+0 (secure 0 0 0) 0x7f6ca401a610 con 0x7f6cb4071ba0
2024-04-26T09:38:15.738 INFO:teuthology.orchestra.run.smithi111.stderr:/usr/bin/ceph:
2024-04-26T09:38:15.734+0000 7f6cb9a87700 1 -- 172.21.15.111:0/3273166417 --> [v2:172.21.15.111:3300/0,v1:172.21.15.111:6789/0] -- mon_subscribe({mgrmap=0+}) v3 -- 0x7f6cb410c4f0 con 0x7f6cb4071ba0
2024-04-26T09:38:15.738 INFO:teuthology.orchestra.run.smithi111.stderr:/usr/bin/ceph:
2024-04-26T09:38:15.734+0000 7f6cb9a87700 1 -- 172.21.15.111:0/3273166417 --> [v2:172.21.15.111:3300/0,v1:172.21.15.111:6789/0] -- mon_subscribe({osdmap=0}) v3 -- 0x7f6cb410c900 con 0x7f6cb4071ba0
2024-04-26T09:38:15.738 INFO:teuthology.orchestra.run.smithi111.stderr:/usr/bin/ceph:
2024-04-26T09:38:15.734+0000 7f6cb0f74700 1 -- 172.21.15.111:0/3273166417 <== mon.0 v2:172.21.15.111:3300/0 2 ==== config(25 keys) v1 ==== 982+0+0 (secure 0 0 0) 0x7f6ca401abc0 con 0x7f6cb4071ba0
2024-04-26T09:38:15.738 INFO:teuthology.orchestra.run.smithi111.stderr:/usr/bin/ceph:
2024-04-26T09:38:15.734+0000 7f6cb0f74700 1 -- 172.21.15.111:0/3273166417 <== mon.0 v2:172.21.15.111:3300/0 3 ==== mon_map magic: 0 v1 ==== 229+0+0 (secure 0 0 0) 0x7f6ca4022a20 con 0x7f6cb4071ba0
2024-04-26T09:38:15.738 INFO:teuthology.orchestra.run.smithi111.stderr:/usr/bin/ceph:
2024-04-26T09:38:15.734+0000 7f6cb0f74700 1 -- 172.21.15.111:0/3273166417 <== mon.0 v2:172.21.15.111:3300/0 4 ==== mgrmap(e 5) v1 ==== 38632+0+0 (secure 0 0 0) 0x7f6ca4022cf0 con 0x7f6cb4071ba0
2024-04-26T09:38:15.738 INFO:teuthology.orchestra.run.smithi111.stderr:/usr/bin/ceph:
2024-04-26T09:38:15.735+0000 7f6cb0f74700 1 --2- 172.21.15.111:0/3273166417 >> [v2:172.21.15.111:6800/1873316809,v1:172.21.15.111:6801/1873316809] conn(0x7f6c9c032660 0x7f6c9c034b20 unknown :-1 s=NONE pgs=0 cs=0 l=1 rev1=0 rx=0 tx=0).connect
2024-04-26T09:38:15.738 INFO:teuthology.orchestra.run.smithi111.stderr:/usr/bin/ceph:
2024-04-26T09:38:15.735+0000 7f6cb9a87700 1 -- 172.21.15.111:0/3273166417 --> [v2:172.21.15.111:3300/0,v1:172.21.15.111:6789/0] -- mon_command({"prefix": "get_command_descriptions"} v 0) v1 -- 0x7f6ca0005120 con 0x7f6cb4071ba0
2024-04-26T09:38:15.739 INFO:teuthology.orchestra.run.smithi111.stderr:/usr/bin/ceph:
2024-04-26T09:38:15.735+0000 7f6cb0f74700 1 -- 172.21.15.111:0/3273166417 <== mon.0 v2:172.21.15.111:3300/0 5 ==== osd_map(1..1 src has 1..1) v4 ==== 721+0+0 (secure 0 0 0) 0x7f6ca4045550 con 0x7f6cb4071ba0
2024-04-26T09:38:15.739 INFO:teuthology.orchestra.run.smithi111.stderr:/usr/bin/ceph:
2024-04-26T09:38:15.735+0000 7f6cb2ffd700 1 -- 172.21.15.111:0/3273166417 >> [v2:172.21.15.111:6800/1873316809,v1:172.21.15.111:6801/1873316809] conn(0x7f6c9c032660 msgr2=0x7f6c9c034b20 unknown :-1 s=STATE_CONNECTING_RE l=1).process reconnect failed to v2:172.21.15.111:6800/1873316809
2024-04-26T09:38:15.739 INFO:teuthology.orchestra.run.smithi111.stderr:/usr/bin/ceph:
2024-04-26T09:38:15.735+0000 7f6cb2ffd700 1 --2- 172.21.15.111:0/3273166417 >> [v2:172.21.15.111:6800/1873316809,v1:172.21.15.111:6801/1873316809] conn(0x7f6c9c032660 0x7f6c9c034b20 unknown :-1 s=START_CONNECT pgs=0 cs=0 l=1 rev1=0 rx=0 tx=0)._fault waiting 0.200000
2024-04-26T09:38:15.741 INFO:teuthology.orchestra.run.smithi111.stderr:/usr/bin/ceph:
2024-04-26T09:38:15.739+0000 7f6cb0f74700 1 -- 172.21.15.111:0/3273166417 <== mon.0 v2:172.21.15.111:3300/0 6 ==== mon_command_ack([{"prefix": "get_command_descriptions"}]=0 v0) v1 ==== 72+0+163658 (secure 0 0 0) 0x7f6ca4018970 con 0x7f6cb4071ba0
2024-04-26T09:38:15.934 INFO:journalctl@ceph.mon.smithi111.smithi111.stdout:Apr 26 09:38:15 smithi111 ceph-85503b68-03b0-11ef-bc93-c7b262605968-mon-smithi111[68776]: audit
2024-04-26T09:38:14.571767+0000 mon.smithi111 (mon.0) 27 : audit [INF] from='client.? 172.21.15.111:0/4163209828' entity='client.admin' cmd='[{"prefix": "mgr module enable", "module": "cephadm"}]': finished
2024-04-26T09:38:15.934 INFO:journalctl@ceph.mon.smithi111.smithi111.stdout:Apr 26 09:38:15 smithi111 ceph-85503b68-03b0-11ef-bc93-c7b262605968-mon-smithi111[68776]: cluster
2024-04-26T09:38:14.571815+0000 mon.smithi111 (mon.0) 28 : cluster [DBG] mgrmap e5: smithi111.gxiwlv(active, since 12s)
2024-04-26T09:38:15.938 INFO:teuthology.orchestra.run.smithi111.stderr:/usr/bin/ceph:
2024-04-26T09:38:15.936+0000 7f6cb2ffd700 1 -- 172.21.15.111:0/3273166417 >> [v2:172.21.15.111:6800/1873316809,v1:172.21.15.111:6801/1873316809] conn(0x7f6c9c032660 msgr2=0x7f6c9c034b20 unknown :-1 s=STATE_CONNECTING_RE l=1).process reconnect failed to v2:172.21.15.111:6800/1873316809
2024-04-26T09:38:15.938 INFO:teuthology.orchestra.run.smithi111.stderr:/usr/bin/ceph:
2024-04-26T09:38:15.936+0000 7f6cb2ffd700 1 --2- 172.21.15.111:0/3273166417 >> [v2:172.21.15.111:6800/1873316809,v1:172.21.15.111:6801/1873316809] conn(0x7f6c9c032660 0x7f6c9c034b20 unknown :-1 s=START_CONNECT pgs=0 cs=0 l=1 rev1=0 rx=0 tx=0)._fault waiting 0.400000
2024-04-26T09:38:15.985 INFO:teuthology.orchestra.run.smithi111.stderr:/usr/bin/ceph:
2024-04-26T09:38:15.982+0000 7f6cb9a87700 1 -- 172.21.15.111:0/3273166417 --> [v2:172.21.15.111:3300/0,v1:172.21.15.111:6789/0] -- mon_command({"prefix": "mgr stat"} v 0) v1 -- 0x7f6ca0006000 con 0x7f6cb4071ba0
2024-04-26T09:38:15.985 INFO:teuthology.orchestra.run.smithi111.stderr:/usr/bin/ceph:
2024-04-26T09:38:15.982+0000 7f6cb0f74700 1 -- 172.21.15.111:0/3273166417 <== mon.0 v2:172.21.15.111:3300/0 7 ==== mon_command_ack([{"prefix": "mgr stat"}]=0 v5) v1 ==== 56+0+103 (secure 0 0 0) 0x7f6ca4018320 con 0x7f6cb4071ba0
2024-04-26T09:38:15.985 INFO:teuthology.orchestra.run.smithi111.stderr:/usr/bin/ceph: {
2024-04-26T09:38:15.985 INFO:teuthology.orchestra.run.smithi111.stderr:/usr/bin/ceph: "epoch": 5,
2024-04-26T09:38:15.985 INFO:teuthology.orchestra.run.smithi111.stderr:/usr/bin/ceph: "available": true,
2024-04-26T09:38:15.985 INFO:teuthology.orchestra.run.smithi111.stderr:/usr/bin/ceph: "active_name": "smithi111.gxiwlv",
2024-04-26T09:38:15.985 INFO:teuthology.orchestra.run.smithi111.stderr:/usr/bin/ceph: "num_standby": 0
2024-04-26T09:38:15.986 INFO:teuthology.orchestra.run.smithi111.stderr:/usr/bin/ceph: }
2024-04-26T09:38:15.987 INFO:teuthology.orchestra.run.smithi111.stderr:/usr/bin/ceph:
2024-04-26T09:38:15.984+0000 7f6cb9a87700 1 -- 172.21.15.111:0/3273166417 >> [v2:172.21.15.111:6800/1873316809,v1:172.21.15.111:6801/1873316809] conn(0x7f6c9c032660 msgr2=0x7f6c9c034b20 unknown :-1 s=STATE_CONNECTING l=1).mark_down
2024-04-26T09:38:15.987 INFO:teuthology.orchestra.run.smithi111.stderr:/usr/bin/ceph:
2024-04-26T09:38:15.984+0000 7f6cb9a87700 1 --2- 172.21.15.111:0/3273166417 >> [v2:172.21.15.111:6800/1873316809,v1:172.21.15.111:6801/1873316809] conn(0x7f6c9c032660 0x7f6c9c034b20 unknown :-1 s=START_CONNECT pgs=0 cs=0 l=1 rev1=0 rx=0 tx=0).stop
2024-04-26T09:38:15.987 INFO:teuthology.orchestra.run.smithi111.stderr:/usr/bin/ceph:
2024-04-26T09:38:15.984+0000 7f6cb9a87700 1 -- 172.21.15.111:0/3273166417 >> [v2:172.21.15.111:3300/0,v1:172.21.15.111:6789/0] conn(0x7f6cb4071ba0 msgr2=0x7f6cb410be00 secure :-1 s=STATE_CONNECTION_ESTABLISHED l=1).mark_down
2024-04-26T09:38:15.987 INFO:teuthology.orchestra.run.smithi111.stderr:/usr/bin/ceph:
2024-04-26T09:38:15.984+0000 7f6cb9a87700 1 --2- 172.21.15.111:0/3273166417 >> [v2:172.21.15.111:3300/0,v1:172.21.15.111:6789/0] conn(0x7f6cb4071ba0 0x7f6cb410be00 secure :-1 s=READY pgs=23 cs=0 l=1 rev1=1 rx=0x7f6ca400c010 tx=0x7f6ca40090f0).stop
2024-04-26T09:38:15.987 INFO:teuthology.orchestra.run.smithi111.stderr:/usr/bin/ceph:
2024-04-26T09:38:15.984+0000 7f6cb9a87700 1 -- 172.21.15.111:0/3273166417 shutdown_connections
2024-04-26T09:38:15.987 INFO:teuthology.orchestra.run.smithi111.stderr:/usr/bin/ceph:
2024-04-26T09:38:15.984+0000 7f6cb9a87700 1 --2- 172.21.15.111:0/3273166417 >> [v2:172.21.15.111:6800/1873316809,v1:172.21.15.111:6801/1873316809] conn(0x7f6c9c032660 0x7f6c9c034b20 unknown :-1 s=CLOSED pgs=0 cs=0 l=1 rev1=0 rx=0 tx=0).stop
2024-04-26T09:38:15.987 INFO:teuthology.orchestra.run.smithi111.stderr:/usr/bin/ceph:
2024-04-26T09:38:15.984+0000 7f6cb9a87700 1 --2- 172.21.15.111:0/3273166417 >> [v2:172.21.15.111:3300/0,v1:172.21.15.111:6789/0] conn(0x7f6cb4071ba0 0x7f6cb410be00 unknown :-1 s=CLOSED pgs=23 cs=0 l=1 rev1=1 rx=0 tx=0).stop
2024-04-26T09:38:15.987 INFO:teuthology.orchestra.run.smithi111.stderr:/usr/bin/ceph:
2024-04-26T09:38:15.984+0000 7f6cb9a87700 1 -- 172.21.15.111:0/3273166417 >> 172.21.15.111:0/3273166417 conn(0x7f6cb40f76f0 msgr2=0x7f6cb40f9150 unknown :-1 s=STATE_NONE l=0).mark_down
2024-04-26T09:38:15.987 INFO:teuthology.orchestra.run.smithi111.stderr:/usr/bin/ceph:
2024-04-26T09:38:15.984+0000 7f6cb9a87700 1 -- 172.21.15.111:0/3273166417 shutdown_connections
2024-04-26T09:38:15.988 INFO:teuthology.orchestra.run.smithi111.stderr:/usr/bin/ceph:
2024-04-26T09:38:15.984+0000 7f6cb9a87700 1 -- 172.21.15.111:0/3273166417 wait complete.
2024-04-26T09:38:16.555 INFO:teuthology.orchestra.run.smithi111.stderr:Waiting for the mgr to restart...
2024-04-26T09:38:16.555 INFO:teuthology.orchestra.run.smithi111.stderr:Waiting for mgr epoch 5...
2024-04-26T09:38:17.033 INFO:journalctl@ceph.mon.smithi111.smithi111.stdout:Apr 26 09:38:16 smithi111 ceph-85503b68-03b0-11ef-bc93-c7b262605968-mon-smithi111[68776]: audit
2024-04-26T09:38:15.982899+0000 mon.smithi111 (mon.0) 29 : audit [DBG] from='client.? 172.21.15.111:0/3273166417' entity='client.admin' cmd=[{"prefix": "mgr stat"}]: dispatch
2024-04-26T09:38:17.066 INFO:teuthology.orchestra.run.smithi111.stderr:/usr/bin/ceph:
2024-04-26T09:38:17.062+0000 7f3d70367700 1 Processor -- start
2024-04-26T09:38:17.066 INFO:teuthology.orchestra.run.smithi111.stderr:/usr/bin/ceph:
2024-04-26T09:38:17.062+0000 7f3d70367700 1 -- start start
2024-04-26T09:38:17.066 INFO:teuthology.orchestra.run.smithi111.stderr:/usr/bin/ceph:
2024-04-26T09:38:17.062+0000 7f3d70367700 1 --2- >> [v2:172.21.15.111:3300/0,v1:172.21.15.111:6789/0] conn(0x7f3d68071c60 0x7f3d680ffc30 unknown :-1 s=NONE pgs=0 cs=0 l=0 rev1=0 rx=0 tx=0).connect
2024-04-26T09:38:17.066 INFO:teuthology.orchestra.run.smithi111.stderr:/usr/bin/ceph:
2024-04-26T09:38:17.062+0000 7f3d70367700 1 -- --> [v2:172.21.15.111:3300/0,v1:172.21.15.111:6789/0] -- mon_getmap magic: 0 v1 -- 0x7f3d68100120 con 0x7f3d68071c60
2024-04-26T09:38:17.066 INFO:teuthology.orchestra.run.smithi111.stderr:/usr/bin/ceph:
2024-04-26T09:38:17.063+0000 7f3d6e103700 1 --2- >> [v2:172.21.15.111:3300/0,v1:172.21.15.111:6789/0] conn(0x7f3d68071c60 0x7f3d680ffc30 unknown :-1 s=BANNER_CONNECTING pgs=0 cs=0 l=0 rev1=0 rx=0 tx=0)._handle_peer_banner_payload supported=1 required=0
2024-04-26T09:38:17.066 INFO:teuthology.orchestra.run.smithi111.stderr:/usr/bin/ceph:
2024-04-26T09:38:17.063+0000 7f3d6e103700 1 --2- >> [v2:172.21.15.111:3300/0,v1:172.21.15.111:6789/0] conn(0x7f3d68071c60 0x7f3d680ffc30 unknown :-1 s=HELLO_CONNECTING pgs=0 cs=0 l=0 rev1=1 rx=0 tx=0).handle_hello peer v2:172.21.15.111:3300/0 says I am v2:172.21.15.111:38986/0 (socket says 172.21.15.111:38986)
2024-04-26T09:38:17.066 INFO:teuthology.orchestra.run.smithi111.stderr:/usr/bin/ceph:
2024-04-26T09:38:17.063+0000 7f3d6e103700 1 -- 172.21.15.111:0/812006149 learned_addr learned my addr 172.21.15.111:0/812006149 (peer_addr_for_me v2:172.21.15.111:0/0)
2024-04-26T09:38:17.066 INFO:teuthology.orchestra.run.smithi111.stderr:/usr/bin/ceph:
2024-04-26T09:38:17.063+0000 7f3d6e103700 1 -- 172.21.15.111:0/812006149 --> [v2:172.21.15.111:3300/0,v1:172.21.15.111:6789/0] -- mon_subscribe({config=0+,monmap=0+}) v3 -- 0x7f3d68100260 con 0x7f3d68071c60
2024-04-26T09:38:17.066 INFO:teuthology.orchestra.run.smithi111.stderr:/usr/bin/ceph:
2024-04-26T09:38:17.063+0000 7f3d6e103700 1 --2- 172.21.15.111:0/812006149 >> [v2:172.21.15.111:3300/0,v1:172.21.15.111:6789/0] conn(0x7f3d68071c60 0x7f3d680ffc30 secure :-1 s=READY pgs=24 cs=0 l=1 rev1=1 rx=0x7f3d64009730 tx=0x7f3d640090f0).ready entity=mon.0 client_cookie=233cbf99c59b9650 server_cookie=0 in_seq=0 out_seq=0
2024-04-26T09:38:17.066 INFO:teuthology.orchestra.run.smithi111.stderr:/usr/bin/ceph:
2024-04-26T09:38:17.063+0000 7f3d6d101700 1 -- 172.21.15.111:0/812006149 <== mon.0 v2:172.21.15.111:3300/0 1 ==== mon_map magic: 0 v1 ==== 229+0+0 (secure 0 0 0) 0x7f3d6400b6e0 con 0x7f3d68071c60
2024-04-26T09:38:17.066 INFO:teuthology.orchestra.run.smithi111.stderr:/usr/bin/ceph:
2024-04-26T09:38:17.063+0000 7f3d6d101700 1 -- 172.21.15.111:0/812006149 <== mon.0 v2:172.21.15.111:3300/0 2 ==== config(25 keys) v1 ==== 982+0+0 (secure 0 0 0) 0x7f3d6400bc90 con 0x7f3d68071c60
2024-04-26T09:38:17.067 INFO:teuthology.orchestra.run.smithi111.stderr:/usr/bin/ceph:
2024-04-26T09:38:17.063+0000 7f3d6d101700 1 -- 172.21.15.111:0/812006149 <== mon.0 v2:172.21.15.111:3300/0 3 ==== mon_map magic: 0 v1 ==== 229+0+0 (secure 0 0 0) 0x7f3d64011c70 con 0x7f3d68071c60
2024-04-26T09:38:17.068 INFO:teuthology.orchestra.run.smithi111.stderr:/usr/bin/ceph:
2024-04-26T09:38:17.064+0000 7f3d70367700 1 -- 172.21.15.111:0/812006149 >> [v2:172.21.15.111:3300/0,v1:172.21.15.111:6789/0] conn(0x7f3d68071c60 msgr2=0x7f3d680ffc30 secure :-1 s=STATE_CONNECTION_ESTABLISHED l=1).mark_down
2024-04-26T09:38:17.068 INFO:teuthology.orchestra.run.smithi111.stderr:/usr/bin/ceph:
2024-04-26T09:38:17.064+0000 7f3d70367700 1 --2- 172.21.15.111:0/812006149 >> [v2:172.21.15.111:3300/0,v1:172.21.15.111:6789/0] conn(0x7f3d68071c60 0x7f3d680ffc30 secure :-1 s=READY pgs=24 cs=0 l=1 rev1=1 rx=0x7f3d64009730 tx=0x7f3d640090f0).stop
2024-04-26T09:38:17.068 INFO:teuthology.orchestra.run.smithi111.stderr:/usr/bin/ceph:
2024-04-26T09:38:17.064+0000 7f3d70367700 1 -- 172.21.15.111:0/812006149 shutdown_connections
2024-04-26T09:38:17.068 INFO:teuthology.orchestra.run.smithi111.stderr:/usr/bin/ceph:
2024-04-26T09:38:17.064+0000 7f3d70367700 1 --2- 172.21.15.111:0/812006149 >> [v2:172.21.15.111:3300/0,v1:172.21.15.111:6789/0] conn(0x7f3d68071c60 0x7f3d680ffc30 unknown :-1 s=CLOSED pgs=24 cs=0 l=1 rev1=1 rx=0 tx=0).stop
2024-04-26T09:38:17.068 INFO:teuthology.orchestra.run.smithi111.stderr:/usr/bin/ceph:
2024-04-26T09:38:17.064+0000 7f3d70367700 1 -- 172.21.15.111:0/812006149 >> 172.21.15.111:0/812006149 conn(0x7f3d680f76f0 msgr2=0x7f3d680f9b10 unknown :-1 s=STATE_NONE l=0).mark_down
2024-04-26T09:38:17.068 INFO:teuthology.orchestra.run.smithi111.stderr:/usr/bin/ceph:
2024-04-26T09:38:17.065+0000 7f3d70367700 1 -- 172.21.15.111:0/812006149 shutdown_connections
2024-04-26T09:38:17.068 INFO:teuthology.orchestra.run.smithi111.stderr:/usr/bin/ceph:
2024-04-26T09:38:17.065+0000 7f3d70367700 1 -- 172.21.15.111:0/812006149 wait complete.
2024-04-26T09:38:17.068 INFO:teuthology.orchestra.run.smithi111.stderr:/usr/bin/ceph:
2024-04-26T09:38:17.065+0000 7f3d70367700 1 Processor -- start
2024-04-26T09:38:17.070 INFO:teuthology.orchestra.run.smithi111.stderr:/usr/bin/ceph:
2024-04-26T09:38:17.065+0000 7f3d70367700 1 -- start start
2024-04-26T09:38:17.070 INFO:teuthology.orchestra.run.smithi111.stderr:/usr/bin/ceph:
2024-04-26T09:38:17.065+0000 7f3d70367700 1 --2- >> [v2:172.21.15.111:3300/0,v1:172.21.15.111:6789/0] conn(0x7f3d68071c60 0x7f3d680fd6b0 unknown :-1 s=NONE pgs=0 cs=0 l=1 rev1=0 rx=0 tx=0).connect
2024-04-26T09:38:17.070 INFO:teuthology.orchestra.run.smithi111.stderr:/usr/bin/ceph:
2024-04-26T09:38:17.065+0000 7f3d70367700 1 -- --> [v2:172.21.15.111:3300/0,v1:172.21.15.111:6789/0] -- mon_getmap magic: 0 v1 -- 0x7f3d680fbb30 con 0x7f3d68071c60
2024-04-26T09:38:17.070 INFO:teuthology.orchestra.run.smithi111.stderr:/usr/bin/ceph:
2024-04-26T09:38:17.065+0000 7f3d6e103700 1 --2- >> [v2:172.21.15.111:3300/0,v1:172.21.15.111:6789/0] conn(0x7f3d68071c60 0x7f3d680fd6b0 unknown :-1 s=BANNER_CONNECTING pgs=0 cs=0 l=1 rev1=0 rx=0 tx=0)._handle_peer_banner_payload supported=1 required=0
2024-04-26T09:38:17.071 INFO:teuthology.orchestra.run.smithi111.stderr:/usr/bin/ceph:
2024-04-26T09:38:17.065+0000 7f3d6e103700 1 --2- >> [v2:172.21.15.111:3300/0,v1:172.21.15.111:6789/0] conn(0x7f3d68071c60 0x7f3d680fd6b0 unknown :-1 s=HELLO_CONNECTING pgs=0 cs=0 l=1 rev1=1 rx=0 tx=0).handle_hello peer v2:172.21.15.111:3300/0 says I am v2:172.21.15.111:38996/0 (socket says 172.21.15.111:38996)
2024-04-26T09:38:17.071 INFO:teuthology.orchestra.run.smithi111.stderr:/usr/bin/ceph:
2024-04-26T09:38:17.065+0000 7f3d6e103700 1 -- 172.21.15.111:0/1085366864 learned_addr learned my addr 172.21.15.111:0/1085366864 (peer_addr_for_me v2:172.21.15.111:0/0)
2024-04-26T09:38:17.071 INFO:teuthology.orchestra.run.smithi111.stderr:/usr/bin/ceph:
2024-04-26T09:38:17.066+0000 7f3d6e103700 1 -- 172.21.15.111:0/1085366864 --> [v2:172.21.15.111:3300/0,v1:172.21.15.111:6789/0] -- mon_subscribe({config=0+,monmap=0+}) v3 -- 0x7f3d64009370 con 0x7f3d68071c60
2024-04-26T09:38:17.071 INFO:teuthology.orchestra.run.smithi111.stderr:/usr/bin/ceph:
2024-04-26T09:38:17.066+0000 7f3d6e103700 1 --2- 172.21.15.111:0/1085366864 >> [v2:172.21.15.111:3300/0,v1:172.21.15.111:6789/0] conn(0x7f3d68071c60 0x7f3d680fd6b0 secure :-1 s=READY pgs=25 cs=0 l=1 rev1=1 rx=0x7f3d64000c00 tx=0x7f3d640090f0).ready entity=mon.0 client_cookie=0 server_cookie=0 in_seq=0 out_seq=0
2024-04-26T09:38:17.071 INFO:teuthology.orchestra.run.smithi111.stderr:/usr/bin/ceph:
2024-04-26T09:38:17.066+0000 7f3d5f7fe700 1 -- 172.21.15.111:0/1085366864 <== mon.0 v2:172.21.15.111:3300/0 1 ==== mon_map magic: 0 v1 ==== 229+0+0 (secure 0 0 0) 0x7f3d6401a610 con 0x7f3d68071c60
2024-04-26T09:38:17.071 INFO:teuthology.orchestra.run.smithi111.stderr:/usr/bin/ceph:
2024-04-26T09:38:17.066+0000 7f3d5f7fe700 1 -- 172.21.15.111:0/1085366864 <== mon.0 v2:172.21.15.111:3300/0 2 ==== config(25 keys) v1 ==== 982+0+0 (secure 0 0 0) 0x7f3d6401abc0 con 0x7f3d68071c60
2024-04-26T09:38:17.071 INFO:teuthology.orchestra.run.smithi111.stderr:/usr/bin/ceph:
2024-04-26T09:38:17.066+0000 7f3d5f7fe700 1 -- 172.21.15.111:0/1085366864 <== mon.0 v2:172.21.15.111:3300/0 3 ==== mon_map magic: 0 v1 ==== 229+0+0 (secure 0 0 0) 0x7f3d64022a20 con 0x7f3d68071c60
2024-04-26T09:38:17.071 INFO:teuthology.orchestra.run.smithi111.stderr:/usr/bin/ceph:
2024-04-26T09:38:17.066+0000 7f3d70367700 1 -- 172.21.15.111:0/1085366864 --> [v2:172.21.15.111:3300/0,v1:172.21.15.111:6789/0] -- mon_subscribe({mgrmap=0+}) v3 -- 0x7f3d680fbcd0 con 0x7f3d68071c60
2024-04-26T09:38:17.071 INFO:teuthology.orchestra.run.smithi111.stderr:/usr/bin/ceph:
2024-04-26T09:38:17.066+0000 7f3d70367700 1 -- 172.21.15.111:0/1085366864 --> [v2:172.21.15.111:3300/0,v1:172.21.15.111:6789/0] -- mon_subscribe({osdmap=0}) v3 -- 0x7f3d680fc0e0 con 0x7f3d68071c60
2024-04-26T09:38:17.071 INFO:teuthology.orchestra.run.smithi111.stderr:/usr/bin/ceph:
2024-04-26T09:38:17.067+0000 7f3d5f7fe700 1 -- 172.21.15.111:0/1085366864 <== mon.0 v2:172.21.15.111:3300/0 4 ==== mgrmap(e 5) v1 ==== 38632+0+0 (secure 0 0 0) 0x7f3d6401a770 con 0x7f3d68071c60
2024-04-26T09:38:17.071 INFO:teuthology.orchestra.run.smithi111.stderr:/usr/bin/ceph:
2024-04-26T09:38:17.067+0000 7f3d5f7fe700 1 --2- 172.21.15.111:0/1085366864 >> [v2:172.21.15.111:6800/1873316809,v1:172.21.15.111:6801/1873316809] conn(0x7f3d54032660 0x7f3d54034b20 unknown :-1 s=NONE pgs=0 cs=0 l=1 rev1=0 rx=0 tx=0).connect
2024-04-26T09:38:17.072 INFO:teuthology.orchestra.run.smithi111.stderr:/usr/bin/ceph:
2024-04-26T09:38:17.067+0000 7f3d70367700 1 -- 172.21.15.111:0/1085366864 --> [v2:172.21.15.111:6800/1873316809,v1:172.21.15.111:6801/1873316809] -- command(tid 0: {"prefix": "get_command_descriptions"}) v1 -- 0x7f3d6805a310 con 0x7f3d54032660
2024-04-26T09:38:17.072 INFO:teuthology.orchestra.run.smithi111.stderr:/usr/bin/ceph:
2024-04-26T09:38:17.067+0000 7f3d5f7fe700 1 -- 172.21.15.111:0/1085366864 <== mon.0 v2:172.21.15.111:3300/0 5 ==== osd_map(1..1 src has 1..1) v4 ==== 721+0+0 (secure 0 0 0) 0x7f3d640447d0 con 0x7f3d68071c60
2024-04-26T09:38:17.072 INFO:teuthology.orchestra.run.smithi111.stderr:/usr/bin/ceph:
2024-04-26T09:38:17.067+0000 7f3d6d902700 1 -- 172.21.15.111:0/1085366864 >> [v2:172.21.15.111:6800/1873316809,v1:172.21.15.111:6801/1873316809] conn(0x7f3d54032660 msgr2=0x7f3d54034b20 unknown :-1 s=STATE_CONNECTING_RE l=1).process reconnect failed to v2:172.21.15.111:6800/1873316809
2024-04-26T09:38:17.072 INFO:teuthology.orchestra.run.smithi111.stderr:/usr/bin/ceph:
2024-04-26T09:38:17.067+0000 7f3d6d902700 1 --2- 172.21.15.111:0/1085366864 >> [v2:172.21.15.111:6800/1873316809,v1:172.21.15.111:6801/1873316809] conn(0x7f3d54032660 0x7f3d54034b20 unknown :-1 s=START_CONNECT pgs=0 cs=0 l=1 rev1=0 rx=0 tx=0)._fault waiting 0.200000
2024-04-26T09:38:17.270 INFO:teuthology.orchestra.run.smithi111.stderr:/usr/bin/ceph:
2024-04-26T09:38:17.268+0000 7f3d6d902700 1 -- 172.21.15.111:0/1085366864 >> [v2:172.21.15.111:6800/1873316809,v1:172.21.15.111:6801/1873316809] conn(0x7f3d54032660 msgr2=0x7f3d54034b20 unknown :-1 s=STATE_CONNECTING_RE l=1).process reconnect failed to v2:172.21.15.111:6800/1873316809
2024-04-26T09:38:17.270 INFO:teuthology.orchestra.run.smithi111.stderr:/usr/bin/ceph:
2024-04-26T09:38:17.268+0000 7f3d6d902700 1 --2- 172.21.15.111:0/1085366864 >> [v2:172.21.15.111:6800/1873316809,v1:172.21.15.111:6801/1873316809] conn(0x7f3d54032660 0x7f3d54034b20 unknown :-1 s=START_CONNECT pgs=0 cs=0 l=1 rev1=0 rx=0 tx=0)._fault waiting 0.400000
2024-04-26T09:38:17.671 INFO:teuthology.orchestra.run.smithi111.stderr:/usr/bin/ceph:
2024-04-26T09:38:17.669+0000 7f3d6d902700 1 -- 172.21.15.111:0/1085366864 >> [v2:172.21.15.111:6800/1873316809,v1:172.21.15.111:6801/1873316809] conn(0x7f3d54032660 msgr2=0x7f3d54034b20 unknown :-1 s=STATE_CONNECTING_RE l=1).process reconnect failed to v2:172.21.15.111:6800/1873316809
2024-04-26T09:38:17.671 INFO:teuthology.orchestra.run.smithi111.stderr:/usr/bin/ceph:
2024-04-26T09:38:17.669+0000 7f3d6d902700 1 --2- 172.21.15.111:0/1085366864 >> [v2:172.21.15.111:6800/1873316809,v1:172.21.15.111:6801/1873316809] conn(0x7f3d54032660 0x7f3d54034b20 unknown :-1 s=START_CONNECT pgs=0 cs=0 l=1 rev1=0 rx=0 tx=0)._fault waiting 0.800000
2024-04-26T09:38:18.473 INFO:teuthology.orchestra.run.smithi111.stderr:/usr/bin/ceph:
2024-04-26T09:38:18.470+0000 7f3d6d902700 1 -- 172.21.15.111:0/1085366864 >> [v2:172.21.15.111:6800/1873316809,v1:172.21.15.111:6801/1873316809] conn(0x7f3d54032660 msgr2=0x7f3d54034b20 unknown :-1 s=STATE_CONNECTING_RE l=1).process reconnect failed to v2:172.21.15.111:6800/1873316809
2024-04-26T09:38:18.473 INFO:teuthology.orchestra.run.smithi111.stderr:/usr/bin/ceph:
2024-04-26T09:38:18.470+0000 7f3d6d902700 1 --2- 172.21.15.111:0/1085366864 >> [v2:172.21.15.111:6800/1873316809,v1:172.21.15.111:6801/1873316809] conn(0x7f3d54032660 0x7f3d54034b20 unknown :-1 s=START_CONNECT pgs=0 cs=0 l=1 rev1=0 rx=0 tx=0)._fault waiting 1.600000
2024-04-26T09:38:19.850 INFO:teuthology.orchestra.run.smithi111.stderr:/usr/bin/ceph:
2024-04-26T09:38:19.848+0000 7f3d5f7fe700 1 -- 172.21.15.111:0/1085366864 <== mon.0 v2:172.21.15.111:3300/0 6 ==== mgrmap(e 6) v1 ==== 38456+0+0 (secure 0 0 0) 0x7f3d6402b350 con 0x7f3d68071c60
2024-04-26T09:38:19.851 INFO:teuthology.orchestra.run.smithi111.stderr:/usr/bin/ceph:
2024-04-26T09:38:19.848+0000 7f3d5f7fe700 1 -- 172.21.15.111:0/1085366864 >> [v2:172.21.15.111:6800/1873316809,v1:172.21.15.111:6801/1873316809] conn(0x7f3d54032660 msgr2=0x7f3d54034b20 unknown :-1 s=STATE_CONNECTING l=1).mark_down
2024-04-26T09:38:19.851 INFO:teuthology.orchestra.run.smithi111.stderr:/usr/bin/ceph:
2024-04-26T09:38:19.848+0000 7f3d5f7fe700 1 --2- 172.21.15.111:0/1085366864 >> [v2:172.21.15.111:6800/1873316809,v1:172.21.15.111:6801/1873316809] conn(0x7f3d54032660 0x7f3d54034b20 unknown :-1 s=START_CONNECT pgs=0 cs=0 l=1 rev1=0 rx=0 tx=0).stop
2024-04-26T09:38:20.283 INFO:journalctl@ceph.mon.smithi111.smithi111.stdout:Apr 26 09:38:19 smithi111 ceph-85503b68-03b0-11ef-bc93-c7b262605968-mon-smithi111[68776]: cluster
2024-04-26T09:38:19.844213+0000 mon.smithi111 (mon.0) 30 : cluster [INF] Active manager daemon smithi111.gxiwlv restarted
2024-04-26T09:38:20.283 INFO:journalctl@ceph.mon.smithi111.smithi111.stdout:Apr 26 09:38:19 smithi111 ceph-85503b68-03b0-11ef-bc93-c7b262605968-mon-smithi111[68776]: cluster
2024-04-26T09:38:19.844412+0000 mon.smithi111 (mon.0) 31 : cluster [INF] Activating manager daemon smithi111.gxiwlv
2024-04-26T09:38:20.283 INFO:journalctl@ceph.mon.smithi111.smithi111.stdout:Apr 26 09:38:19 smithi111 ceph-85503b68-03b0-11ef-bc93-c7b262605968-mon-smithi111[68776]: cluster
2024-04-26T09:38:19.849557+0000 mon.smithi111 (mon.0) 32 : cluster [DBG] osdmap e2: 0 total, 0 up, 0 in
2024-04-26T09:38:20.283 INFO:journalctl@ceph.mon.smithi111.smithi111.stdout:Apr 26 09:38:19 smithi111 ceph-85503b68-03b0-11ef-bc93-c7b262605968-mon-smithi111[68776]: cluster
2024-04-26T09:38:19.849662+0000 mon.smithi111 (mon.0) 33 : cluster [DBG] mgrmap e6: smithi111.gxiwlv(active, starting, since 0.00532483s)
2024-04-26T09:38:20.283 INFO:journalctl@ceph.mon.smithi111.smithi111.stdout:Apr 26 09:38:19 smithi111 ceph-85503b68-03b0-11ef-bc93-c7b262605968-mon-smithi111[68776]: audit
2024-04-26T09:38:19.850851+0000 mon.smithi111 (mon.0) 34 : audit [DBG] from='mgr.14116 172.21.15.111:0/1559054235' entity='mgr.smithi111.gxiwlv' cmd=[{"prefix": "mon metadata", "id": "smithi111"}]: dispatch
2024-04-26T09:38:20.283 INFO:journalctl@ceph.mon.smithi111.smithi111.stdout:Apr 26 09:38:19 smithi111 ceph-85503b68-03b0-11ef-bc93-c7b262605968-mon-smithi111[68776]: audit
2024-04-26T09:38:19.851385+0000 mon.smithi111 (mon.0) 35 : audit [DBG] from='mgr.14116 172.21.15.111:0/1559054235' entity='mgr.smithi111.gxiwlv' cmd=[{"prefix": "mgr metadata", "who": "smithi111.gxiwlv", "id": "smithi111.gxiwlv"}]: dispatch
2024-04-26T09:38:20.283 INFO:journalctl@ceph.mon.smithi111.smithi111.stdout:Apr 26 09:38:19 smithi111 ceph-85503b68-03b0-11ef-bc93-c7b262605968-mon-smithi111[68776]: audit
2024-04-26T09:38:19.852006+0000 mon.smithi111 (mon.0) 36 : audit [DBG] from='mgr.14116 172.21.15.111:0/1559054235' entity='mgr.smithi111.gxiwlv' cmd=[{"prefix": "mds metadata"}]: dispatch
2024-04-26T09:38:20.283 INFO:journalctl@ceph.mon.smithi111.smithi111.stdout:Apr 26 09:38:19 smithi111 ceph-85503b68-03b0-11ef-bc93-c7b262605968-mon-smithi111[68776]: audit
2024-04-26T09:38:19.852159+0000 mon.smithi111 (mon.0) 37 : audit [DBG] from='mgr.14116 172.21.15.111:0/1559054235' entity='mgr.smithi111.gxiwlv' cmd=[{"prefix": "osd metadata"}]: dispatch
2024-04-26T09:38:20.283 INFO:journalctl@ceph.mon.smithi111.smithi111.stdout:Apr 26 09:38:19 smithi111 ceph-85503b68-03b0-11ef-bc93-c7b262605968-mon-smithi111[68776]: audit
2024-04-26T09:38:19.852282+0000 mon.smithi111 (mon.0) 38 : audit [DBG] from='mgr.14116 172.21.15.111:0/1559054235' entity='mgr.smithi111.gxiwlv' cmd=[{"prefix": "mon metadata"}]: dispatch
2024-04-26T09:38:20.283 INFO:journalctl@ceph.mon.smithi111.smithi111.stdout:Apr 26 09:38:19 smithi111 ceph-85503b68-03b0-11ef-bc93-c7b262605968-mon-smithi111[68776]: cluster
2024-04-26T09:38:19.865886+0000 mon.smithi111 (mon.0) 39 : cluster [INF] Manager daemon smithi111.gxiwlv is now available
2024-04-26T09:38:20.283 INFO:journalctl@ceph.mon.smithi111.smithi111.stdout:Apr 26 09:38:19 smithi111 ceph-85503b68-03b0-11ef-bc93-c7b262605968-mon-smithi111[68776]: audit
2024-04-26T09:38:19.877916+0000 mon.smithi111 (mon.0) 40 : audit [INF] from='mgr.14116 172.21.15.111:0/1559054235' entity='mgr.smithi111.gxiwlv'
2024-04-26T09:38:20.850 INFO:teuthology.orchestra.run.smithi111.stderr:/usr/bin/ceph:
2024-04-26T09:38:20.847+0000 7f3d5f7fe700 1 -- 172.21.15.111:0/1085366864 <== mon.0 v2:172.21.15.111:3300/0 7 ==== mgrmap(e 7) v1 ==== 38526+0+0 (secure 0 0 0) 0x7f3d6400e260 con 0x7f3d68071c60
2024-04-26T09:38:20.850 INFO:teuthology.orchestra.run.smithi111.stderr:/usr/bin/ceph:
2024-04-26T09:38:20.847+0000 7f3d5f7fe700 1 --2- 172.21.15.111:0/1085366864 >> [v2:172.21.15.111:6800/376466405,v1:172.21.15.111:6801/376466405] conn(0x7f3d54035f10 0x7f3d54038300 unknown :-1 s=NONE pgs=0 cs=0 l=1 rev1=0 rx=0 tx=0).connect
2024-04-26T09:38:20.850 INFO:teuthology.orchestra.run.smithi111.stderr:/usr/bin/ceph:
2024-04-26T09:38:20.847+0000 7f3d5f7fe700 1 -- 172.21.15.111:0/1085366864 --> [v2:172.21.15.111:6800/376466405,v1:172.21.15.111:6801/376466405] -- command(tid 0: {"prefix": "get_command_descriptions"}) v1 -- 0x7f3d6805a310 con 0x7f3d54035f10
2024-04-26T09:38:20.850 INFO:teuthology.orchestra.run.smithi111.stderr:/usr/bin/ceph:
2024-04-26T09:38:20.847+0000 7f3d6d902700 1 --2- 172.21.15.111:0/1085366864 >> [v2:172.21.15.111:6800/376466405,v1:172.21.15.111:6801/376466405] conn(0x7f3d54035f10 0x7f3d54038300 unknown :-1 s=BANNER_CONNECTING pgs=0 cs=0 l=1 rev1=0 rx=0 tx=0)._handle_peer_banner_payload supported=1 required=0
2024-04-26T09:38:20.851 INFO:teuthology.orchestra.run.smithi111.stderr:/usr/bin/ceph:
2024-04-26T09:38:20.848+0000 7f3d6d902700 1 --2- 172.21.15.111:0/1085366864 >> [v2:172.21.15.111:6800/376466405,v1:172.21.15.111:6801/376466405] conn(0x7f3d54035f10 0x7f3d54038300 secure :-1 s=READY pgs=1 cs=0 l=1 rev1=1 rx=0x7f3d58003850 tx=0x7f3d58006ea0).ready entity=mgr.14116 client_cookie=0 server_cookie=0 in_seq=0 out_seq=0
2024-04-26T09:38:20.851 INFO:teuthology.orchestra.run.smithi111.stderr:/usr/bin/ceph:
2024-04-26T09:38:20.849+0000 7f3d5f7fe700 1 -- 172.21.15.111:0/1085366864 <== mgr.14116 v2:172.21.15.111:6800/376466405 1 ==== command_reply(tid 0: 0 ) v1 ==== 8+0+6438 (secure 0 0 0) 0x7f3d6805a310 con 0x7f3d54035f10
2024-04-26T09:38:20.860 INFO:teuthology.orchestra.run.smithi111.stderr:/usr/bin/ceph:
2024-04-26T09:38:20.855+0000 7f3d70367700 1 -- 172.21.15.111:0/1085366864 --> [v2:172.21.15.111:6800/376466405,v1:172.21.15.111:6801/376466405] -- command(tid 1: {"prefix": "mgr_status"}) v1 -- 0x7f3d68046ce0 con 0x7f3d54035f10
2024-04-26T09:38:20.861 INFO:teuthology.orchestra.run.smithi111.stderr:/usr/bin/ceph:
2024-04-26T09:38:20.855+0000 7f3d5f7fe700 1 -- 172.21.15.111:0/1085366864 <== mgr.14116 v2:172.21.15.111:6800/376466405 2 ==== command_reply(tid 1: 0 ) v1 ==== 8+0+51 (secure 0 0 0) 0x7f3d68046ce0 con 0x7f3d54035f10
2024-04-26T09:38:20.861 INFO:teuthology.orchestra.run.smithi111.stderr:/usr/bin/ceph: {
2024-04-26T09:38:20.861 INFO:teuthology.orchestra.run.smithi111.stderr:/usr/bin/ceph: "mgrmap_epoch": 7,
2024-04-26T09:38:20.861 INFO:teuthology.orchestra.run.smithi111.stderr:/usr/bin/ceph: "initialized": true
2024-04-26T09:38:20.861 INFO:teuthology.orchestra.run.smithi111.stderr:/usr/bin/ceph: }
2024-04-26T09:38:20.862 INFO:teuthology.orchestra.run.smithi111.stderr:/usr/bin/ceph:
2024-04-26T09:38:20.855+0000 7f3d70367700 1 -- 172.21.15.111:0/1085366864 >> [v2:172.21.15.111:6800/376466405,v1:172.21.15.111:6801/376466405] conn(0x7f3d54035f10 msgr2=0x7f3d54038300 secure :-1 s=STATE_CONNECTION_ESTABLISHED l=1).mark_down
2024-04-26T09:38:20.862 INFO:teuthology.orchestra.run.smithi111.stderr:/usr/bin/ceph:
2024-04-26T09:38:20.855+0000 7f3d70367700 1 --2- 172.21.15.111:0/1085366864 >> [v2:172.21.15.111:6800/376466405,v1:172.21.15.111:6801/376466405] conn(0x7f3d54035f10 0x7f3d54038300 secure :-1 s=READY pgs=1 cs=0 l=1 rev1=1 rx=0x7f3d58003850 tx=0x7f3d58006ea0).stop
2024-04-26T09:38:20.862 INFO:teuthology.orchestra.run.smithi111.stderr:/usr/bin/ceph:
2024-04-26T09:38:20.855+0000 7f3d70367700 1 -- 172.21.15.111:0/1085366864 >> [v2:172.21.15.111:3300/0,v1:172.21.15.111:6789/0] conn(0x7f3d68071c60 msgr2=0x7f3d680fd6b0 secure :-1 s=STATE_CONNECTION_ESTABLISHED l=1).mark_down
2024-04-26T09:38:20.862 INFO:teuthology.orchestra.run.smithi111.stderr:/usr/bin/ceph:
2024-04-26T09:38:20.855+0000 7f3d70367700 1 --2- 172.21.15.111:0/1085366864 >> [v2:172.21.15.111:3300/0,v1:172.21.15.111:6789/0] conn(0x7f3d68071c60 0x7f3d680fd6b0 secure :-1 s=READY pgs=25 cs=0 l=1 rev1=1 rx=0x7f3d64000c00 tx=0x7f3d640090f0).stop
2024-04-26T09:38:20.862 INFO:teuthology.orchestra.run.smithi111.stderr:/usr/bin/ceph:
2024-04-26T09:38:20.856+0000 7f3d70367700 1 -- 172.21.15.111:0/1085366864 shutdown_connections
2024-04-26T09:38:20.862 INFO:teuthology.orchestra.run.smithi111.stderr:/usr/bin/ceph:
2024-04-26T09:38:20.856+0000 7f3d70367700 1 --2- 172.21.15.111:0/1085366864 >> [v2:172.21.15.111:6800/376466405,v1:172.21.15.111:6801/376466405] conn(0x7f3d54035f10 0x7f3d54038300 unknown :-1 s=CLOSED pgs=1 cs=0 l=1 rev1=1 rx=0 tx=0).stop
2024-04-26T09:38:20.863 INFO:teuthology.orchestra.run.smithi111.stderr:/usr/bin/ceph:
2024-04-26T09:38:20.856+0000 7f3d70367700 1 --2- 172.21.15.111:0/1085366864 >> [v2:172.21.15.111:3300/0,v1:172.21.15.111:6789/0] conn(0x7f3d68071c60 0x7f3d680fd6b0 unknown :-1 s=CLOSED pgs=25 cs=0 l=1 rev1=1 rx=0 tx=0).stop
2024-04-26T09:38:20.863 INFO:teuthology.orchestra.run.smithi111.stderr:/usr/bin/ceph:
2024-04-26T09:38:20.856+0000 7f3d70367700 1 --2- 172.21.15.111:0/1085366864 >> [v2:172.21.15.111:6800/1873316809,v1:172.21.15.111:6801/1873316809] conn(0x7f3d54032660 0x7f3d54034b20 unknown :-1 s=CLOSED pgs=0 cs=0 l=1 rev1=0 rx=0 tx=0).stop
2024-04-26T09:38:20.863 INFO:teuthology.orchestra.run.smithi111.stderr:/usr/bin/ceph:
2024-04-26T09:38:20.856+0000 7f3d70367700 1 -- 172.21.15.111:0/1085366864 >> 172.21.15.111:0/1085366864 conn(0x7f3d680f76f0 msgr2=0x7f3d680f9130 unknown :-1 s=STATE_NONE l=0).mark_down
2024-04-26T09:38:20.863 INFO:teuthology.orchestra.run.smithi111.stderr:/usr/bin/ceph:
