2024-04-26T09:47:38.549 INFO:teuthology.orchestra.run.smithi055.stdout:/usr/bin/ceph: stderr
2024-04-26T09:47:37.155+0000 7faaca7fc700 1 -- 172.21.15.55:0/618049002 <== mgr.14118 v2:172.21.15.55:6800/4091230196 1 ==== mgr_command_reply(tid 0: 0 ) v1 ==== 8+0+31 (secure 0 0 0) 0x7faad4101b50 con 0x7faac00386e0
2024-04-26T09:47:38.549 INFO:teuthology.orchestra.run.smithi055.stdout:/usr/bin/ceph: stderr
2024-04-26T09:47:37.157+0000 7faadb6dc700 1 -- 172.21.15.55:0/618049002 >> [v2:172.21.15.55:6800/4091230196,v1:172.21.15.55:6801/4091230196] conn(0x7faac00386e0 msgr2=0x7faac003aba0 secure :-1 s=STATE_CONNECTION_ESTABLISHED l=1).mark_down
2024-04-26T09:47:38.549 INFO:teuthology.orchestra.run.smithi055.stdout:/usr/bin/ceph: stderr
2024-04-26T09:47:37.157+0000 7faadb6dc700 1 --2- 172.21.15.55:0/618049002 >> [v2:172.21.15.55:6800/4091230196,v1:172.21.15.55:6801/4091230196] conn(0x7faac00386e0 0x7faac003aba0 secure :-1 s=READY pgs=16 cs=0 l=1 rev1=1 crypto rx=0x7faac4006fd0 tx=0x7faac4006e40 comp rx=0 tx=0).stop
2024-04-26T09:47:38.549 INFO:teuthology.orchestra.run.smithi055.stdout:/usr/bin/ceph: stderr
2024-04-26T09:47:37.157+0000 7faadb6dc700 1 -- 172.21.15.55:0/618049002 >> [v2:172.21.15.55:3300/0,v1:172.21.15.55:6789/0] conn(0x7faad4106e60 msgr2=0x7faad419a0c0 secure :-1 s=STATE_CONNECTION_ESTABLISHED l=1).mark_down
2024-04-26T09:47:38.549 INFO:teuthology.orchestra.run.smithi055.stdout:/usr/bin/ceph: stderr
2024-04-26T09:47:37.157+0000 7faadb6dc700 1 --2- 172.21.15.55:0/618049002 >> [v2:172.21.15.55:3300/0,v1:172.21.15.55:6789/0] conn(0x7faad4106e60 0x7faad419a0c0 secure :-1 s=READY pgs=54 cs=0 l=1 rev1=1 crypto rx=0x7faad0006af0 tx=0x7faad0011b10 comp rx=0 tx=0).stop
2024-04-26T09:47:38.549 INFO:teuthology.orchestra.run.smithi055.stdout:/usr/bin/ceph: stderr
2024-04-26T09:47:37.157+0000 7faadb6dc700 1 -- 172.21.15.55:0/618049002 shutdown_connections
2024-04-26T09:47:38.549 INFO:teuthology.orchestra.run.smithi055.stdout:/usr/bin/ceph: stderr
2024-04-26T09:47:37.157+0000 7faadb6dc700 1 --2- 172.21.15.55:0/618049002 >> [v2:172.21.15.55:6800/4091230196,v1:172.21.15.55:6801/4091230196] conn(0x7faac00386e0 0x7faac003aba0 unknown :-1 s=CLOSED pgs=16 cs=0 l=1 rev1=1 crypto rx=0 tx=0 comp rx=0 tx=0).stop
2024-04-26T09:47:38.549 INFO:teuthology.orchestra.run.smithi055.stdout:/usr/bin/ceph: stderr
2024-04-26T09:47:37.157+0000 7faadb6dc700 1 --2- 172.21.15.55:0/618049002 >> [v2:172.21.15.55:3300/0,v1:172.21.15.55:6789/0] conn(0x7faad4106e60 0x7faad419a0c0 unknown :-1 s=CLOSED pgs=54 cs=0 l=1 rev1=1 crypto rx=0 tx=0 comp rx=0 tx=0).stop
2024-04-26T09:47:38.549 INFO:teuthology.orchestra.run.smithi055.stdout:/usr/bin/ceph: stderr
2024-04-26T09:47:37.157+0000 7faadb6dc700 1 -- 172.21.15.55:0/618049002 >> 172.21.15.55:0/618049002 conn(0x7faad4100890 msgr2=0x7faad4101440 unknown :-1 s=STATE_NONE l=0).mark_down
2024-04-26T09:47:38.549 INFO:teuthology.orchestra.run.smithi055.stdout:/usr/bin/ceph: stderr
2024-04-26T09:47:37.157+0000 7faadb6dc700 1 -- 172.21.15.55:0/618049002 shutdown_connections
2024-04-26T09:47:38.549 INFO:teuthology.orchestra.run.smithi055.stdout:/usr/bin/ceph: stderr
2024-04-26T09:47:37.157+0000 7faadb6dc700 1 -- 172.21.15.55:0/618049002 wait complete.
2024-04-26T09:47:38.549 INFO:teuthology.orchestra.run.smithi055.stdout:Deploying grafana service with default placement...
2024-04-26T09:47:39.894 INFO:teuthology.orchestra.run.smithi055.stdout:/usr/bin/ceph: stdout Scheduled grafana update...
2024-04-26T09:47:39.894 INFO:teuthology.orchestra.run.smithi055.stdout:/usr/bin/ceph: stderr
2024-04-26T09:47:39.045+0000 7f37e22b4700 1 Processor -- start
2024-04-26T09:47:39.894 INFO:teuthology.orchestra.run.smithi055.stdout:/usr/bin/ceph: stderr
2024-04-26T09:47:39.045+0000 7f37e22b4700 1 -- start start
2024-04-26T09:47:39.894 INFO:teuthology.orchestra.run.smithi055.stdout:/usr/bin/ceph: stderr
2024-04-26T09:47:39.045+0000 7f37e22b4700 1 --2- >> [v2:172.21.15.55:3300/0,v1:172.21.15.55:6789/0] conn(0x7f37dc106e20 0x7f37dc109210 unknown :-1 s=NONE pgs=0 cs=0 l=0 rev1=0 crypto rx=0 tx=0 comp rx=0 tx=0).connect
2024-04-26T09:47:39.894 INFO:teuthology.orchestra.run.smithi055.stdout:/usr/bin/ceph: stderr
2024-04-26T09:47:39.045+0000 7f37e22b4700 1 -- --> [v2:172.21.15.55:3300/0,v1:172.21.15.55:6789/0] -- mon_getmap magic: 0 v1 -- 0x7f37dc074520 con 0x7f37dc106e20
2024-04-26T09:47:39.894 INFO:teuthology.orchestra.run.smithi055.stdout:/usr/bin/ceph: stderr
2024-04-26T09:47:39.046+0000 7f37dbfff700 1 --2- >> [v2:172.21.15.55:3300/0,v1:172.21.15.55:6789/0] conn(0x7f37dc106e20 0x7f37dc109210 unknown :-1 s=BANNER_CONNECTING pgs=0 cs=0 l=0 rev1=0 crypto rx=0 tx=0 comp rx=0 tx=0)._handle_peer_banner_payload supported=3 required=0
2024-04-26T09:47:39.895 INFO:teuthology.orchestra.run.smithi055.stdout:/usr/bin/ceph: stderr
2024-04-26T09:47:39.046+0000 7f37dbfff700 1 --2- >> [v2:172.21.15.55:3300/0,v1:172.21.15.55:6789/0] conn(0x7f37dc106e20 0x7f37dc109210 unknown :-1 s=HELLO_CONNECTING pgs=0 cs=0 l=0 rev1=1 crypto rx=0 tx=0 comp rx=0 tx=0).handle_hello peer v2:172.21.15.55:3300/0 says I am v2:172.21.15.55:48662/0 (socket says 172.21.15.55:48662)
2024-04-26T09:47:39.895 INFO:teuthology.orchestra.run.smithi055.stdout:/usr/bin/ceph: stderr
2024-04-26T09:47:39.046+0000 7f37dbfff700 1 -- 172.21.15.55:0/690607206 learned_addr learned my addr 172.21.15.55:0/690607206 (peer_addr_for_me v2:172.21.15.55:0/0)
2024-04-26T09:47:39.895 INFO:teuthology.orchestra.run.smithi055.stdout:/usr/bin/ceph: stderr
2024-04-26T09:47:39.046+0000 7f37dbfff700 1 -- 172.21.15.55:0/690607206 --> [v2:172.21.15.55:3300/0,v1:172.21.15.55:6789/0] -- mon_subscribe({config=0+,monmap=0+}) v3 -- 0x7f37dc109750 con 0x7f37dc106e20
2024-04-26T09:47:39.895 INFO:teuthology.orchestra.run.smithi055.stdout:/usr/bin/ceph: stderr
2024-04-26T09:47:39.046+0000 7f37dbfff700 1 --2- 172.21.15.55:0/690607206 >> [v2:172.21.15.55:3300/0,v1:172.21.15.55:6789/0] conn(0x7f37dc106e20 0x7f37dc109210 secure :-1 s=READY pgs=55 cs=0 l=1 rev1=1 crypto rx=0x7f37cc0098a0 tx=0x7f37cc009bb0 comp rx=0 tx=0).ready entity=mon.0 client_cookie=ee274f86f512d872 server_cookie=0 in_seq=0 out_seq=0
2024-04-26T09:47:39.895 INFO:teuthology.orchestra.run.smithi055.stdout:/usr/bin/ceph: stderr
2024-04-26T09:47:39.046+0000 7f37daffd700 1 -- 172.21.15.55:0/690607206 <== mon.0 v2:172.21.15.55:3300/0 1 ==== mon_map magic: 0 v1 ==== 229+0+0 (secure 0 0 0) 0x7f37cc004180 con 0x7f37dc106e20
2024-04-26T09:47:39.895 INFO:teuthology.orchestra.run.smithi055.stdout:/usr/bin/ceph: stderr
2024-04-26T09:47:39.046+0000 7f37daffd700 1 -- 172.21.15.55:0/690607206 <== mon.0 v2:172.21.15.55:3300/0 2 ==== config(26 keys) v1 ==== 1074+0+0 (secure 0 0 0) 0x7f37cc0042e0 con 0x7f37dc106e20
2024-04-26T09:47:39.895 INFO:teuthology.orchestra.run.smithi055.stdout:/usr/bin/ceph: stderr
2024-04-26T09:47:39.046+0000 7f37daffd700 1 -- 172.21.15.55:0/690607206 <== mon.0 v2:172.21.15.55:3300/0 3 ==== mon_map magic: 0 v1 ==== 229+0+0 (secure 0 0 0) 0x7f37cc011a40 con 0x7f37dc106e20
2024-04-26T09:47:39.895 INFO:teuthology.orchestra.run.smithi055.stdout:/usr/bin/ceph: stderr
2024-04-26T09:47:39.047+0000 7f37e22b4700 1 -- 172.21.15.55:0/690607206 >> [v2:172.21.15.55:3300/0,v1:172.21.15.55:6789/0] conn(0x7f37dc106e20 msgr2=0x7f37dc109210 secure :-1 s=STATE_CONNECTION_ESTABLISHED l=1).mark_down
2024-04-26T09:47:39.895 INFO:teuthology.orchestra.run.smithi055.stdout:/usr/bin/ceph: stderr
2024-04-26T09:47:39.047+0000 7f37e22b4700 1 --2- 172.21.15.55:0/690607206 >> [v2:172.21.15.55:3300/0,v1:172.21.15.55:6789/0] conn(0x7f37dc106e20 0x7f37dc109210 secure :-1 s=READY pgs=55 cs=0 l=1 rev1=1 crypto rx=0x7f37cc0098a0 tx=0x7f37cc009bb0 comp rx=0 tx=0).stop
2024-04-26T09:47:39.895 INFO:teuthology.orchestra.run.smithi055.stdout:/usr/bin/ceph: stderr
2024-04-26T09:47:39.047+0000 7f37e22b4700 1 -- 172.21.15.55:0/690607206 shutdown_connections
2024-04-26T09:47:39.895 INFO:teuthology.orchestra.run.smithi055.stdout:/usr/bin/ceph: stderr
2024-04-26T09:47:39.047+0000 7f37e22b4700 1 --2- 172.21.15.55:0/690607206 >> [v2:172.21.15.55:3300/0,v1:172.21.15.55:6789/0] conn(0x7f37dc106e20 0x7f37dc109210 unknown :-1 s=CLOSED pgs=55 cs=0 l=1 rev1=1 crypto rx=0 tx=0 comp rx=0 tx=0).stop
2024-04-26T09:47:39.895 INFO:teuthology.orchestra.run.smithi055.stdout:/usr/bin/ceph: stderr
2024-04-26T09:47:39.047+0000 7f37e22b4700 1 -- 172.21.15.55:0/690607206 >> 172.21.15.55:0/690607206 conn(0x7f37dc100870 msgr2=0x7f37dc102c90 unknown :-1 s=STATE_NONE l=0).mark_down
2024-04-26T09:47:39.895 INFO:teuthology.orchestra.run.smithi055.stdout:/usr/bin/ceph: stderr
2024-04-26T09:47:39.047+0000 7f37e22b4700 1 -- 172.21.15.55:0/690607206 shutdown_connections
2024-04-26T09:47:39.896 INFO:teuthology.orchestra.run.smithi055.stdout:/usr/bin/ceph: stderr
2024-04-26T09:47:39.047+0000 7f37e22b4700 1 -- 172.21.15.55:0/690607206 wait complete.
2024-04-26T09:47:39.896 INFO:teuthology.orchestra.run.smithi055.stdout:/usr/bin/ceph: stderr
2024-04-26T09:47:39.047+0000 7f37e22b4700 1 Processor -- start
2024-04-26T09:47:39.896 INFO:teuthology.orchestra.run.smithi055.stdout:/usr/bin/ceph: stderr
2024-04-26T09:47:39.048+0000 7f37e22b4700 1 -- start start
2024-04-26T09:47:39.896 INFO:teuthology.orchestra.run.smithi055.stdout:/usr/bin/ceph: stderr
2024-04-26T09:47:39.048+0000 7f37e22b4700 1 --2- >> [v2:172.21.15.55:3300/0,v1:172.21.15.55:6789/0] conn(0x7f37dc106e20 0x7f37dc106650 unknown :-1 s=NONE pgs=0 cs=0 l=1 rev1=0 crypto rx=0 tx=0 comp rx=0 tx=0).connect
2024-04-26T09:47:39.896 INFO:teuthology.orchestra.run.smithi055.stdout:/usr/bin/ceph: stderr
2024-04-26T09:47:39.048+0000 7f37e22b4700 1 -- --> [v2:172.21.15.55:3300/0,v1:172.21.15.55:6789/0] -- mon_getmap magic: 0 v1 -- 0x7f37dc106b90 con 0x7f37dc106e20
2024-04-26T09:47:39.896 INFO:teuthology.orchestra.run.smithi055.stdout:/usr/bin/ceph: stderr
2024-04-26T09:47:39.048+0000 7f37dbfff700 1 --2- >> [v2:172.21.15.55:3300/0,v1:172.21.15.55:6789/0] conn(0x7f37dc106e20 0x7f37dc106650 unknown :-1 s=BANNER_CONNECTING pgs=0 cs=0 l=1 rev1=0 crypto rx=0 tx=0 comp rx=0 tx=0)._handle_peer_banner_payload supported=3 required=0
2024-04-26T09:47:39.896 INFO:teuthology.orchestra.run.smithi055.stdout:/usr/bin/ceph: stderr
2024-04-26T09:47:39.048+0000 7f37dbfff700 1 --2- >> [v2:172.21.15.55:3300/0,v1:172.21.15.55:6789/0] conn(0x7f37dc106e20 0x7f37dc106650 unknown :-1 s=HELLO_CONNECTING pgs=0 cs=0 l=1 rev1=1 crypto rx=0 tx=0 comp rx=0 tx=0).handle_hello peer v2:172.21.15.55:3300/0 says I am v2:172.21.15.55:48668/0 (socket says 172.21.15.55:48668)
2024-04-26T09:47:39.896 INFO:teuthology.orchestra.run.smithi055.stdout:/usr/bin/ceph: stderr
2024-04-26T09:47:39.048+0000 7f37dbfff700 1 -- 172.21.15.55:0/4055804288 learned_addr learned my addr 172.21.15.55:0/4055804288 (peer_addr_for_me v2:172.21.15.55:0/0)
2024-04-26T09:47:39.896 INFO:teuthology.orchestra.run.smithi055.stdout:/usr/bin/ceph: stderr
2024-04-26T09:47:39.048+0000 7f37dbfff700 1 -- 172.21.15.55:0/4055804288 --> [v2:172.21.15.55:3300/0,v1:172.21.15.55:6789/0] -- mon_subscribe({config=0+,monmap=0+}) v3 -- 0x7f37cc009550 con 0x7f37dc106e20
2024-04-26T09:47:39.896 INFO:teuthology.orchestra.run.smithi055.stdout:/usr/bin/ceph: stderr
2024-04-26T09:47:39.048+0000 7f37dbfff700 1 --2- 172.21.15.55:0/4055804288 >> [v2:172.21.15.55:3300/0,v1:172.21.15.55:6789/0] conn(0x7f37dc106e20 0x7f37dc106650 secure :-1 s=READY pgs=56 cs=0 l=1 rev1=1 crypto rx=0x7f37cc0116e0 tx=0x7f37cc011aa0 comp rx=0 tx=0).ready entity=mon.0 client_cookie=0 server_cookie=0 in_seq=0 out_seq=0
2024-04-26T09:47:39.896 INFO:teuthology.orchestra.run.smithi055.stdout:/usr/bin/ceph: stderr
2024-04-26T09:47:39.049+0000 7f37d97fa700 1 -- 172.21.15.55:0/4055804288 <== mon.0 v2:172.21.15.55:3300/0 1 ==== mon_map magic: 0 v1 ==== 229+0+0 (secure 0 0 0) 0x7f37cc003a40 con 0x7f37dc106e20
2024-04-26T09:47:39.896 INFO:teuthology.orchestra.run.smithi055.stdout:/usr/bin/ceph: stderr
2024-04-26T09:47:39.049+0000 7f37d97fa700 1 -- 172.21.15.55:0/4055804288 <== mon.0 v2:172.21.15.55:3300/0 2 ==== config(26 keys) v1 ==== 1074+0+0 (secure 0 0 0) 0x7f37cc003ba0 con 0x7f37dc106e20
2024-04-26T09:47:39.896 INFO:teuthology.orchestra.run.smithi055.stdout:/usr/bin/ceph: stderr
2024-04-26T09:47:39.049+0000 7f37e22b4700 1 -- 172.21.15.55:0/4055804288 --> [v2:172.21.15.55:3300/0,v1:172.21.15.55:6789/0] -- mon_subscribe({mgrmap=0+}) v3 -- 0x7f37dc104dd0 con 0x7f37dc106e20
2024-04-26T09:47:39.896 INFO:teuthology.orchestra.run.smithi055.stdout:/usr/bin/ceph: stderr
2024-04-26T09:47:39.049+0000 7f37d97fa700 1 -- 172.21.15.55:0/4055804288 <== mon.0 v2:172.21.15.55:3300/0 3 ==== mon_map magic: 0 v1 ==== 229+0+0 (secure 0 0 0) 0x7f37cc0196c0 con 0x7f37dc106e20
2024-04-26T09:47:39.897 INFO:teuthology.orchestra.run.smithi055.stdout:/usr/bin/ceph: stderr
2024-04-26T09:47:39.049+0000 7f37e22b4700 1 -- 172.21.15.55:0/4055804288 --> [v2:172.21.15.55:3300/0,v1:172.21.15.55:6789/0] -- mon_subscribe({osdmap=0}) v3 -- 0x7f37dc105270 con 0x7f37dc106e20
2024-04-26T09:47:39.897 INFO:teuthology.orchestra.run.smithi055.stdout:/usr/bin/ceph: stderr
2024-04-26T09:47:39.050+0000 7f37d97fa700 1 -- 172.21.15.55:0/4055804288 <== mon.0 v2:172.21.15.55:3300/0 4 ==== mgrmap(e 8) v1 ==== 45556+0+0 (secure 0 0 0) 0x7f37cc0198f0 con 0x7f37dc106e20
2024-04-26T09:47:39.897 INFO:teuthology.orchestra.run.smithi055.stdout:/usr/bin/ceph: stderr
2024-04-26T09:47:39.050+0000 7f37e22b4700 1 -- 172.21.15.55:0/4055804288 --> [v2:172.21.15.55:3300/0,v1:172.21.15.55:6789/0] -- mon_command({"prefix": "get_command_descriptions"} v 0) v1 -- 0x7f37dc04f0d0 con 0x7f37dc106e20
2024-04-26T09:47:39.897 INFO:teuthology.orchestra.run.smithi055.stdout:/usr/bin/ceph: stderr
2024-04-26T09:47:39.050+0000 7f37d97fa700 1 --2- 172.21.15.55:0/4055804288 >> [v2:172.21.15.55:6800/4091230196,v1:172.21.15.55:6801/4091230196] conn(0x7f37c4038770 0x7f37c403ac30 unknown :-1 s=NONE pgs=0 cs=0 l=1 rev1=0 crypto rx=0 tx=0 comp rx=0 tx=0).connect
2024-04-26T09:47:39.897 INFO:teuthology.orchestra.run.smithi055.stdout:/usr/bin/ceph: stderr
2024-04-26T09:47:39.050+0000 7f37d97fa700 1 -- 172.21.15.55:0/4055804288 <== mon.0 v2:172.21.15.55:3300/0 5 ==== osd_map(2..2 src has 1..2) v4 ==== 940+0+0 (secure 0 0 0) 0x7f37cc04ca40 con 0x7f37dc106e20
2024-04-26T09:47:39.897 INFO:teuthology.orchestra.run.smithi055.stdout:/usr/bin/ceph: stderr
2024-04-26T09:47:39.050+0000 7f37db7fe700 1 --2- 172.21.15.55:0/4055804288 >> [v2:172.21.15.55:6800/4091230196,v1:172.21.15.55:6801/4091230196] conn(0x7f37c4038770 0x7f37c403ac30 unknown :-1 s=BANNER_CONNECTING pgs=0 cs=0 l=1 rev1=0 crypto rx=0 tx=0 comp rx=0 tx=0)._handle_peer_banner_payload supported=3 required=0
2024-04-26T09:47:39.897 INFO:teuthology.orchestra.run.smithi055.stdout:/usr/bin/ceph: stderr
2024-04-26T09:47:39.050+0000 7f37db7fe700 1 --2- 172.21.15.55:0/4055804288 >> [v2:172.21.15.55:6800/4091230196,v1:172.21.15.55:6801/4091230196] conn(0x7f37c4038770 0x7f37c403ac30 secure :-1 s=READY pgs=17 cs=0 l=1 rev1=1 crypto rx=0x7f37d0006fd0 tx=0x7f37d0006e40 comp rx=0 tx=0).ready entity=mgr.14118 client_cookie=0 server_cookie=0 in_seq=0 out_seq=0
2024-04-26T09:47:39.897 INFO:teuthology.orchestra.run.smithi055.stdout:/usr/bin/ceph: stderr
2024-04-26T09:47:39.055+0000 7f37d97fa700 1 -- 172.21.15.55:0/4055804288 <== mon.0 v2:172.21.15.55:3300/0 6 ==== mon_command_ack([{"prefix": "get_command_descriptions"}]=0 v0) v1 ==== 72+0+183351 (secure 0 0 0) 0x7f37cc0189a0 con 0x7f37dc106e20
2024-04-26T09:47:39.897 INFO:teuthology.orchestra.run.smithi055.stdout:/usr/bin/ceph: stderr
2024-04-26T09:47:39.271+0000 7f37e22b4700 1 -- 172.21.15.55:0/4055804288 --> [v2:172.21.15.55:6800/4091230196,v1:172.21.15.55:6801/4091230196] -- mgr_command(tid 0: {"prefix": "orch apply", "service_type": "grafana", "target": ["mon-mgr", ""]}) v1 -- 0x7f37dc105920 con 0x7f37c4038770
2024-04-26T09:47:39.897 INFO:teuthology.orchestra.run.smithi055.stdout:/usr/bin/ceph: stderr
2024-04-26T09:47:39.275+0000 7f37d97fa700 1 -- 172.21.15.55:0/4055804288 <== mgr.14118 v2:172.21.15.55:6800/4091230196 1 ==== mgr_command_reply(tid 0: 0 ) v1 ==== 8+0+28 (secure 0 0 0) 0x7f37dc105920 con 0x7f37c4038770
2024-04-26T09:47:39.897 INFO:teuthology.orchestra.run.smithi055.stdout:/usr/bin/ceph: stderr
2024-04-26T09:47:39.277+0000 7f37e22b4700 1 -- 172.21.15.55:0/4055804288 >> [v2:172.21.15.55:6800/4091230196,v1:172.21.15.55:6801/4091230196] conn(0x7f37c4038770 msgr2=0x7f37c403ac30 secure :-1 s=STATE_CONNECTION_ESTABLISHED l=1).mark_down
2024-04-26T09:47:39.897 INFO:teuthology.orchestra.run.smithi055.stdout:/usr/bin/ceph: stderr
2024-04-26T09:47:39.277+0000 7f37e22b4700 1 --2- 172.21.15.55:0/4055804288 >> [v2:172.21.15.55:6800/4091230196,v1:172.21.15.55:6801/4091230196] conn(0x7f37c4038770 0x7f37c403ac30 secure :-1 s=READY pgs=17 cs=0 l=1 rev1=1 crypto rx=0x7f37d0006fd0 tx=0x7f37d0006e40 comp rx=0 tx=0).stop
2024-04-26T09:47:39.897 INFO:teuthology.orchestra.run.smithi055.stdout:/usr/bin/ceph: stderr
2024-04-26T09:47:39.277+0000 7f37e22b4700 1 -- 172.21.15.55:0/4055804288 >> [v2:172.21.15.55:3300/0,v1:172.21.15.55:6789/0] conn(0x7f37dc106e20 msgr2=0x7f37dc106650 secure :-1 s=STATE_CONNECTION_ESTABLISHED l=1).mark_down
2024-04-26T09:47:39.898 INFO:teuthology.orchestra.run.smithi055.stdout:/usr/bin/ceph: stderr
2024-04-26T09:47:39.277+0000 7f37e22b4700 1 --2- 172.21.15.55:0/4055804288 >> [v2:172.21.15.55:3300/0,v1:172.21.15.55:6789/0] conn(0x7f37dc106e20 0x7f37dc106650 secure :-1 s=READY pgs=56 cs=0 l=1 rev1=1 crypto rx=0x7f37cc0116e0 tx=0x7f37cc011aa0 comp rx=0 tx=0).stop
2024-04-26T09:47:39.898 INFO:teuthology.orchestra.run.smithi055.stdout:/usr/bin/ceph: stderr
2024-04-26T09:47:39.278+0000 7f37e22b4700 1 -- 172.21.15.55:0/4055804288 shutdown_connections
2024-04-26T09:47:39.898 INFO:teuthology.orchestra.run.smithi055.stdout:/usr/bin/ceph: stderr
2024-04-26T09:47:39.278+0000 7f37e22b4700 1 --2- 172.21.15.55:0/4055804288 >> [v2:172.21.15.55:6800/4091230196,v1:172.21.15.55:6801/4091230196] conn(0x7f37c4038770 0x7f37c403ac30 unknown :-1 s=CLOSED pgs=17 cs=0 l=1 rev1=1 crypto rx=0 tx=0 comp rx=0 tx=0).stop
2024-04-26T09:47:39.898 INFO:teuthology.orchestra.run.smithi055.stdout:/usr/bin/ceph: stderr
2024-04-26T09:47:39.278+0000 7f37e22b4700 1 --2- 172.21.15.55:0/4055804288 >> [v2:172.21.15.55:3300/0,v1:172.21.15.55:6789/0] conn(0x7f37dc106e20 0x7f37dc106650 unknown :-1 s=CLOSED pgs=56 cs=0 l=1 rev1=1 crypto rx=0 tx=0 comp rx=0 tx=0).stop
2024-04-26T09:47:39.898 INFO:teuthology.orchestra.run.smithi055.stdout:/usr/bin/ceph: stderr
2024-04-26T09:47:39.278+0000 7f37e22b4700 1 -- 172.21.15.55:0/4055804288 >> 172.21.15.55:0/4055804288 conn(0x7f37dc100870 msgr2=0x7f37dc101410 unknown :-1 s=STATE_NONE l=0).mark_down
2024-04-26T09:47:39.898 INFO:teuthology.orchestra.run.smithi055.stdout:/usr/bin/ceph: stderr
2024-04-26T09:47:39.278+0000 7f37e22b4700 1 -- 172.21.15.55:0/4055804288 shutdown_connections
2024-04-26T09:47:39.898 INFO:teuthology.orchestra.run.smithi055.stdout:/usr/bin/ceph: stderr
2024-04-26T09:47:39.278+0000 7f37e22b4700 1 -- 172.21.15.55:0/4055804288 wait complete.
2024-04-26T09:47:39.898 INFO:teuthology.orchestra.run.smithi055.stdout:Deploying node-exporter service with default placement...
2024-04-26T09:47:40.677 INFO:journalctl@ceph.mon.smithi055.smithi055.stdout:Apr 26 09:47:40 smithi055 ceph-mon[68790]: pgmap v3: 0 pgs: ; 0 B data, 0 B used, 0 B / 0 B avail
2024-04-26T09:47:40.677 INFO:journalctl@ceph.mon.smithi055.smithi055.stdout:Apr 26 09:47:40 smithi055 ceph-mon[68790]: from='client.14150 -' entity='client.admin' cmd=[{"prefix": "orch apply", "service_type": "grafana", "target": ["mon-mgr", ""]}]: dispatch
2024-04-26T09:47:40.677 INFO:journalctl@ceph.mon.smithi055.smithi055.stdout:Apr 26 09:47:40 smithi055 ceph-mon[68790]: Saving service grafana spec with placement count:1
2024-04-26T09:47:40.677 INFO:journalctl@ceph.mon.smithi055.smithi055.stdout:Apr 26 09:47:40 smithi055 ceph-mon[68790]: from='mgr.14118 172.21.15.55:0/250487964' entity='mgr.smithi055.esfihh'
2024-04-26T09:47:41.234 INFO:teuthology.orchestra.run.smithi055.stdout:/usr/bin/ceph: stdout Scheduled node-exporter update...
2024-04-26T09:47:41.235 INFO:teuthology.orchestra.run.smithi055.stdout:/usr/bin/ceph: stderr
2024-04-26T09:47:40.415+0000 7f35dc5bd700 1 Processor -- start
2024-04-26T09:47:41.235 INFO:teuthology.orchestra.run.smithi055.stdout:/usr/bin/ceph: stderr
2024-04-26T09:47:40.415+0000 7f35dc5bd700 1 -- start start
2024-04-26T09:47:41.235 INFO:teuthology.orchestra.run.smithi055.stdout:/usr/bin/ceph: stderr
2024-04-26T09:47:40.415+0000 7f35dc5bd700 1 --2- >> [v2:172.21.15.55:3300/0,v1:172.21.15.55:6789/0] conn(0x7f35d41063e0 0x7f35d4106800 unknown :-1 s=NONE pgs=0 cs=0 l=0 rev1=0 crypto rx=0 tx=0 comp rx=0 tx=0).connect
2024-04-26T09:47:41.235 INFO:teuthology.orchestra.run.smithi055.stdout:/usr/bin/ceph: stderr
2024-04-26T09:47:40.415+0000 7f35dc5bd700 1 -- --> [v2:172.21.15.55:3300/0,v1:172.21.15.55:6789/0] -- mon_getmap magic: 0 v1 -- 0x7f35d4106dd0 con 0x7f35d41063e0
2024-04-26T09:47:41.235 INFO:teuthology.orchestra.run.smithi055.stdout:/usr/bin/ceph: stderr
2024-04-26T09:47:40.416+0000 7f35da359700 1 --2- >> [v2:172.21.15.55:3300/0,v1:172.21.15.55:6789/0] conn(0x7f35d41063e0 0x7f35d4106800 unknown :-1 s=BANNER_CONNECTING pgs=0 cs=0 l=0 rev1=0 crypto rx=0 tx=0 comp rx=0 tx=0)._handle_peer_banner_payload supported=3 required=0
2024-04-26T09:47:41.235 INFO:teuthology.orchestra.run.smithi055.stdout:/usr/bin/ceph: stderr
2024-04-26T09:47:40.416+0000 7f35da359700 1 --2- >> [v2:172.21.15.55:3300/0,v1:172.21.15.55:6789/0] conn(0x7f35d41063e0 0x7f35d4106800 unknown :-1 s=HELLO_CONNECTING pgs=0 cs=0 l=0 rev1=1 crypto rx=0 tx=0 comp rx=0 tx=0).handle_hello peer v2:172.21.15.55:3300/0 says I am v2:172.21.15.55:48680/0 (socket says 172.21.15.55:48680)
2024-04-26T09:47:41.235 INFO:teuthology.orchestra.run.smithi055.stdout:/usr/bin/ceph: stderr
2024-04-26T09:47:40.416+0000 7f35da359700 1 -- 172.21.15.55:0/622467710 learned_addr learned my addr 172.21.15.55:0/622467710 (peer_addr_for_me v2:172.21.15.55:0/0)
2024-04-26T09:47:41.235 INFO:teuthology.orchestra.run.smithi055.stdout:/usr/bin/ceph: stderr
2024-04-26T09:47:40.416+0000 7f35da359700 1 -- 172.21.15.55:0/622467710 --> [v2:172.21.15.55:3300/0,v1:172.21.15.55:6789/0] -- mon_subscribe({config=0+,monmap=0+}) v3 -- 0x7f35d41075e0 con 0x7f35d41063e0
2024-04-26T09:47:41.235 INFO:teuthology.orchestra.run.smithi055.stdout:/usr/bin/ceph: stderr
2024-04-26T09:47:40.416+0000 7f35da359700 1 --2- 172.21.15.55:0/622467710 >> [v2:172.21.15.55:3300/0,v1:172.21.15.55:6789/0] conn(0x7f35d41063e0 0x7f35d4106800 secure :-1 s=READY pgs=57 cs=0 l=1 rev1=1 crypto rx=0x7f35c40098a0 tx=0x7f35c4009bb0 comp rx=0 tx=0).ready entity=mon.0 client_cookie=345f1c22cee4c423 server_cookie=0 in_seq=0 out_seq=0
2024-04-26T09:47:41.235 INFO:teuthology.orchestra.run.smithi055.stdout:/usr/bin/ceph: stderr
2024-04-26T09:47:40.416+0000 7f35d9357700 1 -- 172.21.15.55:0/622467710 <== mon.0 v2:172.21.15.55:3300/0 1 ==== mon_map magic: 0 v1 ==== 229+0+0 (secure 0 0 0) 0x7f35c4004180 con 0x7f35d41063e0
2024-04-26T09:47:41.236 INFO:teuthology.orchestra.run.smithi055.stdout:/usr/bin/ceph: stderr
2024-04-26T09:47:40.416+0000 7f35d9357700 1 -- 172.21.15.55:0/622467710 <== mon.0 v2:172.21.15.55:3300/0 2 ==== config(26 keys) v1 ==== 1074+0+0 (secure 0 0 0) 0x7f35c40042e0 con 0x7f35d41063e0
2024-04-26T09:47:41.236 INFO:teuthology.orchestra.run.smithi055.stdout:/usr/bin/ceph: stderr
2024-04-26T09:47:40.416+0000 7f35d9357700 1 -- 172.21.15.55:0/622467710 <== mon.0 v2:172.21.15.55:3300/0 3 ==== mon_map magic: 0 v1 ==== 229+0+0 (secure 0 0 0) 0x7f35c4011a40 con 0x7f35d41063e0
2024-04-26T09:47:41.236 INFO:teuthology.orchestra.run.smithi055.stdout:/usr/bin/ceph: stderr
2024-04-26T09:47:40.417+0000 7f35dc5bd700 1 -- 172.21.15.55:0/622467710 >> [v2:172.21.15.55:3300/0,v1:172.21.15.55:6789/0] conn(0x7f35d41063e0 msgr2=0x7f35d4106800 secure :-1 s=STATE_CONNECTION_ESTABLISHED l=1).mark_down
2024-04-26T09:47:41.236 INFO:teuthology.orchestra.run.smithi055.stdout:/usr/bin/ceph: stderr
2024-04-26T09:47:40.417+0000 7f35dc5bd700 1 --2- 172.21.15.55:0/622467710 >> [v2:172.21.15.55:3300/0,v1:172.21.15.55:6789/0] conn(0x7f35d41063e0 0x7f35d4106800 secure :-1 s=READY pgs=57 cs=0 l=1 rev1=1 crypto rx=0x7f35c40098a0 tx=0x7f35c4009bb0 comp rx=0 tx=0).stop
2024-04-26T09:47:41.236 INFO:teuthology.orchestra.run.smithi055.stdout:/usr/bin/ceph: stderr
2024-04-26T09:47:40.417+0000 7f35dc5bd700 1 -- 172.21.15.55:0/622467710 shutdown_connections
2024-04-26T09:47:41.236 INFO:teuthology.orchestra.run.smithi055.stdout:/usr/bin/ceph: stderr
2024-04-26T09:47:40.417+0000 7f35dc5bd700 1 --2- 172.21.15.55:0/622467710 >> [v2:172.21.15.55:3300/0,v1:172.21.15.55:6789/0] conn(0x7f35d41063e0 0x7f35d4106800 unknown :-1 s=CLOSED pgs=57 cs=0 l=1 rev1=1 crypto rx=0 tx=0 comp rx=0 tx=0).stop
2024-04-26T09:47:41.236 INFO:teuthology.orchestra.run.smithi055.stdout:/usr/bin/ceph: stderr
2024-04-26T09:47:40.417+0000 7f35dc5bd700 1 -- 172.21.15.55:0/622467710 >> 172.21.15.55:0/622467710 conn(0x7f35d41019c0 msgr2=0x7f35d4103de0 unknown :-1 s=STATE_NONE l=0).mark_down
2024-04-26T09:47:41.236 INFO:teuthology.orchestra.run.smithi055.stdout:/usr/bin/ceph: stderr
2024-04-26T09:47:40.417+0000 7f35dc5bd700 1 -- 172.21.15.55:0/622467710 shutdown_connections
2024-04-26T09:47:41.236 INFO:teuthology.orchestra.run.smithi055.stdout:/usr/bin/ceph: stderr
2024-04-26T09:47:40.417+0000 7f35dc5bd700 1 -- 172.21.15.55:0/622467710 wait complete.
2024-04-26T09:47:41.236 INFO:teuthology.orchestra.run.smithi055.stdout:/usr/bin/ceph: stderr
2024-04-26T09:47:40.417+0000 7f35dc5bd700 1 Processor -- start
2024-04-26T09:47:41.236 INFO:teuthology.orchestra.run.smithi055.stdout:/usr/bin/ceph: stderr
2024-04-26T09:47:40.418+0000 7f35dc5bd700 1 -- start start
2024-04-26T09:47:41.236 INFO:teuthology.orchestra.run.smithi055.stdout:/usr/bin/ceph: stderr
2024-04-26T09:47:40.418+0000 7f35dc5bd700 1 --2- >> [v2:172.21.15.55:3300/0,v1:172.21.15.55:6789/0] conn(0x7f35d41063e0 0x7f35d419a0a0 unknown :-1 s=NONE pgs=0 cs=0 l=1 rev1=0 crypto rx=0 tx=0 comp rx=0 tx=0).connect
2024-04-26T09:47:41.236 INFO:teuthology.orchestra.run.smithi055.stdout:/usr/bin/ceph: stderr
2024-04-26T09:47:40.418+0000 7f35dc5bd700 1 -- --> [v2:172.21.15.55:3300/0,v1:172.21.15.55:6789/0] -- mon_getmap magic: 0 v1 -- 0x7f35d419a5e0 con 0x7f35d41063e0
2024-04-26T09:47:41.236 INFO:teuthology.orchestra.run.smithi055.stdout:/usr/bin/ceph: stderr
2024-04-26T09:47:40.418+0000 7f35da359700 1 --2- >> [v2:172.21.15.55:3300/0,v1:172.21.15.55:6789/0] conn(0x7f35d41063e0 0x7f35d419a0a0 unknown :-1 s=BANNER_CONNECTING pgs=0 cs=0 l=1 rev1=0 crypto rx=0 tx=0 comp rx=0 tx=0)._handle_peer_banner_payload supported=3 required=0
2024-04-26T09:47:41.237 INFO:teuthology.orchestra.run.smithi055.stdout:/usr/bin/ceph: stderr
2024-04-26T09:47:40.418+0000 7f35da359700 1 --2- >> [v2:172.21.15.55:3300/0,v1:172.21.15.55:6789/0] conn(0x7f35d41063e0 0x7f35d419a0a0 unknown :-1 s=HELLO_CONNECTING pgs=0 cs=0 l=1 rev1=1 crypto rx=0 tx=0 comp rx=0 tx=0).handle_hello peer v2:172.21.15.55:3300/0 says I am v2:172.21.15.55:48684/0 (socket says 172.21.15.55:48684)
2024-04-26T09:47:41.237 INFO:teuthology.orchestra.run.smithi055.stdout:/usr/bin/ceph: stderr
2024-04-26T09:47:40.418+0000 7f35da359700 1 -- 172.21.15.55:0/2226774283 learned_addr learned my addr 172.21.15.55:0/2226774283 (peer_addr_for_me v2:172.21.15.55:0/0)
2024-04-26T09:47:41.237 INFO:teuthology.orchestra.run.smithi055.stdout:/usr/bin/ceph: stderr
2024-04-26T09:47:40.418+0000 7f35da359700 1 -- 172.21.15.55:0/2226774283 --> [v2:172.21.15.55:3300/0,v1:172.21.15.55:6789/0] -- mon_subscribe({config=0+,monmap=0+}) v3 -- 0x7f35c4009550 con 0x7f35d41063e0
2024-04-26T09:47:41.237 INFO:teuthology.orchestra.run.smithi055.stdout:/usr/bin/ceph: stderr
2024-04-26T09:47:40.418+0000 7f35da359700 1 --2- 172.21.15.55:0/2226774283 >> [v2:172.21.15.55:3300/0,v1:172.21.15.55:6789/0] conn(0x7f35d41063e0 0x7f35d419a0a0 secure :-1 s=READY pgs=58 cs=0 l=1 rev1=1 crypto rx=0x7f35c4006af0 tx=0x7f35c4011b10 comp rx=0 tx=0).ready entity=mon.0 client_cookie=0 server_cookie=0 in_seq=0 out_seq=0
2024-04-26T09:47:41.237 INFO:teuthology.orchestra.run.smithi055.stdout:/usr/bin/ceph: stderr
2024-04-26T09:47:40.418+0000 7f35cb7fe700 1 -- 172.21.15.55:0/2226774283 <== mon.0 v2:172.21.15.55:3300/0 1 ==== mon_map magic: 0 v1 ==== 229+0+0 (secure 0 0 0) 0x7f35c4003a80 con 0x7f35d41063e0
2024-04-26T09:47:41.237 INFO:teuthology.orchestra.run.smithi055.stdout:/usr/bin/ceph: stderr
2024-04-26T09:47:40.418+0000 7f35cb7fe700 1 -- 172.21.15.55:0/2226774283 <== mon.0 v2:172.21.15.55:3300/0 2 ==== config(26 keys) v1 ==== 1074+0+0 (secure 0 0 0) 0x7f35c4003be0 con 0x7f35d41063e0
2024-04-26T09:47:41.237 INFO:teuthology.orchestra.run.smithi055.stdout:/usr/bin/ceph: stderr
2024-04-26T09:47:40.418+0000 7f35dc5bd700 1 -- 172.21.15.55:0/2226774283 --> [v2:172.21.15.55:3300/0,v1:172.21.15.55:6789/0] -- mon_subscribe({mgrmap=0+}) v3 -- 0x7f35d419a7e0 con 0x7f35d41063e0
2024-04-26T09:47:41.237 INFO:teuthology.orchestra.run.smithi055.stdout:/usr/bin/ceph: stderr
2024-04-26T09:47:40.419+0000 7f35cb7fe700 1 -- 172.21.15.55:0/2226774283 <== mon.0 v2:172.21.15.55:3300/0 3 ==== mon_map magic: 0 v1 ==== 229+0+0 (secure 0 0 0) 0x7f35c40197f0 con 0x7f35d41063e0
2024-04-26T09:47:41.237 INFO:teuthology.orchestra.run.smithi055.stdout:/usr/bin/ceph: stderr
2024-04-26T09:47:40.419+0000 7f35dc5bd700 1 -- 172.21.15.55:0/2226774283 --> [v2:172.21.15.55:3300/0,v1:172.21.15.55:6789/0] -- mon_subscribe({osdmap=0}) v3 -- 0x7f35d419ac80 con 0x7f35d41063e0
2024-04-26T09:47:41.237 INFO:teuthology.orchestra.run.smithi055.stdout:/usr/bin/ceph: stderr
2024-04-26T09:47:40.419+0000 7f35cb7fe700 1 -- 172.21.15.55:0/2226774283 <== mon.0 v2:172.21.15.55:3300/0 4 ==== mgrmap(e 8) v1 ==== 45556+0+0 (secure 0 0 0) 0x7f35c40199e0 con 0x7f35d41063e0
2024-04-26T09:47:41.237 INFO:teuthology.orchestra.run.smithi055.stdout:/usr/bin/ceph: stderr
2024-04-26T09:47:40.419+0000 7f35dc5bd700 1 -- 172.21.15.55:0/2226774283 --> [v2:172.21.15.55:3300/0,v1:172.21.15.55:6789/0] -- mon_command({"prefix": "get_command_descriptions"} v 0) v1 -- 0x7f35d410a810 con 0x7f35d41063e0
2024-04-26T09:47:41.237 INFO:teuthology.orchestra.run.smithi055.stdout:/usr/bin/ceph: stderr
2024-04-26T09:47:40.420+0000 7f35cb7fe700 1 --2- 172.21.15.55:0/2226774283 >> [v2:172.21.15.55:6800/4091230196,v1:172.21.15.55:6801/4091230196] conn(0x7f35c0038730 0x7f35c003abf0 unknown :-1 s=NONE pgs=0 cs=0 l=1 rev1=0 crypto rx=0 tx=0 comp rx=0 tx=0).connect
2024-04-26T09:47:41.237 INFO:teuthology.orchestra.run.smithi055.stdout:/usr/bin/ceph: stderr
2024-04-26T09:47:40.420+0000 7f35cb7fe700 1 -- 172.21.15.55:0/2226774283 <== mon.0 v2:172.21.15.55:3300/0 5 ==== osd_map(2..2 src has 1..2) v4 ==== 940+0+0 (secure 0 0 0) 0x7f35c404cc10 con 0x7f35d41063e0
2024-04-26T09:47:41.238 INFO:teuthology.orchestra.run.smithi055.stdout:/usr/bin/ceph: stderr
2024-04-26T09:47:40.420+0000 7f35d9b58700 1 --2- 172.21.15.55:0/2226774283 >> [v2:172.21.15.55:6800/4091230196,v1:172.21.15.55:6801/4091230196] conn(0x7f35c0038730 0x7f35c003abf0 unknown :-1 s=BANNER_CONNECTING pgs=0 cs=0 l=1 rev1=0 crypto rx=0 tx=0 comp rx=0 tx=0)._handle_peer_banner_payload supported=3 required=0
2024-04-26T09:47:41.238 INFO:teuthology.orchestra.run.smithi055.stdout:/usr/bin/ceph: stderr
2024-04-26T09:47:40.420+0000 7f35d9b58700 1 --2- 172.21.15.55:0/2226774283 >> [v2:172.21.15.55:6800/4091230196,v1:172.21.15.55:6801/4091230196] conn(0x7f35c0038730 0x7f35c003abf0 secure :-1 s=READY pgs=18 cs=0 l=1 rev1=1 crypto rx=0x7f35d0006fd0 tx=0x7f35d0006e40 comp rx=0 tx=0).ready entity=mgr.14118 client_cookie=0 server_cookie=0 in_seq=0 out_seq=0
2024-04-26T09:47:41.238 INFO:teuthology.orchestra.run.smithi055.stdout:/usr/bin/ceph: stderr
2024-04-26T09:47:40.424+0000 7f35cb7fe700 1 -- 172.21.15.55:0/2226774283 <== mon.0 v2:172.21.15.55:3300/0 6 ==== mon_command_ack([{"prefix": "get_command_descriptions"}]=0 v0) v1 ==== 72+0+183351 (secure 0 0 0) 0x7f35c402b750 con 0x7f35d41063e0
2024-04-26T09:47:41.238 INFO:teuthology.orchestra.run.smithi055.stdout:/usr/bin/ceph: stderr
2024-04-26T09:47:40.639+0000 7f35dc5bd700 1 -- 172.21.15.55:0/2226774283 --> [v2:172.21.15.55:6800/4091230196,v1:172.21.15.55:6801/4091230196] -- mgr_command(tid 0: {"prefix": "orch apply", "service_type": "node-exporter", "target": ["mon-mgr", ""]}) v1 -- 0x7f35d4102c20 con 0x7f35c0038730
2024-04-26T09:47:41.238 INFO:teuthology.orchestra.run.smithi055.stdout:/usr/bin/ceph: stderr
2024-04-26T09:47:40.648+0000 7f35cb7fe700 1 -- 172.21.15.55:0/2226774283 <== mgr.14118 v2:172.21.15.55:6800/4091230196 1 ==== mgr_command_reply(tid 0: 0 ) v1 ==== 8+0+34 (secure 0 0 0) 0x7f35d4102c20 con 0x7f35c0038730
2024-04-26T09:47:41.238 INFO:teuthology.orchestra.run.smithi055.stdout:/usr/bin/ceph: stderr
2024-04-26T09:47:40.650+0000 7f35dc5bd700 1 -- 172.21.15.55:0/2226774283 >> [v2:172.21.15.55:6800/4091230196,v1:172.21.15.55:6801/4091230196] conn(0x7f35c0038730 msgr2=0x7f35c003abf0 secure :-1 s=STATE_CONNECTION_ESTABLISHED l=1).mark_down
2024-04-26T09:47:41.238 INFO:teuthology.orchestra.run.smithi055.stdout:/usr/bin/ceph: stderr
2024-04-26T09:47:40.650+0000 7f35dc5bd700 1 --2- 172.21.15.55:0/2226774283 >> [v2:172.21.15.55:6800/4091230196,v1:172.21.15.55:6801/4091230196] conn(0x7f35c0038730 0x7f35c003abf0 secure :-1 s=READY pgs=18 cs=0 l=1 rev1=1 crypto rx=0x7f35d0006fd0 tx=0x7f35d0006e40 comp rx=0 tx=0).stop
2024-04-26T09:47:41.238 INFO:teuthology.orchestra.run.smithi055.stdout:/usr/bin/ceph: stderr
2024-04-26T09:47:40.650+0000 7f35dc5bd700 1 -- 172.21.15.55:0/2226774283 >> [v2:172.21.15.55:3300/0,v1:172.21.15.55:6789/0] conn(0x7f35d41063e0 msgr2=0x7f35d419a0a0 secure :-1 s=STATE_CONNECTION_ESTABLISHED l=1).mark_down
2024-04-26T09:47:41.238 INFO:teuthology.orchestra.run.smithi055.stdout:/usr/bin/ceph: stderr
2024-04-26T09:47:40.650+0000 7f35dc5bd700 1 --2- 172.21.15.55:0/2226774283 >> [v2:172.21.15.55:3300/0,v1:172.21.15.55:6789/0] conn(0x7f35d41063e0 0x7f35d419a0a0 secure :-1 s=READY pgs=58 cs=0 l=1 rev1=1 crypto rx=0x7f35c4006af0 tx=0x7f35c4011b10 comp rx=0 tx=0).stop
2024-04-26T09:47:41.238 INFO:teuthology.orchestra.run.smithi055.stdout:/usr/bin/ceph: stderr
2024-04-26T09:47:40.650+0000 7f35dc5bd700 1 -- 172.21.15.55:0/2226774283 shutdown_connections
2024-04-26T09:47:41.238 INFO:teuthology.orchestra.run.smithi055.stdout:/usr/bin/ceph: stderr
2024-04-26T09:47:40.650+0000 7f35dc5bd700 1 --2- 172.21.15.55:0/2226774283 >> [v2:172.21.15.55:6800/4091230196,v1:172.21.15.55:6801/4091230196] conn(0x7f35c0038730 0x7f35c003abf0 unknown :-1 s=CLOSED pgs=18 cs=0 l=1 rev1=1 crypto rx=0 tx=0 comp rx=0 tx=0).stop
2024-04-26T09:47:41.238 INFO:teuthology.orchestra.run.smithi055.stdout:/usr/bin/ceph: stderr
2024-04-26T09:47:40.650+0000 7f35dc5bd700 1 --2- 172.21.15.55:0/2226774283 >> [v2:172.21.15.55:3300/0,v1:172.21.15.55:6789/0] conn(0x7f35d41063e0 0x7f35d419a0a0 unknown :-1 s=CLOSED pgs=58 cs=0 l=1 rev1=1 crypto rx=0 tx=0 comp rx=0 tx=0).stop
2024-04-26T09:47:41.239 INFO:teuthology.orchestra.run.smithi055.stdout:/usr/bin/ceph: stderr
2024-04-26T09:47:40.650+0000 7f35dc5bd700 1 -- 172.21.15.55:0/2226774283 >> 172.21.15.55:0/2226774283 conn(0x7f35d41019c0 msgr2=0x7f35d4102510 unknown :-1 s=STATE_NONE l=0).mark_down
2024-04-26T09:47:41.239 INFO:teuthology.orchestra.run.smithi055.stdout:/usr/bin/ceph: stderr
2024-04-26T09:47:40.651+0000 7f35dc5bd700 1 -- 172.21.15.55:0/2226774283 shutdown_connections
2024-04-26T09:47:41.239 INFO:teuthology.orchestra.run.smithi055.stdout:/usr/bin/ceph: stderr
2024-04-26T09:47:40.651+0000 7f35dc5bd700 1 -- 172.21.15.55:0/2226774283 wait complete.
2024-04-26T09:47:41.239 INFO:teuthology.orchestra.run.smithi055.stdout:Deploying alertmanager service with default placement...
2024-04-26T09:47:41.938 INFO:journalctl@ceph.mon.smithi055.smithi055.stdout:Apr 26 09:47:41 smithi055 ceph-mon[68790]: from='client.14152 -' entity='client.admin' cmd=[{"prefix": "orch apply", "service_type": "node-exporter", "target": ["mon-mgr", ""]}]: dispatch
2024-04-26T09:47:41.938 INFO:journalctl@ceph.mon.smithi055.smithi055.stdout:Apr 26 09:47:41 smithi055 ceph-mon[68790]: Saving service node-exporter spec with placement *
2024-04-26T09:47:41.938 INFO:journalctl@ceph.mon.smithi055.smithi055.stdout:Apr 26 09:47:41 smithi055 ceph-mon[68790]: from='mgr.14118 172.21.15.55:0/250487964' entity='mgr.smithi055.esfihh'
2024-04-26T09:47:42.622 INFO:teuthology.orchestra.run.smithi055.stdout:/usr/bin/ceph: stdout Scheduled alertmanager update...
2024-04-26T09:47:42.622 INFO:teuthology.orchestra.run.smithi055.stdout:/usr/bin/ceph: stderr
2024-04-26T09:47:41.770+0000 7fae768ed700 1 Processor -- start
2024-04-26T09:47:42.622 INFO:teuthology.orchestra.run.smithi055.stdout:/usr/bin/ceph: stderr
2024-04-26T09:47:41.770+0000 7fae768ed700 1 -- start start
2024-04-26T09:47:42.622 INFO:teuthology.orchestra.run.smithi055.stdout:/usr/bin/ceph: stderr
2024-04-26T09:47:41.771+0000 7fae768ed700 1 --2- >> [v2:172.21.15.55:3300/0,v1:172.21.15.55:6789/0] conn(0x7fae70104640 0x7fae70104a60 unknown :-1 s=NONE pgs=0 cs=0 l=0 rev1=0 crypto rx=0 tx=0 comp rx=0 tx=0).connect
2024-04-26T09:47:42.623 INFO:teuthology.orchestra.run.smithi055.stdout:/usr/bin/ceph: stderr
2024-04-26T09:47:41.771+0000 7fae768ed700 1 -- --> [v2:172.21.15.55:3300/0,v1:172.21.15.55:6789/0] -- mon_getmap magic: 0 v1 -- 0x7fae70105030 con 0x7fae70104640
2024-04-26T09:47:42.623 INFO:teuthology.orchestra.run.smithi055.stdout:/usr/bin/ceph: stderr
2024-04-26T09:47:41.771+0000 7fae6ffff700 1 --2- >> [v2:172.21.15.55:3300/0,v1:172.21.15.55:6789/0] conn(0x7fae70104640 0x7fae70104a60 unknown :-1 s=BANNER_CONNECTING pgs=0 cs=0 l=0 rev1=0 crypto rx=0 tx=0 comp rx=0 tx=0)._handle_peer_banner_payload supported=3 required=0
2024-04-26T09:47:42.623 INFO:teuthology.orchestra.run.smithi055.stdout:/usr/bin/ceph: stderr
2024-04-26T09:47:41.771+0000 7fae6ffff700 1 --2- >> [v2:172.21.15.55:3300/0,v1:172.21.15.55:6789/0] conn(0x7fae70104640 0x7fae70104a60 unknown :-1 s=HELLO_CONNECTING pgs=0 cs=0 l=0 rev1=1 crypto rx=0 tx=0 comp rx=0 tx=0).handle_hello peer v2:172.21.15.55:3300/0 says I am v2:172.21.15.55:48686/0 (socket says 172.21.15.55:48686)
2024-04-26T09:47:42.623 INFO:teuthology.orchestra.run.smithi055.stdout:/usr/bin/ceph: stderr
2024-04-26T09:47:41.771+0000 7fae6ffff700 1 -- 172.21.15.55:0/1565152527 learned_addr learned my addr 172.21.15.55:0/1565152527 (peer_addr_for_me v2:172.21.15.55:0/0)
2024-04-26T09:47:42.623 INFO:teuthology.orchestra.run.smithi055.stdout:/usr/bin/ceph: stderr
2024-04-26T09:47:41.771+0000 7fae6ffff700 1 -- 172.21.15.55:0/1565152527 --> [v2:172.21.15.55:3300/0,v1:172.21.15.55:6789/0] -- mon_subscribe({config=0+,monmap=0+}) v3 -- 0x7fae701075d0 con 0x7fae70104640
2024-04-26T09:47:42.623 INFO:teuthology.orchestra.run.smithi055.stdout:/usr/bin/ceph: stderr
2024-04-26T09:47:41.771+0000 7fae6ffff700 1 --2- 172.21.15.55:0/1565152527 >> [v2:172.21.15.55:3300/0,v1:172.21.15.55:6789/0] conn(0x7fae70104640 0x7fae70104a60 secure :-1 s=READY pgs=59 cs=0 l=1 rev1=1 crypto rx=0x7fae600098a0 tx=0x7fae60009bb0 comp rx=0 tx=0).ready entity=mon.0 client_cookie=9bb2c092fa394ebe server_cookie=0 in_seq=0 out_seq=0
2024-04-26T09:47:42.623 INFO:teuthology.orchestra.run.smithi055.stdout:/usr/bin/ceph: stderr
2024-04-26T09:47:41.772+0000 7fae6effd700 1 -- 172.21.15.55:0/1565152527 <== mon.0 v2:172.21.15.55:3300/0 1 ==== mon_map magic: 0 v1 ==== 229+0+0 (secure 0 0 0) 0x7fae60004180 con 0x7fae70104640
2024-04-26T09:47:42.623 INFO:teuthology.orchestra.run.smithi055.stdout:/usr/bin/ceph: stderr
2024-04-26T09:47:41.772+0000 7fae6effd700 1 -- 172.21.15.55:0/1565152527 <== mon.0 v2:172.21.15.55:3300/0 2 ==== config(26 keys) v1 ==== 1074+0+0 (secure 0 0 0) 0x7fae600042e0 con 0x7fae70104640
2024-04-26T09:47:42.623 INFO:teuthology.orchestra.run.smithi055.stdout:/usr/bin/ceph: stderr
2024-04-26T09:47:41.772+0000 7fae6effd700 1 -- 172.21.15.55:0/1565152527 <== mon.0 v2:172.21.15.55:3300/0 3 ==== mon_map magic: 0 v1 ==== 229+0+0 (secure 0 0 0) 0x7fae60011a40 con 0x7fae70104640
2024-04-26T09:47:42.623 INFO:teuthology.orchestra.run.smithi055.stdout:/usr/bin/ceph: stderr
2024-04-26T09:47:41.772+0000 7fae768ed700 1 -- 172.21.15.55:0/1565152527 >> [v2:172.21.15.55:3300/0,v1:172.21.15.55:6789/0] conn(0x7fae70104640 msgr2=0x7fae70104a60 secure :-1 s=STATE_CONNECTION_ESTABLISHED l=1).mark_down
2024-04-26T09:47:42.623 INFO:teuthology.orchestra.run.smithi055.stdout:/usr/bin/ceph: stderr
2024-04-26T09:47:41.772+0000 7fae768ed700 1 --2- 172.21.15.55:0/1565152527 >> [v2:172.21.15.55:3300/0,v1:172.21.15.55:6789/0] conn(0x7fae70104640 0x7fae70104a60 secure :-1 s=READY pgs=59 cs=0 l=1 rev1=1 crypto rx=0x7fae600098a0 tx=0x7fae60009bb0 comp rx=0 tx=0).stop
2024-04-26T09:47:42.623 INFO:teuthology.orchestra.run.smithi055.stdout:/usr/bin/ceph: stderr
2024-04-26T09:47:41.772+0000 7fae768ed700 1 -- 172.21.15.55:0/1565152527 shutdown_connections
2024-04-26T09:47:42.623 INFO:teuthology.orchestra.run.smithi055.stdout:/usr/bin/ceph: stderr
2024-04-26T09:47:41.772+0000 7fae768ed700 1 --2- 172.21.15.55:0/1565152527 >> [v2:172.21.15.55:3300/0,v1:172.21.15.55:6789/0] conn(0x7fae70104640 0x7fae70104a60 unknown :-1 s=CLOSED pgs=59 cs=0 l=1 rev1=1 crypto rx=0 tx=0 comp rx=0 tx=0).stop
2024-04-26T09:47:42.623 INFO:teuthology.orchestra.run.smithi055.stdout:/usr/bin/ceph: stderr
2024-04-26T09:47:41.772+0000 7fae768ed700 1 -- 172.21.15.55:0/1565152527 >> 172.21.15.55:0/1565152527 conn(0x7fae700ffff0 msgr2=0x7fae70102410 unknown :-1 s=STATE_NONE l=0).mark_down
2024-04-26T09:47:42.623 INFO:teuthology.orchestra.run.smithi055.stdout:/usr/bin/ceph: stderr
2024-04-26T09:47:41.772+0000 7fae768ed700 1 -- 172.21.15.55:0/1565152527 shutdown_connections
2024-04-26T09:47:42.624 INFO:teuthology.orchestra.run.smithi055.stdout:/usr/bin/ceph: stderr
2024-04-26T09:47:41.772+0000 7fae768ed700 1 -- 172.21.15.55:0/1565152527 wait complete.
2024-04-26T09:47:42.624 INFO:teuthology.orchestra.run.smithi055.stdout:/usr/bin/ceph: stderr
2024-04-26T09:47:41.773+0000 7fae768ed700 1 Processor -- start
2024-04-26T09:47:42.624 INFO:teuthology.orchestra.run.smithi055.stdout:/usr/bin/ceph: stderr
2024-04-26T09:47:41.773+0000 7fae768ed700 1 -- start start
2024-04-26T09:47:42.624 INFO:teuthology.orchestra.run.smithi055.stdout:/usr/bin/ceph: stderr
2024-04-26T09:47:41.773+0000 7fae768ed700 1 --2- >> [v2:172.21.15.55:3300/0,v1:172.21.15.55:6789/0] conn(0x7fae70104640 0x7fae70106e00 unknown :-1 s=NONE pgs=0 cs=0 l=1 rev1=0 crypto rx=0 tx=0 comp rx=0 tx=0).connect
2024-04-26T09:47:42.624 INFO:teuthology.orchestra.run.smithi055.stdout:/usr/bin/ceph: stderr
2024-04-26T09:47:41.773+0000 7fae768ed700 1 -- --> [v2:172.21.15.55:3300/0,v1:172.21.15.55:6789/0] -- mon_getmap magic: 0 v1 -- 0x7fae70107340 con 0x7fae70104640
2024-04-26T09:47:42.624 INFO:teuthology.orchestra.run.smithi055.stdout:/usr/bin/ceph: stderr
2024-04-26T09:47:41.773+0000 7fae6ffff700 1 --2- >> [v2:172.21.15.55:3300/0,v1:172.21.15.55:6789/0] conn(0x7fae70104640 0x7fae70106e00 unknown :-1 s=BANNER_CONNECTING pgs=0 cs=0 l=1 rev1=0 crypto rx=0 tx=0 comp rx=0 tx=0)._handle_peer_banner_payload supported=3 required=0
2024-04-26T09:47:42.624 INFO:teuthology.orchestra.run.smithi055.stdout:/usr/bin/ceph: stderr
2024-04-26T09:47:41.773+0000 7fae6ffff700 1 --2- >> [v2:172.21.15.55:3300/0,v1:172.21.15.55:6789/0] conn(0x7fae70104640 0x7fae70106e00 unknown :-1 s=HELLO_CONNECTING pgs=0 cs=0 l=1 rev1=1 crypto rx=0 tx=0 comp rx=0 tx=0).handle_hello peer v2:172.21.15.55:3300/0 says I am v2:172.21.15.55:48700/0 (socket says 172.21.15.55:48700)
2024-04-26T09:47:42.624 INFO:teuthology.orchestra.run.smithi055.stdout:/usr/bin/ceph: stderr
2024-04-26T09:47:41.773+0000 7fae6ffff700 1 -- 172.21.15.55:0/4015216614 learned_addr learned my addr 172.21.15.55:0/4015216614 (peer_addr_for_me v2:172.21.15.55:0/0)
2024-04-26T09:47:42.624 INFO:teuthology.orchestra.run.smithi055.stdout:/usr/bin/ceph: stderr
2024-04-26T09:47:41.774+0000 7fae6ffff700 1 -- 172.21.15.55:0/4015216614 --> [v2:172.21.15.55:3300/0,v1:172.21.15.55:6789/0] -- mon_subscribe({config=0+,monmap=0+}) v3 -- 0x7fae60009550 con 0x7fae70104640
2024-04-26T09:47:42.624 INFO:teuthology.orchestra.run.smithi055.stdout:/usr/bin/ceph: stderr
2024-04-26T09:47:41.774+0000 7fae6ffff700 1 --2- 172.21.15.55:0/4015216614 >> [v2:172.21.15.55:3300/0,v1:172.21.15.55:6789/0] conn(0x7fae70104640 0x7fae70106e00 secure :-1 s=READY pgs=60 cs=0 l=1 rev1=1 crypto rx=0x7fae60003f70 tx=0x7fae60011a80 comp rx=0 tx=0).ready entity=mon.0 client_cookie=0 server_cookie=0 in_seq=0 out_seq=0
2024-04-26T09:47:42.624 INFO:teuthology.orchestra.run.smithi055.stdout:/usr/bin/ceph: stderr
2024-04-26T09:47:41.774+0000 7fae6d7fa700 1 -- 172.21.15.55:0/4015216614 <== mon.0 v2:172.21.15.55:3300/0 1 ==== mon_map magic: 0 v1 ==== 229+0+0 (secure 0 0 0) 0x7fae60003b10 con 0x7fae70104640
2024-04-26T09:47:42.624 INFO:teuthology.orchestra.run.smithi055.stdout:/usr/bin/ceph: stderr
2024-04-26T09:47:41.774+0000 7fae6d7fa700 1 -- 172.21.15.55:0/4015216614 <== mon.0 v2:172.21.15.55:3300/0 2 ==== config(26 keys) v1 ==== 1074+0+0 (secure 0 0 0) 0x7fae60003c70 con 0x7fae70104640
2024-04-26T09:47:42.624 INFO:teuthology.orchestra.run.smithi055.stdout:/usr/bin/ceph: stderr
2024-04-26T09:47:41.774+0000 7fae768ed700 1 -- 172.21.15.55:0/4015216614 --> [v2:172.21.15.55:3300/0,v1:172.21.15.55:6789/0] -- mon_subscribe({mgrmap=0+}) v3 -- 0x7fae70105580 con 0x7fae70104640
2024-04-26T09:47:42.625 INFO:teuthology.orchestra.run.smithi055.stdout:/usr/bin/ceph: stderr
2024-04-26T09:47:41.774+0000 7fae6d7fa700 1 -- 172.21.15.55:0/4015216614 <== mon.0 v2:172.21.15.55:3300/0 3 ==== mon_map magic: 0 v1 ==== 229+0+0 (secure 0 0 0) 0x7fae60019860 con 0x7fae70104640
2024-04-26T09:47:42.625 INFO:teuthology.orchestra.run.smithi055.stdout:/usr/bin/ceph: stderr
2024-04-26T09:47:41.774+0000 7fae768ed700 1 -- 172.21.15.55:0/4015216614 --> [v2:172.21.15.55:3300/0,v1:172.21.15.55:6789/0] -- mon_subscribe({osdmap=0}) v3 -- 0x7fae70105a20 con 0x7fae70104640
2024-04-26T09:47:42.625 INFO:teuthology.orchestra.run.smithi055.stdout:/usr/bin/ceph: stderr
2024-04-26T09:47:41.775+0000 7fae6d7fa700 1 -- 172.21.15.55:0/4015216614 <== mon.0 v2:172.21.15.55:3300/0 4 ==== mgrmap(e 8) v1 ==== 45556+0+0 (secure 0 0 0) 0x7fae60019a90 con 0x7fae70104640
2024-04-26T09:47:42.625 INFO:teuthology.orchestra.run.smithi055.stdout:/usr/bin/ceph: stderr
2024-04-26T09:47:41.775+0000 7fae768ed700 1 -- 172.21.15.55:0/4015216614 --> [v2:172.21.15.55:3300/0,v1:172.21.15.55:6789/0] -- mon_command({"prefix": "get_command_descriptions"} v 0) v1 -- 0x7fae7004f0d0 con 0x7fae70104640
2024-04-26T09:47:42.625 INFO:teuthology.orchestra.run.smithi055.stdout:/usr/bin/ceph: stderr
2024-04-26T09:47:41.775+0000 7fae6d7fa700 1 --2- 172.21.15.55:0/4015216614 >> [v2:172.21.15.55:6800/4091230196,v1:172.21.15.55:6801/4091230196] conn(0x7fae58038730 0x7fae5803abf0 unknown :-1 s=NONE pgs=0 cs=0 l=1 rev1=0 crypto rx=0 tx=0 comp rx=0 tx=0).connect
2024-04-26T09:47:42.625 INFO:teuthology.orchestra.run.smithi055.stdout:/usr/bin/ceph: stderr
2024-04-26T09:47:41.775+0000 7fae6d7fa700 1 -- 172.21.15.55:0/4015216614 <== mon.0 v2:172.21.15.55:3300/0 5 ==== osd_map(2..2 src has 1..2) v4 ==== 940+0+0 (secure 0 0 0) 0x7fae6004c770 con 0x7fae70104640
2024-04-26T09:47:42.625 INFO:teuthology.orchestra.run.smithi055.stdout:/usr/bin/ceph: stderr
2024-04-26T09:47:41.775+0000 7fae6f7fe700 1 --2- 172.21.15.55:0/4015216614 >> [v2:172.21.15.55:6800/4091230196,v1:172.21.15.55:6801/4091230196] conn(0x7fae58038730 0x7fae5803abf0 unknown :-1 s=BANNER_CONNECTING pgs=0 cs=0 l=1 rev1=0 crypto rx=0 tx=0 comp rx=0 tx=0)._handle_peer_banner_payload supported=3 required=0
2024-04-26T09:47:42.625 INFO:teuthology.orchestra.run.smithi055.stdout:/usr/bin/ceph: stderr
2024-04-26T09:47:41.776+0000 7fae6f7fe700 1 --2- 172.21.15.55:0/4015216614 >> [v2:172.21.15.55:6800/4091230196,v1:172.21.15.55:6801/4091230196] conn(0x7fae58038730 0x7fae5803abf0 secure :-1 s=READY pgs=19 cs=0 l=1 rev1=1 crypto rx=0x7fae64006fd0 tx=0x7fae64006e40 comp rx=0 tx=0).ready entity=mgr.14118 client_cookie=0 server_cookie=0 in_seq=0 out_seq=0
2024-04-26T09:47:42.625 INFO:teuthology.orchestra.run.smithi055.stdout:/usr/bin/ceph: stderr
2024-04-26T09:47:41.780+0000 7fae6d7fa700 1 -- 172.21.15.55:0/4015216614 <== mon.0 v2:172.21.15.55:3300/0 6 ==== mon_command_ack([{"prefix": "get_command_descriptions"}]=0 v0) v1 ==== 72+0+183351 (secure 0 0 0) 0x7fae60018760 con 0x7fae70104640
2024-04-26T09:47:42.625 INFO:teuthology.orchestra.run.smithi055.stdout:/usr/bin/ceph: stderr
2024-04-26T09:47:41.995+0000 7fae768ed700 1 -- 172.21.15.55:0/4015216614 --> [v2:172.21.15.55:6800/4091230196,v1:172.21.15.55:6801/4091230196] -- mgr_command(tid 0: {"prefix": "orch apply", "service_type": "alertmanager", "target": ["mon-mgr", ""]}) v1 -- 0x7fae70106080 con 0x7fae58038730
2024-04-26T09:47:42.625 INFO:teuthology.orchestra.run.smithi055.stdout:/usr/bin/ceph: stderr
2024-04-26T09:47:42.004+0000 7fae6d7fa700 1 -- 172.21.15.55:0/4015216614 <== mgr.14118 v2:172.21.15.55:6800/4091230196 1 ==== mgr_command_reply(tid 0: 0 ) v1 ==== 8+0+33 (secure 0 0 0) 0x7fae70106080 con 0x7fae58038730
2024-04-26T09:47:42.625 INFO:teuthology.orchestra.run.smithi055.stdout:/usr/bin/ceph: stderr
2024-04-26T09:47:42.006+0000 7fae768ed700 1 -- 172.21.15.55:0/4015216614 >> [v2:172.21.15.55:6800/4091230196,v1:172.21.15.55:6801/4091230196] conn(0x7fae58038730 msgr2=0x7fae5803abf0 secure :-1 s=STATE_CONNECTION_ESTABLISHED l=1).mark_down
2024-04-26T09:47:42.625 INFO:teuthology.orchestra.run.smithi055.stdout:/usr/bin/ceph: stderr
2024-04-26T09:47:42.006+0000 7fae768ed700 1 --2- 172.21.15.55:0/4015216614 >> [v2:172.21.15.55:6800/4091230196,v1:172.21.15.55:6801/4091230196] conn(0x7fae58038730 0x7fae5803abf0 secure :-1 s=READY pgs=19 cs=0 l=1 rev1=1 crypto rx=0x7fae64006fd0 tx=0x7fae64006e40 comp rx=0 tx=0).stop
2024-04-26T09:47:42.626 INFO:teuthology.orchestra.run.smithi055.stdout:/usr/bin/ceph: stderr
2024-04-26T09:47:42.006+0000 7fae768ed700 1 -- 172.21.15.55:0/4015216614 >> [v2:172.21.15.55:3300/0,v1:172.21.15.55:6789/0] conn(0x7fae70104640 msgr2=0x7fae70106e00 secure :-1 s=STATE_CONNECTION_ESTABLISHED l=1).mark_down
