2024-04-26T09:47:06.480+0000 7f62caffd700 1 --2- >> [v2:172.21.15.55:3300/0,v1:172.21.15.55:6789/0] conn(0x7f62cc106df0 0x7f62cc197eb0 unknown :-1 s=BANNER_CONNECTING pgs=0 cs=0 l=1 rev1=0 crypto rx=0 tx=0 comp rx=0 tx=0)._handle_peer_banner_payload supported=3 required=0
2024-04-26T09:47:10.002 INFO:teuthology.orchestra.run.smithi055.stdout:/usr/bin/ceph: stderr
2024-04-26T09:47:06.480+0000 7f62caffd700 1 --2- >> [v2:172.21.15.55:3300/0,v1:172.21.15.55:6789/0] conn(0x7f62cc106df0 0x7f62cc197eb0 unknown :-1 s=HELLO_CONNECTING pgs=0 cs=0 l=1 rev1=1 crypto rx=0 tx=0 comp rx=0 tx=0).handle_hello peer v2:172.21.15.55:3300/0 says I am v2:172.21.15.55:55862/0 (socket says 172.21.15.55:55862)
2024-04-26T09:47:10.002 INFO:teuthology.orchestra.run.smithi055.stdout:/usr/bin/ceph: stderr
2024-04-26T09:47:06.480+0000 7f62caffd700 1 -- 172.21.15.55:0/2530822920 learned_addr learned my addr 172.21.15.55:0/2530822920 (peer_addr_for_me v2:172.21.15.55:0/0)
2024-04-26T09:47:10.002 INFO:teuthology.orchestra.run.smithi055.stdout:/usr/bin/ceph: stderr
2024-04-26T09:47:06.480+0000 7f62caffd700 1 -- 172.21.15.55:0/2530822920 --> [v2:172.21.15.55:3300/0,v1:172.21.15.55:6789/0] -- mon_subscribe({config=0+,monmap=0+}) v3 -- 0x7f62bc009550 con 0x7f62cc106df0
2024-04-26T09:47:10.002 INFO:teuthology.orchestra.run.smithi055.stdout:/usr/bin/ceph: stderr
2024-04-26T09:47:06.480+0000 7f62caffd700 1 --2- 172.21.15.55:0/2530822920 >> [v2:172.21.15.55:3300/0,v1:172.21.15.55:6789/0] conn(0x7f62cc106df0 0x7f62cc197eb0 secure :-1 s=READY pgs=17 cs=0 l=1 rev1=1 crypto rx=0x7f62bc011670 tx=0x7f62bc011a30 comp rx=0 tx=0).ready entity=mon.0 client_cookie=0 server_cookie=0 in_seq=0 out_seq=0
2024-04-26T09:47:10.002 INFO:teuthology.orchestra.run.smithi055.stdout:/usr/bin/ceph: stderr
2024-04-26T09:47:06.481+0000 7f62c3fff700 1 -- 172.21.15.55:0/2530822920 <== mon.0 v2:172.21.15.55:3300/0 1 ==== mon_map magic: 0 v1 ==== 229+0+0 (secure 0 0 0) 0x7f62bc0039c0 con 0x7f62cc106df0
2024-04-26T09:47:10.002 INFO:teuthology.orchestra.run.smithi055.stdout:/usr/bin/ceph: stderr
2024-04-26T09:47:06.481+0000 7f62c3fff700 1 -- 172.21.15.55:0/2530822920 <== mon.0 v2:172.21.15.55:3300/0 2 ==== config(26 keys) v1 ==== 1007+0+0 (secure 0 0 0) 0x7f62bc003b20 con 0x7f62cc106df0
2024-04-26T09:47:10.002 INFO:teuthology.orchestra.run.smithi055.stdout:/usr/bin/ceph: stderr
2024-04-26T09:47:06.481+0000 7f62d14b3700 1 -- 172.21.15.55:0/2530822920 --> [v2:172.21.15.55:3300/0,v1:172.21.15.55:6789/0] -- mon_subscribe({mgrmap=0+}) v3 -- 0x7f62cc1985f0 con 0x7f62cc106df0
2024-04-26T09:47:10.002 INFO:teuthology.orchestra.run.smithi055.stdout:/usr/bin/ceph: stderr
2024-04-26T09:47:06.481+0000 7f62c3fff700 1 -- 172.21.15.55:0/2530822920 <== mon.0 v2:172.21.15.55:3300/0 3 ==== mon_map magic: 0 v1 ==== 229+0+0 (secure 0 0 0) 0x7f62bc024780 con 0x7f62cc106df0
2024-04-26T09:47:10.002 INFO:teuthology.orchestra.run.smithi055.stdout:/usr/bin/ceph: stderr
2024-04-26T09:47:06.481+0000 7f62d14b3700 1 -- 172.21.15.55:0/2530822920 --> [v2:172.21.15.55:3300/0,v1:172.21.15.55:6789/0] -- mon_subscribe({osdmap=0}) v3 -- 0x7f62cc198a90 con 0x7f62cc106df0
2024-04-26T09:47:10.002 INFO:teuthology.orchestra.run.smithi055.stdout:/usr/bin/ceph: stderr
2024-04-26T09:47:06.482+0000 7f62c3fff700 1 -- 172.21.15.55:0/2530822920 <== mon.0 v2:172.21.15.55:3300/0 4 ==== mgrmap(e 4) v1 ==== 45545+0+0 (secure 0 0 0) 0x7f62bc01abd0 con 0x7f62cc106df0
2024-04-26T09:47:10.002 INFO:teuthology.orchestra.run.smithi055.stdout:/usr/bin/ceph: stderr
2024-04-26T09:47:06.482+0000 7f62d14b3700 1 -- 172.21.15.55:0/2530822920 --> [v2:172.21.15.55:3300/0,v1:172.21.15.55:6789/0] -- mon_command({"prefix": "get_command_descriptions"} v 0) v1 -- 0x7f62cc1918a0 con 0x7f62cc106df0
2024-04-26T09:47:10.002 INFO:teuthology.orchestra.run.smithi055.stdout:/usr/bin/ceph: stderr
2024-04-26T09:47:06.482+0000 7f62c3fff700 1 --2- 172.21.15.55:0/2530822920 >> [v2:172.21.15.55:6800/3443293074,v1:172.21.15.55:6801/3443293074] conn(0x7f62b803cb30 0x7f62b803eff0 unknown :-1 s=NONE pgs=0 cs=0 l=1 rev1=0 crypto rx=0 tx=0 comp rx=0 tx=0).connect
2024-04-26T09:47:10.002 INFO:teuthology.orchestra.run.smithi055.stdout:/usr/bin/ceph: stderr
2024-04-26T09:47:06.482+0000 7f62c3fff700 1 -- 172.21.15.55:0/2530822920 <== mon.0 v2:172.21.15.55:3300/0 5 ==== osd_map(1..1 src has 1..1) v4 ==== 725+0+0 (secure 0 0 0) 0x7f62bc04c360 con 0x7f62cc106df0
2024-04-26T09:47:10.003 INFO:teuthology.orchestra.run.smithi055.stdout:/usr/bin/ceph: stderr
2024-04-26T09:47:06.482+0000 7f62ca7fc700 1 --2- 172.21.15.55:0/2530822920 >> [v2:172.21.15.55:6800/3443293074,v1:172.21.15.55:6801/3443293074] conn(0x7f62b803cb30 0x7f62b803eff0 unknown :-1 s=BANNER_CONNECTING pgs=0 cs=0 l=1 rev1=0 crypto rx=0 tx=0 comp rx=0 tx=0)._handle_peer_banner_payload supported=3 required=0
2024-04-26T09:47:10.003 INFO:teuthology.orchestra.run.smithi055.stdout:/usr/bin/ceph: stderr
2024-04-26T09:47:06.482+0000 7f62ca7fc700 1 --2- 172.21.15.55:0/2530822920 >> [v2:172.21.15.55:6800/3443293074,v1:172.21.15.55:6801/3443293074] conn(0x7f62b803cb30 0x7f62b803eff0 secure :-1 s=READY pgs=6 cs=0 l=1 rev1=1 crypto rx=0x7f62b4006fd0 tx=0x7f62b4006e40 comp rx=0 tx=0).ready entity=mgr.14100 client_cookie=0 server_cookie=0 in_seq=0 out_seq=0
2024-04-26T09:47:10.003 INFO:teuthology.orchestra.run.smithi055.stdout:/usr/bin/ceph: stderr
2024-04-26T09:47:06.487+0000 7f62c3fff700 1 -- 172.21.15.55:0/2530822920 <== mon.0 v2:172.21.15.55:3300/0 6 ==== mon_command_ack([{"prefix": "get_command_descriptions"}]=0 v0) v1 ==== 72+0+183351 (secure 0 0 0) 0x7f62bc018b40 con 0x7f62cc106df0
2024-04-26T09:47:10.003 INFO:teuthology.orchestra.run.smithi055.stdout:/usr/bin/ceph: stderr
2024-04-26T09:47:06.770+0000 7f62d14b3700 1 -- 172.21.15.55:0/2530822920 --> [v2:172.21.15.55:3300/0,v1:172.21.15.55:6789/0] -- mon_command({"prefix": "status", "format": "json-pretty"} v 0) v1 -- 0x7f62cc02cf40 con 0x7f62cc106df0
2024-04-26T09:47:10.003 INFO:teuthology.orchestra.run.smithi055.stdout:/usr/bin/ceph: stderr
2024-04-26T09:47:06.770+0000 7f62c3fff700 1 -- 172.21.15.55:0/2530822920 <== mon.0 v2:172.21.15.55:3300/0 7 ==== mon_command_ack([{"prefix": "status", "format": "json-pretty"}]=0 v0) v1 ==== 79+0+1246 (secure 0 0 0) 0x7f62bc018b40 con 0x7f62cc106df0
2024-04-26T09:47:10.003 INFO:teuthology.orchestra.run.smithi055.stdout:/usr/bin/ceph: stderr
2024-04-26T09:47:06.772+0000 7f62d14b3700 1 -- 172.21.15.55:0/2530822920 >> [v2:172.21.15.55:6800/3443293074,v1:172.21.15.55:6801/3443293074] conn(0x7f62b803cb30 msgr2=0x7f62b803eff0 secure :-1 s=STATE_CONNECTION_ESTABLISHED l=1).mark_down
2024-04-26T09:47:10.003 INFO:teuthology.orchestra.run.smithi055.stdout:/usr/bin/ceph: stderr
2024-04-26T09:47:06.772+0000 7f62d14b3700 1 --2- 172.21.15.55:0/2530822920 >> [v2:172.21.15.55:6800/3443293074,v1:172.21.15.55:6801/3443293074] conn(0x7f62b803cb30 0x7f62b803eff0 secure :-1 s=READY pgs=6 cs=0 l=1 rev1=1 crypto rx=0x7f62b4006fd0 tx=0x7f62b4006e40 comp rx=0 tx=0).stop
2024-04-26T09:47:10.003 INFO:teuthology.orchestra.run.smithi055.stdout:/usr/bin/ceph: stderr
2024-04-26T09:47:06.772+0000 7f62d14b3700 1 -- 172.21.15.55:0/2530822920 >> [v2:172.21.15.55:3300/0,v1:172.21.15.55:6789/0] conn(0x7f62cc106df0 msgr2=0x7f62cc197eb0 secure :-1 s=STATE_CONNECTION_ESTABLISHED l=1).mark_down
2024-04-26T09:47:10.003 INFO:teuthology.orchestra.run.smithi055.stdout:/usr/bin/ceph: stderr
2024-04-26T09:47:06.772+0000 7f62d14b3700 1 --2- 172.21.15.55:0/2530822920 >> [v2:172.21.15.55:3300/0,v1:172.21.15.55:6789/0] conn(0x7f62cc106df0 0x7f62cc197eb0 secure :-1 s=READY pgs=17 cs=0 l=1 rev1=1 crypto rx=0x7f62bc011670 tx=0x7f62bc011a30 comp rx=0 tx=0).stop
2024-04-26T09:47:10.003 INFO:teuthology.orchestra.run.smithi055.stdout:/usr/bin/ceph: stderr
2024-04-26T09:47:06.772+0000 7f62d14b3700 1 -- 172.21.15.55:0/2530822920 shutdown_connections
2024-04-26T09:47:10.003 INFO:teuthology.orchestra.run.smithi055.stdout:/usr/bin/ceph: stderr
2024-04-26T09:47:06.772+0000 7f62d14b3700 1 --2- 172.21.15.55:0/2530822920 >> [v2:172.21.15.55:6800/3443293074,v1:172.21.15.55:6801/3443293074] conn(0x7f62b803cb30 0x7f62b803eff0 unknown :-1 s=CLOSED pgs=6 cs=0 l=1 rev1=1 crypto rx=0 tx=0 comp rx=0 tx=0).stop
2024-04-26T09:47:10.003 INFO:teuthology.orchestra.run.smithi055.stdout:/usr/bin/ceph: stderr
2024-04-26T09:47:06.772+0000 7f62d14b3700 1 --2- 172.21.15.55:0/2530822920 >> [v2:172.21.15.55:3300/0,v1:172.21.15.55:6789/0] conn(0x7f62cc106df0 0x7f62cc197eb0 unknown :-1 s=CLOSED pgs=17 cs=0 l=1 rev1=1 crypto rx=0 tx=0 comp rx=0 tx=0).stop
2024-04-26T09:47:10.003 INFO:teuthology.orchestra.run.smithi055.stdout:/usr/bin/ceph: stderr
2024-04-26T09:47:06.772+0000 7f62d14b3700 1 -- 172.21.15.55:0/2530822920 >> 172.21.15.55:0/2530822920 conn(0x7f62cc100860 msgr2=0x7f62cc18e9e0 unknown :-1 s=STATE_NONE l=0).mark_down
2024-04-26T09:47:10.003 INFO:teuthology.orchestra.run.smithi055.stdout:/usr/bin/ceph: stderr
2024-04-26T09:47:06.772+0000 7f62d14b3700 1 -- 172.21.15.55:0/2530822920 shutdown_connections
2024-04-26T09:47:10.004 INFO:teuthology.orchestra.run.smithi055.stdout:/usr/bin/ceph: stderr
2024-04-26T09:47:06.772+0000 7f62d14b3700 1 -- 172.21.15.55:0/2530822920 wait complete.
2024-04-26T09:47:10.004 INFO:teuthology.orchestra.run.smithi055.stdout:mgr is available
2024-04-26T09:47:11.103 INFO:journalctl@ceph.mon.smithi055.smithi055.stdout:Apr 26 09:47:10 smithi055 ceph-mon[68790]: from='client.? 172.21.15.55:0/205016451' entity='client.admin' cmd=[{"prefix": "config assimilate-conf"}]: dispatch
2024-04-26T09:47:11.330 INFO:teuthology.orchestra.run.smithi055.stdout:/usr/bin/ceph: stdout
2024-04-26T09:47:11.330 INFO:teuthology.orchestra.run.smithi055.stdout:/usr/bin/ceph: stdout [global]
2024-04-26T09:47:11.331 INFO:teuthology.orchestra.run.smithi055.stdout:/usr/bin/ceph: stdout fsid = c77d5c7c-03b1-11ef-bc93-c7b262605968
2024-04-26T09:47:11.331 INFO:teuthology.orchestra.run.smithi055.stdout:/usr/bin/ceph: stdout mon_osd_allow_pg_remap = true
2024-04-26T09:47:11.331 INFO:teuthology.orchestra.run.smithi055.stdout:/usr/bin/ceph: stdout mon_osd_allow_primary_affinity = true
2024-04-26T09:47:11.331 INFO:teuthology.orchestra.run.smithi055.stdout:/usr/bin/ceph: stdout mon_warn_on_no_sortbitwise = false
2024-04-26T09:47:11.331 INFO:teuthology.orchestra.run.smithi055.stdout:/usr/bin/ceph: stdout osd_crush_chooseleaf_type = 0
2024-04-26T09:47:11.331 INFO:teuthology.orchestra.run.smithi055.stdout:/usr/bin/ceph: stdout
2024-04-26T09:47:11.331 INFO:teuthology.orchestra.run.smithi055.stdout:/usr/bin/ceph: stdout [mgr]
2024-04-26T09:47:11.331 INFO:teuthology.orchestra.run.smithi055.stdout:/usr/bin/ceph: stdout mgr/telemetry/nag = false
2024-04-26T09:47:11.331 INFO:teuthology.orchestra.run.smithi055.stdout:/usr/bin/ceph: stdout
2024-04-26T09:47:11.331 INFO:teuthology.orchestra.run.smithi055.stdout:/usr/bin/ceph: stdout [osd]
2024-04-26T09:47:11.331 INFO:teuthology.orchestra.run.smithi055.stdout:/usr/bin/ceph: stdout mon_osd_backfillfull_ratio = 0.85
2024-04-26T09:47:11.331 INFO:teuthology.orchestra.run.smithi055.stdout:/usr/bin/ceph: stdout mon_osd_full_ratio = 0.9
2024-04-26T09:47:11.331 INFO:teuthology.orchestra.run.smithi055.stdout:/usr/bin/ceph: stdout mon_osd_nearfull_ratio = 0.8
2024-04-26T09:47:11.331 INFO:teuthology.orchestra.run.smithi055.stdout:/usr/bin/ceph: stdout osd_map_max_advance = 10
2024-04-26T09:47:11.331 INFO:teuthology.orchestra.run.smithi055.stdout:/usr/bin/ceph: stdout osd_sloppy_crc = true
2024-04-26T09:47:11.331 INFO:teuthology.orchestra.run.smithi055.stdout:/usr/bin/ceph: stderr
2024-04-26T09:47:10.554+0000 7f21408cd700 1 Processor -- start
2024-04-26T09:47:11.332 INFO:teuthology.orchestra.run.smithi055.stdout:/usr/bin/ceph: stderr
2024-04-26T09:47:10.554+0000 7f21408cd700 1 -- start start
2024-04-26T09:47:11.332 INFO:teuthology.orchestra.run.smithi055.stdout:/usr/bin/ceph: stderr
2024-04-26T09:47:10.554+0000 7f21408cd700 1 --2- >> [v2:172.21.15.55:3300/0,v1:172.21.15.55:6789/0] conn(0x7f213c106e60 0x7f213c109250 unknown :-1 s=NONE pgs=0 cs=0 l=0 rev1=0 crypto rx=0 tx=0 comp rx=0 tx=0).connect
2024-04-26T09:47:11.332 INFO:teuthology.orchestra.run.smithi055.stdout:/usr/bin/ceph: stderr
2024-04-26T09:47:10.554+0000 7f21408cd700 1 -- --> [v2:172.21.15.55:3300/0,v1:172.21.15.55:6789/0] -- mon_getmap magic: 0 v1 -- 0x7f213c079e20 con 0x7f213c106e60
2024-04-26T09:47:11.332 INFO:teuthology.orchestra.run.smithi055.stdout:/usr/bin/ceph: stderr
2024-04-26T09:47:10.555+0000 7f213a59c700 1 --2- >> [v2:172.21.15.55:3300/0,v1:172.21.15.55:6789/0] conn(0x7f213c106e60 0x7f213c109250 unknown :-1 s=BANNER_CONNECTING pgs=0 cs=0 l=0 rev1=0 crypto rx=0 tx=0 comp rx=0 tx=0)._handle_peer_banner_payload supported=3 required=0
2024-04-26T09:47:11.332 INFO:teuthology.orchestra.run.smithi055.stdout:/usr/bin/ceph: stderr
2024-04-26T09:47:10.555+0000 7f213a59c700 1 --2- >> [v2:172.21.15.55:3300/0,v1:172.21.15.55:6789/0] conn(0x7f213c106e60 0x7f213c109250 unknown :-1 s=HELLO_CONNECTING pgs=0 cs=0 l=0 rev1=1 crypto rx=0 tx=0 comp rx=0 tx=0).handle_hello peer v2:172.21.15.55:3300/0 says I am v2:172.21.15.55:55866/0 (socket says 172.21.15.55:55866)
2024-04-26T09:47:11.332 INFO:teuthology.orchestra.run.smithi055.stdout:/usr/bin/ceph: stderr
2024-04-26T09:47:10.555+0000 7f213a59c700 1 -- 172.21.15.55:0/2754130241 learned_addr learned my addr 172.21.15.55:0/2754130241 (peer_addr_for_me v2:172.21.15.55:0/0)
2024-04-26T09:47:11.332 INFO:teuthology.orchestra.run.smithi055.stdout:/usr/bin/ceph: stderr
2024-04-26T09:47:10.555+0000 7f213a59c700 1 -- 172.21.15.55:0/2754130241 --> [v2:172.21.15.55:3300/0,v1:172.21.15.55:6789/0] -- mon_subscribe({config=0+,monmap=0+}) v3 -- 0x7f213c109790 con 0x7f213c106e60
2024-04-26T09:47:11.332 INFO:teuthology.orchestra.run.smithi055.stdout:/usr/bin/ceph: stderr
2024-04-26T09:47:10.555+0000 7f213a59c700 1 --2- 172.21.15.55:0/2754130241 >> [v2:172.21.15.55:3300/0,v1:172.21.15.55:6789/0] conn(0x7f213c106e60 0x7f213c109250 secure :-1 s=READY pgs=18 cs=0 l=1 rev1=1 crypto rx=0x7f21240098a0 tx=0x7f2124009bb0 comp rx=0 tx=0).ready entity=mon.0 client_cookie=e2ea72eb90977578 server_cookie=0 in_seq=0 out_seq=0
2024-04-26T09:47:11.332 INFO:teuthology.orchestra.run.smithi055.stdout:/usr/bin/ceph: stderr
2024-04-26T09:47:10.555+0000 7f213959a700 1 -- 172.21.15.55:0/2754130241 <== mon.0 v2:172.21.15.55:3300/0 1 ==== mon_map magic: 0 v1 ==== 229+0+0 (secure 0 0 0) 0x7f2124004180 con 0x7f213c106e60
2024-04-26T09:47:11.332 INFO:teuthology.orchestra.run.smithi055.stdout:/usr/bin/ceph: stderr
2024-04-26T09:47:10.555+0000 7f213959a700 1 -- 172.21.15.55:0/2754130241 <== mon.0 v2:172.21.15.55:3300/0 2 ==== config(26 keys) v1 ==== 1007+0+0 (secure 0 0 0) 0x7f21240042e0 con 0x7f213c106e60
2024-04-26T09:47:11.332 INFO:teuthology.orchestra.run.smithi055.stdout:/usr/bin/ceph: stderr
2024-04-26T09:47:10.555+0000 7f213959a700 1 -- 172.21.15.55:0/2754130241 <== mon.0 v2:172.21.15.55:3300/0 3 ==== mon_map magic: 0 v1 ==== 229+0+0 (secure 0 0 0) 0x7f21240119d0 con 0x7f213c106e60
2024-04-26T09:47:11.332 INFO:teuthology.orchestra.run.smithi055.stdout:/usr/bin/ceph: stderr
2024-04-26T09:47:10.556+0000 7f21408cd700 1 -- 172.21.15.55:0/2754130241 >> [v2:172.21.15.55:3300/0,v1:172.21.15.55:6789/0] conn(0x7f213c106e60 msgr2=0x7f213c109250 secure :-1 s=STATE_CONNECTION_ESTABLISHED l=1).mark_down
2024-04-26T09:47:11.332 INFO:teuthology.orchestra.run.smithi055.stdout:/usr/bin/ceph: stderr
2024-04-26T09:47:10.556+0000 7f21408cd700 1 --2- 172.21.15.55:0/2754130241 >> [v2:172.21.15.55:3300/0,v1:172.21.15.55:6789/0] conn(0x7f213c106e60 0x7f213c109250 secure :-1 s=READY pgs=18 cs=0 l=1 rev1=1 crypto rx=0x7f21240098a0 tx=0x7f2124009bb0 comp rx=0 tx=0).stop
2024-04-26T09:47:11.333 INFO:teuthology.orchestra.run.smithi055.stdout:/usr/bin/ceph: stderr
2024-04-26T09:47:10.556+0000 7f21408cd700 1 -- 172.21.15.55:0/2754130241 shutdown_connections
2024-04-26T09:47:11.333 INFO:teuthology.orchestra.run.smithi055.stdout:/usr/bin/ceph: stderr
2024-04-26T09:47:10.556+0000 7f21408cd700 1 --2- 172.21.15.55:0/2754130241 >> [v2:172.21.15.55:3300/0,v1:172.21.15.55:6789/0] conn(0x7f213c106e60 0x7f213c109250 unknown :-1 s=CLOSED pgs=18 cs=0 l=1 rev1=1 crypto rx=0 tx=0 comp rx=0 tx=0).stop
2024-04-26T09:47:11.333 INFO:teuthology.orchestra.run.smithi055.stdout:/usr/bin/ceph: stderr
2024-04-26T09:47:10.556+0000 7f21408cd700 1 -- 172.21.15.55:0/2754130241 >> 172.21.15.55:0/2754130241 conn(0x7f213c100890 msgr2=0x7f213c102cd0 unknown :-1 s=STATE_NONE l=0).mark_down
2024-04-26T09:47:11.333 INFO:teuthology.orchestra.run.smithi055.stdout:/usr/bin/ceph: stderr
2024-04-26T09:47:10.556+0000 7f21408cd700 1 -- 172.21.15.55:0/2754130241 shutdown_connections
2024-04-26T09:47:11.333 INFO:teuthology.orchestra.run.smithi055.stdout:/usr/bin/ceph: stderr
2024-04-26T09:47:10.556+0000 7f21408cd700 1 -- 172.21.15.55:0/2754130241 wait complete.
2024-04-26T09:47:11.333 INFO:teuthology.orchestra.run.smithi055.stdout:/usr/bin/ceph: stderr
2024-04-26T09:47:10.557+0000 7f21408cd700 1 Processor -- start
2024-04-26T09:47:11.333 INFO:teuthology.orchestra.run.smithi055.stdout:/usr/bin/ceph: stderr
2024-04-26T09:47:10.557+0000 7f21408cd700 1 -- start start
2024-04-26T09:47:11.333 INFO:teuthology.orchestra.run.smithi055.stdout:/usr/bin/ceph: stderr
2024-04-26T09:47:10.557+0000 7f21408cd700 1 --2- >> [v2:172.21.15.55:3300/0,v1:172.21.15.55:6789/0] conn(0x7f213c106e60 0x7f213c19a080 unknown :-1 s=NONE pgs=0 cs=0 l=1 rev1=0 crypto rx=0 tx=0 comp rx=0 tx=0).connect
2024-04-26T09:47:11.333 INFO:teuthology.orchestra.run.smithi055.stdout:/usr/bin/ceph: stderr
2024-04-26T09:47:10.557+0000 7f21408cd700 1 -- --> [v2:172.21.15.55:3300/0,v1:172.21.15.55:6789/0] -- mon_getmap magic: 0 v1 -- 0x7f213c19a5c0 con 0x7f213c106e60
2024-04-26T09:47:11.333 INFO:teuthology.orchestra.run.smithi055.stdout:/usr/bin/ceph: stderr
2024-04-26T09:47:10.557+0000 7f213a59c700 1 --2- >> [v2:172.21.15.55:3300/0,v1:172.21.15.55:6789/0] conn(0x7f213c106e60 0x7f213c19a080 unknown :-1 s=BANNER_CONNECTING pgs=0 cs=0 l=1 rev1=0 crypto rx=0 tx=0 comp rx=0 tx=0)._handle_peer_banner_payload supported=3 required=0
2024-04-26T09:47:11.333 INFO:teuthology.orchestra.run.smithi055.stdout:/usr/bin/ceph: stderr
2024-04-26T09:47:10.557+0000 7f213a59c700 1 --2- >> [v2:172.21.15.55:3300/0,v1:172.21.15.55:6789/0] conn(0x7f213c106e60 0x7f213c19a080 unknown :-1 s=HELLO_CONNECTING pgs=0 cs=0 l=1 rev1=1 crypto rx=0 tx=0 comp rx=0 tx=0).handle_hello peer v2:172.21.15.55:3300/0 says I am v2:172.21.15.55:55870/0 (socket says 172.21.15.55:55870)
2024-04-26T09:47:11.333 INFO:teuthology.orchestra.run.smithi055.stdout:/usr/bin/ceph: stderr
2024-04-26T09:47:10.557+0000 7f213a59c700 1 -- 172.21.15.55:0/205016451 learned_addr learned my addr 172.21.15.55:0/205016451 (peer_addr_for_me v2:172.21.15.55:0/0)
2024-04-26T09:47:11.333 INFO:teuthology.orchestra.run.smithi055.stdout:/usr/bin/ceph: stderr
2024-04-26T09:47:10.557+0000 7f213a59c700 1 -- 172.21.15.55:0/205016451 --> [v2:172.21.15.55:3300/0,v1:172.21.15.55:6789/0] -- mon_subscribe({config=0+,monmap=0+}) v3 -- 0x7f2124009550 con 0x7f213c106e60
2024-04-26T09:47:11.333 INFO:teuthology.orchestra.run.smithi055.stdout:/usr/bin/ceph: stderr
2024-04-26T09:47:10.558+0000 7f213a59c700 1 --2- 172.21.15.55:0/205016451 >> [v2:172.21.15.55:3300/0,v1:172.21.15.55:6789/0] conn(0x7f213c106e60 0x7f213c19a080 secure :-1 s=READY pgs=19 cs=0 l=1 rev1=1 crypto rx=0x7f2124009130 tx=0x7f2124011a30 comp rx=0 tx=0).ready entity=mon.0 client_cookie=0 server_cookie=0 in_seq=0 out_seq=0
2024-04-26T09:47:11.334 INFO:teuthology.orchestra.run.smithi055.stdout:/usr/bin/ceph: stderr
2024-04-26T09:47:10.558+0000 7f21337fe700 1 -- 172.21.15.55:0/205016451 <== mon.0 v2:172.21.15.55:3300/0 1 ==== mon_map magic: 0 v1 ==== 229+0+0 (secure 0 0 0) 0x7f2124003900 con 0x7f213c106e60
2024-04-26T09:47:11.334 INFO:teuthology.orchestra.run.smithi055.stdout:/usr/bin/ceph: stderr
2024-04-26T09:47:10.558+0000 7f21337fe700 1 -- 172.21.15.55:0/205016451 <== mon.0 v2:172.21.15.55:3300/0 2 ==== config(26 keys) v1 ==== 1007+0+0 (secure 0 0 0) 0x7f2124003a60 con 0x7f213c106e60
2024-04-26T09:47:11.334 INFO:teuthology.orchestra.run.smithi055.stdout:/usr/bin/ceph: stderr
2024-04-26T09:47:10.558+0000 7f21408cd700 1 -- 172.21.15.55:0/205016451 --> [v2:172.21.15.55:3300/0,v1:172.21.15.55:6789/0] -- mon_subscribe({mgrmap=0+}) v3 -- 0x7f213c19a7c0 con 0x7f213c106e60
2024-04-26T09:47:11.334 INFO:teuthology.orchestra.run.smithi055.stdout:/usr/bin/ceph: stderr
2024-04-26T09:47:10.558+0000 7f21337fe700 1 -- 172.21.15.55:0/205016451 <== mon.0 v2:172.21.15.55:3300/0 3 ==== mon_map magic: 0 v1 ==== 229+0+0 (secure 0 0 0) 0x7f21240246e0 con 0x7f213c106e60
2024-04-26T09:47:11.334 INFO:teuthology.orchestra.run.smithi055.stdout:/usr/bin/ceph: stderr
2024-04-26T09:47:10.558+0000 7f21408cd700 1 -- 172.21.15.55:0/205016451 --> [v2:172.21.15.55:3300/0,v1:172.21.15.55:6789/0] -- mon_subscribe({osdmap=0}) v3 -- 0x7f213c19ac60 con 0x7f213c106e60
2024-04-26T09:47:11.334 INFO:teuthology.orchestra.run.smithi055.stdout:/usr/bin/ceph: stderr
2024-04-26T09:47:10.559+0000 7f21337fe700 1 -- 172.21.15.55:0/205016451 <== mon.0 v2:172.21.15.55:3300/0 4 ==== mgrmap(e 4) v1 ==== 45545+0+0 (secure 0 0 0) 0x7f212402d3f0 con 0x7f213c106e60
2024-04-26T09:47:11.334 INFO:teuthology.orchestra.run.smithi055.stdout:/usr/bin/ceph: stderr
2024-04-26T09:47:10.559+0000 7f21337fe700 1 --2- 172.21.15.55:0/205016451 >> [v2:172.21.15.55:6800/3443293074,v1:172.21.15.55:6801/3443293074] conn(0x7f21280386d0 0x7f212803ab90 unknown :-1 s=NONE pgs=0 cs=0 l=1 rev1=0 crypto rx=0 tx=0 comp rx=0 tx=0).connect
2024-04-26T09:47:11.334 INFO:teuthology.orchestra.run.smithi055.stdout:/usr/bin/ceph: stderr
2024-04-26T09:47:10.559+0000 7f21337fe700 1 -- 172.21.15.55:0/205016451 <== mon.0 v2:172.21.15.55:3300/0 5 ==== osd_map(1..1 src has 1..1) v4 ==== 725+0+0 (secure 0 0 0) 0x7f212404c780 con 0x7f213c106e60
2024-04-26T09:47:11.334 INFO:teuthology.orchestra.run.smithi055.stdout:/usr/bin/ceph: stderr
2024-04-26T09:47:10.559+0000 7f2139d9b700 1 --2- 172.21.15.55:0/205016451 >> [v2:172.21.15.55:6800/3443293074,v1:172.21.15.55:6801/3443293074] conn(0x7f21280386d0 0x7f212803ab90 unknown :-1 s=BANNER_CONNECTING pgs=0 cs=0 l=1 rev1=0 crypto rx=0 tx=0 comp rx=0 tx=0)._handle_peer_banner_payload supported=3 required=0
2024-04-26T09:47:11.334 INFO:teuthology.orchestra.run.smithi055.stdout:/usr/bin/ceph: stderr
2024-04-26T09:47:10.559+0000 7f21408cd700 1 -- 172.21.15.55:0/205016451 --> [v2:172.21.15.55:3300/0,v1:172.21.15.55:6789/0] -- mon_command({"prefix": "get_command_descriptions"} v 0) v1 -- 0x7f213c04f0d0 con 0x7f213c106e60
2024-04-26T09:47:11.334 INFO:teuthology.orchestra.run.smithi055.stdout:/usr/bin/ceph: stderr
2024-04-26T09:47:10.559+0000 7f2139d9b700 1 --2- 172.21.15.55:0/205016451 >> [v2:172.21.15.55:6800/3443293074,v1:172.21.15.55:6801/3443293074] conn(0x7f21280386d0 0x7f212803ab90 secure :-1 s=READY pgs=7 cs=0 l=1 rev1=1 crypto rx=0x7f212c006fd0 tx=0x7f212c006e40 comp rx=0 tx=0).ready entity=mgr.14100 client_cookie=0 server_cookie=0 in_seq=0 out_seq=0
2024-04-26T09:47:11.334 INFO:teuthology.orchestra.run.smithi055.stdout:/usr/bin/ceph: stderr
2024-04-26T09:47:10.564+0000 7f21337fe700 1 -- 172.21.15.55:0/205016451 <== mon.0 v2:172.21.15.55:3300/0 6 ==== mon_command_ack([{"prefix": "get_command_descriptions"}]=0 v0) v1 ==== 72+0+183351 (secure 0 0 0) 0x7f2124010970 con 0x7f213c106e60
2024-04-26T09:47:11.335 INFO:teuthology.orchestra.run.smithi055.stdout:/usr/bin/ceph: stderr
2024-04-26T09:47:10.768+0000 7f21408cd700 1 -- 172.21.15.55:0/205016451 --> [v2:172.21.15.55:3300/0,v1:172.21.15.55:6789/0] -- mon_command({"prefix": "config assimilate-conf"} v 0) v1 -- 0x7f213c10a4b0 con 0x7f213c106e60
2024-04-26T09:47:11.335 INFO:teuthology.orchestra.run.smithi055.stdout:/usr/bin/ceph: stderr
2024-04-26T09:47:10.769+0000 7f21337fe700 1 -- 172.21.15.55:0/205016451 <== mon.0 v2:172.21.15.55:3300/0 7 ==== mon_command_ack([{"prefix": "config assimilate-conf"}]=0 v3) v1 ==== 70+0+373 (secure 0 0 0) 0x7f212400b3e0 con 0x7f213c106e60
2024-04-26T09:47:11.335 INFO:teuthology.orchestra.run.smithi055.stdout:/usr/bin/ceph: stderr
2024-04-26T09:47:10.771+0000 7f21408cd700 1 -- 172.21.15.55:0/205016451 >> [v2:172.21.15.55:6800/3443293074,v1:172.21.15.55:6801/3443293074] conn(0x7f21280386d0 msgr2=0x7f212803ab90 secure :-1 s=STATE_CONNECTION_ESTABLISHED l=1).mark_down
2024-04-26T09:47:11.335 INFO:teuthology.orchestra.run.smithi055.stdout:/usr/bin/ceph: stderr
2024-04-26T09:47:10.771+0000 7f21408cd700 1 --2- 172.21.15.55:0/205016451 >> [v2:172.21.15.55:6800/3443293074,v1:172.21.15.55:6801/3443293074] conn(0x7f21280386d0 0x7f212803ab90 secure :-1 s=READY pgs=7 cs=0 l=1 rev1=1 crypto rx=0x7f212c006fd0 tx=0x7f212c006e40 comp rx=0 tx=0).stop
2024-04-26T09:47:11.335 INFO:teuthology.orchestra.run.smithi055.stdout:/usr/bin/ceph: stderr
2024-04-26T09:47:10.771+0000 7f21408cd700 1 -- 172.21.15.55:0/205016451 >> [v2:172.21.15.55:3300/0,v1:172.21.15.55:6789/0] conn(0x7f213c106e60 msgr2=0x7f213c19a080 secure :-1 s=STATE_CONNECTION_ESTABLISHED l=1).mark_down
2024-04-26T09:47:11.335 INFO:teuthology.orchestra.run.smithi055.stdout:/usr/bin/ceph: stderr
2024-04-26T09:47:10.771+0000 7f21408cd700 1 --2- 172.21.15.55:0/205016451 >> [v2:172.21.15.55:3300/0,v1:172.21.15.55:6789/0] conn(0x7f213c106e60 0x7f213c19a080 secure :-1 s=READY pgs=19 cs=0 l=1 rev1=1 crypto rx=0x7f2124009130 tx=0x7f2124011a30 comp rx=0 tx=0).stop
2024-04-26T09:47:11.335 INFO:teuthology.orchestra.run.smithi055.stdout:/usr/bin/ceph: stderr
2024-04-26T09:47:10.771+0000 7f21408cd700 1 -- 172.21.15.55:0/205016451 shutdown_connections
2024-04-26T09:47:11.335 INFO:teuthology.orchestra.run.smithi055.stdout:/usr/bin/ceph: stderr
2024-04-26T09:47:10.771+0000 7f21408cd700 1 --2- 172.21.15.55:0/205016451 >> [v2:172.21.15.55:6800/3443293074,v1:172.21.15.55:6801/3443293074] conn(0x7f21280386d0 0x7f212803ab90 unknown :-1 s=CLOSED pgs=7 cs=0 l=1 rev1=1 crypto rx=0 tx=0 comp rx=0 tx=0).stop
2024-04-26T09:47:11.335 INFO:teuthology.orchestra.run.smithi055.stdout:/usr/bin/ceph: stderr
2024-04-26T09:47:10.771+0000 7f21408cd700 1 --2- 172.21.15.55:0/205016451 >> [v2:172.21.15.55:3300/0,v1:172.21.15.55:6789/0] conn(0x7f213c106e60 0x7f213c19a080 unknown :-1 s=CLOSED pgs=19 cs=0 l=1 rev1=1 crypto rx=0 tx=0 comp rx=0 tx=0).stop
2024-04-26T09:47:11.335 INFO:teuthology.orchestra.run.smithi055.stdout:/usr/bin/ceph: stderr
2024-04-26T09:47:10.771+0000 7f21408cd700 1 -- 172.21.15.55:0/205016451 >> 172.21.15.55:0/205016451 conn(0x7f213c100890 msgr2=0x7f213c101440 unknown :-1 s=STATE_NONE l=0).mark_down
2024-04-26T09:47:11.335 INFO:teuthology.orchestra.run.smithi055.stdout:/usr/bin/ceph: stderr
2024-04-26T09:47:10.771+0000 7f21408cd700 1 -- 172.21.15.55:0/205016451 shutdown_connections
2024-04-26T09:47:11.335 INFO:teuthology.orchestra.run.smithi055.stdout:/usr/bin/ceph: stderr
2024-04-26T09:47:10.771+0000 7f21408cd700 1 -- 172.21.15.55:0/205016451 wait complete.
2024-04-26T09:47:11.335 INFO:teuthology.orchestra.run.smithi055.stdout:Enabling cephadm module...
2024-04-26T09:47:12.438 INFO:journalctl@ceph.mon.smithi055.smithi055.stdout:Apr 26 09:47:12 smithi055 ceph-mon[68790]: from='client.? 172.21.15.55:0/3682288400' entity='client.admin' cmd=[{"prefix": "mgr module enable", "module": "cephadm"}]: dispatch
2024-04-26T09:47:12.789 INFO:teuthology.orchestra.run.smithi055.stdout:/usr/bin/ceph: stderr
2024-04-26T09:47:11.823+0000 7f8481099700 1 Processor -- start
2024-04-26T09:47:12.795 INFO:teuthology.orchestra.run.smithi055.stdout:/usr/bin/ceph: stderr
2024-04-26T09:47:11.823+0000 7f8481099700 1 -- start start
2024-04-26T09:47:12.795 INFO:teuthology.orchestra.run.smithi055.stdout:/usr/bin/ceph: stderr
2024-04-26T09:47:11.823+0000 7f8481099700 1 --2- >> [v2:172.21.15.55:3300/0,v1:172.21.15.55:6789/0] conn(0x7f847c106de0 0x7f847c1091d0 unknown :-1 s=NONE pgs=0 cs=0 l=0 rev1=0 crypto rx=0 tx=0 comp rx=0 tx=0).connect
2024-04-26T09:47:12.795 INFO:teuthology.orchestra.run.smithi055.stdout:/usr/bin/ceph: stderr
2024-04-26T09:47:11.823+0000 7f8481099700 1 -- --> [v2:172.21.15.55:3300/0,v1:172.21.15.55:6789/0] -- mon_getmap magic: 0 v1 -- 0x7f847c079e20 con 0x7f847c106de0
2024-04-26T09:47:12.795 INFO:teuthology.orchestra.run.smithi055.stdout:/usr/bin/ceph: stderr
2024-04-26T09:47:11.824+0000 7f847ad9d700 1 --2- >> [v2:172.21.15.55:3300/0,v1:172.21.15.55:6789/0] conn(0x7f847c106de0 0x7f847c1091d0 unknown :-1 s=BANNER_CONNECTING pgs=0 cs=0 l=0 rev1=0 crypto rx=0 tx=0 comp rx=0 tx=0)._handle_peer_banner_payload supported=3 required=0
2024-04-26T09:47:12.795 INFO:teuthology.orchestra.run.smithi055.stdout:/usr/bin/ceph: stderr
2024-04-26T09:47:11.824+0000 7f847ad9d700 1 --2- >> [v2:172.21.15.55:3300/0,v1:172.21.15.55:6789/0] conn(0x7f847c106de0 0x7f847c1091d0 unknown :-1 s=HELLO_CONNECTING pgs=0 cs=0 l=0 rev1=1 crypto rx=0 tx=0 comp rx=0 tx=0).handle_hello peer v2:172.21.15.55:3300/0 says I am v2:172.21.15.55:55886/0 (socket says 172.21.15.55:55886)
2024-04-26T09:47:12.795 INFO:teuthology.orchestra.run.smithi055.stdout:/usr/bin/ceph: stderr
2024-04-26T09:47:11.824+0000 7f847ad9d700 1 -- 172.21.15.55:0/3789254661 learned_addr learned my addr 172.21.15.55:0/3789254661 (peer_addr_for_me v2:172.21.15.55:0/0)
2024-04-26T09:47:12.795 INFO:teuthology.orchestra.run.smithi055.stdout:/usr/bin/ceph: stderr
2024-04-26T09:47:11.824+0000 7f847ad9d700 1 -- 172.21.15.55:0/3789254661 --> [v2:172.21.15.55:3300/0,v1:172.21.15.55:6789/0] -- mon_subscribe({config=0+,monmap=0+}) v3 -- 0x7f847c109710 con 0x7f847c106de0
2024-04-26T09:47:12.795 INFO:teuthology.orchestra.run.smithi055.stdout:/usr/bin/ceph: stderr
2024-04-26T09:47:11.824+0000 7f847ad9d700 1 --2- 172.21.15.55:0/3789254661 >> [v2:172.21.15.55:3300/0,v1:172.21.15.55:6789/0] conn(0x7f847c106de0 0x7f847c1091d0 secure :-1 s=READY pgs=20 cs=0 l=1 rev1=1 crypto rx=0x7f846c0098a0 tx=0x7f846c009bb0 comp rx=0 tx=0).ready entity=mon.0 client_cookie=b574b394aba3ef64 server_cookie=0 in_seq=0 out_seq=0
2024-04-26T09:47:12.795 INFO:teuthology.orchestra.run.smithi055.stdout:/usr/bin/ceph: stderr
2024-04-26T09:47:11.824+0000 7f8479d9b700 1 -- 172.21.15.55:0/3789254661 <== mon.0 v2:172.21.15.55:3300/0 1 ==== mon_map magic: 0 v1 ==== 229+0+0 (secure 0 0 0) 0x7f846c004180 con 0x7f847c106de0
2024-04-26T09:47:12.795 INFO:teuthology.orchestra.run.smithi055.stdout:/usr/bin/ceph: stderr
2024-04-26T09:47:11.824+0000 7f8479d9b700 1 -- 172.21.15.55:0/3789254661 <== mon.0 v2:172.21.15.55:3300/0 2 ==== config(26 keys) v1 ==== 1007+0+0 (secure 0 0 0) 0x7f846c0042e0 con 0x7f847c106de0
2024-04-26T09:47:12.796 INFO:teuthology.orchestra.run.smithi055.stdout:/usr/bin/ceph: stderr
2024-04-26T09:47:11.824+0000 7f8479d9b700 1 -- 172.21.15.55:0/3789254661 <== mon.0 v2:172.21.15.55:3300/0 3 ==== mon_map magic: 0 v1 ==== 229+0+0 (secure 0 0 0) 0x7f846c0119d0 con 0x7f847c106de0
2024-04-26T09:47:12.796 INFO:teuthology.orchestra.run.smithi055.stdout:/usr/bin/ceph: stderr
2024-04-26T09:47:11.825+0000 7f8481099700 1 -- 172.21.15.55:0/3789254661 >> [v2:172.21.15.55:3300/0,v1:172.21.15.55:6789/0] conn(0x7f847c106de0 msgr2=0x7f847c1091d0 secure :-1 s=STATE_CONNECTION_ESTABLISHED l=1).mark_down
2024-04-26T09:47:12.796 INFO:teuthology.orchestra.run.smithi055.stdout:/usr/bin/ceph: stderr
2024-04-26T09:47:11.825+0000 7f8481099700 1 --2- 172.21.15.55:0/3789254661 >> [v2:172.21.15.55:3300/0,v1:172.21.15.55:6789/0] conn(0x7f847c106de0 0x7f847c1091d0 secure :-1 s=READY pgs=20 cs=0 l=1 rev1=1 crypto rx=0x7f846c0098a0 tx=0x7f846c009bb0 comp rx=0 tx=0).stop
2024-04-26T09:47:12.796 INFO:teuthology.orchestra.run.smithi055.stdout:/usr/bin/ceph: stderr
2024-04-26T09:47:11.825+0000 7f8481099700 1 -- 172.21.15.55:0/3789254661 shutdown_connections
2024-04-26T09:47:12.796 INFO:teuthology.orchestra.run.smithi055.stdout:/usr/bin/ceph: stderr
2024-04-26T09:47:11.825+0000 7f8481099700 1 --2- 172.21.15.55:0/3789254661 >> [v2:172.21.15.55:3300/0,v1:172.21.15.55:6789/0] conn(0x7f847c106de0 0x7f847c1091d0 unknown :-1 s=CLOSED pgs=20 cs=0 l=1 rev1=1 crypto rx=0 tx=0 comp rx=0 tx=0).stop
2024-04-26T09:47:12.796 INFO:teuthology.orchestra.run.smithi055.stdout:/usr/bin/ceph: stderr
2024-04-26T09:47:11.825+0000 7f8481099700 1 -- 172.21.15.55:0/3789254661 >> 172.21.15.55:0/3789254661 conn(0x7f847c100830 msgr2=0x7f847c102c50 unknown :-1 s=STATE_NONE l=0).mark_down
2024-04-26T09:47:12.796 INFO:teuthology.orchestra.run.smithi055.stdout:/usr/bin/ceph: stderr
2024-04-26T09:47:11.825+0000 7f8481099700 1 -- 172.21.15.55:0/3789254661 shutdown_connections
2024-04-26T09:47:12.796 INFO:teuthology.orchestra.run.smithi055.stdout:/usr/bin/ceph: stderr
2024-04-26T09:47:11.825+0000 7f8481099700 1 -- 172.21.15.55:0/3789254661 wait complete.
2024-04-26T09:47:12.796 INFO:teuthology.orchestra.run.smithi055.stdout:/usr/bin/ceph: stderr
2024-04-26T09:47:11.825+0000 7f8481099700 1 Processor -- start
2024-04-26T09:47:12.796 INFO:teuthology.orchestra.run.smithi055.stdout:/usr/bin/ceph: stderr
2024-04-26T09:47:11.826+0000 7f8481099700 1 -- start start
2024-04-26T09:47:12.796 INFO:teuthology.orchestra.run.smithi055.stdout:/usr/bin/ceph: stderr
2024-04-26T09:47:11.826+0000 7f8481099700 1 --2- >> [v2:172.21.15.55:3300/0,v1:172.21.15.55:6789/0] conn(0x7f847c106de0 0x7f847c19a020 unknown :-1 s=NONE pgs=0 cs=0 l=1 rev1=0 crypto rx=0 tx=0 comp rx=0 tx=0).connect
2024-04-26T09:47:12.796 INFO:teuthology.orchestra.run.smithi055.stdout:/usr/bin/ceph: stderr
2024-04-26T09:47:11.826+0000 7f8481099700 1 -- --> [v2:172.21.15.55:3300/0,v1:172.21.15.55:6789/0] -- mon_getmap magic: 0 v1 -- 0x7f847c19a560 con 0x7f847c106de0
2024-04-26T09:47:12.796 INFO:teuthology.orchestra.run.smithi055.stdout:/usr/bin/ceph: stderr
2024-04-26T09:47:11.826+0000 7f847ad9d700 1 --2- >> [v2:172.21.15.55:3300/0,v1:172.21.15.55:6789/0] conn(0x7f847c106de0 0x7f847c19a020 unknown :-1 s=BANNER_CONNECTING pgs=0 cs=0 l=1 rev1=0 crypto rx=0 tx=0 comp rx=0 tx=0)._handle_peer_banner_payload supported=3 required=0
2024-04-26T09:47:12.796 INFO:teuthology.orchestra.run.smithi055.stdout:/usr/bin/ceph: stderr
2024-04-26T09:47:11.826+0000 7f847ad9d700 1 --2- >> [v2:172.21.15.55:3300/0,v1:172.21.15.55:6789/0] conn(0x7f847c106de0 0x7f847c19a020 unknown :-1 s=HELLO_CONNECTING pgs=0 cs=0 l=1 rev1=1 crypto rx=0 tx=0 comp rx=0 tx=0).handle_hello peer v2:172.21.15.55:3300/0 says I am v2:172.21.15.55:55892/0 (socket says 172.21.15.55:55892)
2024-04-26T09:47:12.797 INFO:teuthology.orchestra.run.smithi055.stdout:/usr/bin/ceph: stderr
2024-04-26T09:47:11.826+0000 7f847ad9d700 1 -- 172.21.15.55:0/3682288400 learned_addr learned my addr 172.21.15.55:0/3682288400 (peer_addr_for_me v2:172.21.15.55:0/0)
2024-04-26T09:47:12.797 INFO:teuthology.orchestra.run.smithi055.stdout:/usr/bin/ceph: stderr
2024-04-26T09:47:11.826+0000 7f847ad9d700 1 -- 172.21.15.55:0/3682288400 --> [v2:172.21.15.55:3300/0,v1:172.21.15.55:6789/0] -- mon_subscribe({config=0+,monmap=0+}) v3 -- 0x7f846c009550 con 0x7f847c106de0
2024-04-26T09:47:12.797 INFO:teuthology.orchestra.run.smithi055.stdout:/usr/bin/ceph: stderr
2024-04-26T09:47:11.826+0000 7f847ad9d700 1 --2- 172.21.15.55:0/3682288400 >> [v2:172.21.15.55:3300/0,v1:172.21.15.55:6789/0] conn(0x7f847c106de0 0x7f847c19a020 secure :-1 s=READY pgs=21 cs=0 l=1 rev1=1 crypto rx=0x7f846c009130 tx=0x7f846c011a30 comp rx=0 tx=0).ready entity=mon.0 client_cookie=0 server_cookie=0 in_seq=0 out_seq=0
2024-04-26T09:47:12.797 INFO:teuthology.orchestra.run.smithi055.stdout:/usr/bin/ceph: stderr
2024-04-26T09:47:11.827+0000 7f8463fff700 1 -- 172.21.15.55:0/3682288400 <== mon.0 v2:172.21.15.55:3300/0 1 ==== mon_map magic: 0 v1 ==== 229+0+0 (secure 0 0 0) 0x7f846c003a00 con 0x7f847c106de0
2024-04-26T09:47:12.797 INFO:teuthology.orchestra.run.smithi055.stdout:/usr/bin/ceph: stderr
2024-04-26T09:47:11.827+0000 7f8463fff700 1 -- 172.21.15.55:0/3682288400 <== mon.0 v2:172.21.15.55:3300/0 2 ==== config(26 keys) v1 ==== 1007+0+0 (secure 0 0 0) 0x7f846c01a880 con 0x7f847c106de0
2024-04-26T09:47:12.797 INFO:teuthology.orchestra.run.smithi055.stdout:/usr/bin/ceph: stderr
2024-04-26T09:47:11.827+0000 7f8481099700 1 -- 172.21.15.55:0/3682288400 --> [v2:172.21.15.55:3300/0,v1:172.21.15.55:6789/0] -- mon_subscribe({mgrmap=0+}) v3 -- 0x7f847c19a760 con 0x7f847c106de0
2024-04-26T09:47:12.797 INFO:teuthology.orchestra.run.smithi055.stdout:/usr/bin/ceph: stderr
2024-04-26T09:47:11.827+0000 7f8463fff700 1 -- 172.21.15.55:0/3682288400 <== mon.0 v2:172.21.15.55:3300/0 3 ==== mon_map magic: 0 v1 ==== 229+0+0 (secure 0 0 0) 0x7f846c0197b0 con 0x7f847c106de0
2024-04-26T09:47:12.797 INFO:teuthology.orchestra.run.smithi055.stdout:/usr/bin/ceph: stderr
2024-04-26T09:47:11.827+0000 7f8481099700 1 -- 172.21.15.55:0/3682288400 --> [v2:172.21.15.55:3300/0,v1:172.21.15.55:6789/0] -- mon_subscribe({osdmap=0}) v3 -- 0x7f847c19ac00 con 0x7f847c106de0
2024-04-26T09:47:12.797 INFO:teuthology.orchestra.run.smithi055.stdout:/usr/bin/ceph: stderr
2024-04-26T09:47:11.828+0000 7f8463fff700 1 -- 172.21.15.55:0/3682288400 <== mon.0 v2:172.21.15.55:3300/0 4 ==== mgrmap(e 4) v1 ==== 45545+0+0 (secure 0 0 0) 0x7f846c019a70 con 0x7f847c106de0
2024-04-26T09:47:12.797 INFO:teuthology.orchestra.run.smithi055.stdout:/usr/bin/ceph: stderr
2024-04-26T09:47:11.828+0000 7f8463fff700 1 --2- 172.21.15.55:0/3682288400 >> [v2:172.21.15.55:6800/3443293074,v1:172.21.15.55:6801/3443293074] conn(0x7f8464038680 0x7f846403ab40 unknown :-1 s=NONE pgs=0 cs=0 l=1 rev1=0 crypto rx=0 tx=0 comp rx=0 tx=0).connect
2024-04-26T09:47:12.797 INFO:teuthology.orchestra.run.smithi055.stdout:/usr/bin/ceph: stderr
2024-04-26T09:47:11.828+0000 7f8481099700 1 -- 172.21.15.55:0/3682288400 --> [v2:172.21.15.55:3300/0,v1:172.21.15.55:6789/0] -- mon_command({"prefix": "get_command_descriptions"} v 0) v1 -- 0x7f847c10a430 con 0x7f847c106de0
2024-04-26T09:47:12.797 INFO:teuthology.orchestra.run.smithi055.stdout:/usr/bin/ceph: stderr
2024-04-26T09:47:11.828+0000 7f8463fff700 1 -- 172.21.15.55:0/3682288400 <== mon.0 v2:172.21.15.55:3300/0 5 ==== osd_map(1..1 src has 1..1) v4 ==== 725+0+0 (secure 0 0 0) 0x7f846c04cc80 con 0x7f847c106de0
2024-04-26T09:47:12.797 INFO:teuthology.orchestra.run.smithi055.stdout:/usr/bin/ceph: stderr
2024-04-26T09:47:11.828+0000 7f847a59c700 1 --2- 172.21.15.55:0/3682288400 >> [v2:172.21.15.55:6800/3443293074,v1:172.21.15.55:6801/3443293074] conn(0x7f8464038680 0x7f846403ab40 unknown :-1 s=BANNER_CONNECTING pgs=0 cs=0 l=1 rev1=0 crypto rx=0 tx=0 comp rx=0 tx=0)._handle_peer_banner_payload supported=3 required=0
2024-04-26T09:47:12.797 INFO:teuthology.orchestra.run.smithi055.stdout:/usr/bin/ceph: stderr
2024-04-26T09:47:11.828+0000 7f847a59c700 1 --2- 172.21.15.55:0/3682288400 >> [v2:172.21.15.55:6800/3443293074,v1:172.21.15.55:6801/3443293074] conn(0x7f8464038680 0x7f846403ab40 secure :-1 s=READY pgs=8 cs=0 l=1 rev1=1 crypto rx=0x7f8470006fd0 tx=0x7f8470006e40 comp rx=0 tx=0).ready entity=mgr.14100 client_cookie=0 server_cookie=0 in_seq=0 out_seq=0
2024-04-26T09:47:12.798 INFO:teuthology.orchestra.run.smithi055.stdout:/usr/bin/ceph: stderr
2024-04-26T09:47:11.833+0000 7f8463fff700 1 -- 172.21.15.55:0/3682288400 <== mon.0 v2:172.21.15.55:3300/0 6 ==== mon_command_ack([{"prefix": "get_command_descriptions"}]=0 v0) v1 ==== 72+0+183351 (secure 0 0 0) 0x7f846c02c3a0 con 0x7f847c106de0
2024-04-26T09:47:12.798 INFO:teuthology.orchestra.run.smithi055.stdout:/usr/bin/ceph: stderr
2024-04-26T09:47:12.092+0000 7f8481099700 1 -- 172.21.15.55:0/3682288400 --> [v2:172.21.15.55:3300/0,v1:172.21.15.55:6789/0] -- mon_command({"prefix": "mgr module enable", "module": "cephadm"} v 0) v1 -- 0x7f847c19d490 con 0x7f847c106de0
2024-04-26T09:47:12.798 INFO:teuthology.orchestra.run.smithi055.stdout:/usr/bin/ceph: stderr
2024-04-26T09:47:12.145+0000 7f8463fff700 1 -- 172.21.15.55:0/3682288400 <== mon.0 v2:172.21.15.55:3300/0 7 ==== mgrmap(e 5) v1 ==== 45556+0+0 (secure 0 0 0) 0x7f846c019d20 con 0x7f847c106de0
2024-04-26T09:47:12.798 INFO:teuthology.orchestra.run.smithi055.stdout:/usr/bin/ceph: stderr
2024-04-26T09:47:12.146+0000 7f8463fff700 1 -- 172.21.15.55:0/3682288400 <== mon.0 v2:172.21.15.55:3300/0 8 ==== mon_command_ack([{"prefix": "mgr module enable", "module": "cephadm"}]=0 v5) v1 ==== 86+0+0 (secure 0 0 0) 0x7f846c023550 con 0x7f847c106de0
2024-04-26T09:47:12.798 INFO:teuthology.orchestra.run.smithi055.stdout:/usr/bin/ceph: stderr
2024-04-26T09:47:12.148+0000 7f8481099700 1 -- 172.21.15.55:0/3682288400 >> [v2:172.21.15.55:6800/3443293074,v1:172.21.15.55:6801/3443293074] conn(0x7f8464038680 msgr2=0x7f846403ab40 secure :-1 s=STATE_CONNECTION_ESTABLISHED l=1).mark_down
2024-04-26T09:47:12.798 INFO:teuthology.orchestra.run.smithi055.stdout:/usr/bin/ceph: stderr
2024-04-26T09:47:12.148+0000 7f8481099700 1 --2- 172.21.15.55:0/3682288400 >> [v2:172.21.15.55:6800/3443293074,v1:172.21.15.55:6801/3443293074] conn(0x7f8464038680 0x7f846403ab40 secure :-1 s=READY pgs=8 cs=0 l=1 rev1=1 crypto rx=0x7f8470006fd0 tx=0x7f8470006e40 comp rx=0 tx=0).stop
2024-04-26T09:47:12.798 INFO:teuthology.orchestra.run.smithi055.stdout:/usr/bin/ceph: stderr
2024-04-26T09:47:12.148+0000 7f8481099700 1 -- 172.21.15.55:0/3682288400 >> [v2:172.21.15.55:3300/0,v1:172.21.15.55:6789/0] conn(0x7f847c106de0 msgr2=0x7f847c19a020 secure :-1 s=STATE_CONNECTION_ESTABLISHED l=1).mark_down
2024-04-26T09:47:12.798 INFO:teuthology.orchestra.run.smithi055.stdout:/usr/bin/ceph: stderr
2024-04-26T09:47:12.148+0000 7f8481099700 1 --2- 172.21.15.55:0/3682288400 >> [v2:172.21.15.55:3300/0,v1:172.21.15.55:6789/0] conn(0x7f847c106de0 0x7f847c19a020 secure :-1 s=READY pgs=21 cs=0 l=1 rev1=1 crypto rx=0x7f846c009130 tx=0x7f846c011a30 comp rx=0 tx=0).stop
2024-04-26T09:47:12.798 INFO:teuthology.orchestra.run.smithi055.stdout:/usr/bin/ceph: stderr
2024-04-26T09:47:12.148+0000 7f8481099700 1 -- 172.21.15.55:0/3682288400 shutdown_connections
2024-04-26T09:47:12.798 INFO:teuthology.orchestra.run.smithi055.stdout:/usr/bin/ceph: stderr
2024-04-26T09:47:12.148+0000 7f8481099700 1 --2- 172.21.15.55:0/3682288400 >> [v2:172.21.15.55:6800/3443293074,v1:172.21.15.55:6801/3443293074] conn(0x7f8464038680 0x7f846403ab40 unknown :-1 s=CLOSED pgs=8 cs=0 l=1 rev1=1 crypto rx=0 tx=0 comp rx=0 tx=0).stop
2024-04-26T09:47:12.798 INFO:teuthology.orchestra.run.smithi055.stdout:/usr/bin/ceph: stderr
2024-04-26T09:47:12.148+0000 7f8481099700 1 --2- 172.21.15.55:0/3682288400 >> [v2:172.21.15.55:3300/0,v1:172.21.15.55:6789/0] conn(0x7f847c106de0 0x7f847c19a020 unknown :-1 s=CLOSED pgs=21 cs=0 l=1 rev1=1 crypto rx=0 tx=0 comp rx=0 tx=0).stop
2024-04-26T09:47:12.798 INFO:teuthology.orchestra.run.smithi055.stdout:/usr/bin/ceph: stderr
2024-04-26T09:47:12.148+0000 7f8481099700 1 -- 172.21.15.55:0/3682288400 >> 172.21.15.55:0/3682288400 conn(0x7f847c100830 msgr2=0x7f847c1013c0 unknown :-1 s=STATE_NONE l=0).mark_down
2024-04-26T09:47:12.798 INFO:teuthology.orchestra.run.smithi055.stdout:/usr/bin/ceph: stderr
2024-04-26T09:47:12.149+0000 7f8481099700 1 -- 172.21.15.55:0/3682288400 shutdown_connections
2024-04-26T09:47:12.799 INFO:teuthology.orchestra.run.smithi055.stdout:/usr/bin/ceph: stderr
2024-04-26T09:47:12.149+0000 7f8481099700 1 -- 172.21.15.55:0/3682288400 wait complete.
2024-04-26T09:47:13.378 INFO:journalctl@ceph.mon.smithi055.smithi055.stdout:Apr 26 09:47:13 smithi055 ceph-mon[68790]: from='client.? 172.21.15.55:0/3682288400' entity='client.admin' cmd='[{"prefix": "mgr module enable", "module": "cephadm"}]': finished
2024-04-26T09:47:13.378 INFO:journalctl@ceph.mon.smithi055.smithi055.stdout:Apr 26 09:47:13 smithi055 ceph-mon[68790]: mgrmap e5: smithi055.esfihh(active, since 9s)
2024-04-26T09:47:14.211 INFO:teuthology.orchestra.run.smithi055.stdout:/usr/bin/ceph: stdout {
2024-04-26T09:47:14.211 INFO:teuthology.orchestra.run.smithi055.stdout:/usr/bin/ceph: stdout "epoch": 5,
2024-04-26T09:47:14.211 INFO:teuthology.orchestra.run.smithi055.stdout:/usr/bin/ceph: stdout "available": true,
2024-04-26T09:47:14.211 INFO:teuthology.orchestra.run.smithi055.stdout:/usr/bin/ceph: stdout "active_name": "smithi055.esfihh",
2024-04-26T09:47:14.211 INFO:teuthology.orchestra.run.smithi055.stdout:/usr/bin/ceph: stdout "num_standby": 0
2024-04-26T09:47:14.211 INFO:teuthology.orchestra.run.smithi055.stdout:/usr/bin/ceph: stdout }
2024-04-26T09:47:14.211 INFO:teuthology.orchestra.run.smithi055.stdout:/usr/bin/ceph: stderr
2024-04-26T09:47:13.355+0000 7fd8d2d21700 1 Processor -- start
2024-04-26T09:47:14.212 INFO:teuthology.orchestra.run.smithi055.stdout:/usr/bin/ceph: stderr
2024-04-26T09:47:13.355+0000 7fd8d2d21700 1 -- start start
2024-04-26T09:47:14.212 INFO:teuthology.orchestra.run.smithi055.stdout:/usr/bin/ceph: stderr
2024-04-26T09:47:13.355+0000 7fd8d2d21700 1 --2- >> [v2:172.21.15.55:3300/0,v1:172.21.15.55:6789/0] conn(0x7fd8cc106e00 0x7fd8cc1091f0 unknown :-1 s=NONE pgs=0 cs=0 l=0 rev1=0 crypto rx=0 tx=0 comp rx=0 tx=0).connect
2024-04-26T09:47:14.212 INFO:teuthology.orchestra.run.smithi055.stdout:/usr/bin/ceph: stderr
2024-04-26T09:47:13.355+0000 7fd8d2d21700 1 -- --> [v2:172.21.15.55:3300/0,v1:172.21.15.55:6789/0] -- mon_getmap magic: 0 v1 -- 0x7fd8cc074540 con 0x7fd8cc106e00
2024-04-26T09:47:14.212 INFO:teuthology.orchestra.run.smithi055.stdout:/usr/bin/ceph: stderr
2024-04-26T09:47:13.355+0000 7fd8d0abd700 1 --2- >> [v2:172.21.15.55:3300/0,v1:172.21.15.55:6789/0] conn(0x7fd8cc106e00 0x7fd8cc1091f0 unknown :-1 s=BANNER_CONNECTING pgs=0 cs=0 l=0 rev1=0 crypto rx=0 tx=0 comp rx=0 tx=0)._handle_peer_banner_payload supported=3 required=0
2024-04-26T09:47:14.212 INFO:teuthology.orchestra.run.smithi055.stdout:/usr/bin/ceph: stderr
2024-04-26T09:47:13.355+0000 7fd8d0abd700 1 --2- >> [v2:172.21.15.55:3300/0,v1:172.21.15.55:6789/0] conn(0x7fd8cc106e00 0x7fd8cc1091f0 unknown :-1 s=HELLO_CONNECTING pgs=0 cs=0 l=0 rev1=1 crypto rx=0 tx=0 comp rx=0 tx=0).handle_hello peer v2:172.21.15.55:3300/0 says I am v2:172.21.15.55:55904/0 (socket says 172.21.15.55:55904)
2024-04-26T09:47:14.212 INFO:teuthology.orchestra.run.smithi055.stdout:/usr/bin/ceph: stderr
2024-04-26T09:47:13.355+0000 7fd8d0abd700 1 -- 172.21.15.55:0/3948954742 learned_addr learned my addr 172.21.15.55:0/3948954742 (peer_addr_for_me v2:172.21.15.55:0/0)
2024-04-26T09:47:14.212 INFO:teuthology.orchestra.run.smithi055.stdout:/usr/bin/ceph: stderr
2024-04-26T09:47:13.355+0000 7fd8d0abd700 1 -- 172.21.15.55:0/3948954742 --> [v2:172.21.15.55:3300/0,v1:172.21.15.55:6789/0] -- mon_subscribe({config=0+,monmap=0+}) v3 -- 0x7fd8cc109730 con 0x7fd8cc106e00
2024-04-26T09:47:14.212 INFO:teuthology.orchestra.run.smithi055.stdout:/usr/bin/ceph: stderr
2024-04-26T09:47:13.356+0000 7fd8d0abd700 1 --2- 172.21.15.55:0/3948954742 >> [v2:172.21.15.55:3300/0,v1:172.21.15.55:6789/0] conn(0x7fd8cc106e00 0x7fd8cc1091f0 secure :-1 s=READY pgs=24 cs=0 l=1 rev1=1 crypto rx=0x7fd8c00098a0 tx=0x7fd8c0009bb0 comp rx=0 tx=0).ready entity=mon.0 client_cookie=99b4d504f7498ba7 server_cookie=0 in_seq=0 out_seq=0
2024-04-26T09:47:14.212 INFO:teuthology.orchestra.run.smithi055.stdout:/usr/bin/ceph: stderr
2024-04-26T09:47:13.356+0000 7fd8cb7fe700 1 -- 172.21.15.55:0/3948954742 <== mon.0 v2:172.21.15.55:3300/0 1 ==== mon_map magic: 0 v1 ==== 229+0+0 (secure 0 0 0) 0x7fd8c0004180 con 0x7fd8cc106e00
2024-04-26T09:47:14.212 INFO:teuthology.orchestra.run.smithi055.stdout:/usr/bin/ceph: stderr
2024-04-26T09:47:13.356+0000 7fd8cb7fe700 1 -- 172.21.15.55:0/3948954742 <== mon.0 v2:172.21.15.55:3300/0 2 ==== config(26 keys) v1 ==== 1007+0+0 (secure 0 0 0) 0x7fd8c00042e0 con 0x7fd8cc106e00
2024-04-26T09:47:14.212 INFO:teuthology.orchestra.run.smithi055.stdout:/usr/bin/ceph: stderr
2024-04-26T09:47:13.356+0000 7fd8cb7fe700 1 -- 172.21.15.55:0/3948954742 <== mon.0 v2:172.21.15.55:3300/0 3 ==== mon_map magic: 0 v1 ==== 229+0+0 (secure 0 0 0) 0x7fd8c00119d0 con 0x7fd8cc106e00
2024-04-26T09:47:14.212 INFO:teuthology.orchestra.run.smithi055.stdout:/usr/bin/ceph: stderr
2024-04-26T09:47:13.356+0000 7fd8d2d21700 1 -- 172.21.15.55:0/3948954742 >> [v2:172.21.15.55:3300/0,v1:172.21.15.55:6789/0] conn(0x7fd8cc106e00 msgr2=0x7fd8cc1091f0 secure :-1 s=STATE_CONNECTION_ESTABLISHED l=1).mark_down
2024-04-26T09:47:14.212 INFO:teuthology.orchestra.run.smithi055.stdout:/usr/bin/ceph: stderr
2024-04-26T09:47:13.356+0000 7fd8d2d21700 1 --2- 172.21.15.55:0/3948954742 >> [v2:172.21.15.55:3300/0,v1:172.21.15.55:6789/0] conn(0x7fd8cc106e00 0x7fd8cc1091f0 secure :-1 s=READY pgs=24 cs=0 l=1 rev1=1 crypto rx=0x7fd8c00098a0 tx=0x7fd8c0009bb0 comp rx=0 tx=0).stop
2024-04-26T09:47:14.212 INFO:teuthology.orchestra.run.smithi055.stdout:/usr/bin/ceph: stderr
2024-04-26T09:47:13.356+0000 7fd8d2d21700 1 -- 172.21.15.55:0/3948954742 shutdown_connections
2024-04-26T09:47:14.212 INFO:teuthology.orchestra.run.smithi055.stdout:/usr/bin/ceph: stderr
2024-04-26T09:47:13.356+0000 7fd8d2d21700 1 --2- 172.21.15.55:0/3948954742 >> [v2:172.21.15.55:3300/0,v1:172.21.15.55:6789/0] conn(0x7fd8cc106e00 0x7fd8cc1091f0 unknown :-1 s=CLOSED pgs=24 cs=0 l=1 rev1=1 crypto rx=0 tx=0 comp rx=0 tx=0).stop
2024-04-26T09:47:14.213 INFO:teuthology.orchestra.run.smithi055.stdout:/usr/bin/ceph: stderr
2024-04-26T09:47:13.356+0000 7fd8d2d21700 1 -- 172.21.15.55:0/3948954742 >> 172.21.15.55:0/3948954742 conn(0x7fd8cc100870 msgr2=0x7fd8cc102c90 unknown :-1 s=STATE_NONE l=0).mark_down
2024-04-26T09:47:14.213 INFO:teuthology.orchestra.run.smithi055.stdout:/usr/bin/ceph: stderr
2024-04-26T09:47:13.357+0000 7fd8d2d21700 1 -- 172.21.15.55:0/3948954742 shutdown_connections
2024-04-26T09:47:14.213 INFO:teuthology.orchestra.run.smithi055.stdout:/usr/bin/ceph: stderr
2024-04-26T09:47:13.357+0000 7fd8d2d21700 1 -- 172.21.15.55:0/3948954742 wait complete.
2024-04-26T09:47:14.213 INFO:teuthology.orchestra.run.smithi055.stdout:/usr/bin/ceph: stderr
2024-04-26T09:47:13.357+0000 7fd8d2d21700 1 Processor -- start
2024-04-26T09:47:14.213 INFO:teuthology.orchestra.run.smithi055.stdout:/usr/bin/ceph: stderr
2024-04-26T09:47:13.357+0000 7fd8d2d21700 1 -- start start
2024-04-26T09:47:14.213 INFO:teuthology.orchestra.run.smithi055.stdout:/usr/bin/ceph: stderr
2024-04-26T09:47:13.357+0000 7fd8d2d21700 1 --2- >> [v2:172.21.15.55:3300/0,v1:172.21.15.55:6789/0] conn(0x7fd8cc106e00 0x7fd8cc19a070 unknown :-1 s=NONE pgs=0 cs=0 l=1 rev1=0 crypto rx=0 tx=0 comp rx=0 tx=0).connect
