2024-04-26T04:33:26.681+0000 7fdba3fff700 1 -- 172.21.15.90:0/3028334839 <== mon.0 v2:172.21.15.90:3300/0 2 ==== config(27 keys) v1 ==== 1037+0+0 (secure 0 0 0) 0x7fdba8003e90 con 0x7fdbac079cf0
2024-04-26T04:33:27.481 INFO:teuthology.orchestra.run.smithi090.stdout:/usr/bin/ceph: stderr
2024-04-26T04:33:26.681+0000 7fdba3fff700 1 -- 172.21.15.90:0/3028334839 <== mon.0 v2:172.21.15.90:3300/0 3 ==== mon_map magic: 0 v1 ==== 229+0+0 (secure 0 0 0) 0x7fdba8004380 con 0x7fdbac079cf0
2024-04-26T04:33:27.481 INFO:teuthology.orchestra.run.smithi090.stdout:/usr/bin/ceph: stderr
2024-04-26T04:33:26.682+0000 7fdbb33f6700 1 -- 172.21.15.90:0/3028334839 >> [v2:172.21.15.90:3300/0,v1:172.21.15.90:6789/0] conn(0x7fdbac079cf0 msgr2=0x7fdbac10aad0 secure :-1 s=STATE_CONNECTION_ESTABLISHED l=1).mark_down
2024-04-26T04:33:27.481 INFO:teuthology.orchestra.run.smithi090.stdout:/usr/bin/ceph: stderr
2024-04-26T04:33:26.682+0000 7fdbb33f6700 1 --2- 172.21.15.90:0/3028334839 >> [v2:172.21.15.90:3300/0,v1:172.21.15.90:6789/0] conn(0x7fdbac079cf0 0x7fdbac10aad0 secure :-1 s=READY pgs=37 cs=0 l=1 rev1=1 crypto rx=0x7fdba8009e80 tx=0x7fdba800b330 comp rx=0 tx=0).stop
2024-04-26T04:33:27.481 INFO:teuthology.orchestra.run.smithi090.stdout:/usr/bin/ceph: stderr
2024-04-26T04:33:26.682+0000 7fdbb33f6700 1 -- 172.21.15.90:0/3028334839 shutdown_connections
2024-04-26T04:33:27.481 INFO:teuthology.orchestra.run.smithi090.stdout:/usr/bin/ceph: stderr
2024-04-26T04:33:26.682+0000 7fdbb33f6700 1 --2- 172.21.15.90:0/3028334839 >> [v2:172.21.15.90:3300/0,v1:172.21.15.90:6789/0] conn(0x7fdbac079cf0 0x7fdbac10aad0 unknown :-1 s=CLOSED pgs=37 cs=0 l=1 rev1=1 crypto rx=0 tx=0 comp rx=0 tx=0).stop
2024-04-26T04:33:27.481 INFO:teuthology.orchestra.run.smithi090.stdout:/usr/bin/ceph: stderr
2024-04-26T04:33:26.682+0000 7fdbb33f6700 1 -- 172.21.15.90:0/3028334839 >> 172.21.15.90:0/3028334839 conn(0x7fdbac100060 msgr2=0x7fdbac1024b0 unknown :-1 s=STATE_NONE l=0).mark_down
2024-04-26T04:33:27.482 INFO:teuthology.orchestra.run.smithi090.stdout:/usr/bin/ceph: stderr
2024-04-26T04:33:26.682+0000 7fdbb33f6700 1 -- 172.21.15.90:0/3028334839 shutdown_connections
2024-04-26T04:33:27.482 INFO:teuthology.orchestra.run.smithi090.stdout:/usr/bin/ceph: stderr
2024-04-26T04:33:26.682+0000 7fdbb33f6700 1 -- 172.21.15.90:0/3028334839 wait complete.
2024-04-26T04:33:27.482 INFO:teuthology.orchestra.run.smithi090.stdout:/usr/bin/ceph: stderr
2024-04-26T04:33:26.682+0000 7fdbb33f6700 1 Processor -- start
2024-04-26T04:33:27.482 INFO:teuthology.orchestra.run.smithi090.stdout:/usr/bin/ceph: stderr
2024-04-26T04:33:26.683+0000 7fdbb33f6700 1 -- start start
2024-04-26T04:33:27.482 INFO:teuthology.orchestra.run.smithi090.stdout:/usr/bin/ceph: stderr
2024-04-26T04:33:26.683+0000 7fdbb33f6700 1 --2- >> [v2:172.21.15.90:3300/0,v1:172.21.15.90:6789/0] conn(0x7fdbac19ba50 0x7fdbac19be60 unknown :-1 s=NONE pgs=0 cs=0 l=1 rev1=0 crypto rx=0 tx=0 comp rx=0 tx=0).connect
2024-04-26T04:33:27.482 INFO:teuthology.orchestra.run.smithi090.stdout:/usr/bin/ceph: stderr
2024-04-26T04:33:26.683+0000 7fdbb33f6700 1 -- --> [v2:172.21.15.90:3300/0,v1:172.21.15.90:6789/0] -- mon_getmap magic: 0 v1 -- 0x7fdbac19c3a0 con 0x7fdbac19ba50
2024-04-26T04:33:27.482 INFO:teuthology.orchestra.run.smithi090.stdout:/usr/bin/ceph: stderr
2024-04-26T04:33:26.683+0000 7fdbb1192700 1 --2- >> [v2:172.21.15.90:3300/0,v1:172.21.15.90:6789/0] conn(0x7fdbac19ba50 0x7fdbac19be60 unknown :-1 s=BANNER_CONNECTING pgs=0 cs=0 l=1 rev1=0 crypto rx=0 tx=0 comp rx=0 tx=0)._handle_peer_banner_payload supported=3 required=0
2024-04-26T04:33:27.482 INFO:teuthology.orchestra.run.smithi090.stdout:/usr/bin/ceph: stderr
2024-04-26T04:33:26.683+0000 7fdbb1192700 1 --2- >> [v2:172.21.15.90:3300/0,v1:172.21.15.90:6789/0] conn(0x7fdbac19ba50 0x7fdbac19be60 unknown :-1 s=HELLO_CONNECTING pgs=0 cs=0 l=1 rev1=1 crypto rx=0 tx=0 comp rx=0 tx=0).handle_hello peer v2:172.21.15.90:3300/0 says I am v2:172.21.15.90:53560/0 (socket says 172.21.15.90:53560)
2024-04-26T04:33:27.482 INFO:teuthology.orchestra.run.smithi090.stdout:/usr/bin/ceph: stderr
2024-04-26T04:33:26.683+0000 7fdbb1192700 1 -- 172.21.15.90:0/3157280084 learned_addr learned my addr 172.21.15.90:0/3157280084 (peer_addr_for_me v2:172.21.15.90:0/0)
2024-04-26T04:33:27.482 INFO:teuthology.orchestra.run.smithi090.stdout:/usr/bin/ceph: stderr
2024-04-26T04:33:26.683+0000 7fdbb1192700 1 -- 172.21.15.90:0/3157280084 --> [v2:172.21.15.90:3300/0,v1:172.21.15.90:6789/0] -- mon_subscribe({config=0+,monmap=0+}) v3 -- 0x7fdba8009b30 con 0x7fdbac19ba50
2024-04-26T04:33:27.482 INFO:teuthology.orchestra.run.smithi090.stdout:/usr/bin/ceph: stderr
2024-04-26T04:33:26.683+0000 7fdbb1192700 1 --2- 172.21.15.90:0/3157280084 >> [v2:172.21.15.90:3300/0,v1:172.21.15.90:6789/0] conn(0x7fdbac19ba50 0x7fdbac19be60 secure :-1 s=READY pgs=38 cs=0 l=1 rev1=1 crypto rx=0x7fdba8009e50 tx=0x7fdba8004920 comp rx=0 tx=0).ready entity=mon.0 client_cookie=0 server_cookie=0 in_seq=0 out_seq=0
2024-04-26T04:33:27.482 INFO:teuthology.orchestra.run.smithi090.stdout:/usr/bin/ceph: stderr
2024-04-26T04:33:26.683+0000 7fdba27fc700 1 -- 172.21.15.90:0/3157280084 <== mon.0 v2:172.21.15.90:3300/0 1 ==== mon_map magic: 0 v1 ==== 229+0+0 (secure 0 0 0) 0x7fdba800e040 con 0x7fdbac19ba50
2024-04-26T04:33:27.482 INFO:teuthology.orchestra.run.smithi090.stdout:/usr/bin/ceph: stderr
2024-04-26T04:33:26.683+0000 7fdba27fc700 1 -- 172.21.15.90:0/3157280084 <== mon.0 v2:172.21.15.90:3300/0 2 ==== config(27 keys) v1 ==== 1037+0+0 (secure 0 0 0) 0x7fdba8003cf0 con 0x7fdbac19ba50
2024-04-26T04:33:27.483 INFO:teuthology.orchestra.run.smithi090.stdout:/usr/bin/ceph: stderr
2024-04-26T04:33:26.683+0000 7fdbb33f6700 1 -- 172.21.15.90:0/3157280084 --> [v2:172.21.15.90:3300/0,v1:172.21.15.90:6789/0] -- mon_subscribe({mgrmap=0+}) v3 -- 0x7fdbac19c5a0 con 0x7fdbac19ba50
2024-04-26T04:33:27.483 INFO:teuthology.orchestra.run.smithi090.stdout:/usr/bin/ceph: stderr
2024-04-26T04:33:26.683+0000 7fdba27fc700 1 -- 172.21.15.90:0/3157280084 <== mon.0 v2:172.21.15.90:3300/0 3 ==== mon_map magic: 0 v1 ==== 229+0+0 (secure 0 0 0) 0x7fdba801b770 con 0x7fdbac19ba50
2024-04-26T04:33:27.483 INFO:teuthology.orchestra.run.smithi090.stdout:/usr/bin/ceph: stderr
2024-04-26T04:33:26.683+0000 7fdbb33f6700 1 -- 172.21.15.90:0/3157280084 --> [v2:172.21.15.90:3300/0,v1:172.21.15.90:6789/0] -- mon_subscribe({osdmap=0}) v3 -- 0x7fdbac19f200 con 0x7fdbac19ba50
2024-04-26T04:33:27.483 INFO:teuthology.orchestra.run.smithi090.stdout:/usr/bin/ceph: stderr
2024-04-26T04:33:26.684+0000 7fdba27fc700 1 -- 172.21.15.90:0/3157280084 <== mon.0 v2:172.21.15.90:3300/0 4 ==== mgrmap(e 7) v1 ==== 44978+0+0 (secure 0 0 0) 0x7fdba8019040 con 0x7fdbac19ba50
2024-04-26T04:33:27.483 INFO:teuthology.orchestra.run.smithi090.stdout:/usr/bin/ceph: stderr
2024-04-26T04:33:26.684+0000 7fdbb33f6700 1 -- 172.21.15.90:0/3157280084 --> [v2:172.21.15.90:3300/0,v1:172.21.15.90:6789/0] -- mon_command({"prefix": "get_command_descriptions"} v 0) v1 -- 0x7fdbac079cf0 con 0x7fdbac19ba50
2024-04-26T04:33:27.483 INFO:teuthology.orchestra.run.smithi090.stdout:/usr/bin/ceph: stderr
2024-04-26T04:33:26.685+0000 7fdba27fc700 1 --2- 172.21.15.90:0/3157280084 >> [v2:172.21.15.90:6800/2176954768,v1:172.21.15.90:6801/2176954768] conn(0x7fdb980382d0 0x7fdb9803a780 unknown :-1 s=NONE pgs=0 cs=0 l=1 rev1=0 crypto rx=0 tx=0 comp rx=0 tx=0).connect
2024-04-26T04:33:27.483 INFO:teuthology.orchestra.run.smithi090.stdout:/usr/bin/ceph: stderr
2024-04-26T04:33:26.685+0000 7fdba27fc700 1 -- 172.21.15.90:0/3157280084 <== mon.0 v2:172.21.15.90:3300/0 5 ==== osd_map(2..2 src has 1..2) v4 ==== 940+0+0 (secure 0 0 0) 0x7fdba804ba80 con 0x7fdbac19ba50
2024-04-26T04:33:27.483 INFO:teuthology.orchestra.run.smithi090.stdout:/usr/bin/ceph: stderr
2024-04-26T04:33:26.685+0000 7fdbb0991700 1 --2- 172.21.15.90:0/3157280084 >> [v2:172.21.15.90:6800/2176954768,v1:172.21.15.90:6801/2176954768] conn(0x7fdb980382d0 0x7fdb9803a780 unknown :-1 s=BANNER_CONNECTING pgs=0 cs=0 l=1 rev1=0 crypto rx=0 tx=0 comp rx=0 tx=0)._handle_peer_banner_payload supported=3 required=0
2024-04-26T04:33:27.483 INFO:teuthology.orchestra.run.smithi090.stdout:/usr/bin/ceph: stderr
2024-04-26T04:33:26.685+0000 7fdbb0991700 1 --2- 172.21.15.90:0/3157280084 >> [v2:172.21.15.90:6800/2176954768,v1:172.21.15.90:6801/2176954768] conn(0x7fdb980382d0 0x7fdb9803a780 secure :-1 s=READY pgs=7 cs=0 l=1 rev1=1 crypto rx=0x7fdb9c006fd0 tx=0x7fdb9c006e40 comp rx=0 tx=0).ready entity=mgr.14120 client_cookie=0 server_cookie=0 in_seq=0 out_seq=0
2024-04-26T04:33:27.483 INFO:teuthology.orchestra.run.smithi090.stdout:/usr/bin/ceph: stderr
2024-04-26T04:33:26.689+0000 7fdba27fc700 1 -- 172.21.15.90:0/3157280084 <== mon.0 v2:172.21.15.90:3300/0 6 ==== mon_command_ack([{"prefix": "get_command_descriptions"}]=0 v0) v1 ==== 72+0+177933 (secure 0 0 0) 0x7fdba8023ba0 con 0x7fdbac19ba50
2024-04-26T04:33:27.483 INFO:teuthology.orchestra.run.smithi090.stdout:/usr/bin/ceph: stderr
2024-04-26T04:33:26.726+0000 7fdba27fc700 1 -- 172.21.15.90:0/3157280084 <== mon.0 v2:172.21.15.90:3300/0 7 ==== mgrmap(e 8) v1 ==== 45084+0+0 (secure 0 0 0) 0x7fdba801ad50 con 0x7fdbac19ba50
2024-04-26T04:33:27.483 INFO:teuthology.orchestra.run.smithi090.stdout:/usr/bin/ceph: stderr
2024-04-26T04:33:26.893+0000 7fdbb33f6700 1 -- 172.21.15.90:0/3157280084 --> [v2:172.21.15.90:6800/2176954768,v1:172.21.15.90:6801/2176954768] -- mgr_command(tid 0: {"prefix": "orch set backend", "module_name": "cephadm", "target": ["mon-mgr", ""]}) v1 -- 0x7fdbac1023c0 con 0x7fdb980382d0
2024-04-26T04:33:27.483 INFO:teuthology.orchestra.run.smithi090.stdout:/usr/bin/ceph: stderr
2024-04-26T04:33:26.900+0000 7fdba27fc700 1 -- 172.21.15.90:0/3157280084 <== mgr.14120 v2:172.21.15.90:6800/2176954768 1 ==== mgr_command_reply(tid 0: 0 ) v1 ==== 8+0+0 (secure 0 0 0) 0x7fdbac1023c0 con 0x7fdb980382d0
2024-04-26T04:33:27.484 INFO:teuthology.orchestra.run.smithi090.stdout:/usr/bin/ceph: stderr
2024-04-26T04:33:26.902+0000 7fdbb33f6700 1 -- 172.21.15.90:0/3157280084 >> [v2:172.21.15.90:6800/2176954768,v1:172.21.15.90:6801/2176954768] conn(0x7fdb980382d0 msgr2=0x7fdb9803a780 secure :-1 s=STATE_CONNECTION_ESTABLISHED l=1).mark_down
2024-04-26T04:33:27.484 INFO:teuthology.orchestra.run.smithi090.stdout:/usr/bin/ceph: stderr
2024-04-26T04:33:26.902+0000 7fdbb33f6700 1 --2- 172.21.15.90:0/3157280084 >> [v2:172.21.15.90:6800/2176954768,v1:172.21.15.90:6801/2176954768] conn(0x7fdb980382d0 0x7fdb9803a780 secure :-1 s=READY pgs=7 cs=0 l=1 rev1=1 crypto rx=0x7fdb9c006fd0 tx=0x7fdb9c006e40 comp rx=0 tx=0).stop
2024-04-26T04:33:27.484 INFO:teuthology.orchestra.run.smithi090.stdout:/usr/bin/ceph: stderr
2024-04-26T04:33:26.902+0000 7fdbb33f6700 1 -- 172.21.15.90:0/3157280084 >> [v2:172.21.15.90:3300/0,v1:172.21.15.90:6789/0] conn(0x7fdbac19ba50 msgr2=0x7fdbac19be60 secure :-1 s=STATE_CONNECTION_ESTABLISHED l=1).mark_down
2024-04-26T04:33:27.484 INFO:teuthology.orchestra.run.smithi090.stdout:/usr/bin/ceph: stderr
2024-04-26T04:33:26.902+0000 7fdbb33f6700 1 --2- 172.21.15.90:0/3157280084 >> [v2:172.21.15.90:3300/0,v1:172.21.15.90:6789/0] conn(0x7fdbac19ba50 0x7fdbac19be60 secure :-1 s=READY pgs=38 cs=0 l=1 rev1=1 crypto rx=0x7fdba8009e50 tx=0x7fdba8004920 comp rx=0 tx=0).stop
2024-04-26T04:33:27.484 INFO:teuthology.orchestra.run.smithi090.stdout:/usr/bin/ceph: stderr
2024-04-26T04:33:26.902+0000 7fdbb33f6700 1 -- 172.21.15.90:0/3157280084 shutdown_connections
2024-04-26T04:33:27.484 INFO:teuthology.orchestra.run.smithi090.stdout:/usr/bin/ceph: stderr
2024-04-26T04:33:26.902+0000 7fdbb33f6700 1 --2- 172.21.15.90:0/3157280084 >> [v2:172.21.15.90:6800/2176954768,v1:172.21.15.90:6801/2176954768] conn(0x7fdb980382d0 0x7fdb9803a780 unknown :-1 s=CLOSED pgs=7 cs=0 l=1 rev1=1 crypto rx=0 tx=0 comp rx=0 tx=0).stop
2024-04-26T04:33:27.484 INFO:teuthology.orchestra.run.smithi090.stdout:/usr/bin/ceph: stderr
2024-04-26T04:33:26.902+0000 7fdbb33f6700 1 --2- 172.21.15.90:0/3157280084 >> [v2:172.21.15.90:3300/0,v1:172.21.15.90:6789/0] conn(0x7fdbac19ba50 0x7fdbac19be60 unknown :-1 s=CLOSED pgs=38 cs=0 l=1 rev1=1 crypto rx=0 tx=0 comp rx=0 tx=0).stop
2024-04-26T04:33:27.484 INFO:teuthology.orchestra.run.smithi090.stdout:/usr/bin/ceph: stderr
2024-04-26T04:33:26.902+0000 7fdbb33f6700 1 -- 172.21.15.90:0/3157280084 >> 172.21.15.90:0/3157280084 conn(0x7fdbac100060 msgr2=0x7fdbac1017a0 unknown :-1 s=STATE_NONE l=0).mark_down
2024-04-26T04:33:27.484 INFO:teuthology.orchestra.run.smithi090.stdout:/usr/bin/ceph: stderr
2024-04-26T04:33:26.902+0000 7fdbb33f6700 1 -- 172.21.15.90:0/3157280084 shutdown_connections
2024-04-26T04:33:27.484 INFO:teuthology.orchestra.run.smithi090.stdout:/usr/bin/ceph: stderr
2024-04-26T04:33:26.902+0000 7fdbb33f6700 1 -- 172.21.15.90:0/3157280084 wait complete.
2024-04-26T04:33:28.116 INFO:journalctl@ceph.mon.smithi090.smithi090.stdout:Apr 26 04:33:27 smithi090 ceph-mon[26648]: mgrmap e8: smithi090.iwrvwa(active, since 2s)
2024-04-26T04:33:28.116 INFO:journalctl@ceph.mon.smithi090.smithi090.stdout:Apr 26 04:33:27 smithi090 ceph-mon[26648]: from='client.14132 -' entity='client.admin' cmd=[{"prefix": "orch set backend", "module_name": "cephadm", "target": ["mon-mgr", ""]}]: dispatch
2024-04-26T04:33:28.116 INFO:journalctl@ceph.mon.smithi090.smithi090.stdout:Apr 26 04:33:27 smithi090 ceph-mon[26648]: from='mgr.14120 172.21.15.90:0/3203305665' entity='mgr.smithi090.iwrvwa'
2024-04-26T04:33:28.116 INFO:journalctl@ceph.mon.smithi090.smithi090.stdout:Apr 26 04:33:27 smithi090 ceph-mon[26648]: from='mgr.14120 172.21.15.90:0/3203305665' entity='mgr.smithi090.iwrvwa' cmd=[{"prefix": "config dump", "format": "json"}]: dispatch
2024-04-26T04:33:28.699 INFO:teuthology.orchestra.run.smithi090.stdout:/usr/bin/ceph: stdout value unchanged
2024-04-26T04:33:28.699 INFO:teuthology.orchestra.run.smithi090.stdout:/usr/bin/ceph: stderr
2024-04-26T04:33:27.916+0000 7f441f459700 1 Processor -- start
2024-04-26T04:33:28.699 INFO:teuthology.orchestra.run.smithi090.stdout:/usr/bin/ceph: stderr
2024-04-26T04:33:27.916+0000 7f441f459700 1 -- start start
2024-04-26T04:33:28.699 INFO:teuthology.orchestra.run.smithi090.stdout:/usr/bin/ceph: stderr
2024-04-26T04:33:27.916+0000 7f441f459700 1 --2- >> [v2:172.21.15.90:3300/0,v1:172.21.15.90:6789/0] conn(0x7f4418104a10 0x7f4418104e20 unknown :-1 s=NONE pgs=0 cs=0 l=0 rev1=0 crypto rx=0 tx=0 comp rx=0 tx=0).connect
2024-04-26T04:33:28.700 INFO:teuthology.orchestra.run.smithi090.stdout:/usr/bin/ceph: stderr
2024-04-26T04:33:27.916+0000 7f441f459700 1 -- --> [v2:172.21.15.90:3300/0,v1:172.21.15.90:6789/0] -- mon_getmap magic: 0 v1 -- 0x7f4418105360 con 0x7f4418104a10
2024-04-26T04:33:28.700 INFO:teuthology.orchestra.run.smithi090.stdout:/usr/bin/ceph: stderr
2024-04-26T04:33:27.917+0000 7f441d1f5700 1 --2- >> [v2:172.21.15.90:3300/0,v1:172.21.15.90:6789/0] conn(0x7f4418104a10 0x7f4418104e20 unknown :-1 s=BANNER_CONNECTING pgs=0 cs=0 l=0 rev1=0 crypto rx=0 tx=0 comp rx=0 tx=0)._handle_peer_banner_payload supported=3 required=0
2024-04-26T04:33:28.700 INFO:teuthology.orchestra.run.smithi090.stdout:/usr/bin/ceph: stderr
2024-04-26T04:33:27.917+0000 7f441d1f5700 1 --2- >> [v2:172.21.15.90:3300/0,v1:172.21.15.90:6789/0] conn(0x7f4418104a10 0x7f4418104e20 unknown :-1 s=HELLO_CONNECTING pgs=0 cs=0 l=0 rev1=1 crypto rx=0 tx=0 comp rx=0 tx=0).handle_hello peer v2:172.21.15.90:3300/0 says I am v2:172.21.15.90:48510/0 (socket says 172.21.15.90:48510)
2024-04-26T04:33:28.700 INFO:teuthology.orchestra.run.smithi090.stdout:/usr/bin/ceph: stderr
2024-04-26T04:33:27.917+0000 7f441d1f5700 1 -- 172.21.15.90:0/4065636155 learned_addr learned my addr 172.21.15.90:0/4065636155 (peer_addr_for_me v2:172.21.15.90:0/0)
2024-04-26T04:33:28.700 INFO:teuthology.orchestra.run.smithi090.stdout:/usr/bin/ceph: stderr
2024-04-26T04:33:27.917+0000 7f441d1f5700 1 -- 172.21.15.90:0/4065636155 --> [v2:172.21.15.90:3300/0,v1:172.21.15.90:6789/0] -- mon_subscribe({config=0+,monmap=0+}) v3 -- 0x7f44181054a0 con 0x7f4418104a10
2024-04-26T04:33:28.700 INFO:teuthology.orchestra.run.smithi090.stdout:/usr/bin/ceph: stderr
2024-04-26T04:33:27.917+0000 7f441d1f5700 1 --2- 172.21.15.90:0/4065636155 >> [v2:172.21.15.90:3300/0,v1:172.21.15.90:6789/0] conn(0x7f4418104a10 0x7f4418104e20 secure :-1 s=READY pgs=39 cs=0 l=1 rev1=1 crypto rx=0x7f4414009e80 tx=0x7f441400b330 comp rx=0 tx=0).ready entity=mon.0 client_cookie=fbd8eb884d3ec36d server_cookie=0 in_seq=0 out_seq=0
2024-04-26T04:33:28.700 INFO:teuthology.orchestra.run.smithi090.stdout:/usr/bin/ceph: stderr
2024-04-26T04:33:27.917+0000 7f440ffff700 1 -- 172.21.15.90:0/4065636155 <== mon.0 v2:172.21.15.90:3300/0 1 ==== mon_map magic: 0 v1 ==== 229+0+0 (secure 0 0 0) 0x7f441400e070 con 0x7f4418104a10
2024-04-26T04:33:28.700 INFO:teuthology.orchestra.run.smithi090.stdout:/usr/bin/ceph: stderr
2024-04-26T04:33:27.917+0000 7f440ffff700 1 -- 172.21.15.90:0/4065636155 <== mon.0 v2:172.21.15.90:3300/0 2 ==== config(27 keys) v1 ==== 1037+0+0 (secure 0 0 0) 0x7f4414003e90 con 0x7f4418104a10
2024-04-26T04:33:28.700 INFO:teuthology.orchestra.run.smithi090.stdout:/usr/bin/ceph: stderr
2024-04-26T04:33:27.917+0000 7f440ffff700 1 -- 172.21.15.90:0/4065636155 <== mon.0 v2:172.21.15.90:3300/0 3 ==== mon_map magic: 0 v1 ==== 229+0+0 (secure 0 0 0) 0x7f4414004380 con 0x7f4418104a10
2024-04-26T04:33:28.700 INFO:teuthology.orchestra.run.smithi090.stdout:/usr/bin/ceph: stderr
2024-04-26T04:33:27.918+0000 7f441f459700 1 -- 172.21.15.90:0/4065636155 >> [v2:172.21.15.90:3300/0,v1:172.21.15.90:6789/0] conn(0x7f4418104a10 msgr2=0x7f4418104e20 secure :-1 s=STATE_CONNECTION_ESTABLISHED l=1).mark_down
2024-04-26T04:33:28.700 INFO:teuthology.orchestra.run.smithi090.stdout:/usr/bin/ceph: stderr
2024-04-26T04:33:27.918+0000 7f441f459700 1 --2- 172.21.15.90:0/4065636155 >> [v2:172.21.15.90:3300/0,v1:172.21.15.90:6789/0] conn(0x7f4418104a10 0x7f4418104e20 secure :-1 s=READY pgs=39 cs=0 l=1 rev1=1 crypto rx=0x7f4414009e80 tx=0x7f441400b330 comp rx=0 tx=0).stop
2024-04-26T04:33:28.700 INFO:teuthology.orchestra.run.smithi090.stdout:/usr/bin/ceph: stderr
2024-04-26T04:33:27.918+0000 7f441f459700 1 -- 172.21.15.90:0/4065636155 shutdown_connections
2024-04-26T04:33:28.700 INFO:teuthology.orchestra.run.smithi090.stdout:/usr/bin/ceph: stderr
2024-04-26T04:33:27.918+0000 7f441f459700 1 --2- 172.21.15.90:0/4065636155 >> [v2:172.21.15.90:3300/0,v1:172.21.15.90:6789/0] conn(0x7f4418104a10 0x7f4418104e20 unknown :-1 s=CLOSED pgs=39 cs=0 l=1 rev1=1 crypto rx=0 tx=0 comp rx=0 tx=0).stop
2024-04-26T04:33:28.700 INFO:teuthology.orchestra.run.smithi090.stdout:/usr/bin/ceph: stderr
2024-04-26T04:33:27.918+0000 7f441f459700 1 -- 172.21.15.90:0/4065636155 >> 172.21.15.90:0/4065636155 conn(0x7f4418100060 msgr2=0x7f4418102490 unknown :-1 s=STATE_NONE l=0).mark_down
2024-04-26T04:33:28.701 INFO:teuthology.orchestra.run.smithi090.stdout:/usr/bin/ceph: stderr
2024-04-26T04:33:27.918+0000 7f441f459700 1 -- 172.21.15.90:0/4065636155 shutdown_connections
2024-04-26T04:33:28.701 INFO:teuthology.orchestra.run.smithi090.stdout:/usr/bin/ceph: stderr
2024-04-26T04:33:27.918+0000 7f441f459700 1 -- 172.21.15.90:0/4065636155 wait complete.
2024-04-26T04:33:28.701 INFO:teuthology.orchestra.run.smithi090.stdout:/usr/bin/ceph: stderr
2024-04-26T04:33:27.918+0000 7f441f459700 1 Processor -- start
2024-04-26T04:33:28.701 INFO:teuthology.orchestra.run.smithi090.stdout:/usr/bin/ceph: stderr
2024-04-26T04:33:27.918+0000 7f441f459700 1 -- start start
2024-04-26T04:33:28.701 INFO:teuthology.orchestra.run.smithi090.stdout:/usr/bin/ceph: stderr
2024-04-26T04:33:27.919+0000 7f441f459700 1 --2- >> [v2:172.21.15.90:3300/0,v1:172.21.15.90:6789/0] conn(0x7f4418104a10 0x7f44181997e0 unknown :-1 s=NONE pgs=0 cs=0 l=1 rev1=0 crypto rx=0 tx=0 comp rx=0 tx=0).connect
2024-04-26T04:33:28.701 INFO:teuthology.orchestra.run.smithi090.stdout:/usr/bin/ceph: stderr
2024-04-26T04:33:27.919+0000 7f441f459700 1 -- --> [v2:172.21.15.90:3300/0,v1:172.21.15.90:6789/0] -- mon_getmap magic: 0 v1 -- 0x7f4418199d20 con 0x7f4418104a10
2024-04-26T04:33:28.701 INFO:teuthology.orchestra.run.smithi090.stdout:/usr/bin/ceph: stderr
2024-04-26T04:33:27.919+0000 7f441d1f5700 1 --2- >> [v2:172.21.15.90:3300/0,v1:172.21.15.90:6789/0] conn(0x7f4418104a10 0x7f44181997e0 unknown :-1 s=BANNER_CONNECTING pgs=0 cs=0 l=1 rev1=0 crypto rx=0 tx=0 comp rx=0 tx=0)._handle_peer_banner_payload supported=3 required=0
2024-04-26T04:33:28.701 INFO:teuthology.orchestra.run.smithi090.stdout:/usr/bin/ceph: stderr
2024-04-26T04:33:27.919+0000 7f441d1f5700 1 --2- >> [v2:172.21.15.90:3300/0,v1:172.21.15.90:6789/0] conn(0x7f4418104a10 0x7f44181997e0 unknown :-1 s=HELLO_CONNECTING pgs=0 cs=0 l=1 rev1=1 crypto rx=0 tx=0 comp rx=0 tx=0).handle_hello peer v2:172.21.15.90:3300/0 says I am v2:172.21.15.90:48522/0 (socket says 172.21.15.90:48522)
2024-04-26T04:33:28.701 INFO:teuthology.orchestra.run.smithi090.stdout:/usr/bin/ceph: stderr
2024-04-26T04:33:27.919+0000 7f441d1f5700 1 -- 172.21.15.90:0/3349505589 learned_addr learned my addr 172.21.15.90:0/3349505589 (peer_addr_for_me v2:172.21.15.90:0/0)
2024-04-26T04:33:28.701 INFO:teuthology.orchestra.run.smithi090.stdout:/usr/bin/ceph: stderr
2024-04-26T04:33:27.919+0000 7f441d1f5700 1 -- 172.21.15.90:0/3349505589 --> [v2:172.21.15.90:3300/0,v1:172.21.15.90:6789/0] -- mon_subscribe({config=0+,monmap=0+}) v3 -- 0x7f4414009b30 con 0x7f4418104a10
2024-04-26T04:33:28.701 INFO:teuthology.orchestra.run.smithi090.stdout:/usr/bin/ceph: stderr
2024-04-26T04:33:27.919+0000 7f441d1f5700 1 --2- 172.21.15.90:0/3349505589 >> [v2:172.21.15.90:3300/0,v1:172.21.15.90:6789/0] conn(0x7f4418104a10 0x7f44181997e0 secure :-1 s=READY pgs=40 cs=0 l=1 rev1=1 crypto rx=0x7f4414000f80 tx=0x7f4414004920 comp rx=0 tx=0).ready entity=mon.0 client_cookie=0 server_cookie=0 in_seq=0 out_seq=0
2024-04-26T04:33:28.701 INFO:teuthology.orchestra.run.smithi090.stdout:/usr/bin/ceph: stderr
2024-04-26T04:33:27.919+0000 7f440e7fc700 1 -- 172.21.15.90:0/3349505589 <== mon.0 v2:172.21.15.90:3300/0 1 ==== mon_map magic: 0 v1 ==== 229+0+0 (secure 0 0 0) 0x7f441400e040 con 0x7f4418104a10
2024-04-26T04:33:28.701 INFO:teuthology.orchestra.run.smithi090.stdout:/usr/bin/ceph: stderr
2024-04-26T04:33:27.919+0000 7f440e7fc700 1 -- 172.21.15.90:0/3349505589 <== mon.0 v2:172.21.15.90:3300/0 2 ==== config(27 keys) v1 ==== 1037+0+0 (secure 0 0 0) 0x7f4414003cf0 con 0x7f4418104a10
2024-04-26T04:33:28.701 INFO:teuthology.orchestra.run.smithi090.stdout:/usr/bin/ceph: stderr
2024-04-26T04:33:27.919+0000 7f441f459700 1 -- 172.21.15.90:0/3349505589 --> [v2:172.21.15.90:3300/0,v1:172.21.15.90:6789/0] -- mon_subscribe({mgrmap=0+}) v3 -- 0x7f4418199f20 con 0x7f4418104a10
2024-04-26T04:33:28.702 INFO:teuthology.orchestra.run.smithi090.stdout:/usr/bin/ceph: stderr
2024-04-26T04:33:27.919+0000 7f440e7fc700 1 -- 172.21.15.90:0/3349505589 <== mon.0 v2:172.21.15.90:3300/0 3 ==== mon_map magic: 0 v1 ==== 229+0+0 (secure 0 0 0) 0x7f441401b930 con 0x7f4418104a10
2024-04-26T04:33:28.702 INFO:teuthology.orchestra.run.smithi090.stdout:/usr/bin/ceph: stderr
2024-04-26T04:33:27.919+0000 7f441f459700 1 -- 172.21.15.90:0/3349505589 --> [v2:172.21.15.90:3300/0,v1:172.21.15.90:6789/0] -- mon_subscribe({osdmap=0}) v3 -- 0x7f441819a3a0 con 0x7f4418104a10
2024-04-26T04:33:28.702 INFO:teuthology.orchestra.run.smithi090.stdout:/usr/bin/ceph: stderr
2024-04-26T04:33:27.920+0000 7f440e7fc700 1 -- 172.21.15.90:0/3349505589 <== mon.0 v2:172.21.15.90:3300/0 4 ==== mgrmap(e 8) v1 ==== 45084+0+0 (secure 0 0 0) 0x7f4414019040 con 0x7f4418104a10
2024-04-26T04:33:28.702 INFO:teuthology.orchestra.run.smithi090.stdout:/usr/bin/ceph: stderr
2024-04-26T04:33:27.920+0000 7f441f459700 1 -- 172.21.15.90:0/3349505589 --> [v2:172.21.15.90:3300/0,v1:172.21.15.90:6789/0] -- mon_command({"prefix": "get_command_descriptions"} v 0) v1 -- 0x7f4418062380 con 0x7f4418104a10
2024-04-26T04:33:28.702 INFO:teuthology.orchestra.run.smithi090.stdout:/usr/bin/ceph: stderr
2024-04-26T04:33:27.920+0000 7f440e7fc700 1 --2- 172.21.15.90:0/3349505589 >> [v2:172.21.15.90:6800/2176954768,v1:172.21.15.90:6801/2176954768] conn(0x7f4404038440 0x7f440403a8f0 unknown :-1 s=NONE pgs=0 cs=0 l=1 rev1=0 crypto rx=0 tx=0 comp rx=0 tx=0).connect
2024-04-26T04:33:28.702 INFO:teuthology.orchestra.run.smithi090.stdout:/usr/bin/ceph: stderr
2024-04-26T04:33:27.920+0000 7f440e7fc700 1 -- 172.21.15.90:0/3349505589 <== mon.0 v2:172.21.15.90:3300/0 5 ==== osd_map(2..2 src has 1..2) v4 ==== 940+0+0 (secure 0 0 0) 0x7f441404be80 con 0x7f4418104a10
2024-04-26T04:33:28.702 INFO:teuthology.orchestra.run.smithi090.stdout:/usr/bin/ceph: stderr
2024-04-26T04:33:27.920+0000 7f441c9f4700 1 --2- 172.21.15.90:0/3349505589 >> [v2:172.21.15.90:6800/2176954768,v1:172.21.15.90:6801/2176954768] conn(0x7f4404038440 0x7f440403a8f0 unknown :-1 s=BANNER_CONNECTING pgs=0 cs=0 l=1 rev1=0 crypto rx=0 tx=0 comp rx=0 tx=0)._handle_peer_banner_payload supported=3 required=0
2024-04-26T04:33:28.702 INFO:teuthology.orchestra.run.smithi090.stdout:/usr/bin/ceph: stderr
2024-04-26T04:33:27.921+0000 7f441c9f4700 1 --2- 172.21.15.90:0/3349505589 >> [v2:172.21.15.90:6800/2176954768,v1:172.21.15.90:6801/2176954768] conn(0x7f4404038440 0x7f440403a8f0 secure :-1 s=READY pgs=8 cs=0 l=1 rev1=1 crypto rx=0x7f4408006fd0 tx=0x7f4408006e40 comp rx=0 tx=0).ready entity=mgr.14120 client_cookie=0 server_cookie=0 in_seq=0 out_seq=0
2024-04-26T04:33:28.702 INFO:teuthology.orchestra.run.smithi090.stdout:/usr/bin/ceph: stderr
2024-04-26T04:33:27.925+0000 7f440e7fc700 1 -- 172.21.15.90:0/3349505589 <== mon.0 v2:172.21.15.90:3300/0 6 ==== mon_command_ack([{"prefix": "get_command_descriptions"}]=0 v0) v1 ==== 72+0+177933 (secure 0 0 0) 0x7f4414011980 con 0x7f4418104a10
2024-04-26T04:33:28.702 INFO:teuthology.orchestra.run.smithi090.stdout:/usr/bin/ceph: stderr
2024-04-26T04:33:28.114+0000 7f441f459700 1 -- 172.21.15.90:0/3349505589 --> [v2:172.21.15.90:6800/2176954768,v1:172.21.15.90:6801/2176954768] -- mgr_command(tid 0: {"prefix": "cephadm set-user", "user": "root", "target": ["mon-mgr", ""]}) v1 -- 0x7f44181021c0 con 0x7f4404038440
2024-04-26T04:33:28.702 INFO:teuthology.orchestra.run.smithi090.stdout:/usr/bin/ceph: stderr
2024-04-26T04:33:28.115+0000 7f440e7fc700 1 -- 172.21.15.90:0/3349505589 <== mgr.14120 v2:172.21.15.90:6800/2176954768 1 ==== mgr_command_reply(tid 0: 0 ) v1 ==== 8+0+16 (secure 0 0 0) 0x7f44181021c0 con 0x7f4404038440
2024-04-26T04:33:28.702 INFO:teuthology.orchestra.run.smithi090.stdout:/usr/bin/ceph: stderr
2024-04-26T04:33:28.117+0000 7f441f459700 1 -- 172.21.15.90:0/3349505589 >> [v2:172.21.15.90:6800/2176954768,v1:172.21.15.90:6801/2176954768] conn(0x7f4404038440 msgr2=0x7f440403a8f0 secure :-1 s=STATE_CONNECTION_ESTABLISHED l=1).mark_down
2024-04-26T04:33:28.702 INFO:teuthology.orchestra.run.smithi090.stdout:/usr/bin/ceph: stderr
2024-04-26T04:33:28.117+0000 7f441f459700 1 --2- 172.21.15.90:0/3349505589 >> [v2:172.21.15.90:6800/2176954768,v1:172.21.15.90:6801/2176954768] conn(0x7f4404038440 0x7f440403a8f0 secure :-1 s=READY pgs=8 cs=0 l=1 rev1=1 crypto rx=0x7f4408006fd0 tx=0x7f4408006e40 comp rx=0 tx=0).stop
2024-04-26T04:33:28.703 INFO:teuthology.orchestra.run.smithi090.stdout:/usr/bin/ceph: stderr
2024-04-26T04:33:28.117+0000 7f441f459700 1 -- 172.21.15.90:0/3349505589 >> [v2:172.21.15.90:3300/0,v1:172.21.15.90:6789/0] conn(0x7f4418104a10 msgr2=0x7f44181997e0 secure :-1 s=STATE_CONNECTION_ESTABLISHED l=1).mark_down
2024-04-26T04:33:28.703 INFO:teuthology.orchestra.run.smithi090.stdout:/usr/bin/ceph: stderr
2024-04-26T04:33:28.117+0000 7f441f459700 1 --2- 172.21.15.90:0/3349505589 >> [v2:172.21.15.90:3300/0,v1:172.21.15.90:6789/0] conn(0x7f4418104a10 0x7f44181997e0 secure :-1 s=READY pgs=40 cs=0 l=1 rev1=1 crypto rx=0x7f4414000f80 tx=0x7f4414004920 comp rx=0 tx=0).stop
2024-04-26T04:33:28.703 INFO:teuthology.orchestra.run.smithi090.stdout:/usr/bin/ceph: stderr
2024-04-26T04:33:28.117+0000 7f441f459700 1 -- 172.21.15.90:0/3349505589 shutdown_connections
2024-04-26T04:33:28.703 INFO:teuthology.orchestra.run.smithi090.stdout:/usr/bin/ceph: stderr
2024-04-26T04:33:28.117+0000 7f441f459700 1 --2- 172.21.15.90:0/3349505589 >> [v2:172.21.15.90:6800/2176954768,v1:172.21.15.90:6801/2176954768] conn(0x7f4404038440 0x7f440403a8f0 unknown :-1 s=CLOSED pgs=8 cs=0 l=1 rev1=1 crypto rx=0 tx=0 comp rx=0 tx=0).stop
2024-04-26T04:33:28.703 INFO:teuthology.orchestra.run.smithi090.stdout:/usr/bin/ceph: stderr
2024-04-26T04:33:28.117+0000 7f441f459700 1 --2- 172.21.15.90:0/3349505589 >> [v2:172.21.15.90:3300/0,v1:172.21.15.90:6789/0] conn(0x7f4418104a10 0x7f44181997e0 unknown :-1 s=CLOSED pgs=40 cs=0 l=1 rev1=1 crypto rx=0 tx=0 comp rx=0 tx=0).stop
2024-04-26T04:33:28.703 INFO:teuthology.orchestra.run.smithi090.stdout:/usr/bin/ceph: stderr
2024-04-26T04:33:28.118+0000 7f441f459700 1 -- 172.21.15.90:0/3349505589 >> 172.21.15.90:0/3349505589 conn(0x7f4418100060 msgr2=0x7f44180798d0 unknown :-1 s=STATE_NONE l=0).mark_down
2024-04-26T04:33:28.703 INFO:teuthology.orchestra.run.smithi090.stdout:/usr/bin/ceph: stderr
2024-04-26T04:33:28.118+0000 7f441f459700 1 -- 172.21.15.90:0/3349505589 shutdown_connections
2024-04-26T04:33:28.703 INFO:teuthology.orchestra.run.smithi090.stdout:/usr/bin/ceph: stderr
2024-04-26T04:33:28.118+0000 7f441f459700 1 -- 172.21.15.90:0/3349505589 wait complete.
2024-04-26T04:33:28.703 INFO:teuthology.orchestra.run.smithi090.stdout:Generating ssh key...
2024-04-26T04:33:29.283 INFO:journalctl@ceph.mon.smithi090.smithi090.stdout:Apr 26 04:33:29 smithi090 ceph-mon[26648]: from='client.14134 -' entity='client.admin' cmd=[{"prefix": "cephadm set-user", "user": "root", "target": ["mon-mgr", ""]}]: dispatch
2024-04-26T04:33:30.023 INFO:teuthology.orchestra.run.smithi090.stdout:/usr/bin/ceph: stderr
2024-04-26T04:33:29.084+0000 7fe815573700 1 Processor -- start
2024-04-26T04:33:30.023 INFO:teuthology.orchestra.run.smithi090.stdout:/usr/bin/ceph: stderr
2024-04-26T04:33:29.084+0000 7fe815573700 1 -- start start
2024-04-26T04:33:30.023 INFO:teuthology.orchestra.run.smithi090.stdout:/usr/bin/ceph: stderr
2024-04-26T04:33:29.084+0000 7fe815573700 1 --2- >> [v2:172.21.15.90:3300/0,v1:172.21.15.90:6789/0] conn(0x7fe810074490 0x7fe81010aa50 unknown :-1 s=NONE pgs=0 cs=0 l=0 rev1=0 crypto rx=0 tx=0 comp rx=0 tx=0).connect
2024-04-26T04:33:30.023 INFO:teuthology.orchestra.run.smithi090.stdout:/usr/bin/ceph: stderr
2024-04-26T04:33:29.084+0000 7fe815573700 1 -- --> [v2:172.21.15.90:3300/0,v1:172.21.15.90:6789/0] -- mon_getmap magic: 0 v1 -- 0x7fe810106440 con 0x7fe810074490
2024-04-26T04:33:30.024 INFO:teuthology.orchestra.run.smithi090.stdout:/usr/bin/ceph: stderr
2024-04-26T04:33:29.085+0000 7fe80effd700 1 --2- >> [v2:172.21.15.90:3300/0,v1:172.21.15.90:6789/0] conn(0x7fe810074490 0x7fe81010aa50 unknown :-1 s=BANNER_CONNECTING pgs=0 cs=0 l=0 rev1=0 crypto rx=0 tx=0 comp rx=0 tx=0)._handle_peer_banner_payload supported=3 required=0
2024-04-26T04:33:30.024 INFO:teuthology.orchestra.run.smithi090.stdout:/usr/bin/ceph: stderr
2024-04-26T04:33:29.085+0000 7fe80effd700 1 --2- >> [v2:172.21.15.90:3300/0,v1:172.21.15.90:6789/0] conn(0x7fe810074490 0x7fe81010aa50 unknown :-1 s=HELLO_CONNECTING pgs=0 cs=0 l=0 rev1=1 crypto rx=0 tx=0 comp rx=0 tx=0).handle_hello peer v2:172.21.15.90:3300/0 says I am v2:172.21.15.90:48530/0 (socket says 172.21.15.90:48530)
2024-04-26T04:33:30.024 INFO:teuthology.orchestra.run.smithi090.stdout:/usr/bin/ceph: stderr
2024-04-26T04:33:29.085+0000 7fe80effd700 1 -- 172.21.15.90:0/3087798634 learned_addr learned my addr 172.21.15.90:0/3087798634 (peer_addr_for_me v2:172.21.15.90:0/0)
2024-04-26T04:33:30.024 INFO:teuthology.orchestra.run.smithi090.stdout:/usr/bin/ceph: stderr
2024-04-26T04:33:29.085+0000 7fe80effd700 1 -- 172.21.15.90:0/3087798634 --> [v2:172.21.15.90:3300/0,v1:172.21.15.90:6789/0] -- mon_subscribe({config=0+,monmap=0+}) v3 -- 0x7fe81010af90 con 0x7fe810074490
2024-04-26T04:33:30.024 INFO:teuthology.orchestra.run.smithi090.stdout:/usr/bin/ceph: stderr
2024-04-26T04:33:29.085+0000 7fe80effd700 1 --2- 172.21.15.90:0/3087798634 >> [v2:172.21.15.90:3300/0,v1:172.21.15.90:6789/0] conn(0x7fe810074490 0x7fe81010aa50 secure :-1 s=READY pgs=41 cs=0 l=1 rev1=1 crypto rx=0x7fe808009e80 tx=0x7fe80800b330 comp rx=0 tx=0).ready entity=mon.0 client_cookie=f298d32dd4416047 server_cookie=0 in_seq=0 out_seq=0
2024-04-26T04:33:30.024 INFO:teuthology.orchestra.run.smithi090.stdout:/usr/bin/ceph: stderr
2024-04-26T04:33:29.085+0000 7fe80dffb700 1 -- 172.21.15.90:0/3087798634 <== mon.0 v2:172.21.15.90:3300/0 1 ==== mon_map magic: 0 v1 ==== 229+0+0 (secure 0 0 0) 0x7fe80800e070 con 0x7fe810074490
2024-04-26T04:33:30.024 INFO:teuthology.orchestra.run.smithi090.stdout:/usr/bin/ceph: stderr
2024-04-26T04:33:29.085+0000 7fe80dffb700 1 -- 172.21.15.90:0/3087798634 <== mon.0 v2:172.21.15.90:3300/0 2 ==== config(27 keys) v1 ==== 1037+0+0 (secure 0 0 0) 0x7fe808003e90 con 0x7fe810074490
2024-04-26T04:33:30.025 INFO:teuthology.orchestra.run.smithi090.stdout:/usr/bin/ceph: stderr
2024-04-26T04:33:29.085+0000 7fe80dffb700 1 -- 172.21.15.90:0/3087798634 <== mon.0 v2:172.21.15.90:3300/0 3 ==== mon_map magic: 0 v1 ==== 229+0+0 (secure 0 0 0) 0x7fe808004380 con 0x7fe810074490
2024-04-26T04:33:30.025 INFO:teuthology.orchestra.run.smithi090.stdout:/usr/bin/ceph: stderr
2024-04-26T04:33:29.086+0000 7fe815573700 1 -- 172.21.15.90:0/3087798634 >> [v2:172.21.15.90:3300/0,v1:172.21.15.90:6789/0] conn(0x7fe810074490 msgr2=0x7fe81010aa50 secure :-1 s=STATE_CONNECTION_ESTABLISHED l=1).mark_down
2024-04-26T04:33:30.025 INFO:teuthology.orchestra.run.smithi090.stdout:/usr/bin/ceph: stderr
2024-04-26T04:33:29.086+0000 7fe815573700 1 --2- 172.21.15.90:0/3087798634 >> [v2:172.21.15.90:3300/0,v1:172.21.15.90:6789/0] conn(0x7fe810074490 0x7fe81010aa50 secure :-1 s=READY pgs=41 cs=0 l=1 rev1=1 crypto rx=0x7fe808009e80 tx=0x7fe80800b330 comp rx=0 tx=0).stop
2024-04-26T04:33:30.025 INFO:teuthology.orchestra.run.smithi090.stdout:/usr/bin/ceph: stderr
2024-04-26T04:33:29.086+0000 7fe815573700 1 -- 172.21.15.90:0/3087798634 shutdown_connections
2024-04-26T04:33:30.025 INFO:teuthology.orchestra.run.smithi090.stdout:/usr/bin/ceph: stderr
2024-04-26T04:33:29.086+0000 7fe815573700 1 --2- 172.21.15.90:0/3087798634 >> [v2:172.21.15.90:3300/0,v1:172.21.15.90:6789/0] conn(0x7fe810074490 0x7fe81010aa50 unknown :-1 s=CLOSED pgs=41 cs=0 l=1 rev1=1 crypto rx=0 tx=0 comp rx=0 tx=0).stop
2024-04-26T04:33:30.025 INFO:teuthology.orchestra.run.smithi090.stdout:/usr/bin/ceph: stderr
2024-04-26T04:33:29.086+0000 7fe815573700 1 -- 172.21.15.90:0/3087798634 >> 172.21.15.90:0/3087798634 conn(0x7fe810100040 msgr2=0x7fe810102450 unknown :-1 s=STATE_NONE l=0).mark_down
2024-04-26T04:33:30.025 INFO:teuthology.orchestra.run.smithi090.stdout:/usr/bin/ceph: stderr
2024-04-26T04:33:29.086+0000 7fe815573700 1 -- 172.21.15.90:0/3087798634 shutdown_connections
2024-04-26T04:33:30.026 INFO:teuthology.orchestra.run.smithi090.stdout:/usr/bin/ceph: stderr
2024-04-26T04:33:29.086+0000 7fe815573700 1 -- 172.21.15.90:0/3087798634 wait complete.
2024-04-26T04:33:30.026 INFO:teuthology.orchestra.run.smithi090.stdout:/usr/bin/ceph: stderr
2024-04-26T04:33:29.087+0000 7fe815573700 1 Processor -- start
2024-04-26T04:33:30.026 INFO:teuthology.orchestra.run.smithi090.stdout:/usr/bin/ceph: stderr
2024-04-26T04:33:29.087+0000 7fe815573700 1 -- start start
2024-04-26T04:33:30.026 INFO:teuthology.orchestra.run.smithi090.stdout:/usr/bin/ceph: stderr
2024-04-26T04:33:29.087+0000 7fe815573700 1 --2- >> [v2:172.21.15.90:3300/0,v1:172.21.15.90:6789/0] conn(0x7fe81019b930 0x7fe81019bd40 unknown :-1 s=NONE pgs=0 cs=0 l=1 rev1=0 crypto rx=0 tx=0 comp rx=0 tx=0).connect
2024-04-26T04:33:30.026 INFO:teuthology.orchestra.run.smithi090.stdout:/usr/bin/ceph: stderr
2024-04-26T04:33:29.087+0000 7fe815573700 1 -- --> [v2:172.21.15.90:3300/0,v1:172.21.15.90:6789/0] -- mon_getmap magic: 0 v1 -- 0x7fe81019c280 con 0x7fe81019b930
2024-04-26T04:33:30.026 INFO:teuthology.orchestra.run.smithi090.stdout:/usr/bin/ceph: stderr
2024-04-26T04:33:29.087+0000 7fe80effd700 1 --2- >> [v2:172.21.15.90:3300/0,v1:172.21.15.90:6789/0] conn(0x7fe81019b930 0x7fe81019bd40 unknown :-1 s=BANNER_CONNECTING pgs=0 cs=0 l=1 rev1=0 crypto rx=0 tx=0 comp rx=0 tx=0)._handle_peer_banner_payload supported=3 required=0
2024-04-26T04:33:30.026 INFO:teuthology.orchestra.run.smithi090.stdout:/usr/bin/ceph: stderr
2024-04-26T04:33:29.087+0000 7fe80effd700 1 --2- >> [v2:172.21.15.90:3300/0,v1:172.21.15.90:6789/0] conn(0x7fe81019b930 0x7fe81019bd40 unknown :-1 s=HELLO_CONNECTING pgs=0 cs=0 l=1 rev1=1 crypto rx=0 tx=0 comp rx=0 tx=0).handle_hello peer v2:172.21.15.90:3300/0 says I am v2:172.21.15.90:48536/0 (socket says 172.21.15.90:48536)
2024-04-26T04:33:30.026 INFO:teuthology.orchestra.run.smithi090.stdout:/usr/bin/ceph: stderr
2024-04-26T04:33:29.087+0000 7fe80effd700 1 -- 172.21.15.90:0/3065997257 learned_addr learned my addr 172.21.15.90:0/3065997257 (peer_addr_for_me v2:172.21.15.90:0/0)
2024-04-26T04:33:30.026 INFO:teuthology.orchestra.run.smithi090.stdout:/usr/bin/ceph: stderr
2024-04-26T04:33:29.087+0000 7fe80effd700 1 -- 172.21.15.90:0/3065997257 --> [v2:172.21.15.90:3300/0,v1:172.21.15.90:6789/0] -- mon_subscribe({config=0+,monmap=0+}) v3 -- 0x7fe808009b30 con 0x7fe81019b930
2024-04-26T04:33:30.026 INFO:teuthology.orchestra.run.smithi090.stdout:/usr/bin/ceph: stderr
2024-04-26T04:33:29.087+0000 7fe80effd700 1 --2- 172.21.15.90:0/3065997257 >> [v2:172.21.15.90:3300/0,v1:172.21.15.90:6789/0] conn(0x7fe81019b930 0x7fe81019bd40 secure :-1 s=READY pgs=42 cs=0 l=1 rev1=1 crypto rx=0x7fe80800b7b0 tx=0x7fe808004430 comp rx=0 tx=0).ready entity=mon.0 client_cookie=0 server_cookie=0 in_seq=0 out_seq=0
2024-04-26T04:33:30.026 INFO:teuthology.orchestra.run.smithi090.stdout:/usr/bin/ceph: stderr
2024-04-26T04:33:29.088+0000 7fe7f7fff700 1 -- 172.21.15.90:0/3065997257 <== mon.0 v2:172.21.15.90:3300/0 1 ==== mon_map magic: 0 v1 ==== 229+0+0 (secure 0 0 0) 0x7fe80800e040 con 0x7fe81019b930
2024-04-26T04:33:30.026 INFO:teuthology.orchestra.run.smithi090.stdout:/usr/bin/ceph: stderr
2024-04-26T04:33:29.088+0000 7fe7f7fff700 1 -- 172.21.15.90:0/3065997257 <== mon.0 v2:172.21.15.90:3300/0 2 ==== config(27 keys) v1 ==== 1037+0+0 (secure 0 0 0) 0x7fe808003c70 con 0x7fe81019b930
2024-04-26T04:33:30.026 INFO:teuthology.orchestra.run.smithi090.stdout:/usr/bin/ceph: stderr
2024-04-26T04:33:29.088+0000 7fe815573700 1 -- 172.21.15.90:0/3065997257 --> [v2:172.21.15.90:3300/0,v1:172.21.15.90:6789/0] -- mon_subscribe({mgrmap=0+}) v3 -- 0x7fe81019c480 con 0x7fe81019b930
2024-04-26T04:33:30.027 INFO:teuthology.orchestra.run.smithi090.stdout:/usr/bin/ceph: stderr
2024-04-26T04:33:29.088+0000 7fe7f7fff700 1 -- 172.21.15.90:0/3065997257 <== mon.0 v2:172.21.15.90:3300/0 3 ==== mon_map magic: 0 v1 ==== 229+0+0 (secure 0 0 0) 0x7fe80801b730 con 0x7fe81019b930
2024-04-26T04:33:30.027 INFO:teuthology.orchestra.run.smithi090.stdout:/usr/bin/ceph: stderr
2024-04-26T04:33:29.088+0000 7fe815573700 1 -- 172.21.15.90:0/3065997257 --> [v2:172.21.15.90:3300/0,v1:172.21.15.90:6789/0] -- mon_subscribe({osdmap=0}) v3 -- 0x7fe81019f0e0 con 0x7fe81019b930
2024-04-26T04:33:30.027 INFO:teuthology.orchestra.run.smithi090.stdout:/usr/bin/ceph: stderr
2024-04-26T04:33:29.088+0000 7fe7f7fff700 1 -- 172.21.15.90:0/3065997257 <== mon.0 v2:172.21.15.90:3300/0 4 ==== mgrmap(e 8) v1 ==== 45084+0+0 (secure 0 0 0) 0x7fe808019040 con 0x7fe81019b930
2024-04-26T04:33:30.027 INFO:teuthology.orchestra.run.smithi090.stdout:/usr/bin/ceph: stderr
2024-04-26T04:33:29.089+0000 7fe815573700 1 -- 172.21.15.90:0/3065997257 --> [v2:172.21.15.90:3300/0,v1:172.21.15.90:6789/0] -- mon_command({"prefix": "get_command_descriptions"} v 0) v1 -- 0x7fe810062380 con 0x7fe81019b930
2024-04-26T04:33:30.027 INFO:teuthology.orchestra.run.smithi090.stdout:/usr/bin/ceph: stderr
2024-04-26T04:33:29.089+0000 7fe7f7fff700 1 --2- 172.21.15.90:0/3065997257 >> [v2:172.21.15.90:6800/2176954768,v1:172.21.15.90:6801/2176954768] conn(0x7fe7f80383b0 0x7fe7f803a860 unknown :-1 s=NONE pgs=0 cs=0 l=1 rev1=0 crypto rx=0 tx=0 comp rx=0 tx=0).connect
2024-04-26T04:33:30.027 INFO:teuthology.orchestra.run.smithi090.stdout:/usr/bin/ceph: stderr
2024-04-26T04:33:29.089+0000 7fe7f7fff700 1 -- 172.21.15.90:0/3065997257 <== mon.0 v2:172.21.15.90:3300/0 5 ==== osd_map(2..2 src has 1..2) v4 ==== 940+0+0 (secure 0 0 0) 0x7fe80804bdf0 con 0x7fe81019b930
2024-04-26T04:33:30.027 INFO:teuthology.orchestra.run.smithi090.stdout:/usr/bin/ceph: stderr
2024-04-26T04:33:29.089+0000 7fe80e7fc700 1 --2- 172.21.15.90:0/3065997257 >> [v2:172.21.15.90:6800/2176954768,v1:172.21.15.90:6801/2176954768] conn(0x7fe7f80383b0 0x7fe7f803a860 unknown :-1 s=BANNER_CONNECTING pgs=0 cs=0 l=1 rev1=0 crypto rx=0 tx=0 comp rx=0 tx=0)._handle_peer_banner_payload supported=3 required=0
2024-04-26T04:33:30.027 INFO:teuthology.orchestra.run.smithi090.stdout:/usr/bin/ceph: stderr
2024-04-26T04:33:29.089+0000 7fe80e7fc700 1 --2- 172.21.15.90:0/3065997257 >> [v2:172.21.15.90:6800/2176954768,v1:172.21.15.90:6801/2176954768] conn(0x7fe7f80383b0 0x7fe7f803a860 secure :-1 s=READY pgs=9 cs=0 l=1 rev1=1 crypto rx=0x7fe804006fd0 tx=0x7fe804006e40 comp rx=0 tx=0).ready entity=mgr.14120 client_cookie=0 server_cookie=0 in_seq=0 out_seq=0
2024-04-26T04:33:30.027 INFO:teuthology.orchestra.run.smithi090.stdout:/usr/bin/ceph: stderr
2024-04-26T04:33:29.093+0000 7fe7f7fff700 1 -- 172.21.15.90:0/3065997257 <== mon.0 v2:172.21.15.90:3300/0 6 ==== mon_command_ack([{"prefix": "get_command_descriptions"}]=0 v0) v1 ==== 72+0+177933 (secure 0 0 0) 0x7fe808011980 con 0x7fe81019b930
2024-04-26T04:33:30.027 INFO:teuthology.orchestra.run.smithi090.stdout:/usr/bin/ceph: stderr
2024-04-26T04:33:29.281+0000 7fe815573700 1 -- 172.21.15.90:0/3065997257 --> [v2:172.21.15.90:6800/2176954768,v1:172.21.15.90:6801/2176954768] -- mgr_command(tid 0: {"prefix": "cephadm generate-key", "target": ["mon-mgr", ""]}) v1 -- 0x7fe8101014c0 con 0x7fe7f80383b0
2024-04-26T04:33:30.027 INFO:teuthology.orchestra.run.smithi090.stdout:/usr/bin/ceph: stderr
2024-04-26T04:33:29.455+0000 7fe7f7fff700 1 -- 172.21.15.90:0/3065997257 <== mgr.14120 v2:172.21.15.90:6800/2176954768 1 ==== mgr_command_reply(tid 0: 0 ) v1 ==== 8+0+0 (secure 0 0 0) 0x7fe8101014c0 con 0x7fe7f80383b0
2024-04-26T04:33:30.027 INFO:teuthology.orchestra.run.smithi090.stdout:/usr/bin/ceph: stderr
2024-04-26T04:33:29.457+0000 7fe815573700 1 -- 172.21.15.90:0/3065997257 >> [v2:172.21.15.90:6800/2176954768,v1:172.21.15.90:6801/2176954768] conn(0x7fe7f80383b0 msgr2=0x7fe7f803a860 secure :-1 s=STATE_CONNECTION_ESTABLISHED l=1).mark_down
2024-04-26T04:33:30.027 INFO:teuthology.orchestra.run.smithi090.stdout:/usr/bin/ceph: stderr
2024-04-26T04:33:29.457+0000 7fe815573700 1 --2- 172.21.15.90:0/3065997257 >> [v2:172.21.15.90:6800/2176954768,v1:172.21.15.90:6801/2176954768] conn(0x7fe7f80383b0 0x7fe7f803a860 secure :-1 s=READY pgs=9 cs=0 l=1 rev1=1 crypto rx=0x7fe804006fd0 tx=0x7fe804006e40 comp rx=0 tx=0).stop
2024-04-26T04:33:30.028 INFO:teuthology.orchestra.run.smithi090.stdout:/usr/bin/ceph: stderr
2024-04-26T04:33:29.458+0000 7fe815573700 1 -- 172.21.15.90:0/3065997257 >> [v2:172.21.15.90:3300/0,v1:172.21.15.90:6789/0] conn(0x7fe81019b930 msgr2=0x7fe81019bd40 secure :-1 s=STATE_CONNECTION_ESTABLISHED l=1).mark_down
2024-04-26T04:33:30.028 INFO:teuthology.orchestra.run.smithi090.stdout:/usr/bin/ceph: stderr
2024-04-26T04:33:29.458+0000 7fe815573700 1 --2- 172.21.15.90:0/3065997257 >> [v2:172.21.15.90:3300/0,v1:172.21.15.90:6789/0] conn(0x7fe81019b930 0x7fe81019bd40 secure :-1 s=READY pgs=42 cs=0 l=1 rev1=1 crypto rx=0x7fe80800b7b0 tx=0x7fe808004430 comp rx=0 tx=0).stop
2024-04-26T04:33:30.028 INFO:teuthology.orchestra.run.smithi090.stdout:/usr/bin/ceph: stderr
2024-04-26T04:33:29.458+0000 7fe815573700 1 -- 172.21.15.90:0/3065997257 shutdown_connections
2024-04-26T04:33:30.028 INFO:teuthology.orchestra.run.smithi090.stdout:/usr/bin/ceph: stderr
2024-04-26T04:33:29.458+0000 7fe815573700 1 --2- 172.21.15.90:0/3065997257 >> [v2:172.21.15.90:6800/2176954768,v1:172.21.15.90:6801/2176954768] conn(0x7fe7f80383b0 0x7fe7f803a860 unknown :-1 s=CLOSED pgs=9 cs=0 l=1 rev1=1 crypto rx=0 tx=0 comp rx=0 tx=0).stop
2024-04-26T04:33:30.028 INFO:teuthology.orchestra.run.smithi090.stdout:/usr/bin/ceph: stderr
2024-04-26T04:33:29.458+0000 7fe815573700 1 --2- 172.21.15.90:0/3065997257 >> [v2:172.21.15.90:3300/0,v1:172.21.15.90:6789/0] conn(0x7fe81019b930 0x7fe81019bd40 unknown :-1 s=CLOSED pgs=42 cs=0 l=1 rev1=1 crypto rx=0 tx=0 comp rx=0 tx=0).stop
2024-04-26T04:33:30.028 INFO:teuthology.orchestra.run.smithi090.stdout:/usr/bin/ceph: stderr
2024-04-26T04:33:29.458+0000 7fe815573700 1 -- 172.21.15.90:0/3065997257 >> 172.21.15.90:0/3065997257 conn(0x7fe810100040 msgr2=0x7fe810100db0 unknown :-1 s=STATE_NONE l=0).mark_down
2024-04-26T04:33:30.028 INFO:teuthology.orchestra.run.smithi090.stdout:/usr/bin/ceph: stderr
2024-04-26T04:33:29.458+0000 7fe815573700 1 -- 172.21.15.90:0/3065997257 shutdown_connections
2024-04-26T04:33:30.028 INFO:teuthology.orchestra.run.smithi090.stdout:/usr/bin/ceph: stderr
2024-04-26T04:33:29.458+0000 7fe815573700 1 -- 172.21.15.90:0/3065997257 wait complete.
2024-04-26T04:33:30.721 INFO:journalctl@ceph.mon.smithi090.smithi090.stdout:Apr 26 04:33:30 smithi090 ceph-mon[26648]: from='client.14136 -' entity='client.admin' cmd=[{"prefix": "cephadm generate-key", "target": ["mon-mgr", ""]}]: dispatch
2024-04-26T04:33:30.721 INFO:journalctl@ceph.mon.smithi090.smithi090.stdout:Apr 26 04:33:30 smithi090 ceph-mon[26648]: Generating ssh key...
2024-04-26T04:33:30.721 INFO:journalctl@ceph.mon.smithi090.smithi090.stdout:Apr 26 04:33:30 smithi090 ceph-mon[26648]: from='mgr.14120 172.21.15.90:0/3203305665' entity='mgr.smithi090.iwrvwa'
2024-04-26T04:33:30.722 INFO:journalctl@ceph.mon.smithi090.smithi090.stdout:Apr 26 04:33:30 smithi090 ceph-mon[26648]: from='mgr.14120 172.21.15.90:0/3203305665' entity='mgr.smithi090.iwrvwa'
2024-04-26T04:33:31.257 INFO:teuthology.orchestra.run.smithi090.stdout:/usr/bin/ceph: stdout ssh-rsa AAAAB3NzaC1yc2EAAAADAQABAAABgQDYjdXsuliVep/WqNcKeShgMRDdYE+ztBQGzpUfzxZVYMrG/xa9kviHxa2FCfaPH/iEP3tMNj/Yi9j65oZti55qoU0JHWEC1xNTpplD5F+pxOQWpDU3E6xNZBdJOVT71Qqt1qEPgAPRzHCb0DVmni/kCqF0uJOdv8F+geeIXJ0IQ5DdN+hEvWtsALTERNvv/J7n//QOcmAxZ++hfPPSLMTpMuI1c31pkSwv0XLgEGJmMf/kxKqHWWdm8WdjjwsK0Gdwbfzpe8Mlz3BxOuCQoYxMkr16+WARMZaFfFHvXGXFlMkEp1Tbv/0gtbHTpUB9Is1wWlt8zta+Z4a1KYbBWrfO2ZdkiU8SCNXD3RB6jYCcBtAiZZYcJiZcWEVRrxvT33eYy+LRXYJxah0ndosDDDtuJuu/LcNjGhO+/jyyNgnNtqB8LImzlbWufA2fzgnBT5jfBZ4AwcOhDkZmAuAnEwfA/ovk/7Nxuj4Fjc5QdAOOreCAGMp9x4rGMJiDG1xDPZs= ceph-f018e902-0385-11ef-bc93-c7b262605968
2024-04-26T04:33:31.257 INFO:teuthology.orchestra.run.smithi090.stdout:/usr/bin/ceph: stderr
2024-04-26T04:33:30.443+0000 7f72d30a2700 1 Processor -- start
2024-04-26T04:33:31.258 INFO:teuthology.orchestra.run.smithi090.stdout:/usr/bin/ceph: stderr
2024-04-26T04:33:30.443+0000 7f72d30a2700 1 -- start start
2024-04-26T04:33:31.258 INFO:teuthology.orchestra.run.smithi090.stdout:/usr/bin/ceph: stderr
2024-04-26T04:33:30.443+0000 7f72d30a2700 1 --2- >> [v2:172.21.15.90:3300/0,v1:172.21.15.90:6789/0] conn(0x7f72cc105b10 0x7f72cc105f20 unknown :-1 s=NONE pgs=0 cs=0 l=0 rev1=0 crypto rx=0 tx=0 comp rx=0 tx=0).connect
2024-04-26T04:33:31.258 INFO:teuthology.orchestra.run.smithi090.stdout:/usr/bin/ceph: stderr
2024-04-26T04:33:30.443+0000 7f72d30a2700 1 -- --> [v2:172.21.15.90:3300/0,v1:172.21.15.90:6789/0] -- mon_getmap magic: 0 v1 -- 0x7f72cc106460 con 0x7f72cc105b10
2024-04-26T04:33:31.258 INFO:teuthology.orchestra.run.smithi090.stdout:/usr/bin/ceph: stderr
2024-04-26T04:33:30.443+0000 7f72d0e3e700 1 --2- >> [v2:172.21.15.90:3300/0,v1:172.21.15.90:6789/0] conn(0x7f72cc105b10 0x7f72cc105f20 unknown :-1 s=BANNER_CONNECTING pgs=0 cs=0 l=0 rev1=0 crypto rx=0 tx=0 comp rx=0 tx=0)._handle_peer_banner_payload supported=3 required=0
2024-04-26T04:33:31.258 INFO:teuthology.orchestra.run.smithi090.stdout:/usr/bin/ceph: stderr
2024-04-26T04:33:30.443+0000 7f72d0e3e700 1 --2- >> [v2:172.21.15.90:3300/0,v1:172.21.15.90:6789/0] conn(0x7f72cc105b10 0x7f72cc105f20 unknown :-1 s=HELLO_CONNECTING pgs=0 cs=0 l=0 rev1=1 crypto rx=0 tx=0 comp rx=0 tx=0).handle_hello peer v2:172.21.15.90:3300/0 says I am v2:172.21.15.90:48540/0 (socket says 172.21.15.90:48540)
2024-04-26T04:33:31.258 INFO:teuthology.orchestra.run.smithi090.stdout:/usr/bin/ceph: stderr
2024-04-26T04:33:30.443+0000 7f72d0e3e700 1 -- 172.21.15.90:0/1112933688 learned_addr learned my addr 172.21.15.90:0/1112933688 (peer_addr_for_me v2:172.21.15.90:0/0)
2024-04-26T04:33:31.258 INFO:teuthology.orchestra.run.smithi090.stdout:/usr/bin/ceph: stderr
2024-04-26T04:33:30.443+0000 7f72d0e3e700 1 -- 172.21.15.90:0/1112933688 --> [v2:172.21.15.90:3300/0,v1:172.21.15.90:6789/0] -- mon_subscribe({config=0+,monmap=0+}) v3 -- 0x7f72cc1065a0 con 0x7f72cc105b10
2024-04-26T04:33:31.258 INFO:teuthology.orchestra.run.smithi090.stdout:/usr/bin/ceph: stderr
2024-04-26T04:33:30.443+0000 7f72d0e3e700 1 --2- 172.21.15.90:0/1112933688 >> [v2:172.21.15.90:3300/0,v1:172.21.15.90:6789/0] conn(0x7f72cc105b10 0x7f72cc105f20 secure :-1 s=READY pgs=43 cs=0 l=1 rev1=1 crypto rx=0x7f72c00098a0 tx=0x7f72c0009bb0 comp rx=0 tx=0).ready entity=mon.0 client_cookie=c1d833b8aaf9b428 server_cookie=0 in_seq=0 out_seq=0
2024-04-26T04:33:31.258 INFO:teuthology.orchestra.run.smithi090.stdout:/usr/bin/ceph: stderr
2024-04-26T04:33:30.443+0000 7f72cb7fe700 1 -- 172.21.15.90:0/1112933688 <== mon.0 v2:172.21.15.90:3300/0 1 ==== mon_map magic: 0 v1 ==== 229+0+0 (secure 0 0 0) 0x7f72c0004180 con 0x7f72cc105b10
2024-04-26T04:33:31.258 INFO:teuthology.orchestra.run.smithi090.stdout:/usr/bin/ceph: stderr
2024-04-26T04:33:30.443+0000 7f72cb7fe700 1 -- 172.21.15.90:0/1112933688 <== mon.0 v2:172.21.15.90:3300/0 2 ==== config(27 keys) v1 ==== 1037+0+0 (secure 0 0 0) 0x7f72c00042e0 con 0x7f72cc105b10
2024-04-26T04:33:31.258 INFO:teuthology.orchestra.run.smithi090.stdout:/usr/bin/ceph: stderr
