2024-04-26T04:33:30.443+0000 7f72cb7fe700 1 -- 172.21.15.90:0/1112933688 <== mon.0 v2:172.21.15.90:3300/0 3 ==== mon_map magic: 0 v1 ==== 229+0+0 (secure 0 0 0) 0x7f72c0011a50 con 0x7f72cc105b10
2024-04-26T04:33:31.258 INFO:teuthology.orchestra.run.smithi090.stdout:/usr/bin/ceph: stderr
2024-04-26T04:33:30.444+0000 7f72d30a2700 1 -- 172.21.15.90:0/1112933688 >> [v2:172.21.15.90:3300/0,v1:172.21.15.90:6789/0] conn(0x7f72cc105b10 msgr2=0x7f72cc105f20 secure :-1 s=STATE_CONNECTION_ESTABLISHED l=1).mark_down
2024-04-26T04:33:31.258 INFO:teuthology.orchestra.run.smithi090.stdout:/usr/bin/ceph: stderr
2024-04-26T04:33:30.444+0000 7f72d30a2700 1 --2- 172.21.15.90:0/1112933688 >> [v2:172.21.15.90:3300/0,v1:172.21.15.90:6789/0] conn(0x7f72cc105b10 0x7f72cc105f20 secure :-1 s=READY pgs=43 cs=0 l=1 rev1=1 crypto rx=0x7f72c00098a0 tx=0x7f72c0009bb0 comp rx=0 tx=0).stop
2024-04-26T04:33:31.259 INFO:teuthology.orchestra.run.smithi090.stdout:/usr/bin/ceph: stderr
2024-04-26T04:33:30.444+0000 7f72d30a2700 1 -- 172.21.15.90:0/1112933688 shutdown_connections
2024-04-26T04:33:31.259 INFO:teuthology.orchestra.run.smithi090.stdout:/usr/bin/ceph: stderr
2024-04-26T04:33:30.444+0000 7f72d30a2700 1 --2- 172.21.15.90:0/1112933688 >> [v2:172.21.15.90:3300/0,v1:172.21.15.90:6789/0] conn(0x7f72cc105b10 0x7f72cc105f20 unknown :-1 s=CLOSED pgs=43 cs=0 l=1 rev1=1 crypto rx=0 tx=0 comp rx=0 tx=0).stop
2024-04-26T04:33:31.259 INFO:teuthology.orchestra.run.smithi090.stdout:/usr/bin/ceph: stderr
2024-04-26T04:33:30.444+0000 7f72d30a2700 1 -- 172.21.15.90:0/1112933688 >> 172.21.15.90:0/1112933688 conn(0x7f72cc101180 msgr2=0x7f72cc103590 unknown :-1 s=STATE_NONE l=0).mark_down
2024-04-26T04:33:31.259 INFO:teuthology.orchestra.run.smithi090.stdout:/usr/bin/ceph: stderr
2024-04-26T04:33:30.444+0000 7f72d30a2700 1 -- 172.21.15.90:0/1112933688 shutdown_connections
2024-04-26T04:33:31.259 INFO:teuthology.orchestra.run.smithi090.stdout:/usr/bin/ceph: stderr
2024-04-26T04:33:30.444+0000 7f72d30a2700 1 -- 172.21.15.90:0/1112933688 wait complete.
2024-04-26T04:33:31.259 INFO:teuthology.orchestra.run.smithi090.stdout:/usr/bin/ceph: stderr
2024-04-26T04:33:30.445+0000 7f72d30a2700 1 Processor -- start
2024-04-26T04:33:31.259 INFO:teuthology.orchestra.run.smithi090.stdout:/usr/bin/ceph: stderr
2024-04-26T04:33:30.445+0000 7f72d30a2700 1 -- start start
2024-04-26T04:33:31.259 INFO:teuthology.orchestra.run.smithi090.stdout:/usr/bin/ceph: stderr
2024-04-26T04:33:30.445+0000 7f72d30a2700 1 --2- >> [v2:172.21.15.90:3300/0,v1:172.21.15.90:6789/0] conn(0x7f72cc105b10 0x7f72cc199810 unknown :-1 s=NONE pgs=0 cs=0 l=1 rev1=0 crypto rx=0 tx=0 comp rx=0 tx=0).connect
2024-04-26T04:33:31.259 INFO:teuthology.orchestra.run.smithi090.stdout:/usr/bin/ceph: stderr
2024-04-26T04:33:30.445+0000 7f72d30a2700 1 -- --> [v2:172.21.15.90:3300/0,v1:172.21.15.90:6789/0] -- mon_getmap magic: 0 v1 -- 0x7f72cc199d50 con 0x7f72cc105b10
2024-04-26T04:33:31.259 INFO:teuthology.orchestra.run.smithi090.stdout:/usr/bin/ceph: stderr
2024-04-26T04:33:30.445+0000 7f72d0e3e700 1 --2- >> [v2:172.21.15.90:3300/0,v1:172.21.15.90:6789/0] conn(0x7f72cc105b10 0x7f72cc199810 unknown :-1 s=BANNER_CONNECTING pgs=0 cs=0 l=1 rev1=0 crypto rx=0 tx=0 comp rx=0 tx=0)._handle_peer_banner_payload supported=3 required=0
2024-04-26T04:33:31.259 INFO:teuthology.orchestra.run.smithi090.stdout:/usr/bin/ceph: stderr
2024-04-26T04:33:30.445+0000 7f72d0e3e700 1 --2- >> [v2:172.21.15.90:3300/0,v1:172.21.15.90:6789/0] conn(0x7f72cc105b10 0x7f72cc199810 unknown :-1 s=HELLO_CONNECTING pgs=0 cs=0 l=1 rev1=1 crypto rx=0 tx=0 comp rx=0 tx=0).handle_hello peer v2:172.21.15.90:3300/0 says I am v2:172.21.15.90:48546/0 (socket says 172.21.15.90:48546)
2024-04-26T04:33:31.259 INFO:teuthology.orchestra.run.smithi090.stdout:/usr/bin/ceph: stderr
2024-04-26T04:33:30.445+0000 7f72d0e3e700 1 -- 172.21.15.90:0/3006308447 learned_addr learned my addr 172.21.15.90:0/3006308447 (peer_addr_for_me v2:172.21.15.90:0/0)
2024-04-26T04:33:31.259 INFO:teuthology.orchestra.run.smithi090.stdout:/usr/bin/ceph: stderr
2024-04-26T04:33:30.445+0000 7f72d0e3e700 1 -- 172.21.15.90:0/3006308447 --> [v2:172.21.15.90:3300/0,v1:172.21.15.90:6789/0] -- mon_subscribe({config=0+,monmap=0+}) v3 -- 0x7f72c0009550 con 0x7f72cc105b10
2024-04-26T04:33:31.259 INFO:teuthology.orchestra.run.smithi090.stdout:/usr/bin/ceph: stderr
2024-04-26T04:33:30.445+0000 7f72d0e3e700 1 --2- 172.21.15.90:0/3006308447 >> [v2:172.21.15.90:3300/0,v1:172.21.15.90:6789/0] conn(0x7f72cc105b10 0x7f72cc199810 secure :-1 s=READY pgs=44 cs=0 l=1 rev1=1 crypto rx=0x7f72c0000c00 tx=0x7f72c0011ab0 comp rx=0 tx=0).ready entity=mon.0 client_cookie=0 server_cookie=0 in_seq=0 out_seq=0
2024-04-26T04:33:31.260 INFO:teuthology.orchestra.run.smithi090.stdout:/usr/bin/ceph: stderr
2024-04-26T04:33:30.445+0000 7f72c9ffb700 1 -- 172.21.15.90:0/3006308447 <== mon.0 v2:172.21.15.90:3300/0 1 ==== mon_map magic: 0 v1 ==== 229+0+0 (secure 0 0 0) 0x7f72c0003b90 con 0x7f72cc105b10
2024-04-26T04:33:31.260 INFO:teuthology.orchestra.run.smithi090.stdout:/usr/bin/ceph: stderr
2024-04-26T04:33:30.445+0000 7f72c9ffb700 1 -- 172.21.15.90:0/3006308447 <== mon.0 v2:172.21.15.90:3300/0 2 ==== config(27 keys) v1 ==== 1037+0+0 (secure 0 0 0) 0x7f72c00248b0 con 0x7f72cc105b10
2024-04-26T04:33:31.260 INFO:teuthology.orchestra.run.smithi090.stdout:/usr/bin/ceph: stderr
2024-04-26T04:33:30.445+0000 7f72d30a2700 1 -- 172.21.15.90:0/3006308447 --> [v2:172.21.15.90:3300/0,v1:172.21.15.90:6789/0] -- mon_subscribe({mgrmap=0+}) v3 -- 0x7f72cc199f50 con 0x7f72cc105b10
2024-04-26T04:33:31.260 INFO:teuthology.orchestra.run.smithi090.stdout:/usr/bin/ceph: stderr
2024-04-26T04:33:30.445+0000 7f72c9ffb700 1 -- 172.21.15.90:0/3006308447 <== mon.0 v2:172.21.15.90:3300/0 3 ==== mon_map magic: 0 v1 ==== 229+0+0 (secure 0 0 0) 0x7f72c001a8e0 con 0x7f72cc105b10
2024-04-26T04:33:31.260 INFO:teuthology.orchestra.run.smithi090.stdout:/usr/bin/ceph: stderr
2024-04-26T04:33:30.446+0000 7f72d30a2700 1 -- 172.21.15.90:0/3006308447 --> [v2:172.21.15.90:3300/0,v1:172.21.15.90:6789/0] -- mon_subscribe({osdmap=0}) v3 -- 0x7f72cc19a370 con 0x7f72cc105b10
2024-04-26T04:33:31.260 INFO:teuthology.orchestra.run.smithi090.stdout:/usr/bin/ceph: stderr
2024-04-26T04:33:30.446+0000 7f72c9ffb700 1 -- 172.21.15.90:0/3006308447 <== mon.0 v2:172.21.15.90:3300/0 4 ==== mgrmap(e 8) v1 ==== 45084+0+0 (secure 0 0 0) 0x7f72c0024440 con 0x7f72cc105b10
2024-04-26T04:33:31.260 INFO:teuthology.orchestra.run.smithi090.stdout:/usr/bin/ceph: stderr
2024-04-26T04:33:30.446+0000 7f72c9ffb700 1 --2- 172.21.15.90:0/3006308447 >> [v2:172.21.15.90:6800/2176954768,v1:172.21.15.90:6801/2176954768] conn(0x7f72bc038440 0x7f72bc03a8f0 unknown :-1 s=NONE pgs=0 cs=0 l=1 rev1=0 crypto rx=0 tx=0 comp rx=0 tx=0).connect
2024-04-26T04:33:31.260 INFO:teuthology.orchestra.run.smithi090.stdout:/usr/bin/ceph: stderr
2024-04-26T04:33:30.447+0000 7f72d30a2700 1 -- 172.21.15.90:0/3006308447 --> [v2:172.21.15.90:3300/0,v1:172.21.15.90:6789/0] -- mon_command({"prefix": "get_command_descriptions"} v 0) v1 -- 0x7f72cc062380 con 0x7f72cc105b10
2024-04-26T04:33:31.260 INFO:teuthology.orchestra.run.smithi090.stdout:/usr/bin/ceph: stderr
2024-04-26T04:33:30.447+0000 7f72c9ffb700 1 -- 172.21.15.90:0/3006308447 <== mon.0 v2:172.21.15.90:3300/0 5 ==== osd_map(2..2 src has 1..2) v4 ==== 940+0+0 (secure 0 0 0) 0x7f72c004c400 con 0x7f72cc105b10
2024-04-26T04:33:31.260 INFO:teuthology.orchestra.run.smithi090.stdout:/usr/bin/ceph: stderr
2024-04-26T04:33:30.447+0000 7f72cbfff700 1 --2- 172.21.15.90:0/3006308447 >> [v2:172.21.15.90:6800/2176954768,v1:172.21.15.90:6801/2176954768] conn(0x7f72bc038440 0x7f72bc03a8f0 unknown :-1 s=BANNER_CONNECTING pgs=0 cs=0 l=1 rev1=0 crypto rx=0 tx=0 comp rx=0 tx=0)._handle_peer_banner_payload supported=3 required=0
2024-04-26T04:33:31.260 INFO:teuthology.orchestra.run.smithi090.stdout:/usr/bin/ceph: stderr
2024-04-26T04:33:30.447+0000 7f72cbfff700 1 --2- 172.21.15.90:0/3006308447 >> [v2:172.21.15.90:6800/2176954768,v1:172.21.15.90:6801/2176954768] conn(0x7f72bc038440 0x7f72bc03a8f0 secure :-1 s=READY pgs=10 cs=0 l=1 rev1=1 crypto rx=0x7f72b8006fd0 tx=0x7f72b8006e40 comp rx=0 tx=0).ready entity=mgr.14120 client_cookie=0 server_cookie=0 in_seq=0 out_seq=0
2024-04-26T04:33:31.260 INFO:teuthology.orchestra.run.smithi090.stdout:/usr/bin/ceph: stderr
2024-04-26T04:33:30.452+0000 7f72c9ffb700 1 -- 172.21.15.90:0/3006308447 <== mon.0 v2:172.21.15.90:3300/0 6 ==== mon_command_ack([{"prefix": "get_command_descriptions"}]=0 v0) v1 ==== 72+0+177933 (secure 0 0 0) 0x7f72c00189a0 con 0x7f72cc105b10
2024-04-26T04:33:31.260 INFO:teuthology.orchestra.run.smithi090.stdout:/usr/bin/ceph: stderr
2024-04-26T04:33:30.642+0000 7f72d30a2700 1 -- 172.21.15.90:0/3006308447 --> [v2:172.21.15.90:6800/2176954768,v1:172.21.15.90:6801/2176954768] -- mgr_command(tid 0: {"prefix": "cephadm get-pub-key", "target": ["mon-mgr", ""]}) v1 -- 0x7f72cc102610 con 0x7f72bc038440
2024-04-26T04:33:31.261 INFO:teuthology.orchestra.run.smithi090.stdout:/usr/bin/ceph: stderr
2024-04-26T04:33:30.643+0000 7f72c9ffb700 1 -- 172.21.15.90:0/3006308447 <== mgr.14120 v2:172.21.15.90:6800/2176954768 1 ==== mgr_command_reply(tid 0: 0 ) v1 ==== 8+0+595 (secure 0 0 0) 0x7f72cc102610 con 0x7f72bc038440
2024-04-26T04:33:31.261 INFO:teuthology.orchestra.run.smithi090.stdout:/usr/bin/ceph: stderr
2024-04-26T04:33:30.645+0000 7f72d30a2700 1 -- 172.21.15.90:0/3006308447 >> [v2:172.21.15.90:6800/2176954768,v1:172.21.15.90:6801/2176954768] conn(0x7f72bc038440 msgr2=0x7f72bc03a8f0 secure :-1 s=STATE_CONNECTION_ESTABLISHED l=1).mark_down
2024-04-26T04:33:31.261 INFO:teuthology.orchestra.run.smithi090.stdout:/usr/bin/ceph: stderr
2024-04-26T04:33:30.645+0000 7f72d30a2700 1 --2- 172.21.15.90:0/3006308447 >> [v2:172.21.15.90:6800/2176954768,v1:172.21.15.90:6801/2176954768] conn(0x7f72bc038440 0x7f72bc03a8f0 secure :-1 s=READY pgs=10 cs=0 l=1 rev1=1 crypto rx=0x7f72b8006fd0 tx=0x7f72b8006e40 comp rx=0 tx=0).stop
2024-04-26T04:33:31.261 INFO:teuthology.orchestra.run.smithi090.stdout:/usr/bin/ceph: stderr
2024-04-26T04:33:30.645+0000 7f72d30a2700 1 -- 172.21.15.90:0/3006308447 >> [v2:172.21.15.90:3300/0,v1:172.21.15.90:6789/0] conn(0x7f72cc105b10 msgr2=0x7f72cc199810 secure :-1 s=STATE_CONNECTION_ESTABLISHED l=1).mark_down
2024-04-26T04:33:31.261 INFO:teuthology.orchestra.run.smithi090.stdout:/usr/bin/ceph: stderr
2024-04-26T04:33:30.645+0000 7f72d30a2700 1 --2- 172.21.15.90:0/3006308447 >> [v2:172.21.15.90:3300/0,v1:172.21.15.90:6789/0] conn(0x7f72cc105b10 0x7f72cc199810 secure :-1 s=READY pgs=44 cs=0 l=1 rev1=1 crypto rx=0x7f72c0000c00 tx=0x7f72c0011ab0 comp rx=0 tx=0).stop
2024-04-26T04:33:31.261 INFO:teuthology.orchestra.run.smithi090.stdout:/usr/bin/ceph: stderr
2024-04-26T04:33:30.645+0000 7f72d30a2700 1 -- 172.21.15.90:0/3006308447 shutdown_connections
2024-04-26T04:33:31.261 INFO:teuthology.orchestra.run.smithi090.stdout:/usr/bin/ceph: stderr
2024-04-26T04:33:30.645+0000 7f72d30a2700 1 --2- 172.21.15.90:0/3006308447 >> [v2:172.21.15.90:6800/2176954768,v1:172.21.15.90:6801/2176954768] conn(0x7f72bc038440 0x7f72bc03a8f0 unknown :-1 s=CLOSED pgs=10 cs=0 l=1 rev1=1 crypto rx=0 tx=0 comp rx=0 tx=0).stop
2024-04-26T04:33:31.261 INFO:teuthology.orchestra.run.smithi090.stdout:/usr/bin/ceph: stderr
2024-04-26T04:33:30.645+0000 7f72d30a2700 1 --2- 172.21.15.90:0/3006308447 >> [v2:172.21.15.90:3300/0,v1:172.21.15.90:6789/0] conn(0x7f72cc105b10 0x7f72cc199810 unknown :-1 s=CLOSED pgs=44 cs=0 l=1 rev1=1 crypto rx=0 tx=0 comp rx=0 tx=0).stop
2024-04-26T04:33:31.261 INFO:teuthology.orchestra.run.smithi090.stdout:/usr/bin/ceph: stderr
2024-04-26T04:33:30.645+0000 7f72d30a2700 1 -- 172.21.15.90:0/3006308447 >> 172.21.15.90:0/3006308447 conn(0x7f72cc101180 msgr2=0x7f72cc101f00 unknown :-1 s=STATE_NONE l=0).mark_down
2024-04-26T04:33:31.261 INFO:teuthology.orchestra.run.smithi090.stdout:/usr/bin/ceph: stderr
2024-04-26T04:33:30.645+0000 7f72d30a2700 1 -- 172.21.15.90:0/3006308447 shutdown_connections
2024-04-26T04:33:31.261 INFO:teuthology.orchestra.run.smithi090.stdout:/usr/bin/ceph: stderr
2024-04-26T04:33:30.645+0000 7f72d30a2700 1 -- 172.21.15.90:0/3006308447 wait complete.
2024-04-26T04:33:31.261 INFO:teuthology.orchestra.run.smithi090.stdout:Wrote public SSH key to /home/ubuntu/cephtest/ceph.pub
2024-04-26T04:33:31.261 INFO:teuthology.orchestra.run.smithi090.stdout:Adding key to root@localhost authorized_keys...
2024-04-26T04:33:31.261 INFO:teuthology.orchestra.run.smithi090.stdout:Adding host smithi090...
2024-04-26T04:33:31.721 INFO:journalctl@ceph.mon.smithi090.smithi090.stdout:Apr 26 04:33:31 smithi090 ceph-mon[26648]: from='client.14138 -' entity='client.admin' cmd=[{"prefix": "cephadm get-pub-key", "target": ["mon-mgr", ""]}]: dispatch
2024-04-26T04:33:32.581 INFO:journalctl@ceph.mon.smithi090.smithi090.stdout:Apr 26 04:33:32 smithi090 ceph-mon[26648]: from='client.14140 -' entity='client.admin' cmd=[{"prefix": "orch host add", "hostname": "smithi090", "addr": "172.21.15.90", "target": ["mon-mgr", ""]}]: dispatch
2024-04-26T04:33:34.460 INFO:journalctl@ceph.mon.smithi090.smithi090.stdout:Apr 26 04:33:34 smithi090 ceph-mon[26648]: Deploying cephadm binary to smithi090
2024-04-26T04:33:34.711 INFO:teuthology.orchestra.run.smithi090.stdout:/usr/bin/ceph: stdout Added host 'smithi090' with addr '172.21.15.90'
2024-04-26T04:33:34.711 INFO:teuthology.orchestra.run.smithi090.stdout:/usr/bin/ceph: stderr
2024-04-26T04:33:31.645+0000 7f755f692700 1 Processor -- start
2024-04-26T04:33:34.711 INFO:teuthology.orchestra.run.smithi090.stdout:/usr/bin/ceph: stderr
2024-04-26T04:33:31.645+0000 7f755f692700 1 -- start start
2024-04-26T04:33:34.711 INFO:teuthology.orchestra.run.smithi090.stdout:/usr/bin/ceph: stderr
2024-04-26T04:33:31.645+0000 7f755f692700 1 --2- >> [v2:172.21.15.90:3300/0,v1:172.21.15.90:6789/0] conn(0x7f7558106650 0x7f7558108a30 unknown :-1 s=NONE pgs=0 cs=0 l=0 rev1=0 crypto rx=0 tx=0 comp rx=0 tx=0).connect
2024-04-26T04:33:34.711 INFO:teuthology.orchestra.run.smithi090.stdout:/usr/bin/ceph: stderr
2024-04-26T04:33:31.645+0000 7f755f692700 1 -- --> [v2:172.21.15.90:3300/0,v1:172.21.15.90:6789/0] -- mon_getmap magic: 0 v1 -- 0x7f75580744d0 con 0x7f7558106650
2024-04-26T04:33:34.711 INFO:teuthology.orchestra.run.smithi090.stdout:/usr/bin/ceph: stderr
2024-04-26T04:33:31.645+0000 7f755d42e700 1 --2- >> [v2:172.21.15.90:3300/0,v1:172.21.15.90:6789/0] conn(0x7f7558106650 0x7f7558108a30 unknown :-1 s=BANNER_CONNECTING pgs=0 cs=0 l=0 rev1=0 crypto rx=0 tx=0 comp rx=0 tx=0)._handle_peer_banner_payload supported=3 required=0
2024-04-26T04:33:34.711 INFO:teuthology.orchestra.run.smithi090.stdout:/usr/bin/ceph: stderr
2024-04-26T04:33:31.645+0000 7f755d42e700 1 --2- >> [v2:172.21.15.90:3300/0,v1:172.21.15.90:6789/0] conn(0x7f7558106650 0x7f7558108a30 unknown :-1 s=HELLO_CONNECTING pgs=0 cs=0 l=0 rev1=1 crypto rx=0 tx=0 comp rx=0 tx=0).handle_hello peer v2:172.21.15.90:3300/0 says I am v2:172.21.15.90:48554/0 (socket says 172.21.15.90:48554)
2024-04-26T04:33:34.712 INFO:teuthology.orchestra.run.smithi090.stdout:/usr/bin/ceph: stderr
2024-04-26T04:33:31.645+0000 7f755d42e700 1 -- 172.21.15.90:0/2827020780 learned_addr learned my addr 172.21.15.90:0/2827020780 (peer_addr_for_me v2:172.21.15.90:0/0)
2024-04-26T04:33:34.712 INFO:teuthology.orchestra.run.smithi090.stdout:/usr/bin/ceph: stderr
2024-04-26T04:33:31.646+0000 7f755d42e700 1 -- 172.21.15.90:0/2827020780 --> [v2:172.21.15.90:3300/0,v1:172.21.15.90:6789/0] -- mon_subscribe({config=0+,monmap=0+}) v3 -- 0x7f7558074610 con 0x7f7558106650
2024-04-26T04:33:34.712 INFO:teuthology.orchestra.run.smithi090.stdout:/usr/bin/ceph: stderr
2024-04-26T04:33:31.646+0000 7f755d42e700 1 --2- 172.21.15.90:0/2827020780 >> [v2:172.21.15.90:3300/0,v1:172.21.15.90:6789/0] conn(0x7f7558106650 0x7f7558108a30 secure :-1 s=READY pgs=45 cs=0 l=1 rev1=1 crypto rx=0x7f75480098a0 tx=0x7f7548009bb0 comp rx=0 tx=0).ready entity=mon.0 client_cookie=b3e6ea38aa9d638e server_cookie=0 in_seq=0 out_seq=0
2024-04-26T04:33:34.712 INFO:teuthology.orchestra.run.smithi090.stdout:/usr/bin/ceph: stderr
2024-04-26T04:33:31.646+0000 7f754ffff700 1 -- 172.21.15.90:0/2827020780 <== mon.0 v2:172.21.15.90:3300/0 1 ==== mon_map magic: 0 v1 ==== 229+0+0 (secure 0 0 0) 0x7f7548004180 con 0x7f7558106650
2024-04-26T04:33:34.712 INFO:teuthology.orchestra.run.smithi090.stdout:/usr/bin/ceph: stderr
2024-04-26T04:33:31.646+0000 7f754ffff700 1 -- 172.21.15.90:0/2827020780 <== mon.0 v2:172.21.15.90:3300/0 2 ==== config(27 keys) v1 ==== 1037+0+0 (secure 0 0 0) 0x7f75480042e0 con 0x7f7558106650
2024-04-26T04:33:34.712 INFO:teuthology.orchestra.run.smithi090.stdout:/usr/bin/ceph: stderr
2024-04-26T04:33:31.646+0000 7f754ffff700 1 -- 172.21.15.90:0/2827020780 <== mon.0 v2:172.21.15.90:3300/0 3 ==== mon_map magic: 0 v1 ==== 229+0+0 (secure 0 0 0) 0x7f7548011a50 con 0x7f7558106650
2024-04-26T04:33:34.712 INFO:teuthology.orchestra.run.smithi090.stdout:/usr/bin/ceph: stderr
2024-04-26T04:33:31.647+0000 7f755f692700 1 -- 172.21.15.90:0/2827020780 >> [v2:172.21.15.90:3300/0,v1:172.21.15.90:6789/0] conn(0x7f7558106650 msgr2=0x7f7558108a30 secure :-1 s=STATE_CONNECTION_ESTABLISHED l=1).mark_down
2024-04-26T04:33:34.712 INFO:teuthology.orchestra.run.smithi090.stdout:/usr/bin/ceph: stderr
2024-04-26T04:33:31.647+0000 7f755f692700 1 --2- 172.21.15.90:0/2827020780 >> [v2:172.21.15.90:3300/0,v1:172.21.15.90:6789/0] conn(0x7f7558106650 0x7f7558108a30 secure :-1 s=READY pgs=45 cs=0 l=1 rev1=1 crypto rx=0x7f75480098a0 tx=0x7f7548009bb0 comp rx=0 tx=0).stop
2024-04-26T04:33:34.713 INFO:teuthology.orchestra.run.smithi090.stdout:/usr/bin/ceph: stderr
2024-04-26T04:33:31.647+0000 7f755f692700 1 -- 172.21.15.90:0/2827020780 shutdown_connections
2024-04-26T04:33:34.713 INFO:teuthology.orchestra.run.smithi090.stdout:/usr/bin/ceph: stderr
2024-04-26T04:33:31.647+0000 7f755f692700 1 --2- 172.21.15.90:0/2827020780 >> [v2:172.21.15.90:3300/0,v1:172.21.15.90:6789/0] conn(0x7f7558106650 0x7f7558108a30 unknown :-1 s=CLOSED pgs=45 cs=0 l=1 rev1=1 crypto rx=0 tx=0 comp rx=0 tx=0).stop
2024-04-26T04:33:34.713 INFO:teuthology.orchestra.run.smithi090.stdout:/usr/bin/ceph: stderr
2024-04-26T04:33:31.647+0000 7f755f692700 1 -- 172.21.15.90:0/2827020780 >> 172.21.15.90:0/2827020780 conn(0x7f7558100070 msgr2=0x7f7558102480 unknown :-1 s=STATE_NONE l=0).mark_down
2024-04-26T04:33:34.713 INFO:teuthology.orchestra.run.smithi090.stdout:/usr/bin/ceph: stderr
2024-04-26T04:33:31.647+0000 7f755f692700 1 -- 172.21.15.90:0/2827020780 shutdown_connections
2024-04-26T04:33:34.713 INFO:teuthology.orchestra.run.smithi090.stdout:/usr/bin/ceph: stderr
2024-04-26T04:33:31.647+0000 7f755f692700 1 -- 172.21.15.90:0/2827020780 wait complete.
2024-04-26T04:33:34.713 INFO:teuthology.orchestra.run.smithi090.stdout:/usr/bin/ceph: stderr
2024-04-26T04:33:31.647+0000 7f755f692700 1 Processor -- start
2024-04-26T04:33:34.713 INFO:teuthology.orchestra.run.smithi090.stdout:/usr/bin/ceph: stderr
2024-04-26T04:33:31.647+0000 7f755f692700 1 -- start start
2024-04-26T04:33:34.713 INFO:teuthology.orchestra.run.smithi090.stdout:/usr/bin/ceph: stderr
2024-04-26T04:33:31.647+0000 7f755f692700 1 --2- >> [v2:172.21.15.90:3300/0,v1:172.21.15.90:6789/0] conn(0x7f7558106650 0x7f75581997e0 unknown :-1 s=NONE pgs=0 cs=0 l=1 rev1=0 crypto rx=0 tx=0 comp rx=0 tx=0).connect
2024-04-26T04:33:34.713 INFO:teuthology.orchestra.run.smithi090.stdout:/usr/bin/ceph: stderr
2024-04-26T04:33:31.647+0000 7f755f692700 1 -- --> [v2:172.21.15.90:3300/0,v1:172.21.15.90:6789/0] -- mon_getmap magic: 0 v1 -- 0x7f7558199d20 con 0x7f7558106650
2024-04-26T04:33:34.713 INFO:teuthology.orchestra.run.smithi090.stdout:/usr/bin/ceph: stderr
2024-04-26T04:33:31.648+0000 7f755d42e700 1 --2- >> [v2:172.21.15.90:3300/0,v1:172.21.15.90:6789/0] conn(0x7f7558106650 0x7f75581997e0 unknown :-1 s=BANNER_CONNECTING pgs=0 cs=0 l=1 rev1=0 crypto rx=0 tx=0 comp rx=0 tx=0)._handle_peer_banner_payload supported=3 required=0
2024-04-26T04:33:34.713 INFO:teuthology.orchestra.run.smithi090.stdout:/usr/bin/ceph: stderr
2024-04-26T04:33:31.648+0000 7f755d42e700 1 --2- >> [v2:172.21.15.90:3300/0,v1:172.21.15.90:6789/0] conn(0x7f7558106650 0x7f75581997e0 unknown :-1 s=HELLO_CONNECTING pgs=0 cs=0 l=1 rev1=1 crypto rx=0 tx=0 comp rx=0 tx=0).handle_hello peer v2:172.21.15.90:3300/0 says I am v2:172.21.15.90:48566/0 (socket says 172.21.15.90:48566)
2024-04-26T04:33:34.713 INFO:teuthology.orchestra.run.smithi090.stdout:/usr/bin/ceph: stderr
2024-04-26T04:33:31.648+0000 7f755d42e700 1 -- 172.21.15.90:0/1729278207 learned_addr learned my addr 172.21.15.90:0/1729278207 (peer_addr_for_me v2:172.21.15.90:0/0)
2024-04-26T04:33:34.713 INFO:teuthology.orchestra.run.smithi090.stdout:/usr/bin/ceph: stderr
2024-04-26T04:33:31.648+0000 7f755d42e700 1 -- 172.21.15.90:0/1729278207 --> [v2:172.21.15.90:3300/0,v1:172.21.15.90:6789/0] -- mon_subscribe({config=0+,monmap=0+}) v3 -- 0x7f7548009550 con 0x7f7558106650
2024-04-26T04:33:34.714 INFO:teuthology.orchestra.run.smithi090.stdout:/usr/bin/ceph: stderr
2024-04-26T04:33:31.648+0000 7f755d42e700 1 --2- 172.21.15.90:0/1729278207 >> [v2:172.21.15.90:3300/0,v1:172.21.15.90:6789/0] conn(0x7f7558106650 0x7f75581997e0 secure :-1 s=READY pgs=46 cs=0 l=1 rev1=1 crypto rx=0x7f7548000c00 tx=0x7f7548011ab0 comp rx=0 tx=0).ready entity=mon.0 client_cookie=0 server_cookie=0 in_seq=0 out_seq=0
2024-04-26T04:33:34.714 INFO:teuthology.orchestra.run.smithi090.stdout:/usr/bin/ceph: stderr
2024-04-26T04:33:31.648+0000 7f754e7fc700 1 -- 172.21.15.90:0/1729278207 <== mon.0 v2:172.21.15.90:3300/0 1 ==== mon_map magic: 0 v1 ==== 229+0+0 (secure 0 0 0) 0x7f7548003b90 con 0x7f7558106650
2024-04-26T04:33:34.714 INFO:teuthology.orchestra.run.smithi090.stdout:/usr/bin/ceph: stderr
2024-04-26T04:33:31.648+0000 7f754e7fc700 1 -- 172.21.15.90:0/1729278207 <== mon.0 v2:172.21.15.90:3300/0 2 ==== config(27 keys) v1 ==== 1037+0+0 (secure 0 0 0) 0x7f75480248b0 con 0x7f7558106650
2024-04-26T04:33:34.714 INFO:teuthology.orchestra.run.smithi090.stdout:/usr/bin/ceph: stderr
2024-04-26T04:33:31.648+0000 7f755f692700 1 -- 172.21.15.90:0/1729278207 --> [v2:172.21.15.90:3300/0,v1:172.21.15.90:6789/0] -- mon_subscribe({mgrmap=0+}) v3 -- 0x7f7558199f80 con 0x7f7558106650
2024-04-26T04:33:34.714 INFO:teuthology.orchestra.run.smithi090.stdout:/usr/bin/ceph: stderr
2024-04-26T04:33:31.648+0000 7f754e7fc700 1 -- 172.21.15.90:0/1729278207 <== mon.0 v2:172.21.15.90:3300/0 3 ==== mon_map magic: 0 v1 ==== 229+0+0 (secure 0 0 0) 0x7f754801a8e0 con 0x7f7558106650
2024-04-26T04:33:34.714 INFO:teuthology.orchestra.run.smithi090.stdout:/usr/bin/ceph: stderr
2024-04-26T04:33:31.648+0000 7f755f692700 1 -- 172.21.15.90:0/1729278207 --> [v2:172.21.15.90:3300/0,v1:172.21.15.90:6789/0] -- mon_subscribe({osdmap=0}) v3 -- 0x7f755819a400 con 0x7f7558106650
2024-04-26T04:33:34.714 INFO:teuthology.orchestra.run.smithi090.stdout:/usr/bin/ceph: stderr
2024-04-26T04:33:31.649+0000 7f754e7fc700 1 -- 172.21.15.90:0/1729278207 <== mon.0 v2:172.21.15.90:3300/0 4 ==== mgrmap(e 8) v1 ==== 45084+0+0 (secure 0 0 0) 0x7f754801ab50 con 0x7f7558106650
2024-04-26T04:33:34.714 INFO:teuthology.orchestra.run.smithi090.stdout:/usr/bin/ceph: stderr
2024-04-26T04:33:31.649+0000 7f755f692700 1 -- 172.21.15.90:0/1729278207 --> [v2:172.21.15.90:3300/0,v1:172.21.15.90:6789/0] -- mon_command({"prefix": "get_command_descriptions"} v 0) v1 -- 0x7f7558109b30 con 0x7f7558106650
2024-04-26T04:33:34.714 INFO:teuthology.orchestra.run.smithi090.stdout:/usr/bin/ceph: stderr
2024-04-26T04:33:31.649+0000 7f754e7fc700 1 --2- 172.21.15.90:0/1729278207 >> [v2:172.21.15.90:6800/2176954768,v1:172.21.15.90:6801/2176954768] conn(0x7f7544038440 0x7f754403a8f0 unknown :-1 s=NONE pgs=0 cs=0 l=1 rev1=0 crypto rx=0 tx=0 comp rx=0 tx=0).connect
2024-04-26T04:33:34.714 INFO:teuthology.orchestra.run.smithi090.stdout:/usr/bin/ceph: stderr
2024-04-26T04:33:31.649+0000 7f754e7fc700 1 -- 172.21.15.90:0/1729278207 <== mon.0 v2:172.21.15.90:3300/0 5 ==== osd_map(2..2 src has 1..2) v4 ==== 940+0+0 (secure 0 0 0) 0x7f754804c360 con 0x7f7558106650
2024-04-26T04:33:34.714 INFO:teuthology.orchestra.run.smithi090.stdout:/usr/bin/ceph: stderr
2024-04-26T04:33:31.649+0000 7f755cc2d700 1 --2- 172.21.15.90:0/1729278207 >> [v2:172.21.15.90:6800/2176954768,v1:172.21.15.90:6801/2176954768] conn(0x7f7544038440 0x7f754403a8f0 unknown :-1 s=BANNER_CONNECTING pgs=0 cs=0 l=1 rev1=0 crypto rx=0 tx=0 comp rx=0 tx=0)._handle_peer_banner_payload supported=3 required=0
2024-04-26T04:33:34.714 INFO:teuthology.orchestra.run.smithi090.stdout:/usr/bin/ceph: stderr
2024-04-26T04:33:31.650+0000 7f755cc2d700 1 --2- 172.21.15.90:0/1729278207 >> [v2:172.21.15.90:6800/2176954768,v1:172.21.15.90:6801/2176954768] conn(0x7f7544038440 0x7f754403a8f0 secure :-1 s=READY pgs=11 cs=0 l=1 rev1=1 crypto rx=0x7f7554006fd0 tx=0x7f7554006e40 comp rx=0 tx=0).ready entity=mgr.14120 client_cookie=0 server_cookie=0 in_seq=0 out_seq=0
2024-04-26T04:33:34.715 INFO:teuthology.orchestra.run.smithi090.stdout:/usr/bin/ceph: stderr
2024-04-26T04:33:31.654+0000 7f754e7fc700 1 -- 172.21.15.90:0/1729278207 <== mon.0 v2:172.21.15.90:3300/0 6 ==== mon_command_ack([{"prefix": "get_command_descriptions"}]=0 v0) v1 ==== 72+0+177933 (secure 0 0 0) 0x7f75480233a0 con 0x7f7558106650
2024-04-26T04:33:34.715 INFO:teuthology.orchestra.run.smithi090.stdout:/usr/bin/ceph: stderr
2024-04-26T04:33:31.872+0000 7f755f692700 1 -- 172.21.15.90:0/1729278207 --> [v2:172.21.15.90:6800/2176954768,v1:172.21.15.90:6801/2176954768] -- mgr_command(tid 0: {"prefix": "orch host add", "hostname": "smithi090", "addr": "172.21.15.90", "target": ["mon-mgr", ""]}) v1 -- 0x7f7558102370 con 0x7f7544038440
2024-04-26T04:33:34.715 INFO:teuthology.orchestra.run.smithi090.stdout:/usr/bin/ceph: stderr
2024-04-26T04:33:34.142+0000 7f754e7fc700 1 -- 172.21.15.90:0/1729278207 <== mgr.14120 v2:172.21.15.90:6800/2176954768 1 ==== mgr_command_reply(tid 0: 0 ) v1 ==== 8+0+48 (secure 0 0 0) 0x7f7558102370 con 0x7f7544038440
2024-04-26T04:33:34.715 INFO:teuthology.orchestra.run.smithi090.stdout:/usr/bin/ceph: stderr
2024-04-26T04:33:34.145+0000 7f755f692700 1 -- 172.21.15.90:0/1729278207 >> [v2:172.21.15.90:6800/2176954768,v1:172.21.15.90:6801/2176954768] conn(0x7f7544038440 msgr2=0x7f754403a8f0 secure :-1 s=STATE_CONNECTION_ESTABLISHED l=1).mark_down
2024-04-26T04:33:34.715 INFO:teuthology.orchestra.run.smithi090.stdout:/usr/bin/ceph: stderr
2024-04-26T04:33:34.145+0000 7f755f692700 1 --2- 172.21.15.90:0/1729278207 >> [v2:172.21.15.90:6800/2176954768,v1:172.21.15.90:6801/2176954768] conn(0x7f7544038440 0x7f754403a8f0 secure :-1 s=READY pgs=11 cs=0 l=1 rev1=1 crypto rx=0x7f7554006fd0 tx=0x7f7554006e40 comp rx=0 tx=0).stop
2024-04-26T04:33:34.715 INFO:teuthology.orchestra.run.smithi090.stdout:/usr/bin/ceph: stderr
2024-04-26T04:33:34.145+0000 7f755f692700 1 -- 172.21.15.90:0/1729278207 >> [v2:172.21.15.90:3300/0,v1:172.21.15.90:6789/0] conn(0x7f7558106650 msgr2=0x7f75581997e0 secure :-1 s=STATE_CONNECTION_ESTABLISHED l=1).mark_down
2024-04-26T04:33:34.715 INFO:teuthology.orchestra.run.smithi090.stdout:/usr/bin/ceph: stderr
2024-04-26T04:33:34.145+0000 7f755f692700 1 --2- 172.21.15.90:0/1729278207 >> [v2:172.21.15.90:3300/0,v1:172.21.15.90:6789/0] conn(0x7f7558106650 0x7f75581997e0 secure :-1 s=READY pgs=46 cs=0 l=1 rev1=1 crypto rx=0x7f7548000c00 tx=0x7f7548011ab0 comp rx=0 tx=0).stop
2024-04-26T04:33:34.715 INFO:teuthology.orchestra.run.smithi090.stdout:/usr/bin/ceph: stderr
2024-04-26T04:33:34.145+0000 7f755f692700 1 -- 172.21.15.90:0/1729278207 shutdown_connections
2024-04-26T04:33:34.715 INFO:teuthology.orchestra.run.smithi090.stdout:/usr/bin/ceph: stderr
2024-04-26T04:33:34.145+0000 7f755f692700 1 --2- 172.21.15.90:0/1729278207 >> [v2:172.21.15.90:6800/2176954768,v1:172.21.15.90:6801/2176954768] conn(0x7f7544038440 0x7f754403a8f0 unknown :-1 s=CLOSED pgs=11 cs=0 l=1 rev1=1 crypto rx=0 tx=0 comp rx=0 tx=0).stop
2024-04-26T04:33:34.715 INFO:teuthology.orchestra.run.smithi090.stdout:/usr/bin/ceph: stderr
2024-04-26T04:33:34.145+0000 7f755f692700 1 --2- 172.21.15.90:0/1729278207 >> [v2:172.21.15.90:3300/0,v1:172.21.15.90:6789/0] conn(0x7f7558106650 0x7f75581997e0 unknown :-1 s=CLOSED pgs=46 cs=0 l=1 rev1=1 crypto rx=0 tx=0 comp rx=0 tx=0).stop
2024-04-26T04:33:34.715 INFO:teuthology.orchestra.run.smithi090.stdout:/usr/bin/ceph: stderr
2024-04-26T04:33:34.145+0000 7f755f692700 1 -- 172.21.15.90:0/1729278207 >> 172.21.15.90:0/1729278207 conn(0x7f7558100070 msgr2=0x7f7558101750 unknown :-1 s=STATE_NONE l=0).mark_down
2024-04-26T04:33:34.715 INFO:teuthology.orchestra.run.smithi090.stdout:/usr/bin/ceph: stderr
2024-04-26T04:33:34.145+0000 7f755f692700 1 -- 172.21.15.90:0/1729278207 shutdown_connections
2024-04-26T04:33:34.715 INFO:teuthology.orchestra.run.smithi090.stdout:/usr/bin/ceph: stderr
2024-04-26T04:33:34.145+0000 7f755f692700 1 -- 172.21.15.90:0/1729278207 wait complete.
2024-04-26T04:33:34.715 INFO:teuthology.orchestra.run.smithi090.stdout:Deploying mon service with default placement...
2024-04-26T04:33:35.349 INFO:journalctl@ceph.mon.smithi090.smithi090.stdout:Apr 26 04:33:35 smithi090 ceph-mon[26648]: from='mgr.14120 172.21.15.90:0/3203305665' entity='mgr.smithi090.iwrvwa'
2024-04-26T04:33:35.349 INFO:journalctl@ceph.mon.smithi090.smithi090.stdout:Apr 26 04:33:35 smithi090 ceph-mon[26648]: Added host smithi090
2024-04-26T04:33:35.349 INFO:journalctl@ceph.mon.smithi090.smithi090.stdout:Apr 26 04:33:35 smithi090 ceph-mon[26648]: from='mgr.14120 172.21.15.90:0/3203305665' entity='mgr.smithi090.iwrvwa' cmd=[{"prefix": "config dump", "format": "json"}]: dispatch
2024-04-26T04:33:36.021 INFO:teuthology.orchestra.run.smithi090.stdout:/usr/bin/ceph: stdout Scheduled mon update...
2024-04-26T04:33:36.021 INFO:teuthology.orchestra.run.smithi090.stdout:/usr/bin/ceph: stderr
2024-04-26T04:33:35.104+0000 7f08e3122700 1 Processor -- start
2024-04-26T04:33:36.021 INFO:teuthology.orchestra.run.smithi090.stdout:/usr/bin/ceph: stderr
2024-04-26T04:33:35.104+0000 7f08e3122700 1 -- start start
2024-04-26T04:33:36.021 INFO:teuthology.orchestra.run.smithi090.stdout:/usr/bin/ceph: stderr
2024-04-26T04:33:35.104+0000 7f08e3122700 1 --2- >> [v2:172.21.15.90:3300/0,v1:172.21.15.90:6789/0] conn(0x7f08dc103e00 0x7f08dc104210 unknown :-1 s=NONE pgs=0 cs=0 l=0 rev1=0 crypto rx=0 tx=0 comp rx=0 tx=0).connect
2024-04-26T04:33:36.021 INFO:teuthology.orchestra.run.smithi090.stdout:/usr/bin/ceph: stderr
2024-04-26T04:33:35.104+0000 7f08e3122700 1 -- --> [v2:172.21.15.90:3300/0,v1:172.21.15.90:6789/0] -- mon_getmap magic: 0 v1 -- 0x7f08dc104750 con 0x7f08dc103e00
2024-04-26T04:33:36.022 INFO:teuthology.orchestra.run.smithi090.stdout:/usr/bin/ceph: stderr
2024-04-26T04:33:35.104+0000 7f08e0ebe700 1 --2- >> [v2:172.21.15.90:3300/0,v1:172.21.15.90:6789/0] conn(0x7f08dc103e00 0x7f08dc104210 unknown :-1 s=BANNER_CONNECTING pgs=0 cs=0 l=0 rev1=0 crypto rx=0 tx=0 comp rx=0 tx=0)._handle_peer_banner_payload supported=3 required=0
2024-04-26T04:33:36.022 INFO:teuthology.orchestra.run.smithi090.stdout:/usr/bin/ceph: stderr
2024-04-26T04:33:35.104+0000 7f08e0ebe700 1 --2- >> [v2:172.21.15.90:3300/0,v1:172.21.15.90:6789/0] conn(0x7f08dc103e00 0x7f08dc104210 unknown :-1 s=HELLO_CONNECTING pgs=0 cs=0 l=0 rev1=1 crypto rx=0 tx=0 comp rx=0 tx=0).handle_hello peer v2:172.21.15.90:3300/0 says I am v2:172.21.15.90:48570/0 (socket says 172.21.15.90:48570)
2024-04-26T04:33:36.022 INFO:teuthology.orchestra.run.smithi090.stdout:/usr/bin/ceph: stderr
2024-04-26T04:33:35.104+0000 7f08e0ebe700 1 -- 172.21.15.90:0/647353604 learned_addr learned my addr 172.21.15.90:0/647353604 (peer_addr_for_me v2:172.21.15.90:0/0)
2024-04-26T04:33:36.022 INFO:teuthology.orchestra.run.smithi090.stdout:/usr/bin/ceph: stderr
2024-04-26T04:33:35.105+0000 7f08e0ebe700 1 -- 172.21.15.90:0/647353604 --> [v2:172.21.15.90:3300/0,v1:172.21.15.90:6789/0] -- mon_subscribe({config=0+,monmap=0+}) v3 -- 0x7f08dc104890 con 0x7f08dc103e00
2024-04-26T04:33:36.022 INFO:teuthology.orchestra.run.smithi090.stdout:/usr/bin/ceph: stderr
2024-04-26T04:33:35.105+0000 7f08e0ebe700 1 --2- 172.21.15.90:0/647353604 >> [v2:172.21.15.90:3300/0,v1:172.21.15.90:6789/0] conn(0x7f08dc103e00 0x7f08dc104210 secure :-1 s=READY pgs=47 cs=0 l=1 rev1=1 crypto rx=0x7f08d00098a0 tx=0x7f08d0009bb0 comp rx=0 tx=0).ready entity=mon.0 client_cookie=195456287a77fcd7 server_cookie=0 in_seq=0 out_seq=0
2024-04-26T04:33:36.023 INFO:teuthology.orchestra.run.smithi090.stdout:/usr/bin/ceph: stderr
2024-04-26T04:33:35.105+0000 7f08db7fe700 1 -- 172.21.15.90:0/647353604 <== mon.0 v2:172.21.15.90:3300/0 1 ==== mon_map magic: 0 v1 ==== 229+0+0 (secure 0 0 0) 0x7f08d0004180 con 0x7f08dc103e00
2024-04-26T04:33:36.023 INFO:teuthology.orchestra.run.smithi090.stdout:/usr/bin/ceph: stderr
2024-04-26T04:33:35.105+0000 7f08db7fe700 1 -- 172.21.15.90:0/647353604 <== mon.0 v2:172.21.15.90:3300/0 2 ==== config(27 keys) v1 ==== 1037+0+0 (secure 0 0 0) 0x7f08d00042e0 con 0x7f08dc103e00
2024-04-26T04:33:36.023 INFO:teuthology.orchestra.run.smithi090.stdout:/usr/bin/ceph: stderr
2024-04-26T04:33:35.105+0000 7f08db7fe700 1 -- 172.21.15.90:0/647353604 <== mon.0 v2:172.21.15.90:3300/0 3 ==== mon_map magic: 0 v1 ==== 229+0+0 (secure 0 0 0) 0x7f08d0011a50 con 0x7f08dc103e00
2024-04-26T04:33:36.023 INFO:teuthology.orchestra.run.smithi090.stdout:/usr/bin/ceph: stderr
2024-04-26T04:33:35.105+0000 7f08e3122700 1 -- 172.21.15.90:0/647353604 >> [v2:172.21.15.90:3300/0,v1:172.21.15.90:6789/0] conn(0x7f08dc103e00 msgr2=0x7f08dc104210 secure :-1 s=STATE_CONNECTION_ESTABLISHED l=1).mark_down
2024-04-26T04:33:36.023 INFO:teuthology.orchestra.run.smithi090.stdout:/usr/bin/ceph: stderr
2024-04-26T04:33:35.105+0000 7f08e3122700 1 --2- 172.21.15.90:0/647353604 >> [v2:172.21.15.90:3300/0,v1:172.21.15.90:6789/0] conn(0x7f08dc103e00 0x7f08dc104210 secure :-1 s=READY pgs=47 cs=0 l=1 rev1=1 crypto rx=0x7f08d00098a0 tx=0x7f08d0009bb0 comp rx=0 tx=0).stop
2024-04-26T04:33:36.023 INFO:teuthology.orchestra.run.smithi090.stdout:/usr/bin/ceph: stderr
2024-04-26T04:33:35.106+0000 7f08e3122700 1 -- 172.21.15.90:0/647353604 shutdown_connections
2024-04-26T04:33:36.023 INFO:teuthology.orchestra.run.smithi090.stdout:/usr/bin/ceph: stderr
2024-04-26T04:33:35.106+0000 7f08e3122700 1 --2- 172.21.15.90:0/647353604 >> [v2:172.21.15.90:3300/0,v1:172.21.15.90:6789/0] conn(0x7f08dc103e00 0x7f08dc104210 unknown :-1 s=CLOSED pgs=47 cs=0 l=1 rev1=1 crypto rx=0 tx=0 comp rx=0 tx=0).stop
2024-04-26T04:33:36.024 INFO:teuthology.orchestra.run.smithi090.stdout:/usr/bin/ceph: stderr
2024-04-26T04:33:35.106+0000 7f08e3122700 1 -- 172.21.15.90:0/647353604 >> 172.21.15.90:0/647353604 conn(0x7f08dc0ff7e0 msgr2=0x7f08dc101c10 unknown :-1 s=STATE_NONE l=0).mark_down
2024-04-26T04:33:36.024 INFO:teuthology.orchestra.run.smithi090.stdout:/usr/bin/ceph: stderr
2024-04-26T04:33:35.106+0000 7f08e3122700 1 -- 172.21.15.90:0/647353604 shutdown_connections
2024-04-26T04:33:36.024 INFO:teuthology.orchestra.run.smithi090.stdout:/usr/bin/ceph: stderr
2024-04-26T04:33:35.106+0000 7f08e3122700 1 -- 172.21.15.90:0/647353604 wait complete.
2024-04-26T04:33:36.024 INFO:teuthology.orchestra.run.smithi090.stdout:/usr/bin/ceph: stderr
2024-04-26T04:33:35.106+0000 7f08e3122700 1 Processor -- start
2024-04-26T04:33:36.024 INFO:teuthology.orchestra.run.smithi090.stdout:/usr/bin/ceph: stderr
2024-04-26T04:33:35.106+0000 7f08e3122700 1 -- start start
2024-04-26T04:33:36.024 INFO:teuthology.orchestra.run.smithi090.stdout:/usr/bin/ceph: stderr
2024-04-26T04:33:35.106+0000 7f08e3122700 1 --2- >> [v2:172.21.15.90:3300/0,v1:172.21.15.90:6789/0] conn(0x7f08dc103e00 0x7f08dc106790 unknown :-1 s=NONE pgs=0 cs=0 l=1 rev1=0 crypto rx=0 tx=0 comp rx=0 tx=0).connect
2024-04-26T04:33:36.024 INFO:teuthology.orchestra.run.smithi090.stdout:/usr/bin/ceph: stderr
2024-04-26T04:33:35.106+0000 7f08e3122700 1 -- --> [v2:172.21.15.90:3300/0,v1:172.21.15.90:6789/0] -- mon_getmap magic: 0 v1 -- 0x7f08dc106cd0 con 0x7f08dc103e00
2024-04-26T04:33:36.024 INFO:teuthology.orchestra.run.smithi090.stdout:/usr/bin/ceph: stderr
2024-04-26T04:33:35.106+0000 7f08e0ebe700 1 --2- >> [v2:172.21.15.90:3300/0,v1:172.21.15.90:6789/0] conn(0x7f08dc103e00 0x7f08dc106790 unknown :-1 s=BANNER_CONNECTING pgs=0 cs=0 l=1 rev1=0 crypto rx=0 tx=0 comp rx=0 tx=0)._handle_peer_banner_payload supported=3 required=0
2024-04-26T04:33:36.025 INFO:teuthology.orchestra.run.smithi090.stdout:/usr/bin/ceph: stderr
2024-04-26T04:33:35.106+0000 7f08e0ebe700 1 --2- >> [v2:172.21.15.90:3300/0,v1:172.21.15.90:6789/0] conn(0x7f08dc103e00 0x7f08dc106790 unknown :-1 s=HELLO_CONNECTING pgs=0 cs=0 l=1 rev1=1 crypto rx=0 tx=0 comp rx=0 tx=0).handle_hello peer v2:172.21.15.90:3300/0 says I am v2:172.21.15.90:48582/0 (socket says 172.21.15.90:48582)
2024-04-26T04:33:36.025 INFO:teuthology.orchestra.run.smithi090.stdout:/usr/bin/ceph: stderr
2024-04-26T04:33:35.106+0000 7f08e0ebe700 1 -- 172.21.15.90:0/3807810762 learned_addr learned my addr 172.21.15.90:0/3807810762 (peer_addr_for_me v2:172.21.15.90:0/0)
2024-04-26T04:33:36.025 INFO:teuthology.orchestra.run.smithi090.stdout:/usr/bin/ceph: stderr
2024-04-26T04:33:35.107+0000 7f08e0ebe700 1 -- 172.21.15.90:0/3807810762 --> [v2:172.21.15.90:3300/0,v1:172.21.15.90:6789/0] -- mon_subscribe({config=0+,monmap=0+}) v3 -- 0x7f08d0009550 con 0x7f08dc103e00
2024-04-26T04:33:36.025 INFO:teuthology.orchestra.run.smithi090.stdout:/usr/bin/ceph: stderr
2024-04-26T04:33:35.107+0000 7f08e0ebe700 1 --2- 172.21.15.90:0/3807810762 >> [v2:172.21.15.90:3300/0,v1:172.21.15.90:6789/0] conn(0x7f08dc103e00 0x7f08dc106790 secure :-1 s=READY pgs=48 cs=0 l=1 rev1=1 crypto rx=0x7f08d0006af0 tx=0x7f08d0011a90 comp rx=0 tx=0).ready entity=mon.0 client_cookie=0 server_cookie=0 in_seq=0 out_seq=0
2024-04-26T04:33:36.025 INFO:teuthology.orchestra.run.smithi090.stdout:/usr/bin/ceph: stderr
2024-04-26T04:33:35.107+0000 7f08d9ffb700 1 -- 172.21.15.90:0/3807810762 <== mon.0 v2:172.21.15.90:3300/0 1 ==== mon_map magic: 0 v1 ==== 229+0+0 (secure 0 0 0) 0x7f08d0003b90 con 0x7f08dc103e00
2024-04-26T04:33:36.026 INFO:teuthology.orchestra.run.smithi090.stdout:/usr/bin/ceph: stderr
2024-04-26T04:33:35.107+0000 7f08d9ffb700 1 -- 172.21.15.90:0/3807810762 <== mon.0 v2:172.21.15.90:3300/0 2 ==== config(27 keys) v1 ==== 1037+0+0 (secure 0 0 0) 0x7f08d001a8a0 con 0x7f08dc103e00
2024-04-26T04:33:36.026 INFO:teuthology.orchestra.run.smithi090.stdout:/usr/bin/ceph: stderr
2024-04-26T04:33:35.107+0000 7f08e3122700 1 -- 172.21.15.90:0/3807810762 --> [v2:172.21.15.90:3300/0,v1:172.21.15.90:6789/0] -- mon_subscribe({mgrmap=0+}) v3 -- 0x7f08dc104de0 con 0x7f08dc103e00
2024-04-26T04:33:36.026 INFO:teuthology.orchestra.run.smithi090.stdout:/usr/bin/ceph: stderr
2024-04-26T04:33:35.107+0000 7f08d9ffb700 1 -- 172.21.15.90:0/3807810762 <== mon.0 v2:172.21.15.90:3300/0 3 ==== mon_map magic: 0 v1 ==== 229+0+0 (secure 0 0 0) 0x7f08d0019880 con 0x7f08dc103e00
2024-04-26T04:33:36.026 INFO:teuthology.orchestra.run.smithi090.stdout:/usr/bin/ceph: stderr
2024-04-26T04:33:35.107+0000 7f08e3122700 1 -- 172.21.15.90:0/3807810762 --> [v2:172.21.15.90:3300/0,v1:172.21.15.90:6789/0] -- mon_subscribe({osdmap=0}) v3 -- 0x7f08dc105200 con 0x7f08dc103e00
2024-04-26T04:33:36.027 INFO:teuthology.orchestra.run.smithi090.stdout:/usr/bin/ceph: stderr
2024-04-26T04:33:35.108+0000 7f08d9ffb700 1 -- 172.21.15.90:0/3807810762 <== mon.0 v2:172.21.15.90:3300/0 4 ==== mgrmap(e 8) v1 ==== 45084+0+0 (secure 0 0 0) 0x7f08d001aa10 con 0x7f08dc103e00
2024-04-26T04:33:36.027 INFO:teuthology.orchestra.run.smithi090.stdout:/usr/bin/ceph: stderr
2024-04-26T04:33:35.108+0000 7f08d9ffb700 1 --2- 172.21.15.90:0/3807810762 >> [v2:172.21.15.90:6800/2176954768,v1:172.21.15.90:6801/2176954768] conn(0x7f08cc038400 0x7f08cc03a8b0 unknown :-1 s=NONE pgs=0 cs=0 l=1 rev1=0 crypto rx=0 tx=0 comp rx=0 tx=0).connect
2024-04-26T04:33:36.027 INFO:teuthology.orchestra.run.smithi090.stdout:/usr/bin/ceph: stderr
2024-04-26T04:33:35.108+0000 7f08e3122700 1 -- 172.21.15.90:0/3807810762 --> [v2:172.21.15.90:3300/0,v1:172.21.15.90:6789/0] -- mon_command({"prefix": "get_command_descriptions"} v 0) v1 -- 0x7f08dc1079c0 con 0x7f08dc103e00
2024-04-26T04:33:36.027 INFO:teuthology.orchestra.run.smithi090.stdout:/usr/bin/ceph: stderr
2024-04-26T04:33:35.108+0000 7f08d9ffb700 1 -- 172.21.15.90:0/3807810762 <== mon.0 v2:172.21.15.90:3300/0 5 ==== osd_map(2..2 src has 1..2) v4 ==== 940+0+0 (secure 0 0 0) 0x7f08d004c690 con 0x7f08dc103e00
2024-04-26T04:33:36.027 INFO:teuthology.orchestra.run.smithi090.stdout:/usr/bin/ceph: stderr
2024-04-26T04:33:35.108+0000 7f08dbfff700 1 --2- 172.21.15.90:0/3807810762 >> [v2:172.21.15.90:6800/2176954768,v1:172.21.15.90:6801/2176954768] conn(0x7f08cc038400 0x7f08cc03a8b0 unknown :-1 s=BANNER_CONNECTING pgs=0 cs=0 l=1 rev1=0 crypto rx=0 tx=0 comp rx=0 tx=0)._handle_peer_banner_payload supported=3 required=0
2024-04-26T04:33:36.028 INFO:teuthology.orchestra.run.smithi090.stdout:/usr/bin/ceph: stderr
2024-04-26T04:33:35.109+0000 7f08dbfff700 1 --2- 172.21.15.90:0/3807810762 >> [v2:172.21.15.90:6800/2176954768,v1:172.21.15.90:6801/2176954768] conn(0x7f08cc038400 0x7f08cc03a8b0 secure :-1 s=READY pgs=12 cs=0 l=1 rev1=1 crypto rx=0x7f08c8006fd0 tx=0x7f08c8006e40 comp rx=0 tx=0).ready entity=mgr.14120 client_cookie=0 server_cookie=0 in_seq=0 out_seq=0
2024-04-26T04:33:36.028 INFO:teuthology.orchestra.run.smithi090.stdout:/usr/bin/ceph: stderr
2024-04-26T04:33:35.113+0000 7f08d9ffb700 1 -- 172.21.15.90:0/3807810762 <== mon.0 v2:172.21.15.90:3300/0 6 ==== mon_command_ack([{"prefix": "get_command_descriptions"}]=0 v0) v1 ==== 72+0+177933 (secure 0 0 0) 0x7f08d001a430 con 0x7f08dc103e00
2024-04-26T04:33:36.028 INFO:teuthology.orchestra.run.smithi090.stdout:/usr/bin/ceph: stderr
2024-04-26T04:33:35.330+0000 7f08e3122700 1 -- 172.21.15.90:0/3807810762 --> [v2:172.21.15.90:6800/2176954768,v1:172.21.15.90:6801/2176954768] -- mgr_command(tid 0: {"prefix": "orch apply", "service_type": "mon", "target": ["mon-mgr", ""]}) v1 -- 0x7f08dc101ad0 con 0x7f08cc038400
2024-04-26T04:33:36.028 INFO:teuthology.orchestra.run.smithi090.stdout:/usr/bin/ceph: stderr
2024-04-26T04:33:35.334+0000 7f08d9ffb700 1 -- 172.21.15.90:0/3807810762 <== mgr.14120 v2:172.21.15.90:6800/2176954768 1 ==== mgr_command_reply(tid 0: 0 ) v1 ==== 8+0+24 (secure 0 0 0) 0x7f08dc101ad0 con 0x7f08cc038400
2024-04-26T04:33:36.028 INFO:teuthology.orchestra.run.smithi090.stdout:/usr/bin/ceph: stderr
2024-04-26T04:33:35.336+0000 7f08e3122700 1 -- 172.21.15.90:0/3807810762 >> [v2:172.21.15.90:6800/2176954768,v1:172.21.15.90:6801/2176954768] conn(0x7f08cc038400 msgr2=0x7f08cc03a8b0 secure :-1 s=STATE_CONNECTION_ESTABLISHED l=1).mark_down
2024-04-26T04:33:36.028 INFO:teuthology.orchestra.run.smithi090.stdout:/usr/bin/ceph: stderr
2024-04-26T04:33:35.336+0000 7f08e3122700 1 --2- 172.21.15.90:0/3807810762 >> [v2:172.21.15.90:6800/2176954768,v1:172.21.15.90:6801/2176954768] conn(0x7f08cc038400 0x7f08cc03a8b0 secure :-1 s=READY pgs=12 cs=0 l=1 rev1=1 crypto rx=0x7f08c8006fd0 tx=0x7f08c8006e40 comp rx=0 tx=0).stop
2024-04-26T04:33:36.029 INFO:teuthology.orchestra.run.smithi090.stdout:/usr/bin/ceph: stderr
2024-04-26T04:33:35.336+0000 7f08e3122700 1 -- 172.21.15.90:0/3807810762 >> [v2:172.21.15.90:3300/0,v1:172.21.15.90:6789/0] conn(0x7f08dc103e00 msgr2=0x7f08dc106790 secure :-1 s=STATE_CONNECTION_ESTABLISHED l=1).mark_down
2024-04-26T04:33:36.029 INFO:teuthology.orchestra.run.smithi090.stdout:/usr/bin/ceph: stderr
2024-04-26T04:33:35.336+0000 7f08e3122700 1 --2- 172.21.15.90:0/3807810762 >> [v2:172.21.15.90:3300/0,v1:172.21.15.90:6789/0] conn(0x7f08dc103e00 0x7f08dc106790 secure :-1 s=READY pgs=48 cs=0 l=1 rev1=1 crypto rx=0x7f08d0006af0 tx=0x7f08d0011a90 comp rx=0 tx=0).stop
2024-04-26T04:33:36.029 INFO:teuthology.orchestra.run.smithi090.stdout:/usr/bin/ceph: stderr
2024-04-26T04:33:35.336+0000 7f08e3122700 1 -- 172.21.15.90:0/3807810762 shutdown_connections
2024-04-26T04:33:36.030 INFO:teuthology.orchestra.run.smithi090.stdout:/usr/bin/ceph: stderr
2024-04-26T04:33:35.336+0000 7f08e3122700 1 --2- 172.21.15.90:0/3807810762 >> [v2:172.21.15.90:6800/2176954768,v1:172.21.15.90:6801/2176954768] conn(0x7f08cc038400 0x7f08cc03a8b0 unknown :-1 s=CLOSED pgs=12 cs=0 l=1 rev1=1 crypto rx=0 tx=0 comp rx=0 tx=0).stop
2024-04-26T04:33:36.030 INFO:teuthology.orchestra.run.smithi090.stdout:/usr/bin/ceph: stderr
2024-04-26T04:33:35.337+0000 7f08e3122700 1 --2- 172.21.15.90:0/3807810762 >> [v2:172.21.15.90:3300/0,v1:172.21.15.90:6789/0] conn(0x7f08dc103e00 0x7f08dc106790 unknown :-1 s=CLOSED pgs=48 cs=0 l=1 rev1=1 crypto rx=0 tx=0 comp rx=0 tx=0).stop
2024-04-26T04:33:36.030 INFO:teuthology.orchestra.run.smithi090.stdout:/usr/bin/ceph: stderr
2024-04-26T04:33:35.337+0000 7f08e3122700 1 -- 172.21.15.90:0/3807810762 >> 172.21.15.90:0/3807810762 conn(0x7f08dc0ff7e0 msgr2=0x7f08dc100eb0 unknown :-1 s=STATE_NONE l=0).mark_down
2024-04-26T04:33:36.030 INFO:teuthology.orchestra.run.smithi090.stdout:/usr/bin/ceph: stderr
2024-04-26T04:33:35.337+0000 7f08e3122700 1 -- 172.21.15.90:0/3807810762 shutdown_connections
2024-04-26T04:33:36.030 INFO:teuthology.orchestra.run.smithi090.stdout:/usr/bin/ceph: stderr
2024-04-26T04:33:35.337+0000 7f08e3122700 1 -- 172.21.15.90:0/3807810762 wait complete.
2024-04-26T04:33:36.030 INFO:teuthology.orchestra.run.smithi090.stdout:Deploying mgr service with default placement...
2024-04-26T04:33:36.653 INFO:journalctl@ceph.mon.smithi090.smithi090.stdout:Apr 26 04:33:36 smithi090 ceph-mon[26648]: from='client.14142 -' entity='client.admin' cmd=[{"prefix": "orch apply", "service_type": "mon", "target": ["mon-mgr", ""]}]: dispatch
2024-04-26T04:33:36.653 INFO:journalctl@ceph.mon.smithi090.smithi090.stdout:Apr 26 04:33:36 smithi090 ceph-mon[26648]: Saving service mon spec with placement count:5
2024-04-26T04:33:36.653 INFO:journalctl@ceph.mon.smithi090.smithi090.stdout:Apr 26 04:33:36 smithi090 ceph-mon[26648]: from='mgr.14120 172.21.15.90:0/3203305665' entity='mgr.smithi090.iwrvwa'
2024-04-26T04:33:37.946 INFO:journalctl@ceph.mon.smithi090.smithi090.stdout:Apr 26 04:33:37 smithi090 ceph-mon[26648]: from='client.14144 -' entity='client.admin' cmd=[{"prefix": "orch apply", "service_type": "mgr", "target": ["mon-mgr", ""]}]: dispatch
2024-04-26T04:33:37.946 INFO:journalctl@ceph.mon.smithi090.smithi090.stdout:Apr 26 04:33:37 smithi090 ceph-mon[26648]: Saving service mgr spec with placement count:2
2024-04-26T04:33:37.946 INFO:journalctl@ceph.mon.smithi090.smithi090.stdout:Apr 26 04:33:37 smithi090 ceph-mon[26648]: from='mgr.14120 172.21.15.90:0/3203305665' entity='mgr.smithi090.iwrvwa'
2024-04-26T04:33:37.946 INFO:journalctl@ceph.mon.smithi090.smithi090.stdout:Apr 26 04:33:37 smithi090 ceph-mon[26648]: from='mgr.14120 172.21.15.90:0/3203305665' entity='mgr.smithi090.iwrvwa'
2024-04-26T04:33:37.956 INFO:teuthology.orchestra.run.smithi090.stdout:/usr/bin/ceph: stdout Scheduled mgr update...
2024-04-26T04:33:37.957 INFO:teuthology.orchestra.run.smithi090.stdout:/usr/bin/ceph: stderr
2024-04-26T04:33:36.438+0000 7fcc4d999700 1 Processor -- start
2024-04-26T04:33:37.957 INFO:teuthology.orchestra.run.smithi090.stdout:/usr/bin/ceph: stderr
2024-04-26T04:33:36.438+0000 7fcc4d999700 1 -- start start
2024-04-26T04:33:37.957 INFO:teuthology.orchestra.run.smithi090.stdout:/usr/bin/ceph: stderr
2024-04-26T04:33:36.438+0000 7fcc4d999700 1 --2- >> [v2:172.21.15.90:3300/0,v1:172.21.15.90:6789/0] conn(0x7fcc48103e00 0x7fcc48104210 unknown :-1 s=NONE pgs=0 cs=0 l=0 rev1=0 crypto rx=0 tx=0 comp rx=0 tx=0).connect
2024-04-26T04:33:37.957 INFO:teuthology.orchestra.run.smithi090.stdout:/usr/bin/ceph: stderr
2024-04-26T04:33:36.438+0000 7fcc4d999700 1 -- --> [v2:172.21.15.90:3300/0,v1:172.21.15.90:6789/0] -- mon_getmap magic: 0 v1 -- 0x7fcc48104750 con 0x7fcc48103e00
2024-04-26T04:33:37.957 INFO:teuthology.orchestra.run.smithi090.stdout:/usr/bin/ceph: stderr
2024-04-26T04:33:36.438+0000 7fcc46ffd700 1 --2- >> [v2:172.21.15.90:3300/0,v1:172.21.15.90:6789/0] conn(0x7fcc48103e00 0x7fcc48104210 unknown :-1 s=BANNER_CONNECTING pgs=0 cs=0 l=0 rev1=0 crypto rx=0 tx=0 comp rx=0 tx=0)._handle_peer_banner_payload supported=3 required=0
2024-04-26T04:33:37.957 INFO:teuthology.orchestra.run.smithi090.stdout:/usr/bin/ceph: stderr
2024-04-26T04:33:36.438+0000 7fcc46ffd700 1 --2- >> [v2:172.21.15.90:3300/0,v1:172.21.15.90:6789/0] conn(0x7fcc48103e00 0x7fcc48104210 unknown :-1 s=HELLO_CONNECTING pgs=0 cs=0 l=0 rev1=1 crypto rx=0 tx=0 comp rx=0 tx=0).handle_hello peer v2:172.21.15.90:3300/0 says I am v2:172.21.15.90:48588/0 (socket says 172.21.15.90:48588)
2024-04-26T04:33:37.957 INFO:teuthology.orchestra.run.smithi090.stdout:/usr/bin/ceph: stderr
2024-04-26T04:33:36.438+0000 7fcc46ffd700 1 -- 172.21.15.90:0/60767076 learned_addr learned my addr 172.21.15.90:0/60767076 (peer_addr_for_me v2:172.21.15.90:0/0)
2024-04-26T04:33:37.957 INFO:teuthology.orchestra.run.smithi090.stdout:/usr/bin/ceph: stderr
2024-04-26T04:33:36.438+0000 7fcc46ffd700 1 -- 172.21.15.90:0/60767076 --> [v2:172.21.15.90:3300/0,v1:172.21.15.90:6789/0] -- mon_subscribe({config=0+,monmap=0+}) v3 -- 0x7fcc48104890 con 0x7fcc48103e00
2024-04-26T04:33:37.957 INFO:teuthology.orchestra.run.smithi090.stdout:/usr/bin/ceph: stderr
2024-04-26T04:33:36.438+0000 7fcc46ffd700 1 --2- 172.21.15.90:0/60767076 >> [v2:172.21.15.90:3300/0,v1:172.21.15.90:6789/0] conn(0x7fcc48103e00 0x7fcc48104210 secure :-1 s=READY pgs=49 cs=0 l=1 rev1=1 crypto rx=0x7fcc380098a0 tx=0x7fcc38009bb0 comp rx=0 tx=0).ready entity=mon.0 client_cookie=1248901eeab9da5e server_cookie=0 in_seq=0 out_seq=0
2024-04-26T04:33:37.957 INFO:teuthology.orchestra.run.smithi090.stdout:/usr/bin/ceph: stderr
2024-04-26T04:33:36.438+0000 7fcc45ffb700 1 -- 172.21.15.90:0/60767076 <== mon.0 v2:172.21.15.90:3300/0 1 ==== mon_map magic: 0 v1 ==== 229+0+0 (secure 0 0 0) 0x7fcc38004180 con 0x7fcc48103e00
2024-04-26T04:33:37.957 INFO:teuthology.orchestra.run.smithi090.stdout:/usr/bin/ceph: stderr
2024-04-26T04:33:36.438+0000 7fcc45ffb700 1 -- 172.21.15.90:0/60767076 <== mon.0 v2:172.21.15.90:3300/0 2 ==== config(27 keys) v1 ==== 1037+0+0 (secure 0 0 0) 0x7fcc380042e0 con 0x7fcc48103e00
