2024-04-26T04:33:37.957 INFO:teuthology.orchestra.run.smithi090.stdout:/usr/bin/ceph: stderr
2024-04-26T04:33:36.439+0000 7fcc45ffb700 1 -- 172.21.15.90:0/60767076 <== mon.0 v2:172.21.15.90:3300/0 3 ==== mon_map magic: 0 v1 ==== 229+0+0 (secure 0 0 0) 0x7fcc38011a50 con 0x7fcc48103e00
2024-04-26T04:33:37.957 INFO:teuthology.orchestra.run.smithi090.stdout:/usr/bin/ceph: stderr
2024-04-26T04:33:36.439+0000 7fcc4d999700 1 -- 172.21.15.90:0/60767076 >> [v2:172.21.15.90:3300/0,v1:172.21.15.90:6789/0] conn(0x7fcc48103e00 msgr2=0x7fcc48104210 secure :-1 s=STATE_CONNECTION_ESTABLISHED l=1).mark_down
2024-04-26T04:33:37.958 INFO:teuthology.orchestra.run.smithi090.stdout:/usr/bin/ceph: stderr
2024-04-26T04:33:36.439+0000 7fcc4d999700 1 --2- 172.21.15.90:0/60767076 >> [v2:172.21.15.90:3300/0,v1:172.21.15.90:6789/0] conn(0x7fcc48103e00 0x7fcc48104210 secure :-1 s=READY pgs=49 cs=0 l=1 rev1=1 crypto rx=0x7fcc380098a0 tx=0x7fcc38009bb0 comp rx=0 tx=0).stop
2024-04-26T04:33:37.958 INFO:teuthology.orchestra.run.smithi090.stdout:/usr/bin/ceph: stderr
2024-04-26T04:33:36.439+0000 7fcc4d999700 1 -- 172.21.15.90:0/60767076 shutdown_connections
2024-04-26T04:33:37.958 INFO:teuthology.orchestra.run.smithi090.stdout:/usr/bin/ceph: stderr
2024-04-26T04:33:36.439+0000 7fcc4d999700 1 --2- 172.21.15.90:0/60767076 >> [v2:172.21.15.90:3300/0,v1:172.21.15.90:6789/0] conn(0x7fcc48103e00 0x7fcc48104210 unknown :-1 s=CLOSED pgs=49 cs=0 l=1 rev1=1 crypto rx=0 tx=0 comp rx=0 tx=0).stop
2024-04-26T04:33:37.958 INFO:teuthology.orchestra.run.smithi090.stdout:/usr/bin/ceph: stderr
2024-04-26T04:33:36.439+0000 7fcc4d999700 1 -- 172.21.15.90:0/60767076 >> 172.21.15.90:0/60767076 conn(0x7fcc480ff7e0 msgr2=0x7fcc48101c10 unknown :-1 s=STATE_NONE l=0).mark_down
2024-04-26T04:33:37.958 INFO:teuthology.orchestra.run.smithi090.stdout:/usr/bin/ceph: stderr
2024-04-26T04:33:36.439+0000 7fcc4d999700 1 -- 172.21.15.90:0/60767076 shutdown_connections
2024-04-26T04:33:37.958 INFO:teuthology.orchestra.run.smithi090.stdout:/usr/bin/ceph: stderr
2024-04-26T04:33:36.439+0000 7fcc4d999700 1 -- 172.21.15.90:0/60767076 wait complete.
2024-04-26T04:33:37.958 INFO:teuthology.orchestra.run.smithi090.stdout:/usr/bin/ceph: stderr
2024-04-26T04:33:36.440+0000 7fcc4d999700 1 Processor -- start
2024-04-26T04:33:37.958 INFO:teuthology.orchestra.run.smithi090.stdout:/usr/bin/ceph: stderr
2024-04-26T04:33:36.440+0000 7fcc4d999700 1 -- start start
2024-04-26T04:33:37.958 INFO:teuthology.orchestra.run.smithi090.stdout:/usr/bin/ceph: stderr
2024-04-26T04:33:36.440+0000 7fcc4d999700 1 --2- >> [v2:172.21.15.90:3300/0,v1:172.21.15.90:6789/0] conn(0x7fcc48103e00 0x7fcc48199860 unknown :-1 s=NONE pgs=0 cs=0 l=1 rev1=0 crypto rx=0 tx=0 comp rx=0 tx=0).connect
2024-04-26T04:33:37.958 INFO:teuthology.orchestra.run.smithi090.stdout:/usr/bin/ceph: stderr
2024-04-26T04:33:36.440+0000 7fcc4d999700 1 -- --> [v2:172.21.15.90:3300/0,v1:172.21.15.90:6789/0] -- mon_getmap magic: 0 v1 -- 0x7fcc48199da0 con 0x7fcc48103e00
2024-04-26T04:33:37.958 INFO:teuthology.orchestra.run.smithi090.stdout:/usr/bin/ceph: stderr
2024-04-26T04:33:36.440+0000 7fcc46ffd700 1 --2- >> [v2:172.21.15.90:3300/0,v1:172.21.15.90:6789/0] conn(0x7fcc48103e00 0x7fcc48199860 unknown :-1 s=BANNER_CONNECTING pgs=0 cs=0 l=1 rev1=0 crypto rx=0 tx=0 comp rx=0 tx=0)._handle_peer_banner_payload supported=3 required=0
2024-04-26T04:33:37.958 INFO:teuthology.orchestra.run.smithi090.stdout:/usr/bin/ceph: stderr
2024-04-26T04:33:36.440+0000 7fcc46ffd700 1 --2- >> [v2:172.21.15.90:3300/0,v1:172.21.15.90:6789/0] conn(0x7fcc48103e00 0x7fcc48199860 unknown :-1 s=HELLO_CONNECTING pgs=0 cs=0 l=1 rev1=1 crypto rx=0 tx=0 comp rx=0 tx=0).handle_hello peer v2:172.21.15.90:3300/0 says I am v2:172.21.15.90:48592/0 (socket says 172.21.15.90:48592)
2024-04-26T04:33:37.958 INFO:teuthology.orchestra.run.smithi090.stdout:/usr/bin/ceph: stderr
2024-04-26T04:33:36.440+0000 7fcc46ffd700 1 -- 172.21.15.90:0/301938043 learned_addr learned my addr 172.21.15.90:0/301938043 (peer_addr_for_me v2:172.21.15.90:0/0)
2024-04-26T04:33:37.959 INFO:teuthology.orchestra.run.smithi090.stdout:/usr/bin/ceph: stderr
2024-04-26T04:33:36.440+0000 7fcc46ffd700 1 -- 172.21.15.90:0/301938043 --> [v2:172.21.15.90:3300/0,v1:172.21.15.90:6789/0] -- mon_subscribe({config=0+,monmap=0+}) v3 -- 0x7fcc38009550 con 0x7fcc48103e00
2024-04-26T04:33:37.959 INFO:teuthology.orchestra.run.smithi090.stdout:/usr/bin/ceph: stderr
2024-04-26T04:33:36.440+0000 7fcc46ffd700 1 --2- 172.21.15.90:0/301938043 >> [v2:172.21.15.90:3300/0,v1:172.21.15.90:6789/0] conn(0x7fcc48103e00 0x7fcc48199860 secure :-1 s=READY pgs=50 cs=0 l=1 rev1=1 crypto rx=0x7fcc38000c00 tx=0x7fcc38011ab0 comp rx=0 tx=0).ready entity=mon.0 client_cookie=0 server_cookie=0 in_seq=0 out_seq=0
2024-04-26T04:33:37.959 INFO:teuthology.orchestra.run.smithi090.stdout:/usr/bin/ceph: stderr
2024-04-26T04:33:36.441+0000 7fcc4c997700 1 -- 172.21.15.90:0/301938043 <== mon.0 v2:172.21.15.90:3300/0 1 ==== mon_map magic: 0 v1 ==== 229+0+0 (secure 0 0 0) 0x7fcc38003b90 con 0x7fcc48103e00
2024-04-26T04:33:37.959 INFO:teuthology.orchestra.run.smithi090.stdout:/usr/bin/ceph: stderr
2024-04-26T04:33:36.441+0000 7fcc4c997700 1 -- 172.21.15.90:0/301938043 <== mon.0 v2:172.21.15.90:3300/0 2 ==== config(27 keys) v1 ==== 1037+0+0 (secure 0 0 0) 0x7fcc380248b0 con 0x7fcc48103e00
2024-04-26T04:33:37.959 INFO:teuthology.orchestra.run.smithi090.stdout:/usr/bin/ceph: stderr
2024-04-26T04:33:36.441+0000 7fcc4d999700 1 -- 172.21.15.90:0/301938043 --> [v2:172.21.15.90:3300/0,v1:172.21.15.90:6789/0] -- mon_subscribe({mgrmap=0+}) v3 -- 0x7fcc48199fa0 con 0x7fcc48103e00
2024-04-26T04:33:37.959 INFO:teuthology.orchestra.run.smithi090.stdout:/usr/bin/ceph: stderr
2024-04-26T04:33:36.441+0000 7fcc4c997700 1 -- 172.21.15.90:0/301938043 <== mon.0 v2:172.21.15.90:3300/0 3 ==== mon_map magic: 0 v1 ==== 229+0+0 (secure 0 0 0) 0x7fcc3801a8e0 con 0x7fcc48103e00
2024-04-26T04:33:37.959 INFO:teuthology.orchestra.run.smithi090.stdout:/usr/bin/ceph: stderr
2024-04-26T04:33:36.441+0000 7fcc4d999700 1 -- 172.21.15.90:0/301938043 --> [v2:172.21.15.90:3300/0,v1:172.21.15.90:6789/0] -- mon_subscribe({osdmap=0}) v3 -- 0x7fcc4819a3c0 con 0x7fcc48103e00
2024-04-26T04:33:37.959 INFO:teuthology.orchestra.run.smithi090.stdout:/usr/bin/ceph: stderr
2024-04-26T04:33:36.442+0000 7fcc4c997700 1 -- 172.21.15.90:0/301938043 <== mon.0 v2:172.21.15.90:3300/0 4 ==== mgrmap(e 8) v1 ==== 45084+0+0 (secure 0 0 0) 0x7fcc3801ab50 con 0x7fcc48103e00
2024-04-26T04:33:37.959 INFO:teuthology.orchestra.run.smithi090.stdout:/usr/bin/ceph: stderr
2024-04-26T04:33:36.442+0000 7fcc4d999700 1 -- 172.21.15.90:0/301938043 --> [v2:172.21.15.90:3300/0,v1:172.21.15.90:6789/0] -- mon_command({"prefix": "get_command_descriptions"} v 0) v1 -- 0x7fcc48062380 con 0x7fcc48103e00
2024-04-26T04:33:37.959 INFO:teuthology.orchestra.run.smithi090.stdout:/usr/bin/ceph: stderr
2024-04-26T04:33:36.442+0000 7fcc4c997700 1 --2- 172.21.15.90:0/301938043 >> [v2:172.21.15.90:6800/2176954768,v1:172.21.15.90:6801/2176954768] conn(0x7fcc30038440 0x7fcc3003a8f0 unknown :-1 s=NONE pgs=0 cs=0 l=1 rev1=0 crypto rx=0 tx=0 comp rx=0 tx=0).connect
2024-04-26T04:33:37.959 INFO:teuthology.orchestra.run.smithi090.stdout:/usr/bin/ceph: stderr
2024-04-26T04:33:36.442+0000 7fcc467fc700 1 --2- 172.21.15.90:0/301938043 >> [v2:172.21.15.90:6800/2176954768,v1:172.21.15.90:6801/2176954768] conn(0x7fcc30038440 0x7fcc3003a8f0 unknown :-1 s=BANNER_CONNECTING pgs=0 cs=0 l=1 rev1=0 crypto rx=0 tx=0 comp rx=0 tx=0)._handle_peer_banner_payload supported=3 required=0
2024-04-26T04:33:37.959 INFO:teuthology.orchestra.run.smithi090.stdout:/usr/bin/ceph: stderr
2024-04-26T04:33:36.442+0000 7fcc4c997700 1 -- 172.21.15.90:0/301938043 <== mon.0 v2:172.21.15.90:3300/0 5 ==== osd_map(2..2 src has 1..2) v4 ==== 940+0+0 (secure 0 0 0) 0x7fcc3804c4c0 con 0x7fcc48103e00
2024-04-26T04:33:37.959 INFO:teuthology.orchestra.run.smithi090.stdout:/usr/bin/ceph: stderr
2024-04-26T04:33:36.442+0000 7fcc467fc700 1 --2- 172.21.15.90:0/301938043 >> [v2:172.21.15.90:6800/2176954768,v1:172.21.15.90:6801/2176954768] conn(0x7fcc30038440 0x7fcc3003a8f0 secure :-1 s=READY pgs=13 cs=0 l=1 rev1=1 crypto rx=0x7fcc3c006fd0 tx=0x7fcc3c006e40 comp rx=0 tx=0).ready entity=mgr.14120 client_cookie=0 server_cookie=0 in_seq=0 out_seq=0
2024-04-26T04:33:37.959 INFO:teuthology.orchestra.run.smithi090.stdout:/usr/bin/ceph: stderr
2024-04-26T04:33:36.446+0000 7fcc4c997700 1 -- 172.21.15.90:0/301938043 <== mon.0 v2:172.21.15.90:3300/0 6 ==== mon_command_ack([{"prefix": "get_command_descriptions"}]=0 v0) v1 ==== 72+0+177933 (secure 0 0 0) 0x7fcc380233a0 con 0x7fcc48103e00
2024-04-26T04:33:37.960 INFO:teuthology.orchestra.run.smithi090.stdout:/usr/bin/ceph: stderr
2024-04-26T04:33:36.652+0000 7fcc4d999700 1 -- 172.21.15.90:0/301938043 --> [v2:172.21.15.90:6800/2176954768,v1:172.21.15.90:6801/2176954768] -- mgr_command(tid 0: {"prefix": "orch apply", "service_type": "mgr", "target": ["mon-mgr", ""]}) v1 -- 0x7fcc48101ad0 con 0x7fcc30038440
2024-04-26T04:33:37.960 INFO:teuthology.orchestra.run.smithi090.stdout:/usr/bin/ceph: stderr
2024-04-26T04:33:36.656+0000 7fcc4c997700 1 -- 172.21.15.90:0/301938043 <== mgr.14120 v2:172.21.15.90:6800/2176954768 1 ==== mgr_command_reply(tid 0: 0 ) v1 ==== 8+0+24 (secure 0 0 0) 0x7fcc48101ad0 con 0x7fcc30038440
2024-04-26T04:33:37.960 INFO:teuthology.orchestra.run.smithi090.stdout:/usr/bin/ceph: stderr
2024-04-26T04:33:36.658+0000 7fcc4d999700 1 -- 172.21.15.90:0/301938043 >> [v2:172.21.15.90:6800/2176954768,v1:172.21.15.90:6801/2176954768] conn(0x7fcc30038440 msgr2=0x7fcc3003a8f0 secure :-1 s=STATE_CONNECTION_ESTABLISHED l=1).mark_down
2024-04-26T04:33:37.960 INFO:teuthology.orchestra.run.smithi090.stdout:/usr/bin/ceph: stderr
2024-04-26T04:33:36.658+0000 7fcc4d999700 1 --2- 172.21.15.90:0/301938043 >> [v2:172.21.15.90:6800/2176954768,v1:172.21.15.90:6801/2176954768] conn(0x7fcc30038440 0x7fcc3003a8f0 secure :-1 s=READY pgs=13 cs=0 l=1 rev1=1 crypto rx=0x7fcc3c006fd0 tx=0x7fcc3c006e40 comp rx=0 tx=0).stop
2024-04-26T04:33:37.960 INFO:teuthology.orchestra.run.smithi090.stdout:/usr/bin/ceph: stderr
2024-04-26T04:33:36.658+0000 7fcc4d999700 1 -- 172.21.15.90:0/301938043 >> [v2:172.21.15.90:3300/0,v1:172.21.15.90:6789/0] conn(0x7fcc48103e00 msgr2=0x7fcc48199860 secure :-1 s=STATE_CONNECTION_ESTABLISHED l=1).mark_down
2024-04-26T04:33:37.960 INFO:teuthology.orchestra.run.smithi090.stdout:/usr/bin/ceph: stderr
2024-04-26T04:33:36.658+0000 7fcc4d999700 1 --2- 172.21.15.90:0/301938043 >> [v2:172.21.15.90:3300/0,v1:172.21.15.90:6789/0] conn(0x7fcc48103e00 0x7fcc48199860 secure :-1 s=READY pgs=50 cs=0 l=1 rev1=1 crypto rx=0x7fcc38000c00 tx=0x7fcc38011ab0 comp rx=0 tx=0).stop
2024-04-26T04:33:37.960 INFO:teuthology.orchestra.run.smithi090.stdout:/usr/bin/ceph: stderr
2024-04-26T04:33:36.659+0000 7fcc4d999700 1 -- 172.21.15.90:0/301938043 shutdown_connections
2024-04-26T04:33:37.960 INFO:teuthology.orchestra.run.smithi090.stdout:/usr/bin/ceph: stderr
2024-04-26T04:33:36.659+0000 7fcc4d999700 1 --2- 172.21.15.90:0/301938043 >> [v2:172.21.15.90:6800/2176954768,v1:172.21.15.90:6801/2176954768] conn(0x7fcc30038440 0x7fcc3003a8f0 unknown :-1 s=CLOSED pgs=13 cs=0 l=1 rev1=1 crypto rx=0 tx=0 comp rx=0 tx=0).stop
2024-04-26T04:33:37.960 INFO:teuthology.orchestra.run.smithi090.stdout:/usr/bin/ceph: stderr
2024-04-26T04:33:36.659+0000 7fcc4d999700 1 --2- 172.21.15.90:0/301938043 >> [v2:172.21.15.90:3300/0,v1:172.21.15.90:6789/0] conn(0x7fcc48103e00 0x7fcc48199860 unknown :-1 s=CLOSED pgs=50 cs=0 l=1 rev1=1 crypto rx=0 tx=0 comp rx=0 tx=0).stop
2024-04-26T04:33:37.960 INFO:teuthology.orchestra.run.smithi090.stdout:/usr/bin/ceph: stderr
2024-04-26T04:33:36.659+0000 7fcc4d999700 1 -- 172.21.15.90:0/301938043 >> 172.21.15.90:0/301938043 conn(0x7fcc480ff7e0 msgr2=0x7fcc48100eb0 unknown :-1 s=STATE_NONE l=0).mark_down
2024-04-26T04:33:37.960 INFO:teuthology.orchestra.run.smithi090.stdout:/usr/bin/ceph: stderr
2024-04-26T04:33:36.659+0000 7fcc4d999700 1 -- 172.21.15.90:0/301938043 shutdown_connections
2024-04-26T04:33:37.960 INFO:teuthology.orchestra.run.smithi090.stdout:/usr/bin/ceph: stderr
2024-04-26T04:33:36.659+0000 7fcc4d999700 1 -- 172.21.15.90:0/301938043 wait complete.
2024-04-26T04:33:37.960 INFO:teuthology.orchestra.run.smithi090.stdout:Deploying crash service with default placement...
2024-04-26T04:33:39.348 INFO:journalctl@ceph.mon.smithi090.smithi090.stdout:Apr 26 04:33:39 smithi090 ceph-mon[26648]: from='mgr.14120 172.21.15.90:0/3203305665' entity='mgr.smithi090.iwrvwa'
2024-04-26T04:33:39.348 INFO:journalctl@ceph.mon.smithi090.smithi090.stdout:Apr 26 04:33:39 smithi090 ceph-mon[26648]: from='mgr.14120 172.21.15.90:0/3203305665' entity='mgr.smithi090.iwrvwa'
2024-04-26T04:33:39.356 INFO:teuthology.orchestra.run.smithi090.stdout:/usr/bin/ceph: stdout Scheduled crash update...
2024-04-26T04:33:39.356 INFO:teuthology.orchestra.run.smithi090.stdout:/usr/bin/ceph: stderr
2024-04-26T04:33:38.381+0000 7ff54bd15700 1 Processor -- start
2024-04-26T04:33:39.356 INFO:teuthology.orchestra.run.smithi090.stdout:/usr/bin/ceph: stderr
2024-04-26T04:33:38.381+0000 7ff54bd15700 1 -- start start
2024-04-26T04:33:39.356 INFO:teuthology.orchestra.run.smithi090.stdout:/usr/bin/ceph: stderr
2024-04-26T04:33:38.381+0000 7ff54bd15700 1 --2- >> [v2:172.21.15.90:3300/0,v1:172.21.15.90:6789/0] conn(0x7ff544105ff0 0x7ff544106400 unknown :-1 s=NONE pgs=0 cs=0 l=0 rev1=0 crypto rx=0 tx=0 comp rx=0 tx=0).connect
2024-04-26T04:33:39.356 INFO:teuthology.orchestra.run.smithi090.stdout:/usr/bin/ceph: stderr
2024-04-26T04:33:38.381+0000 7ff54bd15700 1 -- --> [v2:172.21.15.90:3300/0,v1:172.21.15.90:6789/0] -- mon_getmap magic: 0 v1 -- 0x7ff544106940 con 0x7ff544105ff0
2024-04-26T04:33:39.356 INFO:teuthology.orchestra.run.smithi090.stdout:/usr/bin/ceph: stderr
2024-04-26T04:33:38.381+0000 7ff549ab1700 1 --2- >> [v2:172.21.15.90:3300/0,v1:172.21.15.90:6789/0] conn(0x7ff544105ff0 0x7ff544106400 unknown :-1 s=BANNER_CONNECTING pgs=0 cs=0 l=0 rev1=0 crypto rx=0 tx=0 comp rx=0 tx=0)._handle_peer_banner_payload supported=3 required=0
2024-04-26T04:33:39.356 INFO:teuthology.orchestra.run.smithi090.stdout:/usr/bin/ceph: stderr
2024-04-26T04:33:38.381+0000 7ff549ab1700 1 --2- >> [v2:172.21.15.90:3300/0,v1:172.21.15.90:6789/0] conn(0x7ff544105ff0 0x7ff544106400 unknown :-1 s=HELLO_CONNECTING pgs=0 cs=0 l=0 rev1=1 crypto rx=0 tx=0 comp rx=0 tx=0).handle_hello peer v2:172.21.15.90:3300/0 says I am v2:172.21.15.90:49002/0 (socket says 172.21.15.90:49002)
2024-04-26T04:33:39.357 INFO:teuthology.orchestra.run.smithi090.stdout:/usr/bin/ceph: stderr
2024-04-26T04:33:38.381+0000 7ff549ab1700 1 -- 172.21.15.90:0/981897107 learned_addr learned my addr 172.21.15.90:0/981897107 (peer_addr_for_me v2:172.21.15.90:0/0)
2024-04-26T04:33:39.357 INFO:teuthology.orchestra.run.smithi090.stdout:/usr/bin/ceph: stderr
2024-04-26T04:33:38.382+0000 7ff549ab1700 1 -- 172.21.15.90:0/981897107 --> [v2:172.21.15.90:3300/0,v1:172.21.15.90:6789/0] -- mon_subscribe({config=0+,monmap=0+}) v3 -- 0x7ff544106a80 con 0x7ff544105ff0
2024-04-26T04:33:39.357 INFO:teuthology.orchestra.run.smithi090.stdout:/usr/bin/ceph: stderr
2024-04-26T04:33:38.382+0000 7ff549ab1700 1 --2- 172.21.15.90:0/981897107 >> [v2:172.21.15.90:3300/0,v1:172.21.15.90:6789/0] conn(0x7ff544105ff0 0x7ff544106400 secure :-1 s=READY pgs=51 cs=0 l=1 rev1=1 crypto rx=0x7ff5400098a0 tx=0x7ff540009bb0 comp rx=0 tx=0).ready entity=mon.0 client_cookie=5f53bac0e6c6272b server_cookie=0 in_seq=0 out_seq=0
2024-04-26T04:33:39.357 INFO:teuthology.orchestra.run.smithi090.stdout:/usr/bin/ceph: stderr
2024-04-26T04:33:38.382+0000 7ff548aaf700 1 -- 172.21.15.90:0/981897107 <== mon.0 v2:172.21.15.90:3300/0 1 ==== mon_map magic: 0 v1 ==== 229+0+0 (secure 0 0 0) 0x7ff540004180 con 0x7ff544105ff0
2024-04-26T04:33:39.357 INFO:teuthology.orchestra.run.smithi090.stdout:/usr/bin/ceph: stderr
2024-04-26T04:33:38.382+0000 7ff548aaf700 1 -- 172.21.15.90:0/981897107 <== mon.0 v2:172.21.15.90:3300/0 2 ==== config(27 keys) v1 ==== 1101+0+0 (secure 0 0 0) 0x7ff5400042e0 con 0x7ff544105ff0
2024-04-26T04:33:39.357 INFO:teuthology.orchestra.run.smithi090.stdout:/usr/bin/ceph: stderr
2024-04-26T04:33:38.382+0000 7ff548aaf700 1 -- 172.21.15.90:0/981897107 <== mon.0 v2:172.21.15.90:3300/0 3 ==== mon_map magic: 0 v1 ==== 229+0+0 (secure 0 0 0) 0x7ff540011af0 con 0x7ff544105ff0
2024-04-26T04:33:39.357 INFO:teuthology.orchestra.run.smithi090.stdout:/usr/bin/ceph: stderr
2024-04-26T04:33:38.383+0000 7ff54bd15700 1 -- 172.21.15.90:0/981897107 >> [v2:172.21.15.90:3300/0,v1:172.21.15.90:6789/0] conn(0x7ff544105ff0 msgr2=0x7ff544106400 secure :-1 s=STATE_CONNECTION_ESTABLISHED l=1).mark_down
2024-04-26T04:33:39.357 INFO:teuthology.orchestra.run.smithi090.stdout:/usr/bin/ceph: stderr
2024-04-26T04:33:38.383+0000 7ff54bd15700 1 --2- 172.21.15.90:0/981897107 >> [v2:172.21.15.90:3300/0,v1:172.21.15.90:6789/0] conn(0x7ff544105ff0 0x7ff544106400 secure :-1 s=READY pgs=51 cs=0 l=1 rev1=1 crypto rx=0x7ff5400098a0 tx=0x7ff540009bb0 comp rx=0 tx=0).stop
2024-04-26T04:33:39.357 INFO:teuthology.orchestra.run.smithi090.stdout:/usr/bin/ceph: stderr
2024-04-26T04:33:38.383+0000 7ff54bd15700 1 -- 172.21.15.90:0/981897107 shutdown_connections
2024-04-26T04:33:39.357 INFO:teuthology.orchestra.run.smithi090.stdout:/usr/bin/ceph: stderr
2024-04-26T04:33:38.383+0000 7ff54bd15700 1 --2- 172.21.15.90:0/981897107 >> [v2:172.21.15.90:3300/0,v1:172.21.15.90:6789/0] conn(0x7ff544105ff0 0x7ff544106400 unknown :-1 s=CLOSED pgs=51 cs=0 l=1 rev1=1 crypto rx=0 tx=0 comp rx=0 tx=0).stop
2024-04-26T04:33:39.357 INFO:teuthology.orchestra.run.smithi090.stdout:/usr/bin/ceph: stderr
2024-04-26T04:33:38.383+0000 7ff54bd15700 1 -- 172.21.15.90:0/981897107 >> 172.21.15.90:0/981897107 conn(0x7ff5440ff7e0 msgr2=0x7ff544101c10 unknown :-1 s=STATE_NONE l=0).mark_down
2024-04-26T04:33:39.357 INFO:teuthology.orchestra.run.smithi090.stdout:/usr/bin/ceph: stderr
2024-04-26T04:33:38.383+0000 7ff54bd15700 1 -- 172.21.15.90:0/981897107 shutdown_connections
2024-04-26T04:33:39.357 INFO:teuthology.orchestra.run.smithi090.stdout:/usr/bin/ceph: stderr
2024-04-26T04:33:38.383+0000 7ff54bd15700 1 -- 172.21.15.90:0/981897107 wait complete.
2024-04-26T04:33:39.357 INFO:teuthology.orchestra.run.smithi090.stdout:/usr/bin/ceph: stderr
2024-04-26T04:33:38.384+0000 7ff54bd15700 1 Processor -- start
2024-04-26T04:33:39.358 INFO:teuthology.orchestra.run.smithi090.stdout:/usr/bin/ceph: stderr
2024-04-26T04:33:38.384+0000 7ff54bd15700 1 -- start start
2024-04-26T04:33:39.358 INFO:teuthology.orchestra.run.smithi090.stdout:/usr/bin/ceph: stderr
2024-04-26T04:33:38.384+0000 7ff54bd15700 1 --2- >> [v2:172.21.15.90:3300/0,v1:172.21.15.90:6789/0] conn(0x7ff544105ff0 0x7ff5441046a0 unknown :-1 s=NONE pgs=0 cs=0 l=1 rev1=0 crypto rx=0 tx=0 comp rx=0 tx=0).connect
2024-04-26T04:33:39.358 INFO:teuthology.orchestra.run.smithi090.stdout:/usr/bin/ceph: stderr
2024-04-26T04:33:38.384+0000 7ff54bd15700 1 -- --> [v2:172.21.15.90:3300/0,v1:172.21.15.90:6789/0] -- mon_getmap magic: 0 v1 -- 0x7ff54419c610 con 0x7ff544105ff0
2024-04-26T04:33:39.358 INFO:teuthology.orchestra.run.smithi090.stdout:/usr/bin/ceph: stderr
2024-04-26T04:33:38.384+0000 7ff549ab1700 1 --2- >> [v2:172.21.15.90:3300/0,v1:172.21.15.90:6789/0] conn(0x7ff544105ff0 0x7ff5441046a0 unknown :-1 s=BANNER_CONNECTING pgs=0 cs=0 l=1 rev1=0 crypto rx=0 tx=0 comp rx=0 tx=0)._handle_peer_banner_payload supported=3 required=0
2024-04-26T04:33:39.358 INFO:teuthology.orchestra.run.smithi090.stdout:/usr/bin/ceph: stderr
2024-04-26T04:33:38.384+0000 7ff549ab1700 1 --2- >> [v2:172.21.15.90:3300/0,v1:172.21.15.90:6789/0] conn(0x7ff544105ff0 0x7ff5441046a0 unknown :-1 s=HELLO_CONNECTING pgs=0 cs=0 l=1 rev1=1 crypto rx=0 tx=0 comp rx=0 tx=0).handle_hello peer v2:172.21.15.90:3300/0 says I am v2:172.21.15.90:49014/0 (socket says 172.21.15.90:49014)
2024-04-26T04:33:39.358 INFO:teuthology.orchestra.run.smithi090.stdout:/usr/bin/ceph: stderr
2024-04-26T04:33:38.384+0000 7ff549ab1700 1 -- 172.21.15.90:0/828704004 learned_addr learned my addr 172.21.15.90:0/828704004 (peer_addr_for_me v2:172.21.15.90:0/0)
2024-04-26T04:33:39.358 INFO:teuthology.orchestra.run.smithi090.stdout:/usr/bin/ceph: stderr
2024-04-26T04:33:38.385+0000 7ff549ab1700 1 -- 172.21.15.90:0/828704004 --> [v2:172.21.15.90:3300/0,v1:172.21.15.90:6789/0] -- mon_subscribe({config=0+,monmap=0+}) v3 -- 0x7ff540009550 con 0x7ff544105ff0
2024-04-26T04:33:39.358 INFO:teuthology.orchestra.run.smithi090.stdout:/usr/bin/ceph: stderr
2024-04-26T04:33:38.385+0000 7ff549ab1700 1 --2- 172.21.15.90:0/828704004 >> [v2:172.21.15.90:3300/0,v1:172.21.15.90:6789/0] conn(0x7ff544105ff0 0x7ff5441046a0 secure :-1 s=READY pgs=52 cs=0 l=1 rev1=1 crypto rx=0x7ff540011ad0 tx=0x7ff540011bb0 comp rx=0 tx=0).ready entity=mon.0 client_cookie=0 server_cookie=0 in_seq=0 out_seq=0
2024-04-26T04:33:39.358 INFO:teuthology.orchestra.run.smithi090.stdout:/usr/bin/ceph: stderr
2024-04-26T04:33:38.385+0000 7ff53affd700 1 -- 172.21.15.90:0/828704004 <== mon.0 v2:172.21.15.90:3300/0 1 ==== mon_map magic: 0 v1 ==== 229+0+0 (secure 0 0 0) 0x7ff540003ab0 con 0x7ff544105ff0
2024-04-26T04:33:39.358 INFO:teuthology.orchestra.run.smithi090.stdout:/usr/bin/ceph: stderr
2024-04-26T04:33:38.385+0000 7ff53affd700 1 -- 172.21.15.90:0/828704004 <== mon.0 v2:172.21.15.90:3300/0 2 ==== config(27 keys) v1 ==== 1101+0+0 (secure 0 0 0) 0x7ff540003c10 con 0x7ff544105ff0
2024-04-26T04:33:39.358 INFO:teuthology.orchestra.run.smithi090.stdout:/usr/bin/ceph: stderr
2024-04-26T04:33:38.385+0000 7ff53affd700 1 -- 172.21.15.90:0/828704004 <== mon.0 v2:172.21.15.90:3300/0 3 ==== mon_map magic: 0 v1 ==== 229+0+0 (secure 0 0 0) 0x7ff5400198e0 con 0x7ff544105ff0
2024-04-26T04:33:39.358 INFO:teuthology.orchestra.run.smithi090.stdout:/usr/bin/ceph: stderr
2024-04-26T04:33:38.385+0000 7ff54bd15700 1 -- 172.21.15.90:0/828704004 --> [v2:172.21.15.90:3300/0,v1:172.21.15.90:6789/0] -- mon_subscribe({mgrmap=0+}) v3 -- 0x7ff54419c750 con 0x7ff544105ff0
2024-04-26T04:33:39.358 INFO:teuthology.orchestra.run.smithi090.stdout:/usr/bin/ceph: stderr
2024-04-26T04:33:38.385+0000 7ff54bd15700 1 -- 172.21.15.90:0/828704004 --> [v2:172.21.15.90:3300/0,v1:172.21.15.90:6789/0] -- mon_subscribe({osdmap=0}) v3 -- 0x7ff54419cab0 con 0x7ff544105ff0
2024-04-26T04:33:39.358 INFO:teuthology.orchestra.run.smithi090.stdout:/usr/bin/ceph: stderr
2024-04-26T04:33:38.386+0000 7ff53affd700 1 -- 172.21.15.90:0/828704004 <== mon.0 v2:172.21.15.90:3300/0 4 ==== mgrmap(e 8) v1 ==== 45084+0+0 (secure 0 0 0) 0x7ff540019ba0 con 0x7ff544105ff0
2024-04-26T04:33:39.359 INFO:teuthology.orchestra.run.smithi090.stdout:/usr/bin/ceph: stderr
2024-04-26T04:33:38.386+0000 7ff53affd700 1 --2- 172.21.15.90:0/828704004 >> [v2:172.21.15.90:6800/2176954768,v1:172.21.15.90:6801/2176954768] conn(0x7ff5300383f0 0x7ff53003a8a0 unknown :-1 s=NONE pgs=0 cs=0 l=1 rev1=0 crypto rx=0 tx=0 comp rx=0 tx=0).connect
2024-04-26T04:33:39.359 INFO:teuthology.orchestra.run.smithi090.stdout:/usr/bin/ceph: stderr
2024-04-26T04:33:38.386+0000 7ff53affd700 1 -- 172.21.15.90:0/828704004 <== mon.0 v2:172.21.15.90:3300/0 5 ==== osd_map(2..2 src has 1..2) v4 ==== 940+0+0 (secure 0 0 0) 0x7ff54004c1e0 con 0x7ff544105ff0
2024-04-26T04:33:39.359 INFO:teuthology.orchestra.run.smithi090.stdout:/usr/bin/ceph: stderr
2024-04-26T04:33:38.386+0000 7ff54bd15700 1 -- 172.21.15.90:0/828704004 --> [v2:172.21.15.90:3300/0,v1:172.21.15.90:6789/0] -- mon_command({"prefix": "get_command_descriptions"} v 0) v1 -- 0x7ff544062380 con 0x7ff544105ff0
2024-04-26T04:33:39.359 INFO:teuthology.orchestra.run.smithi090.stdout:/usr/bin/ceph: stderr
2024-04-26T04:33:38.386+0000 7ff5492b0700 1 --2- 172.21.15.90:0/828704004 >> [v2:172.21.15.90:6800/2176954768,v1:172.21.15.90:6801/2176954768] conn(0x7ff5300383f0 0x7ff53003a8a0 unknown :-1 s=BANNER_CONNECTING pgs=0 cs=0 l=1 rev1=0 crypto rx=0 tx=0 comp rx=0 tx=0)._handle_peer_banner_payload supported=3 required=0
2024-04-26T04:33:39.359 INFO:teuthology.orchestra.run.smithi090.stdout:/usr/bin/ceph: stderr
2024-04-26T04:33:38.387+0000 7ff5492b0700 1 --2- 172.21.15.90:0/828704004 >> [v2:172.21.15.90:6800/2176954768,v1:172.21.15.90:6801/2176954768] conn(0x7ff5300383f0 0x7ff53003a8a0 secure :-1 s=READY pgs=14 cs=0 l=1 rev1=1 crypto rx=0x7ff534006fd0 tx=0x7ff534006e40 comp rx=0 tx=0).ready entity=mgr.14120 client_cookie=0 server_cookie=0 in_seq=0 out_seq=0
2024-04-26T04:33:39.359 INFO:teuthology.orchestra.run.smithi090.stdout:/usr/bin/ceph: stderr
2024-04-26T04:33:38.392+0000 7ff53affd700 1 -- 172.21.15.90:0/828704004 <== mon.0 v2:172.21.15.90:3300/0 6 ==== mon_command_ack([{"prefix": "get_command_descriptions"}]=0 v0) v1 ==== 72+0+177933 (secure 0 0 0) 0x7ff54002b300 con 0x7ff544105ff0
2024-04-26T04:33:39.359 INFO:teuthology.orchestra.run.smithi090.stdout:/usr/bin/ceph: stderr
2024-04-26T04:33:38.614+0000 7ff54bd15700 1 -- 172.21.15.90:0/828704004 --> [v2:172.21.15.90:6800/2176954768,v1:172.21.15.90:6801/2176954768] -- mgr_command(tid 0: {"prefix": "orch apply", "service_type": "crash", "target": ["mon-mgr", ""]}) v1 -- 0x7ff544108eb0 con 0x7ff5300383f0
2024-04-26T04:33:39.359 INFO:teuthology.orchestra.run.smithi090.stdout:/usr/bin/ceph: stderr
2024-04-26T04:33:38.618+0000 7ff53affd700 1 -- 172.21.15.90:0/828704004 <== mgr.14120 v2:172.21.15.90:6800/2176954768 1 ==== mgr_command_reply(tid 0: 0 ) v1 ==== 8+0+26 (secure 0 0 0) 0x7ff544108eb0 con 0x7ff5300383f0
2024-04-26T04:33:39.359 INFO:teuthology.orchestra.run.smithi090.stdout:/usr/bin/ceph: stderr
2024-04-26T04:33:38.620+0000 7ff54bd15700 1 -- 172.21.15.90:0/828704004 >> [v2:172.21.15.90:6800/2176954768,v1:172.21.15.90:6801/2176954768] conn(0x7ff5300383f0 msgr2=0x7ff53003a8a0 secure :-1 s=STATE_CONNECTION_ESTABLISHED l=1).mark_down
2024-04-26T04:33:39.359 INFO:teuthology.orchestra.run.smithi090.stdout:/usr/bin/ceph: stderr
2024-04-26T04:33:38.620+0000 7ff54bd15700 1 --2- 172.21.15.90:0/828704004 >> [v2:172.21.15.90:6800/2176954768,v1:172.21.15.90:6801/2176954768] conn(0x7ff5300383f0 0x7ff53003a8a0 secure :-1 s=READY pgs=14 cs=0 l=1 rev1=1 crypto rx=0x7ff534006fd0 tx=0x7ff534006e40 comp rx=0 tx=0).stop
2024-04-26T04:33:39.359 INFO:teuthology.orchestra.run.smithi090.stdout:/usr/bin/ceph: stderr
2024-04-26T04:33:38.620+0000 7ff54bd15700 1 -- 172.21.15.90:0/828704004 >> [v2:172.21.15.90:3300/0,v1:172.21.15.90:6789/0] conn(0x7ff544105ff0 msgr2=0x7ff5441046a0 secure :-1 s=STATE_CONNECTION_ESTABLISHED l=1).mark_down
2024-04-26T04:33:39.359 INFO:teuthology.orchestra.run.smithi090.stdout:/usr/bin/ceph: stderr
2024-04-26T04:33:38.620+0000 7ff54bd15700 1 --2- 172.21.15.90:0/828704004 >> [v2:172.21.15.90:3300/0,v1:172.21.15.90:6789/0] conn(0x7ff544105ff0 0x7ff5441046a0 secure :-1 s=READY pgs=52 cs=0 l=1 rev1=1 crypto rx=0x7ff540011ad0 tx=0x7ff540011bb0 comp rx=0 tx=0).stop
2024-04-26T04:33:39.359 INFO:teuthology.orchestra.run.smithi090.stdout:/usr/bin/ceph: stderr
2024-04-26T04:33:38.620+0000 7ff54bd15700 1 -- 172.21.15.90:0/828704004 shutdown_connections
2024-04-26T04:33:39.360 INFO:teuthology.orchestra.run.smithi090.stdout:/usr/bin/ceph: stderr
2024-04-26T04:33:38.620+0000 7ff54bd15700 1 --2- 172.21.15.90:0/828704004 >> [v2:172.21.15.90:6800/2176954768,v1:172.21.15.90:6801/2176954768] conn(0x7ff5300383f0 0x7ff53003a8a0 unknown :-1 s=CLOSED pgs=14 cs=0 l=1 rev1=1 crypto rx=0 tx=0 comp rx=0 tx=0).stop
2024-04-26T04:33:39.360 INFO:teuthology.orchestra.run.smithi090.stdout:/usr/bin/ceph: stderr
2024-04-26T04:33:38.620+0000 7ff54bd15700 1 --2- 172.21.15.90:0/828704004 >> [v2:172.21.15.90:3300/0,v1:172.21.15.90:6789/0] conn(0x7ff544105ff0 0x7ff5441046a0 unknown :-1 s=CLOSED pgs=52 cs=0 l=1 rev1=1 crypto rx=0 tx=0 comp rx=0 tx=0).stop
2024-04-26T04:33:39.360 INFO:teuthology.orchestra.run.smithi090.stdout:/usr/bin/ceph: stderr
2024-04-26T04:33:38.620+0000 7ff54bd15700 1 -- 172.21.15.90:0/828704004 >> 172.21.15.90:0/828704004 conn(0x7ff5440ff7e0 msgr2=0x7ff544100e90 unknown :-1 s=STATE_NONE l=0).mark_down
2024-04-26T04:33:39.360 INFO:teuthology.orchestra.run.smithi090.stdout:/usr/bin/ceph: stderr
2024-04-26T04:33:38.620+0000 7ff54bd15700 1 -- 172.21.15.90:0/828704004 shutdown_connections
2024-04-26T04:33:39.360 INFO:teuthology.orchestra.run.smithi090.stdout:/usr/bin/ceph: stderr
2024-04-26T04:33:38.620+0000 7ff54bd15700 1 -- 172.21.15.90:0/828704004 wait complete.
2024-04-26T04:33:39.360 INFO:teuthology.orchestra.run.smithi090.stdout:Deploying ceph-exporter service with default placement...
2024-04-26T04:33:40.058 INFO:journalctl@ceph.mon.smithi090.smithi090.stdout:Apr 26 04:33:40 smithi090 ceph-mon[26648]: from='client.14146 -' entity='client.admin' cmd=[{"prefix": "orch apply", "service_type": "crash", "target": ["mon-mgr", ""]}]: dispatch
2024-04-26T04:33:40.058 INFO:journalctl@ceph.mon.smithi090.smithi090.stdout:Apr 26 04:33:40 smithi090 ceph-mon[26648]: Saving service crash spec with placement *
2024-04-26T04:33:40.059 INFO:journalctl@ceph.mon.smithi090.smithi090.stdout:Apr 26 04:33:40 smithi090 ceph-mon[26648]: from='mgr.14120 172.21.15.90:0/3203305665' entity='mgr.smithi090.iwrvwa'
2024-04-26T04:33:40.985 INFO:teuthology.orchestra.run.smithi090.stdout:/usr/bin/ceph: stdout Scheduled ceph-exporter update...
2024-04-26T04:33:40.985 INFO:teuthology.orchestra.run.smithi090.stdout:/usr/bin/ceph: stderr
2024-04-26T04:33:40.142+0000 7f0b718e7700 1 Processor -- start
2024-04-26T04:33:40.985 INFO:teuthology.orchestra.run.smithi090.stdout:/usr/bin/ceph: stderr
2024-04-26T04:33:40.142+0000 7f0b718e7700 1 -- start start
2024-04-26T04:33:40.985 INFO:teuthology.orchestra.run.smithi090.stdout:/usr/bin/ceph: stderr
2024-04-26T04:33:40.142+0000 7f0b718e7700 1 --2- >> [v2:172.21.15.90:3300/0,v1:172.21.15.90:6789/0] conn(0x7f0b6c07bdd0 0x7f0b6c07a2d0 unknown :-1 s=NONE pgs=0 cs=0 l=0 rev1=0 crypto rx=0 tx=0 comp rx=0 tx=0).connect
2024-04-26T04:33:40.985 INFO:teuthology.orchestra.run.smithi090.stdout:/usr/bin/ceph: stderr
2024-04-26T04:33:40.142+0000 7f0b718e7700 1 -- --> [v2:172.21.15.90:3300/0,v1:172.21.15.90:6789/0] -- mon_getmap magic: 0 v1 -- 0x7f0b6c07a810 con 0x7f0b6c07bdd0
2024-04-26T04:33:40.985 INFO:teuthology.orchestra.run.smithi090.stdout:/usr/bin/ceph: stderr
2024-04-26T04:33:40.142+0000 7f0b6affd700 1 --2- >> [v2:172.21.15.90:3300/0,v1:172.21.15.90:6789/0] conn(0x7f0b6c07bdd0 0x7f0b6c07a2d0 unknown :-1 s=BANNER_CONNECTING pgs=0 cs=0 l=0 rev1=0 crypto rx=0 tx=0 comp rx=0 tx=0)._handle_peer_banner_payload supported=3 required=0
2024-04-26T04:33:40.985 INFO:teuthology.orchestra.run.smithi090.stdout:/usr/bin/ceph: stderr
2024-04-26T04:33:40.142+0000 7f0b6affd700 1 --2- >> [v2:172.21.15.90:3300/0,v1:172.21.15.90:6789/0] conn(0x7f0b6c07bdd0 0x7f0b6c07a2d0 unknown :-1 s=HELLO_CONNECTING pgs=0 cs=0 l=0 rev1=1 crypto rx=0 tx=0 comp rx=0 tx=0).handle_hello peer v2:172.21.15.90:3300/0 says I am v2:172.21.15.90:49030/0 (socket says 172.21.15.90:49030)
2024-04-26T04:33:40.985 INFO:teuthology.orchestra.run.smithi090.stdout:/usr/bin/ceph: stderr
2024-04-26T04:33:40.142+0000 7f0b6affd700 1 -- 172.21.15.90:0/2382383908 learned_addr learned my addr 172.21.15.90:0/2382383908 (peer_addr_for_me v2:172.21.15.90:0/0)
2024-04-26T04:33:40.986 INFO:teuthology.orchestra.run.smithi090.stdout:/usr/bin/ceph: stderr
2024-04-26T04:33:40.142+0000 7f0b6affd700 1 -- 172.21.15.90:0/2382383908 --> [v2:172.21.15.90:3300/0,v1:172.21.15.90:6789/0] -- mon_subscribe({config=0+,monmap=0+}) v3 -- 0x7f0b6c07a950 con 0x7f0b6c07bdd0
2024-04-26T04:33:40.986 INFO:teuthology.orchestra.run.smithi090.stdout:/usr/bin/ceph: stderr
2024-04-26T04:33:40.143+0000 7f0b6affd700 1 --2- 172.21.15.90:0/2382383908 >> [v2:172.21.15.90:3300/0,v1:172.21.15.90:6789/0] conn(0x7f0b6c07bdd0 0x7f0b6c07a2d0 secure :-1 s=READY pgs=53 cs=0 l=1 rev1=1 crypto rx=0x7f0b600098a0 tx=0x7f0b60009bb0 comp rx=0 tx=0).ready entity=mon.0 client_cookie=87030d1e169a7ab4 server_cookie=0 in_seq=0 out_seq=0
2024-04-26T04:33:40.986 INFO:teuthology.orchestra.run.smithi090.stdout:/usr/bin/ceph: stderr
2024-04-26T04:33:40.143+0000 7f0b69ffb700 1 -- 172.21.15.90:0/2382383908 <== mon.0 v2:172.21.15.90:3300/0 1 ==== mon_map magic: 0 v1 ==== 229+0+0 (secure 0 0 0) 0x7f0b60004180 con 0x7f0b6c07bdd0
2024-04-26T04:33:40.986 INFO:teuthology.orchestra.run.smithi090.stdout:/usr/bin/ceph: stderr
2024-04-26T04:33:40.143+0000 7f0b69ffb700 1 -- 172.21.15.90:0/2382383908 <== mon.0 v2:172.21.15.90:3300/0 2 ==== config(27 keys) v1 ==== 1101+0+0 (secure 0 0 0) 0x7f0b600042e0 con 0x7f0b6c07bdd0
2024-04-26T04:33:40.986 INFO:teuthology.orchestra.run.smithi090.stdout:/usr/bin/ceph: stderr
2024-04-26T04:33:40.143+0000 7f0b69ffb700 1 -- 172.21.15.90:0/2382383908 <== mon.0 v2:172.21.15.90:3300/0 3 ==== mon_map magic: 0 v1 ==== 229+0+0 (secure 0 0 0) 0x7f0b60011af0 con 0x7f0b6c07bdd0
2024-04-26T04:33:40.986 INFO:teuthology.orchestra.run.smithi090.stdout:/usr/bin/ceph: stderr
2024-04-26T04:33:40.143+0000 7f0b718e7700 1 -- 172.21.15.90:0/2382383908 >> [v2:172.21.15.90:3300/0,v1:172.21.15.90:6789/0] conn(0x7f0b6c07bdd0 msgr2=0x7f0b6c07a2d0 secure :-1 s=STATE_CONNECTION_ESTABLISHED l=1).mark_down
2024-04-26T04:33:40.986 INFO:teuthology.orchestra.run.smithi090.stdout:/usr/bin/ceph: stderr
2024-04-26T04:33:40.143+0000 7f0b718e7700 1 --2- 172.21.15.90:0/2382383908 >> [v2:172.21.15.90:3300/0,v1:172.21.15.90:6789/0] conn(0x7f0b6c07bdd0 0x7f0b6c07a2d0 secure :-1 s=READY pgs=53 cs=0 l=1 rev1=1 crypto rx=0x7f0b600098a0 tx=0x7f0b60009bb0 comp rx=0 tx=0).stop
2024-04-26T04:33:40.986 INFO:teuthology.orchestra.run.smithi090.stdout:/usr/bin/ceph: stderr
2024-04-26T04:33:40.143+0000 7f0b718e7700 1 -- 172.21.15.90:0/2382383908 shutdown_connections
2024-04-26T04:33:40.987 INFO:teuthology.orchestra.run.smithi090.stdout:/usr/bin/ceph: stderr
2024-04-26T04:33:40.143+0000 7f0b718e7700 1 --2- 172.21.15.90:0/2382383908 >> [v2:172.21.15.90:3300/0,v1:172.21.15.90:6789/0] conn(0x7f0b6c07bdd0 0x7f0b6c07a2d0 unknown :-1 s=CLOSED pgs=53 cs=0 l=1 rev1=1 crypto rx=0 tx=0 comp rx=0 tx=0).stop
2024-04-26T04:33:40.987 INFO:teuthology.orchestra.run.smithi090.stdout:/usr/bin/ceph: stderr
2024-04-26T04:33:40.143+0000 7f0b718e7700 1 -- 172.21.15.90:0/2382383908 >> 172.21.15.90:0/2382383908 conn(0x7f0b6c101180 msgr2=0x7f0b6c103590 unknown :-1 s=STATE_NONE l=0).mark_down
2024-04-26T04:33:40.987 INFO:teuthology.orchestra.run.smithi090.stdout:/usr/bin/ceph: stderr
2024-04-26T04:33:40.143+0000 7f0b718e7700 1 -- 172.21.15.90:0/2382383908 shutdown_connections
2024-04-26T04:33:40.987 INFO:teuthology.orchestra.run.smithi090.stdout:/usr/bin/ceph: stderr
2024-04-26T04:33:40.143+0000 7f0b718e7700 1 -- 172.21.15.90:0/2382383908 wait complete.
2024-04-26T04:33:40.987 INFO:teuthology.orchestra.run.smithi090.stdout:/usr/bin/ceph: stderr
2024-04-26T04:33:40.144+0000 7f0b718e7700 1 Processor -- start
2024-04-26T04:33:40.987 INFO:teuthology.orchestra.run.smithi090.stdout:/usr/bin/ceph: stderr
2024-04-26T04:33:40.144+0000 7f0b718e7700 1 -- start start
2024-04-26T04:33:40.987 INFO:teuthology.orchestra.run.smithi090.stdout:/usr/bin/ceph: stderr
2024-04-26T04:33:40.144+0000 7f0b718e7700 1 --2- >> [v2:172.21.15.90:3300/0,v1:172.21.15.90:6789/0] conn(0x7f0b6c07bdd0 0x7f0b6c19bae0 unknown :-1 s=NONE pgs=0 cs=0 l=1 rev1=0 crypto rx=0 tx=0 comp rx=0 tx=0).connect
2024-04-26T04:33:40.987 INFO:teuthology.orchestra.run.smithi090.stdout:/usr/bin/ceph: stderr
2024-04-26T04:33:40.144+0000 7f0b718e7700 1 -- --> [v2:172.21.15.90:3300/0,v1:172.21.15.90:6789/0] -- mon_getmap magic: 0 v1 -- 0x7f0b6c19c020 con 0x7f0b6c07bdd0
2024-04-26T04:33:40.987 INFO:teuthology.orchestra.run.smithi090.stdout:/usr/bin/ceph: stderr
2024-04-26T04:33:40.144+0000 7f0b6affd700 1 --2- >> [v2:172.21.15.90:3300/0,v1:172.21.15.90:6789/0] conn(0x7f0b6c07bdd0 0x7f0b6c19bae0 unknown :-1 s=BANNER_CONNECTING pgs=0 cs=0 l=1 rev1=0 crypto rx=0 tx=0 comp rx=0 tx=0)._handle_peer_banner_payload supported=3 required=0
2024-04-26T04:33:40.987 INFO:teuthology.orchestra.run.smithi090.stdout:/usr/bin/ceph: stderr
2024-04-26T04:33:40.144+0000 7f0b6affd700 1 --2- >> [v2:172.21.15.90:3300/0,v1:172.21.15.90:6789/0] conn(0x7f0b6c07bdd0 0x7f0b6c19bae0 unknown :-1 s=HELLO_CONNECTING pgs=0 cs=0 l=1 rev1=1 crypto rx=0 tx=0 comp rx=0 tx=0).handle_hello peer v2:172.21.15.90:3300/0 says I am v2:172.21.15.90:49036/0 (socket says 172.21.15.90:49036)
2024-04-26T04:33:40.987 INFO:teuthology.orchestra.run.smithi090.stdout:/usr/bin/ceph: stderr
2024-04-26T04:33:40.144+0000 7f0b6affd700 1 -- 172.21.15.90:0/4000698611 learned_addr learned my addr 172.21.15.90:0/4000698611 (peer_addr_for_me v2:172.21.15.90:0/0)
2024-04-26T04:33:40.987 INFO:teuthology.orchestra.run.smithi090.stdout:/usr/bin/ceph: stderr
2024-04-26T04:33:40.145+0000 7f0b6affd700 1 -- 172.21.15.90:0/4000698611 --> [v2:172.21.15.90:3300/0,v1:172.21.15.90:6789/0] -- mon_subscribe({config=0+,monmap=0+}) v3 -- 0x7f0b60009550 con 0x7f0b6c07bdd0
2024-04-26T04:33:40.987 INFO:teuthology.orchestra.run.smithi090.stdout:/usr/bin/ceph: stderr
2024-04-26T04:33:40.145+0000 7f0b6affd700 1 --2- 172.21.15.90:0/4000698611 >> [v2:172.21.15.90:3300/0,v1:172.21.15.90:6789/0] conn(0x7f0b6c07bdd0 0x7f0b6c19bae0 secure :-1 s=READY pgs=54 cs=0 l=1 rev1=1 crypto rx=0x7f0b60000c00 tx=0x7f0b60011b50 comp rx=0 tx=0).ready entity=mon.0 client_cookie=0 server_cookie=0 in_seq=0 out_seq=0
2024-04-26T04:33:40.987 INFO:teuthology.orchestra.run.smithi090.stdout:/usr/bin/ceph: stderr
2024-04-26T04:33:40.145+0000 7f0b708e5700 1 -- 172.21.15.90:0/4000698611 <== mon.0 v2:172.21.15.90:3300/0 1 ==== mon_map magic: 0 v1 ==== 229+0+0 (secure 0 0 0) 0x7f0b60003a70 con 0x7f0b6c07bdd0
2024-04-26T04:33:40.988 INFO:teuthology.orchestra.run.smithi090.stdout:/usr/bin/ceph: stderr
2024-04-26T04:33:40.145+0000 7f0b708e5700 1 -- 172.21.15.90:0/4000698611 <== mon.0 v2:172.21.15.90:3300/0 2 ==== config(27 keys) v1 ==== 1101+0+0 (secure 0 0 0) 0x7f0b60003bd0 con 0x7f0b6c07bdd0
2024-04-26T04:33:40.988 INFO:teuthology.orchestra.run.smithi090.stdout:/usr/bin/ceph: stderr
2024-04-26T04:33:40.145+0000 7f0b708e5700 1 -- 172.21.15.90:0/4000698611 <== mon.0 v2:172.21.15.90:3300/0 3 ==== mon_map magic: 0 v1 ==== 229+0+0 (secure 0 0 0) 0x7f0b600238c0 con 0x7f0b6c07bdd0
2024-04-26T04:33:40.988 INFO:teuthology.orchestra.run.smithi090.stdout:/usr/bin/ceph: stderr
2024-04-26T04:33:40.145+0000 7f0b718e7700 1 -- 172.21.15.90:0/4000698611 --> [v2:172.21.15.90:3300/0,v1:172.21.15.90:6789/0] -- mon_subscribe({mgrmap=0+}) v3 -- 0x7f0b6c19c220 con 0x7f0b6c07bdd0
2024-04-26T04:33:40.988 INFO:teuthology.orchestra.run.smithi090.stdout:/usr/bin/ceph: stderr
2024-04-26T04:33:40.145+0000 7f0b718e7700 1 -- 172.21.15.90:0/4000698611 --> [v2:172.21.15.90:3300/0,v1:172.21.15.90:6789/0] -- mon_subscribe({osdmap=0}) v3 -- 0x7f0b6c19c640 con 0x7f0b6c07bdd0
2024-04-26T04:33:40.988 INFO:teuthology.orchestra.run.smithi090.stdout:/usr/bin/ceph: stderr
2024-04-26T04:33:40.146+0000 7f0b708e5700 1 -- 172.21.15.90:0/4000698611 <== mon.0 v2:172.21.15.90:3300/0 4 ==== mgrmap(e 8) v1 ==== 45084+0+0 (secure 0 0 0) 0x7f0b60023b80 con 0x7f0b6c07bdd0
2024-04-26T04:33:40.988 INFO:teuthology.orchestra.run.smithi090.stdout:/usr/bin/ceph: stderr
2024-04-26T04:33:40.146+0000 7f0b718e7700 1 -- 172.21.15.90:0/4000698611 --> [v2:172.21.15.90:3300/0,v1:172.21.15.90:6789/0] -- mon_command({"prefix": "get_command_descriptions"} v 0) v1 -- 0x7f0b6c062380 con 0x7f0b6c07bdd0
2024-04-26T04:33:40.988 INFO:teuthology.orchestra.run.smithi090.stdout:/usr/bin/ceph: stderr
2024-04-26T04:33:40.146+0000 7f0b708e5700 1 --2- 172.21.15.90:0/4000698611 >> [v2:172.21.15.90:6800/2176954768,v1:172.21.15.90:6801/2176954768] conn(0x7f0b540383f0 0x7f0b5403a8a0 unknown :-1 s=NONE pgs=0 cs=0 l=1 rev1=0 crypto rx=0 tx=0 comp rx=0 tx=0).connect
2024-04-26T04:33:40.988 INFO:teuthology.orchestra.run.smithi090.stdout:/usr/bin/ceph: stderr
2024-04-26T04:33:40.146+0000 7f0b708e5700 1 -- 172.21.15.90:0/4000698611 <== mon.0 v2:172.21.15.90:3300/0 5 ==== osd_map(2..2 src has 1..2) v4 ==== 940+0+0 (secure 0 0 0) 0x7f0b6004c4c0 con 0x7f0b6c07bdd0
2024-04-26T04:33:40.988 INFO:teuthology.orchestra.run.smithi090.stdout:/usr/bin/ceph: stderr
2024-04-26T04:33:40.146+0000 7f0b6a7fc700 1 --2- 172.21.15.90:0/4000698611 >> [v2:172.21.15.90:6800/2176954768,v1:172.21.15.90:6801/2176954768] conn(0x7f0b540383f0 0x7f0b5403a8a0 unknown :-1 s=BANNER_CONNECTING pgs=0 cs=0 l=1 rev1=0 crypto rx=0 tx=0 comp rx=0 tx=0)._handle_peer_banner_payload supported=3 required=0
2024-04-26T04:33:40.988 INFO:teuthology.orchestra.run.smithi090.stdout:/usr/bin/ceph: stderr
2024-04-26T04:33:40.147+0000 7f0b6a7fc700 1 --2- 172.21.15.90:0/4000698611 >> [v2:172.21.15.90:6800/2176954768,v1:172.21.15.90:6801/2176954768] conn(0x7f0b540383f0 0x7f0b5403a8a0 secure :-1 s=READY pgs=15 cs=0 l=1 rev1=1 crypto rx=0x7f0b5c006fd0 tx=0x7f0b5c006e40 comp rx=0 tx=0).ready entity=mgr.14120 client_cookie=0 server_cookie=0 in_seq=0 out_seq=0
2024-04-26T04:33:40.988 INFO:teuthology.orchestra.run.smithi090.stdout:/usr/bin/ceph: stderr
2024-04-26T04:33:40.151+0000 7f0b708e5700 1 -- 172.21.15.90:0/4000698611 <== mon.0 v2:172.21.15.90:3300/0 6 ==== mon_command_ack([{"prefix": "get_command_descriptions"}]=0 v0) v1 ==== 72+0+177933 (secure 0 0 0) 0x7f0b600109d0 con 0x7f0b6c07bdd0
2024-04-26T04:33:40.989 INFO:teuthology.orchestra.run.smithi090.stdout:/usr/bin/ceph: stderr
2024-04-26T04:33:40.371+0000 7f0b718e7700 1 -- 172.21.15.90:0/4000698611 --> [v2:172.21.15.90:6800/2176954768,v1:172.21.15.90:6801/2176954768] -- mgr_command(tid 0: {"prefix": "orch apply", "service_type": "ceph-exporter", "target": ["mon-mgr", ""]}) v1 -- 0x7f0b6c103460 con 0x7f0b540383f0
2024-04-26T04:33:40.989 INFO:teuthology.orchestra.run.smithi090.stdout:/usr/bin/ceph: stderr
2024-04-26T04:33:40.378+0000 7f0b708e5700 1 -- 172.21.15.90:0/4000698611 <== mgr.14120 v2:172.21.15.90:6800/2176954768 1 ==== mgr_command_reply(tid 0: 0 ) v1 ==== 8+0+34 (secure 0 0 0) 0x7f0b6c103460 con 0x7f0b540383f0
2024-04-26T04:33:40.989 INFO:teuthology.orchestra.run.smithi090.stdout:/usr/bin/ceph: stderr
2024-04-26T04:33:40.380+0000 7f0b718e7700 1 -- 172.21.15.90:0/4000698611 >> [v2:172.21.15.90:6800/2176954768,v1:172.21.15.90:6801/2176954768] conn(0x7f0b540383f0 msgr2=0x7f0b5403a8a0 secure :-1 s=STATE_CONNECTION_ESTABLISHED l=1).mark_down
2024-04-26T04:33:40.990 INFO:teuthology.orchestra.run.smithi090.stdout:/usr/bin/ceph: stderr
2024-04-26T04:33:40.380+0000 7f0b718e7700 1 --2- 172.21.15.90:0/4000698611 >> [v2:172.21.15.90:6800/2176954768,v1:172.21.15.90:6801/2176954768] conn(0x7f0b540383f0 0x7f0b5403a8a0 secure :-1 s=READY pgs=15 cs=0 l=1 rev1=1 crypto rx=0x7f0b5c006fd0 tx=0x7f0b5c006e40 comp rx=0 tx=0).stop
2024-04-26T04:33:40.990 INFO:teuthology.orchestra.run.smithi090.stdout:/usr/bin/ceph: stderr
2024-04-26T04:33:40.380+0000 7f0b718e7700 1 -- 172.21.15.90:0/4000698611 >> [v2:172.21.15.90:3300/0,v1:172.21.15.90:6789/0] conn(0x7f0b6c07bdd0 msgr2=0x7f0b6c19bae0 secure :-1 s=STATE_CONNECTION_ESTABLISHED l=1).mark_down
2024-04-26T04:33:40.990 INFO:teuthology.orchestra.run.smithi090.stdout:/usr/bin/ceph: stderr
2024-04-26T04:33:40.380+0000 7f0b718e7700 1 --2- 172.21.15.90:0/4000698611 >> [v2:172.21.15.90:3300/0,v1:172.21.15.90:6789/0] conn(0x7f0b6c07bdd0 0x7f0b6c19bae0 secure :-1 s=READY pgs=54 cs=0 l=1 rev1=1 crypto rx=0x7f0b60000c00 tx=0x7f0b60011b50 comp rx=0 tx=0).stop
2024-04-26T04:33:40.990 INFO:teuthology.orchestra.run.smithi090.stdout:/usr/bin/ceph: stderr
2024-04-26T04:33:40.380+0000 7f0b718e7700 1 -- 172.21.15.90:0/4000698611 shutdown_connections
2024-04-26T04:33:40.990 INFO:teuthology.orchestra.run.smithi090.stdout:/usr/bin/ceph: stderr
2024-04-26T04:33:40.380+0000 7f0b718e7700 1 --2- 172.21.15.90:0/4000698611 >> [v2:172.21.15.90:6800/2176954768,v1:172.21.15.90:6801/2176954768] conn(0x7f0b540383f0 0x7f0b5403a8a0 unknown :-1 s=CLOSED pgs=15 cs=0 l=1 rev1=1 crypto rx=0 tx=0 comp rx=0 tx=0).stop
2024-04-26T04:33:40.991 INFO:teuthology.orchestra.run.smithi090.stdout:/usr/bin/ceph: stderr
2024-04-26T04:33:40.380+0000 7f0b718e7700 1 --2- 172.21.15.90:0/4000698611 >> [v2:172.21.15.90:3300/0,v1:172.21.15.90:6789/0] conn(0x7f0b6c07bdd0 0x7f0b6c19bae0 unknown :-1 s=CLOSED pgs=54 cs=0 l=1 rev1=1 crypto rx=0 tx=0 comp rx=0 tx=0).stop
2024-04-26T04:33:40.991 INFO:teuthology.orchestra.run.smithi090.stdout:/usr/bin/ceph: stderr
2024-04-26T04:33:40.380+0000 7f0b718e7700 1 -- 172.21.15.90:0/4000698611 >> 172.21.15.90:0/4000698611 conn(0x7f0b6c101180 msgr2=0x7f0b6c102840 unknown :-1 s=STATE_NONE l=0).mark_down
2024-04-26T04:33:40.991 INFO:teuthology.orchestra.run.smithi090.stdout:/usr/bin/ceph: stderr
2024-04-26T04:33:40.381+0000 7f0b718e7700 1 -- 172.21.15.90:0/4000698611 shutdown_connections
2024-04-26T04:33:40.991 INFO:teuthology.orchestra.run.smithi090.stdout:/usr/bin/ceph: stderr
2024-04-26T04:33:40.381+0000 7f0b718e7700 1 -- 172.21.15.90:0/4000698611 wait complete.
2024-04-26T04:33:40.991 INFO:teuthology.orchestra.run.smithi090.stdout:Deploying prometheus service with default placement...
2024-04-26T04:33:41.630 INFO:journalctl@ceph.mon.smithi090.smithi090.stdout:Apr 26 04:33:41 smithi090 ceph-mon[26648]: from='client.14148 -' entity='client.admin' cmd=[{"prefix": "orch apply", "service_type": "ceph-exporter", "target": ["mon-mgr", ""]}]: dispatch
2024-04-26T04:33:41.631 INFO:journalctl@ceph.mon.smithi090.smithi090.stdout:Apr 26 04:33:41 smithi090 ceph-mon[26648]: Saving service ceph-exporter spec with placement *
2024-04-26T04:33:41.631 INFO:journalctl@ceph.mon.smithi090.smithi090.stdout:Apr 26 04:33:41 smithi090 ceph-mon[26648]: from='mgr.14120 172.21.15.90:0/3203305665' entity='mgr.smithi090.iwrvwa'
2024-04-26T04:33:41.631 INFO:journalctl@ceph.mon.smithi090.smithi090.stdout:Apr 26 04:33:41 smithi090 ceph-mon[26648]: from='mgr.14120 172.21.15.90:0/3203305665' entity='mgr.smithi090.iwrvwa'
2024-04-26T04:33:42.920 INFO:journalctl@ceph.mon.smithi090.smithi090.stdout:Apr 26 04:33:42 smithi090 ceph-mon[26648]: from='client.14150 -' entity='client.admin' cmd=[{"prefix": "orch apply", "service_type": "prometheus", "target": ["mon-mgr", ""]}]: dispatch
2024-04-26T04:33:42.920 INFO:journalctl@ceph.mon.smithi090.smithi090.stdout:Apr 26 04:33:42 smithi090 ceph-mon[26648]: Saving service prometheus spec with placement count:1
2024-04-26T04:33:42.921 INFO:journalctl@ceph.mon.smithi090.smithi090.stdout:Apr 26 04:33:42 smithi090 ceph-mon[26648]: from='mgr.14120 172.21.15.90:0/3203305665' entity='mgr.smithi090.iwrvwa'
2024-04-26T04:33:42.932 INFO:teuthology.orchestra.run.smithi090.stdout:/usr/bin/ceph: stdout Scheduled prometheus update...
2024-04-26T04:33:42.932 INFO:teuthology.orchestra.run.smithi090.stdout:/usr/bin/ceph: stderr
2024-04-26T04:33:41.400+0000 7f54a2680700 1 Processor -- start
2024-04-26T04:33:42.932 INFO:teuthology.orchestra.run.smithi090.stdout:/usr/bin/ceph: stderr
2024-04-26T04:33:41.400+0000 7f54a2680700 1 -- start start
2024-04-26T04:33:42.933 INFO:teuthology.orchestra.run.smithi090.stdout:/usr/bin/ceph: stderr
2024-04-26T04:33:41.401+0000 7f54a2680700 1 --2- >> [v2:172.21.15.90:3300/0,v1:172.21.15.90:6789/0] conn(0x7f549c105b10 0x7f549c105f20 unknown :-1 s=NONE pgs=0 cs=0 l=0 rev1=0 crypto rx=0 tx=0 comp rx=0 tx=0).connect
2024-04-26T04:33:42.933 INFO:teuthology.orchestra.run.smithi090.stdout:/usr/bin/ceph: stderr
2024-04-26T04:33:41.401+0000 7f54a2680700 1 -- --> [v2:172.21.15.90:3300/0,v1:172.21.15.90:6789/0] -- mon_getmap magic: 0 v1 -- 0x7f549c106460 con 0x7f549c105b10
2024-04-26T04:33:42.933 INFO:teuthology.orchestra.run.smithi090.stdout:/usr/bin/ceph: stderr
2024-04-26T04:33:41.401+0000 7f549bfff700 1 --2- >> [v2:172.21.15.90:3300/0,v1:172.21.15.90:6789/0] conn(0x7f549c105b10 0x7f549c105f20 unknown :-1 s=BANNER_CONNECTING pgs=0 cs=0 l=0 rev1=0 crypto rx=0 tx=0 comp rx=0 tx=0)._handle_peer_banner_payload supported=3 required=0
2024-04-26T04:33:42.933 INFO:teuthology.orchestra.run.smithi090.stdout:/usr/bin/ceph: stderr
2024-04-26T04:33:41.401+0000 7f549bfff700 1 --2- >> [v2:172.21.15.90:3300/0,v1:172.21.15.90:6789/0] conn(0x7f549c105b10 0x7f549c105f20 unknown :-1 s=HELLO_CONNECTING pgs=0 cs=0 l=0 rev1=1 crypto rx=0 tx=0 comp rx=0 tx=0).handle_hello peer v2:172.21.15.90:3300/0 says I am v2:172.21.15.90:49042/0 (socket says 172.21.15.90:49042)
2024-04-26T04:33:42.933 INFO:teuthology.orchestra.run.smithi090.stdout:/usr/bin/ceph: stderr
2024-04-26T04:33:41.401+0000 7f549bfff700 1 -- 172.21.15.90:0/3436606337 learned_addr learned my addr 172.21.15.90:0/3436606337 (peer_addr_for_me v2:172.21.15.90:0/0)
2024-04-26T04:33:42.933 INFO:teuthology.orchestra.run.smithi090.stdout:/usr/bin/ceph: stderr
2024-04-26T04:33:41.401+0000 7f549bfff700 1 -- 172.21.15.90:0/3436606337 --> [v2:172.21.15.90:3300/0,v1:172.21.15.90:6789/0] -- mon_subscribe({config=0+,monmap=0+}) v3 -- 0x7f549c1065a0 con 0x7f549c105b10
2024-04-26T04:33:42.933 INFO:teuthology.orchestra.run.smithi090.stdout:/usr/bin/ceph: stderr
2024-04-26T04:33:41.401+0000 7f549bfff700 1 --2- 172.21.15.90:0/3436606337 >> [v2:172.21.15.90:3300/0,v1:172.21.15.90:6789/0] conn(0x7f549c105b10 0x7f549c105f20 secure :-1 s=READY pgs=55 cs=0 l=1 rev1=1 crypto rx=0x7f54900098a0 tx=0x7f5490009bb0 comp rx=0 tx=0).ready entity=mon.0 client_cookie=8f68b6f009e41005 server_cookie=0 in_seq=0 out_seq=0
2024-04-26T04:33:42.934 INFO:teuthology.orchestra.run.smithi090.stdout:/usr/bin/ceph: stderr
2024-04-26T04:33:41.401+0000 7f549affd700 1 -- 172.21.15.90:0/3436606337 <== mon.0 v2:172.21.15.90:3300/0 1 ==== mon_map magic: 0 v1 ==== 229+0+0 (secure 0 0 0) 0x7f5490004180 con 0x7f549c105b10
2024-04-26T04:33:42.934 INFO:teuthology.orchestra.run.smithi090.stdout:/usr/bin/ceph: stderr
2024-04-26T04:33:41.402+0000 7f549affd700 1 -- 172.21.15.90:0/3436606337 <== mon.0 v2:172.21.15.90:3300/0 2 ==== config(27 keys) v1 ==== 1101+0+0 (secure 0 0 0) 0x7f54900042e0 con 0x7f549c105b10
2024-04-26T04:33:42.934 INFO:teuthology.orchestra.run.smithi090.stdout:/usr/bin/ceph: stderr
2024-04-26T04:33:41.402+0000 7f549affd700 1 -- 172.21.15.90:0/3436606337 <== mon.0 v2:172.21.15.90:3300/0 3 ==== mon_map magic: 0 v1 ==== 229+0+0 (secure 0 0 0) 0x7f5490011af0 con 0x7f549c105b10
2024-04-26T04:33:42.934 INFO:teuthology.orchestra.run.smithi090.stdout:/usr/bin/ceph: stderr
