2024-04-26T04:33:18.100+0000 7fb44a64e700 1 --2- 172.21.15.90:0/3383783201 >> [v2:172.21.15.90:6800/1230348805,v1:172.21.15.90:6801/1230348805] conn(0x7fb42c038350 0x7fb42c03a800 unknown :-1 s=CLOSED pgs=8 cs=0 l=1 rev1=1 crypto rx=0 tx=0 comp rx=0 tx=0).stop
2024-04-26T04:33:18.665 INFO:teuthology.orchestra.run.smithi090.stdout:/usr/bin/ceph: stderr
2024-04-26T04:33:18.100+0000 7fb44a64e700 1 --2- 172.21.15.90:0/3383783201 >> [v2:172.21.15.90:3300/0,v1:172.21.15.90:6789/0] conn(0x7fb44407bdd0 0x7fb44419ba90 unknown :-1 s=CLOSED pgs=23 cs=0 l=1 rev1=1 crypto rx=0 tx=0 comp rx=0 tx=0).stop
2024-04-26T04:33:18.665 INFO:teuthology.orchestra.run.smithi090.stdout:/usr/bin/ceph: stderr
2024-04-26T04:33:18.101+0000 7fb44a64e700 1 -- 172.21.15.90:0/3383783201 >> 172.21.15.90:0/3383783201 conn(0x7fb444101180 msgr2=0x7fb444102830 unknown :-1 s=STATE_NONE l=0).mark_down
2024-04-26T04:33:18.666 INFO:teuthology.orchestra.run.smithi090.stdout:/usr/bin/ceph: stderr
2024-04-26T04:33:18.101+0000 7fb44a64e700 1 -- 172.21.15.90:0/3383783201 shutdown_connections
2024-04-26T04:33:18.666 INFO:teuthology.orchestra.run.smithi090.stdout:/usr/bin/ceph: stderr
2024-04-26T04:33:18.101+0000 7fb44a64e700 1 -- 172.21.15.90:0/3383783201 wait complete.
2024-04-26T04:33:19.221 INFO:journalctl@ceph.mon.smithi090.smithi090.stdout:Apr 26 04:33:19 smithi090 ceph-mon[26648]: from='client.? 172.21.15.90:0/3383783201' entity='client.admin' cmd='[{"prefix": "mgr module enable", "module": "cephadm"}]': finished
2024-04-26T04:33:19.221 INFO:journalctl@ceph.mon.smithi090.smithi090.stdout:Apr 26 04:33:19 smithi090 ceph-mon[26648]: mgrmap e5: smithi090.iwrvwa(active, since 6s)
2024-04-26T04:33:19.947 INFO:teuthology.orchestra.run.smithi090.stdout:/usr/bin/ceph: stdout {
2024-04-26T04:33:19.947 INFO:teuthology.orchestra.run.smithi090.stdout:/usr/bin/ceph: stdout "epoch": 5,
2024-04-26T04:33:19.947 INFO:teuthology.orchestra.run.smithi090.stdout:/usr/bin/ceph: stdout "available": true,
2024-04-26T04:33:19.947 INFO:teuthology.orchestra.run.smithi090.stdout:/usr/bin/ceph: stdout "active_name": "smithi090.iwrvwa",
2024-04-26T04:33:19.947 INFO:teuthology.orchestra.run.smithi090.stdout:/usr/bin/ceph: stdout "num_standby": 0
2024-04-26T04:33:19.947 INFO:teuthology.orchestra.run.smithi090.stdout:/usr/bin/ceph: stdout }
2024-04-26T04:33:19.947 INFO:teuthology.orchestra.run.smithi090.stdout:/usr/bin/ceph: stderr
2024-04-26T04:33:19.071+0000 7ffa39338700 1 Processor -- start
2024-04-26T04:33:19.948 INFO:teuthology.orchestra.run.smithi090.stdout:/usr/bin/ceph: stderr
2024-04-26T04:33:19.071+0000 7ffa39338700 1 -- start start
2024-04-26T04:33:19.948 INFO:teuthology.orchestra.run.smithi090.stdout:/usr/bin/ceph: stderr
2024-04-26T04:33:19.072+0000 7ffa39338700 1 --2- >> [v2:172.21.15.90:3300/0,v1:172.21.15.90:6789/0] conn(0x7ffa34104a10 0x7ffa34104e20 unknown :-1 s=NONE pgs=0 cs=0 l=0 rev1=0 crypto rx=0 tx=0 comp rx=0 tx=0).connect
2024-04-26T04:33:19.948 INFO:teuthology.orchestra.run.smithi090.stdout:/usr/bin/ceph: stderr
2024-04-26T04:33:19.072+0000 7ffa39338700 1 -- --> [v2:172.21.15.90:3300/0,v1:172.21.15.90:6789/0] -- mon_getmap magic: 0 v1 -- 0x7ffa34105360 con 0x7ffa34104a10
2024-04-26T04:33:19.948 INFO:teuthology.orchestra.run.smithi090.stdout:/usr/bin/ceph: stderr
2024-04-26T04:33:19.072+0000 7ffa32ffd700 1 --2- >> [v2:172.21.15.90:3300/0,v1:172.21.15.90:6789/0] conn(0x7ffa34104a10 0x7ffa34104e20 unknown :-1 s=BANNER_CONNECTING pgs=0 cs=0 l=0 rev1=0 crypto rx=0 tx=0 comp rx=0 tx=0)._handle_peer_banner_payload supported=3 required=0
2024-04-26T04:33:19.948 INFO:teuthology.orchestra.run.smithi090.stdout:/usr/bin/ceph: stderr
2024-04-26T04:33:19.072+0000 7ffa32ffd700 1 --2- >> [v2:172.21.15.90:3300/0,v1:172.21.15.90:6789/0] conn(0x7ffa34104a10 0x7ffa34104e20 unknown :-1 s=HELLO_CONNECTING pgs=0 cs=0 l=0 rev1=1 crypto rx=0 tx=0 comp rx=0 tx=0).handle_hello peer v2:172.21.15.90:3300/0 says I am v2:172.21.15.90:53468/0 (socket says 172.21.15.90:53468)
2024-04-26T04:33:19.948 INFO:teuthology.orchestra.run.smithi090.stdout:/usr/bin/ceph: stderr
2024-04-26T04:33:19.072+0000 7ffa32ffd700 1 -- 172.21.15.90:0/2986194942 learned_addr learned my addr 172.21.15.90:0/2986194942 (peer_addr_for_me v2:172.21.15.90:0/0)
2024-04-26T04:33:19.948 INFO:teuthology.orchestra.run.smithi090.stdout:/usr/bin/ceph: stderr
2024-04-26T04:33:19.072+0000 7ffa32ffd700 1 -- 172.21.15.90:0/2986194942 --> [v2:172.21.15.90:3300/0,v1:172.21.15.90:6789/0] -- mon_subscribe({config=0+,monmap=0+}) v3 -- 0x7ffa341054a0 con 0x7ffa34104a10
2024-04-26T04:33:19.948 INFO:teuthology.orchestra.run.smithi090.stdout:/usr/bin/ceph: stderr
2024-04-26T04:33:19.072+0000 7ffa32ffd700 1 --2- 172.21.15.90:0/2986194942 >> [v2:172.21.15.90:3300/0,v1:172.21.15.90:6789/0] conn(0x7ffa34104a10 0x7ffa34104e20 secure :-1 s=READY pgs=26 cs=0 l=1 rev1=1 crypto rx=0x7ffa2400bb40 tx=0x7ffa2400be50 comp rx=0 tx=0).ready entity=mon.0 client_cookie=7854840c880254c9 server_cookie=0 in_seq=0 out_seq=0
2024-04-26T04:33:19.948 INFO:teuthology.orchestra.run.smithi090.stdout:/usr/bin/ceph: stderr
2024-04-26T04:33:19.072+0000 7ffa31ffb700 1 -- 172.21.15.90:0/2986194942 <== mon.0 v2:172.21.15.90:3300/0 1 ==== mon_map magic: 0 v1 ==== 229+0+0 (secure 0 0 0) 0x7ffa2400dc00 con 0x7ffa34104a10
2024-04-26T04:33:19.948 INFO:teuthology.orchestra.run.smithi090.stdout:/usr/bin/ceph: stderr
2024-04-26T04:33:19.072+0000 7ffa31ffb700 1 -- 172.21.15.90:0/2986194942 <== mon.0 v2:172.21.15.90:3300/0 2 ==== config(27 keys) v1 ==== 1037+0+0 (secure 0 0 0) 0x7ffa240044a0 con 0x7ffa34104a10
2024-04-26T04:33:19.948 INFO:teuthology.orchestra.run.smithi090.stdout:/usr/bin/ceph: stderr
2024-04-26T04:33:19.072+0000 7ffa31ffb700 1 -- 172.21.15.90:0/2986194942 <== mon.0 v2:172.21.15.90:3300/0 3 ==== mon_map magic: 0 v1 ==== 229+0+0 (secure 0 0 0) 0x7ffa24010470 con 0x7ffa34104a10
2024-04-26T04:33:19.948 INFO:teuthology.orchestra.run.smithi090.stdout:/usr/bin/ceph: stderr
2024-04-26T04:33:19.073+0000 7ffa39338700 1 -- 172.21.15.90:0/2986194942 >> [v2:172.21.15.90:3300/0,v1:172.21.15.90:6789/0] conn(0x7ffa34104a10 msgr2=0x7ffa34104e20 secure :-1 s=STATE_CONNECTION_ESTABLISHED l=1).mark_down
2024-04-26T04:33:19.948 INFO:teuthology.orchestra.run.smithi090.stdout:/usr/bin/ceph: stderr
2024-04-26T04:33:19.073+0000 7ffa39338700 1 --2- 172.21.15.90:0/2986194942 >> [v2:172.21.15.90:3300/0,v1:172.21.15.90:6789/0] conn(0x7ffa34104a10 0x7ffa34104e20 secure :-1 s=READY pgs=26 cs=0 l=1 rev1=1 crypto rx=0x7ffa2400bb40 tx=0x7ffa2400be50 comp rx=0 tx=0).stop
2024-04-26T04:33:19.948 INFO:teuthology.orchestra.run.smithi090.stdout:/usr/bin/ceph: stderr
2024-04-26T04:33:19.073+0000 7ffa39338700 1 -- 172.21.15.90:0/2986194942 shutdown_connections
2024-04-26T04:33:19.949 INFO:teuthology.orchestra.run.smithi090.stdout:/usr/bin/ceph: stderr
2024-04-26T04:33:19.073+0000 7ffa39338700 1 --2- 172.21.15.90:0/2986194942 >> [v2:172.21.15.90:3300/0,v1:172.21.15.90:6789/0] conn(0x7ffa34104a10 0x7ffa34104e20 unknown :-1 s=CLOSED pgs=26 cs=0 l=1 rev1=1 crypto rx=0 tx=0 comp rx=0 tx=0).stop
2024-04-26T04:33:19.949 INFO:teuthology.orchestra.run.smithi090.stdout:/usr/bin/ceph: stderr
2024-04-26T04:33:19.073+0000 7ffa39338700 1 -- 172.21.15.90:0/2986194942 >> 172.21.15.90:0/2986194942 conn(0x7ffa34100060 msgr2=0x7ffa34102490 unknown :-1 s=STATE_NONE l=0).mark_down
2024-04-26T04:33:19.949 INFO:teuthology.orchestra.run.smithi090.stdout:/usr/bin/ceph: stderr
2024-04-26T04:33:19.073+0000 7ffa39338700 1 -- 172.21.15.90:0/2986194942 shutdown_connections
2024-04-26T04:33:19.949 INFO:teuthology.orchestra.run.smithi090.stdout:/usr/bin/ceph: stderr
2024-04-26T04:33:19.073+0000 7ffa39338700 1 -- 172.21.15.90:0/2986194942 wait complete.
2024-04-26T04:33:19.949 INFO:teuthology.orchestra.run.smithi090.stdout:/usr/bin/ceph: stderr
2024-04-26T04:33:19.074+0000 7ffa39338700 1 Processor -- start
2024-04-26T04:33:19.949 INFO:teuthology.orchestra.run.smithi090.stdout:/usr/bin/ceph: stderr
2024-04-26T04:33:19.074+0000 7ffa39338700 1 -- start start
2024-04-26T04:33:19.949 INFO:teuthology.orchestra.run.smithi090.stdout:/usr/bin/ceph: stderr
2024-04-26T04:33:19.074+0000 7ffa39338700 1 --2- >> [v2:172.21.15.90:3300/0,v1:172.21.15.90:6789/0] conn(0x7ffa34104a10 0x7ffa341975f0 unknown :-1 s=NONE pgs=0 cs=0 l=1 rev1=0 crypto rx=0 tx=0 comp rx=0 tx=0).connect
2024-04-26T04:33:19.949 INFO:teuthology.orchestra.run.smithi090.stdout:/usr/bin/ceph: stderr
2024-04-26T04:33:19.074+0000 7ffa39338700 1 -- --> [v2:172.21.15.90:3300/0,v1:172.21.15.90:6789/0] -- mon_getmap magic: 0 v1 -- 0x7ffa34197b30 con 0x7ffa34104a10
2024-04-26T04:33:19.949 INFO:teuthology.orchestra.run.smithi090.stdout:/usr/bin/ceph: stderr
2024-04-26T04:33:19.074+0000 7ffa32ffd700 1 --2- >> [v2:172.21.15.90:3300/0,v1:172.21.15.90:6789/0] conn(0x7ffa34104a10 0x7ffa341975f0 unknown :-1 s=BANNER_CONNECTING pgs=0 cs=0 l=1 rev1=0 crypto rx=0 tx=0 comp rx=0 tx=0)._handle_peer_banner_payload supported=3 required=0
2024-04-26T04:33:19.949 INFO:teuthology.orchestra.run.smithi090.stdout:/usr/bin/ceph: stderr
2024-04-26T04:33:19.074+0000 7ffa32ffd700 1 --2- >> [v2:172.21.15.90:3300/0,v1:172.21.15.90:6789/0] conn(0x7ffa34104a10 0x7ffa341975f0 unknown :-1 s=HELLO_CONNECTING pgs=0 cs=0 l=1 rev1=1 crypto rx=0 tx=0 comp rx=0 tx=0).handle_hello peer v2:172.21.15.90:3300/0 says I am v2:172.21.15.90:53474/0 (socket says 172.21.15.90:53474)
2024-04-26T04:33:19.949 INFO:teuthology.orchestra.run.smithi090.stdout:/usr/bin/ceph: stderr
2024-04-26T04:33:19.074+0000 7ffa32ffd700 1 -- 172.21.15.90:0/4242203672 learned_addr learned my addr 172.21.15.90:0/4242203672 (peer_addr_for_me v2:172.21.15.90:0/0)
2024-04-26T04:33:19.949 INFO:teuthology.orchestra.run.smithi090.stdout:/usr/bin/ceph: stderr
2024-04-26T04:33:19.074+0000 7ffa32ffd700 1 -- 172.21.15.90:0/4242203672 --> [v2:172.21.15.90:3300/0,v1:172.21.15.90:6789/0] -- mon_subscribe({config=0+,monmap=0+}) v3 -- 0x7ffa2400b7f0 con 0x7ffa34104a10
2024-04-26T04:33:19.949 INFO:teuthology.orchestra.run.smithi090.stdout:/usr/bin/ceph: stderr
2024-04-26T04:33:19.074+0000 7ffa32ffd700 1 --2- 172.21.15.90:0/4242203672 >> [v2:172.21.15.90:3300/0,v1:172.21.15.90:6789/0] conn(0x7ffa34104a10 0x7ffa341975f0 secure :-1 s=READY pgs=27 cs=0 l=1 rev1=1 crypto rx=0x7ffa2400dfa0 tx=0x7ffa24003fa0 comp rx=0 tx=0).ready entity=mon.0 client_cookie=0 server_cookie=0 in_seq=0 out_seq=0
2024-04-26T04:33:19.949 INFO:teuthology.orchestra.run.smithi090.stdout:/usr/bin/ceph: stderr
2024-04-26T04:33:19.075+0000 7ffa1bfff700 1 -- 172.21.15.90:0/4242203672 <== mon.0 v2:172.21.15.90:3300/0 1 ==== mon_map magic: 0 v1 ==== 229+0+0 (secure 0 0 0) 0x7ffa2401e070 con 0x7ffa34104a10
2024-04-26T04:33:19.950 INFO:teuthology.orchestra.run.smithi090.stdout:/usr/bin/ceph: stderr
2024-04-26T04:33:19.075+0000 7ffa1bfff700 1 -- 172.21.15.90:0/4242203672 <== mon.0 v2:172.21.15.90:3300/0 2 ==== config(27 keys) v1 ==== 1037+0+0 (secure 0 0 0) 0x7ffa240104e0 con 0x7ffa34104a10
2024-04-26T04:33:19.950 INFO:teuthology.orchestra.run.smithi090.stdout:/usr/bin/ceph: stderr
2024-04-26T04:33:19.075+0000 7ffa39338700 1 -- 172.21.15.90:0/4242203672 --> [v2:172.21.15.90:3300/0,v1:172.21.15.90:6789/0] -- mon_subscribe({mgrmap=0+}) v3 -- 0x7ffa34197d30 con 0x7ffa34104a10
2024-04-26T04:33:19.950 INFO:teuthology.orchestra.run.smithi090.stdout:/usr/bin/ceph: stderr
2024-04-26T04:33:19.075+0000 7ffa1bfff700 1 -- 172.21.15.90:0/4242203672 <== mon.0 v2:172.21.15.90:3300/0 3 ==== mon_map magic: 0 v1 ==== 229+0+0 (secure 0 0 0) 0x7ffa24022a30 con 0x7ffa34104a10
2024-04-26T04:33:19.950 INFO:teuthology.orchestra.run.smithi090.stdout:/usr/bin/ceph: stderr
2024-04-26T04:33:19.075+0000 7ffa39338700 1 -- 172.21.15.90:0/4242203672 --> [v2:172.21.15.90:3300/0,v1:172.21.15.90:6789/0] -- mon_subscribe({osdmap=0}) v3 -- 0x7ffa34198150 con 0x7ffa34104a10
2024-04-26T04:33:19.950 INFO:teuthology.orchestra.run.smithi090.stdout:/usr/bin/ceph: stderr
2024-04-26T04:33:19.075+0000 7ffa1bfff700 1 -- 172.21.15.90:0/4242203672 <== mon.0 v2:172.21.15.90:3300/0 4 ==== mgrmap(e 5) v1 ==== 45084+0+0 (secure 0 0 0) 0x7ffa2402c440 con 0x7ffa34104a10
2024-04-26T04:33:19.950 INFO:teuthology.orchestra.run.smithi090.stdout:/usr/bin/ceph: stderr
2024-04-26T04:33:19.076+0000 7ffa1bfff700 1 --2- 172.21.15.90:0/4242203672 >> [v2:172.21.15.90:6800/1230348805,v1:172.21.15.90:6801/1230348805] conn(0x7ffa1c0383f0 0x7ffa1c03a8a0 unknown :-1 s=NONE pgs=0 cs=0 l=1 rev1=0 crypto rx=0 tx=0 comp rx=0 tx=0).connect
2024-04-26T04:33:19.950 INFO:teuthology.orchestra.run.smithi090.stdout:/usr/bin/ceph: stderr
2024-04-26T04:33:19.076+0000 7ffa1bfff700 1 -- 172.21.15.90:0/4242203672 <== mon.0 v2:172.21.15.90:3300/0 5 ==== osd_map(1..1 src has 1..1) v4 ==== 725+0+0 (secure 0 0 0) 0x7ffa2404e280 con 0x7ffa34104a10
2024-04-26T04:33:19.950 INFO:teuthology.orchestra.run.smithi090.stdout:/usr/bin/ceph: stderr
2024-04-26T04:33:19.076+0000 7ffa327fc700 1 -- 172.21.15.90:0/4242203672 >> [v2:172.21.15.90:6800/1230348805,v1:172.21.15.90:6801/1230348805] conn(0x7ffa1c0383f0 msgr2=0x7ffa1c03a8a0 unknown :-1 s=STATE_CONNECTING_RE l=1).process reconnect failed to v2:172.21.15.90:6800/1230348805
2024-04-26T04:33:19.950 INFO:teuthology.orchestra.run.smithi090.stdout:/usr/bin/ceph: stderr
2024-04-26T04:33:19.076+0000 7ffa327fc700 1 --2- 172.21.15.90:0/4242203672 >> [v2:172.21.15.90:6800/1230348805,v1:172.21.15.90:6801/1230348805] conn(0x7ffa1c0383f0 0x7ffa1c03a8a0 unknown :-1 s=START_CONNECT pgs=0 cs=0 l=1 rev1=0 crypto rx=0 tx=0 comp rx=0 tx=0)._fault waiting 0.200000
2024-04-26T04:33:19.950 INFO:teuthology.orchestra.run.smithi090.stdout:/usr/bin/ceph: stderr
2024-04-26T04:33:19.076+0000 7ffa39338700 1 -- 172.21.15.90:0/4242203672 --> [v2:172.21.15.90:3300/0,v1:172.21.15.90:6789/0] -- mon_command({"prefix": "get_command_descriptions"} v 0) v1 -- 0x7ffa34191340 con 0x7ffa34104a10
2024-04-26T04:33:19.950 INFO:teuthology.orchestra.run.smithi090.stdout:/usr/bin/ceph: stderr
2024-04-26T04:33:19.081+0000 7ffa1bfff700 1 -- 172.21.15.90:0/4242203672 <== mon.0 v2:172.21.15.90:3300/0 6 ==== mon_command_ack([{"prefix": "get_command_descriptions"}]=0 v0) v1 ==== 72+0+177933 (secure 0 0 0) 0x7ffa24027070 con 0x7ffa34104a10
2024-04-26T04:33:19.950 INFO:teuthology.orchestra.run.smithi090.stdout:/usr/bin/ceph: stderr
2024-04-26T04:33:19.277+0000 7ffa327fc700 1 -- 172.21.15.90:0/4242203672 >> [v2:172.21.15.90:6800/1230348805,v1:172.21.15.90:6801/1230348805] conn(0x7ffa1c0383f0 msgr2=0x7ffa1c03a8a0 unknown :-1 s=STATE_CONNECTING_RE l=1).process reconnect failed to v2:172.21.15.90:6800/1230348805
2024-04-26T04:33:19.950 INFO:teuthology.orchestra.run.smithi090.stdout:/usr/bin/ceph: stderr
2024-04-26T04:33:19.277+0000 7ffa327fc700 1 --2- 172.21.15.90:0/4242203672 >> [v2:172.21.15.90:6800/1230348805,v1:172.21.15.90:6801/1230348805] conn(0x7ffa1c0383f0 0x7ffa1c03a8a0 unknown :-1 s=START_CONNECT pgs=0 cs=0 l=1 rev1=0 crypto rx=0 tx=0 comp rx=0 tx=0)._fault waiting 0.400000
2024-04-26T04:33:19.950 INFO:teuthology.orchestra.run.smithi090.stdout:/usr/bin/ceph: stderr
2024-04-26T04:33:19.363+0000 7ffa39338700 1 -- 172.21.15.90:0/4242203672 --> [v2:172.21.15.90:3300/0,v1:172.21.15.90:6789/0] -- mon_command({"prefix": "mgr stat"} v 0) v1 -- 0x7ffa341069d0 con 0x7ffa34104a10
2024-04-26T04:33:19.951 INFO:teuthology.orchestra.run.smithi090.stdout:/usr/bin/ceph: stderr
2024-04-26T04:33:19.365+0000 7ffa1bfff700 1 -- 172.21.15.90:0/4242203672 <== mon.0 v2:172.21.15.90:3300/0 7 ==== mon_command_ack([{"prefix": "mgr stat"}]=0 v5) v1 ==== 56+0+103 (secure 0 0 0) 0x7ffa2402a950 con 0x7ffa34104a10
2024-04-26T04:33:19.951 INFO:teuthology.orchestra.run.smithi090.stdout:/usr/bin/ceph: stderr
2024-04-26T04:33:19.369+0000 7ffa39338700 1 -- 172.21.15.90:0/4242203672 >> [v2:172.21.15.90:6800/1230348805,v1:172.21.15.90:6801/1230348805] conn(0x7ffa1c0383f0 msgr2=0x7ffa1c03a8a0 unknown :-1 s=STATE_CONNECTING l=1).mark_down
2024-04-26T04:33:19.951 INFO:teuthology.orchestra.run.smithi090.stdout:/usr/bin/ceph: stderr
2024-04-26T04:33:19.369+0000 7ffa39338700 1 --2- 172.21.15.90:0/4242203672 >> [v2:172.21.15.90:6800/1230348805,v1:172.21.15.90:6801/1230348805] conn(0x7ffa1c0383f0 0x7ffa1c03a8a0 unknown :-1 s=START_CONNECT pgs=0 cs=0 l=1 rev1=0 crypto rx=0 tx=0 comp rx=0 tx=0).stop
2024-04-26T04:33:19.952 INFO:teuthology.orchestra.run.smithi090.stdout:/usr/bin/ceph: stderr
2024-04-26T04:33:19.369+0000 7ffa39338700 1 -- 172.21.15.90:0/4242203672 >> [v2:172.21.15.90:3300/0,v1:172.21.15.90:6789/0] conn(0x7ffa34104a10 msgr2=0x7ffa341975f0 secure :-1 s=STATE_CONNECTION_ESTABLISHED l=1).mark_down
2024-04-26T04:33:19.952 INFO:teuthology.orchestra.run.smithi090.stdout:/usr/bin/ceph: stderr
2024-04-26T04:33:19.369+0000 7ffa39338700 1 --2- 172.21.15.90:0/4242203672 >> [v2:172.21.15.90:3300/0,v1:172.21.15.90:6789/0] conn(0x7ffa34104a10 0x7ffa341975f0 secure :-1 s=READY pgs=27 cs=0 l=1 rev1=1 crypto rx=0x7ffa2400dfa0 tx=0x7ffa24003fa0 comp rx=0 tx=0).stop
2024-04-26T04:33:19.952 INFO:teuthology.orchestra.run.smithi090.stdout:/usr/bin/ceph: stderr
2024-04-26T04:33:19.369+0000 7ffa39338700 1 -- 172.21.15.90:0/4242203672 shutdown_connections
2024-04-26T04:33:19.952 INFO:teuthology.orchestra.run.smithi090.stdout:/usr/bin/ceph: stderr
2024-04-26T04:33:19.369+0000 7ffa39338700 1 --2- 172.21.15.90:0/4242203672 >> [v2:172.21.15.90:6800/1230348805,v1:172.21.15.90:6801/1230348805] conn(0x7ffa1c0383f0 0x7ffa1c03a8a0 unknown :-1 s=CLOSED pgs=0 cs=0 l=1 rev1=0 crypto rx=0 tx=0 comp rx=0 tx=0).stop
2024-04-26T04:33:19.952 INFO:teuthology.orchestra.run.smithi090.stdout:/usr/bin/ceph: stderr
2024-04-26T04:33:19.369+0000 7ffa39338700 1 --2- 172.21.15.90:0/4242203672 >> [v2:172.21.15.90:3300/0,v1:172.21.15.90:6789/0] conn(0x7ffa34104a10 0x7ffa341975f0 unknown :-1 s=CLOSED pgs=27 cs=0 l=1 rev1=1 crypto rx=0 tx=0 comp rx=0 tx=0).stop
2024-04-26T04:33:19.952 INFO:teuthology.orchestra.run.smithi090.stdout:/usr/bin/ceph: stderr
2024-04-26T04:33:19.369+0000 7ffa39338700 1 -- 172.21.15.90:0/4242203672 >> 172.21.15.90:0/4242203672 conn(0x7ffa34100060 msgr2=0x7ffa3418e480 unknown :-1 s=STATE_NONE l=0).mark_down
2024-04-26T04:33:19.952 INFO:teuthology.orchestra.run.smithi090.stdout:/usr/bin/ceph: stderr
2024-04-26T04:33:19.369+0000 7ffa39338700 1 -- 172.21.15.90:0/4242203672 shutdown_connections
2024-04-26T04:33:19.952 INFO:teuthology.orchestra.run.smithi090.stdout:/usr/bin/ceph: stderr
2024-04-26T04:33:19.369+0000 7ffa39338700 1 -- 172.21.15.90:0/4242203672 wait complete.
2024-04-26T04:33:19.952 INFO:teuthology.orchestra.run.smithi090.stdout:Waiting for the mgr to restart...
2024-04-26T04:33:19.952 INFO:teuthology.orchestra.run.smithi090.stdout:Waiting for mgr epoch 5...
2024-04-26T04:33:20.189 INFO:journalctl@ceph.mon.smithi090.smithi090.stdout:Apr 26 04:33:20 smithi090 ceph-mon[26648]: from='client.? 172.21.15.90:0/4242203672' entity='client.admin' cmd=[{"prefix": "mgr stat"}]: dispatch
2024-04-26T04:33:24.972 INFO:journalctl@ceph.mon.smithi090.smithi090.stdout:Apr 26 04:33:24 smithi090 ceph-mon[26648]: Active manager daemon smithi090.iwrvwa restarted
2024-04-26T04:33:24.972 INFO:journalctl@ceph.mon.smithi090.smithi090.stdout:Apr 26 04:33:24 smithi090 ceph-mon[26648]: Activating manager daemon smithi090.iwrvwa
2024-04-26T04:33:24.972 INFO:journalctl@ceph.mon.smithi090.smithi090.stdout:Apr 26 04:33:24 smithi090 ceph-mon[26648]: osdmap e2: 0 total, 0 up, 0 in
2024-04-26T04:33:24.972 INFO:journalctl@ceph.mon.smithi090.smithi090.stdout:Apr 26 04:33:24 smithi090 ceph-mon[26648]: mgrmap e6: smithi090.iwrvwa(active, starting, since 0.00341572s)
2024-04-26T04:33:24.972 INFO:journalctl@ceph.mon.smithi090.smithi090.stdout:Apr 26 04:33:24 smithi090 ceph-mon[26648]: from='mgr.14120 172.21.15.90:0/3203305665' entity='mgr.smithi090.iwrvwa' cmd=[{"prefix": "mon metadata", "id": "smithi090"}]: dispatch
2024-04-26T04:33:24.973 INFO:journalctl@ceph.mon.smithi090.smithi090.stdout:Apr 26 04:33:24 smithi090 ceph-mon[26648]: from='mgr.14120 172.21.15.90:0/3203305665' entity='mgr.smithi090.iwrvwa' cmd=[{"prefix": "mgr metadata", "who": "smithi090.iwrvwa", "id": "smithi090.iwrvwa"}]: dispatch
2024-04-26T04:33:24.973 INFO:journalctl@ceph.mon.smithi090.smithi090.stdout:Apr 26 04:33:24 smithi090 ceph-mon[26648]: from='mgr.14120 172.21.15.90:0/3203305665' entity='mgr.smithi090.iwrvwa' cmd=[{"prefix": "mds metadata"}]: dispatch
2024-04-26T04:33:24.973 INFO:journalctl@ceph.mon.smithi090.smithi090.stdout:Apr 26 04:33:24 smithi090 ceph-mon[26648]: from='mgr.14120 172.21.15.90:0/3203305665' entity='mgr.smithi090.iwrvwa' cmd=[{"prefix": "osd metadata"}]: dispatch
2024-04-26T04:33:24.973 INFO:journalctl@ceph.mon.smithi090.smithi090.stdout:Apr 26 04:33:24 smithi090 ceph-mon[26648]: from='mgr.14120 172.21.15.90:0/3203305665' entity='mgr.smithi090.iwrvwa' cmd=[{"prefix": "mon metadata"}]: dispatch
2024-04-26T04:33:24.973 INFO:journalctl@ceph.mon.smithi090.smithi090.stdout:Apr 26 04:33:24 smithi090 ceph-mon[26648]: Manager daemon smithi090.iwrvwa is now available
2024-04-26T04:33:24.973 INFO:journalctl@ceph.mon.smithi090.smithi090.stdout:Apr 26 04:33:24 smithi090 ceph-mon[26648]: from='mgr.14120 172.21.15.90:0/3203305665' entity='mgr.smithi090.iwrvwa'
2024-04-26T04:33:24.973 INFO:journalctl@ceph.mon.smithi090.smithi090.stdout:Apr 26 04:33:24 smithi090 ceph-mon[26648]: from='mgr.14120 172.21.15.90:0/3203305665' entity='mgr.smithi090.iwrvwa'
2024-04-26T04:33:24.973 INFO:journalctl@ceph.mon.smithi090.smithi090.stdout:Apr 26 04:33:24 smithi090 ceph-mon[26648]: from='mgr.14120 172.21.15.90:0/3203305665' entity='mgr.smithi090.iwrvwa' cmd=[{"prefix": "config dump", "format": "json"}]: dispatch
2024-04-26T04:33:24.973 INFO:journalctl@ceph.mon.smithi090.smithi090.stdout:Apr 26 04:33:24 smithi090 ceph-mon[26648]: from='mgr.14120 172.21.15.90:0/3203305665' entity='mgr.smithi090.iwrvwa' cmd=[{"prefix": "config dump", "format": "json"}]: dispatch
2024-04-26T04:33:24.973 INFO:journalctl@ceph.mon.smithi090.smithi090.stdout:Apr 26 04:33:24 smithi090 ceph-mon[26648]: from='mgr.14120 172.21.15.90:0/3203305665' entity='mgr.smithi090.iwrvwa' cmd=[{"prefix": "config dump", "format": "json"}]: dispatch
2024-04-26T04:33:24.973 INFO:journalctl@ceph.mon.smithi090.smithi090.stdout:Apr 26 04:33:24 smithi090 ceph-mon[26648]: from='mgr.14120 172.21.15.90:0/3203305665' entity='mgr.smithi090.iwrvwa' cmd=[{"prefix":"config rm","who":"mgr","name":"mgr/rbd_support/smithi090.iwrvwa/mirror_snapshot_schedule"}]: dispatch
2024-04-26T04:33:24.973 INFO:journalctl@ceph.mon.smithi090.smithi090.stdout:Apr 26 04:33:24 smithi090 ceph-mon[26648]: from='mgr.14120 172.21.15.90:0/3203305665' entity='mgr.smithi090.iwrvwa' cmd=[{"prefix":"config rm","who":"mgr","name":"mgr/rbd_support/smithi090.iwrvwa/trash_purge_schedule"}]: dispatch
2024-04-26T04:33:25.973 INFO:journalctl@ceph.mon.smithi090.smithi090.stdout:Apr 26 04:33:25 smithi090 ceph-mon[26648]: Found migration_current of "None". Setting to last migration.
2024-04-26T04:33:25.973 INFO:journalctl@ceph.mon.smithi090.smithi090.stdout:Apr 26 04:33:25 smithi090 ceph-mon[26648]: from='mgr.14120 172.21.15.90:0/3203305665' entity='mgr.smithi090.iwrvwa'
2024-04-26T04:33:25.973 INFO:journalctl@ceph.mon.smithi090.smithi090.stdout:Apr 26 04:33:25 smithi090 ceph-mon[26648]: from='mgr.14120 172.21.15.90:0/3203305665' entity='mgr.smithi090.iwrvwa'
2024-04-26T04:33:25.973 INFO:journalctl@ceph.mon.smithi090.smithi090.stdout:Apr 26 04:33:25 smithi090 ceph-mon[26648]: mgrmap e7: smithi090.iwrvwa(active, since 1.00537s)
2024-04-26T04:33:26.300 INFO:teuthology.orchestra.run.smithi090.stdout:/usr/bin/ceph: stdout {
2024-04-26T04:33:26.300 INFO:teuthology.orchestra.run.smithi090.stdout:/usr/bin/ceph: stdout "mgrmap_epoch": 7,
2024-04-26T04:33:26.300 INFO:teuthology.orchestra.run.smithi090.stdout:/usr/bin/ceph: stdout "initialized": true
2024-04-26T04:33:26.300 INFO:teuthology.orchestra.run.smithi090.stdout:/usr/bin/ceph: stdout }
2024-04-26T04:33:26.300 INFO:teuthology.orchestra.run.smithi090.stdout:/usr/bin/ceph: stderr
2024-04-26T04:33:20.374+0000 7f081c13c700 1 Processor -- start
2024-04-26T04:33:26.300 INFO:teuthology.orchestra.run.smithi090.stdout:/usr/bin/ceph: stderr
2024-04-26T04:33:20.374+0000 7f081c13c700 1 -- start start
2024-04-26T04:33:26.300 INFO:teuthology.orchestra.run.smithi090.stdout:/usr/bin/ceph: stderr
2024-04-26T04:33:20.374+0000 7f081c13c700 1 --2- >> [v2:172.21.15.90:3300/0,v1:172.21.15.90:6789/0] conn(0x7f0814103e00 0x7f0814104210 unknown :-1 s=NONE pgs=0 cs=0 l=0 rev1=0 crypto rx=0 tx=0 comp rx=0 tx=0).connect
2024-04-26T04:33:26.300 INFO:teuthology.orchestra.run.smithi090.stdout:/usr/bin/ceph: stderr
2024-04-26T04:33:20.374+0000 7f081c13c700 1 -- --> [v2:172.21.15.90:3300/0,v1:172.21.15.90:6789/0] -- mon_getmap magic: 0 v1 -- 0x7f0814104750 con 0x7f0814103e00
2024-04-26T04:33:26.300 INFO:teuthology.orchestra.run.smithi090.stdout:/usr/bin/ceph: stderr
2024-04-26T04:33:20.374+0000 7f0819ed8700 1 --2- >> [v2:172.21.15.90:3300/0,v1:172.21.15.90:6789/0] conn(0x7f0814103e00 0x7f0814104210 unknown :-1 s=BANNER_CONNECTING pgs=0 cs=0 l=0 rev1=0 crypto rx=0 tx=0 comp rx=0 tx=0)._handle_peer_banner_payload supported=3 required=0
2024-04-26T04:33:26.301 INFO:teuthology.orchestra.run.smithi090.stdout:/usr/bin/ceph: stderr
2024-04-26T04:33:20.374+0000 7f0819ed8700 1 --2- >> [v2:172.21.15.90:3300/0,v1:172.21.15.90:6789/0] conn(0x7f0814103e00 0x7f0814104210 unknown :-1 s=HELLO_CONNECTING pgs=0 cs=0 l=0 rev1=1 crypto rx=0 tx=0 comp rx=0 tx=0).handle_hello peer v2:172.21.15.90:3300/0 says I am v2:172.21.15.90:53482/0 (socket says 172.21.15.90:53482)
2024-04-26T04:33:26.301 INFO:teuthology.orchestra.run.smithi090.stdout:/usr/bin/ceph: stderr
2024-04-26T04:33:20.374+0000 7f0819ed8700 1 -- 172.21.15.90:0/3505787141 learned_addr learned my addr 172.21.15.90:0/3505787141 (peer_addr_for_me v2:172.21.15.90:0/0)
2024-04-26T04:33:26.301 INFO:teuthology.orchestra.run.smithi090.stdout:/usr/bin/ceph: stderr
2024-04-26T04:33:20.374+0000 7f0819ed8700 1 -- 172.21.15.90:0/3505787141 --> [v2:172.21.15.90:3300/0,v1:172.21.15.90:6789/0] -- mon_subscribe({config=0+,monmap=0+}) v3 -- 0x7f0814104890 con 0x7f0814103e00
2024-04-26T04:33:26.301 INFO:teuthology.orchestra.run.smithi090.stdout:/usr/bin/ceph: stderr
2024-04-26T04:33:20.375+0000 7f0819ed8700 1 --2- 172.21.15.90:0/3505787141 >> [v2:172.21.15.90:3300/0,v1:172.21.15.90:6789/0] conn(0x7f0814103e00 0x7f0814104210 secure :-1 s=READY pgs=28 cs=0 l=1 rev1=1 crypto rx=0x7f08100098a0 tx=0x7f0810009bb0 comp rx=0 tx=0).ready entity=mon.0 client_cookie=83ef33a10a92a26a server_cookie=0 in_seq=0 out_seq=0
2024-04-26T04:33:26.301 INFO:teuthology.orchestra.run.smithi090.stdout:/usr/bin/ceph: stderr
2024-04-26T04:33:20.375+0000 7f0818ed6700 1 -- 172.21.15.90:0/3505787141 <== mon.0 v2:172.21.15.90:3300/0 1 ==== mon_map magic: 0 v1 ==== 229+0+0 (secure 0 0 0) 0x7f0810004180 con 0x7f0814103e00
2024-04-26T04:33:26.301 INFO:teuthology.orchestra.run.smithi090.stdout:/usr/bin/ceph: stderr
2024-04-26T04:33:20.375+0000 7f0818ed6700 1 -- 172.21.15.90:0/3505787141 <== mon.0 v2:172.21.15.90:3300/0 2 ==== config(27 keys) v1 ==== 1037+0+0 (secure 0 0 0) 0x7f08100042e0 con 0x7f0814103e00
2024-04-26T04:33:26.301 INFO:teuthology.orchestra.run.smithi090.stdout:/usr/bin/ceph: stderr
2024-04-26T04:33:20.375+0000 7f0818ed6700 1 -- 172.21.15.90:0/3505787141 <== mon.0 v2:172.21.15.90:3300/0 3 ==== mon_map magic: 0 v1 ==== 229+0+0 (secure 0 0 0) 0x7f0810011a50 con 0x7f0814103e00
2024-04-26T04:33:26.301 INFO:teuthology.orchestra.run.smithi090.stdout:/usr/bin/ceph: stderr
2024-04-26T04:33:20.376+0000 7f081c13c700 1 -- 172.21.15.90:0/3505787141 >> [v2:172.21.15.90:3300/0,v1:172.21.15.90:6789/0] conn(0x7f0814103e00 msgr2=0x7f0814104210 secure :-1 s=STATE_CONNECTION_ESTABLISHED l=1).mark_down
2024-04-26T04:33:26.301 INFO:teuthology.orchestra.run.smithi090.stdout:/usr/bin/ceph: stderr
2024-04-26T04:33:20.376+0000 7f081c13c700 1 --2- 172.21.15.90:0/3505787141 >> [v2:172.21.15.90:3300/0,v1:172.21.15.90:6789/0] conn(0x7f0814103e00 0x7f0814104210 secure :-1 s=READY pgs=28 cs=0 l=1 rev1=1 crypto rx=0x7f08100098a0 tx=0x7f0810009bb0 comp rx=0 tx=0).stop
2024-04-26T04:33:26.301 INFO:teuthology.orchestra.run.smithi090.stdout:/usr/bin/ceph: stderr
2024-04-26T04:33:20.376+0000 7f081c13c700 1 -- 172.21.15.90:0/3505787141 shutdown_connections
2024-04-26T04:33:26.301 INFO:teuthology.orchestra.run.smithi090.stdout:/usr/bin/ceph: stderr
2024-04-26T04:33:20.376+0000 7f081c13c700 1 --2- 172.21.15.90:0/3505787141 >> [v2:172.21.15.90:3300/0,v1:172.21.15.90:6789/0] conn(0x7f0814103e00 0x7f0814104210 unknown :-1 s=CLOSED pgs=28 cs=0 l=1 rev1=1 crypto rx=0 tx=0 comp rx=0 tx=0).stop
2024-04-26T04:33:26.301 INFO:teuthology.orchestra.run.smithi090.stdout:/usr/bin/ceph: stderr
2024-04-26T04:33:20.376+0000 7f081c13c700 1 -- 172.21.15.90:0/3505787141 >> 172.21.15.90:0/3505787141 conn(0x7f08140ff7e0 msgr2=0x7f0814101c10 unknown :-1 s=STATE_NONE l=0).mark_down
2024-04-26T04:33:26.301 INFO:teuthology.orchestra.run.smithi090.stdout:/usr/bin/ceph: stderr
2024-04-26T04:33:20.376+0000 7f081c13c700 1 -- 172.21.15.90:0/3505787141 shutdown_connections
2024-04-26T04:33:26.302 INFO:teuthology.orchestra.run.smithi090.stdout:/usr/bin/ceph: stderr
2024-04-26T04:33:20.376+0000 7f081c13c700 1 -- 172.21.15.90:0/3505787141 wait complete.
2024-04-26T04:33:26.302 INFO:teuthology.orchestra.run.smithi090.stdout:/usr/bin/ceph: stderr
2024-04-26T04:33:20.376+0000 7f081c13c700 1 Processor -- start
2024-04-26T04:33:26.302 INFO:teuthology.orchestra.run.smithi090.stdout:/usr/bin/ceph: stderr
2024-04-26T04:33:20.376+0000 7f081c13c700 1 -- start start
2024-04-26T04:33:26.302 INFO:teuthology.orchestra.run.smithi090.stdout:/usr/bin/ceph: stderr
2024-04-26T04:33:20.377+0000 7f081c13c700 1 --2- >> [v2:172.21.15.90:3300/0,v1:172.21.15.90:6789/0] conn(0x7f0814103e00 0x7f0814106790 unknown :-1 s=NONE pgs=0 cs=0 l=1 rev1=0 crypto rx=0 tx=0 comp rx=0 tx=0).connect
2024-04-26T04:33:26.302 INFO:teuthology.orchestra.run.smithi090.stdout:/usr/bin/ceph: stderr
2024-04-26T04:33:20.377+0000 7f081c13c700 1 -- --> [v2:172.21.15.90:3300/0,v1:172.21.15.90:6789/0] -- mon_getmap magic: 0 v1 -- 0x7f0814106cd0 con 0x7f0814103e00
2024-04-26T04:33:26.302 INFO:teuthology.orchestra.run.smithi090.stdout:/usr/bin/ceph: stderr
2024-04-26T04:33:20.377+0000 7f0819ed8700 1 --2- >> [v2:172.21.15.90:3300/0,v1:172.21.15.90:6789/0] conn(0x7f0814103e00 0x7f0814106790 unknown :-1 s=BANNER_CONNECTING pgs=0 cs=0 l=1 rev1=0 crypto rx=0 tx=0 comp rx=0 tx=0)._handle_peer_banner_payload supported=3 required=0
2024-04-26T04:33:26.302 INFO:teuthology.orchestra.run.smithi090.stdout:/usr/bin/ceph: stderr
2024-04-26T04:33:20.377+0000 7f0819ed8700 1 --2- >> [v2:172.21.15.90:3300/0,v1:172.21.15.90:6789/0] conn(0x7f0814103e00 0x7f0814106790 unknown :-1 s=HELLO_CONNECTING pgs=0 cs=0 l=1 rev1=1 crypto rx=0 tx=0 comp rx=0 tx=0).handle_hello peer v2:172.21.15.90:3300/0 says I am v2:172.21.15.90:53484/0 (socket says 172.21.15.90:53484)
2024-04-26T04:33:26.302 INFO:teuthology.orchestra.run.smithi090.stdout:/usr/bin/ceph: stderr
2024-04-26T04:33:20.377+0000 7f0819ed8700 1 -- 172.21.15.90:0/2480870859 learned_addr learned my addr 172.21.15.90:0/2480870859 (peer_addr_for_me v2:172.21.15.90:0/0)
2024-04-26T04:33:26.302 INFO:teuthology.orchestra.run.smithi090.stdout:/usr/bin/ceph: stderr
2024-04-26T04:33:20.377+0000 7f0819ed8700 1 -- 172.21.15.90:0/2480870859 --> [v2:172.21.15.90:3300/0,v1:172.21.15.90:6789/0] -- mon_subscribe({config=0+,monmap=0+}) v3 -- 0x7f0810009550 con 0x7f0814103e00
2024-04-26T04:33:26.302 INFO:teuthology.orchestra.run.smithi090.stdout:/usr/bin/ceph: stderr
2024-04-26T04:33:20.377+0000 7f0819ed8700 1 --2- 172.21.15.90:0/2480870859 >> [v2:172.21.15.90:3300/0,v1:172.21.15.90:6789/0] conn(0x7f0814103e00 0x7f0814106790 secure :-1 s=READY pgs=29 cs=0 l=1 rev1=1 crypto rx=0x7f0810006af0 tx=0x7f0810011a90 comp rx=0 tx=0).ready entity=mon.0 client_cookie=0 server_cookie=0 in_seq=0 out_seq=0
2024-04-26T04:33:26.302 INFO:teuthology.orchestra.run.smithi090.stdout:/usr/bin/ceph: stderr
2024-04-26T04:33:20.377+0000 7f080affd700 1 -- 172.21.15.90:0/2480870859 <== mon.0 v2:172.21.15.90:3300/0 1 ==== mon_map magic: 0 v1 ==== 229+0+0 (secure 0 0 0) 0x7f0810003b90 con 0x7f0814103e00
2024-04-26T04:33:26.302 INFO:teuthology.orchestra.run.smithi090.stdout:/usr/bin/ceph: stderr
2024-04-26T04:33:20.377+0000 7f080affd700 1 -- 172.21.15.90:0/2480870859 <== mon.0 v2:172.21.15.90:3300/0 2 ==== config(27 keys) v1 ==== 1037+0+0 (secure 0 0 0) 0x7f081001a8a0 con 0x7f0814103e00
2024-04-26T04:33:26.302 INFO:teuthology.orchestra.run.smithi090.stdout:/usr/bin/ceph: stderr
2024-04-26T04:33:20.377+0000 7f081c13c700 1 -- 172.21.15.90:0/2480870859 --> [v2:172.21.15.90:3300/0,v1:172.21.15.90:6789/0] -- mon_subscribe({mgrmap=0+}) v3 -- 0x7f0814104de0 con 0x7f0814103e00
2024-04-26T04:33:26.303 INFO:teuthology.orchestra.run.smithi090.stdout:/usr/bin/ceph: stderr
2024-04-26T04:33:20.377+0000 7f080affd700 1 -- 172.21.15.90:0/2480870859 <== mon.0 v2:172.21.15.90:3300/0 3 ==== mon_map magic: 0 v1 ==== 229+0+0 (secure 0 0 0) 0x7f0810019880 con 0x7f0814103e00
2024-04-26T04:33:26.303 INFO:teuthology.orchestra.run.smithi090.stdout:/usr/bin/ceph: stderr
2024-04-26T04:33:20.377+0000 7f081c13c700 1 -- 172.21.15.90:0/2480870859 --> [v2:172.21.15.90:3300/0,v1:172.21.15.90:6789/0] -- mon_subscribe({osdmap=0}) v3 -- 0x7f0814105200 con 0x7f0814103e00
2024-04-26T04:33:26.303 INFO:teuthology.orchestra.run.smithi090.stdout:/usr/bin/ceph: stderr
2024-04-26T04:33:20.378+0000 7f080affd700 1 -- 172.21.15.90:0/2480870859 <== mon.0 v2:172.21.15.90:3300/0 4 ==== mgrmap(e 5) v1 ==== 45084+0+0 (secure 0 0 0) 0x7f0810019b40 con 0x7f0814103e00
2024-04-26T04:33:26.303 INFO:teuthology.orchestra.run.smithi090.stdout:/usr/bin/ceph: stderr
2024-04-26T04:33:20.379+0000 7f080affd700 1 --2- 172.21.15.90:0/2480870859 >> [v2:172.21.15.90:6800/1230348805,v1:172.21.15.90:6801/1230348805] conn(0x7f08000383b0 0x7f080003a860 unknown :-1 s=NONE pgs=0 cs=0 l=1 rev1=0 crypto rx=0 tx=0 comp rx=0 tx=0).connect
2024-04-26T04:33:26.303 INFO:teuthology.orchestra.run.smithi090.stdout:/usr/bin/ceph: stderr
2024-04-26T04:33:20.379+0000 7f080affd700 1 -- 172.21.15.90:0/2480870859 --> [v2:172.21.15.90:6800/1230348805,v1:172.21.15.90:6801/1230348805] -- command(tid 0: {"prefix": "get_command_descriptions"}) v1 -- 0x7f080003af70 con 0x7f08000383b0
2024-04-26T04:33:26.303 INFO:teuthology.orchestra.run.smithi090.stdout:/usr/bin/ceph: stderr
2024-04-26T04:33:20.379+0000 7f080affd700 1 -- 172.21.15.90:0/2480870859 <== mon.0 v2:172.21.15.90:3300/0 5 ==== osd_map(1..1 src has 1..1) v4 ==== 725+0+0 (secure 0 0 0) 0x7f081004c6f0 con 0x7f0814103e00
2024-04-26T04:33:26.303 INFO:teuthology.orchestra.run.smithi090.stdout:/usr/bin/ceph: stderr
2024-04-26T04:33:20.379+0000 7f08196d7700 1 -- 172.21.15.90:0/2480870859 >> [v2:172.21.15.90:6800/1230348805,v1:172.21.15.90:6801/1230348805] conn(0x7f08000383b0 msgr2=0x7f080003a860 unknown :-1 s=STATE_CONNECTING_RE l=1).process reconnect failed to v2:172.21.15.90:6800/1230348805
2024-04-26T04:33:26.303 INFO:teuthology.orchestra.run.smithi090.stdout:/usr/bin/ceph: stderr
2024-04-26T04:33:20.379+0000 7f08196d7700 1 --2- 172.21.15.90:0/2480870859 >> [v2:172.21.15.90:6800/1230348805,v1:172.21.15.90:6801/1230348805] conn(0x7f08000383b0 0x7f080003a860 unknown :-1 s=START_CONNECT pgs=0 cs=0 l=1 rev1=0 crypto rx=0 tx=0 comp rx=0 tx=0)._fault waiting 0.200000
2024-04-26T04:33:26.303 INFO:teuthology.orchestra.run.smithi090.stdout:/usr/bin/ceph: stderr
2024-04-26T04:33:20.580+0000 7f08196d7700 1 -- 172.21.15.90:0/2480870859 >> [v2:172.21.15.90:6800/1230348805,v1:172.21.15.90:6801/1230348805] conn(0x7f08000383b0 msgr2=0x7f080003a860 unknown :-1 s=STATE_CONNECTING_RE l=1).process reconnect failed to v2:172.21.15.90:6800/1230348805
2024-04-26T04:33:26.303 INFO:teuthology.orchestra.run.smithi090.stdout:/usr/bin/ceph: stderr
2024-04-26T04:33:20.580+0000 7f08196d7700 1 --2- 172.21.15.90:0/2480870859 >> [v2:172.21.15.90:6800/1230348805,v1:172.21.15.90:6801/1230348805] conn(0x7f08000383b0 0x7f080003a860 unknown :-1 s=START_CONNECT pgs=0 cs=0 l=1 rev1=0 crypto rx=0 tx=0 comp rx=0 tx=0)._fault waiting 0.400000
2024-04-26T04:33:26.303 INFO:teuthology.orchestra.run.smithi090.stdout:/usr/bin/ceph: stderr
2024-04-26T04:33:20.981+0000 7f08196d7700 1 -- 172.21.15.90:0/2480870859 >> [v2:172.21.15.90:6800/1230348805,v1:172.21.15.90:6801/1230348805] conn(0x7f08000383b0 msgr2=0x7f080003a860 unknown :-1 s=STATE_CONNECTING_RE l=1).process reconnect failed to v2:172.21.15.90:6800/1230348805
2024-04-26T04:33:26.303 INFO:teuthology.orchestra.run.smithi090.stdout:/usr/bin/ceph: stderr
2024-04-26T04:33:20.981+0000 7f08196d7700 1 --2- 172.21.15.90:0/2480870859 >> [v2:172.21.15.90:6800/1230348805,v1:172.21.15.90:6801/1230348805] conn(0x7f08000383b0 0x7f080003a860 unknown :-1 s=START_CONNECT pgs=0 cs=0 l=1 rev1=0 crypto rx=0 tx=0 comp rx=0 tx=0)._fault waiting 0.800000
2024-04-26T04:33:26.303 INFO:teuthology.orchestra.run.smithi090.stdout:/usr/bin/ceph: stderr
2024-04-26T04:33:21.782+0000 7f08196d7700 1 -- 172.21.15.90:0/2480870859 >> [v2:172.21.15.90:6800/1230348805,v1:172.21.15.90:6801/1230348805] conn(0x7f08000383b0 msgr2=0x7f080003a860 unknown :-1 s=STATE_CONNECTING_RE l=1).process reconnect failed to v2:172.21.15.90:6800/1230348805
2024-04-26T04:33:26.303 INFO:teuthology.orchestra.run.smithi090.stdout:/usr/bin/ceph: stderr
2024-04-26T04:33:21.782+0000 7f08196d7700 1 --2- 172.21.15.90:0/2480870859 >> [v2:172.21.15.90:6800/1230348805,v1:172.21.15.90:6801/1230348805] conn(0x7f08000383b0 0x7f080003a860 unknown :-1 s=START_CONNECT pgs=0 cs=0 l=1 rev1=0 crypto rx=0 tx=0 comp rx=0 tx=0)._fault waiting 1.600000
2024-04-26T04:33:26.304 INFO:teuthology.orchestra.run.smithi090.stdout:/usr/bin/ceph: stderr
2024-04-26T04:33:23.383+0000 7f08196d7700 1 -- 172.21.15.90:0/2480870859 >> [v2:172.21.15.90:6800/1230348805,v1:172.21.15.90:6801/1230348805] conn(0x7f08000383b0 msgr2=0x7f080003a860 unknown :-1 s=STATE_CONNECTING_RE l=1).process reconnect failed to v2:172.21.15.90:6800/1230348805
2024-04-26T04:33:26.304 INFO:teuthology.orchestra.run.smithi090.stdout:/usr/bin/ceph: stderr
2024-04-26T04:33:23.383+0000 7f08196d7700 1 --2- 172.21.15.90:0/2480870859 >> [v2:172.21.15.90:6800/1230348805,v1:172.21.15.90:6801/1230348805] conn(0x7f08000383b0 0x7f080003a860 unknown :-1 s=START_CONNECT pgs=0 cs=0 l=1 rev1=0 crypto rx=0 tx=0 comp rx=0 tx=0)._fault waiting 3.200000
2024-04-26T04:33:26.304 INFO:teuthology.orchestra.run.smithi090.stdout:/usr/bin/ceph: stderr
2024-04-26T04:33:24.671+0000 7f080affd700 1 -- 172.21.15.90:0/2480870859 <== mon.0 v2:172.21.15.90:3300/0 6 ==== mgrmap(e 6) v1 ==== 44851+0+0 (secure 0 0 0) 0x7f081002dce0 con 0x7f0814103e00
2024-04-26T04:33:26.304 INFO:teuthology.orchestra.run.smithi090.stdout:/usr/bin/ceph: stderr
2024-04-26T04:33:24.671+0000 7f080affd700 1 -- 172.21.15.90:0/2480870859 >> [v2:172.21.15.90:6800/1230348805,v1:172.21.15.90:6801/1230348805] conn(0x7f08000383b0 msgr2=0x7f080003a860 unknown :-1 s=STATE_CONNECTING l=1).mark_down
2024-04-26T04:33:26.304 INFO:teuthology.orchestra.run.smithi090.stdout:/usr/bin/ceph: stderr
2024-04-26T04:33:24.671+0000 7f080affd700 1 --2- 172.21.15.90:0/2480870859 >> [v2:172.21.15.90:6800/1230348805,v1:172.21.15.90:6801/1230348805] conn(0x7f08000383b0 0x7f080003a860 unknown :-1 s=START_CONNECT pgs=0 cs=0 l=1 rev1=0 crypto rx=0 tx=0 comp rx=0 tx=0).stop
2024-04-26T04:33:26.304 INFO:teuthology.orchestra.run.smithi090.stdout:/usr/bin/ceph: stderr
2024-04-26T04:33:25.672+0000 7f080affd700 1 -- 172.21.15.90:0/2480870859 <== mon.0 v2:172.21.15.90:3300/0 7 ==== mgrmap(e 7) v1 ==== 44978+0+0 (secure 0 0 0) 0x7f081002d440 con 0x7f0814103e00
2024-04-26T04:33:26.304 INFO:teuthology.orchestra.run.smithi090.stdout:/usr/bin/ceph: stderr
2024-04-26T04:33:25.673+0000 7f080affd700 1 --2- 172.21.15.90:0/2480870859 >> [v2:172.21.15.90:6800/2176954768,v1:172.21.15.90:6801/2176954768] conn(0x7f080003bd20 0x7f080003e100 unknown :-1 s=NONE pgs=0 cs=0 l=1 rev1=0 crypto rx=0 tx=0 comp rx=0 tx=0).connect
2024-04-26T04:33:26.304 INFO:teuthology.orchestra.run.smithi090.stdout:/usr/bin/ceph: stderr
2024-04-26T04:33:25.673+0000 7f080affd700 1 -- 172.21.15.90:0/2480870859 --> [v2:172.21.15.90:6800/2176954768,v1:172.21.15.90:6801/2176954768] -- command(tid 0: {"prefix": "get_command_descriptions"}) v1 -- 0x7f080003af70 con 0x7f080003bd20
2024-04-26T04:33:26.304 INFO:teuthology.orchestra.run.smithi090.stdout:/usr/bin/ceph: stderr
2024-04-26T04:33:25.673+0000 7f08196d7700 1 --2- 172.21.15.90:0/2480870859 >> [v2:172.21.15.90:6800/2176954768,v1:172.21.15.90:6801/2176954768] conn(0x7f080003bd20 0x7f080003e100 unknown :-1 s=BANNER_CONNECTING pgs=0 cs=0 l=1 rev1=0 crypto rx=0 tx=0 comp rx=0 tx=0)._handle_peer_banner_payload supported=3 required=0
2024-04-26T04:33:26.304 INFO:teuthology.orchestra.run.smithi090.stdout:/usr/bin/ceph: stderr
2024-04-26T04:33:25.674+0000 7f08196d7700 1 --2- 172.21.15.90:0/2480870859 >> [v2:172.21.15.90:6800/2176954768,v1:172.21.15.90:6801/2176954768] conn(0x7f080003bd20 0x7f080003e100 secure :-1 s=READY pgs=3 cs=0 l=1 rev1=1 crypto rx=0x7f0804003a10 tx=0x7f0804009290 comp rx=0 tx=0).ready entity=mgr.14120 client_cookie=0 server_cookie=0 in_seq=0 out_seq=0
2024-04-26T04:33:26.304 INFO:teuthology.orchestra.run.smithi090.stdout:/usr/bin/ceph: stderr
2024-04-26T04:33:25.674+0000 7f080affd700 1 -- 172.21.15.90:0/2480870859 <== mgr.14120 v2:172.21.15.90:6800/2176954768 1 ==== command_reply(tid 0: 0 ) v1 ==== 8+0+6910 (secure 0 0 0) 0x7f080003af70 con 0x7f080003bd20
2024-04-26T04:33:26.304 INFO:teuthology.orchestra.run.smithi090.stdout:/usr/bin/ceph: stderr
2024-04-26T04:33:25.681+0000 7f081c13c700 1 -- 172.21.15.90:0/2480870859 --> [v2:172.21.15.90:6800/2176954768,v1:172.21.15.90:6801/2176954768] -- command(tid 1: {"prefix": "mgr_status"}) v1 -- 0x7f0814106330 con 0x7f080003bd20
2024-04-26T04:33:26.304 INFO:teuthology.orchestra.run.smithi090.stdout:/usr/bin/ceph: stderr
2024-04-26T04:33:25.681+0000 7f080affd700 1 -- 172.21.15.90:0/2480870859 <== mgr.14120 v2:172.21.15.90:6800/2176954768 2 ==== command_reply(tid 1: 0 ) v1 ==== 8+0+51 (secure 0 0 0) 0x7f0814106330 con 0x7f080003bd20
2024-04-26T04:33:26.304 INFO:teuthology.orchestra.run.smithi090.stdout:/usr/bin/ceph: stderr
2024-04-26T04:33:25.681+0000 7f081c13c700 1 -- 172.21.15.90:0/2480870859 >> [v2:172.21.15.90:6800/2176954768,v1:172.21.15.90:6801/2176954768] conn(0x7f080003bd20 msgr2=0x7f080003e100 secure :-1 s=STATE_CONNECTION_ESTABLISHED l=1).mark_down
2024-04-26T04:33:26.305 INFO:teuthology.orchestra.run.smithi090.stdout:/usr/bin/ceph: stderr
2024-04-26T04:33:25.681+0000 7f081c13c700 1 --2- 172.21.15.90:0/2480870859 >> [v2:172.21.15.90:6800/2176954768,v1:172.21.15.90:6801/2176954768] conn(0x7f080003bd20 0x7f080003e100 secure :-1 s=READY pgs=3 cs=0 l=1 rev1=1 crypto rx=0x7f0804003a10 tx=0x7f0804009290 comp rx=0 tx=0).stop
2024-04-26T04:33:26.305 INFO:teuthology.orchestra.run.smithi090.stdout:/usr/bin/ceph: stderr
2024-04-26T04:33:25.681+0000 7f081c13c700 1 -- 172.21.15.90:0/2480870859 >> [v2:172.21.15.90:3300/0,v1:172.21.15.90:6789/0] conn(0x7f0814103e00 msgr2=0x7f0814106790 secure :-1 s=STATE_CONNECTION_ESTABLISHED l=1).mark_down
2024-04-26T04:33:26.305 INFO:teuthology.orchestra.run.smithi090.stdout:/usr/bin/ceph: stderr
2024-04-26T04:33:25.681+0000 7f081c13c700 1 --2- 172.21.15.90:0/2480870859 >> [v2:172.21.15.90:3300/0,v1:172.21.15.90:6789/0] conn(0x7f0814103e00 0x7f0814106790 secure :-1 s=READY pgs=29 cs=0 l=1 rev1=1 crypto rx=0x7f0810006af0 tx=0x7f0810011a90 comp rx=0 tx=0).stop
2024-04-26T04:33:26.305 INFO:teuthology.orchestra.run.smithi090.stdout:/usr/bin/ceph: stderr
2024-04-26T04:33:25.681+0000 7f081c13c700 1 -- 172.21.15.90:0/2480870859 shutdown_connections
2024-04-26T04:33:26.305 INFO:teuthology.orchestra.run.smithi090.stdout:/usr/bin/ceph: stderr
2024-04-26T04:33:25.681+0000 7f081c13c700 1 --2- 172.21.15.90:0/2480870859 >> [v2:172.21.15.90:6800/2176954768,v1:172.21.15.90:6801/2176954768] conn(0x7f080003bd20 0x7f080003e100 unknown :-1 s=CLOSED pgs=3 cs=0 l=1 rev1=1 crypto rx=0 tx=0 comp rx=0 tx=0).stop
2024-04-26T04:33:26.305 INFO:teuthology.orchestra.run.smithi090.stdout:/usr/bin/ceph: stderr
2024-04-26T04:33:25.681+0000 7f081c13c700 1 --2- 172.21.15.90:0/2480870859 >> [v2:172.21.15.90:3300/0,v1:172.21.15.90:6789/0] conn(0x7f0814103e00 0x7f0814106790 unknown :-1 s=CLOSED pgs=29 cs=0 l=1 rev1=1 crypto rx=0 tx=0 comp rx=0 tx=0).stop
2024-04-26T04:33:26.305 INFO:teuthology.orchestra.run.smithi090.stdout:/usr/bin/ceph: stderr
2024-04-26T04:33:25.681+0000 7f081c13c700 1 --2- 172.21.15.90:0/2480870859 >> [v2:172.21.15.90:6800/1230348805,v1:172.21.15.90:6801/1230348805] conn(0x7f08000383b0 0x7f080003a860 unknown :-1 s=CLOSED pgs=0 cs=0 l=1 rev1=0 crypto rx=0 tx=0 comp rx=0 tx=0).stop
2024-04-26T04:33:26.305 INFO:teuthology.orchestra.run.smithi090.stdout:/usr/bin/ceph: stderr
2024-04-26T04:33:25.681+0000 7f081c13c700 1 -- 172.21.15.90:0/2480870859 >> 172.21.15.90:0/2480870859 conn(0x7f08140ff7e0 msgr2=0x7f08141005e0 unknown :-1 s=STATE_NONE l=0).mark_down
2024-04-26T04:33:26.305 INFO:teuthology.orchestra.run.smithi090.stdout:/usr/bin/ceph: stderr
2024-04-26T04:33:25.681+0000 7f081c13c700 1 -- 172.21.15.90:0/2480870859 shutdown_connections
2024-04-26T04:33:26.305 INFO:teuthology.orchestra.run.smithi090.stdout:/usr/bin/ceph: stderr
2024-04-26T04:33:25.681+0000 7f081c13c700 1 -- 172.21.15.90:0/2480870859 wait complete.
2024-04-26T04:33:26.305 INFO:teuthology.orchestra.run.smithi090.stdout:mgr epoch 5 is available
2024-04-26T04:33:26.305 INFO:teuthology.orchestra.run.smithi090.stdout:Setting orchestrator backend to cephadm...
2024-04-26T04:33:26.894 INFO:journalctl@ceph.mon.smithi090.smithi090.stdout:Apr 26 04:33:26 smithi090 ceph-mon[26648]: from='client.14124 -' entity='client.admin' cmd=[{"prefix": "get_command_descriptions"}]: dispatch
2024-04-26T04:33:26.894 INFO:journalctl@ceph.mon.smithi090.smithi090.stdout:Apr 26 04:33:26 smithi090 ceph-mon[26648]: from='client.14124 -' entity='client.admin' cmd=[{"prefix": "mgr_status"}]: dispatch
2024-04-26T04:33:26.894 INFO:journalctl@ceph.mon.smithi090.smithi090.stdout:Apr 26 04:33:26 smithi090 ceph-mon[26648]: [26/Apr/2024:04:33:25] ENGINE Bus STARTING
2024-04-26T04:33:26.894 INFO:journalctl@ceph.mon.smithi090.smithi090.stdout:Apr 26 04:33:26 smithi090 ceph-mon[26648]: [26/Apr/2024:04:33:25] ENGINE Serving on https://172.21.15.90:7150
2024-04-26T04:33:26.894 INFO:journalctl@ceph.mon.smithi090.smithi090.stdout:Apr 26 04:33:26 smithi090 ceph-mon[26648]: [26/Apr/2024:04:33:25] ENGINE Serving on http://172.21.15.90:8765
2024-04-26T04:33:26.895 INFO:journalctl@ceph.mon.smithi090.smithi090.stdout:Apr 26 04:33:26 smithi090 ceph-mon[26648]: [26/Apr/2024:04:33:25] ENGINE Bus STARTED
2024-04-26T04:33:26.895 INFO:journalctl@ceph.mon.smithi090.smithi090.stdout:Apr 26 04:33:26 smithi090 ceph-mon[26648]: from='mgr.14120 172.21.15.90:0/3203305665' entity='mgr.smithi090.iwrvwa' cmd=[{"prefix": "config dump", "format": "json"}]: dispatch
2024-04-26T04:33:27.480 INFO:teuthology.orchestra.run.smithi090.stdout:/usr/bin/ceph: stderr
2024-04-26T04:33:26.680+0000 7fdbb33f6700 1 Processor -- start
2024-04-26T04:33:27.480 INFO:teuthology.orchestra.run.smithi090.stdout:/usr/bin/ceph: stderr
2024-04-26T04:33:26.680+0000 7fdbb33f6700 1 -- start start
2024-04-26T04:33:27.480 INFO:teuthology.orchestra.run.smithi090.stdout:/usr/bin/ceph: stderr
2024-04-26T04:33:26.680+0000 7fdbb33f6700 1 --2- >> [v2:172.21.15.90:3300/0,v1:172.21.15.90:6789/0] conn(0x7fdbac079cf0 0x7fdbac10aad0 unknown :-1 s=NONE pgs=0 cs=0 l=0 rev1=0 crypto rx=0 tx=0 comp rx=0 tx=0).connect
2024-04-26T04:33:27.481 INFO:teuthology.orchestra.run.smithi090.stdout:/usr/bin/ceph: stderr
2024-04-26T04:33:26.680+0000 7fdbb33f6700 1 -- --> [v2:172.21.15.90:3300/0,v1:172.21.15.90:6789/0] -- mon_getmap magic: 0 v1 -- 0x7fdbac1064c0 con 0x7fdbac079cf0
2024-04-26T04:33:27.481 INFO:teuthology.orchestra.run.smithi090.stdout:/usr/bin/ceph: stderr
2024-04-26T04:33:26.681+0000 7fdbb1192700 1 --2- >> [v2:172.21.15.90:3300/0,v1:172.21.15.90:6789/0] conn(0x7fdbac079cf0 0x7fdbac10aad0 unknown :-1 s=BANNER_CONNECTING pgs=0 cs=0 l=0 rev1=0 crypto rx=0 tx=0 comp rx=0 tx=0)._handle_peer_banner_payload supported=3 required=0
2024-04-26T04:33:27.481 INFO:teuthology.orchestra.run.smithi090.stdout:/usr/bin/ceph: stderr
2024-04-26T04:33:26.681+0000 7fdbb1192700 1 --2- >> [v2:172.21.15.90:3300/0,v1:172.21.15.90:6789/0] conn(0x7fdbac079cf0 0x7fdbac10aad0 unknown :-1 s=HELLO_CONNECTING pgs=0 cs=0 l=0 rev1=1 crypto rx=0 tx=0 comp rx=0 tx=0).handle_hello peer v2:172.21.15.90:3300/0 says I am v2:172.21.15.90:53550/0 (socket says 172.21.15.90:53550)
2024-04-26T04:33:27.481 INFO:teuthology.orchestra.run.smithi090.stdout:/usr/bin/ceph: stderr
2024-04-26T04:33:26.681+0000 7fdbb1192700 1 -- 172.21.15.90:0/3028334839 learned_addr learned my addr 172.21.15.90:0/3028334839 (peer_addr_for_me v2:172.21.15.90:0/0)
2024-04-26T04:33:27.481 INFO:teuthology.orchestra.run.smithi090.stdout:/usr/bin/ceph: stderr
2024-04-26T04:33:26.681+0000 7fdbb1192700 1 -- 172.21.15.90:0/3028334839 --> [v2:172.21.15.90:3300/0,v1:172.21.15.90:6789/0] -- mon_subscribe({config=0+,monmap=0+}) v3 -- 0x7fdbac10b010 con 0x7fdbac079cf0
2024-04-26T04:33:27.481 INFO:teuthology.orchestra.run.smithi090.stdout:/usr/bin/ceph: stderr
2024-04-26T04:33:26.681+0000 7fdbb1192700 1 --2- 172.21.15.90:0/3028334839 >> [v2:172.21.15.90:3300/0,v1:172.21.15.90:6789/0] conn(0x7fdbac079cf0 0x7fdbac10aad0 secure :-1 s=READY pgs=37 cs=0 l=1 rev1=1 crypto rx=0x7fdba8009e80 tx=0x7fdba800b330 comp rx=0 tx=0).ready entity=mon.0 client_cookie=f7d819e239ba3356 server_cookie=0 in_seq=0 out_seq=0
2024-04-26T04:33:27.481 INFO:teuthology.orchestra.run.smithi090.stdout:/usr/bin/ceph: stderr
2024-04-26T04:33:26.681+0000 7fdba3fff700 1 -- 172.21.15.90:0/3028334839 <== mon.0 v2:172.21.15.90:3300/0 1 ==== mon_map magic: 0 v1 ==== 229+0+0 (secure 0 0 0) 0x7fdba800e070 con 0x7fdbac079cf0
2024-04-26T04:33:27.481 INFO:teuthology.orchestra.run.smithi090.stdout:/usr/bin/ceph: stderr
