2024-04-26T04:43:25.691 INFO:teuthology.orchestra.run.smithi077.stdout:/usr/bin/ceph: stderr
2024-04-26T04:43:24.893+0000 7fc058ff9700 1 -- 172.21.15.77:0/1919698868 <== mon.0 v2:172.21.15.77:3300/0 6 ==== mon_command_ack([{"prefix": "get_command_descriptions"}]=0 v0) v1 ==== 72+0+176702 (secure 0 0 0) 0x7fc04c018940 con 0x7fc05c102880
2024-04-26T04:43:25.691 INFO:teuthology.orchestra.run.smithi077.stdout:/usr/bin/ceph: stderr
2024-04-26T04:43:25.076+0000 7fc0623de700 1 -- 172.21.15.77:0/1919698868 --> [v2:172.21.15.77:3300/0,v1:172.21.15.77:6789/0] -- mon_command({"prefix": "config assimilate-conf"} v 0) v1 -- 0x7fc05c04bed0 con 0x7fc05c102880
2024-04-26T04:43:25.691 INFO:teuthology.orchestra.run.smithi077.stdout:/usr/bin/ceph: stderr
2024-04-26T04:43:25.077+0000 7fc058ff9700 1 -- 172.21.15.77:0/1919698868 <== mon.0 v2:172.21.15.77:3300/0 7 ==== mon_command_ack([{"prefix": "config assimilate-conf"}]=0 v3) v1 ==== 70+0+373 (secure 0 0 0) 0x7fc04c02d3a0 con 0x7fc05c102880
2024-04-26T04:43:25.691 INFO:teuthology.orchestra.run.smithi077.stdout:/usr/bin/ceph: stderr
2024-04-26T04:43:25.079+0000 7fc0623de700 1 -- 172.21.15.77:0/1919698868 >> [v2:172.21.15.77:6800/171166588,v1:172.21.15.77:6801/171166588] conn(0x7fc044036850 msgr2=0x7fc044038d00 secure :-1 s=STATE_CONNECTION_ESTABLISHED l=1).mark_down
2024-04-26T04:43:25.691 INFO:teuthology.orchestra.run.smithi077.stdout:/usr/bin/ceph: stderr
2024-04-26T04:43:25.079+0000 7fc0623de700 1 --2- 172.21.15.77:0/1919698868 >> [v2:172.21.15.77:6800/171166588,v1:172.21.15.77:6801/171166588] conn(0x7fc044036850 0x7fc044038d00 secure :-1 s=READY pgs=7 cs=0 l=1 rev1=1 crypto rx=0x7fc050009990 tx=0x7fc050006e40 comp rx=0 tx=0).stop
2024-04-26T04:43:25.691 INFO:teuthology.orchestra.run.smithi077.stdout:/usr/bin/ceph: stderr
2024-04-26T04:43:25.079+0000 7fc0623de700 1 -- 172.21.15.77:0/1919698868 >> [v2:172.21.15.77:3300/0,v1:172.21.15.77:6789/0] conn(0x7fc05c102880 msgr2=0x7fc05c1115f0 secure :-1 s=STATE_CONNECTION_ESTABLISHED l=1).mark_down
2024-04-26T04:43:25.691 INFO:teuthology.orchestra.run.smithi077.stdout:/usr/bin/ceph: stderr
2024-04-26T04:43:25.079+0000 7fc0623de700 1 --2- 172.21.15.77:0/1919698868 >> [v2:172.21.15.77:3300/0,v1:172.21.15.77:6789/0] conn(0x7fc05c102880 0x7fc05c1115f0 secure :-1 s=READY pgs=19 cs=0 l=1 rev1=1 crypto rx=0x7fc04c00b440 tx=0x7fc04c009250 comp rx=0 tx=0).stop
2024-04-26T04:43:25.691 INFO:teuthology.orchestra.run.smithi077.stdout:/usr/bin/ceph: stderr
2024-04-26T04:43:25.079+0000 7fc0623de700 1 -- 172.21.15.77:0/1919698868 shutdown_connections
2024-04-26T04:43:25.691 INFO:teuthology.orchestra.run.smithi077.stdout:/usr/bin/ceph: stderr
2024-04-26T04:43:25.079+0000 7fc0623de700 1 --2- 172.21.15.77:0/1919698868 >> [v2:172.21.15.77:6800/171166588,v1:172.21.15.77:6801/171166588] conn(0x7fc044036850 0x7fc044038d00 unknown :-1 s=CLOSED pgs=7 cs=0 l=1 rev1=1 crypto rx=0 tx=0 comp rx=0 tx=0).stop
2024-04-26T04:43:25.691 INFO:teuthology.orchestra.run.smithi077.stdout:/usr/bin/ceph: stderr
2024-04-26T04:43:25.079+0000 7fc0623de700 1 --2- 172.21.15.77:0/1919698868 >> [v2:172.21.15.77:3300/0,v1:172.21.15.77:6789/0] conn(0x7fc05c102880 0x7fc05c1115f0 unknown :-1 s=CLOSED pgs=19 cs=0 l=1 rev1=1 crypto rx=0 tx=0 comp rx=0 tx=0).stop
2024-04-26T04:43:25.691 INFO:teuthology.orchestra.run.smithi077.stdout:/usr/bin/ceph: stderr
2024-04-26T04:43:25.080+0000 7fc0623de700 1 -- 172.21.15.77:0/1919698868 >> 172.21.15.77:0/1919698868 conn(0x7fc05c0fe060 msgr2=0x7fc05c0feaf0 unknown :-1 s=STATE_NONE l=0).mark_down
2024-04-26T04:43:25.691 INFO:teuthology.orchestra.run.smithi077.stdout:/usr/bin/ceph: stderr
2024-04-26T04:43:25.080+0000 7fc0623de700 1 -- 172.21.15.77:0/1919698868 shutdown_connections
2024-04-26T04:43:25.691 INFO:teuthology.orchestra.run.smithi077.stdout:/usr/bin/ceph: stderr
2024-04-26T04:43:25.080+0000 7fc0623de700 1 -- 172.21.15.77:0/1919698868 wait complete.
2024-04-26T04:43:25.692 INFO:teuthology.orchestra.run.smithi077.stdout:Enabling cephadm module...
2024-04-26T04:43:26.659 INFO:journalctl@ceph.mon.smithi077.smithi077.stdout:Apr 26 04:43:26 smithi077 ceph-mon[26311]: from='client.? 172.21.15.77:0/1294233361' entity='client.admin' cmd=[{"prefix": "mgr module enable", "module": "cephadm"}]: dispatch
2024-04-26T04:43:26.976 INFO:teuthology.orchestra.run.smithi077.stdout:/usr/bin/ceph: stderr
2024-04-26T04:43:26.050+0000 7f9a3d4a3700 1 Processor -- start
2024-04-26T04:43:26.976 INFO:teuthology.orchestra.run.smithi077.stdout:/usr/bin/ceph: stderr
2024-04-26T04:43:26.050+0000 7f9a3d4a3700 1 -- start start
2024-04-26T04:43:26.976 INFO:teuthology.orchestra.run.smithi077.stdout:/usr/bin/ceph: stderr
2024-04-26T04:43:26.050+0000 7f9a3d4a3700 1 --2- >> [v2:172.21.15.77:3300/0,v1:172.21.15.77:6789/0] conn(0x7f9a38101730 0x7f9a38101b40 unknown :-1 s=NONE pgs=0 cs=0 l=0 rev1=0 crypto rx=0 tx=0 comp rx=0 tx=0).connect
2024-04-26T04:43:26.976 INFO:teuthology.orchestra.run.smithi077.stdout:/usr/bin/ceph: stderr
2024-04-26T04:43:26.050+0000 7f9a3d4a3700 1 -- --> [v2:172.21.15.77:3300/0,v1:172.21.15.77:6789/0] -- mon_getmap magic: 0 v1 -- 0x7f9a38102080 con 0x7f9a38101730
2024-04-26T04:43:26.976 INFO:teuthology.orchestra.run.smithi077.stdout:/usr/bin/ceph: stderr
2024-04-26T04:43:26.050+0000 7f9a36ffd700 1 --2- >> [v2:172.21.15.77:3300/0,v1:172.21.15.77:6789/0] conn(0x7f9a38101730 0x7f9a38101b40 unknown :-1 s=BANNER_CONNECTING pgs=0 cs=0 l=0 rev1=0 crypto rx=0 tx=0 comp rx=0 tx=0)._handle_peer_banner_payload supported=3 required=0
2024-04-26T04:43:26.976 INFO:teuthology.orchestra.run.smithi077.stdout:/usr/bin/ceph: stderr
2024-04-26T04:43:26.050+0000 7f9a36ffd700 1 --2- >> [v2:172.21.15.77:3300/0,v1:172.21.15.77:6789/0] conn(0x7f9a38101730 0x7f9a38101b40 unknown :-1 s=HELLO_CONNECTING pgs=0 cs=0 l=0 rev1=1 crypto rx=0 tx=0 comp rx=0 tx=0).handle_hello peer v2:172.21.15.77:3300/0 says I am v2:172.21.15.77:53194/0 (socket says 172.21.15.77:53194)
2024-04-26T04:43:26.977 INFO:teuthology.orchestra.run.smithi077.stdout:/usr/bin/ceph: stderr
2024-04-26T04:43:26.050+0000 7f9a36ffd700 1 -- 172.21.15.77:0/324949049 learned_addr learned my addr 172.21.15.77:0/324949049 (peer_addr_for_me v2:172.21.15.77:0/0)
2024-04-26T04:43:26.977 INFO:teuthology.orchestra.run.smithi077.stdout:/usr/bin/ceph: stderr
2024-04-26T04:43:26.050+0000 7f9a36ffd700 1 -- 172.21.15.77:0/324949049 --> [v2:172.21.15.77:3300/0,v1:172.21.15.77:6789/0] -- mon_subscribe({config=0+,monmap=0+}) v3 -- 0x7f9a381021c0 con 0x7f9a38101730
2024-04-26T04:43:26.977 INFO:teuthology.orchestra.run.smithi077.stdout:/usr/bin/ceph: stderr
2024-04-26T04:43:26.050+0000 7f9a36ffd700 1 --2- 172.21.15.77:0/324949049 >> [v2:172.21.15.77:3300/0,v1:172.21.15.77:6789/0] conn(0x7f9a38101730 0x7f9a38101b40 secure :-1 s=READY pgs=20 cs=0 l=1 rev1=1 crypto rx=0x7f9a280098e0 tx=0x7f9a28009250 comp rx=0 tx=0).ready entity=mon.0 client_cookie=940d9d07434c9e14 server_cookie=0 in_seq=0 out_seq=0
2024-04-26T04:43:26.977 INFO:teuthology.orchestra.run.smithi077.stdout:/usr/bin/ceph: stderr
2024-04-26T04:43:26.051+0000 7f9a35ffb700 1 -- 172.21.15.77:0/324949049 <== mon.0 v2:172.21.15.77:3300/0 1 ==== mon_map magic: 0 v1 ==== 229+0+0 (secure 0 0 0) 0x7f9a2800b860 con 0x7f9a38101730
2024-04-26T04:43:26.977 INFO:teuthology.orchestra.run.smithi077.stdout:/usr/bin/ceph: stderr
2024-04-26T04:43:26.051+0000 7f9a35ffb700 1 -- 172.21.15.77:0/324949049 <== mon.0 v2:172.21.15.77:3300/0 2 ==== config(27 keys) v1 ==== 1044+0+0 (secure 0 0 0) 0x7f9a2800be50 con 0x7f9a38101730
2024-04-26T04:43:26.977 INFO:teuthology.orchestra.run.smithi077.stdout:/usr/bin/ceph: stderr
2024-04-26T04:43:26.051+0000 7f9a35ffb700 1 -- 172.21.15.77:0/324949049 <== mon.0 v2:172.21.15.77:3300/0 3 ==== mon_map magic: 0 v1 ==== 229+0+0 (secure 0 0 0) 0x7f9a28010380 con 0x7f9a38101730
2024-04-26T04:43:26.977 INFO:teuthology.orchestra.run.smithi077.stdout:/usr/bin/ceph: stderr
2024-04-26T04:43:26.051+0000 7f9a3d4a3700 1 -- 172.21.15.77:0/324949049 >> [v2:172.21.15.77:3300/0,v1:172.21.15.77:6789/0] conn(0x7f9a38101730 msgr2=0x7f9a38101b40 secure :-1 s=STATE_CONNECTION_ESTABLISHED l=1).mark_down
2024-04-26T04:43:26.977 INFO:teuthology.orchestra.run.smithi077.stdout:/usr/bin/ceph: stderr
2024-04-26T04:43:26.051+0000 7f9a3d4a3700 1 --2- 172.21.15.77:0/324949049 >> [v2:172.21.15.77:3300/0,v1:172.21.15.77:6789/0] conn(0x7f9a38101730 0x7f9a38101b40 secure :-1 s=READY pgs=20 cs=0 l=1 rev1=1 crypto rx=0x7f9a280098e0 tx=0x7f9a28009250 comp rx=0 tx=0).stop
2024-04-26T04:43:26.977 INFO:teuthology.orchestra.run.smithi077.stdout:/usr/bin/ceph: stderr
2024-04-26T04:43:26.051+0000 7f9a3d4a3700 1 -- 172.21.15.77:0/324949049 shutdown_connections
2024-04-26T04:43:26.977 INFO:teuthology.orchestra.run.smithi077.stdout:/usr/bin/ceph: stderr
2024-04-26T04:43:26.051+0000 7f9a3d4a3700 1 --2- 172.21.15.77:0/324949049 >> [v2:172.21.15.77:3300/0,v1:172.21.15.77:6789/0] conn(0x7f9a38101730 0x7f9a38101b40 unknown :-1 s=CLOSED pgs=20 cs=0 l=1 rev1=1 crypto rx=0 tx=0 comp rx=0 tx=0).stop
2024-04-26T04:43:26.977 INFO:teuthology.orchestra.run.smithi077.stdout:/usr/bin/ceph: stderr
2024-04-26T04:43:26.051+0000 7f9a3d4a3700 1 -- 172.21.15.77:0/324949049 >> 172.21.15.77:0/324949049 conn(0x7f9a380fcef0 msgr2=0x7f9a380ff300 unknown :-1 s=STATE_NONE l=0).mark_down
2024-04-26T04:43:26.978 INFO:teuthology.orchestra.run.smithi077.stdout:/usr/bin/ceph: stderr
2024-04-26T04:43:26.051+0000 7f9a3d4a3700 1 -- 172.21.15.77:0/324949049 shutdown_connections
2024-04-26T04:43:26.978 INFO:teuthology.orchestra.run.smithi077.stdout:/usr/bin/ceph: stderr
2024-04-26T04:43:26.051+0000 7f9a3d4a3700 1 -- 172.21.15.77:0/324949049 wait complete.
2024-04-26T04:43:26.978 INFO:teuthology.orchestra.run.smithi077.stdout:/usr/bin/ceph: stderr
2024-04-26T04:43:26.052+0000 7f9a3d4a3700 1 Processor -- start
2024-04-26T04:43:26.978 INFO:teuthology.orchestra.run.smithi077.stdout:/usr/bin/ceph: stderr
2024-04-26T04:43:26.052+0000 7f9a3d4a3700 1 -- start start
2024-04-26T04:43:26.978 INFO:teuthology.orchestra.run.smithi077.stdout:/usr/bin/ceph: stderr
2024-04-26T04:43:26.052+0000 7f9a3d4a3700 1 --2- >> [v2:172.21.15.77:3300/0,v1:172.21.15.77:6789/0] conn(0x7f9a38101730 0x7f9a38111620 unknown :-1 s=NONE pgs=0 cs=0 l=1 rev1=0 crypto rx=0 tx=0 comp rx=0 tx=0).connect
2024-04-26T04:43:26.978 INFO:teuthology.orchestra.run.smithi077.stdout:/usr/bin/ceph: stderr
2024-04-26T04:43:26.052+0000 7f9a3d4a3700 1 -- --> [v2:172.21.15.77:3300/0,v1:172.21.15.77:6789/0] -- mon_getmap magic: 0 v1 -- 0x7f9a38111b60 con 0x7f9a38101730
2024-04-26T04:43:26.978 INFO:teuthology.orchestra.run.smithi077.stdout:/usr/bin/ceph: stderr
2024-04-26T04:43:26.052+0000 7f9a36ffd700 1 --2- >> [v2:172.21.15.77:3300/0,v1:172.21.15.77:6789/0] conn(0x7f9a38101730 0x7f9a38111620 unknown :-1 s=BANNER_CONNECTING pgs=0 cs=0 l=1 rev1=0 crypto rx=0 tx=0 comp rx=0 tx=0)._handle_peer_banner_payload supported=3 required=0
2024-04-26T04:43:26.978 INFO:teuthology.orchestra.run.smithi077.stdout:/usr/bin/ceph: stderr
2024-04-26T04:43:26.052+0000 7f9a36ffd700 1 --2- >> [v2:172.21.15.77:3300/0,v1:172.21.15.77:6789/0] conn(0x7f9a38101730 0x7f9a38111620 unknown :-1 s=HELLO_CONNECTING pgs=0 cs=0 l=1 rev1=1 crypto rx=0 tx=0 comp rx=0 tx=0).handle_hello peer v2:172.21.15.77:3300/0 says I am v2:172.21.15.77:53198/0 (socket says 172.21.15.77:53198)
2024-04-26T04:43:26.978 INFO:teuthology.orchestra.run.smithi077.stdout:/usr/bin/ceph: stderr
2024-04-26T04:43:26.052+0000 7f9a36ffd700 1 -- 172.21.15.77:0/1294233361 learned_addr learned my addr 172.21.15.77:0/1294233361 (peer_addr_for_me v2:172.21.15.77:0/0)
2024-04-26T04:43:26.978 INFO:teuthology.orchestra.run.smithi077.stdout:/usr/bin/ceph: stderr
2024-04-26T04:43:26.052+0000 7f9a36ffd700 1 -- 172.21.15.77:0/1294233361 --> [v2:172.21.15.77:3300/0,v1:172.21.15.77:6789/0] -- mon_subscribe({config=0+,monmap=0+}) v3 -- 0x7f9a280094f0 con 0x7f9a38101730
2024-04-26T04:43:26.978 INFO:teuthology.orchestra.run.smithi077.stdout:/usr/bin/ceph: stderr
2024-04-26T04:43:26.053+0000 7f9a36ffd700 1 --2- 172.21.15.77:0/1294233361 >> [v2:172.21.15.77:3300/0,v1:172.21.15.77:6789/0] conn(0x7f9a38101730 0x7f9a38111620 secure :-1 s=READY pgs=21 cs=0 l=1 rev1=1 crypto rx=0x7f9a28000c00 tx=0x7f9a28009250 comp rx=0 tx=0).ready entity=mon.0 client_cookie=0 server_cookie=0 in_seq=0 out_seq=0
2024-04-26T04:43:26.979 INFO:teuthology.orchestra.run.smithi077.stdout:/usr/bin/ceph: stderr
2024-04-26T04:43:26.053+0000 7f9a1f7fe700 1 -- 172.21.15.77:0/1294233361 <== mon.0 v2:172.21.15.77:3300/0 1 ==== mon_map magic: 0 v1 ==== 229+0+0 (secure 0 0 0) 0x7f9a280107c0 con 0x7f9a38101730
2024-04-26T04:43:26.979 INFO:teuthology.orchestra.run.smithi077.stdout:/usr/bin/ceph: stderr
2024-04-26T04:43:26.053+0000 7f9a1f7fe700 1 -- 172.21.15.77:0/1294233361 <== mon.0 v2:172.21.15.77:3300/0 2 ==== config(27 keys) v1 ==== 1044+0+0 (secure 0 0 0) 0x7f9a28010db0 con 0x7f9a38101730
2024-04-26T04:43:26.979 INFO:teuthology.orchestra.run.smithi077.stdout:/usr/bin/ceph: stderr
2024-04-26T04:43:26.053+0000 7f9a3d4a3700 1 -- 172.21.15.77:0/1294233361 --> [v2:172.21.15.77:3300/0,v1:172.21.15.77:6789/0] -- mon_subscribe({mgrmap=0+}) v3 -- 0x7f9a38111d60 con 0x7f9a38101730
2024-04-26T04:43:26.979 INFO:teuthology.orchestra.run.smithi077.stdout:/usr/bin/ceph: stderr
2024-04-26T04:43:26.053+0000 7f9a1f7fe700 1 -- 172.21.15.77:0/1294233361 <== mon.0 v2:172.21.15.77:3300/0 3 ==== mon_map magic: 0 v1 ==== 229+0+0 (secure 0 0 0) 0x7f9a2801ad00 con 0x7f9a38101730
2024-04-26T04:43:26.979 INFO:teuthology.orchestra.run.smithi077.stdout:/usr/bin/ceph: stderr
2024-04-26T04:43:26.053+0000 7f9a3d4a3700 1 -- 172.21.15.77:0/1294233361 --> [v2:172.21.15.77:3300/0,v1:172.21.15.77:6789/0] -- mon_subscribe({osdmap=0}) v3 -- 0x7f9a38112880 con 0x7f9a38101730
2024-04-26T04:43:26.979 INFO:teuthology.orchestra.run.smithi077.stdout:/usr/bin/ceph: stderr
2024-04-26T04:43:26.053+0000 7f9a1f7fe700 1 -- 172.21.15.77:0/1294233361 <== mon.0 v2:172.21.15.77:3300/0 4 ==== mgrmap(e 4) v1 ==== 43365+0+0 (secure 0 0 0) 0x7f9a280193c0 con 0x7f9a38101730
2024-04-26T04:43:26.979 INFO:teuthology.orchestra.run.smithi077.stdout:/usr/bin/ceph: stderr
2024-04-26T04:43:26.054+0000 7f9a3d4a3700 1 -- 172.21.15.77:0/1294233361 --> [v2:172.21.15.77:3300/0,v1:172.21.15.77:6789/0] -- mon_command({"prefix": "get_command_descriptions"} v 0) v1 -- 0x7f9a3805f5c0 con 0x7f9a38101730
2024-04-26T04:43:26.979 INFO:teuthology.orchestra.run.smithi077.stdout:/usr/bin/ceph: stderr
2024-04-26T04:43:26.054+0000 7f9a1f7fe700 1 --2- 172.21.15.77:0/1294233361 >> [v2:172.21.15.77:6800/171166588,v1:172.21.15.77:6801/171166588] conn(0x7f9a20036850 0x7f9a20038d00 unknown :-1 s=NONE pgs=0 cs=0 l=1 rev1=0 crypto rx=0 tx=0 comp rx=0 tx=0).connect
2024-04-26T04:43:26.979 INFO:teuthology.orchestra.run.smithi077.stdout:/usr/bin/ceph: stderr
2024-04-26T04:43:26.054+0000 7f9a1f7fe700 1 -- 172.21.15.77:0/1294233361 <== mon.0 v2:172.21.15.77:3300/0 5 ==== osd_map(1..1 src has 1..1) v4 ==== 721+0+0 (secure 0 0 0) 0x7f9a2804a5c0 con 0x7f9a38101730
2024-04-26T04:43:26.979 INFO:teuthology.orchestra.run.smithi077.stdout:/usr/bin/ceph: stderr
2024-04-26T04:43:26.054+0000 7f9a367fc700 1 --2- 172.21.15.77:0/1294233361 >> [v2:172.21.15.77:6800/171166588,v1:172.21.15.77:6801/171166588] conn(0x7f9a20036850 0x7f9a20038d00 unknown :-1 s=BANNER_CONNECTING pgs=0 cs=0 l=1 rev1=0 crypto rx=0 tx=0 comp rx=0 tx=0)._handle_peer_banner_payload supported=3 required=0
2024-04-26T04:43:26.979 INFO:teuthology.orchestra.run.smithi077.stdout:/usr/bin/ceph: stderr
2024-04-26T04:43:26.054+0000 7f9a367fc700 1 --2- 172.21.15.77:0/1294233361 >> [v2:172.21.15.77:6800/171166588,v1:172.21.15.77:6801/171166588] conn(0x7f9a20036850 0x7f9a20038d00 secure :-1 s=READY pgs=8 cs=0 l=1 rev1=1 crypto rx=0x7f9a2c009990 tx=0x7f9a2c006e40 comp rx=0 tx=0).ready entity=mgr.14100 client_cookie=0 server_cookie=0 in_seq=0 out_seq=0
2024-04-26T04:43:26.979 INFO:teuthology.orchestra.run.smithi077.stdout:/usr/bin/ceph: stderr
2024-04-26T04:43:26.058+0000 7f9a1f7fe700 1 -- 172.21.15.77:0/1294233361 <== mon.0 v2:172.21.15.77:3300/0 6 ==== mon_command_ack([{"prefix": "get_command_descriptions"}]=0 v0) v1 ==== 72+0+176702 (secure 0 0 0) 0x7f9a28019670 con 0x7f9a38101730
2024-04-26T04:43:26.980 INFO:teuthology.orchestra.run.smithi077.stdout:/usr/bin/ceph: stderr
2024-04-26T04:43:26.297+0000 7f9a3d4a3700 1 -- 172.21.15.77:0/1294233361 --> [v2:172.21.15.77:3300/0,v1:172.21.15.77:6789/0] -- mon_command({"prefix": "mgr module enable", "module": "cephadm"} v 0) v1 -- 0x7f9a3804bed0 con 0x7f9a38101730
2024-04-26T04:43:26.980 INFO:teuthology.orchestra.run.smithi077.stdout:/usr/bin/ceph: stderr
2024-04-26T04:43:26.349+0000 7f9a1f7fe700 1 -- 172.21.15.77:0/1294233361 <== mon.0 v2:172.21.15.77:3300/0 7 ==== mgrmap(e 5) v1 ==== 43376+0+0 (secure 0 0 0) 0x7f9a2801a530 con 0x7f9a38101730
2024-04-26T04:43:26.980 INFO:teuthology.orchestra.run.smithi077.stdout:/usr/bin/ceph: stderr
2024-04-26T04:43:26.350+0000 7f9a1f7fe700 1 -- 172.21.15.77:0/1294233361 <== mon.0 v2:172.21.15.77:3300/0 8 ==== mon_command_ack([{"prefix": "mgr module enable", "module": "cephadm"}]=0 v5) v1 ==== 86+0+0 (secure 0 0 0) 0x7f9a2802b9c0 con 0x7f9a38101730
2024-04-26T04:43:26.980 INFO:teuthology.orchestra.run.smithi077.stdout:/usr/bin/ceph: stderr
2024-04-26T04:43:26.352+0000 7f9a3d4a3700 1 -- 172.21.15.77:0/1294233361 >> [v2:172.21.15.77:6800/171166588,v1:172.21.15.77:6801/171166588] conn(0x7f9a20036850 msgr2=0x7f9a20038d00 secure :-1 s=STATE_CONNECTION_ESTABLISHED l=1).mark_down
2024-04-26T04:43:26.980 INFO:teuthology.orchestra.run.smithi077.stdout:/usr/bin/ceph: stderr
2024-04-26T04:43:26.352+0000 7f9a3d4a3700 1 --2- 172.21.15.77:0/1294233361 >> [v2:172.21.15.77:6800/171166588,v1:172.21.15.77:6801/171166588] conn(0x7f9a20036850 0x7f9a20038d00 secure :-1 s=READY pgs=8 cs=0 l=1 rev1=1 crypto rx=0x7f9a2c009990 tx=0x7f9a2c006e40 comp rx=0 tx=0).stop
2024-04-26T04:43:26.980 INFO:teuthology.orchestra.run.smithi077.stdout:/usr/bin/ceph: stderr
2024-04-26T04:43:26.352+0000 7f9a3d4a3700 1 -- 172.21.15.77:0/1294233361 >> [v2:172.21.15.77:3300/0,v1:172.21.15.77:6789/0] conn(0x7f9a38101730 msgr2=0x7f9a38111620 secure :-1 s=STATE_CONNECTION_ESTABLISHED l=1).mark_down
2024-04-26T04:43:26.980 INFO:teuthology.orchestra.run.smithi077.stdout:/usr/bin/ceph: stderr
2024-04-26T04:43:26.353+0000 7f9a3d4a3700 1 --2- 172.21.15.77:0/1294233361 >> [v2:172.21.15.77:3300/0,v1:172.21.15.77:6789/0] conn(0x7f9a38101730 0x7f9a38111620 secure :-1 s=READY pgs=21 cs=0 l=1 rev1=1 crypto rx=0x7f9a28000c00 tx=0x7f9a28009250 comp rx=0 tx=0).stop
2024-04-26T04:43:26.980 INFO:teuthology.orchestra.run.smithi077.stdout:/usr/bin/ceph: stderr
2024-04-26T04:43:26.353+0000 7f9a3d4a3700 1 -- 172.21.15.77:0/1294233361 shutdown_connections
2024-04-26T04:43:26.980 INFO:teuthology.orchestra.run.smithi077.stdout:/usr/bin/ceph: stderr
2024-04-26T04:43:26.353+0000 7f9a3d4a3700 1 --2- 172.21.15.77:0/1294233361 >> [v2:172.21.15.77:6800/171166588,v1:172.21.15.77:6801/171166588] conn(0x7f9a20036850 0x7f9a20038d00 secure :-1 s=CLOSED pgs=8 cs=0 l=1 rev1=1 crypto rx=0x7f9a2c009990 tx=0x7f9a2c006e40 comp rx=0 tx=0).stop
2024-04-26T04:43:26.980 INFO:teuthology.orchestra.run.smithi077.stdout:/usr/bin/ceph: stderr
2024-04-26T04:43:26.353+0000 7f9a3d4a3700 1 --2- 172.21.15.77:0/1294233361 >> [v2:172.21.15.77:3300/0,v1:172.21.15.77:6789/0] conn(0x7f9a38101730 0x7f9a38111620 unknown :-1 s=CLOSED pgs=21 cs=0 l=1 rev1=1 crypto rx=0 tx=0 comp rx=0 tx=0).stop
2024-04-26T04:43:26.980 INFO:teuthology.orchestra.run.smithi077.stdout:/usr/bin/ceph: stderr
2024-04-26T04:43:26.353+0000 7f9a3d4a3700 1 -- 172.21.15.77:0/1294233361 >> 172.21.15.77:0/1294233361 conn(0x7f9a380fcef0 msgr2=0x7f9a380fdd40 unknown :-1 s=STATE_NONE l=0).mark_down
2024-04-26T04:43:26.980 INFO:teuthology.orchestra.run.smithi077.stdout:/usr/bin/ceph: stderr
2024-04-26T04:43:26.353+0000 7f9a3d4a3700 1 -- 172.21.15.77:0/1294233361 shutdown_connections
2024-04-26T04:43:26.981 INFO:teuthology.orchestra.run.smithi077.stdout:/usr/bin/ceph: stderr
2024-04-26T04:43:26.353+0000 7f9a3d4a3700 1 -- 172.21.15.77:0/1294233361 wait complete.
2024-04-26T04:43:27.600 INFO:journalctl@ceph.mon.smithi077.smithi077.stdout:Apr 26 04:43:27 smithi077 ceph-mon[26311]: from='client.? 172.21.15.77:0/1294233361' entity='client.admin' cmd='[{"prefix": "mgr module enable", "module": "cephadm"}]': finished
2024-04-26T04:43:27.600 INFO:journalctl@ceph.mon.smithi077.smithi077.stdout:Apr 26 04:43:27 smithi077 ceph-mon[26311]: mgrmap e5: smithi077.hkvsor(active, since 5s)
2024-04-26T04:43:28.273 INFO:teuthology.orchestra.run.smithi077.stdout:/usr/bin/ceph: stdout {
2024-04-26T04:43:28.274 INFO:teuthology.orchestra.run.smithi077.stdout:/usr/bin/ceph: stdout "epoch": 5,
2024-04-26T04:43:28.274 INFO:teuthology.orchestra.run.smithi077.stdout:/usr/bin/ceph: stdout "available": true,
2024-04-26T04:43:28.274 INFO:teuthology.orchestra.run.smithi077.stdout:/usr/bin/ceph: stdout "active_name": "smithi077.hkvsor",
2024-04-26T04:43:28.274 INFO:teuthology.orchestra.run.smithi077.stdout:/usr/bin/ceph: stdout "num_standby": 0
2024-04-26T04:43:28.274 INFO:teuthology.orchestra.run.smithi077.stdout:/usr/bin/ceph: stdout }
2024-04-26T04:43:28.274 INFO:teuthology.orchestra.run.smithi077.stdout:/usr/bin/ceph: stderr
2024-04-26T04:43:27.393+0000 7f1db9856700 1 Processor -- start
2024-04-26T04:43:28.274 INFO:teuthology.orchestra.run.smithi077.stdout:/usr/bin/ceph: stderr
2024-04-26T04:43:27.393+0000 7f1db9856700 1 -- start start
2024-04-26T04:43:28.274 INFO:teuthology.orchestra.run.smithi077.stdout:/usr/bin/ceph: stderr
2024-04-26T04:43:27.393+0000 7f1db9856700 1 --2- >> [v2:172.21.15.77:3300/0,v1:172.21.15.77:6789/0] conn(0x7f1db4101d60 0x7f1db4102170 unknown :-1 s=NONE pgs=0 cs=0 l=0 rev1=0 crypto rx=0 tx=0 comp rx=0 tx=0).connect
2024-04-26T04:43:28.274 INFO:teuthology.orchestra.run.smithi077.stdout:/usr/bin/ceph: stderr
2024-04-26T04:43:27.393+0000 7f1db9856700 1 -- --> [v2:172.21.15.77:3300/0,v1:172.21.15.77:6789/0] -- mon_getmap magic: 0 v1 -- 0x7f1db41026b0 con 0x7f1db4101d60
2024-04-26T04:43:28.274 INFO:teuthology.orchestra.run.smithi077.stdout:/usr/bin/ceph: stderr
2024-04-26T04:43:27.394+0000 7f1db2ffd700 1 --2- >> [v2:172.21.15.77:3300/0,v1:172.21.15.77:6789/0] conn(0x7f1db4101d60 0x7f1db4102170 unknown :-1 s=BANNER_CONNECTING pgs=0 cs=0 l=0 rev1=0 crypto rx=0 tx=0 comp rx=0 tx=0)._handle_peer_banner_payload supported=3 required=0
2024-04-26T04:43:28.274 INFO:teuthology.orchestra.run.smithi077.stdout:/usr/bin/ceph: stderr
2024-04-26T04:43:27.394+0000 7f1db2ffd700 1 --2- >> [v2:172.21.15.77:3300/0,v1:172.21.15.77:6789/0] conn(0x7f1db4101d60 0x7f1db4102170 unknown :-1 s=HELLO_CONNECTING pgs=0 cs=0 l=0 rev1=1 crypto rx=0 tx=0 comp rx=0 tx=0).handle_hello peer v2:172.21.15.77:3300/0 says I am v2:172.21.15.77:53224/0 (socket says 172.21.15.77:53224)
2024-04-26T04:43:28.274 INFO:teuthology.orchestra.run.smithi077.stdout:/usr/bin/ceph: stderr
2024-04-26T04:43:27.394+0000 7f1db2ffd700 1 -- 172.21.15.77:0/1316582162 learned_addr learned my addr 172.21.15.77:0/1316582162 (peer_addr_for_me v2:172.21.15.77:0/0)
2024-04-26T04:43:28.275 INFO:teuthology.orchestra.run.smithi077.stdout:/usr/bin/ceph: stderr
2024-04-26T04:43:27.394+0000 7f1db2ffd700 1 -- 172.21.15.77:0/1316582162 --> [v2:172.21.15.77:3300/0,v1:172.21.15.77:6789/0] -- mon_subscribe({config=0+,monmap=0+}) v3 -- 0x7f1db41027f0 con 0x7f1db4101d60
2024-04-26T04:43:28.275 INFO:teuthology.orchestra.run.smithi077.stdout:/usr/bin/ceph: stderr
2024-04-26T04:43:27.394+0000 7f1db2ffd700 1 --2- 172.21.15.77:0/1316582162 >> [v2:172.21.15.77:3300/0,v1:172.21.15.77:6789/0] conn(0x7f1db4101d60 0x7f1db4102170 secure :-1 s=READY pgs=24 cs=0 l=1 rev1=1 crypto rx=0x7f1da800bb80 tx=0x7f1da800b4f0 comp rx=0 tx=0).ready entity=mon.0 client_cookie=6721e5fe287f2774 server_cookie=0 in_seq=0 out_seq=0
2024-04-26T04:43:28.275 INFO:teuthology.orchestra.run.smithi077.stdout:/usr/bin/ceph: stderr
2024-04-26T04:43:27.394+0000 7f1db1ffb700 1 -- 172.21.15.77:0/1316582162 <== mon.0 v2:172.21.15.77:3300/0 1 ==== mon_map magic: 0 v1 ==== 229+0+0 (secure 0 0 0) 0x7f1da800dd00 con 0x7f1db4101d60
2024-04-26T04:43:28.275 INFO:teuthology.orchestra.run.smithi077.stdout:/usr/bin/ceph: stderr
2024-04-26T04:43:27.394+0000 7f1db1ffb700 1 -- 172.21.15.77:0/1316582162 <== mon.0 v2:172.21.15.77:3300/0 2 ==== config(27 keys) v1 ==== 1044+0+0 (secure 0 0 0) 0x7f1da800de60 con 0x7f1db4101d60
2024-04-26T04:43:28.275 INFO:teuthology.orchestra.run.smithi077.stdout:/usr/bin/ceph: stderr
2024-04-26T04:43:27.394+0000 7f1db1ffb700 1 -- 172.21.15.77:0/1316582162 <== mon.0 v2:172.21.15.77:3300/0 3 ==== mon_map magic: 0 v1 ==== 229+0+0 (secure 0 0 0) 0x7f1da80188a0 con 0x7f1db4101d60
2024-04-26T04:43:28.275 INFO:teuthology.orchestra.run.smithi077.stdout:/usr/bin/ceph: stderr
2024-04-26T04:43:27.395+0000 7f1db9856700 1 -- 172.21.15.77:0/1316582162 >> [v2:172.21.15.77:3300/0,v1:172.21.15.77:6789/0] conn(0x7f1db4101d60 msgr2=0x7f1db4102170 secure :-1 s=STATE_CONNECTION_ESTABLISHED l=1).mark_down
2024-04-26T04:43:28.275 INFO:teuthology.orchestra.run.smithi077.stdout:/usr/bin/ceph: stderr
2024-04-26T04:43:27.395+0000 7f1db9856700 1 --2- 172.21.15.77:0/1316582162 >> [v2:172.21.15.77:3300/0,v1:172.21.15.77:6789/0] conn(0x7f1db4101d60 0x7f1db4102170 secure :-1 s=READY pgs=24 cs=0 l=1 rev1=1 crypto rx=0x7f1da800bb80 tx=0x7f1da800b4f0 comp rx=0 tx=0).stop
2024-04-26T04:43:28.275 INFO:teuthology.orchestra.run.smithi077.stdout:/usr/bin/ceph: stderr
2024-04-26T04:43:27.395+0000 7f1db9856700 1 -- 172.21.15.77:0/1316582162 shutdown_connections
2024-04-26T04:43:28.275 INFO:teuthology.orchestra.run.smithi077.stdout:/usr/bin/ceph: stderr
2024-04-26T04:43:27.395+0000 7f1db9856700 1 --2- 172.21.15.77:0/1316582162 >> [v2:172.21.15.77:3300/0,v1:172.21.15.77:6789/0] conn(0x7f1db4101d60 0x7f1db4102170 unknown :-1 s=CLOSED pgs=24 cs=0 l=1 rev1=1 crypto rx=0 tx=0 comp rx=0 tx=0).stop
2024-04-26T04:43:28.275 INFO:teuthology.orchestra.run.smithi077.stdout:/usr/bin/ceph: stderr
2024-04-26T04:43:27.395+0000 7f1db9856700 1 -- 172.21.15.77:0/1316582162 >> 172.21.15.77:0/1316582162 conn(0x7f1db40fc6b0 msgr2=0x7f1db40feac0 unknown :-1 s=STATE_NONE l=0).mark_down
2024-04-26T04:43:28.275 INFO:teuthology.orchestra.run.smithi077.stdout:/usr/bin/ceph: stderr
2024-04-26T04:43:27.395+0000 7f1db9856700 1 -- 172.21.15.77:0/1316582162 shutdown_connections
2024-04-26T04:43:28.275 INFO:teuthology.orchestra.run.smithi077.stdout:/usr/bin/ceph: stderr
2024-04-26T04:43:27.395+0000 7f1db9856700 1 -- 172.21.15.77:0/1316582162 wait complete.
2024-04-26T04:43:28.275 INFO:teuthology.orchestra.run.smithi077.stdout:/usr/bin/ceph: stderr
2024-04-26T04:43:27.396+0000 7f1db9856700 1 Processor -- start
2024-04-26T04:43:28.275 INFO:teuthology.orchestra.run.smithi077.stdout:/usr/bin/ceph: stderr
2024-04-26T04:43:27.396+0000 7f1db9856700 1 -- start start
2024-04-26T04:43:28.275 INFO:teuthology.orchestra.run.smithi077.stdout:/usr/bin/ceph: stderr
2024-04-26T04:43:27.396+0000 7f1db9856700 1 --2- >> [v2:172.21.15.77:3300/0,v1:172.21.15.77:6789/0] conn(0x7f1db4101d60 0x7f1db410f330 unknown :-1 s=NONE pgs=0 cs=0 l=1 rev1=0 crypto rx=0 tx=0 comp rx=0 tx=0).connect
2024-04-26T04:43:28.276 INFO:teuthology.orchestra.run.smithi077.stdout:/usr/bin/ceph: stderr
2024-04-26T04:43:27.396+0000 7f1db9856700 1 -- --> [v2:172.21.15.77:3300/0,v1:172.21.15.77:6789/0] -- mon_getmap magic: 0 v1 -- 0x7f1db410f870 con 0x7f1db4101d60
2024-04-26T04:43:28.276 INFO:teuthology.orchestra.run.smithi077.stdout:/usr/bin/ceph: stderr
2024-04-26T04:43:27.396+0000 7f1db2ffd700 1 --2- >> [v2:172.21.15.77:3300/0,v1:172.21.15.77:6789/0] conn(0x7f1db4101d60 0x7f1db410f330 unknown :-1 s=BANNER_CONNECTING pgs=0 cs=0 l=1 rev1=0 crypto rx=0 tx=0 comp rx=0 tx=0)._handle_peer_banner_payload supported=3 required=0
2024-04-26T04:43:28.276 INFO:teuthology.orchestra.run.smithi077.stdout:/usr/bin/ceph: stderr
2024-04-26T04:43:27.396+0000 7f1db2ffd700 1 --2- >> [v2:172.21.15.77:3300/0,v1:172.21.15.77:6789/0] conn(0x7f1db4101d60 0x7f1db410f330 unknown :-1 s=HELLO_CONNECTING pgs=0 cs=0 l=1 rev1=1 crypto rx=0 tx=0 comp rx=0 tx=0).handle_hello peer v2:172.21.15.77:3300/0 says I am v2:172.21.15.77:53238/0 (socket says 172.21.15.77:53238)
2024-04-26T04:43:28.276 INFO:teuthology.orchestra.run.smithi077.stdout:/usr/bin/ceph: stderr
2024-04-26T04:43:27.396+0000 7f1db2ffd700 1 -- 172.21.15.77:0/1914211622 learned_addr learned my addr 172.21.15.77:0/1914211622 (peer_addr_for_me v2:172.21.15.77:0/0)
2024-04-26T04:43:28.276 INFO:teuthology.orchestra.run.smithi077.stdout:/usr/bin/ceph: stderr
2024-04-26T04:43:27.396+0000 7f1db2ffd700 1 -- 172.21.15.77:0/1914211622 --> [v2:172.21.15.77:3300/0,v1:172.21.15.77:6789/0] -- mon_subscribe({config=0+,monmap=0+}) v3 -- 0x7f1da800b790 con 0x7f1db4101d60
2024-04-26T04:43:28.276 INFO:teuthology.orchestra.run.smithi077.stdout:/usr/bin/ceph: stderr
2024-04-26T04:43:27.396+0000 7f1db2ffd700 1 --2- 172.21.15.77:0/1914211622 >> [v2:172.21.15.77:3300/0,v1:172.21.15.77:6789/0] conn(0x7f1db4101d60 0x7f1db410f330 secure :-1 s=READY pgs=25 cs=0 l=1 rev1=1 crypto rx=0x7f1da800d650 tx=0x7f1da800b4f0 comp rx=0 tx=0).ready entity=mon.0 client_cookie=0 server_cookie=0 in_seq=0 out_seq=0
2024-04-26T04:43:28.276 INFO:teuthology.orchestra.run.smithi077.stdout:/usr/bin/ceph: stderr
2024-04-26T04:43:27.396+0000 7f1d9b7fe700 1 -- 172.21.15.77:0/1914211622 <== mon.0 v2:172.21.15.77:3300/0 1 ==== mon_map magic: 0 v1 ==== 229+0+0 (secure 0 0 0) 0x7f1da8010b50 con 0x7f1db4101d60
2024-04-26T04:43:28.276 INFO:teuthology.orchestra.run.smithi077.stdout:/usr/bin/ceph: stderr
2024-04-26T04:43:27.397+0000 7f1db9856700 1 -- 172.21.15.77:0/1914211622 --> [v2:172.21.15.77:3300/0,v1:172.21.15.77:6789/0] -- mon_subscribe({mgrmap=0+}) v3 -- 0x7f1db410fa70 con 0x7f1db4101d60
2024-04-26T04:43:28.277 INFO:teuthology.orchestra.run.smithi077.stdout:/usr/bin/ceph: stderr
2024-04-26T04:43:27.397+0000 7f1d9b7fe700 1 -- 172.21.15.77:0/1914211622 <== mon.0 v2:172.21.15.77:3300/0 2 ==== config(27 keys) v1 ==== 1044+0+0 (secure 0 0 0) 0x7f1da801d050 con 0x7f1db4101d60
2024-04-26T04:43:28.278 INFO:teuthology.orchestra.run.smithi077.stdout:/usr/bin/ceph: stderr
2024-04-26T04:43:27.397+0000 7f1d9b7fe700 1 -- 172.21.15.77:0/1914211622 <== mon.0 v2:172.21.15.77:3300/0 3 ==== mon_map magic: 0 v1 ==== 229+0+0 (secure 0 0 0) 0x7f1da8022590 con 0x7f1db4101d60
2024-04-26T04:43:28.278 INFO:teuthology.orchestra.run.smithi077.stdout:/usr/bin/ceph: stderr
2024-04-26T04:43:27.397+0000 7f1db9856700 1 -- 172.21.15.77:0/1914211622 --> [v2:172.21.15.77:3300/0,v1:172.21.15.77:6789/0] -- mon_subscribe({osdmap=0}) v3 -- 0x7f1db41105e0 con 0x7f1db4101d60
2024-04-26T04:43:28.278 INFO:teuthology.orchestra.run.smithi077.stdout:/usr/bin/ceph: stderr
2024-04-26T04:43:27.397+0000 7f1d9b7fe700 1 -- 172.21.15.77:0/1914211622 <== mon.0 v2:172.21.15.77:3300/0 4 ==== mgrmap(e 5) v1 ==== 43376+0+0 (secure 0 0 0) 0x7f1da8022790 con 0x7f1db4101d60
2024-04-26T04:43:28.278 INFO:teuthology.orchestra.run.smithi077.stdout:/usr/bin/ceph: stderr
2024-04-26T04:43:27.398+0000 7f1d9b7fe700 1 --2- 172.21.15.77:0/1914211622 >> [v2:172.21.15.77:6800/171166588,v1:172.21.15.77:6801/171166588] conn(0x7f1d9c036830 0x7f1d9c038ce0 unknown :-1 s=NONE pgs=0 cs=0 l=1 rev1=0 crypto rx=0 tx=0 comp rx=0 tx=0).connect
2024-04-26T04:43:28.278 INFO:teuthology.orchestra.run.smithi077.stdout:/usr/bin/ceph: stderr
2024-04-26T04:43:27.398+0000 7f1d9b7fe700 1 -- 172.21.15.77:0/1914211622 <== mon.0 v2:172.21.15.77:3300/0 5 ==== osd_map(1..1 src has 1..1) v4 ==== 721+0+0 (secure 0 0 0) 0x7f1da8014070 con 0x7f1db4101d60
2024-04-26T04:43:28.278 INFO:teuthology.orchestra.run.smithi077.stdout:/usr/bin/ceph: stderr
2024-04-26T04:43:27.398+0000 7f1db27fc700 1 -- 172.21.15.77:0/1914211622 >> [v2:172.21.15.77:6800/171166588,v1:172.21.15.77:6801/171166588] conn(0x7f1d9c036830 msgr2=0x7f1d9c038ce0 unknown :-1 s=STATE_CONNECTING_RE l=1).process reconnect failed to v2:172.21.15.77:6800/171166588
2024-04-26T04:43:28.278 INFO:teuthology.orchestra.run.smithi077.stdout:/usr/bin/ceph: stderr
2024-04-26T04:43:27.398+0000 7f1db27fc700 1 --2- 172.21.15.77:0/1914211622 >> [v2:172.21.15.77:6800/171166588,v1:172.21.15.77:6801/171166588] conn(0x7f1d9c036830 0x7f1d9c038ce0 unknown :-1 s=START_CONNECT pgs=0 cs=0 l=1 rev1=0 crypto rx=0 tx=0 comp rx=0 tx=0)._fault waiting 0.200000
2024-04-26T04:43:28.278 INFO:teuthology.orchestra.run.smithi077.stdout:/usr/bin/ceph: stderr
2024-04-26T04:43:27.398+0000 7f1db9856700 1 -- 172.21.15.77:0/1914211622 --> [v2:172.21.15.77:3300/0,v1:172.21.15.77:6789/0] -- mon_command({"prefix": "get_command_descriptions"} v 0) v1 -- 0x7f1db405f5c0 con 0x7f1db4101d60
2024-04-26T04:43:28.278 INFO:teuthology.orchestra.run.smithi077.stdout:/usr/bin/ceph: stderr
2024-04-26T04:43:27.403+0000 7f1d9b7fe700 1 -- 172.21.15.77:0/1914211622 <== mon.0 v2:172.21.15.77:3300/0 6 ==== mon_command_ack([{"prefix": "get_command_descriptions"}]=0 v0) v1 ==== 72+0+176702 (secure 0 0 0) 0x7f1da8049020 con 0x7f1db4101d60
2024-04-26T04:43:28.278 INFO:teuthology.orchestra.run.smithi077.stdout:/usr/bin/ceph: stderr
2024-04-26T04:43:27.599+0000 7f1db27fc700 1 -- 172.21.15.77:0/1914211622 >> [v2:172.21.15.77:6800/171166588,v1:172.21.15.77:6801/171166588] conn(0x7f1d9c036830 msgr2=0x7f1d9c038ce0 unknown :-1 s=STATE_CONNECTING_RE l=1).process reconnect failed to v2:172.21.15.77:6800/171166588
2024-04-26T04:43:28.278 INFO:teuthology.orchestra.run.smithi077.stdout:/usr/bin/ceph: stderr
2024-04-26T04:43:27.599+0000 7f1db27fc700 1 --2- 172.21.15.77:0/1914211622 >> [v2:172.21.15.77:6800/171166588,v1:172.21.15.77:6801/171166588] conn(0x7f1d9c036830 0x7f1d9c038ce0 unknown :-1 s=START_CONNECT pgs=0 cs=0 l=1 rev1=0 crypto rx=0 tx=0 comp rx=0 tx=0)._fault waiting 0.400000
2024-04-26T04:43:28.278 INFO:teuthology.orchestra.run.smithi077.stdout:/usr/bin/ceph: stderr
2024-04-26T04:43:27.696+0000 7f1db9856700 1 -- 172.21.15.77:0/1914211622 --> [v2:172.21.15.77:3300/0,v1:172.21.15.77:6789/0] -- mon_command({"prefix": "mgr stat"} v 0) v1 -- 0x7f1db4110ff0 con 0x7f1db4101d60
2024-04-26T04:43:28.278 INFO:teuthology.orchestra.run.smithi077.stdout:/usr/bin/ceph: stderr
2024-04-26T04:43:27.696+0000 7f1d9b7fe700 1 -- 172.21.15.77:0/1914211622 <== mon.0 v2:172.21.15.77:3300/0 7 ==== mon_command_ack([{"prefix": "mgr stat"}]=0 v5) v1 ==== 56+0+103 (secure 0 0 0) 0x7f1da800e360 con 0x7f1db4101d60
2024-04-26T04:43:28.278 INFO:teuthology.orchestra.run.smithi077.stdout:/usr/bin/ceph: stderr
2024-04-26T04:43:27.698+0000 7f1db9856700 1 -- 172.21.15.77:0/1914211622 >> [v2:172.21.15.77:6800/171166588,v1:172.21.15.77:6801/171166588] conn(0x7f1d9c036830 msgr2=0x7f1d9c038ce0 unknown :-1 s=STATE_CONNECTING l=1).mark_down
2024-04-26T04:43:28.279 INFO:teuthology.orchestra.run.smithi077.stdout:/usr/bin/ceph: stderr
2024-04-26T04:43:27.698+0000 7f1db9856700 1 --2- 172.21.15.77:0/1914211622 >> [v2:172.21.15.77:6800/171166588,v1:172.21.15.77:6801/171166588] conn(0x7f1d9c036830 0x7f1d9c038ce0 unknown :-1 s=START_CONNECT pgs=0 cs=0 l=1 rev1=0 crypto rx=0 tx=0 comp rx=0 tx=0).stop
2024-04-26T04:43:28.279 INFO:teuthology.orchestra.run.smithi077.stdout:/usr/bin/ceph: stderr
2024-04-26T04:43:27.698+0000 7f1db9856700 1 -- 172.21.15.77:0/1914211622 >> [v2:172.21.15.77:3300/0,v1:172.21.15.77:6789/0] conn(0x7f1db4101d60 msgr2=0x7f1db410f330 secure :-1 s=STATE_CONNECTION_ESTABLISHED l=1).mark_down
2024-04-26T04:43:28.279 INFO:teuthology.orchestra.run.smithi077.stdout:/usr/bin/ceph: stderr
2024-04-26T04:43:27.698+0000 7f1db9856700 1 --2- 172.21.15.77:0/1914211622 >> [v2:172.21.15.77:3300/0,v1:172.21.15.77:6789/0] conn(0x7f1db4101d60 0x7f1db410f330 secure :-1 s=READY pgs=25 cs=0 l=1 rev1=1 crypto rx=0x7f1da800d650 tx=0x7f1da800b4f0 comp rx=0 tx=0).stop
2024-04-26T04:43:28.279 INFO:teuthology.orchestra.run.smithi077.stdout:/usr/bin/ceph: stderr
2024-04-26T04:43:27.698+0000 7f1db9856700 1 -- 172.21.15.77:0/1914211622 shutdown_connections
2024-04-26T04:43:28.279 INFO:teuthology.orchestra.run.smithi077.stdout:/usr/bin/ceph: stderr
2024-04-26T04:43:27.698+0000 7f1db9856700 1 --2- 172.21.15.77:0/1914211622 >> [v2:172.21.15.77:6800/171166588,v1:172.21.15.77:6801/171166588] conn(0x7f1d9c036830 0x7f1d9c038ce0 unknown :-1 s=CLOSED pgs=0 cs=0 l=1 rev1=0 crypto rx=0 tx=0 comp rx=0 tx=0).stop
2024-04-26T04:43:28.279 INFO:teuthology.orchestra.run.smithi077.stdout:/usr/bin/ceph: stderr
2024-04-26T04:43:27.698+0000 7f1db9856700 1 --2- 172.21.15.77:0/1914211622 >> [v2:172.21.15.77:3300/0,v1:172.21.15.77:6789/0] conn(0x7f1db4101d60 0x7f1db410f330 unknown :-1 s=CLOSED pgs=25 cs=0 l=1 rev1=1 crypto rx=0 tx=0 comp rx=0 tx=0).stop
2024-04-26T04:43:28.279 INFO:teuthology.orchestra.run.smithi077.stdout:/usr/bin/ceph: stderr
2024-04-26T04:43:27.698+0000 7f1db9856700 1 -- 172.21.15.77:0/1914211622 >> 172.21.15.77:0/1914211622 conn(0x7f1db40fc6b0 msgr2=0x7f1db41060f0 unknown :-1 s=STATE_NONE l=0).mark_down
2024-04-26T04:43:28.279 INFO:teuthology.orchestra.run.smithi077.stdout:/usr/bin/ceph: stderr
2024-04-26T04:43:27.699+0000 7f1db9856700 1 -- 172.21.15.77:0/1914211622 shutdown_connections
2024-04-26T04:43:28.279 INFO:teuthology.orchestra.run.smithi077.stdout:/usr/bin/ceph: stderr
2024-04-26T04:43:27.699+0000 7f1db9856700 1 -- 172.21.15.77:0/1914211622 wait complete.
2024-04-26T04:43:28.279 INFO:teuthology.orchestra.run.smithi077.stdout:Waiting for the mgr to restart...
2024-04-26T04:43:28.279 INFO:teuthology.orchestra.run.smithi077.stdout:Waiting for mgr epoch 5...
2024-04-26T04:43:28.537 INFO:journalctl@ceph.mon.smithi077.smithi077.stdout:Apr 26 04:43:28 smithi077 ceph-mon[26311]: from='client.? 172.21.15.77:0/1914211622' entity='client.admin' cmd=[{"prefix": "mgr stat"}]: dispatch
2024-04-26T04:43:32.993 INFO:journalctl@ceph.mon.smithi077.smithi077.stdout:Apr 26 04:43:32 smithi077 ceph-mon[26311]: Active manager daemon smithi077.hkvsor restarted
2024-04-26T04:43:32.993 INFO:journalctl@ceph.mon.smithi077.smithi077.stdout:Apr 26 04:43:32 smithi077 ceph-mon[26311]: Activating manager daemon smithi077.hkvsor
2024-04-26T04:43:32.994 INFO:journalctl@ceph.mon.smithi077.smithi077.stdout:Apr 26 04:43:32 smithi077 ceph-mon[26311]: osdmap e2: 0 total, 0 up, 0 in
2024-04-26T04:43:32.994 INFO:journalctl@ceph.mon.smithi077.smithi077.stdout:Apr 26 04:43:32 smithi077 ceph-mon[26311]: mgrmap e6: smithi077.hkvsor(active, starting, since 0.00340942s)
2024-04-26T04:43:32.994 INFO:journalctl@ceph.mon.smithi077.smithi077.stdout:Apr 26 04:43:32 smithi077 ceph-mon[26311]: from='mgr.14118 172.21.15.77:0/3506613443' entity='mgr.smithi077.hkvsor' cmd=[{"prefix": "mon metadata", "id": "smithi077"}]: dispatch
2024-04-26T04:43:32.994 INFO:journalctl@ceph.mon.smithi077.smithi077.stdout:Apr 26 04:43:32 smithi077 ceph-mon[26311]: from='mgr.14118 172.21.15.77:0/3506613443' entity='mgr.smithi077.hkvsor' cmd=[{"prefix": "mgr metadata", "who": "smithi077.hkvsor", "id": "smithi077.hkvsor"}]: dispatch
2024-04-26T04:43:32.994 INFO:journalctl@ceph.mon.smithi077.smithi077.stdout:Apr 26 04:43:32 smithi077 ceph-mon[26311]: from='mgr.14118 172.21.15.77:0/3506613443' entity='mgr.smithi077.hkvsor' cmd=[{"prefix": "mds metadata"}]: dispatch
2024-04-26T04:43:32.994 INFO:journalctl@ceph.mon.smithi077.smithi077.stdout:Apr 26 04:43:32 smithi077 ceph-mon[26311]: from='mgr.14118 172.21.15.77:0/3506613443' entity='mgr.smithi077.hkvsor' cmd=[{"prefix": "osd metadata"}]: dispatch
2024-04-26T04:43:32.995 INFO:journalctl@ceph.mon.smithi077.smithi077.stdout:Apr 26 04:43:32 smithi077 ceph-mon[26311]: from='mgr.14118 172.21.15.77:0/3506613443' entity='mgr.smithi077.hkvsor' cmd=[{"prefix": "mon metadata"}]: dispatch
2024-04-26T04:43:32.995 INFO:journalctl@ceph.mon.smithi077.smithi077.stdout:Apr 26 04:43:32 smithi077 ceph-mon[26311]: Manager daemon smithi077.hkvsor is now available
2024-04-26T04:43:32.995 INFO:journalctl@ceph.mon.smithi077.smithi077.stdout:Apr 26 04:43:32 smithi077 ceph-mon[26311]: from='mgr.14118 172.21.15.77:0/3506613443' entity='mgr.smithi077.hkvsor'
2024-04-26T04:43:32.995 INFO:journalctl@ceph.mon.smithi077.smithi077.stdout:Apr 26 04:43:32 smithi077 ceph-mon[26311]: from='mgr.14118 172.21.15.77:0/3506613443' entity='mgr.smithi077.hkvsor'
2024-04-26T04:43:32.995 INFO:journalctl@ceph.mon.smithi077.smithi077.stdout:Apr 26 04:43:32 smithi077 ceph-mon[26311]: from='mgr.14118 172.21.15.77:0/3506613443' entity='mgr.smithi077.hkvsor' cmd=[{"prefix": "config dump", "format": "json"}]: dispatch
2024-04-26T04:43:32.995 INFO:journalctl@ceph.mon.smithi077.smithi077.stdout:Apr 26 04:43:32 smithi077 ceph-mon[26311]: from='mgr.14118 172.21.15.77:0/3506613443' entity='mgr.smithi077.hkvsor' cmd=[{"prefix": "config dump", "format": "json"}]: dispatch
2024-04-26T04:43:32.996 INFO:journalctl@ceph.mon.smithi077.smithi077.stdout:Apr 26 04:43:32 smithi077 ceph-mon[26311]: from='mgr.14118 172.21.15.77:0/3506613443' entity='mgr.smithi077.hkvsor' cmd=[{"prefix": "config dump", "format": "json"}]: dispatch
2024-04-26T04:43:32.996 INFO:journalctl@ceph.mon.smithi077.smithi077.stdout:Apr 26 04:43:32 smithi077 ceph-mon[26311]: from='mgr.14118 172.21.15.77:0/3506613443' entity='mgr.smithi077.hkvsor' cmd=[{"prefix":"config rm","who":"mgr","name":"mgr/rbd_support/smithi077.hkvsor/mirror_snapshot_schedule"}]: dispatch
2024-04-26T04:43:32.996 INFO:journalctl@ceph.mon.smithi077.smithi077.stdout:Apr 26 04:43:32 smithi077 ceph-mon[26311]: from='mgr.14118 172.21.15.77:0/3506613443' entity='mgr.smithi077.hkvsor' cmd=[{"prefix":"config rm","who":"mgr","name":"mgr/rbd_support/smithi077.hkvsor/trash_purge_schedule"}]: dispatch
2024-04-26T04:43:34.112 INFO:journalctl@ceph.mon.smithi077.smithi077.stdout:Apr 26 04:43:33 smithi077 ceph-mon[26311]: Found migration_current of "None". Setting to last migration.
2024-04-26T04:43:34.112 INFO:journalctl@ceph.mon.smithi077.smithi077.stdout:Apr 26 04:43:33 smithi077 ceph-mon[26311]: mgrmap e7: smithi077.hkvsor(active, since 1.00511s)
2024-04-26T04:43:34.384 INFO:teuthology.orchestra.run.smithi077.stdout:/usr/bin/ceph: stdout {
2024-04-26T04:43:34.385 INFO:teuthology.orchestra.run.smithi077.stdout:/usr/bin/ceph: stdout "mgrmap_epoch": 7,
2024-04-26T04:43:34.388 INFO:teuthology.orchestra.run.smithi077.stdout:/usr/bin/ceph: stdout "initialized": true
2024-04-26T04:43:34.388 INFO:teuthology.orchestra.run.smithi077.stdout:/usr/bin/ceph: stdout }
2024-04-26T04:43:34.388 INFO:teuthology.orchestra.run.smithi077.stdout:/usr/bin/ceph: stderr
2024-04-26T04:43:28.739+0000 7faf0b770700 1 Processor -- start
2024-04-26T04:43:34.388 INFO:teuthology.orchestra.run.smithi077.stdout:/usr/bin/ceph: stderr
2024-04-26T04:43:28.740+0000 7faf0b770700 1 -- start start
2024-04-26T04:43:34.388 INFO:teuthology.orchestra.run.smithi077.stdout:/usr/bin/ceph: stderr
2024-04-26T04:43:28.740+0000 7faf0b770700 1 --2- >> [v2:172.21.15.77:3300/0,v1:172.21.15.77:6789/0] conn(0x7faf040712d0 0x7faf04105470 unknown :-1 s=NONE pgs=0 cs=0 l=0 rev1=0 crypto rx=0 tx=0 comp rx=0 tx=0).connect
2024-04-26T04:43:34.388 INFO:teuthology.orchestra.run.smithi077.stdout:/usr/bin/ceph: stderr
2024-04-26T04:43:28.740+0000 7faf0b770700 1 -- --> [v2:172.21.15.77:3300/0,v1:172.21.15.77:6789/0] -- mon_getmap magic: 0 v1 -- 0x7faf041059b0 con 0x7faf040712d0
2024-04-26T04:43:34.388 INFO:teuthology.orchestra.run.smithi077.stdout:/usr/bin/ceph: stderr
2024-04-26T04:43:28.740+0000 7faf0950c700 1 --2- >> [v2:172.21.15.77:3300/0,v1:172.21.15.77:6789/0] conn(0x7faf040712d0 0x7faf04105470 unknown :-1 s=BANNER_CONNECTING pgs=0 cs=0 l=0 rev1=0 crypto rx=0 tx=0 comp rx=0 tx=0)._handle_peer_banner_payload supported=3 required=0
2024-04-26T04:43:34.388 INFO:teuthology.orchestra.run.smithi077.stdout:/usr/bin/ceph: stderr
2024-04-26T04:43:28.740+0000 7faf0950c700 1 --2- >> [v2:172.21.15.77:3300/0,v1:172.21.15.77:6789/0] conn(0x7faf040712d0 0x7faf04105470 unknown :-1 s=HELLO_CONNECTING pgs=0 cs=0 l=0 rev1=1 crypto rx=0 tx=0 comp rx=0 tx=0).handle_hello peer v2:172.21.15.77:3300/0 says I am v2:172.21.15.77:33610/0 (socket says 172.21.15.77:33610)
2024-04-26T04:43:34.389 INFO:teuthology.orchestra.run.smithi077.stdout:/usr/bin/ceph: stderr
2024-04-26T04:43:28.740+0000 7faf0950c700 1 -- 172.21.15.77:0/4237720945 learned_addr learned my addr 172.21.15.77:0/4237720945 (peer_addr_for_me v2:172.21.15.77:0/0)
2024-04-26T04:43:34.389 INFO:teuthology.orchestra.run.smithi077.stdout:/usr/bin/ceph: stderr
2024-04-26T04:43:28.740+0000 7faf0950c700 1 -- 172.21.15.77:0/4237720945 --> [v2:172.21.15.77:3300/0,v1:172.21.15.77:6789/0] -- mon_subscribe({config=0+,monmap=0+}) v3 -- 0x7faf04105af0 con 0x7faf040712d0
2024-04-26T04:43:34.389 INFO:teuthology.orchestra.run.smithi077.stdout:/usr/bin/ceph: stderr
2024-04-26T04:43:28.740+0000 7faf0950c700 1 --2- 172.21.15.77:0/4237720945 >> [v2:172.21.15.77:3300/0,v1:172.21.15.77:6789/0] conn(0x7faf040712d0 0x7faf04105470 secure :-1 s=READY pgs=26 cs=0 l=1 rev1=1 crypto rx=0x7faf000098e0 tx=0x7faf00009250 comp rx=0 tx=0).ready entity=mon.0 client_cookie=dad0fca6b1b5ee37 server_cookie=0 in_seq=0 out_seq=0
2024-04-26T04:43:34.389 INFO:teuthology.orchestra.run.smithi077.stdout:/usr/bin/ceph: stderr
2024-04-26T04:43:28.741+0000 7faefbfff700 1 -- 172.21.15.77:0/4237720945 <== mon.0 v2:172.21.15.77:3300/0 1 ==== mon_map magic: 0 v1 ==== 229+0+0 (secure 0 0 0) 0x7faf0000b860 con 0x7faf040712d0
2024-04-26T04:43:34.389 INFO:teuthology.orchestra.run.smithi077.stdout:/usr/bin/ceph: stderr
2024-04-26T04:43:28.741+0000 7faefbfff700 1 -- 172.21.15.77:0/4237720945 <== mon.0 v2:172.21.15.77:3300/0 2 ==== config(27 keys) v1 ==== 1044+0+0 (secure 0 0 0) 0x7faf0000be50 con 0x7faf040712d0
2024-04-26T04:43:34.389 INFO:teuthology.orchestra.run.smithi077.stdout:/usr/bin/ceph: stderr
2024-04-26T04:43:28.741+0000 7faefbfff700 1 -- 172.21.15.77:0/4237720945 <== mon.0 v2:172.21.15.77:3300/0 3 ==== mon_map magic: 0 v1 ==== 229+0+0 (secure 0 0 0) 0x7faf00010380 con 0x7faf040712d0
2024-04-26T04:43:34.389 INFO:teuthology.orchestra.run.smithi077.stdout:/usr/bin/ceph: stderr
2024-04-26T04:43:28.741+0000 7faf0b770700 1 -- 172.21.15.77:0/4237720945 >> [v2:172.21.15.77:3300/0,v1:172.21.15.77:6789/0] conn(0x7faf040712d0 msgr2=0x7faf04105470 secure :-1 s=STATE_CONNECTION_ESTABLISHED l=1).mark_down
2024-04-26T04:43:34.389 INFO:teuthology.orchestra.run.smithi077.stdout:/usr/bin/ceph: stderr
2024-04-26T04:43:28.741+0000 7faf0b770700 1 --2- 172.21.15.77:0/4237720945 >> [v2:172.21.15.77:3300/0,v1:172.21.15.77:6789/0] conn(0x7faf040712d0 0x7faf04105470 secure :-1 s=READY pgs=26 cs=0 l=1 rev1=1 crypto rx=0x7faf000098e0 tx=0x7faf00009250 comp rx=0 tx=0).stop
2024-04-26T04:43:34.389 INFO:teuthology.orchestra.run.smithi077.stdout:/usr/bin/ceph: stderr
2024-04-26T04:43:28.741+0000 7faf0b770700 1 -- 172.21.15.77:0/4237720945 shutdown_connections
2024-04-26T04:43:34.389 INFO:teuthology.orchestra.run.smithi077.stdout:/usr/bin/ceph: stderr
2024-04-26T04:43:28.741+0000 7faf0b770700 1 --2- 172.21.15.77:0/4237720945 >> [v2:172.21.15.77:3300/0,v1:172.21.15.77:6789/0] conn(0x7faf040712d0 0x7faf04105470 unknown :-1 s=CLOSED pgs=26 cs=0 l=1 rev1=1 crypto rx=0 tx=0 comp rx=0 tx=0).stop
2024-04-26T04:43:34.389 INFO:teuthology.orchestra.run.smithi077.stdout:/usr/bin/ceph: stderr
2024-04-26T04:43:28.741+0000 7faf0b770700 1 -- 172.21.15.77:0/4237720945 >> 172.21.15.77:0/4237720945 conn(0x7faf040fcea0 msgr2=0x7faf040ff2f0 unknown :-1 s=STATE_NONE l=0).mark_down
2024-04-26T04:43:34.389 INFO:teuthology.orchestra.run.smithi077.stdout:/usr/bin/ceph: stderr
2024-04-26T04:43:28.741+0000 7faf0b770700 1 -- 172.21.15.77:0/4237720945 shutdown_connections
2024-04-26T04:43:34.389 INFO:teuthology.orchestra.run.smithi077.stdout:/usr/bin/ceph: stderr
2024-04-26T04:43:28.741+0000 7faf0b770700 1 -- 172.21.15.77:0/4237720945 wait complete.
2024-04-26T04:43:34.390 INFO:teuthology.orchestra.run.smithi077.stdout:/usr/bin/ceph: stderr
2024-04-26T04:43:28.742+0000 7faf0b770700 1 Processor -- start
2024-04-26T04:43:34.390 INFO:teuthology.orchestra.run.smithi077.stdout:/usr/bin/ceph: stderr
2024-04-26T04:43:28.742+0000 7faf0b770700 1 -- start start
2024-04-26T04:43:34.390 INFO:teuthology.orchestra.run.smithi077.stdout:/usr/bin/ceph: stderr
2024-04-26T04:43:28.742+0000 7faf0b770700 1 --2- >> [v2:172.21.15.77:3300/0,v1:172.21.15.77:6789/0] conn(0x7faf040712d0 0x7faf04102dc0 unknown :-1 s=NONE pgs=0 cs=0 l=1 rev1=0 crypto rx=0 tx=0 comp rx=0 tx=0).connect
2024-04-26T04:43:34.390 INFO:teuthology.orchestra.run.smithi077.stdout:/usr/bin/ceph: stderr
2024-04-26T04:43:28.742+0000 7faf0b770700 1 -- --> [v2:172.21.15.77:3300/0,v1:172.21.15.77:6789/0] -- mon_getmap magic: 0 v1 -- 0x7faf04103300 con 0x7faf040712d0
2024-04-26T04:43:34.390 INFO:teuthology.orchestra.run.smithi077.stdout:/usr/bin/ceph: stderr
2024-04-26T04:43:28.742+0000 7faf0950c700 1 --2- >> [v2:172.21.15.77:3300/0,v1:172.21.15.77:6789/0] conn(0x7faf040712d0 0x7faf04102dc0 unknown :-1 s=BANNER_CONNECTING pgs=0 cs=0 l=1 rev1=0 crypto rx=0 tx=0 comp rx=0 tx=0)._handle_peer_banner_payload supported=3 required=0
2024-04-26T04:43:34.390 INFO:teuthology.orchestra.run.smithi077.stdout:/usr/bin/ceph: stderr
2024-04-26T04:43:28.742+0000 7faf0950c700 1 --2- >> [v2:172.21.15.77:3300/0,v1:172.21.15.77:6789/0] conn(0x7faf040712d0 0x7faf04102dc0 unknown :-1 s=HELLO_CONNECTING pgs=0 cs=0 l=1 rev1=1 crypto rx=0 tx=0 comp rx=0 tx=0).handle_hello peer v2:172.21.15.77:3300/0 says I am v2:172.21.15.77:33620/0 (socket says 172.21.15.77:33620)
2024-04-26T04:43:34.390 INFO:teuthology.orchestra.run.smithi077.stdout:/usr/bin/ceph: stderr
2024-04-26T04:43:28.742+0000 7faf0950c700 1 -- 172.21.15.77:0/1616088220 learned_addr learned my addr 172.21.15.77:0/1616088220 (peer_addr_for_me v2:172.21.15.77:0/0)
2024-04-26T04:43:34.390 INFO:teuthology.orchestra.run.smithi077.stdout:/usr/bin/ceph: stderr
2024-04-26T04:43:28.743+0000 7faf0950c700 1 -- 172.21.15.77:0/1616088220 --> [v2:172.21.15.77:3300/0,v1:172.21.15.77:6789/0] -- mon_subscribe({config=0+,monmap=0+}) v3 -- 0x7faf000094f0 con 0x7faf040712d0
2024-04-26T04:43:34.390 INFO:teuthology.orchestra.run.smithi077.stdout:/usr/bin/ceph: stderr
