2024-04-26T04:43:28.743+0000 7faf0950c700 1 --2- 172.21.15.77:0/1616088220 >> [v2:172.21.15.77:3300/0,v1:172.21.15.77:6789/0] conn(0x7faf040712d0 0x7faf04102dc0 secure :-1 s=READY pgs=27 cs=0 l=1 rev1=1 crypto rx=0x7faf00006b00 tx=0x7faf00009250 comp rx=0 tx=0).ready entity=mon.0 client_cookie=0 server_cookie=0 in_seq=0 out_seq=0
2024-04-26T04:43:34.390 INFO:teuthology.orchestra.run.smithi077.stdout:/usr/bin/ceph: stderr
2024-04-26T04:43:28.743+0000 7faef9ffb700 1 -- 172.21.15.77:0/1616088220 <== mon.0 v2:172.21.15.77:3300/0 1 ==== mon_map magic: 0 v1 ==== 229+0+0 (secure 0 0 0) 0x7faf000107c0 con 0x7faf040712d0
2024-04-26T04:43:34.390 INFO:teuthology.orchestra.run.smithi077.stdout:/usr/bin/ceph: stderr
2024-04-26T04:43:28.743+0000 7faf0b770700 1 -- 172.21.15.77:0/1616088220 --> [v2:172.21.15.77:3300/0,v1:172.21.15.77:6789/0] -- mon_subscribe({mgrmap=0+}) v3 -- 0x7faf04101370 con 0x7faf040712d0
2024-04-26T04:43:34.390 INFO:teuthology.orchestra.run.smithi077.stdout:/usr/bin/ceph: stderr
2024-04-26T04:43:28.743+0000 7faef9ffb700 1 -- 172.21.15.77:0/1616088220 <== mon.0 v2:172.21.15.77:3300/0 2 ==== config(27 keys) v1 ==== 1044+0+0 (secure 0 0 0) 0x7faf00010db0 con 0x7faf040712d0
2024-04-26T04:43:34.391 INFO:teuthology.orchestra.run.smithi077.stdout:/usr/bin/ceph: stderr
2024-04-26T04:43:28.743+0000 7faef9ffb700 1 -- 172.21.15.77:0/1616088220 <== mon.0 v2:172.21.15.77:3300/0 3 ==== mon_map magic: 0 v1 ==== 229+0+0 (secure 0 0 0) 0x7faf0001acf0 con 0x7faf040712d0
2024-04-26T04:43:34.391 INFO:teuthology.orchestra.run.smithi077.stdout:/usr/bin/ceph: stderr
2024-04-26T04:43:28.743+0000 7faf0b770700 1 -- 172.21.15.77:0/1616088220 --> [v2:172.21.15.77:3300/0,v1:172.21.15.77:6789/0] -- mon_subscribe({osdmap=0}) v3 -- 0x7faf04101860 con 0x7faf040712d0
2024-04-26T04:43:34.391 INFO:teuthology.orchestra.run.smithi077.stdout:/usr/bin/ceph: stderr
2024-04-26T04:43:28.744+0000 7faef9ffb700 1 -- 172.21.15.77:0/1616088220 <== mon.0 v2:172.21.15.77:3300/0 4 ==== mgrmap(e 5) v1 ==== 43376+0+0 (secure 0 0 0) 0x7faf000193c0 con 0x7faf040712d0
2024-04-26T04:43:34.391 INFO:teuthology.orchestra.run.smithi077.stdout:/usr/bin/ceph: stderr
2024-04-26T04:43:28.744+0000 7faef9ffb700 1 --2- 172.21.15.77:0/1616088220 >> [v2:172.21.15.77:6800/171166588,v1:172.21.15.77:6801/171166588] conn(0x7faef0036850 0x7faef0038d00 unknown :-1 s=NONE pgs=0 cs=0 l=1 rev1=0 crypto rx=0 tx=0 comp rx=0 tx=0).connect
2024-04-26T04:43:34.391 INFO:teuthology.orchestra.run.smithi077.stdout:/usr/bin/ceph: stderr
2024-04-26T04:43:28.744+0000 7faef9ffb700 1 -- 172.21.15.77:0/1616088220 --> [v2:172.21.15.77:6800/171166588,v1:172.21.15.77:6801/171166588] -- command(tid 0: {"prefix": "get_command_descriptions"}) v1 -- 0x7faef0039410 con 0x7faef0036850
2024-04-26T04:43:34.391 INFO:teuthology.orchestra.run.smithi077.stdout:/usr/bin/ceph: stderr
2024-04-26T04:43:28.744+0000 7faf08d0b700 1 -- 172.21.15.77:0/1616088220 >> [v2:172.21.15.77:6800/171166588,v1:172.21.15.77:6801/171166588] conn(0x7faef0036850 msgr2=0x7faef0038d00 unknown :-1 s=STATE_CONNECTING_RE l=1).process reconnect failed to v2:172.21.15.77:6800/171166588
2024-04-26T04:43:34.391 INFO:teuthology.orchestra.run.smithi077.stdout:/usr/bin/ceph: stderr
2024-04-26T04:43:28.744+0000 7faef9ffb700 1 -- 172.21.15.77:0/1616088220 <== mon.0 v2:172.21.15.77:3300/0 5 ==== osd_map(1..1 src has 1..1) v4 ==== 721+0+0 (secure 0 0 0) 0x7faf0004a610 con 0x7faf040712d0
2024-04-26T04:43:34.391 INFO:teuthology.orchestra.run.smithi077.stdout:/usr/bin/ceph: stderr
2024-04-26T04:43:28.744+0000 7faf08d0b700 1 --2- 172.21.15.77:0/1616088220 >> [v2:172.21.15.77:6800/171166588,v1:172.21.15.77:6801/171166588] conn(0x7faef0036850 0x7faef0038d00 unknown :-1 s=START_CONNECT pgs=0 cs=0 l=1 rev1=0 crypto rx=0 tx=0 comp rx=0 tx=0)._fault waiting 0.200000
2024-04-26T04:43:34.391 INFO:teuthology.orchestra.run.smithi077.stdout:/usr/bin/ceph: stderr
2024-04-26T04:43:28.945+0000 7faf08d0b700 1 -- 172.21.15.77:0/1616088220 >> [v2:172.21.15.77:6800/171166588,v1:172.21.15.77:6801/171166588] conn(0x7faef0036850 msgr2=0x7faef0038d00 unknown :-1 s=STATE_CONNECTING_RE l=1).process reconnect failed to v2:172.21.15.77:6800/171166588
2024-04-26T04:43:34.391 INFO:teuthology.orchestra.run.smithi077.stdout:/usr/bin/ceph: stderr
2024-04-26T04:43:28.945+0000 7faf08d0b700 1 --2- 172.21.15.77:0/1616088220 >> [v2:172.21.15.77:6800/171166588,v1:172.21.15.77:6801/171166588] conn(0x7faef0036850 0x7faef0038d00 unknown :-1 s=START_CONNECT pgs=0 cs=0 l=1 rev1=0 crypto rx=0 tx=0 comp rx=0 tx=0)._fault waiting 0.400000
2024-04-26T04:43:34.391 INFO:teuthology.orchestra.run.smithi077.stdout:/usr/bin/ceph: stderr
2024-04-26T04:43:29.346+0000 7faf08d0b700 1 -- 172.21.15.77:0/1616088220 >> [v2:172.21.15.77:6800/171166588,v1:172.21.15.77:6801/171166588] conn(0x7faef0036850 msgr2=0x7faef0038d00 unknown :-1 s=STATE_CONNECTING_RE l=1).process reconnect failed to v2:172.21.15.77:6800/171166588
2024-04-26T04:43:34.391 INFO:teuthology.orchestra.run.smithi077.stdout:/usr/bin/ceph: stderr
2024-04-26T04:43:29.346+0000 7faf08d0b700 1 --2- 172.21.15.77:0/1616088220 >> [v2:172.21.15.77:6800/171166588,v1:172.21.15.77:6801/171166588] conn(0x7faef0036850 0x7faef0038d00 unknown :-1 s=START_CONNECT pgs=0 cs=0 l=1 rev1=0 crypto rx=0 tx=0 comp rx=0 tx=0)._fault waiting 0.800000
2024-04-26T04:43:34.391 INFO:teuthology.orchestra.run.smithi077.stdout:/usr/bin/ceph: stderr
2024-04-26T04:43:30.147+0000 7faf08d0b700 1 -- 172.21.15.77:0/1616088220 >> [v2:172.21.15.77:6800/171166588,v1:172.21.15.77:6801/171166588] conn(0x7faef0036850 msgr2=0x7faef0038d00 unknown :-1 s=STATE_CONNECTING_RE l=1).process reconnect failed to v2:172.21.15.77:6800/171166588
2024-04-26T04:43:34.392 INFO:teuthology.orchestra.run.smithi077.stdout:/usr/bin/ceph: stderr
2024-04-26T04:43:30.147+0000 7faf08d0b700 1 --2- 172.21.15.77:0/1616088220 >> [v2:172.21.15.77:6800/171166588,v1:172.21.15.77:6801/171166588] conn(0x7faef0036850 0x7faef0038d00 unknown :-1 s=START_CONNECT pgs=0 cs=0 l=1 rev1=0 crypto rx=0 tx=0 comp rx=0 tx=0)._fault waiting 1.600000
2024-04-26T04:43:34.392 INFO:teuthology.orchestra.run.smithi077.stdout:/usr/bin/ceph: stderr
2024-04-26T04:43:31.748+0000 7faf08d0b700 1 -- 172.21.15.77:0/1616088220 >> [v2:172.21.15.77:6800/171166588,v1:172.21.15.77:6801/171166588] conn(0x7faef0036850 msgr2=0x7faef0038d00 unknown :-1 s=STATE_CONNECTING_RE l=1).process reconnect failed to v2:172.21.15.77:6800/171166588
2024-04-26T04:43:34.392 INFO:teuthology.orchestra.run.smithi077.stdout:/usr/bin/ceph: stderr
2024-04-26T04:43:31.748+0000 7faf08d0b700 1 --2- 172.21.15.77:0/1616088220 >> [v2:172.21.15.77:6800/171166588,v1:172.21.15.77:6801/171166588] conn(0x7faef0036850 0x7faef0038d00 unknown :-1 s=START_CONNECT pgs=0 cs=0 l=1 rev1=0 crypto rx=0 tx=0 comp rx=0 tx=0)._fault waiting 3.200000
2024-04-26T04:43:34.392 INFO:teuthology.orchestra.run.smithi077.stdout:/usr/bin/ceph: stderr
2024-04-26T04:43:32.801+0000 7faef9ffb700 1 -- 172.21.15.77:0/1616088220 <== mon.0 v2:172.21.15.77:3300/0 6 ==== mgrmap(e 6) v1 ==== 43143+0+0 (secure 0 0 0) 0x7faf000198a0 con 0x7faf040712d0
2024-04-26T04:43:34.392 INFO:teuthology.orchestra.run.smithi077.stdout:/usr/bin/ceph: stderr
2024-04-26T04:43:32.801+0000 7faef9ffb700 1 -- 172.21.15.77:0/1616088220 >> [v2:172.21.15.77:6800/171166588,v1:172.21.15.77:6801/171166588] conn(0x7faef0036850 msgr2=0x7faef0038d00 unknown :-1 s=STATE_CONNECTING l=1).mark_down
2024-04-26T04:43:34.392 INFO:teuthology.orchestra.run.smithi077.stdout:/usr/bin/ceph: stderr
2024-04-26T04:43:32.801+0000 7faef9ffb700 1 --2- 172.21.15.77:0/1616088220 >> [v2:172.21.15.77:6800/171166588,v1:172.21.15.77:6801/171166588] conn(0x7faef0036850 0x7faef0038d00 unknown :-1 s=START_CONNECT pgs=0 cs=0 l=1 rev1=0 crypto rx=0 tx=0 comp rx=0 tx=0).stop
2024-04-26T04:43:34.392 INFO:teuthology.orchestra.run.smithi077.stdout:/usr/bin/ceph: stderr
2024-04-26T04:43:33.802+0000 7faef9ffb700 1 -- 172.21.15.77:0/1616088220 <== mon.0 v2:172.21.15.77:3300/0 7 ==== mgrmap(e 7) v1 ==== 43270+0+0 (secure 0 0 0) 0x7faf00019c20 con 0x7faf040712d0
2024-04-26T04:43:34.392 INFO:teuthology.orchestra.run.smithi077.stdout:/usr/bin/ceph: stderr
2024-04-26T04:43:33.802+0000 7faef9ffb700 1 --2- 172.21.15.77:0/1616088220 >> [v2:172.21.15.77:6800/3157890049,v1:172.21.15.77:6801/3157890049] conn(0x7faef0039ff0 0x7faef003c3d0 unknown :-1 s=NONE pgs=0 cs=0 l=1 rev1=0 crypto rx=0 tx=0 comp rx=0 tx=0).connect
2024-04-26T04:43:34.392 INFO:teuthology.orchestra.run.smithi077.stdout:/usr/bin/ceph: stderr
2024-04-26T04:43:33.802+0000 7faef9ffb700 1 -- 172.21.15.77:0/1616088220 --> [v2:172.21.15.77:6800/3157890049,v1:172.21.15.77:6801/3157890049] -- command(tid 0: {"prefix": "get_command_descriptions"}) v1 -- 0x7faef0039410 con 0x7faef0039ff0
2024-04-26T04:43:34.392 INFO:teuthology.orchestra.run.smithi077.stdout:/usr/bin/ceph: stderr
2024-04-26T04:43:33.803+0000 7faf08d0b700 1 --2- 172.21.15.77:0/1616088220 >> [v2:172.21.15.77:6800/3157890049,v1:172.21.15.77:6801/3157890049] conn(0x7faef0039ff0 0x7faef003c3d0 unknown :-1 s=BANNER_CONNECTING pgs=0 cs=0 l=1 rev1=0 crypto rx=0 tx=0 comp rx=0 tx=0)._handle_peer_banner_payload supported=3 required=0
2024-04-26T04:43:34.392 INFO:teuthology.orchestra.run.smithi077.stdout:/usr/bin/ceph: stderr
2024-04-26T04:43:33.804+0000 7faf08d0b700 1 --2- 172.21.15.77:0/1616088220 >> [v2:172.21.15.77:6800/3157890049,v1:172.21.15.77:6801/3157890049] conn(0x7faef0039ff0 0x7faef003c3d0 secure :-1 s=READY pgs=3 cs=0 l=1 rev1=1 crypto rx=0x7faef40039d0 tx=0x7faef4009350 comp rx=0 tx=0).ready entity=mgr.14118 client_cookie=0 server_cookie=0 in_seq=0 out_seq=0
2024-04-26T04:43:34.392 INFO:teuthology.orchestra.run.smithi077.stdout:/usr/bin/ceph: stderr
2024-04-26T04:43:33.804+0000 7faef9ffb700 1 -- 172.21.15.77:0/1616088220 <== mgr.14118 v2:172.21.15.77:6800/3157890049 1 ==== command_reply(tid 0: 0 ) v1 ==== 8+0+6549 (secure 0 0 0) 0x7faef0039410 con 0x7faef0039ff0
2024-04-26T04:43:34.392 INFO:teuthology.orchestra.run.smithi077.stdout:/usr/bin/ceph: stderr
2024-04-26T04:43:33.814+0000 7faf0b770700 1 -- 172.21.15.77:0/1616088220 --> [v2:172.21.15.77:6800/3157890049,v1:172.21.15.77:6801/3157890049] -- command(tid 1: {"prefix": "mgr_status"}) v1 -- 0x7faf0404bed0 con 0x7faef0039ff0
2024-04-26T04:43:34.392 INFO:teuthology.orchestra.run.smithi077.stdout:/usr/bin/ceph: stderr
2024-04-26T04:43:33.814+0000 7faef9ffb700 1 -- 172.21.15.77:0/1616088220 <== mgr.14118 v2:172.21.15.77:6800/3157890049 2 ==== command_reply(tid 1: 0 ) v1 ==== 8+0+51 (secure 0 0 0) 0x7faf0404bed0 con 0x7faef0039ff0
2024-04-26T04:43:34.393 INFO:teuthology.orchestra.run.smithi077.stdout:/usr/bin/ceph: stderr
2024-04-26T04:43:33.815+0000 7faf0b770700 1 -- 172.21.15.77:0/1616088220 >> [v2:172.21.15.77:6800/3157890049,v1:172.21.15.77:6801/3157890049] conn(0x7faef0039ff0 msgr2=0x7faef003c3d0 secure :-1 s=STATE_CONNECTION_ESTABLISHED l=1).mark_down
2024-04-26T04:43:34.393 INFO:teuthology.orchestra.run.smithi077.stdout:/usr/bin/ceph: stderr
2024-04-26T04:43:33.815+0000 7faf0b770700 1 --2- 172.21.15.77:0/1616088220 >> [v2:172.21.15.77:6800/3157890049,v1:172.21.15.77:6801/3157890049] conn(0x7faef0039ff0 0x7faef003c3d0 secure :-1 s=READY pgs=3 cs=0 l=1 rev1=1 crypto rx=0x7faef40039d0 tx=0x7faef4009350 comp rx=0 tx=0).stop
2024-04-26T04:43:34.393 INFO:teuthology.orchestra.run.smithi077.stdout:/usr/bin/ceph: stderr
2024-04-26T04:43:33.815+0000 7faf0b770700 1 -- 172.21.15.77:0/1616088220 >> [v2:172.21.15.77:3300/0,v1:172.21.15.77:6789/0] conn(0x7faf040712d0 msgr2=0x7faf04102dc0 secure :-1 s=STATE_CONNECTION_ESTABLISHED l=1).mark_down
2024-04-26T04:43:34.393 INFO:teuthology.orchestra.run.smithi077.stdout:/usr/bin/ceph: stderr
2024-04-26T04:43:33.815+0000 7faf0b770700 1 --2- 172.21.15.77:0/1616088220 >> [v2:172.21.15.77:3300/0,v1:172.21.15.77:6789/0] conn(0x7faf040712d0 0x7faf04102dc0 secure :-1 s=READY pgs=27 cs=0 l=1 rev1=1 crypto rx=0x7faf00006b00 tx=0x7faf00009250 comp rx=0 tx=0).stop
2024-04-26T04:43:34.393 INFO:teuthology.orchestra.run.smithi077.stdout:/usr/bin/ceph: stderr
2024-04-26T04:43:33.815+0000 7faf0b770700 1 -- 172.21.15.77:0/1616088220 shutdown_connections
2024-04-26T04:43:34.393 INFO:teuthology.orchestra.run.smithi077.stdout:/usr/bin/ceph: stderr
2024-04-26T04:43:33.815+0000 7faf0b770700 1 --2- 172.21.15.77:0/1616088220 >> [v2:172.21.15.77:6800/3157890049,v1:172.21.15.77:6801/3157890049] conn(0x7faef0039ff0 0x7faef003c3d0 unknown :-1 s=CLOSED pgs=3 cs=0 l=1 rev1=1 crypto rx=0 tx=0 comp rx=0 tx=0).stop
2024-04-26T04:43:34.393 INFO:teuthology.orchestra.run.smithi077.stdout:/usr/bin/ceph: stderr
2024-04-26T04:43:33.815+0000 7faf0b770700 1 --2- 172.21.15.77:0/1616088220 >> [v2:172.21.15.77:3300/0,v1:172.21.15.77:6789/0] conn(0x7faf040712d0 0x7faf04102dc0 unknown :-1 s=CLOSED pgs=27 cs=0 l=1 rev1=1 crypto rx=0 tx=0 comp rx=0 tx=0).stop
2024-04-26T04:43:34.393 INFO:teuthology.orchestra.run.smithi077.stdout:/usr/bin/ceph: stderr
2024-04-26T04:43:33.815+0000 7faf0b770700 1 --2- 172.21.15.77:0/1616088220 >> [v2:172.21.15.77:6800/171166588,v1:172.21.15.77:6801/171166588] conn(0x7faef0036850 0x7faef0038d00 unknown :-1 s=CLOSED pgs=0 cs=0 l=1 rev1=0 crypto rx=0 tx=0 comp rx=0 tx=0).stop
2024-04-26T04:43:34.393 INFO:teuthology.orchestra.run.smithi077.stdout:/usr/bin/ceph: stderr
2024-04-26T04:43:33.815+0000 7faf0b770700 1 -- 172.21.15.77:0/1616088220 >> 172.21.15.77:0/1616088220 conn(0x7faf040fcea0 msgr2=0x7faf040fda10 unknown :-1 s=STATE_NONE l=0).mark_down
2024-04-26T04:43:34.393 INFO:teuthology.orchestra.run.smithi077.stdout:/usr/bin/ceph: stderr
2024-04-26T04:43:33.815+0000 7faf0b770700 1 -- 172.21.15.77:0/1616088220 shutdown_connections
2024-04-26T04:43:34.394 INFO:teuthology.orchestra.run.smithi077.stdout:/usr/bin/ceph: stderr
2024-04-26T04:43:33.815+0000 7faf0b770700 1 -- 172.21.15.77:0/1616088220 wait complete.
2024-04-26T04:43:34.394 INFO:teuthology.orchestra.run.smithi077.stdout:mgr epoch 5 is available
2024-04-26T04:43:34.394 INFO:teuthology.orchestra.run.smithi077.stdout:Setting orchestrator backend to cephadm...
2024-04-26T04:43:35.645 INFO:journalctl@ceph.mon.smithi077.smithi077.stdout:Apr 26 04:43:35 smithi077 ceph-mon[26311]: from='client.14122 -' entity='client.admin' cmd=[{"prefix": "get_command_descriptions"}]: dispatch
2024-04-26T04:43:35.645 INFO:journalctl@ceph.mon.smithi077.smithi077.stdout:Apr 26 04:43:35 smithi077 ceph-mon[26311]: from='client.14122 -' entity='client.admin' cmd=[{"prefix": "mgr_status"}]: dispatch
2024-04-26T04:43:35.645 INFO:journalctl@ceph.mon.smithi077.smithi077.stdout:Apr 26 04:43:35 smithi077 ceph-mon[26311]: [26/Apr/2024:04:43:34] ENGINE Bus STARTING
2024-04-26T04:43:35.645 INFO:journalctl@ceph.mon.smithi077.smithi077.stdout:Apr 26 04:43:35 smithi077 ceph-mon[26311]: [26/Apr/2024:04:43:34] ENGINE Serving on https://172.21.15.77:7150
2024-04-26T04:43:35.645 INFO:journalctl@ceph.mon.smithi077.smithi077.stdout:Apr 26 04:43:35 smithi077 ceph-mon[26311]: [26/Apr/2024:04:43:34] ENGINE Bus STARTED
2024-04-26T04:43:35.645 INFO:journalctl@ceph.mon.smithi077.smithi077.stdout:Apr 26 04:43:35 smithi077 ceph-mon[26311]: from='mgr.14118 172.21.15.77:0/3506613443' entity='mgr.smithi077.hkvsor'
2024-04-26T04:43:35.645 INFO:journalctl@ceph.mon.smithi077.smithi077.stdout:Apr 26 04:43:35 smithi077 ceph-mon[26311]: from='mgr.14118 172.21.15.77:0/3506613443' entity='mgr.smithi077.hkvsor' cmd=[{"prefix": "config dump", "format": "json"}]: dispatch
2024-04-26T04:43:35.645 INFO:journalctl@ceph.mon.smithi077.smithi077.stdout:Apr 26 04:43:35 smithi077 ceph-mon[26311]: from='mgr.14118 172.21.15.77:0/3506613443' entity='mgr.smithi077.hkvsor'
2024-04-26T04:43:35.645 INFO:journalctl@ceph.mon.smithi077.smithi077.stdout:Apr 26 04:43:35 smithi077 ceph-mon[26311]: from='mgr.14118 172.21.15.77:0/3506613443' entity='mgr.smithi077.hkvsor' cmd=[{"prefix": "config dump", "format": "json"}]: dispatch
2024-04-26T04:43:35.652 INFO:teuthology.orchestra.run.smithi077.stdout:/usr/bin/ceph: stderr
2024-04-26T04:43:34.787+0000 7ff916457700 1 Processor -- start
2024-04-26T04:43:35.652 INFO:teuthology.orchestra.run.smithi077.stdout:/usr/bin/ceph: stderr
2024-04-26T04:43:34.787+0000 7ff916457700 1 -- start start
2024-04-26T04:43:35.652 INFO:teuthology.orchestra.run.smithi077.stdout:/usr/bin/ceph: stderr
2024-04-26T04:43:34.787+0000 7ff916457700 1 --2- >> [v2:172.21.15.77:3300/0,v1:172.21.15.77:6789/0] conn(0x7ff910101730 0x7ff910101b40 unknown :-1 s=NONE pgs=0 cs=0 l=0 rev1=0 crypto rx=0 tx=0 comp rx=0 tx=0).connect
2024-04-26T04:43:35.652 INFO:teuthology.orchestra.run.smithi077.stdout:/usr/bin/ceph: stderr
2024-04-26T04:43:34.787+0000 7ff916457700 1 -- --> [v2:172.21.15.77:3300/0,v1:172.21.15.77:6789/0] -- mon_getmap magic: 0 v1 -- 0x7ff910102080 con 0x7ff910101730
2024-04-26T04:43:35.652 INFO:teuthology.orchestra.run.smithi077.stdout:/usr/bin/ceph: stderr
2024-04-26T04:43:34.787+0000 7ff90ffff700 1 --2- >> [v2:172.21.15.77:3300/0,v1:172.21.15.77:6789/0] conn(0x7ff910101730 0x7ff910101b40 unknown :-1 s=BANNER_CONNECTING pgs=0 cs=0 l=0 rev1=0 crypto rx=0 tx=0 comp rx=0 tx=0)._handle_peer_banner_payload supported=3 required=0
2024-04-26T04:43:35.652 INFO:teuthology.orchestra.run.smithi077.stdout:/usr/bin/ceph: stderr
2024-04-26T04:43:34.787+0000 7ff90ffff700 1 --2- >> [v2:172.21.15.77:3300/0,v1:172.21.15.77:6789/0] conn(0x7ff910101730 0x7ff910101b40 unknown :-1 s=HELLO_CONNECTING pgs=0 cs=0 l=0 rev1=1 crypto rx=0 tx=0 comp rx=0 tx=0).handle_hello peer v2:172.21.15.77:3300/0 says I am v2:172.21.15.77:33716/0 (socket says 172.21.15.77:33716)
2024-04-26T04:43:35.652 INFO:teuthology.orchestra.run.smithi077.stdout:/usr/bin/ceph: stderr
2024-04-26T04:43:34.787+0000 7ff90ffff700 1 -- 172.21.15.77:0/1753709086 learned_addr learned my addr 172.21.15.77:0/1753709086 (peer_addr_for_me v2:172.21.15.77:0/0)
2024-04-26T04:43:35.653 INFO:teuthology.orchestra.run.smithi077.stdout:/usr/bin/ceph: stderr
2024-04-26T04:43:34.788+0000 7ff90ffff700 1 -- 172.21.15.77:0/1753709086 --> [v2:172.21.15.77:3300/0,v1:172.21.15.77:6789/0] -- mon_subscribe({config=0+,monmap=0+}) v3 -- 0x7ff9101021c0 con 0x7ff910101730
2024-04-26T04:43:35.653 INFO:teuthology.orchestra.run.smithi077.stdout:/usr/bin/ceph: stderr
2024-04-26T04:43:34.788+0000 7ff90ffff700 1 --2- 172.21.15.77:0/1753709086 >> [v2:172.21.15.77:3300/0,v1:172.21.15.77:6789/0] conn(0x7ff910101730 0x7ff910101b40 secure :-1 s=READY pgs=35 cs=0 l=1 rev1=1 crypto rx=0x7ff9000098e0 tx=0x7ff900009250 comp rx=0 tx=0).ready entity=mon.0 client_cookie=f3d5a6e5502d7b17 server_cookie=0 in_seq=0 out_seq=0
2024-04-26T04:43:35.653 INFO:teuthology.orchestra.run.smithi077.stdout:/usr/bin/ceph: stderr
2024-04-26T04:43:34.788+0000 7ff90effd700 1 -- 172.21.15.77:0/1753709086 <== mon.0 v2:172.21.15.77:3300/0 1 ==== mon_map magic: 0 v1 ==== 229+0+0 (secure 0 0 0) 0x7ff90000b860 con 0x7ff910101730
2024-04-26T04:43:35.653 INFO:teuthology.orchestra.run.smithi077.stdout:/usr/bin/ceph: stderr
2024-04-26T04:43:34.788+0000 7ff90effd700 1 -- 172.21.15.77:0/1753709086 <== mon.0 v2:172.21.15.77:3300/0 2 ==== config(27 keys) v1 ==== 1044+0+0 (secure 0 0 0) 0x7ff90000be50 con 0x7ff910101730
2024-04-26T04:43:35.653 INFO:teuthology.orchestra.run.smithi077.stdout:/usr/bin/ceph: stderr
2024-04-26T04:43:34.788+0000 7ff90effd700 1 -- 172.21.15.77:0/1753709086 <== mon.0 v2:172.21.15.77:3300/0 3 ==== mon_map magic: 0 v1 ==== 229+0+0 (secure 0 0 0) 0x7ff900010380 con 0x7ff910101730
2024-04-26T04:43:35.653 INFO:teuthology.orchestra.run.smithi077.stdout:/usr/bin/ceph: stderr
2024-04-26T04:43:34.788+0000 7ff916457700 1 -- 172.21.15.77:0/1753709086 >> [v2:172.21.15.77:3300/0,v1:172.21.15.77:6789/0] conn(0x7ff910101730 msgr2=0x7ff910101b40 secure :-1 s=STATE_CONNECTION_ESTABLISHED l=1).mark_down
2024-04-26T04:43:35.653 INFO:teuthology.orchestra.run.smithi077.stdout:/usr/bin/ceph: stderr
2024-04-26T04:43:34.788+0000 7ff916457700 1 --2- 172.21.15.77:0/1753709086 >> [v2:172.21.15.77:3300/0,v1:172.21.15.77:6789/0] conn(0x7ff910101730 0x7ff910101b40 secure :-1 s=READY pgs=35 cs=0 l=1 rev1=1 crypto rx=0x7ff9000098e0 tx=0x7ff900009250 comp rx=0 tx=0).stop
2024-04-26T04:43:35.653 INFO:teuthology.orchestra.run.smithi077.stdout:/usr/bin/ceph: stderr
2024-04-26T04:43:34.789+0000 7ff916457700 1 -- 172.21.15.77:0/1753709086 shutdown_connections
2024-04-26T04:43:35.653 INFO:teuthology.orchestra.run.smithi077.stdout:/usr/bin/ceph: stderr
2024-04-26T04:43:34.789+0000 7ff916457700 1 --2- 172.21.15.77:0/1753709086 >> [v2:172.21.15.77:3300/0,v1:172.21.15.77:6789/0] conn(0x7ff910101730 0x7ff910101b40 unknown :-1 s=CLOSED pgs=35 cs=0 l=1 rev1=1 crypto rx=0 tx=0 comp rx=0 tx=0).stop
2024-04-26T04:43:35.653 INFO:teuthology.orchestra.run.smithi077.stdout:/usr/bin/ceph: stderr
2024-04-26T04:43:34.789+0000 7ff916457700 1 -- 172.21.15.77:0/1753709086 >> 172.21.15.77:0/1753709086 conn(0x7ff9100fcef0 msgr2=0x7ff9100ff300 unknown :-1 s=STATE_NONE l=0).mark_down
2024-04-26T04:43:35.653 INFO:teuthology.orchestra.run.smithi077.stdout:/usr/bin/ceph: stderr
2024-04-26T04:43:34.789+0000 7ff916457700 1 -- 172.21.15.77:0/1753709086 shutdown_connections
2024-04-26T04:43:35.653 INFO:teuthology.orchestra.run.smithi077.stdout:/usr/bin/ceph: stderr
2024-04-26T04:43:34.789+0000 7ff916457700 1 -- 172.21.15.77:0/1753709086 wait complete.
2024-04-26T04:43:35.653 INFO:teuthology.orchestra.run.smithi077.stdout:/usr/bin/ceph: stderr
2024-04-26T04:43:34.789+0000 7ff916457700 1 Processor -- start
2024-04-26T04:43:35.653 INFO:teuthology.orchestra.run.smithi077.stdout:/usr/bin/ceph: stderr
2024-04-26T04:43:34.789+0000 7ff916457700 1 -- start start
2024-04-26T04:43:35.653 INFO:teuthology.orchestra.run.smithi077.stdout:/usr/bin/ceph: stderr
2024-04-26T04:43:34.789+0000 7ff916457700 1 --2- >> [v2:172.21.15.77:3300/0,v1:172.21.15.77:6789/0] conn(0x7ff910101730 0x7ff910076b60 unknown :-1 s=NONE pgs=0 cs=0 l=1 rev1=0 crypto rx=0 tx=0 comp rx=0 tx=0).connect
2024-04-26T04:43:35.654 INFO:teuthology.orchestra.run.smithi077.stdout:/usr/bin/ceph: stderr
2024-04-26T04:43:34.789+0000 7ff916457700 1 -- --> [v2:172.21.15.77:3300/0,v1:172.21.15.77:6789/0] -- mon_getmap magic: 0 v1 -- 0x7ff910114290 con 0x7ff910101730
2024-04-26T04:43:35.654 INFO:teuthology.orchestra.run.smithi077.stdout:/usr/bin/ceph: stderr
2024-04-26T04:43:34.790+0000 7ff90ffff700 1 --2- >> [v2:172.21.15.77:3300/0,v1:172.21.15.77:6789/0] conn(0x7ff910101730 0x7ff910076b60 unknown :-1 s=BANNER_CONNECTING pgs=0 cs=0 l=1 rev1=0 crypto rx=0 tx=0 comp rx=0 tx=0)._handle_peer_banner_payload supported=3 required=0
2024-04-26T04:43:35.654 INFO:teuthology.orchestra.run.smithi077.stdout:/usr/bin/ceph: stderr
2024-04-26T04:43:34.790+0000 7ff90ffff700 1 --2- >> [v2:172.21.15.77:3300/0,v1:172.21.15.77:6789/0] conn(0x7ff910101730 0x7ff910076b60 unknown :-1 s=HELLO_CONNECTING pgs=0 cs=0 l=1 rev1=1 crypto rx=0 tx=0 comp rx=0 tx=0).handle_hello peer v2:172.21.15.77:3300/0 says I am v2:172.21.15.77:33718/0 (socket says 172.21.15.77:33718)
2024-04-26T04:43:35.654 INFO:teuthology.orchestra.run.smithi077.stdout:/usr/bin/ceph: stderr
2024-04-26T04:43:34.790+0000 7ff90ffff700 1 -- 172.21.15.77:0/3643359068 learned_addr learned my addr 172.21.15.77:0/3643359068 (peer_addr_for_me v2:172.21.15.77:0/0)
2024-04-26T04:43:35.654 INFO:teuthology.orchestra.run.smithi077.stdout:/usr/bin/ceph: stderr
2024-04-26T04:43:34.790+0000 7ff90ffff700 1 -- 172.21.15.77:0/3643359068 --> [v2:172.21.15.77:3300/0,v1:172.21.15.77:6789/0] -- mon_subscribe({config=0+,monmap=0+}) v3 -- 0x7ff9000094f0 con 0x7ff910101730
2024-04-26T04:43:35.654 INFO:teuthology.orchestra.run.smithi077.stdout:/usr/bin/ceph: stderr
2024-04-26T04:43:34.790+0000 7ff90ffff700 1 --2- 172.21.15.77:0/3643359068 >> [v2:172.21.15.77:3300/0,v1:172.21.15.77:6789/0] conn(0x7ff910101730 0x7ff910076b60 secure :-1 s=READY pgs=36 cs=0 l=1 rev1=1 crypto rx=0x7ff90000b440 tx=0x7ff900009250 comp rx=0 tx=0).ready entity=mon.0 client_cookie=0 server_cookie=0 in_seq=0 out_seq=0
2024-04-26T04:43:35.654 INFO:teuthology.orchestra.run.smithi077.stdout:/usr/bin/ceph: stderr
2024-04-26T04:43:34.790+0000 7ff90cff9700 1 -- 172.21.15.77:0/3643359068 <== mon.0 v2:172.21.15.77:3300/0 1 ==== mon_map magic: 0 v1 ==== 229+0+0 (secure 0 0 0) 0x7ff900010760 con 0x7ff910101730
2024-04-26T04:43:35.654 INFO:teuthology.orchestra.run.smithi077.stdout:/usr/bin/ceph: stderr
2024-04-26T04:43:34.790+0000 7ff90cff9700 1 -- 172.21.15.77:0/3643359068 <== mon.0 v2:172.21.15.77:3300/0 2 ==== config(27 keys) v1 ==== 1044+0+0 (secure 0 0 0) 0x7ff900010d50 con 0x7ff910101730
2024-04-26T04:43:35.654 INFO:teuthology.orchestra.run.smithi077.stdout:/usr/bin/ceph: stderr
2024-04-26T04:43:34.790+0000 7ff916457700 1 -- 172.21.15.77:0/3643359068 --> [v2:172.21.15.77:3300/0,v1:172.21.15.77:6789/0] -- mon_subscribe({mgrmap=0+}) v3 -- 0x7ff9101143d0 con 0x7ff910101730
2024-04-26T04:43:35.654 INFO:teuthology.orchestra.run.smithi077.stdout:/usr/bin/ceph: stderr
2024-04-26T04:43:34.790+0000 7ff90cff9700 1 -- 172.21.15.77:0/3643359068 <== mon.0 v2:172.21.15.77:3300/0 3 ==== mon_map magic: 0 v1 ==== 229+0+0 (secure 0 0 0) 0x7ff90001ae20 con 0x7ff910101730
2024-04-26T04:43:35.654 INFO:teuthology.orchestra.run.smithi077.stdout:/usr/bin/ceph: stderr
2024-04-26T04:43:34.790+0000 7ff916457700 1 -- 172.21.15.77:0/3643359068 --> [v2:172.21.15.77:3300/0,v1:172.21.15.77:6789/0] -- mon_subscribe({osdmap=0}) v3 -- 0x7ff9101148c0 con 0x7ff910101730
2024-04-26T04:43:35.654 INFO:teuthology.orchestra.run.smithi077.stdout:/usr/bin/ceph: stderr
2024-04-26T04:43:34.791+0000 7ff90cff9700 1 -- 172.21.15.77:0/3643359068 <== mon.0 v2:172.21.15.77:3300/0 4 ==== mgrmap(e 7) v1 ==== 43270+0+0 (secure 0 0 0) 0x7ff900024450 con 0x7ff910101730
2024-04-26T04:43:35.654 INFO:teuthology.orchestra.run.smithi077.stdout:/usr/bin/ceph: stderr
2024-04-26T04:43:34.791+0000 7ff916457700 1 -- 172.21.15.77:0/3643359068 --> [v2:172.21.15.77:3300/0,v1:172.21.15.77:6789/0] -- mon_command({"prefix": "get_command_descriptions"} v 0) v1 -- 0x7ff91004bed0 con 0x7ff910101730
2024-04-26T04:43:35.654 INFO:teuthology.orchestra.run.smithi077.stdout:/usr/bin/ceph: stderr
2024-04-26T04:43:34.791+0000 7ff90cff9700 1 --2- 172.21.15.77:0/3643359068 >> [v2:172.21.15.77:6800/3157890049,v1:172.21.15.77:6801/3157890049] conn(0x7ff8f8036720 0x7ff8f8038bd0 unknown :-1 s=NONE pgs=0 cs=0 l=1 rev1=0 crypto rx=0 tx=0 comp rx=0 tx=0).connect
2024-04-26T04:43:35.655 INFO:teuthology.orchestra.run.smithi077.stdout:/usr/bin/ceph: stderr
2024-04-26T04:43:34.791+0000 7ff90cff9700 1 -- 172.21.15.77:0/3643359068 <== mon.0 v2:172.21.15.77:3300/0 5 ==== osd_map(2..2 src has 1..2) v4 ==== 936+0+0 (secure 0 0 0) 0x7ff90004a5b0 con 0x7ff910101730
2024-04-26T04:43:35.655 INFO:teuthology.orchestra.run.smithi077.stdout:/usr/bin/ceph: stderr
2024-04-26T04:43:34.791+0000 7ff90f7fe700 1 --2- 172.21.15.77:0/3643359068 >> [v2:172.21.15.77:6800/3157890049,v1:172.21.15.77:6801/3157890049] conn(0x7ff8f8036720 0x7ff8f8038bd0 unknown :-1 s=BANNER_CONNECTING pgs=0 cs=0 l=1 rev1=0 crypto rx=0 tx=0 comp rx=0 tx=0)._handle_peer_banner_payload supported=3 required=0
2024-04-26T04:43:35.655 INFO:teuthology.orchestra.run.smithi077.stdout:/usr/bin/ceph: stderr
2024-04-26T04:43:34.792+0000 7ff90f7fe700 1 --2- 172.21.15.77:0/3643359068 >> [v2:172.21.15.77:6800/3157890049,v1:172.21.15.77:6801/3157890049] conn(0x7ff8f8036720 0x7ff8f8038bd0 secure :-1 s=READY pgs=7 cs=0 l=1 rev1=1 crypto rx=0x7ff904009990 tx=0x7ff904006e40 comp rx=0 tx=0).ready entity=mgr.14118 client_cookie=0 server_cookie=0 in_seq=0 out_seq=0
2024-04-26T04:43:35.655 INFO:teuthology.orchestra.run.smithi077.stdout:/usr/bin/ceph: stderr
2024-04-26T04:43:34.796+0000 7ff90cff9700 1 -- 172.21.15.77:0/3643359068 <== mon.0 v2:172.21.15.77:3300/0 6 ==== mon_command_ack([{"prefix": "get_command_descriptions"}]=0 v0) v1 ==== 72+0+176702 (secure 0 0 0) 0x7ff900010aa0 con 0x7ff910101730
2024-04-26T04:43:35.655 INFO:teuthology.orchestra.run.smithi077.stdout:/usr/bin/ceph: stderr
2024-04-26T04:43:34.996+0000 7ff916457700 1 -- 172.21.15.77:0/3643359068 --> [v2:172.21.15.77:6800/3157890049,v1:172.21.15.77:6801/3157890049] -- mgr_command(tid 0: {"prefix": "orch set backend", "module_name": "cephadm", "target": ["mon-mgr", ""]}) v1 -- 0x7ff910114b00 con 0x7ff8f8036720
2024-04-26T04:43:35.655 INFO:teuthology.orchestra.run.smithi077.stdout:/usr/bin/ceph: stderr
2024-04-26T04:43:35.003+0000 7ff90cff9700 1 -- 172.21.15.77:0/3643359068 <== mgr.14118 v2:172.21.15.77:6800/3157890049 1 ==== mgr_command_reply(tid 0: 0 ) v1 ==== 8+0+0 (secure 0 0 0) 0x7ff910114b00 con 0x7ff8f8036720
2024-04-26T04:43:35.655 INFO:teuthology.orchestra.run.smithi077.stdout:/usr/bin/ceph: stderr
2024-04-26T04:43:35.006+0000 7ff916457700 1 -- 172.21.15.77:0/3643359068 >> [v2:172.21.15.77:6800/3157890049,v1:172.21.15.77:6801/3157890049] conn(0x7ff8f8036720 msgr2=0x7ff8f8038bd0 secure :-1 s=STATE_CONNECTION_ESTABLISHED l=1).mark_down
2024-04-26T04:43:35.655 INFO:teuthology.orchestra.run.smithi077.stdout:/usr/bin/ceph: stderr
2024-04-26T04:43:35.006+0000 7ff916457700 1 --2- 172.21.15.77:0/3643359068 >> [v2:172.21.15.77:6800/3157890049,v1:172.21.15.77:6801/3157890049] conn(0x7ff8f8036720 0x7ff8f8038bd0 secure :-1 s=READY pgs=7 cs=0 l=1 rev1=1 crypto rx=0x7ff904009990 tx=0x7ff904006e40 comp rx=0 tx=0).stop
2024-04-26T04:43:35.655 INFO:teuthology.orchestra.run.smithi077.stdout:/usr/bin/ceph: stderr
2024-04-26T04:43:35.006+0000 7ff916457700 1 -- 172.21.15.77:0/3643359068 >> [v2:172.21.15.77:3300/0,v1:172.21.15.77:6789/0] conn(0x7ff910101730 msgr2=0x7ff910076b60 secure :-1 s=STATE_CONNECTION_ESTABLISHED l=1).mark_down
2024-04-26T04:43:35.655 INFO:teuthology.orchestra.run.smithi077.stdout:/usr/bin/ceph: stderr
2024-04-26T04:43:35.006+0000 7ff916457700 1 --2- 172.21.15.77:0/3643359068 >> [v2:172.21.15.77:3300/0,v1:172.21.15.77:6789/0] conn(0x7ff910101730 0x7ff910076b60 secure :-1 s=READY pgs=36 cs=0 l=1 rev1=1 crypto rx=0x7ff90000b440 tx=0x7ff900009250 comp rx=0 tx=0).stop
2024-04-26T04:43:35.655 INFO:teuthology.orchestra.run.smithi077.stdout:/usr/bin/ceph: stderr
2024-04-26T04:43:35.006+0000 7ff916457700 1 -- 172.21.15.77:0/3643359068 shutdown_connections
2024-04-26T04:43:35.655 INFO:teuthology.orchestra.run.smithi077.stdout:/usr/bin/ceph: stderr
2024-04-26T04:43:35.006+0000 7ff916457700 1 --2- 172.21.15.77:0/3643359068 >> [v2:172.21.15.77:6800/3157890049,v1:172.21.15.77:6801/3157890049] conn(0x7ff8f8036720 0x7ff8f8038bd0 unknown :-1 s=CLOSED pgs=7 cs=0 l=1 rev1=1 crypto rx=0 tx=0 comp rx=0 tx=0).stop
2024-04-26T04:43:35.655 INFO:teuthology.orchestra.run.smithi077.stdout:/usr/bin/ceph: stderr
2024-04-26T04:43:35.006+0000 7ff916457700 1 --2- 172.21.15.77:0/3643359068 >> [v2:172.21.15.77:3300/0,v1:172.21.15.77:6789/0] conn(0x7ff910101730 0x7ff910076b60 unknown :-1 s=CLOSED pgs=36 cs=0 l=1 rev1=1 crypto rx=0 tx=0 comp rx=0 tx=0).stop
2024-04-26T04:43:35.655 INFO:teuthology.orchestra.run.smithi077.stdout:/usr/bin/ceph: stderr
2024-04-26T04:43:35.006+0000 7ff916457700 1 -- 172.21.15.77:0/3643359068 >> 172.21.15.77:0/3643359068 conn(0x7ff9100fcef0 msgr2=0x7ff9100fd9d0 unknown :-1 s=STATE_NONE l=0).mark_down
2024-04-26T04:43:35.656 INFO:teuthology.orchestra.run.smithi077.stdout:/usr/bin/ceph: stderr
2024-04-26T04:43:35.006+0000 7ff916457700 1 -- 172.21.15.77:0/3643359068 shutdown_connections
2024-04-26T04:43:35.656 INFO:teuthology.orchestra.run.smithi077.stdout:/usr/bin/ceph: stderr
2024-04-26T04:43:35.006+0000 7ff916457700 1 -- 172.21.15.77:0/3643359068 wait complete.
2024-04-26T04:43:36.600 INFO:journalctl@ceph.mon.smithi077.smithi077.stdout:Apr 26 04:43:36 smithi077 ceph-mon[26311]: from='client.14130 -' entity='client.admin' cmd=[{"prefix": "orch set backend", "module_name": "cephadm", "target": ["mon-mgr", ""]}]: dispatch
2024-04-26T04:43:36.600 INFO:journalctl@ceph.mon.smithi077.smithi077.stdout:Apr 26 04:43:36 smithi077 ceph-mon[26311]: mgrmap e8: smithi077.hkvsor(active, since 2s)
2024-04-26T04:43:36.917 INFO:teuthology.orchestra.run.smithi077.stdout:/usr/bin/ceph: stdout value unchanged
2024-04-26T04:43:36.917 INFO:teuthology.orchestra.run.smithi077.stdout:/usr/bin/ceph: stderr
2024-04-26T04:43:36.055+0000 7fa6f2155700 1 Processor -- start
2024-04-26T04:43:36.917 INFO:teuthology.orchestra.run.smithi077.stdout:/usr/bin/ceph: stderr
2024-04-26T04:43:36.055+0000 7fa6f2155700 1 -- start start
2024-04-26T04:43:36.917 INFO:teuthology.orchestra.run.smithi077.stdout:/usr/bin/ceph: stderr
2024-04-26T04:43:36.055+0000 7fa6f2155700 1 --2- >> [v2:172.21.15.77:3300/0,v1:172.21.15.77:6789/0] conn(0x7fa6ec078d20 0x7fa6ec077230 unknown :-1 s=NONE pgs=0 cs=0 l=0 rev1=0 crypto rx=0 tx=0 comp rx=0 tx=0).connect
2024-04-26T04:43:36.917 INFO:teuthology.orchestra.run.smithi077.stdout:/usr/bin/ceph: stderr
2024-04-26T04:43:36.055+0000 7fa6f2155700 1 -- --> [v2:172.21.15.77:3300/0,v1:172.21.15.77:6789/0] -- mon_getmap magic: 0 v1 -- 0x7fa6ec079130 con 0x7fa6ec078d20
2024-04-26T04:43:36.918 INFO:teuthology.orchestra.run.smithi077.stdout:/usr/bin/ceph: stderr
2024-04-26T04:43:36.055+0000 7fa6eb7fe700 1 --2- >> [v2:172.21.15.77:3300/0,v1:172.21.15.77:6789/0] conn(0x7fa6ec078d20 0x7fa6ec077230 unknown :-1 s=BANNER_CONNECTING pgs=0 cs=0 l=0 rev1=0 crypto rx=0 tx=0 comp rx=0 tx=0)._handle_peer_banner_payload supported=3 required=0
2024-04-26T04:43:36.918 INFO:teuthology.orchestra.run.smithi077.stdout:/usr/bin/ceph: stderr
2024-04-26T04:43:36.055+0000 7fa6eb7fe700 1 --2- >> [v2:172.21.15.77:3300/0,v1:172.21.15.77:6789/0] conn(0x7fa6ec078d20 0x7fa6ec077230 unknown :-1 s=HELLO_CONNECTING pgs=0 cs=0 l=0 rev1=1 crypto rx=0 tx=0 comp rx=0 tx=0).handle_hello peer v2:172.21.15.77:3300/0 says I am v2:172.21.15.77:33722/0 (socket says 172.21.15.77:33722)
2024-04-26T04:43:36.918 INFO:teuthology.orchestra.run.smithi077.stdout:/usr/bin/ceph: stderr
2024-04-26T04:43:36.055+0000 7fa6eb7fe700 1 -- 172.21.15.77:0/3035721706 learned_addr learned my addr 172.21.15.77:0/3035721706 (peer_addr_for_me v2:172.21.15.77:0/0)
2024-04-26T04:43:36.918 INFO:teuthology.orchestra.run.smithi077.stdout:/usr/bin/ceph: stderr
2024-04-26T04:43:36.056+0000 7fa6eb7fe700 1 -- 172.21.15.77:0/3035721706 --> [v2:172.21.15.77:3300/0,v1:172.21.15.77:6789/0] -- mon_subscribe({config=0+,monmap=0+}) v3 -- 0x7fa6ec077770 con 0x7fa6ec078d20
2024-04-26T04:43:36.918 INFO:teuthology.orchestra.run.smithi077.stdout:/usr/bin/ceph: stderr
2024-04-26T04:43:36.056+0000 7fa6eb7fe700 1 --2- 172.21.15.77:0/3035721706 >> [v2:172.21.15.77:3300/0,v1:172.21.15.77:6789/0] conn(0x7fa6ec078d20 0x7fa6ec077230 secure :-1 s=READY pgs=37 cs=0 l=1 rev1=1 crypto rx=0x7fa6dc009e50 tx=0x7fa6dc009840 comp rx=0 tx=0).ready entity=mon.0 client_cookie=b3f7dc17db48acbb server_cookie=0 in_seq=0 out_seq=0
2024-04-26T04:43:36.918 INFO:teuthology.orchestra.run.smithi077.stdout:/usr/bin/ceph: stderr
2024-04-26T04:43:36.056+0000 7fa6ea7fc700 1 -- 172.21.15.77:0/3035721706 <== mon.0 v2:172.21.15.77:3300/0 1 ==== mon_map magic: 0 v1 ==== 229+0+0 (secure 0 0 0) 0x7fa6dc0092e0 con 0x7fa6ec078d20
2024-04-26T04:43:36.918 INFO:teuthology.orchestra.run.smithi077.stdout:/usr/bin/ceph: stderr
2024-04-26T04:43:36.056+0000 7fa6ea7fc700 1 -- 172.21.15.77:0/3035721706 <== mon.0 v2:172.21.15.77:3300/0 2 ==== config(27 keys) v1 ==== 1044+0+0 (secure 0 0 0) 0x7fa6dc012430 con 0x7fa6ec078d20
2024-04-26T04:43:36.918 INFO:teuthology.orchestra.run.smithi077.stdout:/usr/bin/ceph: stderr
2024-04-26T04:43:36.056+0000 7fa6ea7fc700 1 -- 172.21.15.77:0/3035721706 <== mon.0 v2:172.21.15.77:3300/0 3 ==== mon_map magic: 0 v1 ==== 229+0+0 (secure 0 0 0) 0x7fa6dc0075c0 con 0x7fa6ec078d20
2024-04-26T04:43:36.918 INFO:teuthology.orchestra.run.smithi077.stdout:/usr/bin/ceph: stderr
2024-04-26T04:43:36.056+0000 7fa6f2155700 1 -- 172.21.15.77:0/3035721706 >> [v2:172.21.15.77:3300/0,v1:172.21.15.77:6789/0] conn(0x7fa6ec078d20 msgr2=0x7fa6ec077230 secure :-1 s=STATE_CONNECTION_ESTABLISHED l=1).mark_down
2024-04-26T04:43:36.918 INFO:teuthology.orchestra.run.smithi077.stdout:/usr/bin/ceph: stderr
2024-04-26T04:43:36.056+0000 7fa6f2155700 1 --2- 172.21.15.77:0/3035721706 >> [v2:172.21.15.77:3300/0,v1:172.21.15.77:6789/0] conn(0x7fa6ec078d20 0x7fa6ec077230 secure :-1 s=READY pgs=37 cs=0 l=1 rev1=1 crypto rx=0x7fa6dc009e50 tx=0x7fa6dc009840 comp rx=0 tx=0).stop
2024-04-26T04:43:36.918 INFO:teuthology.orchestra.run.smithi077.stdout:/usr/bin/ceph: stderr
2024-04-26T04:43:36.057+0000 7fa6f2155700 1 -- 172.21.15.77:0/3035721706 shutdown_connections
2024-04-26T04:43:36.918 INFO:teuthology.orchestra.run.smithi077.stdout:/usr/bin/ceph: stderr
2024-04-26T04:43:36.057+0000 7fa6f2155700 1 --2- 172.21.15.77:0/3035721706 >> [v2:172.21.15.77:3300/0,v1:172.21.15.77:6789/0] conn(0x7fa6ec078d20 0x7fa6ec077230 unknown :-1 s=CLOSED pgs=37 cs=0 l=1 rev1=1 crypto rx=0 tx=0 comp rx=0 tx=0).stop
2024-04-26T04:43:36.918 INFO:teuthology.orchestra.run.smithi077.stdout:/usr/bin/ceph: stderr
2024-04-26T04:43:36.057+0000 7fa6f2155700 1 -- 172.21.15.77:0/3035721706 >> 172.21.15.77:0/3035721706 conn(0x7fa6ec0fdfd0 msgr2=0x7fa6ec1003e0 unknown :-1 s=STATE_NONE l=0).mark_down
2024-04-26T04:43:36.919 INFO:teuthology.orchestra.run.smithi077.stdout:/usr/bin/ceph: stderr
2024-04-26T04:43:36.057+0000 7fa6f2155700 1 -- 172.21.15.77:0/3035721706 shutdown_connections
2024-04-26T04:43:36.919 INFO:teuthology.orchestra.run.smithi077.stdout:/usr/bin/ceph: stderr
2024-04-26T04:43:36.057+0000 7fa6f2155700 1 -- 172.21.15.77:0/3035721706 wait complete.
2024-04-26T04:43:36.919 INFO:teuthology.orchestra.run.smithi077.stdout:/usr/bin/ceph: stderr
2024-04-26T04:43:36.057+0000 7fa6f2155700 1 Processor -- start
2024-04-26T04:43:36.919 INFO:teuthology.orchestra.run.smithi077.stdout:/usr/bin/ceph: stderr
2024-04-26T04:43:36.057+0000 7fa6f2155700 1 -- start start
2024-04-26T04:43:36.919 INFO:teuthology.orchestra.run.smithi077.stdout:/usr/bin/ceph: stderr
2024-04-26T04:43:36.057+0000 7fa6f2155700 1 --2- >> [v2:172.21.15.77:3300/0,v1:172.21.15.77:6789/0] conn(0x7fa6ec078d20 0x7fa6ec113930 unknown :-1 s=NONE pgs=0 cs=0 l=1 rev1=0 crypto rx=0 tx=0 comp rx=0 tx=0).connect
2024-04-26T04:43:36.920 INFO:teuthology.orchestra.run.smithi077.stdout:/usr/bin/ceph: stderr
2024-04-26T04:43:36.057+0000 7fa6f2155700 1 -- --> [v2:172.21.15.77:3300/0,v1:172.21.15.77:6789/0] -- mon_getmap magic: 0 v1 -- 0x7fa6ec113e70 con 0x7fa6ec078d20
2024-04-26T04:43:36.920 INFO:teuthology.orchestra.run.smithi077.stdout:/usr/bin/ceph: stderr
2024-04-26T04:43:36.058+0000 7fa6eb7fe700 1 --2- >> [v2:172.21.15.77:3300/0,v1:172.21.15.77:6789/0] conn(0x7fa6ec078d20 0x7fa6ec113930 unknown :-1 s=BANNER_CONNECTING pgs=0 cs=0 l=1 rev1=0 crypto rx=0 tx=0 comp rx=0 tx=0)._handle_peer_banner_payload supported=3 required=0
2024-04-26T04:43:36.920 INFO:teuthology.orchestra.run.smithi077.stdout:/usr/bin/ceph: stderr
2024-04-26T04:43:36.058+0000 7fa6eb7fe700 1 --2- >> [v2:172.21.15.77:3300/0,v1:172.21.15.77:6789/0] conn(0x7fa6ec078d20 0x7fa6ec113930 unknown :-1 s=HELLO_CONNECTING pgs=0 cs=0 l=1 rev1=1 crypto rx=0 tx=0 comp rx=0 tx=0).handle_hello peer v2:172.21.15.77:3300/0 says I am v2:172.21.15.77:33734/0 (socket says 172.21.15.77:33734)
2024-04-26T04:43:36.920 INFO:teuthology.orchestra.run.smithi077.stdout:/usr/bin/ceph: stderr
2024-04-26T04:43:36.058+0000 7fa6eb7fe700 1 -- 172.21.15.77:0/3567343901 learned_addr learned my addr 172.21.15.77:0/3567343901 (peer_addr_for_me v2:172.21.15.77:0/0)
2024-04-26T04:43:36.920 INFO:teuthology.orchestra.run.smithi077.stdout:/usr/bin/ceph: stderr
2024-04-26T04:43:36.058+0000 7fa6eb7fe700 1 -- 172.21.15.77:0/3567343901 --> [v2:172.21.15.77:3300/0,v1:172.21.15.77:6789/0] -- mon_subscribe({config=0+,monmap=0+}) v3 -- 0x7fa6dc009ae0 con 0x7fa6ec078d20
2024-04-26T04:43:36.920 INFO:teuthology.orchestra.run.smithi077.stdout:/usr/bin/ceph: stderr
2024-04-26T04:43:36.058+0000 7fa6eb7fe700 1 --2- 172.21.15.77:0/3567343901 >> [v2:172.21.15.77:3300/0,v1:172.21.15.77:6789/0] conn(0x7fa6ec078d20 0x7fa6ec113930 secure :-1 s=READY pgs=38 cs=0 l=1 rev1=1 crypto rx=0x7fa6dc012da0 tx=0x7fa6dc009840 comp rx=0 tx=0).ready entity=mon.0 client_cookie=0 server_cookie=0 in_seq=0 out_seq=0
2024-04-26T04:43:36.920 INFO:teuthology.orchestra.run.smithi077.stdout:/usr/bin/ceph: stderr
2024-04-26T04:43:36.058+0000 7fa6d3fff700 1 -- 172.21.15.77:0/3567343901 <== mon.0 v2:172.21.15.77:3300/0 1 ==== mon_map magic: 0 v1 ==== 229+0+0 (secure 0 0 0) 0x7fa6dc0092e0 con 0x7fa6ec078d20
2024-04-26T04:43:36.920 INFO:teuthology.orchestra.run.smithi077.stdout:/usr/bin/ceph: stderr
2024-04-26T04:43:36.058+0000 7fa6d3fff700 1 -- 172.21.15.77:0/3567343901 <== mon.0 v2:172.21.15.77:3300/0 2 ==== config(27 keys) v1 ==== 1044+0+0 (secure 0 0 0) 0x7fa6dc007d10 con 0x7fa6ec078d20
2024-04-26T04:43:36.920 INFO:teuthology.orchestra.run.smithi077.stdout:/usr/bin/ceph: stderr
2024-04-26T04:43:36.058+0000 7fa6f2155700 1 -- 172.21.15.77:0/3567343901 --> [v2:172.21.15.77:3300/0,v1:172.21.15.77:6789/0] -- mon_subscribe({mgrmap=0+}) v3 -- 0x7fa6ec114070 con 0x7fa6ec078d20
2024-04-26T04:43:36.920 INFO:teuthology.orchestra.run.smithi077.stdout:/usr/bin/ceph: stderr
2024-04-26T04:43:36.058+0000 7fa6d3fff700 1 -- 172.21.15.77:0/3567343901 <== mon.0 v2:172.21.15.77:3300/0 3 ==== mon_map magic: 0 v1 ==== 229+0+0 (secure 0 0 0) 0x7fa6dc01c880 con 0x7fa6ec078d20
2024-04-26T04:43:36.920 INFO:teuthology.orchestra.run.smithi077.stdout:/usr/bin/ceph: stderr
2024-04-26T04:43:36.058+0000 7fa6f2155700 1 -- 172.21.15.77:0/3567343901 --> [v2:172.21.15.77:3300/0,v1:172.21.15.77:6789/0] -- mon_subscribe({osdmap=0}) v3 -- 0x7fa6ec114be0 con 0x7fa6ec078d20
2024-04-26T04:43:36.920 INFO:teuthology.orchestra.run.smithi077.stdout:/usr/bin/ceph: stderr
2024-04-26T04:43:36.059+0000 7fa6d3fff700 1 -- 172.21.15.77:0/3567343901 <== mon.0 v2:172.21.15.77:3300/0 4 ==== mgrmap(e 8) v1 ==== 43376+0+0 (secure 0 0 0) 0x7fa6dc019070 con 0x7fa6ec078d20
2024-04-26T04:43:36.920 INFO:teuthology.orchestra.run.smithi077.stdout:/usr/bin/ceph: stderr
2024-04-26T04:43:36.059+0000 7fa6d3fff700 1 --2- 172.21.15.77:0/3567343901 >> [v2:172.21.15.77:6800/3157890049,v1:172.21.15.77:6801/3157890049] conn(0x7fa6d4036850 0x7fa6d4038d00 unknown :-1 s=NONE pgs=0 cs=0 l=1 rev1=0 crypto rx=0 tx=0 comp rx=0 tx=0).connect
2024-04-26T04:43:36.920 INFO:teuthology.orchestra.run.smithi077.stdout:/usr/bin/ceph: stderr
2024-04-26T04:43:36.059+0000 7fa6d3fff700 1 -- 172.21.15.77:0/3567343901 <== mon.0 v2:172.21.15.77:3300/0 5 ==== osd_map(2..2 src has 1..2) v4 ==== 936+0+0 (secure 0 0 0) 0x7fa6dc04ac00 con 0x7fa6ec078d20
2024-04-26T04:43:36.921 INFO:teuthology.orchestra.run.smithi077.stdout:/usr/bin/ceph: stderr
2024-04-26T04:43:36.059+0000 7fa6eaffd700 1 --2- 172.21.15.77:0/3567343901 >> [v2:172.21.15.77:6800/3157890049,v1:172.21.15.77:6801/3157890049] conn(0x7fa6d4036850 0x7fa6d4038d00 unknown :-1 s=BANNER_CONNECTING pgs=0 cs=0 l=1 rev1=0 crypto rx=0 tx=0 comp rx=0 tx=0)._handle_peer_banner_payload supported=3 required=0
2024-04-26T04:43:36.921 INFO:teuthology.orchestra.run.smithi077.stdout:/usr/bin/ceph: stderr
2024-04-26T04:43:36.059+0000 7fa6f2155700 1 -- 172.21.15.77:0/3567343901 --> [v2:172.21.15.77:3300/0,v1:172.21.15.77:6789/0] -- mon_command({"prefix": "get_command_descriptions"} v 0) v1 -- 0x7fa6ec05f5c0 con 0x7fa6ec078d20
2024-04-26T04:43:36.921 INFO:teuthology.orchestra.run.smithi077.stdout:/usr/bin/ceph: stderr
2024-04-26T04:43:36.060+0000 7fa6eaffd700 1 --2- 172.21.15.77:0/3567343901 >> [v2:172.21.15.77:6800/3157890049,v1:172.21.15.77:6801/3157890049] conn(0x7fa6d4036850 0x7fa6d4038d00 secure :-1 s=READY pgs=8 cs=0 l=1 rev1=1 crypto rx=0x7fa6e0009990 tx=0x7fa6e0006e40 comp rx=0 tx=0).ready entity=mgr.14118 client_cookie=0 server_cookie=0 in_seq=0 out_seq=0
2024-04-26T04:43:36.921 INFO:teuthology.orchestra.run.smithi077.stdout:/usr/bin/ceph: stderr
2024-04-26T04:43:36.064+0000 7fa6d3fff700 1 -- 172.21.15.77:0/3567343901 <== mon.0 v2:172.21.15.77:3300/0 6 ==== mon_command_ack([{"prefix": "get_command_descriptions"}]=0 v0) v1 ==== 72+0+176702 (secure 0 0 0) 0x7fa6dc017080 con 0x7fa6ec078d20
2024-04-26T04:43:36.921 INFO:teuthology.orchestra.run.smithi077.stdout:/usr/bin/ceph: stderr
2024-04-26T04:43:36.247+0000 7fa6f2155700 1 -- 172.21.15.77:0/3567343901 --> [v2:172.21.15.77:6800/3157890049,v1:172.21.15.77:6801/3157890049] -- mgr_command(tid 0: {"prefix": "cephadm set-user", "user": "root", "target": ["mon-mgr", ""]}) v1 -- 0x7fa6ec0ff310 con 0x7fa6d4036850
2024-04-26T04:43:36.921 INFO:teuthology.orchestra.run.smithi077.stdout:/usr/bin/ceph: stderr
2024-04-26T04:43:36.248+0000 7fa6d3fff700 1 -- 172.21.15.77:0/3567343901 <== mgr.14118 v2:172.21.15.77:6800/3157890049 1 ==== mgr_command_reply(tid 0: 0 ) v1 ==== 8+0+16 (secure 0 0 0) 0x7fa6ec0ff310 con 0x7fa6d4036850
2024-04-26T04:43:36.921 INFO:teuthology.orchestra.run.smithi077.stdout:/usr/bin/ceph: stderr
2024-04-26T04:43:36.249+0000 7fa6f2155700 1 -- 172.21.15.77:0/3567343901 >> [v2:172.21.15.77:6800/3157890049,v1:172.21.15.77:6801/3157890049] conn(0x7fa6d4036850 msgr2=0x7fa6d4038d00 secure :-1 s=STATE_CONNECTION_ESTABLISHED l=1).mark_down
2024-04-26T04:43:36.921 INFO:teuthology.orchestra.run.smithi077.stdout:/usr/bin/ceph: stderr
2024-04-26T04:43:36.249+0000 7fa6f2155700 1 --2- 172.21.15.77:0/3567343901 >> [v2:172.21.15.77:6800/3157890049,v1:172.21.15.77:6801/3157890049] conn(0x7fa6d4036850 0x7fa6d4038d00 secure :-1 s=READY pgs=8 cs=0 l=1 rev1=1 crypto rx=0x7fa6e0009990 tx=0x7fa6e0006e40 comp rx=0 tx=0).stop
2024-04-26T04:43:36.921 INFO:teuthology.orchestra.run.smithi077.stdout:/usr/bin/ceph: stderr
2024-04-26T04:43:36.249+0000 7fa6f2155700 1 -- 172.21.15.77:0/3567343901 >> [v2:172.21.15.77:3300/0,v1:172.21.15.77:6789/0] conn(0x7fa6ec078d20 msgr2=0x7fa6ec113930 secure :-1 s=STATE_CONNECTION_ESTABLISHED l=1).mark_down
2024-04-26T04:43:36.921 INFO:teuthology.orchestra.run.smithi077.stdout:/usr/bin/ceph: stderr
2024-04-26T04:43:36.249+0000 7fa6f2155700 1 --2- 172.21.15.77:0/3567343901 >> [v2:172.21.15.77:3300/0,v1:172.21.15.77:6789/0] conn(0x7fa6ec078d20 0x7fa6ec113930 secure :-1 s=READY pgs=38 cs=0 l=1 rev1=1 crypto rx=0x7fa6dc012da0 tx=0x7fa6dc009840 comp rx=0 tx=0).stop
2024-04-26T04:43:36.921 INFO:teuthology.orchestra.run.smithi077.stdout:/usr/bin/ceph: stderr
2024-04-26T04:43:36.250+0000 7fa6f2155700 1 -- 172.21.15.77:0/3567343901 shutdown_connections
2024-04-26T04:43:36.921 INFO:teuthology.orchestra.run.smithi077.stdout:/usr/bin/ceph: stderr
2024-04-26T04:43:36.250+0000 7fa6f2155700 1 --2- 172.21.15.77:0/3567343901 >> [v2:172.21.15.77:6800/3157890049,v1:172.21.15.77:6801/3157890049] conn(0x7fa6d4036850 0x7fa6d4038d00 unknown :-1 s=CLOSED pgs=8 cs=0 l=1 rev1=1 crypto rx=0 tx=0 comp rx=0 tx=0).stop
2024-04-26T04:43:36.921 INFO:teuthology.orchestra.run.smithi077.stdout:/usr/bin/ceph: stderr
2024-04-26T04:43:36.250+0000 7fa6f2155700 1 --2- 172.21.15.77:0/3567343901 >> [v2:172.21.15.77:3300/0,v1:172.21.15.77:6789/0] conn(0x7fa6ec078d20 0x7fa6ec113930 unknown :-1 s=CLOSED pgs=38 cs=0 l=1 rev1=1 crypto rx=0 tx=0 comp rx=0 tx=0).stop
2024-04-26T04:43:36.921 INFO:teuthology.orchestra.run.smithi077.stdout:/usr/bin/ceph: stderr
2024-04-26T04:43:36.250+0000 7fa6f2155700 1 -- 172.21.15.77:0/3567343901 >> 172.21.15.77:0/3567343901 conn(0x7fa6ec0fdfd0 msgr2=0x7fa6ec0feb40 unknown :-1 s=STATE_NONE l=0).mark_down
2024-04-26T04:43:36.922 INFO:teuthology.orchestra.run.smithi077.stdout:/usr/bin/ceph: stderr
2024-04-26T04:43:36.250+0000 7fa6f2155700 1 -- 172.21.15.77:0/3567343901 shutdown_connections
2024-04-26T04:43:36.922 INFO:teuthology.orchestra.run.smithi077.stdout:/usr/bin/ceph: stderr
2024-04-26T04:43:36.250+0000 7fa6f2155700 1 -- 172.21.15.77:0/3567343901 wait complete.
2024-04-26T04:43:36.922 INFO:teuthology.orchestra.run.smithi077.stdout:Generating ssh key...
2024-04-26T04:43:37.492 INFO:journalctl@ceph.mon.smithi077.smithi077.stdout:Apr 26 04:43:37 smithi077 ceph-mon[26311]: from='client.14132 -' entity='client.admin' cmd=[{"prefix": "cephadm set-user", "user": "root", "target": ["mon-mgr", ""]}]: dispatch
2024-04-26T04:43:38.306 INFO:teuthology.orchestra.run.smithi077.stdout:/usr/bin/ceph: stderr
2024-04-26T04:43:37.295+0000 7fc3d9b14700 1 Processor -- start
2024-04-26T04:43:38.306 INFO:teuthology.orchestra.run.smithi077.stdout:/usr/bin/ceph: stderr
2024-04-26T04:43:37.295+0000 7fc3d9b14700 1 -- start start
2024-04-26T04:43:38.307 INFO:teuthology.orchestra.run.smithi077.stdout:/usr/bin/ceph: stderr
2024-04-26T04:43:37.295+0000 7fc3d9b14700 1 --2- >> [v2:172.21.15.77:3300/0,v1:172.21.15.77:6789/0] conn(0x7fc3d4102880 0x7fc3d4102c90 unknown :-1 s=NONE pgs=0 cs=0 l=0 rev1=0 crypto rx=0 tx=0 comp rx=0 tx=0).connect
2024-04-26T04:43:38.307 INFO:teuthology.orchestra.run.smithi077.stdout:/usr/bin/ceph: stderr
2024-04-26T04:43:37.295+0000 7fc3d9b14700 1 -- --> [v2:172.21.15.77:3300/0,v1:172.21.15.77:6789/0] -- mon_getmap magic: 0 v1 -- 0x7fc3d41031d0 con 0x7fc3d4102880
2024-04-26T04:43:38.307 INFO:teuthology.orchestra.run.smithi077.stdout:/usr/bin/ceph: stderr
2024-04-26T04:43:37.295+0000 7fc3d37fe700 1 --2- >> [v2:172.21.15.77:3300/0,v1:172.21.15.77:6789/0] conn(0x7fc3d4102880 0x7fc3d4102c90 unknown :-1 s=BANNER_CONNECTING pgs=0 cs=0 l=0 rev1=0 crypto rx=0 tx=0 comp rx=0 tx=0)._handle_peer_banner_payload supported=3 required=0
2024-04-26T04:43:38.307 INFO:teuthology.orchestra.run.smithi077.stdout:/usr/bin/ceph: stderr
2024-04-26T04:43:37.295+0000 7fc3d37fe700 1 --2- >> [v2:172.21.15.77:3300/0,v1:172.21.15.77:6789/0] conn(0x7fc3d4102880 0x7fc3d4102c90 unknown :-1 s=HELLO_CONNECTING pgs=0 cs=0 l=0 rev1=1 crypto rx=0 tx=0 comp rx=0 tx=0).handle_hello peer v2:172.21.15.77:3300/0 says I am v2:172.21.15.77:33738/0 (socket says 172.21.15.77:33738)
2024-04-26T04:43:38.307 INFO:teuthology.orchestra.run.smithi077.stdout:/usr/bin/ceph: stderr
2024-04-26T04:43:37.295+0000 7fc3d37fe700 1 -- 172.21.15.77:0/3226684528 learned_addr learned my addr 172.21.15.77:0/3226684528 (peer_addr_for_me v2:172.21.15.77:0/0)
2024-04-26T04:43:38.307 INFO:teuthology.orchestra.run.smithi077.stdout:/usr/bin/ceph: stderr
2024-04-26T04:43:37.295+0000 7fc3d37fe700 1 -- 172.21.15.77:0/3226684528 --> [v2:172.21.15.77:3300/0,v1:172.21.15.77:6789/0] -- mon_subscribe({config=0+,monmap=0+}) v3 -- 0x7fc3d4103310 con 0x7fc3d4102880
2024-04-26T04:43:38.307 INFO:teuthology.orchestra.run.smithi077.stdout:/usr/bin/ceph: stderr
