2024-04-26T04:43:37.295+0000 7fc3d37fe700 1 --2- 172.21.15.77:0/3226684528 >> [v2:172.21.15.77:3300/0,v1:172.21.15.77:6789/0] conn(0x7fc3d4102880 0x7fc3d4102c90 secure :-1 s=READY pgs=39 cs=0 l=1 rev1=1 crypto rx=0x7fc3c40098e0 tx=0x7fc3c4009250 comp rx=0 tx=0).ready entity=mon.0 client_cookie=854dc6edd5495d6e server_cookie=0 in_seq=0 out_seq=0
2024-04-26T04:43:38.307 INFO:teuthology.orchestra.run.smithi077.stdout:/usr/bin/ceph: stderr
2024-04-26T04:43:37.296+0000 7fc3d27fc700 1 -- 172.21.15.77:0/3226684528 <== mon.0 v2:172.21.15.77:3300/0 1 ==== mon_map magic: 0 v1 ==== 229+0+0 (secure 0 0 0) 0x7fc3c400b860 con 0x7fc3d4102880
2024-04-26T04:43:38.307 INFO:teuthology.orchestra.run.smithi077.stdout:/usr/bin/ceph: stderr
2024-04-26T04:43:37.296+0000 7fc3d27fc700 1 -- 172.21.15.77:0/3226684528 <== mon.0 v2:172.21.15.77:3300/0 2 ==== config(27 keys) v1 ==== 1044+0+0 (secure 0 0 0) 0x7fc3c400be50 con 0x7fc3d4102880
2024-04-26T04:43:38.307 INFO:teuthology.orchestra.run.smithi077.stdout:/usr/bin/ceph: stderr
2024-04-26T04:43:37.296+0000 7fc3d27fc700 1 -- 172.21.15.77:0/3226684528 <== mon.0 v2:172.21.15.77:3300/0 3 ==== mon_map magic: 0 v1 ==== 229+0+0 (secure 0 0 0) 0x7fc3c4010380 con 0x7fc3d4102880
2024-04-26T04:43:38.307 INFO:teuthology.orchestra.run.smithi077.stdout:/usr/bin/ceph: stderr
2024-04-26T04:43:37.296+0000 7fc3d9b14700 1 -- 172.21.15.77:0/3226684528 >> [v2:172.21.15.77:3300/0,v1:172.21.15.77:6789/0] conn(0x7fc3d4102880 msgr2=0x7fc3d4102c90 secure :-1 s=STATE_CONNECTION_ESTABLISHED l=1).mark_down
2024-04-26T04:43:38.307 INFO:teuthology.orchestra.run.smithi077.stdout:/usr/bin/ceph: stderr
2024-04-26T04:43:37.296+0000 7fc3d9b14700 1 --2- 172.21.15.77:0/3226684528 >> [v2:172.21.15.77:3300/0,v1:172.21.15.77:6789/0] conn(0x7fc3d4102880 0x7fc3d4102c90 secure :-1 s=READY pgs=39 cs=0 l=1 rev1=1 crypto rx=0x7fc3c40098e0 tx=0x7fc3c4009250 comp rx=0 tx=0).stop
2024-04-26T04:43:38.308 INFO:teuthology.orchestra.run.smithi077.stdout:/usr/bin/ceph: stderr
2024-04-26T04:43:37.296+0000 7fc3d9b14700 1 -- 172.21.15.77:0/3226684528 shutdown_connections
2024-04-26T04:43:38.308 INFO:teuthology.orchestra.run.smithi077.stdout:/usr/bin/ceph: stderr
2024-04-26T04:43:37.296+0000 7fc3d9b14700 1 --2- 172.21.15.77:0/3226684528 >> [v2:172.21.15.77:3300/0,v1:172.21.15.77:6789/0] conn(0x7fc3d4102880 0x7fc3d4102c90 unknown :-1 s=CLOSED pgs=39 cs=0 l=1 rev1=1 crypto rx=0 tx=0 comp rx=0 tx=0).stop
2024-04-26T04:43:38.308 INFO:teuthology.orchestra.run.smithi077.stdout:/usr/bin/ceph: stderr
2024-04-26T04:43:37.296+0000 7fc3d9b14700 1 -- 172.21.15.77:0/3226684528 >> 172.21.15.77:0/3226684528 conn(0x7fc3d40fe060 msgr2=0x7fc3d4100470 unknown :-1 s=STATE_NONE l=0).mark_down
2024-04-26T04:43:38.308 INFO:teuthology.orchestra.run.smithi077.stdout:/usr/bin/ceph: stderr
2024-04-26T04:43:37.296+0000 7fc3d9b14700 1 -- 172.21.15.77:0/3226684528 shutdown_connections
2024-04-26T04:43:38.308 INFO:teuthology.orchestra.run.smithi077.stdout:/usr/bin/ceph: stderr
2024-04-26T04:43:37.296+0000 7fc3d9b14700 1 -- 172.21.15.77:0/3226684528 wait complete.
2024-04-26T04:43:38.308 INFO:teuthology.orchestra.run.smithi077.stdout:/usr/bin/ceph: stderr
2024-04-26T04:43:37.297+0000 7fc3d9b14700 1 Processor -- start
2024-04-26T04:43:38.308 INFO:teuthology.orchestra.run.smithi077.stdout:/usr/bin/ceph: stderr
2024-04-26T04:43:37.297+0000 7fc3d9b14700 1 -- start start
2024-04-26T04:43:38.308 INFO:teuthology.orchestra.run.smithi077.stdout:/usr/bin/ceph: stderr
2024-04-26T04:43:37.297+0000 7fc3d9b14700 1 --2- >> [v2:172.21.15.77:3300/0,v1:172.21.15.77:6789/0] conn(0x7fc3d4102880 0x7fc3d41115f0 unknown :-1 s=NONE pgs=0 cs=0 l=1 rev1=0 crypto rx=0 tx=0 comp rx=0 tx=0).connect
2024-04-26T04:43:38.308 INFO:teuthology.orchestra.run.smithi077.stdout:/usr/bin/ceph: stderr
2024-04-26T04:43:37.297+0000 7fc3d9b14700 1 -- --> [v2:172.21.15.77:3300/0,v1:172.21.15.77:6789/0] -- mon_getmap magic: 0 v1 -- 0x7fc3d4111b30 con 0x7fc3d4102880
2024-04-26T04:43:38.308 INFO:teuthology.orchestra.run.smithi077.stdout:/usr/bin/ceph: stderr
2024-04-26T04:43:37.297+0000 7fc3d37fe700 1 --2- >> [v2:172.21.15.77:3300/0,v1:172.21.15.77:6789/0] conn(0x7fc3d4102880 0x7fc3d41115f0 unknown :-1 s=BANNER_CONNECTING pgs=0 cs=0 l=1 rev1=0 crypto rx=0 tx=0 comp rx=0 tx=0)._handle_peer_banner_payload supported=3 required=0
2024-04-26T04:43:38.308 INFO:teuthology.orchestra.run.smithi077.stdout:/usr/bin/ceph: stderr
2024-04-26T04:43:37.297+0000 7fc3d37fe700 1 --2- >> [v2:172.21.15.77:3300/0,v1:172.21.15.77:6789/0] conn(0x7fc3d4102880 0x7fc3d41115f0 unknown :-1 s=HELLO_CONNECTING pgs=0 cs=0 l=1 rev1=1 crypto rx=0 tx=0 comp rx=0 tx=0).handle_hello peer v2:172.21.15.77:3300/0 says I am v2:172.21.15.77:33746/0 (socket says 172.21.15.77:33746)
2024-04-26T04:43:38.308 INFO:teuthology.orchestra.run.smithi077.stdout:/usr/bin/ceph: stderr
2024-04-26T04:43:37.297+0000 7fc3d37fe700 1 -- 172.21.15.77:0/2816389499 learned_addr learned my addr 172.21.15.77:0/2816389499 (peer_addr_for_me v2:172.21.15.77:0/0)
2024-04-26T04:43:38.308 INFO:teuthology.orchestra.run.smithi077.stdout:/usr/bin/ceph: stderr
2024-04-26T04:43:37.298+0000 7fc3d37fe700 1 -- 172.21.15.77:0/2816389499 --> [v2:172.21.15.77:3300/0,v1:172.21.15.77:6789/0] -- mon_subscribe({config=0+,monmap=0+}) v3 -- 0x7fc3c40094f0 con 0x7fc3d4102880
2024-04-26T04:43:38.308 INFO:teuthology.orchestra.run.smithi077.stdout:/usr/bin/ceph: stderr
2024-04-26T04:43:37.298+0000 7fc3d37fe700 1 --2- 172.21.15.77:0/2816389499 >> [v2:172.21.15.77:3300/0,v1:172.21.15.77:6789/0] conn(0x7fc3d4102880 0x7fc3d41115f0 secure :-1 s=READY pgs=40 cs=0 l=1 rev1=1 crypto rx=0x7fc3c4000c00 tx=0x7fc3c4009250 comp rx=0 tx=0).ready entity=mon.0 client_cookie=0 server_cookie=0 in_seq=0 out_seq=0
2024-04-26T04:43:38.309 INFO:teuthology.orchestra.run.smithi077.stdout:/usr/bin/ceph: stderr
2024-04-26T04:43:37.298+0000 7fc3bbfff700 1 -- 172.21.15.77:0/2816389499 <== mon.0 v2:172.21.15.77:3300/0 1 ==== mon_map magic: 0 v1 ==== 229+0+0 (secure 0 0 0) 0x7fc3c40107c0 con 0x7fc3d4102880
2024-04-26T04:43:38.309 INFO:teuthology.orchestra.run.smithi077.stdout:/usr/bin/ceph: stderr
2024-04-26T04:43:37.298+0000 7fc3bbfff700 1 -- 172.21.15.77:0/2816389499 <== mon.0 v2:172.21.15.77:3300/0 2 ==== config(27 keys) v1 ==== 1044+0+0 (secure 0 0 0) 0x7fc3c4010db0 con 0x7fc3d4102880
2024-04-26T04:43:38.309 INFO:teuthology.orchestra.run.smithi077.stdout:/usr/bin/ceph: stderr
2024-04-26T04:43:37.298+0000 7fc3d9b14700 1 -- 172.21.15.77:0/2816389499 --> [v2:172.21.15.77:3300/0,v1:172.21.15.77:6789/0] -- mon_subscribe({mgrmap=0+}) v3 -- 0x7fc3d4111d30 con 0x7fc3d4102880
2024-04-26T04:43:38.309 INFO:teuthology.orchestra.run.smithi077.stdout:/usr/bin/ceph: stderr
2024-04-26T04:43:37.298+0000 7fc3bbfff700 1 -- 172.21.15.77:0/2816389499 <== mon.0 v2:172.21.15.77:3300/0 3 ==== mon_map magic: 0 v1 ==== 229+0+0 (secure 0 0 0) 0x7fc3c401ad00 con 0x7fc3d4102880
2024-04-26T04:43:38.309 INFO:teuthology.orchestra.run.smithi077.stdout:/usr/bin/ceph: stderr
2024-04-26T04:43:37.298+0000 7fc3d9b14700 1 -- 172.21.15.77:0/2816389499 --> [v2:172.21.15.77:3300/0,v1:172.21.15.77:6789/0] -- mon_subscribe({osdmap=0}) v3 -- 0x7fc3d41128a0 con 0x7fc3d4102880
2024-04-26T04:43:38.309 INFO:teuthology.orchestra.run.smithi077.stdout:/usr/bin/ceph: stderr
2024-04-26T04:43:37.299+0000 7fc3bbfff700 1 -- 172.21.15.77:0/2816389499 <== mon.0 v2:172.21.15.77:3300/0 4 ==== mgrmap(e 8) v1 ==== 43376+0+0 (secure 0 0 0) 0x7fc3c40193c0 con 0x7fc3d4102880
2024-04-26T04:43:38.309 INFO:teuthology.orchestra.run.smithi077.stdout:/usr/bin/ceph: stderr
2024-04-26T04:43:37.299+0000 7fc3d9b14700 1 -- 172.21.15.77:0/2816389499 --> [v2:172.21.15.77:3300/0,v1:172.21.15.77:6789/0] -- mon_command({"prefix": "get_command_descriptions"} v 0) v1 -- 0x7fc3d405f5c0 con 0x7fc3d4102880
2024-04-26T04:43:38.309 INFO:teuthology.orchestra.run.smithi077.stdout:/usr/bin/ceph: stderr
2024-04-26T04:43:37.299+0000 7fc3bbfff700 1 --2- 172.21.15.77:0/2816389499 >> [v2:172.21.15.77:6800/3157890049,v1:172.21.15.77:6801/3157890049] conn(0x7fc3bc0368a0 0x7fc3bc038d50 unknown :-1 s=NONE pgs=0 cs=0 l=1 rev1=0 crypto rx=0 tx=0 comp rx=0 tx=0).connect
2024-04-26T04:43:38.309 INFO:teuthology.orchestra.run.smithi077.stdout:/usr/bin/ceph: stderr
2024-04-26T04:43:37.299+0000 7fc3bbfff700 1 -- 172.21.15.77:0/2816389499 <== mon.0 v2:172.21.15.77:3300/0 5 ==== osd_map(2..2 src has 1..2) v4 ==== 936+0+0 (secure 0 0 0) 0x7fc3c404a650 con 0x7fc3d4102880
2024-04-26T04:43:38.309 INFO:teuthology.orchestra.run.smithi077.stdout:/usr/bin/ceph: stderr
2024-04-26T04:43:37.299+0000 7fc3d2ffd700 1 --2- 172.21.15.77:0/2816389499 >> [v2:172.21.15.77:6800/3157890049,v1:172.21.15.77:6801/3157890049] conn(0x7fc3bc0368a0 0x7fc3bc038d50 unknown :-1 s=BANNER_CONNECTING pgs=0 cs=0 l=1 rev1=0 crypto rx=0 tx=0 comp rx=0 tx=0)._handle_peer_banner_payload supported=3 required=0
2024-04-26T04:43:38.309 INFO:teuthology.orchestra.run.smithi077.stdout:/usr/bin/ceph: stderr
2024-04-26T04:43:37.300+0000 7fc3d2ffd700 1 --2- 172.21.15.77:0/2816389499 >> [v2:172.21.15.77:6800/3157890049,v1:172.21.15.77:6801/3157890049] conn(0x7fc3bc0368a0 0x7fc3bc038d50 secure :-1 s=READY pgs=9 cs=0 l=1 rev1=1 crypto rx=0x7fc3c8009990 tx=0x7fc3c8006e40 comp rx=0 tx=0).ready entity=mgr.14118 client_cookie=0 server_cookie=0 in_seq=0 out_seq=0
2024-04-26T04:43:38.309 INFO:teuthology.orchestra.run.smithi077.stdout:/usr/bin/ceph: stderr
2024-04-26T04:43:37.304+0000 7fc3bbfff700 1 -- 172.21.15.77:0/2816389499 <== mon.0 v2:172.21.15.77:3300/0 6 ==== mon_command_ack([{"prefix": "get_command_descriptions"}]=0 v0) v1 ==== 72+0+176702 (secure 0 0 0) 0x7fc3c4022930 con 0x7fc3d4102880
2024-04-26T04:43:38.309 INFO:teuthology.orchestra.run.smithi077.stdout:/usr/bin/ceph: stderr
2024-04-26T04:43:37.492+0000 7fc3d9b14700 1 -- 172.21.15.77:0/2816389499 --> [v2:172.21.15.77:6800/3157890049,v1:172.21.15.77:6801/3157890049] -- mgr_command(tid 0: {"prefix": "cephadm generate-key", "target": ["mon-mgr", ""]}) v1 -- 0x7fc3d40ff200 con 0x7fc3bc0368a0
2024-04-26T04:43:38.309 INFO:teuthology.orchestra.run.smithi077.stdout:/usr/bin/ceph: stderr
2024-04-26T04:43:37.699+0000 7fc3bbfff700 1 -- 172.21.15.77:0/2816389499 <== mgr.14118 v2:172.21.15.77:6800/3157890049 1 ==== mgr_command_reply(tid 0: 0 ) v1 ==== 8+0+0 (secure 0 0 0) 0x7fc3d40ff200 con 0x7fc3bc0368a0
2024-04-26T04:43:38.310 INFO:teuthology.orchestra.run.smithi077.stdout:/usr/bin/ceph: stderr
2024-04-26T04:43:37.701+0000 7fc3d9b14700 1 -- 172.21.15.77:0/2816389499 >> [v2:172.21.15.77:6800/3157890049,v1:172.21.15.77:6801/3157890049] conn(0x7fc3bc0368a0 msgr2=0x7fc3bc038d50 secure :-1 s=STATE_CONNECTION_ESTABLISHED l=1).mark_down
2024-04-26T04:43:38.310 INFO:teuthology.orchestra.run.smithi077.stdout:/usr/bin/ceph: stderr
2024-04-26T04:43:37.701+0000 7fc3d9b14700 1 --2- 172.21.15.77:0/2816389499 >> [v2:172.21.15.77:6800/3157890049,v1:172.21.15.77:6801/3157890049] conn(0x7fc3bc0368a0 0x7fc3bc038d50 secure :-1 s=READY pgs=9 cs=0 l=1 rev1=1 crypto rx=0x7fc3c8009990 tx=0x7fc3c8006e40 comp rx=0 tx=0).stop
2024-04-26T04:43:38.310 INFO:teuthology.orchestra.run.smithi077.stdout:/usr/bin/ceph: stderr
2024-04-26T04:43:37.701+0000 7fc3d9b14700 1 -- 172.21.15.77:0/2816389499 >> [v2:172.21.15.77:3300/0,v1:172.21.15.77:6789/0] conn(0x7fc3d4102880 msgr2=0x7fc3d41115f0 secure :-1 s=STATE_CONNECTION_ESTABLISHED l=1).mark_down
2024-04-26T04:43:38.310 INFO:teuthology.orchestra.run.smithi077.stdout:/usr/bin/ceph: stderr
2024-04-26T04:43:37.701+0000 7fc3d9b14700 1 --2- 172.21.15.77:0/2816389499 >> [v2:172.21.15.77:3300/0,v1:172.21.15.77:6789/0] conn(0x7fc3d4102880 0x7fc3d41115f0 secure :-1 s=READY pgs=40 cs=0 l=1 rev1=1 crypto rx=0x7fc3c4000c00 tx=0x7fc3c4009250 comp rx=0 tx=0).stop
2024-04-26T04:43:38.310 INFO:teuthology.orchestra.run.smithi077.stdout:/usr/bin/ceph: stderr
2024-04-26T04:43:37.701+0000 7fc3d9b14700 1 -- 172.21.15.77:0/2816389499 shutdown_connections
2024-04-26T04:43:38.310 INFO:teuthology.orchestra.run.smithi077.stdout:/usr/bin/ceph: stderr
2024-04-26T04:43:37.701+0000 7fc3d9b14700 1 --2- 172.21.15.77:0/2816389499 >> [v2:172.21.15.77:6800/3157890049,v1:172.21.15.77:6801/3157890049] conn(0x7fc3bc0368a0 0x7fc3bc038d50 unknown :-1 s=CLOSED pgs=9 cs=0 l=1 rev1=1 crypto rx=0 tx=0 comp rx=0 tx=0).stop
2024-04-26T04:43:38.310 INFO:teuthology.orchestra.run.smithi077.stdout:/usr/bin/ceph: stderr
2024-04-26T04:43:37.701+0000 7fc3d9b14700 1 --2- 172.21.15.77:0/2816389499 >> [v2:172.21.15.77:3300/0,v1:172.21.15.77:6789/0] conn(0x7fc3d4102880 0x7fc3d41115f0 unknown :-1 s=CLOSED pgs=40 cs=0 l=1 rev1=1 crypto rx=0 tx=0 comp rx=0 tx=0).stop
2024-04-26T04:43:38.310 INFO:teuthology.orchestra.run.smithi077.stdout:/usr/bin/ceph: stderr
2024-04-26T04:43:37.701+0000 7fc3d9b14700 1 -- 172.21.15.77:0/2816389499 >> 172.21.15.77:0/2816389499 conn(0x7fc3d40fe060 msgr2=0x7fc3d40feaf0 unknown :-1 s=STATE_NONE l=0).mark_down
2024-04-26T04:43:38.310 INFO:teuthology.orchestra.run.smithi077.stdout:/usr/bin/ceph: stderr
2024-04-26T04:43:37.701+0000 7fc3d9b14700 1 -- 172.21.15.77:0/2816389499 shutdown_connections
2024-04-26T04:43:38.310 INFO:teuthology.orchestra.run.smithi077.stdout:/usr/bin/ceph: stderr
2024-04-26T04:43:37.701+0000 7fc3d9b14700 1 -- 172.21.15.77:0/2816389499 wait complete.
2024-04-26T04:43:38.950 INFO:journalctl@ceph.mon.smithi077.smithi077.stdout:Apr 26 04:43:38 smithi077 ceph-mon[26311]: from='client.14134 -' entity='client.admin' cmd=[{"prefix": "cephadm generate-key", "target": ["mon-mgr", ""]}]: dispatch
2024-04-26T04:43:38.951 INFO:journalctl@ceph.mon.smithi077.smithi077.stdout:Apr 26 04:43:38 smithi077 ceph-mon[26311]: Generating ssh key...
2024-04-26T04:43:38.951 INFO:journalctl@ceph.mon.smithi077.smithi077.stdout:Apr 26 04:43:38 smithi077 ceph-mon[26311]: from='mgr.14118 172.21.15.77:0/3506613443' entity='mgr.smithi077.hkvsor'
2024-04-26T04:43:38.951 INFO:journalctl@ceph.mon.smithi077.smithi077.stdout:Apr 26 04:43:38 smithi077 ceph-mon[26311]: from='mgr.14118 172.21.15.77:0/3506613443' entity='mgr.smithi077.hkvsor'
2024-04-26T04:43:39.503 INFO:teuthology.orchestra.run.smithi077.stdout:/usr/bin/ceph: stdout ssh-rsa AAAAB3NzaC1yc2EAAAADAQABAAABgQCcuVrs5ijiub4JGF9Ue4oXaXPGlNZKU22qe3E7PmeZTuKxUz8YAdv6QPpBLWQ+zu9pXTO9oEtKNfgOWdNKzTPcQgpDOrw5HgJpVAZarFSdHJBONetP9kF1sk27A290vA1YJISvQBHCN5Y5ohzK9aJ5afJuK6K519fDdtBnwl6I7TqM8F6cJ1V/A+/ttaZ4v53Hv0vWIJwKof0EG6oFHafBqi+44OAs9kC3sbK0yCRfu6ZCCSAL5+Gtmg9UI0a5392RHPhHELnk2KInOfq8q2UEoeK5yUVuwwOHm84w1XQjYkEfzTiKLwMWsAN/3eoKOaV7S/t0aOBwT6FyD1cJYidy+T4NrSdiWdX0K27dFSyTBpkCVqwUfT2K8F4jtwcbPfuNyDMmBB8JAaZ8gdpmv1OUIhQWADEQp1v9Veh6LwgHPPLVnhWTnpZhfCQo3esx0QJMkRvcXJprTrbw8g5neD8GXSmDDWF45ALzd4s06z5Q46g8PBng0L1PSNsxMRrpsA0= ceph-3c1ee652-0387-11ef-bc93-c7b262605968
2024-04-26T04:43:39.503 INFO:teuthology.orchestra.run.smithi077.stdout:/usr/bin/ceph: stderr
2024-04-26T04:43:38.753+0000 7f5d0142d700 1 Processor -- start
2024-04-26T04:43:39.503 INFO:teuthology.orchestra.run.smithi077.stdout:/usr/bin/ceph: stderr
2024-04-26T04:43:38.753+0000 7f5d0142d700 1 -- start start
2024-04-26T04:43:39.503 INFO:teuthology.orchestra.run.smithi077.stdout:/usr/bin/ceph: stderr
2024-04-26T04:43:38.753+0000 7f5d0142d700 1 --2- >> [v2:172.21.15.77:3300/0,v1:172.21.15.77:6789/0] conn(0x7f5cfc102880 0x7f5cfc102c90 unknown :-1 s=NONE pgs=0 cs=0 l=0 rev1=0 crypto rx=0 tx=0 comp rx=0 tx=0).connect
2024-04-26T04:43:39.504 INFO:teuthology.orchestra.run.smithi077.stdout:/usr/bin/ceph: stderr
2024-04-26T04:43:38.753+0000 7f5d0142d700 1 -- --> [v2:172.21.15.77:3300/0,v1:172.21.15.77:6789/0] -- mon_getmap magic: 0 v1 -- 0x7f5cfc1031d0 con 0x7f5cfc102880
2024-04-26T04:43:39.504 INFO:teuthology.orchestra.run.smithi077.stdout:/usr/bin/ceph: stderr
2024-04-26T04:43:38.753+0000 7f5cfaffd700 1 --2- >> [v2:172.21.15.77:3300/0,v1:172.21.15.77:6789/0] conn(0x7f5cfc102880 0x7f5cfc102c90 unknown :-1 s=BANNER_CONNECTING pgs=0 cs=0 l=0 rev1=0 crypto rx=0 tx=0 comp rx=0 tx=0)._handle_peer_banner_payload supported=3 required=0
2024-04-26T04:43:39.504 INFO:teuthology.orchestra.run.smithi077.stdout:/usr/bin/ceph: stderr
2024-04-26T04:43:38.753+0000 7f5cfaffd700 1 --2- >> [v2:172.21.15.77:3300/0,v1:172.21.15.77:6789/0] conn(0x7f5cfc102880 0x7f5cfc102c90 unknown :-1 s=HELLO_CONNECTING pgs=0 cs=0 l=0 rev1=1 crypto rx=0 tx=0 comp rx=0 tx=0).handle_hello peer v2:172.21.15.77:3300/0 says I am v2:172.21.15.77:39312/0 (socket says 172.21.15.77:39312)
2024-04-26T04:43:39.504 INFO:teuthology.orchestra.run.smithi077.stdout:/usr/bin/ceph: stderr
2024-04-26T04:43:38.753+0000 7f5cfaffd700 1 -- 172.21.15.77:0/391880842 learned_addr learned my addr 172.21.15.77:0/391880842 (peer_addr_for_me v2:172.21.15.77:0/0)
2024-04-26T04:43:39.504 INFO:teuthology.orchestra.run.smithi077.stdout:/usr/bin/ceph: stderr
2024-04-26T04:43:38.754+0000 7f5cfaffd700 1 -- 172.21.15.77:0/391880842 --> [v2:172.21.15.77:3300/0,v1:172.21.15.77:6789/0] -- mon_subscribe({config=0+,monmap=0+}) v3 -- 0x7f5cfc103310 con 0x7f5cfc102880
2024-04-26T04:43:39.504 INFO:teuthology.orchestra.run.smithi077.stdout:/usr/bin/ceph: stderr
2024-04-26T04:43:38.754+0000 7f5cfaffd700 1 --2- 172.21.15.77:0/391880842 >> [v2:172.21.15.77:3300/0,v1:172.21.15.77:6789/0] conn(0x7f5cfc102880 0x7f5cfc102c90 secure :-1 s=READY pgs=41 cs=0 l=1 rev1=1 crypto rx=0x7f5cec0098e0 tx=0x7f5cec009250 comp rx=0 tx=0).ready entity=mon.0 client_cookie=a86811026ecbec28 server_cookie=0 in_seq=0 out_seq=0
2024-04-26T04:43:39.504 INFO:teuthology.orchestra.run.smithi077.stdout:/usr/bin/ceph: stderr
2024-04-26T04:43:38.754+0000 7f5cfa7fc700 1 -- 172.21.15.77:0/391880842 <== mon.0 v2:172.21.15.77:3300/0 1 ==== mon_map magic: 0 v1 ==== 229+0+0 (secure 0 0 0) 0x7f5cec00b860 con 0x7f5cfc102880
2024-04-26T04:43:39.504 INFO:teuthology.orchestra.run.smithi077.stdout:/usr/bin/ceph: stderr
2024-04-26T04:43:38.754+0000 7f5cfa7fc700 1 -- 172.21.15.77:0/391880842 <== mon.0 v2:172.21.15.77:3300/0 2 ==== config(27 keys) v1 ==== 1044+0+0 (secure 0 0 0) 0x7f5cec00be50 con 0x7f5cfc102880
2024-04-26T04:43:39.504 INFO:teuthology.orchestra.run.smithi077.stdout:/usr/bin/ceph: stderr
2024-04-26T04:43:38.754+0000 7f5cfa7fc700 1 -- 172.21.15.77:0/391880842 <== mon.0 v2:172.21.15.77:3300/0 3 ==== mon_map magic: 0 v1 ==== 229+0+0 (secure 0 0 0) 0x7f5cec010380 con 0x7f5cfc102880
2024-04-26T04:43:39.505 INFO:teuthology.orchestra.run.smithi077.stdout:/usr/bin/ceph: stderr
2024-04-26T04:43:38.755+0000 7f5d0142d700 1 -- 172.21.15.77:0/391880842 >> [v2:172.21.15.77:3300/0,v1:172.21.15.77:6789/0] conn(0x7f5cfc102880 msgr2=0x7f5cfc102c90 secure :-1 s=STATE_CONNECTION_ESTABLISHED l=1).mark_down
2024-04-26T04:43:39.505 INFO:teuthology.orchestra.run.smithi077.stdout:/usr/bin/ceph: stderr
2024-04-26T04:43:38.755+0000 7f5d0142d700 1 --2- 172.21.15.77:0/391880842 >> [v2:172.21.15.77:3300/0,v1:172.21.15.77:6789/0] conn(0x7f5cfc102880 0x7f5cfc102c90 secure :-1 s=READY pgs=41 cs=0 l=1 rev1=1 crypto rx=0x7f5cec0098e0 tx=0x7f5cec009250 comp rx=0 tx=0).stop
2024-04-26T04:43:39.505 INFO:teuthology.orchestra.run.smithi077.stdout:/usr/bin/ceph: stderr
2024-04-26T04:43:38.755+0000 7f5d0142d700 1 -- 172.21.15.77:0/391880842 shutdown_connections
2024-04-26T04:43:39.505 INFO:teuthology.orchestra.run.smithi077.stdout:/usr/bin/ceph: stderr
2024-04-26T04:43:38.755+0000 7f5d0142d700 1 --2- 172.21.15.77:0/391880842 >> [v2:172.21.15.77:3300/0,v1:172.21.15.77:6789/0] conn(0x7f5cfc102880 0x7f5cfc102c90 unknown :-1 s=CLOSED pgs=41 cs=0 l=1 rev1=1 crypto rx=0 tx=0 comp rx=0 tx=0).stop
2024-04-26T04:43:39.505 INFO:teuthology.orchestra.run.smithi077.stdout:/usr/bin/ceph: stderr
2024-04-26T04:43:38.755+0000 7f5d0142d700 1 -- 172.21.15.77:0/391880842 >> 172.21.15.77:0/391880842 conn(0x7f5cfc0fe060 msgr2=0x7f5cfc100470 unknown :-1 s=STATE_NONE l=0).mark_down
2024-04-26T04:43:39.505 INFO:teuthology.orchestra.run.smithi077.stdout:/usr/bin/ceph: stderr
2024-04-26T04:43:38.755+0000 7f5d0142d700 1 -- 172.21.15.77:0/391880842 shutdown_connections
2024-04-26T04:43:39.505 INFO:teuthology.orchestra.run.smithi077.stdout:/usr/bin/ceph: stderr
2024-04-26T04:43:38.755+0000 7f5d0142d700 1 -- 172.21.15.77:0/391880842 wait complete.
2024-04-26T04:43:39.505 INFO:teuthology.orchestra.run.smithi077.stdout:/usr/bin/ceph: stderr
2024-04-26T04:43:38.755+0000 7f5d0142d700 1 Processor -- start
2024-04-26T04:43:39.505 INFO:teuthology.orchestra.run.smithi077.stdout:/usr/bin/ceph: stderr
2024-04-26T04:43:38.755+0000 7f5d0142d700 1 -- start start
2024-04-26T04:43:39.505 INFO:teuthology.orchestra.run.smithi077.stdout:/usr/bin/ceph: stderr
2024-04-26T04:43:38.756+0000 7f5d0142d700 1 --2- >> [v2:172.21.15.77:3300/0,v1:172.21.15.77:6789/0] conn(0x7f5cfc102880 0x7f5cfc1115f0 unknown :-1 s=NONE pgs=0 cs=0 l=1 rev1=0 crypto rx=0 tx=0 comp rx=0 tx=0).connect
2024-04-26T04:43:39.505 INFO:teuthology.orchestra.run.smithi077.stdout:/usr/bin/ceph: stderr
2024-04-26T04:43:38.756+0000 7f5d0142d700 1 -- --> [v2:172.21.15.77:3300/0,v1:172.21.15.77:6789/0] -- mon_getmap magic: 0 v1 -- 0x7f5cfc111b30 con 0x7f5cfc102880
2024-04-26T04:43:39.505 INFO:teuthology.orchestra.run.smithi077.stdout:/usr/bin/ceph: stderr
2024-04-26T04:43:38.756+0000 7f5cfaffd700 1 --2- >> [v2:172.21.15.77:3300/0,v1:172.21.15.77:6789/0] conn(0x7f5cfc102880 0x7f5cfc1115f0 unknown :-1 s=BANNER_CONNECTING pgs=0 cs=0 l=1 rev1=0 crypto rx=0 tx=0 comp rx=0 tx=0)._handle_peer_banner_payload supported=3 required=0
2024-04-26T04:43:39.505 INFO:teuthology.orchestra.run.smithi077.stdout:/usr/bin/ceph: stderr
2024-04-26T04:43:38.756+0000 7f5cfaffd700 1 --2- >> [v2:172.21.15.77:3300/0,v1:172.21.15.77:6789/0] conn(0x7f5cfc102880 0x7f5cfc1115f0 unknown :-1 s=HELLO_CONNECTING pgs=0 cs=0 l=1 rev1=1 crypto rx=0 tx=0 comp rx=0 tx=0).handle_hello peer v2:172.21.15.77:3300/0 says I am v2:172.21.15.77:39320/0 (socket says 172.21.15.77:39320)
2024-04-26T04:43:39.505 INFO:teuthology.orchestra.run.smithi077.stdout:/usr/bin/ceph: stderr
2024-04-26T04:43:38.756+0000 7f5cfaffd700 1 -- 172.21.15.77:0/3848697956 learned_addr learned my addr 172.21.15.77:0/3848697956 (peer_addr_for_me v2:172.21.15.77:0/0)
2024-04-26T04:43:39.506 INFO:teuthology.orchestra.run.smithi077.stdout:/usr/bin/ceph: stderr
2024-04-26T04:43:38.756+0000 7f5cfaffd700 1 -- 172.21.15.77:0/3848697956 --> [v2:172.21.15.77:3300/0,v1:172.21.15.77:6789/0] -- mon_subscribe({config=0+,monmap=0+}) v3 -- 0x7f5cec0094f0 con 0x7f5cfc102880
2024-04-26T04:43:39.506 INFO:teuthology.orchestra.run.smithi077.stdout:/usr/bin/ceph: stderr
2024-04-26T04:43:38.756+0000 7f5cfaffd700 1 --2- 172.21.15.77:0/3848697956 >> [v2:172.21.15.77:3300/0,v1:172.21.15.77:6789/0] conn(0x7f5cfc102880 0x7f5cfc1115f0 secure :-1 s=READY pgs=42 cs=0 l=1 rev1=1 crypto rx=0x7f5cec000c00 tx=0x7f5cec009250 comp rx=0 tx=0).ready entity=mon.0 client_cookie=0 server_cookie=0 in_seq=0 out_seq=0
2024-04-26T04:43:39.506 INFO:teuthology.orchestra.run.smithi077.stdout:/usr/bin/ceph: stderr
2024-04-26T04:43:38.756+0000 7f5cf3fff700 1 -- 172.21.15.77:0/3848697956 <== mon.0 v2:172.21.15.77:3300/0 1 ==== mon_map magic: 0 v1 ==== 229+0+0 (secure 0 0 0) 0x7f5cec0107c0 con 0x7f5cfc102880
2024-04-26T04:43:39.506 INFO:teuthology.orchestra.run.smithi077.stdout:/usr/bin/ceph: stderr
2024-04-26T04:43:38.756+0000 7f5cf3fff700 1 -- 172.21.15.77:0/3848697956 <== mon.0 v2:172.21.15.77:3300/0 2 ==== config(27 keys) v1 ==== 1044+0+0 (secure 0 0 0) 0x7f5cec010db0 con 0x7f5cfc102880
2024-04-26T04:43:39.506 INFO:teuthology.orchestra.run.smithi077.stdout:/usr/bin/ceph: stderr
2024-04-26T04:43:38.756+0000 7f5d0142d700 1 -- 172.21.15.77:0/3848697956 --> [v2:172.21.15.77:3300/0,v1:172.21.15.77:6789/0] -- mon_subscribe({mgrmap=0+}) v3 -- 0x7f5cfc111d30 con 0x7f5cfc102880
2024-04-26T04:43:39.506 INFO:teuthology.orchestra.run.smithi077.stdout:/usr/bin/ceph: stderr
2024-04-26T04:43:38.756+0000 7f5cf3fff700 1 -- 172.21.15.77:0/3848697956 <== mon.0 v2:172.21.15.77:3300/0 3 ==== mon_map magic: 0 v1 ==== 229+0+0 (secure 0 0 0) 0x7f5cec01ad00 con 0x7f5cfc102880
2024-04-26T04:43:39.506 INFO:teuthology.orchestra.run.smithi077.stdout:/usr/bin/ceph: stderr
2024-04-26T04:43:38.756+0000 7f5d0142d700 1 -- 172.21.15.77:0/3848697956 --> [v2:172.21.15.77:3300/0,v1:172.21.15.77:6789/0] -- mon_subscribe({osdmap=0}) v3 -- 0x7f5cfc1128a0 con 0x7f5cfc102880
2024-04-26T04:43:39.506 INFO:teuthology.orchestra.run.smithi077.stdout:/usr/bin/ceph: stderr
2024-04-26T04:43:38.757+0000 7f5cf3fff700 1 -- 172.21.15.77:0/3848697956 <== mon.0 v2:172.21.15.77:3300/0 4 ==== mgrmap(e 8) v1 ==== 43376+0+0 (secure 0 0 0) 0x7f5cec0193c0 con 0x7f5cfc102880
2024-04-26T04:43:39.506 INFO:teuthology.orchestra.run.smithi077.stdout:/usr/bin/ceph: stderr
2024-04-26T04:43:38.757+0000 7f5d0142d700 1 -- 172.21.15.77:0/3848697956 --> [v2:172.21.15.77:3300/0,v1:172.21.15.77:6789/0] -- mon_command({"prefix": "get_command_descriptions"} v 0) v1 -- 0x7f5cfc05f5c0 con 0x7f5cfc102880
2024-04-26T04:43:39.506 INFO:teuthology.orchestra.run.smithi077.stdout:/usr/bin/ceph: stderr
2024-04-26T04:43:38.757+0000 7f5cf3fff700 1 --2- 172.21.15.77:0/3848697956 >> [v2:172.21.15.77:6800/3157890049,v1:172.21.15.77:6801/3157890049] conn(0x7f5ce8036850 0x7f5ce8038d00 unknown :-1 s=NONE pgs=0 cs=0 l=1 rev1=0 crypto rx=0 tx=0 comp rx=0 tx=0).connect
2024-04-26T04:43:39.506 INFO:teuthology.orchestra.run.smithi077.stdout:/usr/bin/ceph: stderr
2024-04-26T04:43:38.757+0000 7f5cf3fff700 1 -- 172.21.15.77:0/3848697956 <== mon.0 v2:172.21.15.77:3300/0 5 ==== osd_map(2..2 src has 1..2) v4 ==== 936+0+0 (secure 0 0 0) 0x7f5cec04a650 con 0x7f5cfc102880
2024-04-26T04:43:39.506 INFO:teuthology.orchestra.run.smithi077.stdout:/usr/bin/ceph: stderr
2024-04-26T04:43:38.757+0000 7f5cf27fc700 1 --2- 172.21.15.77:0/3848697956 >> [v2:172.21.15.77:6800/3157890049,v1:172.21.15.77:6801/3157890049] conn(0x7f5ce8036850 0x7f5ce8038d00 unknown :-1 s=BANNER_CONNECTING pgs=0 cs=0 l=1 rev1=0 crypto rx=0 tx=0 comp rx=0 tx=0)._handle_peer_banner_payload supported=3 required=0
2024-04-26T04:43:39.507 INFO:teuthology.orchestra.run.smithi077.stdout:/usr/bin/ceph: stderr
2024-04-26T04:43:38.758+0000 7f5cf27fc700 1 --2- 172.21.15.77:0/3848697956 >> [v2:172.21.15.77:6800/3157890049,v1:172.21.15.77:6801/3157890049] conn(0x7f5ce8036850 0x7f5ce8038d00 secure :-1 s=READY pgs=10 cs=0 l=1 rev1=1 crypto rx=0x7f5ce4009990 tx=0x7f5ce4006e40 comp rx=0 tx=0).ready entity=mgr.14118 client_cookie=0 server_cookie=0 in_seq=0 out_seq=0
2024-04-26T04:43:39.507 INFO:teuthology.orchestra.run.smithi077.stdout:/usr/bin/ceph: stderr
2024-04-26T04:43:38.762+0000 7f5cf3fff700 1 -- 172.21.15.77:0/3848697956 <== mon.0 v2:172.21.15.77:3300/0 6 ==== mon_command_ack([{"prefix": "get_command_descriptions"}]=0 v0) v1 ==== 72+0+176702 (secure 0 0 0) 0x7f5cec022930 con 0x7f5cfc102880
2024-04-26T04:43:39.507 INFO:teuthology.orchestra.run.smithi077.stdout:/usr/bin/ceph: stderr
2024-04-26T04:43:38.950+0000 7f5d0142d700 1 -- 172.21.15.77:0/3848697956 --> [v2:172.21.15.77:6800/3157890049,v1:172.21.15.77:6801/3157890049] -- mgr_command(tid 0: {"prefix": "cephadm get-pub-key", "target": ["mon-mgr", ""]}) v1 -- 0x7f5cfc0ff200 con 0x7f5ce8036850
2024-04-26T04:43:39.507 INFO:teuthology.orchestra.run.smithi077.stdout:/usr/bin/ceph: stderr
2024-04-26T04:43:38.950+0000 7f5cf3fff700 1 -- 172.21.15.77:0/3848697956 <== mgr.14118 v2:172.21.15.77:6800/3157890049 1 ==== mgr_command_reply(tid 0: 0 ) v1 ==== 8+0+595 (secure 0 0 0) 0x7f5cfc0ff200 con 0x7f5ce8036850
2024-04-26T04:43:39.507 INFO:teuthology.orchestra.run.smithi077.stdout:/usr/bin/ceph: stderr
2024-04-26T04:43:38.952+0000 7f5d0142d700 1 -- 172.21.15.77:0/3848697956 >> [v2:172.21.15.77:6800/3157890049,v1:172.21.15.77:6801/3157890049] conn(0x7f5ce8036850 msgr2=0x7f5ce8038d00 secure :-1 s=STATE_CONNECTION_ESTABLISHED l=1).mark_down
2024-04-26T04:43:39.507 INFO:teuthology.orchestra.run.smithi077.stdout:/usr/bin/ceph: stderr
2024-04-26T04:43:38.952+0000 7f5d0142d700 1 --2- 172.21.15.77:0/3848697956 >> [v2:172.21.15.77:6800/3157890049,v1:172.21.15.77:6801/3157890049] conn(0x7f5ce8036850 0x7f5ce8038d00 secure :-1 s=READY pgs=10 cs=0 l=1 rev1=1 crypto rx=0x7f5ce4009990 tx=0x7f5ce4006e40 comp rx=0 tx=0).stop
2024-04-26T04:43:39.507 INFO:teuthology.orchestra.run.smithi077.stdout:/usr/bin/ceph: stderr
2024-04-26T04:43:38.952+0000 7f5d0142d700 1 -- 172.21.15.77:0/3848697956 >> [v2:172.21.15.77:3300/0,v1:172.21.15.77:6789/0] conn(0x7f5cfc102880 msgr2=0x7f5cfc1115f0 secure :-1 s=STATE_CONNECTION_ESTABLISHED l=1).mark_down
2024-04-26T04:43:39.507 INFO:teuthology.orchestra.run.smithi077.stdout:/usr/bin/ceph: stderr
2024-04-26T04:43:38.952+0000 7f5d0142d700 1 --2- 172.21.15.77:0/3848697956 >> [v2:172.21.15.77:3300/0,v1:172.21.15.77:6789/0] conn(0x7f5cfc102880 0x7f5cfc1115f0 secure :-1 s=READY pgs=42 cs=0 l=1 rev1=1 crypto rx=0x7f5cec000c00 tx=0x7f5cec009250 comp rx=0 tx=0).stop
2024-04-26T04:43:39.507 INFO:teuthology.orchestra.run.smithi077.stdout:/usr/bin/ceph: stderr
2024-04-26T04:43:38.952+0000 7f5d0142d700 1 -- 172.21.15.77:0/3848697956 shutdown_connections
2024-04-26T04:43:39.507 INFO:teuthology.orchestra.run.smithi077.stdout:/usr/bin/ceph: stderr
2024-04-26T04:43:38.952+0000 7f5d0142d700 1 --2- 172.21.15.77:0/3848697956 >> [v2:172.21.15.77:6800/3157890049,v1:172.21.15.77:6801/3157890049] conn(0x7f5ce8036850 0x7f5ce8038d00 unknown :-1 s=CLOSED pgs=10 cs=0 l=1 rev1=1 crypto rx=0 tx=0 comp rx=0 tx=0).stop
2024-04-26T04:43:39.507 INFO:teuthology.orchestra.run.smithi077.stdout:/usr/bin/ceph: stderr
2024-04-26T04:43:38.952+0000 7f5d0142d700 1 --2- 172.21.15.77:0/3848697956 >> [v2:172.21.15.77:3300/0,v1:172.21.15.77:6789/0] conn(0x7f5cfc102880 0x7f5cfc1115f0 unknown :-1 s=CLOSED pgs=42 cs=0 l=1 rev1=1 crypto rx=0 tx=0 comp rx=0 tx=0).stop
2024-04-26T04:43:39.507 INFO:teuthology.orchestra.run.smithi077.stdout:/usr/bin/ceph: stderr
2024-04-26T04:43:38.952+0000 7f5d0142d700 1 -- 172.21.15.77:0/3848697956 >> 172.21.15.77:0/3848697956 conn(0x7f5cfc0fe060 msgr2=0x7f5cfc0feaf0 unknown :-1 s=STATE_NONE l=0).mark_down
2024-04-26T04:43:39.507 INFO:teuthology.orchestra.run.smithi077.stdout:/usr/bin/ceph: stderr
2024-04-26T04:43:38.952+0000 7f5d0142d700 1 -- 172.21.15.77:0/3848697956 shutdown_connections
2024-04-26T04:43:39.507 INFO:teuthology.orchestra.run.smithi077.stdout:/usr/bin/ceph: stderr
2024-04-26T04:43:38.952+0000 7f5d0142d700 1 -- 172.21.15.77:0/3848697956 wait complete.
2024-04-26T04:43:39.508 INFO:teuthology.orchestra.run.smithi077.stdout:Wrote public SSH key to /home/ubuntu/cephtest/ceph.pub
2024-04-26T04:43:39.508 INFO:teuthology.orchestra.run.smithi077.stdout:Adding key to root@localhost authorized_keys...
2024-04-26T04:43:39.508 INFO:teuthology.orchestra.run.smithi077.stdout:Adding host smithi077...
2024-04-26T04:43:39.992 INFO:journalctl@ceph.mon.smithi077.smithi077.stdout:Apr 26 04:43:39 smithi077 ceph-mon[26311]: from='client.14136 -' entity='client.admin' cmd=[{"prefix": "cephadm get-pub-key", "target": ["mon-mgr", ""]}]: dispatch
2024-04-26T04:43:40.992 INFO:journalctl@ceph.mon.smithi077.smithi077.stdout:Apr 26 04:43:40 smithi077 ceph-mon[26311]: from='client.14138 -' entity='client.admin' cmd=[{"prefix": "orch host add", "hostname": "smithi077", "addr": "172.21.15.77", "target": ["mon-mgr", ""]}]: dispatch
2024-04-26T04:43:41.742 INFO:journalctl@ceph.mon.smithi077.smithi077.stdout:Apr 26 04:43:41 smithi077 ceph-mon[26311]: Deploying cephadm binary to smithi077
2024-04-26T04:43:42.503 INFO:teuthology.orchestra.run.smithi077.stdout:/usr/bin/ceph: stdout Added host 'smithi077' with addr '172.21.15.77'
2024-04-26T04:43:42.503 INFO:teuthology.orchestra.run.smithi077.stdout:/usr/bin/ceph: stderr
2024-04-26T04:43:39.912+0000 7f7813f5a700 1 Processor -- start
2024-04-26T04:43:42.503 INFO:teuthology.orchestra.run.smithi077.stdout:/usr/bin/ceph: stderr
2024-04-26T04:43:39.912+0000 7f7813f5a700 1 -- start start
2024-04-26T04:43:42.504 INFO:teuthology.orchestra.run.smithi077.stdout:/usr/bin/ceph: stderr
2024-04-26T04:43:39.912+0000 7f7813f5a700 1 --2- >> [v2:172.21.15.77:3300/0,v1:172.21.15.77:6789/0] conn(0x7f780c076c10 0x7f780c105440 unknown :-1 s=NONE pgs=0 cs=0 l=0 rev1=0 crypto rx=0 tx=0 comp rx=0 tx=0).connect
2024-04-26T04:43:42.504 INFO:teuthology.orchestra.run.smithi077.stdout:/usr/bin/ceph: stderr
2024-04-26T04:43:39.913+0000 7f7813f5a700 1 -- --> [v2:172.21.15.77:3300/0,v1:172.21.15.77:6789/0] -- mon_getmap magic: 0 v1 -- 0x7f780c105980 con 0x7f780c076c10
2024-04-26T04:43:42.504 INFO:teuthology.orchestra.run.smithi077.stdout:/usr/bin/ceph: stderr
2024-04-26T04:43:39.913+0000 7f7811cf6700 1 --2- >> [v2:172.21.15.77:3300/0,v1:172.21.15.77:6789/0] conn(0x7f780c076c10 0x7f780c105440 unknown :-1 s=BANNER_CONNECTING pgs=0 cs=0 l=0 rev1=0 crypto rx=0 tx=0 comp rx=0 tx=0)._handle_peer_banner_payload supported=3 required=0
2024-04-26T04:43:42.504 INFO:teuthology.orchestra.run.smithi077.stdout:/usr/bin/ceph: stderr
2024-04-26T04:43:39.913+0000 7f7811cf6700 1 --2- >> [v2:172.21.15.77:3300/0,v1:172.21.15.77:6789/0] conn(0x7f780c076c10 0x7f780c105440 unknown :-1 s=HELLO_CONNECTING pgs=0 cs=0 l=0 rev1=1 crypto rx=0 tx=0 comp rx=0 tx=0).handle_hello peer v2:172.21.15.77:3300/0 says I am v2:172.21.15.77:39324/0 (socket says 172.21.15.77:39324)
2024-04-26T04:43:42.504 INFO:teuthology.orchestra.run.smithi077.stdout:/usr/bin/ceph: stderr
2024-04-26T04:43:39.913+0000 7f7811cf6700 1 -- 172.21.15.77:0/2210599380 learned_addr learned my addr 172.21.15.77:0/2210599380 (peer_addr_for_me v2:172.21.15.77:0/0)
2024-04-26T04:43:42.504 INFO:teuthology.orchestra.run.smithi077.stdout:/usr/bin/ceph: stderr
2024-04-26T04:43:39.913+0000 7f7811cf6700 1 -- 172.21.15.77:0/2210599380 --> [v2:172.21.15.77:3300/0,v1:172.21.15.77:6789/0] -- mon_subscribe({config=0+,monmap=0+}) v3 -- 0x7f780c105ac0 con 0x7f780c076c10
2024-04-26T04:43:42.504 INFO:teuthology.orchestra.run.smithi077.stdout:/usr/bin/ceph: stderr
2024-04-26T04:43:39.913+0000 7f7811cf6700 1 --2- 172.21.15.77:0/2210599380 >> [v2:172.21.15.77:3300/0,v1:172.21.15.77:6789/0] conn(0x7f780c076c10 0x7f780c105440 secure :-1 s=READY pgs=43 cs=0 l=1 rev1=1 crypto rx=0x7f77fc0098e0 tx=0x7f77fc009250 comp rx=0 tx=0).ready entity=mon.0 client_cookie=afc9c00e0d9b6f8d server_cookie=0 in_seq=0 out_seq=0
2024-04-26T04:43:42.504 INFO:teuthology.orchestra.run.smithi077.stdout:/usr/bin/ceph: stderr
2024-04-26T04:43:39.913+0000 7f7810cf4700 1 -- 172.21.15.77:0/2210599380 <== mon.0 v2:172.21.15.77:3300/0 1 ==== mon_map magic: 0 v1 ==== 229+0+0 (secure 0 0 0) 0x7f77fc00b860 con 0x7f780c076c10
2024-04-26T04:43:42.504 INFO:teuthology.orchestra.run.smithi077.stdout:/usr/bin/ceph: stderr
2024-04-26T04:43:39.913+0000 7f7810cf4700 1 -- 172.21.15.77:0/2210599380 <== mon.0 v2:172.21.15.77:3300/0 2 ==== config(27 keys) v1 ==== 1044+0+0 (secure 0 0 0) 0x7f77fc00be50 con 0x7f780c076c10
2024-04-26T04:43:42.504 INFO:teuthology.orchestra.run.smithi077.stdout:/usr/bin/ceph: stderr
2024-04-26T04:43:39.913+0000 7f7810cf4700 1 -- 172.21.15.77:0/2210599380 <== mon.0 v2:172.21.15.77:3300/0 3 ==== mon_map magic: 0 v1 ==== 229+0+0 (secure 0 0 0) 0x7f77fc010380 con 0x7f780c076c10
2024-04-26T04:43:42.504 INFO:teuthology.orchestra.run.smithi077.stdout:/usr/bin/ceph: stderr
2024-04-26T04:43:39.914+0000 7f7813f5a700 1 -- 172.21.15.77:0/2210599380 >> [v2:172.21.15.77:3300/0,v1:172.21.15.77:6789/0] conn(0x7f780c076c10 msgr2=0x7f780c105440 secure :-1 s=STATE_CONNECTION_ESTABLISHED l=1).mark_down
2024-04-26T04:43:42.504 INFO:teuthology.orchestra.run.smithi077.stdout:/usr/bin/ceph: stderr
2024-04-26T04:43:39.914+0000 7f7813f5a700 1 --2- 172.21.15.77:0/2210599380 >> [v2:172.21.15.77:3300/0,v1:172.21.15.77:6789/0] conn(0x7f780c076c10 0x7f780c105440 secure :-1 s=READY pgs=43 cs=0 l=1 rev1=1 crypto rx=0x7f77fc0098e0 tx=0x7f77fc009250 comp rx=0 tx=0).stop
2024-04-26T04:43:42.504 INFO:teuthology.orchestra.run.smithi077.stdout:/usr/bin/ceph: stderr
2024-04-26T04:43:39.914+0000 7f7813f5a700 1 -- 172.21.15.77:0/2210599380 shutdown_connections
2024-04-26T04:43:42.504 INFO:teuthology.orchestra.run.smithi077.stdout:/usr/bin/ceph: stderr
2024-04-26T04:43:39.914+0000 7f7813f5a700 1 --2- 172.21.15.77:0/2210599380 >> [v2:172.21.15.77:3300/0,v1:172.21.15.77:6789/0] conn(0x7f780c076c10 0x7f780c105440 unknown :-1 s=CLOSED pgs=43 cs=0 l=1 rev1=1 crypto rx=0 tx=0 comp rx=0 tx=0).stop
2024-04-26T04:43:42.505 INFO:teuthology.orchestra.run.smithi077.stdout:/usr/bin/ceph: stderr
2024-04-26T04:43:39.914+0000 7f7813f5a700 1 -- 172.21.15.77:0/2210599380 >> 172.21.15.77:0/2210599380 conn(0x7f780c0fcef0 msgr2=0x7f780c0ff300 unknown :-1 s=STATE_NONE l=0).mark_down
2024-04-26T04:43:42.505 INFO:teuthology.orchestra.run.smithi077.stdout:/usr/bin/ceph: stderr
2024-04-26T04:43:39.914+0000 7f7813f5a700 1 -- 172.21.15.77:0/2210599380 shutdown_connections
2024-04-26T04:43:42.505 INFO:teuthology.orchestra.run.smithi077.stdout:/usr/bin/ceph: stderr
2024-04-26T04:43:39.914+0000 7f7813f5a700 1 -- 172.21.15.77:0/2210599380 wait complete.
2024-04-26T04:43:42.505 INFO:teuthology.orchestra.run.smithi077.stdout:/usr/bin/ceph: stderr
2024-04-26T04:43:39.914+0000 7f7813f5a700 1 Processor -- start
2024-04-26T04:43:42.505 INFO:teuthology.orchestra.run.smithi077.stdout:/usr/bin/ceph: stderr
2024-04-26T04:43:39.915+0000 7f7813f5a700 1 -- start start
2024-04-26T04:43:42.505 INFO:teuthology.orchestra.run.smithi077.stdout:/usr/bin/ceph: stderr
2024-04-26T04:43:39.915+0000 7f7813f5a700 1 --2- >> [v2:172.21.15.77:3300/0,v1:172.21.15.77:6789/0] conn(0x7f780c076c10 0x7f780c102d90 unknown :-1 s=NONE pgs=0 cs=0 l=1 rev1=0 crypto rx=0 tx=0 comp rx=0 tx=0).connect
2024-04-26T04:43:42.505 INFO:teuthology.orchestra.run.smithi077.stdout:/usr/bin/ceph: stderr
2024-04-26T04:43:39.915+0000 7f7813f5a700 1 -- --> [v2:172.21.15.77:3300/0,v1:172.21.15.77:6789/0] -- mon_getmap magic: 0 v1 -- 0x7f780c1032d0 con 0x7f780c076c10
2024-04-26T04:43:42.505 INFO:teuthology.orchestra.run.smithi077.stdout:/usr/bin/ceph: stderr
2024-04-26T04:43:39.915+0000 7f7811cf6700 1 --2- >> [v2:172.21.15.77:3300/0,v1:172.21.15.77:6789/0] conn(0x7f780c076c10 0x7f780c102d90 unknown :-1 s=BANNER_CONNECTING pgs=0 cs=0 l=1 rev1=0 crypto rx=0 tx=0 comp rx=0 tx=0)._handle_peer_banner_payload supported=3 required=0
2024-04-26T04:43:42.506 INFO:teuthology.orchestra.run.smithi077.stdout:/usr/bin/ceph: stderr
2024-04-26T04:43:39.915+0000 7f7811cf6700 1 --2- >> [v2:172.21.15.77:3300/0,v1:172.21.15.77:6789/0] conn(0x7f780c076c10 0x7f780c102d90 unknown :-1 s=HELLO_CONNECTING pgs=0 cs=0 l=1 rev1=1 crypto rx=0 tx=0 comp rx=0 tx=0).handle_hello peer v2:172.21.15.77:3300/0 says I am v2:172.21.15.77:39338/0 (socket says 172.21.15.77:39338)
2024-04-26T04:43:42.506 INFO:teuthology.orchestra.run.smithi077.stdout:/usr/bin/ceph: stderr
2024-04-26T04:43:39.915+0000 7f7811cf6700 1 -- 172.21.15.77:0/3606388555 learned_addr learned my addr 172.21.15.77:0/3606388555 (peer_addr_for_me v2:172.21.15.77:0/0)
2024-04-26T04:43:42.506 INFO:teuthology.orchestra.run.smithi077.stdout:/usr/bin/ceph: stderr
2024-04-26T04:43:39.915+0000 7f7811cf6700 1 -- 172.21.15.77:0/3606388555 --> [v2:172.21.15.77:3300/0,v1:172.21.15.77:6789/0] -- mon_subscribe({config=0+,monmap=0+}) v3 -- 0x7f77fc0094f0 con 0x7f780c076c10
2024-04-26T04:43:42.506 INFO:teuthology.orchestra.run.smithi077.stdout:/usr/bin/ceph: stderr
2024-04-26T04:43:39.915+0000 7f7811cf6700 1 --2- 172.21.15.77:0/3606388555 >> [v2:172.21.15.77:3300/0,v1:172.21.15.77:6789/0] conn(0x7f780c076c10 0x7f780c102d90 secure :-1 s=READY pgs=44 cs=0 l=1 rev1=1 crypto rx=0x7f77fc003050 tx=0x7f77fc009250 comp rx=0 tx=0).ready entity=mon.0 client_cookie=0 server_cookie=0 in_seq=0 out_seq=0
2024-04-26T04:43:42.506 INFO:teuthology.orchestra.run.smithi077.stdout:/usr/bin/ceph: stderr
2024-04-26T04:43:39.915+0000 7f780a7fc700 1 -- 172.21.15.77:0/3606388555 <== mon.0 v2:172.21.15.77:3300/0 1 ==== mon_map magic: 0 v1 ==== 229+0+0 (secure 0 0 0) 0x7f77fc010760 con 0x7f780c076c10
2024-04-26T04:43:42.506 INFO:teuthology.orchestra.run.smithi077.stdout:/usr/bin/ceph: stderr
2024-04-26T04:43:39.915+0000 7f780a7fc700 1 -- 172.21.15.77:0/3606388555 <== mon.0 v2:172.21.15.77:3300/0 2 ==== config(27 keys) v1 ==== 1044+0+0 (secure 0 0 0) 0x7f77fc010d50 con 0x7f780c076c10
2024-04-26T04:43:42.506 INFO:teuthology.orchestra.run.smithi077.stdout:/usr/bin/ceph: stderr
2024-04-26T04:43:39.915+0000 7f7813f5a700 1 -- 172.21.15.77:0/3606388555 --> [v2:172.21.15.77:3300/0,v1:172.21.15.77:6789/0] -- mon_subscribe({mgrmap=0+}) v3 -- 0x7f780c1013a0 con 0x7f780c076c10
2024-04-26T04:43:42.506 INFO:teuthology.orchestra.run.smithi077.stdout:/usr/bin/ceph: stderr
2024-04-26T04:43:39.915+0000 7f780a7fc700 1 -- 172.21.15.77:0/3606388555 <== mon.0 v2:172.21.15.77:3300/0 3 ==== mon_map magic: 0 v1 ==== 229+0+0 (secure 0 0 0) 0x7f77fc01ae20 con 0x7f780c076c10
2024-04-26T04:43:42.506 INFO:teuthology.orchestra.run.smithi077.stdout:/usr/bin/ceph: stderr
2024-04-26T04:43:39.915+0000 7f7813f5a700 1 -- 172.21.15.77:0/3606388555 --> [v2:172.21.15.77:3300/0,v1:172.21.15.77:6789/0] -- mon_subscribe({osdmap=0}) v3 -- 0x7f780c101890 con 0x7f780c076c10
2024-04-26T04:43:42.506 INFO:teuthology.orchestra.run.smithi077.stdout:/usr/bin/ceph: stderr
2024-04-26T04:43:39.916+0000 7f780a7fc700 1 -- 172.21.15.77:0/3606388555 <== mon.0 v2:172.21.15.77:3300/0 4 ==== mgrmap(e 8) v1 ==== 43376+0+0 (secure 0 0 0) 0x7f77fc0108c0 con 0x7f780c076c10
2024-04-26T04:43:42.506 INFO:teuthology.orchestra.run.smithi077.stdout:/usr/bin/ceph: stderr
2024-04-26T04:43:39.916+0000 7f780a7fc700 1 --2- 172.21.15.77:0/3606388555 >> [v2:172.21.15.77:6800/3157890049,v1:172.21.15.77:6801/3157890049] conn(0x7f77f40368a0 0x7f77f4038d50 unknown :-1 s=NONE pgs=0 cs=0 l=1 rev1=0 crypto rx=0 tx=0 comp rx=0 tx=0).connect
2024-04-26T04:43:42.506 INFO:teuthology.orchestra.run.smithi077.stdout:/usr/bin/ceph: stderr
2024-04-26T04:43:39.916+0000 7f780a7fc700 1 -- 172.21.15.77:0/3606388555 <== mon.0 v2:172.21.15.77:3300/0 5 ==== osd_map(2..2 src has 1..2) v4 ==== 936+0+0 (secure 0 0 0) 0x7f77fc04a480 con 0x7f780c076c10
2024-04-26T04:43:42.506 INFO:teuthology.orchestra.run.smithi077.stdout:/usr/bin/ceph: stderr
2024-04-26T04:43:39.916+0000 7f7813f5a700 1 -- 172.21.15.77:0/3606388555 --> [v2:172.21.15.77:3300/0,v1:172.21.15.77:6789/0] -- mon_command({"prefix": "get_command_descriptions"} v 0) v1 -- 0x7f780c04bed0 con 0x7f780c076c10
2024-04-26T04:43:42.506 INFO:teuthology.orchestra.run.smithi077.stdout:/usr/bin/ceph: stderr
2024-04-26T04:43:39.916+0000 7f78114f5700 1 --2- 172.21.15.77:0/3606388555 >> [v2:172.21.15.77:6800/3157890049,v1:172.21.15.77:6801/3157890049] conn(0x7f77f40368a0 0x7f77f4038d50 unknown :-1 s=BANNER_CONNECTING pgs=0 cs=0 l=1 rev1=0 crypto rx=0 tx=0 comp rx=0 tx=0)._handle_peer_banner_payload supported=3 required=0
2024-04-26T04:43:42.507 INFO:teuthology.orchestra.run.smithi077.stdout:/usr/bin/ceph: stderr
2024-04-26T04:43:39.917+0000 7f78114f5700 1 --2- 172.21.15.77:0/3606388555 >> [v2:172.21.15.77:6800/3157890049,v1:172.21.15.77:6801/3157890049] conn(0x7f77f40368a0 0x7f77f4038d50 secure :-1 s=READY pgs=11 cs=0 l=1 rev1=1 crypto rx=0x7f7800009990 tx=0x7f7800006e40 comp rx=0 tx=0).ready entity=mgr.14118 client_cookie=0 server_cookie=0 in_seq=0 out_seq=0
2024-04-26T04:43:42.507 INFO:teuthology.orchestra.run.smithi077.stdout:/usr/bin/ceph: stderr
2024-04-26T04:43:39.921+0000 7f780a7fc700 1 -- 172.21.15.77:0/3606388555 <== mon.0 v2:172.21.15.77:3300/0 6 ==== mon_command_ack([{"prefix": "get_command_descriptions"}]=0 v0) v1 ==== 72+0+176702 (secure 0 0 0) 0x7f77fc01a430 con 0x7f780c076c10
2024-04-26T04:43:42.507 INFO:teuthology.orchestra.run.smithi077.stdout:/usr/bin/ceph: stderr
2024-04-26T04:43:40.110+0000 7f7813f5a700 1 -- 172.21.15.77:0/3606388555 --> [v2:172.21.15.77:6800/3157890049,v1:172.21.15.77:6801/3157890049] -- mgr_command(tid 0: {"prefix": "orch host add", "hostname": "smithi077", "addr": "172.21.15.77", "target": ["mon-mgr", ""]}) v1 -- 0x7f780c101f70 con 0x7f77f40368a0
2024-04-26T04:43:42.507 INFO:teuthology.orchestra.run.smithi077.stdout:/usr/bin/ceph: stderr
2024-04-26T04:43:41.939+0000 7f780a7fc700 1 -- 172.21.15.77:0/3606388555 <== mgr.14118 v2:172.21.15.77:6800/3157890049 1 ==== mgr_command_reply(tid 0: 0 ) v1 ==== 8+0+48 (secure 0 0 0) 0x7f780c101f70 con 0x7f77f40368a0
2024-04-26T04:43:42.507 INFO:teuthology.orchestra.run.smithi077.stdout:/usr/bin/ceph: stderr
2024-04-26T04:43:41.942+0000 7f7813f5a700 1 -- 172.21.15.77:0/3606388555 >> [v2:172.21.15.77:6800/3157890049,v1:172.21.15.77:6801/3157890049] conn(0x7f77f40368a0 msgr2=0x7f77f4038d50 secure :-1 s=STATE_CONNECTION_ESTABLISHED l=1).mark_down
2024-04-26T04:43:42.507 INFO:teuthology.orchestra.run.smithi077.stdout:/usr/bin/ceph: stderr
2024-04-26T04:43:41.942+0000 7f7813f5a700 1 --2- 172.21.15.77:0/3606388555 >> [v2:172.21.15.77:6800/3157890049,v1:172.21.15.77:6801/3157890049] conn(0x7f77f40368a0 0x7f77f4038d50 secure :-1 s=READY pgs=11 cs=0 l=1 rev1=1 crypto rx=0x7f7800009990 tx=0x7f7800006e40 comp rx=0 tx=0).stop
2024-04-26T04:43:42.507 INFO:teuthology.orchestra.run.smithi077.stdout:/usr/bin/ceph: stderr
2024-04-26T04:43:41.942+0000 7f7813f5a700 1 -- 172.21.15.77:0/3606388555 >> [v2:172.21.15.77:3300/0,v1:172.21.15.77:6789/0] conn(0x7f780c076c10 msgr2=0x7f780c102d90 secure :-1 s=STATE_CONNECTION_ESTABLISHED l=1).mark_down
2024-04-26T04:43:42.507 INFO:teuthology.orchestra.run.smithi077.stdout:/usr/bin/ceph: stderr
2024-04-26T04:43:41.942+0000 7f7813f5a700 1 --2- 172.21.15.77:0/3606388555 >> [v2:172.21.15.77:3300/0,v1:172.21.15.77:6789/0] conn(0x7f780c076c10 0x7f780c102d90 secure :-1 s=READY pgs=44 cs=0 l=1 rev1=1 crypto rx=0x7f77fc003050 tx=0x7f77fc009250 comp rx=0 tx=0).stop
2024-04-26T04:43:42.507 INFO:teuthology.orchestra.run.smithi077.stdout:/usr/bin/ceph: stderr
2024-04-26T04:43:41.942+0000 7f7813f5a700 1 -- 172.21.15.77:0/3606388555 shutdown_connections
2024-04-26T04:43:42.507 INFO:teuthology.orchestra.run.smithi077.stdout:/usr/bin/ceph: stderr
2024-04-26T04:43:41.942+0000 7f7813f5a700 1 --2- 172.21.15.77:0/3606388555 >> [v2:172.21.15.77:6800/3157890049,v1:172.21.15.77:6801/3157890049] conn(0x7f77f40368a0 0x7f77f4038d50 unknown :-1 s=CLOSED pgs=11 cs=0 l=1 rev1=1 crypto rx=0 tx=0 comp rx=0 tx=0).stop
2024-04-26T04:43:42.507 INFO:teuthology.orchestra.run.smithi077.stdout:/usr/bin/ceph: stderr
2024-04-26T04:43:41.942+0000 7f7813f5a700 1 --2- 172.21.15.77:0/3606388555 >> [v2:172.21.15.77:3300/0,v1:172.21.15.77:6789/0] conn(0x7f780c076c10 0x7f780c102d90 unknown :-1 s=CLOSED pgs=44 cs=0 l=1 rev1=1 crypto rx=0 tx=0 comp rx=0 tx=0).stop
2024-04-26T04:43:42.507 INFO:teuthology.orchestra.run.smithi077.stdout:/usr/bin/ceph: stderr
2024-04-26T04:43:41.942+0000 7f7813f5a700 1 -- 172.21.15.77:0/3606388555 >> 172.21.15.77:0/3606388555 conn(0x7f780c0fcef0 msgr2=0x7f780c0fd9d0 unknown :-1 s=STATE_NONE l=0).mark_down
2024-04-26T04:43:42.507 INFO:teuthology.orchestra.run.smithi077.stdout:/usr/bin/ceph: stderr
2024-04-26T04:43:41.942+0000 7f7813f5a700 1 -- 172.21.15.77:0/3606388555 shutdown_connections
2024-04-26T04:43:42.507 INFO:teuthology.orchestra.run.smithi077.stdout:/usr/bin/ceph: stderr
2024-04-26T04:43:41.942+0000 7f7813f5a700 1 -- 172.21.15.77:0/3606388555 wait complete.
2024-04-26T04:43:42.507 INFO:teuthology.orchestra.run.smithi077.stdout:Deploying mon service with default placement...
2024-04-26T04:43:43.243 INFO:journalctl@ceph.mon.smithi077.smithi077.stdout:Apr 26 04:43:42 smithi077 ceph-mon[26311]: from='mgr.14118 172.21.15.77:0/3506613443' entity='mgr.smithi077.hkvsor'
2024-04-26T04:43:43.243 INFO:journalctl@ceph.mon.smithi077.smithi077.stdout:Apr 26 04:43:42 smithi077 ceph-mon[26311]: Added host smithi077
2024-04-26T04:43:43.243 INFO:journalctl@ceph.mon.smithi077.smithi077.stdout:Apr 26 04:43:42 smithi077 ceph-mon[26311]: from='mgr.14118 172.21.15.77:0/3506613443' entity='mgr.smithi077.hkvsor' cmd=[{"prefix": "config dump", "format": "json"}]: dispatch
2024-04-26T04:43:43.746 INFO:teuthology.orchestra.run.smithi077.stdout:/usr/bin/ceph: stdout Scheduled mon update...
2024-04-26T04:43:43.746 INFO:teuthology.orchestra.run.smithi077.stdout:/usr/bin/ceph: stderr
2024-04-26T04:43:42.907+0000 7fddbc944700 1 Processor -- start
2024-04-26T04:43:43.746 INFO:teuthology.orchestra.run.smithi077.stdout:/usr/bin/ceph: stderr
2024-04-26T04:43:42.907+0000 7fddbc944700 1 -- start start
2024-04-26T04:43:43.746 INFO:teuthology.orchestra.run.smithi077.stdout:/usr/bin/ceph: stderr
2024-04-26T04:43:42.907+0000 7fddbc944700 1 --2- >> [v2:172.21.15.77:3300/0,v1:172.21.15.77:6789/0] conn(0x7fddb8078d40 0x7fddb8077250 unknown :-1 s=NONE pgs=0 cs=0 l=0 rev1=0 crypto rx=0 tx=0 comp rx=0 tx=0).connect
2024-04-26T04:43:43.746 INFO:teuthology.orchestra.run.smithi077.stdout:/usr/bin/ceph: stderr
2024-04-26T04:43:42.907+0000 7fddbc944700 1 -- --> [v2:172.21.15.77:3300/0,v1:172.21.15.77:6789/0] -- mon_getmap magic: 0 v1 -- 0x7fddb8079150 con 0x7fddb8078d40
2024-04-26T04:43:43.746 INFO:teuthology.orchestra.run.smithi077.stdout:/usr/bin/ceph: stderr
2024-04-26T04:43:42.907+0000 7fddb659c700 1 --2- >> [v2:172.21.15.77:3300/0,v1:172.21.15.77:6789/0] conn(0x7fddb8078d40 0x7fddb8077250 unknown :-1 s=BANNER_CONNECTING pgs=0 cs=0 l=0 rev1=0 crypto rx=0 tx=0 comp rx=0 tx=0)._handle_peer_banner_payload supported=3 required=0
2024-04-26T04:43:43.747 INFO:teuthology.orchestra.run.smithi077.stdout:/usr/bin/ceph: stderr
2024-04-26T04:43:42.907+0000 7fddb659c700 1 --2- >> [v2:172.21.15.77:3300/0,v1:172.21.15.77:6789/0] conn(0x7fddb8078d40 0x7fddb8077250 unknown :-1 s=HELLO_CONNECTING pgs=0 cs=0 l=0 rev1=1 crypto rx=0 tx=0 comp rx=0 tx=0).handle_hello peer v2:172.21.15.77:3300/0 says I am v2:172.21.15.77:39352/0 (socket says 172.21.15.77:39352)
2024-04-26T04:43:43.747 INFO:teuthology.orchestra.run.smithi077.stdout:/usr/bin/ceph: stderr
2024-04-26T04:43:42.907+0000 7fddb659c700 1 -- 172.21.15.77:0/2602704620 learned_addr learned my addr 172.21.15.77:0/2602704620 (peer_addr_for_me v2:172.21.15.77:0/0)
2024-04-26T04:43:43.747 INFO:teuthology.orchestra.run.smithi077.stdout:/usr/bin/ceph: stderr
2024-04-26T04:43:42.908+0000 7fddb659c700 1 -- 172.21.15.77:0/2602704620 --> [v2:172.21.15.77:3300/0,v1:172.21.15.77:6789/0] -- mon_subscribe({config=0+,monmap=0+}) v3 -- 0x7fddb8077790 con 0x7fddb8078d40
2024-04-26T04:43:43.747 INFO:teuthology.orchestra.run.smithi077.stdout:/usr/bin/ceph: stderr
