2024-04-26T04:43:57.915 INFO:teuthology.orchestra.run.smithi077.stdout:/usr/bin/ceph: stderr
2024-04-26T04:43:56.412+0000 7fdd36c14700 1 -- 172.21.15.77:0/3839053999 shutdown_connections
2024-04-26T04:43:57.915 INFO:teuthology.orchestra.run.smithi077.stdout:/usr/bin/ceph: stderr
2024-04-26T04:43:56.412+0000 7fdd36c14700 1 -- 172.21.15.77:0/3839053999 wait complete.
2024-04-26T04:43:57.915 INFO:teuthology.orchestra.run.smithi077.stdout:/usr/bin/ceph: stderr
2024-04-26T04:43:56.413+0000 7fdd36c14700 1 Processor -- start
2024-04-26T04:43:57.915 INFO:teuthology.orchestra.run.smithi077.stdout:/usr/bin/ceph: stderr
2024-04-26T04:43:56.413+0000 7fdd36c14700 1 -- start start
2024-04-26T04:43:57.916 INFO:teuthology.orchestra.run.smithi077.stdout:/usr/bin/ceph: stderr
2024-04-26T04:43:56.413+0000 7fdd36c14700 1 --2- >> [v2:172.21.15.77:3300/0,v1:172.21.15.77:6789/0] conn(0x7fdd30102880 0x7fdd30111620 unknown :-1 s=NONE pgs=0 cs=0 l=1 rev1=0 crypto rx=0 tx=0 comp rx=0 tx=0).connect
2024-04-26T04:43:57.916 INFO:teuthology.orchestra.run.smithi077.stdout:/usr/bin/ceph: stderr
2024-04-26T04:43:56.413+0000 7fdd36c14700 1 -- --> [v2:172.21.15.77:3300/0,v1:172.21.15.77:6789/0] -- mon_getmap magic: 0 v1 -- 0x7fdd30111b60 con 0x7fdd30102880
2024-04-26T04:43:57.916 INFO:teuthology.orchestra.run.smithi077.stdout:/usr/bin/ceph: stderr
2024-04-26T04:43:56.413+0000 7fdd349b0700 1 --2- >> [v2:172.21.15.77:3300/0,v1:172.21.15.77:6789/0] conn(0x7fdd30102880 0x7fdd30111620 unknown :-1 s=BANNER_CONNECTING pgs=0 cs=0 l=1 rev1=0 crypto rx=0 tx=0 comp rx=0 tx=0)._handle_peer_banner_payload supported=3 required=0
2024-04-26T04:43:57.916 INFO:teuthology.orchestra.run.smithi077.stdout:/usr/bin/ceph: stderr
2024-04-26T04:43:56.413+0000 7fdd349b0700 1 --2- >> [v2:172.21.15.77:3300/0,v1:172.21.15.77:6789/0] conn(0x7fdd30102880 0x7fdd30111620 unknown :-1 s=HELLO_CONNECTING pgs=0 cs=0 l=1 rev1=1 crypto rx=0 tx=0 comp rx=0 tx=0).handle_hello peer v2:172.21.15.77:3300/0 says I am v2:172.21.15.77:43764/0 (socket says 172.21.15.77:43764)
2024-04-26T04:43:57.916 INFO:teuthology.orchestra.run.smithi077.stdout:/usr/bin/ceph: stderr
2024-04-26T04:43:56.413+0000 7fdd349b0700 1 -- 172.21.15.77:0/1752571027 learned_addr learned my addr 172.21.15.77:0/1752571027 (peer_addr_for_me v2:172.21.15.77:0/0)
2024-04-26T04:43:57.916 INFO:teuthology.orchestra.run.smithi077.stdout:/usr/bin/ceph: stderr
2024-04-26T04:43:56.413+0000 7fdd349b0700 1 -- 172.21.15.77:0/1752571027 --> [v2:172.21.15.77:3300/0,v1:172.21.15.77:6789/0] -- mon_subscribe({config=0+,monmap=0+}) v3 -- 0x7fdd240094f0 con 0x7fdd30102880
2024-04-26T04:43:57.916 INFO:teuthology.orchestra.run.smithi077.stdout:/usr/bin/ceph: stderr
2024-04-26T04:43:56.414+0000 7fdd349b0700 1 --2- 172.21.15.77:0/1752571027 >> [v2:172.21.15.77:3300/0,v1:172.21.15.77:6789/0] conn(0x7fdd30102880 0x7fdd30111620 secure :-1 s=READY pgs=64 cs=0 l=1 rev1=1 crypto rx=0x7fdd24011680 tx=0x7fdd24009250 comp rx=0 tx=0).ready entity=mon.0 client_cookie=0 server_cookie=0 in_seq=0 out_seq=0
2024-04-26T04:43:57.916 INFO:teuthology.orchestra.run.smithi077.stdout:/usr/bin/ceph: stderr
2024-04-26T04:43:56.414+0000 7fdd2d7fa700 1 -- 172.21.15.77:0/1752571027 <== mon.0 v2:172.21.15.77:3300/0 1 ==== mon_map magic: 0 v1 ==== 229+0+0 (secure 0 0 0) 0x7fdd24010890 con 0x7fdd30102880
2024-04-26T04:43:57.916 INFO:teuthology.orchestra.run.smithi077.stdout:/usr/bin/ceph: stderr
2024-04-26T04:43:56.414+0000 7fdd2d7fa700 1 -- 172.21.15.77:0/1752571027 <== mon.0 v2:172.21.15.77:3300/0 2 ==== config(27 keys) v1 ==== 1109+0+0 (secure 0 0 0) 0x7fdd24010ec0 con 0x7fdd30102880
2024-04-26T04:43:57.916 INFO:teuthology.orchestra.run.smithi077.stdout:/usr/bin/ceph: stderr
2024-04-26T04:43:56.414+0000 7fdd36c14700 1 -- 172.21.15.77:0/1752571027 --> [v2:172.21.15.77:3300/0,v1:172.21.15.77:6789/0] -- mon_subscribe({mgrmap=0+}) v3 -- 0x7fdd30111d60 con 0x7fdd30102880
2024-04-26T04:43:57.916 INFO:teuthology.orchestra.run.smithi077.stdout:/usr/bin/ceph: stderr
2024-04-26T04:43:56.414+0000 7fdd2d7fa700 1 -- 172.21.15.77:0/1752571027 <== mon.0 v2:172.21.15.77:3300/0 3 ==== mon_map magic: 0 v1 ==== 229+0+0 (secure 0 0 0) 0x7fdd240243f0 con 0x7fdd30102880
2024-04-26T04:43:57.916 INFO:teuthology.orchestra.run.smithi077.stdout:/usr/bin/ceph: stderr
2024-04-26T04:43:56.414+0000 7fdd36c14700 1 -- 172.21.15.77:0/1752571027 --> [v2:172.21.15.77:3300/0,v1:172.21.15.77:6789/0] -- mon_subscribe({osdmap=0}) v3 -- 0x7fdd301128d0 con 0x7fdd30102880
2024-04-26T04:43:57.916 INFO:teuthology.orchestra.run.smithi077.stdout:/usr/bin/ceph: stderr
2024-04-26T04:43:56.415+0000 7fdd2d7fa700 1 -- 172.21.15.77:0/1752571027 <== mon.0 v2:172.21.15.77:3300/0 4 ==== mgrmap(e 8) v1 ==== 43376+0+0 (secure 0 0 0) 0x7fdd2401a8c0 con 0x7fdd30102880
2024-04-26T04:43:57.917 INFO:teuthology.orchestra.run.smithi077.stdout:/usr/bin/ceph: stderr
2024-04-26T04:43:56.415+0000 7fdd36c14700 1 -- 172.21.15.77:0/1752571027 --> [v2:172.21.15.77:3300/0,v1:172.21.15.77:6789/0] -- mon_command({"prefix": "get_command_descriptions"} v 0) v1 -- 0x7fdd3005f5c0 con 0x7fdd30102880
2024-04-26T04:43:57.917 INFO:teuthology.orchestra.run.smithi077.stdout:/usr/bin/ceph: stderr
2024-04-26T04:43:56.415+0000 7fdd2d7fa700 1 --2- 172.21.15.77:0/1752571027 >> [v2:172.21.15.77:6800/3157890049,v1:172.21.15.77:6801/3157890049] conn(0x7fdd20036850 0x7fdd20038d00 unknown :-1 s=NONE pgs=0 cs=0 l=1 rev1=0 crypto rx=0 tx=0 comp rx=0 tx=0).connect
2024-04-26T04:43:57.917 INFO:teuthology.orchestra.run.smithi077.stdout:/usr/bin/ceph: stderr
2024-04-26T04:43:56.415+0000 7fdd2d7fa700 1 -- 172.21.15.77:0/1752571027 <== mon.0 v2:172.21.15.77:3300/0 5 ==== osd_map(2..2 src has 1..2) v4 ==== 936+0+0 (secure 0 0 0) 0x7fdd2404a230 con 0x7fdd30102880
2024-04-26T04:43:57.917 INFO:teuthology.orchestra.run.smithi077.stdout:/usr/bin/ceph: stderr
2024-04-26T04:43:56.415+0000 7fdd2ffff700 1 --2- 172.21.15.77:0/1752571027 >> [v2:172.21.15.77:6800/3157890049,v1:172.21.15.77:6801/3157890049] conn(0x7fdd20036850 0x7fdd20038d00 unknown :-1 s=BANNER_CONNECTING pgs=0 cs=0 l=1 rev1=0 crypto rx=0 tx=0 comp rx=0 tx=0)._handle_peer_banner_payload supported=3 required=0
2024-04-26T04:43:57.917 INFO:teuthology.orchestra.run.smithi077.stdout:/usr/bin/ceph: stderr
2024-04-26T04:43:56.415+0000 7fdd2ffff700 1 --2- 172.21.15.77:0/1752571027 >> [v2:172.21.15.77:6800/3157890049,v1:172.21.15.77:6801/3157890049] conn(0x7fdd20036850 0x7fdd20038d00 secure :-1 s=READY pgs=21 cs=0 l=1 rev1=1 crypto rx=0x7fdd1c009990 tx=0x7fdd1c006e40 comp rx=0 tx=0).ready entity=mgr.14118 client_cookie=0 server_cookie=0 in_seq=0 out_seq=0
2024-04-26T04:43:57.917 INFO:teuthology.orchestra.run.smithi077.stdout:/usr/bin/ceph: stderr
2024-04-26T04:43:56.419+0000 7fdd2d7fa700 1 -- 172.21.15.77:0/1752571027 <== mon.0 v2:172.21.15.77:3300/0 6 ==== mon_command_ack([{"prefix": "get_command_descriptions"}]=0 v0) v1 ==== 72+0+176702 (secure 0 0 0) 0x7fdd2402b8e0 con 0x7fdd30102880
2024-04-26T04:43:57.917 INFO:teuthology.orchestra.run.smithi077.stdout:/usr/bin/ceph: stderr
2024-04-26T04:43:56.659+0000 7fdd36c14700 1 -- 172.21.15.77:0/1752571027 --> [v2:172.21.15.77:3300/0,v1:172.21.15.77:6789/0] -- mon_command({"prefix": "mgr module enable", "module": "dashboard"} v 0) v1 -- 0x7fdd3004bed0 con 0x7fdd30102880
2024-04-26T04:43:57.917 INFO:teuthology.orchestra.run.smithi077.stdout:/usr/bin/ceph: stderr
2024-04-26T04:43:57.356+0000 7fdd2d7fa700 1 -- 172.21.15.77:0/1752571027 <== mon.0 v2:172.21.15.77:3300/0 7 ==== mgrmap(e 9) v1 ==== 43389+0+0 (secure 0 0 0) 0x7fdd2402d3f0 con 0x7fdd30102880
2024-04-26T04:43:57.917 INFO:teuthology.orchestra.run.smithi077.stdout:/usr/bin/ceph: stderr
2024-04-26T04:43:57.358+0000 7fdd2d7fa700 1 -- 172.21.15.77:0/1752571027 <== mon.0 v2:172.21.15.77:3300/0 8 ==== mon_command_ack([{"prefix": "mgr module enable", "module": "dashboard"}]=0 v9) v1 ==== 88+0+0 (secure 0 0 0) 0x7fdd2402c530 con 0x7fdd30102880
2024-04-26T04:43:57.917 INFO:teuthology.orchestra.run.smithi077.stdout:/usr/bin/ceph: stderr
2024-04-26T04:43:57.361+0000 7fdd36c14700 1 -- 172.21.15.77:0/1752571027 >> [v2:172.21.15.77:6800/3157890049,v1:172.21.15.77:6801/3157890049] conn(0x7fdd20036850 msgr2=0x7fdd20038d00 secure :-1 s=STATE_CONNECTION_ESTABLISHED l=1).mark_down
2024-04-26T04:43:57.917 INFO:teuthology.orchestra.run.smithi077.stdout:/usr/bin/ceph: stderr
2024-04-26T04:43:57.361+0000 7fdd36c14700 1 --2- 172.21.15.77:0/1752571027 >> [v2:172.21.15.77:6800/3157890049,v1:172.21.15.77:6801/3157890049] conn(0x7fdd20036850 0x7fdd20038d00 secure :-1 s=READY pgs=21 cs=0 l=1 rev1=1 crypto rx=0x7fdd1c009990 tx=0x7fdd1c006e40 comp rx=0 tx=0).stop
2024-04-26T04:43:57.917 INFO:teuthology.orchestra.run.smithi077.stdout:/usr/bin/ceph: stderr
2024-04-26T04:43:57.361+0000 7fdd36c14700 1 -- 172.21.15.77:0/1752571027 >> [v2:172.21.15.77:3300/0,v1:172.21.15.77:6789/0] conn(0x7fdd30102880 msgr2=0x7fdd30111620 secure :-1 s=STATE_CONNECTION_ESTABLISHED l=1).mark_down
2024-04-26T04:43:57.917 INFO:teuthology.orchestra.run.smithi077.stdout:/usr/bin/ceph: stderr
2024-04-26T04:43:57.361+0000 7fdd36c14700 1 --2- 172.21.15.77:0/1752571027 >> [v2:172.21.15.77:3300/0,v1:172.21.15.77:6789/0] conn(0x7fdd30102880 0x7fdd30111620 secure :-1 s=READY pgs=64 cs=0 l=1 rev1=1 crypto rx=0x7fdd24011680 tx=0x7fdd24009250 comp rx=0 tx=0).stop
2024-04-26T04:43:57.917 INFO:teuthology.orchestra.run.smithi077.stdout:/usr/bin/ceph: stderr
2024-04-26T04:43:57.361+0000 7fdd36c14700 1 -- 172.21.15.77:0/1752571027 shutdown_connections
2024-04-26T04:43:57.918 INFO:teuthology.orchestra.run.smithi077.stdout:/usr/bin/ceph: stderr
2024-04-26T04:43:57.361+0000 7fdd36c14700 1 --2- 172.21.15.77:0/1752571027 >> [v2:172.21.15.77:6800/3157890049,v1:172.21.15.77:6801/3157890049] conn(0x7fdd20036850 0x7fdd20038d00 unknown :-1 s=CLOSED pgs=21 cs=0 l=1 rev1=1 crypto rx=0 tx=0 comp rx=0 tx=0).stop
2024-04-26T04:43:57.918 INFO:teuthology.orchestra.run.smithi077.stdout:/usr/bin/ceph: stderr
2024-04-26T04:43:57.362+0000 7fdd36c14700 1 --2- 172.21.15.77:0/1752571027 >> [v2:172.21.15.77:3300/0,v1:172.21.15.77:6789/0] conn(0x7fdd30102880 0x7fdd30111620 unknown :-1 s=CLOSED pgs=64 cs=0 l=1 rev1=1 crypto rx=0 tx=0 comp rx=0 tx=0).stop
2024-04-26T04:43:57.918 INFO:teuthology.orchestra.run.smithi077.stdout:/usr/bin/ceph: stderr
2024-04-26T04:43:57.362+0000 7fdd36c14700 1 -- 172.21.15.77:0/1752571027 >> 172.21.15.77:0/1752571027 conn(0x7fdd300fe060 msgr2=0x7fdd300feb40 unknown :-1 s=STATE_NONE l=0).mark_down
2024-04-26T04:43:57.918 INFO:teuthology.orchestra.run.smithi077.stdout:/usr/bin/ceph: stderr
2024-04-26T04:43:57.362+0000 7fdd36c14700 1 -- 172.21.15.77:0/1752571027 shutdown_connections
2024-04-26T04:43:57.918 INFO:teuthology.orchestra.run.smithi077.stdout:/usr/bin/ceph: stderr
2024-04-26T04:43:57.362+0000 7fdd36c14700 1 -- 172.21.15.77:0/1752571027 wait complete.
2024-04-26T04:43:58.623 INFO:journalctl@ceph.mon.smithi077.smithi077.stdout:Apr 26 04:43:58 smithi077 ceph-mon[26311]: from='client.? 172.21.15.77:0/1752571027' entity='client.admin' cmd='[{"prefix": "mgr module enable", "module": "dashboard"}]': finished
2024-04-26T04:43:58.623 INFO:journalctl@ceph.mon.smithi077.smithi077.stdout:Apr 26 04:43:58 smithi077 ceph-mon[26311]: mgrmap e9: smithi077.hkvsor(active, since 24s)
2024-04-26T04:43:59.160 INFO:teuthology.orchestra.run.smithi077.stdout:/usr/bin/ceph: stdout {
2024-04-26T04:43:59.160 INFO:teuthology.orchestra.run.smithi077.stdout:/usr/bin/ceph: stdout "epoch": 9,
2024-04-26T04:43:59.160 INFO:teuthology.orchestra.run.smithi077.stdout:/usr/bin/ceph: stdout "available": true,
2024-04-26T04:43:59.161 INFO:teuthology.orchestra.run.smithi077.stdout:/usr/bin/ceph: stdout "active_name": "smithi077.hkvsor",
2024-04-26T04:43:59.161 INFO:teuthology.orchestra.run.smithi077.stdout:/usr/bin/ceph: stdout "num_standby": 0
2024-04-26T04:43:59.161 INFO:teuthology.orchestra.run.smithi077.stdout:/usr/bin/ceph: stdout }
2024-04-26T04:43:59.161 INFO:teuthology.orchestra.run.smithi077.stdout:/usr/bin/ceph: stderr
2024-04-26T04:43:58.334+0000 7f6748d1b700 1 Processor -- start
2024-04-26T04:43:59.161 INFO:teuthology.orchestra.run.smithi077.stdout:/usr/bin/ceph: stderr
2024-04-26T04:43:58.334+0000 7f6748d1b700 1 -- start start
2024-04-26T04:43:59.161 INFO:teuthology.orchestra.run.smithi077.stdout:/usr/bin/ceph: stderr
2024-04-26T04:43:58.334+0000 7f6748d1b700 1 --2- >> [v2:172.21.15.77:3300/0,v1:172.21.15.77:6789/0] conn(0x7f6744071290 0x7f6744107890 unknown :-1 s=NONE pgs=0 cs=0 l=0 rev1=0 crypto rx=0 tx=0 comp rx=0 tx=0).connect
2024-04-26T04:43:59.161 INFO:teuthology.orchestra.run.smithi077.stdout:/usr/bin/ceph: stderr
2024-04-26T04:43:58.334+0000 7f6748d1b700 1 -- --> [v2:172.21.15.77:3300/0,v1:172.21.15.77:6789/0] -- mon_getmap magic: 0 v1 -- 0x7f6744103280 con 0x7f6744071290
2024-04-26T04:43:59.161 INFO:teuthology.orchestra.run.smithi077.stdout:/usr/bin/ceph: stderr
2024-04-26T04:43:58.334+0000 7f674259c700 1 --2- >> [v2:172.21.15.77:3300/0,v1:172.21.15.77:6789/0] conn(0x7f6744071290 0x7f6744107890 unknown :-1 s=BANNER_CONNECTING pgs=0 cs=0 l=0 rev1=0 crypto rx=0 tx=0 comp rx=0 tx=0)._handle_peer_banner_payload supported=3 required=0
2024-04-26T04:43:59.161 INFO:teuthology.orchestra.run.smithi077.stdout:/usr/bin/ceph: stderr
2024-04-26T04:43:58.334+0000 7f674259c700 1 --2- >> [v2:172.21.15.77:3300/0,v1:172.21.15.77:6789/0] conn(0x7f6744071290 0x7f6744107890 unknown :-1 s=HELLO_CONNECTING pgs=0 cs=0 l=0 rev1=1 crypto rx=0 tx=0 comp rx=0 tx=0).handle_hello peer v2:172.21.15.77:3300/0 says I am v2:172.21.15.77:47404/0 (socket says 172.21.15.77:47404)
2024-04-26T04:43:59.161 INFO:teuthology.orchestra.run.smithi077.stdout:/usr/bin/ceph: stderr
2024-04-26T04:43:58.334+0000 7f674259c700 1 -- 172.21.15.77:0/658101431 learned_addr learned my addr 172.21.15.77:0/658101431 (peer_addr_for_me v2:172.21.15.77:0/0)
2024-04-26T04:43:59.161 INFO:teuthology.orchestra.run.smithi077.stdout:/usr/bin/ceph: stderr
2024-04-26T04:43:58.334+0000 7f674259c700 1 -- 172.21.15.77:0/658101431 --> [v2:172.21.15.77:3300/0,v1:172.21.15.77:6789/0] -- mon_subscribe({config=0+,monmap=0+}) v3 -- 0x7f6744107dd0 con 0x7f6744071290
2024-04-26T04:43:59.161 INFO:teuthology.orchestra.run.smithi077.stdout:/usr/bin/ceph: stderr
2024-04-26T04:43:58.335+0000 7f674259c700 1 --2- 172.21.15.77:0/658101431 >> [v2:172.21.15.77:3300/0,v1:172.21.15.77:6789/0] conn(0x7f6744071290 0x7f6744107890 secure :-1 s=READY pgs=67 cs=0 l=1 rev1=1 crypto rx=0x7f67340098e0 tx=0x7f6734009250 comp rx=0 tx=0).ready entity=mon.0 client_cookie=10465b6135195f62 server_cookie=0 in_seq=0 out_seq=0
2024-04-26T04:43:59.162 INFO:teuthology.orchestra.run.smithi077.stdout:/usr/bin/ceph: stderr
2024-04-26T04:43:58.335+0000 7f674159a700 1 -- 172.21.15.77:0/658101431 <== mon.0 v2:172.21.15.77:3300/0 1 ==== mon_map magic: 0 v1 ==== 229+0+0 (secure 0 0 0) 0x7f673400b860 con 0x7f6744071290
2024-04-26T04:43:59.162 INFO:teuthology.orchestra.run.smithi077.stdout:/usr/bin/ceph: stderr
2024-04-26T04:43:58.335+0000 7f674159a700 1 -- 172.21.15.77:0/658101431 <== mon.0 v2:172.21.15.77:3300/0 2 ==== config(27 keys) v1 ==== 1109+0+0 (secure 0 0 0) 0x7f673400be90 con 0x7f6744071290
2024-04-26T04:43:59.162 INFO:teuthology.orchestra.run.smithi077.stdout:/usr/bin/ceph: stderr
2024-04-26T04:43:58.335+0000 7f674159a700 1 -- 172.21.15.77:0/658101431 <== mon.0 v2:172.21.15.77:3300/0 3 ==== mon_map magic: 0 v1 ==== 229+0+0 (secure 0 0 0) 0x7f67340103c0 con 0x7f6744071290
2024-04-26T04:43:59.162 INFO:teuthology.orchestra.run.smithi077.stdout:/usr/bin/ceph: stderr
2024-04-26T04:43:58.335+0000 7f6748d1b700 1 -- 172.21.15.77:0/658101431 >> [v2:172.21.15.77:3300/0,v1:172.21.15.77:6789/0] conn(0x7f6744071290 msgr2=0x7f6744107890 secure :-1 s=STATE_CONNECTION_ESTABLISHED l=1).mark_down
2024-04-26T04:43:59.162 INFO:teuthology.orchestra.run.smithi077.stdout:/usr/bin/ceph: stderr
2024-04-26T04:43:58.335+0000 7f6748d1b700 1 --2- 172.21.15.77:0/658101431 >> [v2:172.21.15.77:3300/0,v1:172.21.15.77:6789/0] conn(0x7f6744071290 0x7f6744107890 secure :-1 s=READY pgs=67 cs=0 l=1 rev1=1 crypto rx=0x7f67340098e0 tx=0x7f6734009250 comp rx=0 tx=0).stop
2024-04-26T04:43:59.162 INFO:teuthology.orchestra.run.smithi077.stdout:/usr/bin/ceph: stderr
2024-04-26T04:43:58.336+0000 7f6748d1b700 1 -- 172.21.15.77:0/658101431 shutdown_connections
2024-04-26T04:43:59.162 INFO:teuthology.orchestra.run.smithi077.stdout:/usr/bin/ceph: stderr
2024-04-26T04:43:58.336+0000 7f6748d1b700 1 --2- 172.21.15.77:0/658101431 >> [v2:172.21.15.77:3300/0,v1:172.21.15.77:6789/0] conn(0x7f6744071290 0x7f6744107890 unknown :-1 s=CLOSED pgs=67 cs=0 l=1 rev1=1 crypto rx=0 tx=0 comp rx=0 tx=0).stop
2024-04-26T04:43:59.162 INFO:teuthology.orchestra.run.smithi077.stdout:/usr/bin/ceph: stderr
2024-04-26T04:43:58.336+0000 7f6748d1b700 1 -- 172.21.15.77:0/658101431 >> 172.21.15.77:0/658101431 conn(0x7f67440fcec0 msgr2=0x7f67440ff2d0 unknown :-1 s=STATE_NONE l=0).mark_down
2024-04-26T04:43:59.162 INFO:teuthology.orchestra.run.smithi077.stdout:/usr/bin/ceph: stderr
2024-04-26T04:43:58.336+0000 7f6748d1b700 1 -- 172.21.15.77:0/658101431 shutdown_connections
2024-04-26T04:43:59.162 INFO:teuthology.orchestra.run.smithi077.stdout:/usr/bin/ceph: stderr
2024-04-26T04:43:58.336+0000 7f6748d1b700 1 -- 172.21.15.77:0/658101431 wait complete.
2024-04-26T04:43:59.162 INFO:teuthology.orchestra.run.smithi077.stdout:/usr/bin/ceph: stderr
2024-04-26T04:43:58.336+0000 7f6748d1b700 1 Processor -- start
2024-04-26T04:43:59.162 INFO:teuthology.orchestra.run.smithi077.stdout:/usr/bin/ceph: stderr
2024-04-26T04:43:58.336+0000 7f6748d1b700 1 -- start start
2024-04-26T04:43:59.163 INFO:teuthology.orchestra.run.smithi077.stdout:/usr/bin/ceph: stderr
2024-04-26T04:43:58.336+0000 7f6748d1b700 1 --2- >> [v2:172.21.15.77:3300/0,v1:172.21.15.77:6789/0] conn(0x7f6744071290 0x7f6744113800 unknown :-1 s=NONE pgs=0 cs=0 l=1 rev1=0 crypto rx=0 tx=0 comp rx=0 tx=0).connect
2024-04-26T04:43:59.163 INFO:teuthology.orchestra.run.smithi077.stdout:/usr/bin/ceph: stderr
2024-04-26T04:43:58.336+0000 7f6748d1b700 1 -- --> [v2:172.21.15.77:3300/0,v1:172.21.15.77:6789/0] -- mon_getmap magic: 0 v1 -- 0x7f6744113d40 con 0x7f6744071290
2024-04-26T04:43:59.163 INFO:teuthology.orchestra.run.smithi077.stdout:/usr/bin/ceph: stderr
2024-04-26T04:43:58.336+0000 7f674259c700 1 --2- >> [v2:172.21.15.77:3300/0,v1:172.21.15.77:6789/0] conn(0x7f6744071290 0x7f6744113800 unknown :-1 s=BANNER_CONNECTING pgs=0 cs=0 l=1 rev1=0 crypto rx=0 tx=0 comp rx=0 tx=0)._handle_peer_banner_payload supported=3 required=0
2024-04-26T04:43:59.163 INFO:teuthology.orchestra.run.smithi077.stdout:/usr/bin/ceph: stderr
2024-04-26T04:43:58.336+0000 7f674259c700 1 --2- >> [v2:172.21.15.77:3300/0,v1:172.21.15.77:6789/0] conn(0x7f6744071290 0x7f6744113800 unknown :-1 s=HELLO_CONNECTING pgs=0 cs=0 l=1 rev1=1 crypto rx=0 tx=0 comp rx=0 tx=0).handle_hello peer v2:172.21.15.77:3300/0 says I am v2:172.21.15.77:47416/0 (socket says 172.21.15.77:47416)
2024-04-26T04:43:59.163 INFO:teuthology.orchestra.run.smithi077.stdout:/usr/bin/ceph: stderr
2024-04-26T04:43:58.336+0000 7f674259c700 1 -- 172.21.15.77:0/540552143 learned_addr learned my addr 172.21.15.77:0/540552143 (peer_addr_for_me v2:172.21.15.77:0/0)
2024-04-26T04:43:59.163 INFO:teuthology.orchestra.run.smithi077.stdout:/usr/bin/ceph: stderr
2024-04-26T04:43:58.337+0000 7f674259c700 1 -- 172.21.15.77:0/540552143 --> [v2:172.21.15.77:3300/0,v1:172.21.15.77:6789/0] -- mon_subscribe({config=0+,monmap=0+}) v3 -- 0x7f67340094f0 con 0x7f6744071290
2024-04-26T04:43:59.163 INFO:teuthology.orchestra.run.smithi077.stdout:/usr/bin/ceph: stderr
2024-04-26T04:43:58.337+0000 7f674259c700 1 --2- 172.21.15.77:0/540552143 >> [v2:172.21.15.77:3300/0,v1:172.21.15.77:6789/0] conn(0x7f6744071290 0x7f6744113800 secure :-1 s=READY pgs=68 cs=0 l=1 rev1=1 crypto rx=0x7f67340094c0 tx=0x7f6734009250 comp rx=0 tx=0).ready entity=mon.0 client_cookie=0 server_cookie=0 in_seq=0 out_seq=0
2024-04-26T04:43:59.163 INFO:teuthology.orchestra.run.smithi077.stdout:/usr/bin/ceph: stderr
2024-04-26T04:43:58.337+0000 7f6732ffd700 1 -- 172.21.15.77:0/540552143 <== mon.0 v2:172.21.15.77:3300/0 1 ==== mon_map magic: 0 v1 ==== 229+0+0 (secure 0 0 0) 0x7f6734010890 con 0x7f6744071290
2024-04-26T04:43:59.163 INFO:teuthology.orchestra.run.smithi077.stdout:/usr/bin/ceph: stderr
2024-04-26T04:43:58.337+0000 7f6732ffd700 1 -- 172.21.15.77:0/540552143 <== mon.0 v2:172.21.15.77:3300/0 2 ==== config(27 keys) v1 ==== 1109+0+0 (secure 0 0 0) 0x7f6734010ec0 con 0x7f6744071290
2024-04-26T04:43:59.163 INFO:teuthology.orchestra.run.smithi077.stdout:/usr/bin/ceph: stderr
2024-04-26T04:43:58.337+0000 7f6732ffd700 1 -- 172.21.15.77:0/540552143 <== mon.0 v2:172.21.15.77:3300/0 3 ==== mon_map magic: 0 v1 ==== 229+0+0 (secure 0 0 0) 0x7f67340243f0 con 0x7f6744071290
2024-04-26T04:43:59.163 INFO:teuthology.orchestra.run.smithi077.stdout:/usr/bin/ceph: stderr
2024-04-26T04:43:58.337+0000 7f6748d1b700 1 -- 172.21.15.77:0/540552143 --> [v2:172.21.15.77:3300/0,v1:172.21.15.77:6789/0] -- mon_subscribe({mgrmap=0+}) v3 -- 0x7f6744113f40 con 0x7f6744071290
2024-04-26T04:43:59.163 INFO:teuthology.orchestra.run.smithi077.stdout:/usr/bin/ceph: stderr
2024-04-26T04:43:58.337+0000 7f6748d1b700 1 -- 172.21.15.77:0/540552143 --> [v2:172.21.15.77:3300/0,v1:172.21.15.77:6789/0] -- mon_subscribe({osdmap=0}) v3 -- 0x7f6744114ab0 con 0x7f6744071290
2024-04-26T04:43:59.163 INFO:teuthology.orchestra.run.smithi077.stdout:/usr/bin/ceph: stderr
2024-04-26T04:43:58.338+0000 7f6732ffd700 1 -- 172.21.15.77:0/540552143 <== mon.0 v2:172.21.15.77:3300/0 4 ==== mgrmap(e 9) v1 ==== 43389+0+0 (secure 0 0 0) 0x7f673402d3f0 con 0x7f6744071290
2024-04-26T04:43:59.164 INFO:teuthology.orchestra.run.smithi077.stdout:/usr/bin/ceph: stderr
2024-04-26T04:43:58.338+0000 7f6748d1b700 1 -- 172.21.15.77:0/540552143 --> [v2:172.21.15.77:3300/0,v1:172.21.15.77:6789/0] -- mon_command({"prefix": "get_command_descriptions"} v 0) v1 -- 0x7f674405f5c0 con 0x7f6744071290
2024-04-26T04:43:59.164 INFO:teuthology.orchestra.run.smithi077.stdout:/usr/bin/ceph: stderr
2024-04-26T04:43:58.338+0000 7f6732ffd700 1 --2- 172.21.15.77:0/540552143 >> [v2:172.21.15.77:6800/3157890049,v1:172.21.15.77:6801/3157890049] conn(0x7f672c0368f0 0x7f672c038da0 unknown :-1 s=NONE pgs=0 cs=0 l=1 rev1=0 crypto rx=0 tx=0 comp rx=0 tx=0).connect
2024-04-26T04:43:59.164 INFO:teuthology.orchestra.run.smithi077.stdout:/usr/bin/ceph: stderr
2024-04-26T04:43:58.338+0000 7f6741d9b700 1 -- 172.21.15.77:0/540552143 >> [v2:172.21.15.77:6800/3157890049,v1:172.21.15.77:6801/3157890049] conn(0x7f672c0368f0 msgr2=0x7f672c038da0 unknown :-1 s=STATE_CONNECTING_RE l=1).process reconnect failed to v2:172.21.15.77:6800/3157890049
2024-04-26T04:43:59.164 INFO:teuthology.orchestra.run.smithi077.stdout:/usr/bin/ceph: stderr
2024-04-26T04:43:58.338+0000 7f6732ffd700 1 -- 172.21.15.77:0/540552143 <== mon.0 v2:172.21.15.77:3300/0 5 ==== osd_map(2..2 src has 1..2) v4 ==== 936+0+0 (secure 0 0 0) 0x7f673404a4f0 con 0x7f6744071290
2024-04-26T04:43:59.164 INFO:teuthology.orchestra.run.smithi077.stdout:/usr/bin/ceph: stderr
2024-04-26T04:43:58.338+0000 7f6741d9b700 1 --2- 172.21.15.77:0/540552143 >> [v2:172.21.15.77:6800/3157890049,v1:172.21.15.77:6801/3157890049] conn(0x7f672c0368f0 0x7f672c038da0 unknown :-1 s=START_CONNECT pgs=0 cs=0 l=1 rev1=0 crypto rx=0 tx=0 comp rx=0 tx=0)._fault waiting 0.200000
2024-04-26T04:43:59.164 INFO:teuthology.orchestra.run.smithi077.stdout:/usr/bin/ceph: stderr
2024-04-26T04:43:58.347+0000 7f6732ffd700 1 -- 172.21.15.77:0/540552143 <== mon.0 v2:172.21.15.77:3300/0 6 ==== mon_command_ack([{"prefix": "get_command_descriptions"}]=0 v0) v1 ==== 72+0+176702 (secure 0 0 0) 0x7f673402b8e0 con 0x7f6744071290
2024-04-26T04:43:59.164 INFO:teuthology.orchestra.run.smithi077.stdout:/usr/bin/ceph: stderr
2024-04-26T04:43:58.539+0000 7f6741d9b700 1 -- 172.21.15.77:0/540552143 >> [v2:172.21.15.77:6800/3157890049,v1:172.21.15.77:6801/3157890049] conn(0x7f672c0368f0 msgr2=0x7f672c038da0 unknown :-1 s=STATE_CONNECTING_RE l=1).process reconnect failed to v2:172.21.15.77:6800/3157890049
2024-04-26T04:43:59.164 INFO:teuthology.orchestra.run.smithi077.stdout:/usr/bin/ceph: stderr
2024-04-26T04:43:58.539+0000 7f6741d9b700 1 --2- 172.21.15.77:0/540552143 >> [v2:172.21.15.77:6800/3157890049,v1:172.21.15.77:6801/3157890049] conn(0x7f672c0368f0 0x7f672c038da0 unknown :-1 s=START_CONNECT pgs=0 cs=0 l=1 rev1=0 crypto rx=0 tx=0 comp rx=0 tx=0)._fault waiting 0.400000
2024-04-26T04:43:59.164 INFO:teuthology.orchestra.run.smithi077.stdout:/usr/bin/ceph: stderr
2024-04-26T04:43:58.621+0000 7f6748d1b700 1 -- 172.21.15.77:0/540552143 --> [v2:172.21.15.77:3300/0,v1:172.21.15.77:6789/0] -- mon_command({"prefix": "mgr stat"} v 0) v1 -- 0x7f6744114e50 con 0x7f6744071290
2024-04-26T04:43:59.164 INFO:teuthology.orchestra.run.smithi077.stdout:/usr/bin/ceph: stderr
2024-04-26T04:43:58.622+0000 7f6732ffd700 1 -- 172.21.15.77:0/540552143 <== mon.0 v2:172.21.15.77:3300/0 7 ==== mon_command_ack([{"prefix": "mgr stat"}]=0 v9) v1 ==== 56+0+103 (secure 0 0 0) 0x7f673402c350 con 0x7f6744071290
2024-04-26T04:43:59.164 INFO:teuthology.orchestra.run.smithi077.stdout:/usr/bin/ceph: stderr
2024-04-26T04:43:58.627+0000 7f6748d1b700 1 -- 172.21.15.77:0/540552143 >> [v2:172.21.15.77:6800/3157890049,v1:172.21.15.77:6801/3157890049] conn(0x7f672c0368f0 msgr2=0x7f672c038da0 unknown :-1 s=STATE_CONNECTING l=1).mark_down
2024-04-26T04:43:59.164 INFO:teuthology.orchestra.run.smithi077.stdout:/usr/bin/ceph: stderr
2024-04-26T04:43:58.627+0000 7f6748d1b700 1 --2- 172.21.15.77:0/540552143 >> [v2:172.21.15.77:6800/3157890049,v1:172.21.15.77:6801/3157890049] conn(0x7f672c0368f0 0x7f672c038da0 unknown :-1 s=START_CONNECT pgs=0 cs=0 l=1 rev1=0 crypto rx=0 tx=0 comp rx=0 tx=0).stop
2024-04-26T04:43:59.165 INFO:teuthology.orchestra.run.smithi077.stdout:/usr/bin/ceph: stderr
2024-04-26T04:43:58.627+0000 7f6748d1b700 1 -- 172.21.15.77:0/540552143 >> [v2:172.21.15.77:3300/0,v1:172.21.15.77:6789/0] conn(0x7f6744071290 msgr2=0x7f6744113800 secure :-1 s=STATE_CONNECTION_ESTABLISHED l=1).mark_down
2024-04-26T04:43:59.165 INFO:teuthology.orchestra.run.smithi077.stdout:/usr/bin/ceph: stderr
2024-04-26T04:43:58.627+0000 7f6748d1b700 1 --2- 172.21.15.77:0/540552143 >> [v2:172.21.15.77:3300/0,v1:172.21.15.77:6789/0] conn(0x7f6744071290 0x7f6744113800 secure :-1 s=READY pgs=68 cs=0 l=1 rev1=1 crypto rx=0x7f67340094c0 tx=0x7f6734009250 comp rx=0 tx=0).stop
2024-04-26T04:43:59.165 INFO:teuthology.orchestra.run.smithi077.stdout:/usr/bin/ceph: stderr
2024-04-26T04:43:58.627+0000 7f6748d1b700 1 -- 172.21.15.77:0/540552143 shutdown_connections
2024-04-26T04:43:59.165 INFO:teuthology.orchestra.run.smithi077.stdout:/usr/bin/ceph: stderr
2024-04-26T04:43:58.627+0000 7f6748d1b700 1 --2- 172.21.15.77:0/540552143 >> [v2:172.21.15.77:6800/3157890049,v1:172.21.15.77:6801/3157890049] conn(0x7f672c0368f0 0x7f672c038da0 unknown :-1 s=CLOSED pgs=0 cs=0 l=1 rev1=0 crypto rx=0 tx=0 comp rx=0 tx=0).stop
2024-04-26T04:43:59.165 INFO:teuthology.orchestra.run.smithi077.stdout:/usr/bin/ceph: stderr
2024-04-26T04:43:58.627+0000 7f6748d1b700 1 --2- 172.21.15.77:0/540552143 >> [v2:172.21.15.77:3300/0,v1:172.21.15.77:6789/0] conn(0x7f6744071290 0x7f6744113800 unknown :-1 s=CLOSED pgs=68 cs=0 l=1 rev1=1 crypto rx=0 tx=0 comp rx=0 tx=0).stop
2024-04-26T04:43:59.165 INFO:teuthology.orchestra.run.smithi077.stdout:/usr/bin/ceph: stderr
2024-04-26T04:43:58.627+0000 7f6748d1b700 1 -- 172.21.15.77:0/540552143 >> 172.21.15.77:0/540552143 conn(0x7f67440fcec0 msgr2=0x7f67440fda10 unknown :-1 s=STATE_NONE l=0).mark_down
2024-04-26T04:43:59.165 INFO:teuthology.orchestra.run.smithi077.stdout:/usr/bin/ceph: stderr
2024-04-26T04:43:58.628+0000 7f6748d1b700 1 -- 172.21.15.77:0/540552143 shutdown_connections
2024-04-26T04:43:59.165 INFO:teuthology.orchestra.run.smithi077.stdout:/usr/bin/ceph: stderr
2024-04-26T04:43:58.628+0000 7f6748d1b700 1 -- 172.21.15.77:0/540552143 wait complete.
2024-04-26T04:43:59.165 INFO:teuthology.orchestra.run.smithi077.stdout:Waiting for the mgr to restart...
2024-04-26T04:43:59.165 INFO:teuthology.orchestra.run.smithi077.stdout:Waiting for mgr epoch 9...
2024-04-26T04:43:59.536 INFO:journalctl@ceph.mon.smithi077.smithi077.stdout:Apr 26 04:43:59 smithi077 ceph-mon[26311]: from='client.? 172.21.15.77:0/540552143' entity='client.admin' cmd=[{"prefix": "mgr stat"}]: dispatch
2024-04-26T04:44:03.925 INFO:journalctl@ceph.mon.smithi077.smithi077.stdout:Apr 26 04:44:03 smithi077 ceph-mon[26311]: Active manager daemon smithi077.hkvsor restarted
2024-04-26T04:44:03.925 INFO:journalctl@ceph.mon.smithi077.smithi077.stdout:Apr 26 04:44:03 smithi077 ceph-mon[26311]: Activating manager daemon smithi077.hkvsor
2024-04-26T04:44:03.925 INFO:journalctl@ceph.mon.smithi077.smithi077.stdout:Apr 26 04:44:03 smithi077 ceph-mon[26311]: osdmap e3: 0 total, 0 up, 0 in
2024-04-26T04:44:03.925 INFO:journalctl@ceph.mon.smithi077.smithi077.stdout:Apr 26 04:44:03 smithi077 ceph-mon[26311]: mgrmap e10: smithi077.hkvsor(active, starting, since 0.00319962s)
2024-04-26T04:44:03.926 INFO:journalctl@ceph.mon.smithi077.smithi077.stdout:Apr 26 04:44:03 smithi077 ceph-mon[26311]: from='mgr.14160 172.21.15.77:0/868029926' entity='mgr.smithi077.hkvsor' cmd=[{"prefix": "mon metadata", "id": "smithi077"}]: dispatch
2024-04-26T04:44:03.926 INFO:journalctl@ceph.mon.smithi077.smithi077.stdout:Apr 26 04:44:03 smithi077 ceph-mon[26311]: from='mgr.14160 172.21.15.77:0/868029926' entity='mgr.smithi077.hkvsor' cmd=[{"prefix": "mgr metadata", "who": "smithi077.hkvsor", "id": "smithi077.hkvsor"}]: dispatch
2024-04-26T04:44:03.926 INFO:journalctl@ceph.mon.smithi077.smithi077.stdout:Apr 26 04:44:03 smithi077 ceph-mon[26311]: from='mgr.14160 172.21.15.77:0/868029926' entity='mgr.smithi077.hkvsor' cmd=[{"prefix": "mds metadata"}]: dispatch
2024-04-26T04:44:03.926 INFO:journalctl@ceph.mon.smithi077.smithi077.stdout:Apr 26 04:44:03 smithi077 ceph-mon[26311]: from='mgr.14160 172.21.15.77:0/868029926' entity='mgr.smithi077.hkvsor' cmd=[{"prefix": "osd metadata"}]: dispatch
2024-04-26T04:44:03.926 INFO:journalctl@ceph.mon.smithi077.smithi077.stdout:Apr 26 04:44:03 smithi077 ceph-mon[26311]: from='mgr.14160 172.21.15.77:0/868029926' entity='mgr.smithi077.hkvsor' cmd=[{"prefix": "mon metadata"}]: dispatch
2024-04-26T04:44:03.926 INFO:journalctl@ceph.mon.smithi077.smithi077.stdout:Apr 26 04:44:03 smithi077 ceph-mon[26311]: Manager daemon smithi077.hkvsor is now available
2024-04-26T04:44:03.926 INFO:journalctl@ceph.mon.smithi077.smithi077.stdout:Apr 26 04:44:03 smithi077 ceph-mon[26311]: from='mgr.14160 172.21.15.77:0/868029926' entity='mgr.smithi077.hkvsor' cmd=[{"prefix": "config dump", "format": "json"}]: dispatch
2024-04-26T04:44:03.926 INFO:journalctl@ceph.mon.smithi077.smithi077.stdout:Apr 26 04:44:03 smithi077 ceph-mon[26311]: from='mgr.14160 172.21.15.77:0/868029926' entity='mgr.smithi077.hkvsor' cmd=[{"prefix": "config dump", "format": "json"}]: dispatch
2024-04-26T04:44:03.926 INFO:journalctl@ceph.mon.smithi077.smithi077.stdout:Apr 26 04:44:03 smithi077 ceph-mon[26311]: from='mgr.14160 172.21.15.77:0/868029926' entity='mgr.smithi077.hkvsor' cmd=[{"prefix":"config rm","who":"mgr","name":"mgr/rbd_support/smithi077.hkvsor/mirror_snapshot_schedule"}]: dispatch
2024-04-26T04:44:03.926 INFO:journalctl@ceph.mon.smithi077.smithi077.stdout:Apr 26 04:44:03 smithi077 ceph-mon[26311]: from='mgr.14160 172.21.15.77:0/868029926' entity='mgr.smithi077.hkvsor' cmd=[{"prefix":"config rm","who":"mgr","name":"mgr/rbd_support/smithi077.hkvsor/trash_purge_schedule"}]: dispatch
2024-04-26T04:44:05.376 INFO:teuthology.orchestra.run.smithi077.stdout:/usr/bin/ceph: stdout {
2024-04-26T04:44:05.377 INFO:teuthology.orchestra.run.smithi077.stdout:/usr/bin/ceph: stdout "mgrmap_epoch": 11,
2024-04-26T04:44:05.377 INFO:teuthology.orchestra.run.smithi077.stdout:/usr/bin/ceph: stdout "initialized": true
2024-04-26T04:44:05.377 INFO:teuthology.orchestra.run.smithi077.stdout:/usr/bin/ceph: stdout }
2024-04-26T04:44:05.377 INFO:teuthology.orchestra.run.smithi077.stdout:/usr/bin/ceph: stderr
2024-04-26T04:43:59.616+0000 7f025c6f8700 1 Processor -- start
2024-04-26T04:44:05.377 INFO:teuthology.orchestra.run.smithi077.stdout:/usr/bin/ceph: stderr
2024-04-26T04:43:59.616+0000 7f025c6f8700 1 -- start start
2024-04-26T04:44:05.377 INFO:teuthology.orchestra.run.smithi077.stdout:/usr/bin/ceph: stderr
2024-04-26T04:43:59.616+0000 7f025c6f8700 1 --2- >> [v2:172.21.15.77:3300/0,v1:172.21.15.77:6789/0] conn(0x7f0254100cb0 0x7f02541010c0 unknown :-1 s=NONE pgs=0 cs=0 l=0 rev1=0 crypto rx=0 tx=0 comp rx=0 tx=0).connect
2024-04-26T04:44:05.377 INFO:teuthology.orchestra.run.smithi077.stdout:/usr/bin/ceph: stderr
2024-04-26T04:43:59.616+0000 7f025c6f8700 1 -- --> [v2:172.21.15.77:3300/0,v1:172.21.15.77:6789/0] -- mon_getmap magic: 0 v1 -- 0x7f0254101600 con 0x7f0254100cb0
2024-04-26T04:44:05.377 INFO:teuthology.orchestra.run.smithi077.stdout:/usr/bin/ceph: stderr
2024-04-26T04:43:59.616+0000 7f025a494700 1 --2- >> [v2:172.21.15.77:3300/0,v1:172.21.15.77:6789/0] conn(0x7f0254100cb0 0x7f02541010c0 unknown :-1 s=BANNER_CONNECTING pgs=0 cs=0 l=0 rev1=0 crypto rx=0 tx=0 comp rx=0 tx=0)._handle_peer_banner_payload supported=3 required=0
2024-04-26T04:44:05.377 INFO:teuthology.orchestra.run.smithi077.stdout:/usr/bin/ceph: stderr
2024-04-26T04:43:59.616+0000 7f025a494700 1 --2- >> [v2:172.21.15.77:3300/0,v1:172.21.15.77:6789/0] conn(0x7f0254100cb0 0x7f02541010c0 unknown :-1 s=HELLO_CONNECTING pgs=0 cs=0 l=0 rev1=1 crypto rx=0 tx=0 comp rx=0 tx=0).handle_hello peer v2:172.21.15.77:3300/0 says I am v2:172.21.15.77:47422/0 (socket says 172.21.15.77:47422)
2024-04-26T04:44:05.377 INFO:teuthology.orchestra.run.smithi077.stdout:/usr/bin/ceph: stderr
2024-04-26T04:43:59.616+0000 7f025a494700 1 -- 172.21.15.77:0/2036042296 learned_addr learned my addr 172.21.15.77:0/2036042296 (peer_addr_for_me v2:172.21.15.77:0/0)
2024-04-26T04:44:05.377 INFO:teuthology.orchestra.run.smithi077.stdout:/usr/bin/ceph: stderr
2024-04-26T04:43:59.616+0000 7f025a494700 1 -- 172.21.15.77:0/2036042296 --> [v2:172.21.15.77:3300/0,v1:172.21.15.77:6789/0] -- mon_subscribe({config=0+,monmap=0+}) v3 -- 0x7f0254101740 con 0x7f0254100cb0
2024-04-26T04:44:05.377 INFO:teuthology.orchestra.run.smithi077.stdout:/usr/bin/ceph: stderr
2024-04-26T04:43:59.617+0000 7f025a494700 1 --2- 172.21.15.77:0/2036042296 >> [v2:172.21.15.77:3300/0,v1:172.21.15.77:6789/0] conn(0x7f0254100cb0 0x7f02541010c0 secure :-1 s=READY pgs=69 cs=0 l=1 rev1=1 crypto rx=0x7f02500098e0 tx=0x7f0250009250 comp rx=0 tx=0).ready entity=mon.0 client_cookie=2f47030901152f65 server_cookie=0 in_seq=0 out_seq=0
2024-04-26T04:44:05.378 INFO:teuthology.orchestra.run.smithi077.stdout:/usr/bin/ceph: stderr
2024-04-26T04:43:59.617+0000 7f0259492700 1 -- 172.21.15.77:0/2036042296 <== mon.0 v2:172.21.15.77:3300/0 1 ==== mon_map magic: 0 v1 ==== 229+0+0 (secure 0 0 0) 0x7f025000b860 con 0x7f0254100cb0
2024-04-26T04:44:05.378 INFO:teuthology.orchestra.run.smithi077.stdout:/usr/bin/ceph: stderr
2024-04-26T04:43:59.617+0000 7f0259492700 1 -- 172.21.15.77:0/2036042296 <== mon.0 v2:172.21.15.77:3300/0 2 ==== config(27 keys) v1 ==== 1109+0+0 (secure 0 0 0) 0x7f025000be90 con 0x7f0254100cb0
2024-04-26T04:44:05.378 INFO:teuthology.orchestra.run.smithi077.stdout:/usr/bin/ceph: stderr
2024-04-26T04:43:59.617+0000 7f0259492700 1 -- 172.21.15.77:0/2036042296 <== mon.0 v2:172.21.15.77:3300/0 3 ==== mon_map magic: 0 v1 ==== 229+0+0 (secure 0 0 0) 0x7f02500103c0 con 0x7f0254100cb0
2024-04-26T04:44:05.378 INFO:teuthology.orchestra.run.smithi077.stdout:/usr/bin/ceph: stderr
2024-04-26T04:43:59.618+0000 7f025c6f8700 1 -- 172.21.15.77:0/2036042296 >> [v2:172.21.15.77:3300/0,v1:172.21.15.77:6789/0] conn(0x7f0254100cb0 msgr2=0x7f02541010c0 secure :-1 s=STATE_CONNECTION_ESTABLISHED l=1).mark_down
2024-04-26T04:44:05.378 INFO:teuthology.orchestra.run.smithi077.stdout:/usr/bin/ceph: stderr
2024-04-26T04:43:59.618+0000 7f025c6f8700 1 --2- 172.21.15.77:0/2036042296 >> [v2:172.21.15.77:3300/0,v1:172.21.15.77:6789/0] conn(0x7f0254100cb0 0x7f02541010c0 secure :-1 s=READY pgs=69 cs=0 l=1 rev1=1 crypto rx=0x7f02500098e0 tx=0x7f0250009250 comp rx=0 tx=0).stop
2024-04-26T04:44:05.378 INFO:teuthology.orchestra.run.smithi077.stdout:/usr/bin/ceph: stderr
2024-04-26T04:43:59.618+0000 7f025c6f8700 1 -- 172.21.15.77:0/2036042296 shutdown_connections
2024-04-26T04:44:05.378 INFO:teuthology.orchestra.run.smithi077.stdout:/usr/bin/ceph: stderr
2024-04-26T04:43:59.618+0000 7f025c6f8700 1 --2- 172.21.15.77:0/2036042296 >> [v2:172.21.15.77:3300/0,v1:172.21.15.77:6789/0] conn(0x7f0254100cb0 0x7f02541010c0 unknown :-1 s=CLOSED pgs=69 cs=0 l=1 rev1=1 crypto rx=0 tx=0 comp rx=0 tx=0).stop
2024-04-26T04:44:05.378 INFO:teuthology.orchestra.run.smithi077.stdout:/usr/bin/ceph: stderr
2024-04-26T04:43:59.618+0000 7f025c6f8700 1 -- 172.21.15.77:0/2036042296 >> 172.21.15.77:0/2036042296 conn(0x7f02540fc690 msgr2=0x7f02540feac0 unknown :-1 s=STATE_NONE l=0).mark_down
2024-04-26T04:44:05.378 INFO:teuthology.orchestra.run.smithi077.stdout:/usr/bin/ceph: stderr
2024-04-26T04:43:59.618+0000 7f025c6f8700 1 -- 172.21.15.77:0/2036042296 shutdown_connections
2024-04-26T04:44:05.378 INFO:teuthology.orchestra.run.smithi077.stdout:/usr/bin/ceph: stderr
2024-04-26T04:43:59.618+0000 7f025c6f8700 1 -- 172.21.15.77:0/2036042296 wait complete.
2024-04-26T04:44:05.378 INFO:teuthology.orchestra.run.smithi077.stdout:/usr/bin/ceph: stderr
2024-04-26T04:43:59.618+0000 7f025c6f8700 1 Processor -- start
2024-04-26T04:44:05.378 INFO:teuthology.orchestra.run.smithi077.stdout:/usr/bin/ceph: stderr
2024-04-26T04:43:59.618+0000 7f025c6f8700 1 -- start start
2024-04-26T04:44:05.379 INFO:teuthology.orchestra.run.smithi077.stdout:/usr/bin/ceph: stderr
2024-04-26T04:43:59.618+0000 7f025c6f8700 1 --2- >> [v2:172.21.15.77:3300/0,v1:172.21.15.77:6789/0] conn(0x7f0254100cb0 0x7f02541115e0 unknown :-1 s=NONE pgs=0 cs=0 l=1 rev1=0 crypto rx=0 tx=0 comp rx=0 tx=0).connect
2024-04-26T04:44:05.379 INFO:teuthology.orchestra.run.smithi077.stdout:/usr/bin/ceph: stderr
2024-04-26T04:43:59.618+0000 7f025c6f8700 1 -- --> [v2:172.21.15.77:3300/0,v1:172.21.15.77:6789/0] -- mon_getmap magic: 0 v1 -- 0x7f0254111b20 con 0x7f0254100cb0
2024-04-26T04:44:05.379 INFO:teuthology.orchestra.run.smithi077.stdout:/usr/bin/ceph: stderr
2024-04-26T04:43:59.619+0000 7f025a494700 1 --2- >> [v2:172.21.15.77:3300/0,v1:172.21.15.77:6789/0] conn(0x7f0254100cb0 0x7f02541115e0 unknown :-1 s=BANNER_CONNECTING pgs=0 cs=0 l=1 rev1=0 crypto rx=0 tx=0 comp rx=0 tx=0)._handle_peer_banner_payload supported=3 required=0
2024-04-26T04:44:05.379 INFO:teuthology.orchestra.run.smithi077.stdout:/usr/bin/ceph: stderr
2024-04-26T04:43:59.619+0000 7f025a494700 1 --2- >> [v2:172.21.15.77:3300/0,v1:172.21.15.77:6789/0] conn(0x7f0254100cb0 0x7f02541115e0 unknown :-1 s=HELLO_CONNECTING pgs=0 cs=0 l=1 rev1=1 crypto rx=0 tx=0 comp rx=0 tx=0).handle_hello peer v2:172.21.15.77:3300/0 says I am v2:172.21.15.77:47428/0 (socket says 172.21.15.77:47428)
2024-04-26T04:44:05.379 INFO:teuthology.orchestra.run.smithi077.stdout:/usr/bin/ceph: stderr
2024-04-26T04:43:59.619+0000 7f025a494700 1 -- 172.21.15.77:0/3779864722 learned_addr learned my addr 172.21.15.77:0/3779864722 (peer_addr_for_me v2:172.21.15.77:0/0)
2024-04-26T04:44:05.379 INFO:teuthology.orchestra.run.smithi077.stdout:/usr/bin/ceph: stderr
2024-04-26T04:43:59.619+0000 7f025a494700 1 -- 172.21.15.77:0/3779864722 --> [v2:172.21.15.77:3300/0,v1:172.21.15.77:6789/0] -- mon_subscribe({config=0+,monmap=0+}) v3 -- 0x7f02500094f0 con 0x7f0254100cb0
2024-04-26T04:44:05.379 INFO:teuthology.orchestra.run.smithi077.stdout:/usr/bin/ceph: stderr
2024-04-26T04:43:59.619+0000 7f025a494700 1 --2- 172.21.15.77:0/3779864722 >> [v2:172.21.15.77:3300/0,v1:172.21.15.77:6789/0] conn(0x7f0254100cb0 0x7f02541115e0 secure :-1 s=READY pgs=70 cs=0 l=1 rev1=1 crypto rx=0x7f0250011680 tx=0x7f0250009250 comp rx=0 tx=0).ready entity=mon.0 client_cookie=0 server_cookie=0 in_seq=0 out_seq=0
2024-04-26T04:44:05.379 INFO:teuthology.orchestra.run.smithi077.stdout:/usr/bin/ceph: stderr
2024-04-26T04:43:59.619+0000 7f024affd700 1 -- 172.21.15.77:0/3779864722 <== mon.0 v2:172.21.15.77:3300/0 1 ==== mon_map magic: 0 v1 ==== 229+0+0 (secure 0 0 0) 0x7f0250010890 con 0x7f0254100cb0
2024-04-26T04:44:05.380 INFO:teuthology.orchestra.run.smithi077.stdout:/usr/bin/ceph: stderr
2024-04-26T04:43:59.619+0000 7f024affd700 1 -- 172.21.15.77:0/3779864722 <== mon.0 v2:172.21.15.77:3300/0 2 ==== config(27 keys) v1 ==== 1109+0+0 (secure 0 0 0) 0x7f0250010ec0 con 0x7f0254100cb0
2024-04-26T04:44:05.380 INFO:teuthology.orchestra.run.smithi077.stdout:/usr/bin/ceph: stderr
2024-04-26T04:43:59.619+0000 7f025c6f8700 1 -- 172.21.15.77:0/3779864722 --> [v2:172.21.15.77:3300/0,v1:172.21.15.77:6789/0] -- mon_subscribe({mgrmap=0+}) v3 -- 0x7f0254111d20 con 0x7f0254100cb0
2024-04-26T04:44:05.380 INFO:teuthology.orchestra.run.smithi077.stdout:/usr/bin/ceph: stderr
2024-04-26T04:43:59.619+0000 7f024affd700 1 -- 172.21.15.77:0/3779864722 <== mon.0 v2:172.21.15.77:3300/0 3 ==== mon_map magic: 0 v1 ==== 229+0+0 (secure 0 0 0) 0x7f02500243f0 con 0x7f0254100cb0
2024-04-26T04:44:05.380 INFO:teuthology.orchestra.run.smithi077.stdout:/usr/bin/ceph: stderr
2024-04-26T04:43:59.619+0000 7f025c6f8700 1 -- 172.21.15.77:0/3779864722 --> [v2:172.21.15.77:3300/0,v1:172.21.15.77:6789/0] -- mon_subscribe({osdmap=0}) v3 -- 0x7f0254112890 con 0x7f0254100cb0
2024-04-26T04:44:05.380 INFO:teuthology.orchestra.run.smithi077.stdout:/usr/bin/ceph: stderr
2024-04-26T04:43:59.620+0000 7f024affd700 1 -- 172.21.15.77:0/3779864722 <== mon.0 v2:172.21.15.77:3300/0 4 ==== mgrmap(e 9) v1 ==== 43389+0+0 (secure 0 0 0) 0x7f025002d3f0 con 0x7f0254100cb0
2024-04-26T04:44:05.380 INFO:teuthology.orchestra.run.smithi077.stdout:/usr/bin/ceph: stderr
2024-04-26T04:43:59.620+0000 7f024affd700 1 --2- 172.21.15.77:0/3779864722 >> [v2:172.21.15.77:6800/3157890049,v1:172.21.15.77:6801/3157890049] conn(0x7f02400368a0 0x7f0240038d50 unknown :-1 s=NONE pgs=0 cs=0 l=1 rev1=0 crypto rx=0 tx=0 comp rx=0 tx=0).connect
2024-04-26T04:44:05.380 INFO:teuthology.orchestra.run.smithi077.stdout:/usr/bin/ceph: stderr
2024-04-26T04:43:59.620+0000 7f025c6f8700 1 -- 172.21.15.77:0/3779864722 --> [v2:172.21.15.77:6800/3157890049,v1:172.21.15.77:6801/3157890049] -- command(tid 0: {"prefix": "get_command_descriptions"}) v1 -- 0x7f025405f5c0 con 0x7f02400368a0
2024-04-26T04:44:05.380 INFO:teuthology.orchestra.run.smithi077.stdout:/usr/bin/ceph: stderr
2024-04-26T04:43:59.620+0000 7f024affd700 1 -- 172.21.15.77:0/3779864722 <== mon.0 v2:172.21.15.77:3300/0 5 ==== osd_map(2..2 src has 1..2) v4 ==== 936+0+0 (secure 0 0 0) 0x7f0250010bf0 con 0x7f0254100cb0
2024-04-26T04:44:05.380 INFO:teuthology.orchestra.run.smithi077.stdout:/usr/bin/ceph: stderr
2024-04-26T04:43:59.620+0000 7f0259c93700 1 -- 172.21.15.77:0/3779864722 >> [v2:172.21.15.77:6800/3157890049,v1:172.21.15.77:6801/3157890049] conn(0x7f02400368a0 msgr2=0x7f0240038d50 unknown :-1 s=STATE_CONNECTING_RE l=1).process reconnect failed to v2:172.21.15.77:6800/3157890049
2024-04-26T04:44:05.380 INFO:teuthology.orchestra.run.smithi077.stdout:/usr/bin/ceph: stderr
2024-04-26T04:43:59.620+0000 7f0259c93700 1 --2- 172.21.15.77:0/3779864722 >> [v2:172.21.15.77:6800/3157890049,v1:172.21.15.77:6801/3157890049] conn(0x7f02400368a0 0x7f0240038d50 unknown :-1 s=START_CONNECT pgs=0 cs=0 l=1 rev1=0 crypto rx=0 tx=0 comp rx=0 tx=0)._fault waiting 0.200000
2024-04-26T04:44:05.380 INFO:teuthology.orchestra.run.smithi077.stdout:/usr/bin/ceph: stderr
2024-04-26T04:43:59.821+0000 7f0259c93700 1 -- 172.21.15.77:0/3779864722 >> [v2:172.21.15.77:6800/3157890049,v1:172.21.15.77:6801/3157890049] conn(0x7f02400368a0 msgr2=0x7f0240038d50 unknown :-1 s=STATE_CONNECTING_RE l=1).process reconnect failed to v2:172.21.15.77:6800/3157890049
2024-04-26T04:44:05.380 INFO:teuthology.orchestra.run.smithi077.stdout:/usr/bin/ceph: stderr
2024-04-26T04:43:59.821+0000 7f0259c93700 1 --2- 172.21.15.77:0/3779864722 >> [v2:172.21.15.77:6800/3157890049,v1:172.21.15.77:6801/3157890049] conn(0x7f02400368a0 0x7f0240038d50 unknown :-1 s=START_CONNECT pgs=0 cs=0 l=1 rev1=0 crypto rx=0 tx=0 comp rx=0 tx=0)._fault waiting 0.400000
2024-04-26T04:44:05.380 INFO:teuthology.orchestra.run.smithi077.stdout:/usr/bin/ceph: stderr
2024-04-26T04:44:00.222+0000 7f0259c93700 1 -- 172.21.15.77:0/3779864722 >> [v2:172.21.15.77:6800/3157890049,v1:172.21.15.77:6801/3157890049] conn(0x7f02400368a0 msgr2=0x7f0240038d50 unknown :-1 s=STATE_CONNECTING_RE l=1).process reconnect failed to v2:172.21.15.77:6800/3157890049
2024-04-26T04:44:05.381 INFO:teuthology.orchestra.run.smithi077.stdout:/usr/bin/ceph: stderr
2024-04-26T04:44:00.222+0000 7f0259c93700 1 --2- 172.21.15.77:0/3779864722 >> [v2:172.21.15.77:6800/3157890049,v1:172.21.15.77:6801/3157890049] conn(0x7f02400368a0 0x7f0240038d50 unknown :-1 s=START_CONNECT pgs=0 cs=0 l=1 rev1=0 crypto rx=0 tx=0 comp rx=0 tx=0)._fault waiting 0.800000
2024-04-26T04:44:05.381 INFO:teuthology.orchestra.run.smithi077.stdout:/usr/bin/ceph: stderr
2024-04-26T04:44:01.023+0000 7f0259c93700 1 -- 172.21.15.77:0/3779864722 >> [v2:172.21.15.77:6800/3157890049,v1:172.21.15.77:6801/3157890049] conn(0x7f02400368a0 msgr2=0x7f0240038d50 unknown :-1 s=STATE_CONNECTING_RE l=1).process reconnect failed to v2:172.21.15.77:6800/3157890049
2024-04-26T04:44:05.381 INFO:teuthology.orchestra.run.smithi077.stdout:/usr/bin/ceph: stderr
2024-04-26T04:44:01.023+0000 7f0259c93700 1 --2- 172.21.15.77:0/3779864722 >> [v2:172.21.15.77:6800/3157890049,v1:172.21.15.77:6801/3157890049] conn(0x7f02400368a0 0x7f0240038d50 unknown :-1 s=START_CONNECT pgs=0 cs=0 l=1 rev1=0 crypto rx=0 tx=0 comp rx=0 tx=0)._fault waiting 1.600000
2024-04-26T04:44:05.381 INFO:teuthology.orchestra.run.smithi077.stdout:/usr/bin/ceph: stderr
2024-04-26T04:44:02.624+0000 7f0259c93700 1 -- 172.21.15.77:0/3779864722 >> [v2:172.21.15.77:6800/3157890049,v1:172.21.15.77:6801/3157890049] conn(0x7f02400368a0 msgr2=0x7f0240038d50 unknown :-1 s=STATE_CONNECTING_RE l=1).process reconnect failed to v2:172.21.15.77:6800/3157890049
2024-04-26T04:44:05.381 INFO:teuthology.orchestra.run.smithi077.stdout:/usr/bin/ceph: stderr
2024-04-26T04:44:02.624+0000 7f0259c93700 1 --2- 172.21.15.77:0/3779864722 >> [v2:172.21.15.77:6800/3157890049,v1:172.21.15.77:6801/3157890049] conn(0x7f02400368a0 0x7f0240038d50 unknown :-1 s=START_CONNECT pgs=0 cs=0 l=1 rev1=0 crypto rx=0 tx=0 comp rx=0 tx=0)._fault waiting 3.200000
2024-04-26T04:44:05.381 INFO:teuthology.orchestra.run.smithi077.stdout:/usr/bin/ceph: stderr
2024-04-26T04:44:03.833+0000 7f024affd700 1 -- 172.21.15.77:0/3779864722 <== mon.0 v2:172.21.15.77:3300/0 6 ==== mgrmap(e 10) v1 ==== 43156+0+0 (secure 0 0 0) 0x7f025001a8c0 con 0x7f0254100cb0
2024-04-26T04:44:05.381 INFO:teuthology.orchestra.run.smithi077.stdout:/usr/bin/ceph: stderr
2024-04-26T04:44:03.833+0000 7f024affd700 1 -- 172.21.15.77:0/3779864722 >> [v2:172.21.15.77:6800/3157890049,v1:172.21.15.77:6801/3157890049] conn(0x7f02400368a0 msgr2=0x7f0240038d50 unknown :-1 s=STATE_CONNECTING l=1).mark_down
2024-04-26T04:44:05.381 INFO:teuthology.orchestra.run.smithi077.stdout:/usr/bin/ceph: stderr
2024-04-26T04:44:03.833+0000 7f024affd700 1 --2- 172.21.15.77:0/3779864722 >> [v2:172.21.15.77:6800/3157890049,v1:172.21.15.77:6801/3157890049] conn(0x7f02400368a0 0x7f0240038d50 unknown :-1 s=START_CONNECT pgs=0 cs=0 l=1 rev1=0 crypto rx=0 tx=0 comp rx=0 tx=0).stop
2024-04-26T04:44:05.381 INFO:teuthology.orchestra.run.smithi077.stdout:/usr/bin/ceph: stderr
2024-04-26T04:44:04.836+0000 7f024affd700 1 -- 172.21.15.77:0/3779864722 <== mon.0 v2:172.21.15.77:3300/0 7 ==== mgrmap(e 11) v1 ==== 43283+0+0 (secure 0 0 0) 0x7f0250018350 con 0x7f0254100cb0
2024-04-26T04:44:05.381 INFO:teuthology.orchestra.run.smithi077.stdout:/usr/bin/ceph: stderr
2024-04-26T04:44:04.836+0000 7f024affd700 1 --2- 172.21.15.77:0/3779864722 >> [v2:172.21.15.77:6800/2855259383,v1:172.21.15.77:6801/2855259383] conn(0x7f0240039fc0 0x7f024003c3a0 unknown :-1 s=NONE pgs=0 cs=0 l=1 rev1=0 crypto rx=0 tx=0 comp rx=0 tx=0).connect
2024-04-26T04:44:05.381 INFO:teuthology.orchestra.run.smithi077.stdout:/usr/bin/ceph: stderr
2024-04-26T04:44:04.836+0000 7f024affd700 1 -- 172.21.15.77:0/3779864722 --> [v2:172.21.15.77:6800/2855259383,v1:172.21.15.77:6801/2855259383] -- command(tid 0: {"prefix": "get_command_descriptions"}) v1 -- 0x7f025405f5c0 con 0x7f0240039fc0
2024-04-26T04:44:05.381 INFO:teuthology.orchestra.run.smithi077.stdout:/usr/bin/ceph: stderr
2024-04-26T04:44:04.836+0000 7f0259c93700 1 --2- 172.21.15.77:0/3779864722 >> [v2:172.21.15.77:6800/2855259383,v1:172.21.15.77:6801/2855259383] conn(0x7f0240039fc0 0x7f024003c3a0 unknown :-1 s=BANNER_CONNECTING pgs=0 cs=0 l=1 rev1=0 crypto rx=0 tx=0 comp rx=0 tx=0)._handle_peer_banner_payload supported=3 required=0
2024-04-26T04:44:05.381 INFO:teuthology.orchestra.run.smithi077.stdout:/usr/bin/ceph: stderr
2024-04-26T04:44:04.837+0000 7f0259c93700 1 --2- 172.21.15.77:0/3779864722 >> [v2:172.21.15.77:6800/2855259383,v1:172.21.15.77:6801/2855259383] conn(0x7f0240039fc0 0x7f024003c3a0 secure :-1 s=READY pgs=3 cs=0 l=1 rev1=1 crypto rx=0x7f02440039d0 tx=0x7f02440092f0 comp rx=0 tx=0).ready entity=mgr.14160 client_cookie=0 server_cookie=0 in_seq=0 out_seq=0
2024-04-26T04:44:05.381 INFO:teuthology.orchestra.run.smithi077.stdout:/usr/bin/ceph: stderr
2024-04-26T04:44:04.837+0000 7f024affd700 1 -- 172.21.15.77:0/3779864722 <== mgr.14160 v2:172.21.15.77:6800/2855259383 1 ==== command_reply(tid 0: 0 ) v1 ==== 8+0+6549 (secure 0 0 0) 0x7f025405f5c0 con 0x7f0240039fc0
2024-04-26T04:44:05.382 INFO:teuthology.orchestra.run.smithi077.stdout:/usr/bin/ceph: stderr
2024-04-26T04:44:04.843+0000 7f025c6f8700 1 -- 172.21.15.77:0/3779864722 --> [v2:172.21.15.77:6800/2855259383,v1:172.21.15.77:6801/2855259383] -- command(tid 1: {"prefix": "mgr_status"}) v1 -- 0x7f02541121b0 con 0x7f0240039fc0
2024-04-26T04:44:05.382 INFO:teuthology.orchestra.run.smithi077.stdout:/usr/bin/ceph: stderr
