2024-04-27T01:02:48.494+0000 7f38f57fa700 1 -- 172.21.15.31:0/3683051065 <== mon.0 v2:172.21.15.31:3300/0 6 ==== mon_command_ack([{"prefix": "get_command_descriptions"}]=0 v0) v1 ==== 72+0+176702 (secure 0 0 0) 0x7f38ec022310 con 0x7f38f80712b0
2024-04-27T01:02:49.274 INFO:teuthology.orchestra.run.smithi031.stdout:/usr/bin/ceph: stderr
2024-04-27T01:02:48.704+0000 7f38fefb5700 1 -- 172.21.15.31:0/3683051065 --> [v2:172.21.15.31:6800/1349687113,v1:172.21.15.31:6801/1349687113] -- mgr_command(tid 0: {"prefix": "orch set backend", "module_name": "cephadm", "target": ["mon-mgr", ""]}) v1 -- 0x7f38f80fe120 con 0x7f38e8036720
2024-04-27T01:02:49.274 INFO:teuthology.orchestra.run.smithi031.stdout:/usr/bin/ceph: stderr
2024-04-27T01:02:48.713+0000 7f38f57fa700 1 -- 172.21.15.31:0/3683051065 <== mgr.14120 v2:172.21.15.31:6800/1349687113 1 ==== mgr_command_reply(tid 0: 0 ) v1 ==== 8+0+0 (secure 0 0 0) 0x7f38f80fe120 con 0x7f38e8036720
2024-04-27T01:02:49.274 INFO:teuthology.orchestra.run.smithi031.stdout:/usr/bin/ceph: stderr
2024-04-27T01:02:48.715+0000 7f38fefb5700 1 -- 172.21.15.31:0/3683051065 >> [v2:172.21.15.31:6800/1349687113,v1:172.21.15.31:6801/1349687113] conn(0x7f38e8036720 msgr2=0x7f38e8038bd0 secure :-1 s=STATE_CONNECTION_ESTABLISHED l=1).mark_down
2024-04-27T01:02:49.274 INFO:teuthology.orchestra.run.smithi031.stdout:/usr/bin/ceph: stderr
2024-04-27T01:02:48.715+0000 7f38fefb5700 1 --2- 172.21.15.31:0/3683051065 >> [v2:172.21.15.31:6800/1349687113,v1:172.21.15.31:6801/1349687113] conn(0x7f38e8036720 0x7f38e8038bd0 secure :-1 s=READY pgs=7 cs=0 l=1 rev1=1 crypto rx=0x7f38e4009990 tx=0x7f38e4006e40 comp rx=0 tx=0).stop
2024-04-27T01:02:49.274 INFO:teuthology.orchestra.run.smithi031.stdout:/usr/bin/ceph: stderr
2024-04-27T01:02:48.715+0000 7f38fefb5700 1 -- 172.21.15.31:0/3683051065 >> [v2:172.21.15.31:3300/0,v1:172.21.15.31:6789/0] conn(0x7f38f80712b0 msgr2=0x7f38f8111600 secure :-1 s=STATE_CONNECTION_ESTABLISHED l=1).mark_down
2024-04-27T01:02:49.274 INFO:teuthology.orchestra.run.smithi031.stdout:/usr/bin/ceph: stderr
2024-04-27T01:02:48.715+0000 7f38fefb5700 1 --2- 172.21.15.31:0/3683051065 >> [v2:172.21.15.31:3300/0,v1:172.21.15.31:6789/0] conn(0x7f38f80712b0 0x7f38f8111600 secure :-1 s=READY pgs=38 cs=0 l=1 rev1=1 crypto rx=0x7f38ec006fd0 tx=0x7f38ec009250 comp rx=0 tx=0).stop
2024-04-27T01:02:49.274 INFO:teuthology.orchestra.run.smithi031.stdout:/usr/bin/ceph: stderr
2024-04-27T01:02:48.715+0000 7f38fefb5700 1 -- 172.21.15.31:0/3683051065 shutdown_connections
2024-04-27T01:02:49.274 INFO:teuthology.orchestra.run.smithi031.stdout:/usr/bin/ceph: stderr
2024-04-27T01:02:48.715+0000 7f38fefb5700 1 --2- 172.21.15.31:0/3683051065 >> [v2:172.21.15.31:6800/1349687113,v1:172.21.15.31:6801/1349687113] conn(0x7f38e8036720 0x7f38e8038bd0 unknown :-1 s=CLOSED pgs=7 cs=0 l=1 rev1=1 crypto rx=0 tx=0 comp rx=0 tx=0).stop
2024-04-27T01:02:49.274 INFO:teuthology.orchestra.run.smithi031.stdout:/usr/bin/ceph: stderr
2024-04-27T01:02:48.715+0000 7f38fefb5700 1 --2- 172.21.15.31:0/3683051065 >> [v2:172.21.15.31:3300/0,v1:172.21.15.31:6789/0] conn(0x7f38f80712b0 0x7f38f8111600 unknown :-1 s=CLOSED pgs=38 cs=0 l=1 rev1=1 crypto rx=0 tx=0 comp rx=0 tx=0).stop
2024-04-27T01:02:49.274 INFO:teuthology.orchestra.run.smithi031.stdout:/usr/bin/ceph: stderr
2024-04-27T01:02:48.715+0000 7f38fefb5700 1 -- 172.21.15.31:0/3683051065 >> 172.21.15.31:0/3683051065 conn(0x7f38f80fcec0 msgr2=0x7f38f80fda10 unknown :-1 s=STATE_NONE l=0).mark_down
2024-04-27T01:02:49.274 INFO:teuthology.orchestra.run.smithi031.stdout:/usr/bin/ceph: stderr
2024-04-27T01:02:48.715+0000 7f38fefb5700 1 -- 172.21.15.31:0/3683051065 shutdown_connections
2024-04-27T01:02:49.275 INFO:teuthology.orchestra.run.smithi031.stdout:/usr/bin/ceph: stderr
2024-04-27T01:02:48.715+0000 7f38fefb5700 1 -- 172.21.15.31:0/3683051065 wait complete.
2024-04-27T01:02:49.922 INFO:journalctl@ceph.mon.smithi031.smithi031.stdout:Apr 27 01:02:49 smithi031 ceph-mon[26459]: [27/Apr/2024:01:02:47] ENGINE Serving on https://172.21.15.31:7150
2024-04-27T01:02:49.922 INFO:journalctl@ceph.mon.smithi031.smithi031.stdout:Apr 27 01:02:49 smithi031 ceph-mon[26459]: [27/Apr/2024:01:02:47] ENGINE Bus STARTED
2024-04-27T01:02:49.922 INFO:journalctl@ceph.mon.smithi031.smithi031.stdout:Apr 27 01:02:49 smithi031 ceph-mon[26459]: from='client.14132 -' entity='client.admin' cmd=[{"prefix": "orch set backend", "module_name": "cephadm", "target": ["mon-mgr", ""]}]: dispatch
2024-04-27T01:02:49.922 INFO:journalctl@ceph.mon.smithi031.smithi031.stdout:Apr 27 01:02:49 smithi031 ceph-mon[26459]: from='mgr.14120 172.21.15.31:0/1197460981' entity='mgr.smithi031.qafqjt'
2024-04-27T01:02:49.922 INFO:journalctl@ceph.mon.smithi031.smithi031.stdout:Apr 27 01:02:49 smithi031 ceph-mon[26459]: from='mgr.14120 172.21.15.31:0/1197460981' entity='mgr.smithi031.qafqjt' cmd=[{"prefix": "config dump", "format": "json"}]: dispatch
2024-04-27T01:02:49.922 INFO:journalctl@ceph.mon.smithi031.smithi031.stdout:Apr 27 01:02:49 smithi031 ceph-mon[26459]: mgrmap e8: smithi031.qafqjt(active, since 2s)
2024-04-27T01:02:50.529 INFO:teuthology.orchestra.run.smithi031.stdout:/usr/bin/ceph: stdout value unchanged
2024-04-27T01:02:50.529 INFO:teuthology.orchestra.run.smithi031.stdout:/usr/bin/ceph: stderr
2024-04-27T01:02:49.719+0000 7fdf60148700 1 Processor -- start
2024-04-27T01:02:50.529 INFO:teuthology.orchestra.run.smithi031.stdout:/usr/bin/ceph: stderr
2024-04-27T01:02:49.719+0000 7fdf60148700 1 -- start start
2024-04-27T01:02:50.529 INFO:teuthology.orchestra.run.smithi031.stdout:/usr/bin/ceph: stderr
2024-04-27T01:02:49.719+0000 7fdf60148700 1 --2- >> [v2:172.21.15.31:3300/0,v1:172.21.15.31:6789/0] conn(0x7fdf58102810 0x7fdf58102c20 unknown :-1 s=NONE pgs=0 cs=0 l=0 rev1=0 crypto rx=0 tx=0 comp rx=0 tx=0).connect
2024-04-27T01:02:50.529 INFO:teuthology.orchestra.run.smithi031.stdout:/usr/bin/ceph: stderr
2024-04-27T01:02:49.719+0000 7fdf60148700 1 -- --> [v2:172.21.15.31:3300/0,v1:172.21.15.31:6789/0] -- mon_getmap magic: 0 v1 -- 0x7fdf58103160 con 0x7fdf58102810
2024-04-27T01:02:50.529 INFO:teuthology.orchestra.run.smithi031.stdout:/usr/bin/ceph: stderr
2024-04-27T01:02:49.719+0000 7fdf5dee4700 1 --2- >> [v2:172.21.15.31:3300/0,v1:172.21.15.31:6789/0] conn(0x7fdf58102810 0x7fdf58102c20 unknown :-1 s=BANNER_CONNECTING pgs=0 cs=0 l=0 rev1=0 crypto rx=0 tx=0 comp rx=0 tx=0)._handle_peer_banner_payload supported=3 required=0
2024-04-27T01:02:50.530 INFO:teuthology.orchestra.run.smithi031.stdout:/usr/bin/ceph: stderr
2024-04-27T01:02:49.719+0000 7fdf5dee4700 1 --2- >> [v2:172.21.15.31:3300/0,v1:172.21.15.31:6789/0] conn(0x7fdf58102810 0x7fdf58102c20 unknown :-1 s=HELLO_CONNECTING pgs=0 cs=0 l=0 rev1=1 crypto rx=0 tx=0 comp rx=0 tx=0).handle_hello peer v2:172.21.15.31:3300/0 says I am v2:172.21.15.31:47876/0 (socket says 172.21.15.31:47876)
2024-04-27T01:02:50.530 INFO:teuthology.orchestra.run.smithi031.stdout:/usr/bin/ceph: stderr
2024-04-27T01:02:49.719+0000 7fdf5dee4700 1 -- 172.21.15.31:0/3871129991 learned_addr learned my addr 172.21.15.31:0/3871129991 (peer_addr_for_me v2:172.21.15.31:0/0)
2024-04-27T01:02:50.530 INFO:teuthology.orchestra.run.smithi031.stdout:/usr/bin/ceph: stderr
2024-04-27T01:02:49.720+0000 7fdf5dee4700 1 -- 172.21.15.31:0/3871129991 --> [v2:172.21.15.31:3300/0,v1:172.21.15.31:6789/0] -- mon_subscribe({config=0+,monmap=0+}) v3 -- 0x7fdf581032a0 con 0x7fdf58102810
2024-04-27T01:02:50.530 INFO:teuthology.orchestra.run.smithi031.stdout:/usr/bin/ceph: stderr
2024-04-27T01:02:49.720+0000 7fdf5dee4700 1 --2- 172.21.15.31:0/3871129991 >> [v2:172.21.15.31:3300/0,v1:172.21.15.31:6789/0] conn(0x7fdf58102810 0x7fdf58102c20 secure :-1 s=READY pgs=39 cs=0 l=1 rev1=1 crypto rx=0x7fdf540098e0 tx=0x7fdf54009250 comp rx=0 tx=0).ready entity=mon.0 client_cookie=3f09196fe0a66e55 server_cookie=0 in_seq=0 out_seq=0
2024-04-27T01:02:50.530 INFO:teuthology.orchestra.run.smithi031.stdout:/usr/bin/ceph: stderr
2024-04-27T01:02:49.720+0000 7fdf5cee2700 1 -- 172.21.15.31:0/3871129991 <== mon.0 v2:172.21.15.31:3300/0 1 ==== mon_map magic: 0 v1 ==== 229+0+0 (secure 0 0 0) 0x7fdf5400b860 con 0x7fdf58102810
2024-04-27T01:02:50.530 INFO:teuthology.orchestra.run.smithi031.stdout:/usr/bin/ceph: stderr
2024-04-27T01:02:49.720+0000 7fdf5cee2700 1 -- 172.21.15.31:0/3871129991 <== mon.0 v2:172.21.15.31:3300/0 2 ==== config(27 keys) v1 ==== 1044+0+0 (secure 0 0 0) 0x7fdf5400be50 con 0x7fdf58102810
2024-04-27T01:02:50.530 INFO:teuthology.orchestra.run.smithi031.stdout:/usr/bin/ceph: stderr
2024-04-27T01:02:49.720+0000 7fdf5cee2700 1 -- 172.21.15.31:0/3871129991 <== mon.0 v2:172.21.15.31:3300/0 3 ==== mon_map magic: 0 v1 ==== 229+0+0 (secure 0 0 0) 0x7fdf54010380 con 0x7fdf58102810
2024-04-27T01:02:50.530 INFO:teuthology.orchestra.run.smithi031.stdout:/usr/bin/ceph: stderr
2024-04-27T01:02:49.721+0000 7fdf60148700 1 -- 172.21.15.31:0/3871129991 >> [v2:172.21.15.31:3300/0,v1:172.21.15.31:6789/0] conn(0x7fdf58102810 msgr2=0x7fdf58102c20 secure :-1 s=STATE_CONNECTION_ESTABLISHED l=1).mark_down
2024-04-27T01:02:50.530 INFO:teuthology.orchestra.run.smithi031.stdout:/usr/bin/ceph: stderr
2024-04-27T01:02:49.721+0000 7fdf60148700 1 --2- 172.21.15.31:0/3871129991 >> [v2:172.21.15.31:3300/0,v1:172.21.15.31:6789/0] conn(0x7fdf58102810 0x7fdf58102c20 secure :-1 s=READY pgs=39 cs=0 l=1 rev1=1 crypto rx=0x7fdf540098e0 tx=0x7fdf54009250 comp rx=0 tx=0).stop
2024-04-27T01:02:50.530 INFO:teuthology.orchestra.run.smithi031.stdout:/usr/bin/ceph: stderr
2024-04-27T01:02:49.721+0000 7fdf60148700 1 -- 172.21.15.31:0/3871129991 shutdown_connections
2024-04-27T01:02:50.530 INFO:teuthology.orchestra.run.smithi031.stdout:/usr/bin/ceph: stderr
2024-04-27T01:02:49.721+0000 7fdf60148700 1 --2- 172.21.15.31:0/3871129991 >> [v2:172.21.15.31:3300/0,v1:172.21.15.31:6789/0] conn(0x7fdf58102810 0x7fdf58102c20 unknown :-1 s=CLOSED pgs=39 cs=0 l=1 rev1=1 crypto rx=0 tx=0 comp rx=0 tx=0).stop
2024-04-27T01:02:50.530 INFO:teuthology.orchestra.run.smithi031.stdout:/usr/bin/ceph: stderr
2024-04-27T01:02:49.721+0000 7fdf60148700 1 -- 172.21.15.31:0/3871129991 >> 172.21.15.31:0/3871129991 conn(0x7fdf580fdfd0 msgr2=0x7fdf581003e0 unknown :-1 s=STATE_NONE l=0).mark_down
2024-04-27T01:02:50.530 INFO:teuthology.orchestra.run.smithi031.stdout:/usr/bin/ceph: stderr
2024-04-27T01:02:49.721+0000 7fdf60148700 1 -- 172.21.15.31:0/3871129991 shutdown_connections
2024-04-27T01:02:50.531 INFO:teuthology.orchestra.run.smithi031.stdout:/usr/bin/ceph: stderr
2024-04-27T01:02:49.721+0000 7fdf60148700 1 -- 172.21.15.31:0/3871129991 wait complete.
2024-04-27T01:02:50.531 INFO:teuthology.orchestra.run.smithi031.stdout:/usr/bin/ceph: stderr
2024-04-27T01:02:49.721+0000 7fdf60148700 1 Processor -- start
2024-04-27T01:02:50.531 INFO:teuthology.orchestra.run.smithi031.stdout:/usr/bin/ceph: stderr
2024-04-27T01:02:49.721+0000 7fdf60148700 1 -- start start
2024-04-27T01:02:50.531 INFO:teuthology.orchestra.run.smithi031.stdout:/usr/bin/ceph: stderr
2024-04-27T01:02:49.721+0000 7fdf60148700 1 --2- >> [v2:172.21.15.31:3300/0,v1:172.21.15.31:6789/0] conn(0x7fdf58102810 0x7fdf581116a0 unknown :-1 s=NONE pgs=0 cs=0 l=1 rev1=0 crypto rx=0 tx=0 comp rx=0 tx=0).connect
2024-04-27T01:02:50.531 INFO:teuthology.orchestra.run.smithi031.stdout:/usr/bin/ceph: stderr
2024-04-27T01:02:49.721+0000 7fdf60148700 1 -- --> [v2:172.21.15.31:3300/0,v1:172.21.15.31:6789/0] -- mon_getmap magic: 0 v1 -- 0x7fdf58111be0 con 0x7fdf58102810
2024-04-27T01:02:50.531 INFO:teuthology.orchestra.run.smithi031.stdout:/usr/bin/ceph: stderr
2024-04-27T01:02:49.722+0000 7fdf5dee4700 1 --2- >> [v2:172.21.15.31:3300/0,v1:172.21.15.31:6789/0] conn(0x7fdf58102810 0x7fdf581116a0 unknown :-1 s=BANNER_CONNECTING pgs=0 cs=0 l=1 rev1=0 crypto rx=0 tx=0 comp rx=0 tx=0)._handle_peer_banner_payload supported=3 required=0
2024-04-27T01:02:50.531 INFO:teuthology.orchestra.run.smithi031.stdout:/usr/bin/ceph: stderr
2024-04-27T01:02:49.722+0000 7fdf5dee4700 1 --2- >> [v2:172.21.15.31:3300/0,v1:172.21.15.31:6789/0] conn(0x7fdf58102810 0x7fdf581116a0 unknown :-1 s=HELLO_CONNECTING pgs=0 cs=0 l=1 rev1=1 crypto rx=0 tx=0 comp rx=0 tx=0).handle_hello peer v2:172.21.15.31:3300/0 says I am v2:172.21.15.31:47886/0 (socket says 172.21.15.31:47886)
2024-04-27T01:02:50.531 INFO:teuthology.orchestra.run.smithi031.stdout:/usr/bin/ceph: stderr
2024-04-27T01:02:49.722+0000 7fdf5dee4700 1 -- 172.21.15.31:0/1711013045 learned_addr learned my addr 172.21.15.31:0/1711013045 (peer_addr_for_me v2:172.21.15.31:0/0)
2024-04-27T01:02:50.531 INFO:teuthology.orchestra.run.smithi031.stdout:/usr/bin/ceph: stderr
2024-04-27T01:02:49.722+0000 7fdf5dee4700 1 -- 172.21.15.31:0/1711013045 --> [v2:172.21.15.31:3300/0,v1:172.21.15.31:6789/0] -- mon_subscribe({config=0+,monmap=0+}) v3 -- 0x7fdf540094f0 con 0x7fdf58102810
2024-04-27T01:02:50.531 INFO:teuthology.orchestra.run.smithi031.stdout:/usr/bin/ceph: stderr
2024-04-27T01:02:49.722+0000 7fdf5dee4700 1 --2- 172.21.15.31:0/1711013045 >> [v2:172.21.15.31:3300/0,v1:172.21.15.31:6789/0] conn(0x7fdf58102810 0x7fdf581116a0 secure :-1 s=READY pgs=40 cs=0 l=1 rev1=1 crypto rx=0x7fdf5400ba90 tx=0x7fdf54009250 comp rx=0 tx=0).ready entity=mon.0 client_cookie=0 server_cookie=0 in_seq=0 out_seq=0
2024-04-27T01:02:50.531 INFO:teuthology.orchestra.run.smithi031.stdout:/usr/bin/ceph: stderr
2024-04-27T01:02:49.722+0000 7fdf4e7fc700 1 -- 172.21.15.31:0/1711013045 <== mon.0 v2:172.21.15.31:3300/0 1 ==== mon_map magic: 0 v1 ==== 229+0+0 (secure 0 0 0) 0x7fdf540107c0 con 0x7fdf58102810
2024-04-27T01:02:50.531 INFO:teuthology.orchestra.run.smithi031.stdout:/usr/bin/ceph: stderr
2024-04-27T01:02:49.722+0000 7fdf4e7fc700 1 -- 172.21.15.31:0/1711013045 <== mon.0 v2:172.21.15.31:3300/0 2 ==== config(27 keys) v1 ==== 1044+0+0 (secure 0 0 0) 0x7fdf54010db0 con 0x7fdf58102810
2024-04-27T01:02:50.531 INFO:teuthology.orchestra.run.smithi031.stdout:/usr/bin/ceph: stderr
2024-04-27T01:02:49.722+0000 7fdf60148700 1 -- 172.21.15.31:0/1711013045 --> [v2:172.21.15.31:3300/0,v1:172.21.15.31:6789/0] -- mon_subscribe({mgrmap=0+}) v3 -- 0x7fdf58111de0 con 0x7fdf58102810
2024-04-27T01:02:50.531 INFO:teuthology.orchestra.run.smithi031.stdout:/usr/bin/ceph: stderr
2024-04-27T01:02:49.722+0000 7fdf4e7fc700 1 -- 172.21.15.31:0/1711013045 <== mon.0 v2:172.21.15.31:3300/0 3 ==== mon_map magic: 0 v1 ==== 229+0+0 (secure 0 0 0) 0x7fdf5401add0 con 0x7fdf58102810
2024-04-27T01:02:50.531 INFO:teuthology.orchestra.run.smithi031.stdout:/usr/bin/ceph: stderr
2024-04-27T01:02:49.722+0000 7fdf60148700 1 -- 172.21.15.31:0/1711013045 --> [v2:172.21.15.31:3300/0,v1:172.21.15.31:6789/0] -- mon_subscribe({osdmap=0}) v3 -- 0x7fdf58112950 con 0x7fdf58102810
2024-04-27T01:02:50.532 INFO:teuthology.orchestra.run.smithi031.stdout:/usr/bin/ceph: stderr
2024-04-27T01:02:49.723+0000 7fdf4e7fc700 1 -- 172.21.15.31:0/1711013045 <== mon.0 v2:172.21.15.31:3300/0 4 ==== mgrmap(e 8) v1 ==== 43376+0+0 (secure 0 0 0) 0x7fdf54010920 con 0x7fdf58102810
2024-04-27T01:02:50.532 INFO:teuthology.orchestra.run.smithi031.stdout:/usr/bin/ceph: stderr
2024-04-27T01:02:49.723+0000 7fdf60148700 1 -- 172.21.15.31:0/1711013045 --> [v2:172.21.15.31:3300/0,v1:172.21.15.31:6789/0] -- mon_command({"prefix": "get_command_descriptions"} v 0) v1 -- 0x7fdf5805f5c0 con 0x7fdf58102810
2024-04-27T01:02:50.532 INFO:teuthology.orchestra.run.smithi031.stdout:/usr/bin/ceph: stderr
2024-04-27T01:02:49.723+0000 7fdf4e7fc700 1 --2- 172.21.15.31:0/1711013045 >> [v2:172.21.15.31:6800/1349687113,v1:172.21.15.31:6801/1349687113] conn(0x7fdf440368a0 0x7fdf44038d50 unknown :-1 s=NONE pgs=0 cs=0 l=1 rev1=0 crypto rx=0 tx=0 comp rx=0 tx=0).connect
2024-04-27T01:02:50.532 INFO:teuthology.orchestra.run.smithi031.stdout:/usr/bin/ceph: stderr
2024-04-27T01:02:49.723+0000 7fdf4e7fc700 1 -- 172.21.15.31:0/1711013045 <== mon.0 v2:172.21.15.31:3300/0 5 ==== osd_map(2..2 src has 1..2) v4 ==== 936+0+0 (secure 0 0 0) 0x7fdf5404a540 con 0x7fdf58102810
2024-04-27T01:02:50.532 INFO:teuthology.orchestra.run.smithi031.stdout:/usr/bin/ceph: stderr
2024-04-27T01:02:49.724+0000 7fdf5d6e3700 1 --2- 172.21.15.31:0/1711013045 >> [v2:172.21.15.31:6800/1349687113,v1:172.21.15.31:6801/1349687113] conn(0x7fdf440368a0 0x7fdf44038d50 unknown :-1 s=BANNER_CONNECTING pgs=0 cs=0 l=1 rev1=0 crypto rx=0 tx=0 comp rx=0 tx=0)._handle_peer_banner_payload supported=3 required=0
2024-04-27T01:02:50.532 INFO:teuthology.orchestra.run.smithi031.stdout:/usr/bin/ceph: stderr
2024-04-27T01:02:49.724+0000 7fdf5d6e3700 1 --2- 172.21.15.31:0/1711013045 >> [v2:172.21.15.31:6800/1349687113,v1:172.21.15.31:6801/1349687113] conn(0x7fdf440368a0 0x7fdf44038d50 secure :-1 s=READY pgs=8 cs=0 l=1 rev1=1 crypto rx=0x7fdf48009990 tx=0x7fdf48006e40 comp rx=0 tx=0).ready entity=mgr.14120 client_cookie=0 server_cookie=0 in_seq=0 out_seq=0
2024-04-27T01:02:50.532 INFO:teuthology.orchestra.run.smithi031.stdout:/usr/bin/ceph: stderr
2024-04-27T01:02:49.728+0000 7fdf4e7fc700 1 -- 172.21.15.31:0/1711013045 <== mon.0 v2:172.21.15.31:3300/0 6 ==== mon_command_ack([{"prefix": "get_command_descriptions"}]=0 v0) v1 ==== 72+0+176702 (secure 0 0 0) 0x7fdf5401a430 con 0x7fdf58102810
2024-04-27T01:02:50.532 INFO:teuthology.orchestra.run.smithi031.stdout:/usr/bin/ceph: stderr
2024-04-27T01:02:49.926+0000 7fdf60148700 1 -- 172.21.15.31:0/1711013045 --> [v2:172.21.15.31:6800/1349687113,v1:172.21.15.31:6801/1349687113] -- mgr_command(tid 0: {"prefix": "cephadm set-user", "user": "root", "target": ["mon-mgr", ""]}) v1 -- 0x7fdf580ff200 con 0x7fdf440368a0
2024-04-27T01:02:50.532 INFO:teuthology.orchestra.run.smithi031.stdout:/usr/bin/ceph: stderr
2024-04-27T01:02:49.927+0000 7fdf4e7fc700 1 -- 172.21.15.31:0/1711013045 <== mgr.14120 v2:172.21.15.31:6800/1349687113 1 ==== mgr_command_reply(tid 0: 0 ) v1 ==== 8+0+16 (secure 0 0 0) 0x7fdf580ff200 con 0x7fdf440368a0
2024-04-27T01:02:50.532 INFO:teuthology.orchestra.run.smithi031.stdout:/usr/bin/ceph: stderr
2024-04-27T01:02:49.929+0000 7fdf60148700 1 -- 172.21.15.31:0/1711013045 >> [v2:172.21.15.31:6800/1349687113,v1:172.21.15.31:6801/1349687113] conn(0x7fdf440368a0 msgr2=0x7fdf44038d50 secure :-1 s=STATE_CONNECTION_ESTABLISHED l=1).mark_down
2024-04-27T01:02:50.533 INFO:teuthology.orchestra.run.smithi031.stdout:/usr/bin/ceph: stderr
2024-04-27T01:02:49.929+0000 7fdf60148700 1 --2- 172.21.15.31:0/1711013045 >> [v2:172.21.15.31:6800/1349687113,v1:172.21.15.31:6801/1349687113] conn(0x7fdf440368a0 0x7fdf44038d50 secure :-1 s=READY pgs=8 cs=0 l=1 rev1=1 crypto rx=0x7fdf48009990 tx=0x7fdf48006e40 comp rx=0 tx=0).stop
2024-04-27T01:02:50.533 INFO:teuthology.orchestra.run.smithi031.stdout:/usr/bin/ceph: stderr
2024-04-27T01:02:49.929+0000 7fdf60148700 1 -- 172.21.15.31:0/1711013045 >> [v2:172.21.15.31:3300/0,v1:172.21.15.31:6789/0] conn(0x7fdf58102810 msgr2=0x7fdf581116a0 secure :-1 s=STATE_CONNECTION_ESTABLISHED l=1).mark_down
2024-04-27T01:02:50.533 INFO:teuthology.orchestra.run.smithi031.stdout:/usr/bin/ceph: stderr
2024-04-27T01:02:49.929+0000 7fdf60148700 1 --2- 172.21.15.31:0/1711013045 >> [v2:172.21.15.31:3300/0,v1:172.21.15.31:6789/0] conn(0x7fdf58102810 0x7fdf581116a0 secure :-1 s=READY pgs=40 cs=0 l=1 rev1=1 crypto rx=0x7fdf5400ba90 tx=0x7fdf54009250 comp rx=0 tx=0).stop
2024-04-27T01:02:50.533 INFO:teuthology.orchestra.run.smithi031.stdout:/usr/bin/ceph: stderr
2024-04-27T01:02:49.929+0000 7fdf60148700 1 -- 172.21.15.31:0/1711013045 shutdown_connections
2024-04-27T01:02:50.533 INFO:teuthology.orchestra.run.smithi031.stdout:/usr/bin/ceph: stderr
2024-04-27T01:02:49.929+0000 7fdf60148700 1 --2- 172.21.15.31:0/1711013045 >> [v2:172.21.15.31:6800/1349687113,v1:172.21.15.31:6801/1349687113] conn(0x7fdf440368a0 0x7fdf44038d50 unknown :-1 s=CLOSED pgs=8 cs=0 l=1 rev1=1 crypto rx=0 tx=0 comp rx=0 tx=0).stop
2024-04-27T01:02:50.533 INFO:teuthology.orchestra.run.smithi031.stdout:/usr/bin/ceph: stderr
2024-04-27T01:02:49.929+0000 7fdf60148700 1 --2- 172.21.15.31:0/1711013045 >> [v2:172.21.15.31:3300/0,v1:172.21.15.31:6789/0] conn(0x7fdf58102810 0x7fdf581116a0 unknown :-1 s=CLOSED pgs=40 cs=0 l=1 rev1=1 crypto rx=0 tx=0 comp rx=0 tx=0).stop
2024-04-27T01:02:50.533 INFO:teuthology.orchestra.run.smithi031.stdout:/usr/bin/ceph: stderr
2024-04-27T01:02:49.929+0000 7fdf60148700 1 -- 172.21.15.31:0/1711013045 >> 172.21.15.31:0/1711013045 conn(0x7fdf580fdfd0 msgr2=0x7fdf580feaf0 unknown :-1 s=STATE_NONE l=0).mark_down
2024-04-27T01:02:50.533 INFO:teuthology.orchestra.run.smithi031.stdout:/usr/bin/ceph: stderr
2024-04-27T01:02:49.929+0000 7fdf60148700 1 -- 172.21.15.31:0/1711013045 shutdown_connections
2024-04-27T01:02:50.533 INFO:teuthology.orchestra.run.smithi031.stdout:/usr/bin/ceph: stderr
2024-04-27T01:02:49.929+0000 7fdf60148700 1 -- 172.21.15.31:0/1711013045 wait complete.
2024-04-27T01:02:50.533 INFO:teuthology.orchestra.run.smithi031.stdout:Generating ssh key...
2024-04-27T01:02:51.047 INFO:journalctl@ceph.mon.smithi031.smithi031.stdout:Apr 27 01:02:50 smithi031 ceph-mon[26459]: from='client.14134 -' entity='client.admin' cmd=[{"prefix": "cephadm set-user", "user": "root", "target": ["mon-mgr", ""]}]: dispatch
2024-04-27T01:02:52.100 INFO:teuthology.orchestra.run.smithi031.stdout:/usr/bin/ceph: stderr
2024-04-27T01:02:50.952+0000 7f4abfd7a700 1 Processor -- start
2024-04-27T01:02:52.101 INFO:teuthology.orchestra.run.smithi031.stdout:/usr/bin/ceph: stderr
2024-04-27T01:02:50.952+0000 7f4abfd7a700 1 -- start start
2024-04-27T01:02:52.101 INFO:teuthology.orchestra.run.smithi031.stdout:/usr/bin/ceph: stderr
2024-04-27T01:02:50.952+0000 7f4abfd7a700 1 --2- >> [v2:172.21.15.31:3300/0,v1:172.21.15.31:6789/0] conn(0x7f4ab8076bb0 0x7f4ab81078a0 unknown :-1 s=NONE pgs=0 cs=0 l=0 rev1=0 crypto rx=0 tx=0 comp rx=0 tx=0).connect
2024-04-27T01:02:52.101 INFO:teuthology.orchestra.run.smithi031.stdout:/usr/bin/ceph: stderr
2024-04-27T01:02:50.952+0000 7f4abfd7a700 1 -- --> [v2:172.21.15.31:3300/0,v1:172.21.15.31:6789/0] -- mon_getmap magic: 0 v1 -- 0x7f4ab8103290 con 0x7f4ab8076bb0
2024-04-27T01:02:52.101 INFO:teuthology.orchestra.run.smithi031.stdout:/usr/bin/ceph: stderr
2024-04-27T01:02:50.952+0000 7f4abdb16700 1 --2- >> [v2:172.21.15.31:3300/0,v1:172.21.15.31:6789/0] conn(0x7f4ab8076bb0 0x7f4ab81078a0 unknown :-1 s=BANNER_CONNECTING pgs=0 cs=0 l=0 rev1=0 crypto rx=0 tx=0 comp rx=0 tx=0)._handle_peer_banner_payload supported=3 required=0
2024-04-27T01:02:52.101 INFO:teuthology.orchestra.run.smithi031.stdout:/usr/bin/ceph: stderr
2024-04-27T01:02:50.953+0000 7f4abdb16700 1 --2- >> [v2:172.21.15.31:3300/0,v1:172.21.15.31:6789/0] conn(0x7f4ab8076bb0 0x7f4ab81078a0 unknown :-1 s=HELLO_CONNECTING pgs=0 cs=0 l=0 rev1=1 crypto rx=0 tx=0 comp rx=0 tx=0).handle_hello peer v2:172.21.15.31:3300/0 says I am v2:172.21.15.31:47890/0 (socket says 172.21.15.31:47890)
2024-04-27T01:02:52.101 INFO:teuthology.orchestra.run.smithi031.stdout:/usr/bin/ceph: stderr
2024-04-27T01:02:50.953+0000 7f4abdb16700 1 -- 172.21.15.31:0/3850448090 learned_addr learned my addr 172.21.15.31:0/3850448090 (peer_addr_for_me v2:172.21.15.31:0/0)
2024-04-27T01:02:52.101 INFO:teuthology.orchestra.run.smithi031.stdout:/usr/bin/ceph: stderr
2024-04-27T01:02:50.953+0000 7f4abdb16700 1 -- 172.21.15.31:0/3850448090 --> [v2:172.21.15.31:3300/0,v1:172.21.15.31:6789/0] -- mon_subscribe({config=0+,monmap=0+}) v3 -- 0x7f4ab8107de0 con 0x7f4ab8076bb0
2024-04-27T01:02:52.101 INFO:teuthology.orchestra.run.smithi031.stdout:/usr/bin/ceph: stderr
2024-04-27T01:02:50.953+0000 7f4abdb16700 1 --2- 172.21.15.31:0/3850448090 >> [v2:172.21.15.31:3300/0,v1:172.21.15.31:6789/0] conn(0x7f4ab8076bb0 0x7f4ab81078a0 secure :-1 s=READY pgs=41 cs=0 l=1 rev1=1 crypto rx=0x7f4ab40098e0 tx=0x7f4ab4009250 comp rx=0 tx=0).ready entity=mon.0 client_cookie=4c5f82847366dcbd server_cookie=0 in_seq=0 out_seq=0
2024-04-27T01:02:52.102 INFO:teuthology.orchestra.run.smithi031.stdout:/usr/bin/ceph: stderr
2024-04-27T01:02:50.953+0000 7f4abcb14700 1 -- 172.21.15.31:0/3850448090 <== mon.0 v2:172.21.15.31:3300/0 1 ==== mon_map magic: 0 v1 ==== 229+0+0 (secure 0 0 0) 0x7f4ab400b860 con 0x7f4ab8076bb0
2024-04-27T01:02:52.102 INFO:teuthology.orchestra.run.smithi031.stdout:/usr/bin/ceph: stderr
2024-04-27T01:02:50.953+0000 7f4abcb14700 1 -- 172.21.15.31:0/3850448090 <== mon.0 v2:172.21.15.31:3300/0 2 ==== config(27 keys) v1 ==== 1044+0+0 (secure 0 0 0) 0x7f4ab400be50 con 0x7f4ab8076bb0
2024-04-27T01:02:52.102 INFO:teuthology.orchestra.run.smithi031.stdout:/usr/bin/ceph: stderr
2024-04-27T01:02:50.953+0000 7f4abcb14700 1 -- 172.21.15.31:0/3850448090 <== mon.0 v2:172.21.15.31:3300/0 3 ==== mon_map magic: 0 v1 ==== 229+0+0 (secure 0 0 0) 0x7f4ab4010380 con 0x7f4ab8076bb0
2024-04-27T01:02:52.102 INFO:teuthology.orchestra.run.smithi031.stdout:/usr/bin/ceph: stderr
2024-04-27T01:02:50.954+0000 7f4abfd7a700 1 -- 172.21.15.31:0/3850448090 >> [v2:172.21.15.31:3300/0,v1:172.21.15.31:6789/0] conn(0x7f4ab8076bb0 msgr2=0x7f4ab81078a0 secure :-1 s=STATE_CONNECTION_ESTABLISHED l=1).mark_down
2024-04-27T01:02:52.102 INFO:teuthology.orchestra.run.smithi031.stdout:/usr/bin/ceph: stderr
2024-04-27T01:02:50.954+0000 7f4abfd7a700 1 --2- 172.21.15.31:0/3850448090 >> [v2:172.21.15.31:3300/0,v1:172.21.15.31:6789/0] conn(0x7f4ab8076bb0 0x7f4ab81078a0 secure :-1 s=READY pgs=41 cs=0 l=1 rev1=1 crypto rx=0x7f4ab40098e0 tx=0x7f4ab4009250 comp rx=0 tx=0).stop
2024-04-27T01:02:52.102 INFO:teuthology.orchestra.run.smithi031.stdout:/usr/bin/ceph: stderr
2024-04-27T01:02:50.954+0000 7f4abfd7a700 1 -- 172.21.15.31:0/3850448090 shutdown_connections
2024-04-27T01:02:52.102 INFO:teuthology.orchestra.run.smithi031.stdout:/usr/bin/ceph: stderr
2024-04-27T01:02:50.954+0000 7f4abfd7a700 1 --2- 172.21.15.31:0/3850448090 >> [v2:172.21.15.31:3300/0,v1:172.21.15.31:6789/0] conn(0x7f4ab8076bb0 0x7f4ab81078a0 unknown :-1 s=CLOSED pgs=41 cs=0 l=1 rev1=1 crypto rx=0 tx=0 comp rx=0 tx=0).stop
2024-04-27T01:02:52.102 INFO:teuthology.orchestra.run.smithi031.stdout:/usr/bin/ceph: stderr
2024-04-27T01:02:50.954+0000 7f4abfd7a700 1 -- 172.21.15.31:0/3850448090 >> 172.21.15.31:0/3850448090 conn(0x7f4ab80fcef0 msgr2=0x7f4ab80ff300 unknown :-1 s=STATE_NONE l=0).mark_down
2024-04-27T01:02:52.102 INFO:teuthology.orchestra.run.smithi031.stdout:/usr/bin/ceph: stderr
2024-04-27T01:02:50.954+0000 7f4abfd7a700 1 -- 172.21.15.31:0/3850448090 shutdown_connections
2024-04-27T01:02:52.103 INFO:teuthology.orchestra.run.smithi031.stdout:/usr/bin/ceph: stderr
2024-04-27T01:02:50.954+0000 7f4abfd7a700 1 -- 172.21.15.31:0/3850448090 wait complete.
2024-04-27T01:02:52.103 INFO:teuthology.orchestra.run.smithi031.stdout:/usr/bin/ceph: stderr
2024-04-27T01:02:50.954+0000 7f4abfd7a700 1 Processor -- start
2024-04-27T01:02:52.103 INFO:teuthology.orchestra.run.smithi031.stdout:/usr/bin/ceph: stderr
2024-04-27T01:02:50.954+0000 7f4abfd7a700 1 -- start start
2024-04-27T01:02:52.103 INFO:teuthology.orchestra.run.smithi031.stdout:/usr/bin/ceph: stderr
2024-04-27T01:02:50.955+0000 7f4abfd7a700 1 --2- >> [v2:172.21.15.31:3300/0,v1:172.21.15.31:6789/0] conn(0x7f4ab8076bb0 0x7f4ab8113800 unknown :-1 s=NONE pgs=0 cs=0 l=1 rev1=0 crypto rx=0 tx=0 comp rx=0 tx=0).connect
2024-04-27T01:02:52.103 INFO:teuthology.orchestra.run.smithi031.stdout:/usr/bin/ceph: stderr
2024-04-27T01:02:50.955+0000 7f4abfd7a700 1 -- --> [v2:172.21.15.31:3300/0,v1:172.21.15.31:6789/0] -- mon_getmap magic: 0 v1 -- 0x7f4ab8113d40 con 0x7f4ab8076bb0
2024-04-27T01:02:52.103 INFO:teuthology.orchestra.run.smithi031.stdout:/usr/bin/ceph: stderr
2024-04-27T01:02:50.955+0000 7f4abdb16700 1 --2- >> [v2:172.21.15.31:3300/0,v1:172.21.15.31:6789/0] conn(0x7f4ab8076bb0 0x7f4ab8113800 unknown :-1 s=BANNER_CONNECTING pgs=0 cs=0 l=1 rev1=0 crypto rx=0 tx=0 comp rx=0 tx=0)._handle_peer_banner_payload supported=3 required=0
2024-04-27T01:02:52.103 INFO:teuthology.orchestra.run.smithi031.stdout:/usr/bin/ceph: stderr
2024-04-27T01:02:50.955+0000 7f4abdb16700 1 --2- >> [v2:172.21.15.31:3300/0,v1:172.21.15.31:6789/0] conn(0x7f4ab8076bb0 0x7f4ab8113800 unknown :-1 s=HELLO_CONNECTING pgs=0 cs=0 l=1 rev1=1 crypto rx=0 tx=0 comp rx=0 tx=0).handle_hello peer v2:172.21.15.31:3300/0 says I am v2:172.21.15.31:47900/0 (socket says 172.21.15.31:47900)
2024-04-27T01:02:52.103 INFO:teuthology.orchestra.run.smithi031.stdout:/usr/bin/ceph: stderr
2024-04-27T01:02:50.955+0000 7f4abdb16700 1 -- 172.21.15.31:0/2803798598 learned_addr learned my addr 172.21.15.31:0/2803798598 (peer_addr_for_me v2:172.21.15.31:0/0)
2024-04-27T01:02:52.103 INFO:teuthology.orchestra.run.smithi031.stdout:/usr/bin/ceph: stderr
2024-04-27T01:02:50.955+0000 7f4abdb16700 1 -- 172.21.15.31:0/2803798598 --> [v2:172.21.15.31:3300/0,v1:172.21.15.31:6789/0] -- mon_subscribe({config=0+,monmap=0+}) v3 -- 0x7f4ab40094f0 con 0x7f4ab8076bb0
2024-04-27T01:02:52.103 INFO:teuthology.orchestra.run.smithi031.stdout:/usr/bin/ceph: stderr
2024-04-27T01:02:50.955+0000 7f4abdb16700 1 --2- 172.21.15.31:0/2803798598 >> [v2:172.21.15.31:3300/0,v1:172.21.15.31:6789/0] conn(0x7f4ab8076bb0 0x7f4ab8113800 secure :-1 s=READY pgs=42 cs=0 l=1 rev1=1 crypto rx=0x7f4ab4006b00 tx=0x7f4ab4009250 comp rx=0 tx=0).ready entity=mon.0 client_cookie=0 server_cookie=0 in_seq=0 out_seq=0
2024-04-27T01:02:52.103 INFO:teuthology.orchestra.run.smithi031.stdout:/usr/bin/ceph: stderr
2024-04-27T01:02:50.955+0000 7f4aaa7fc700 1 -- 172.21.15.31:0/2803798598 <== mon.0 v2:172.21.15.31:3300/0 1 ==== mon_map magic: 0 v1 ==== 229+0+0 (secure 0 0 0) 0x7f4ab40107c0 con 0x7f4ab8076bb0
2024-04-27T01:02:52.104 INFO:teuthology.orchestra.run.smithi031.stdout:/usr/bin/ceph: stderr
2024-04-27T01:02:50.955+0000 7f4aaa7fc700 1 -- 172.21.15.31:0/2803798598 <== mon.0 v2:172.21.15.31:3300/0 2 ==== config(27 keys) v1 ==== 1044+0+0 (secure 0 0 0) 0x7f4ab4010db0 con 0x7f4ab8076bb0
2024-04-27T01:02:52.104 INFO:teuthology.orchestra.run.smithi031.stdout:/usr/bin/ceph: stderr
2024-04-27T01:02:50.955+0000 7f4abfd7a700 1 -- 172.21.15.31:0/2803798598 --> [v2:172.21.15.31:3300/0,v1:172.21.15.31:6789/0] -- mon_subscribe({mgrmap=0+}) v3 -- 0x7f4ab8113f40 con 0x7f4ab8076bb0
2024-04-27T01:02:52.104 INFO:teuthology.orchestra.run.smithi031.stdout:/usr/bin/ceph: stderr
2024-04-27T01:02:50.955+0000 7f4aaa7fc700 1 -- 172.21.15.31:0/2803798598 <== mon.0 v2:172.21.15.31:3300/0 3 ==== mon_map magic: 0 v1 ==== 229+0+0 (secure 0 0 0) 0x7f4ab401acf0 con 0x7f4ab8076bb0
2024-04-27T01:02:52.104 INFO:teuthology.orchestra.run.smithi031.stdout:/usr/bin/ceph: stderr
2024-04-27T01:02:50.955+0000 7f4abfd7a700 1 -- 172.21.15.31:0/2803798598 --> [v2:172.21.15.31:3300/0,v1:172.21.15.31:6789/0] -- mon_subscribe({osdmap=0}) v3 -- 0x7f4ab8114ab0 con 0x7f4ab8076bb0
2024-04-27T01:02:52.104 INFO:teuthology.orchestra.run.smithi031.stdout:/usr/bin/ceph: stderr
2024-04-27T01:02:50.956+0000 7f4aaa7fc700 1 -- 172.21.15.31:0/2803798598 <== mon.0 v2:172.21.15.31:3300/0 4 ==== mgrmap(e 8) v1 ==== 43376+0+0 (secure 0 0 0) 0x7f4ab4010920 con 0x7f4ab8076bb0
2024-04-27T01:02:52.104 INFO:teuthology.orchestra.run.smithi031.stdout:/usr/bin/ceph: stderr
2024-04-27T01:02:50.956+0000 7f4abfd7a700 1 -- 172.21.15.31:0/2803798598 --> [v2:172.21.15.31:3300/0,v1:172.21.15.31:6789/0] -- mon_command({"prefix": "get_command_descriptions"} v 0) v1 -- 0x7f4ab805f5c0 con 0x7f4ab8076bb0
2024-04-27T01:02:52.104 INFO:teuthology.orchestra.run.smithi031.stdout:/usr/bin/ceph: stderr
2024-04-27T01:02:50.956+0000 7f4aaa7fc700 1 --2- 172.21.15.31:0/2803798598 >> [v2:172.21.15.31:6800/1349687113,v1:172.21.15.31:6801/1349687113] conn(0x7f4aa40368a0 0x7f4aa4038d50 unknown :-1 s=NONE pgs=0 cs=0 l=1 rev1=0 crypto rx=0 tx=0 comp rx=0 tx=0).connect
2024-04-27T01:02:52.104 INFO:teuthology.orchestra.run.smithi031.stdout:/usr/bin/ceph: stderr
2024-04-27T01:02:50.956+0000 7f4aaa7fc700 1 -- 172.21.15.31:0/2803798598 <== mon.0 v2:172.21.15.31:3300/0 5 ==== osd_map(2..2 src has 1..2) v4 ==== 936+0+0 (secure 0 0 0) 0x7f4ab404a5a0 con 0x7f4ab8076bb0
2024-04-27T01:02:52.104 INFO:teuthology.orchestra.run.smithi031.stdout:/usr/bin/ceph: stderr
2024-04-27T01:02:50.957+0000 7f4abd315700 1 --2- 172.21.15.31:0/2803798598 >> [v2:172.21.15.31:6800/1349687113,v1:172.21.15.31:6801/1349687113] conn(0x7f4aa40368a0 0x7f4aa4038d50 unknown :-1 s=BANNER_CONNECTING pgs=0 cs=0 l=1 rev1=0 crypto rx=0 tx=0 comp rx=0 tx=0)._handle_peer_banner_payload supported=3 required=0
2024-04-27T01:02:52.104 INFO:teuthology.orchestra.run.smithi031.stdout:/usr/bin/ceph: stderr
2024-04-27T01:02:50.957+0000 7f4abd315700 1 --2- 172.21.15.31:0/2803798598 >> [v2:172.21.15.31:6800/1349687113,v1:172.21.15.31:6801/1349687113] conn(0x7f4aa40368a0 0x7f4aa4038d50 secure :-1 s=READY pgs=9 cs=0 l=1 rev1=1 crypto rx=0x7f4aac009990 tx=0x7f4aac006e40 comp rx=0 tx=0).ready entity=mgr.14120 client_cookie=0 server_cookie=0 in_seq=0 out_seq=0
2024-04-27T01:02:52.104 INFO:teuthology.orchestra.run.smithi031.stdout:/usr/bin/ceph: stderr
2024-04-27T01:02:50.961+0000 7f4aaa7fc700 1 -- 172.21.15.31:0/2803798598 <== mon.0 v2:172.21.15.31:3300/0 6 ==== mon_command_ack([{"prefix": "get_command_descriptions"}]=0 v0) v1 ==== 72+0+176702 (secure 0 0 0) 0x7f4ab401a530 con 0x7f4ab8076bb0
2024-04-27T01:02:52.104 INFO:teuthology.orchestra.run.smithi031.stdout:/usr/bin/ceph: stderr
2024-04-27T01:02:51.157+0000 7f4abfd7a700 1 -- 172.21.15.31:0/2803798598 --> [v2:172.21.15.31:6800/1349687113,v1:172.21.15.31:6801/1349687113] -- mgr_command(tid 0: {"prefix": "cephadm generate-key", "target": ["mon-mgr", ""]}) v1 -- 0x7f4ab80fe150 con 0x7f4aa40368a0
2024-04-27T01:02:52.105 INFO:teuthology.orchestra.run.smithi031.stdout:/usr/bin/ceph: stderr
2024-04-27T01:02:51.498+0000 7f4aaa7fc700 1 -- 172.21.15.31:0/2803798598 <== mgr.14120 v2:172.21.15.31:6800/1349687113 1 ==== mgr_command_reply(tid 0: 0 ) v1 ==== 8+0+0 (secure 0 0 0) 0x7f4ab80fe150 con 0x7f4aa40368a0
2024-04-27T01:02:52.105 INFO:teuthology.orchestra.run.smithi031.stdout:/usr/bin/ceph: stderr
2024-04-27T01:02:51.500+0000 7f4abfd7a700 1 -- 172.21.15.31:0/2803798598 >> [v2:172.21.15.31:6800/1349687113,v1:172.21.15.31:6801/1349687113] conn(0x7f4aa40368a0 msgr2=0x7f4aa4038d50 secure :-1 s=STATE_CONNECTION_ESTABLISHED l=1).mark_down
2024-04-27T01:02:52.105 INFO:teuthology.orchestra.run.smithi031.stdout:/usr/bin/ceph: stderr
2024-04-27T01:02:51.500+0000 7f4abfd7a700 1 --2- 172.21.15.31:0/2803798598 >> [v2:172.21.15.31:6800/1349687113,v1:172.21.15.31:6801/1349687113] conn(0x7f4aa40368a0 0x7f4aa4038d50 secure :-1 s=READY pgs=9 cs=0 l=1 rev1=1 crypto rx=0x7f4aac009990 tx=0x7f4aac006e40 comp rx=0 tx=0).stop
2024-04-27T01:02:52.105 INFO:teuthology.orchestra.run.smithi031.stdout:/usr/bin/ceph: stderr
2024-04-27T01:02:51.500+0000 7f4abfd7a700 1 -- 172.21.15.31:0/2803798598 >> [v2:172.21.15.31:3300/0,v1:172.21.15.31:6789/0] conn(0x7f4ab8076bb0 msgr2=0x7f4ab8113800 secure :-1 s=STATE_CONNECTION_ESTABLISHED l=1).mark_down
2024-04-27T01:02:52.105 INFO:teuthology.orchestra.run.smithi031.stdout:/usr/bin/ceph: stderr
2024-04-27T01:02:51.500+0000 7f4abfd7a700 1 --2- 172.21.15.31:0/2803798598 >> [v2:172.21.15.31:3300/0,v1:172.21.15.31:6789/0] conn(0x7f4ab8076bb0 0x7f4ab8113800 secure :-1 s=READY pgs=42 cs=0 l=1 rev1=1 crypto rx=0x7f4ab4006b00 tx=0x7f4ab4009250 comp rx=0 tx=0).stop
2024-04-27T01:02:52.105 INFO:teuthology.orchestra.run.smithi031.stdout:/usr/bin/ceph: stderr
2024-04-27T01:02:51.500+0000 7f4abfd7a700 1 -- 172.21.15.31:0/2803798598 shutdown_connections
2024-04-27T01:02:52.105 INFO:teuthology.orchestra.run.smithi031.stdout:/usr/bin/ceph: stderr
2024-04-27T01:02:51.500+0000 7f4abfd7a700 1 --2- 172.21.15.31:0/2803798598 >> [v2:172.21.15.31:6800/1349687113,v1:172.21.15.31:6801/1349687113] conn(0x7f4aa40368a0 0x7f4aa4038d50 unknown :-1 s=CLOSED pgs=9 cs=0 l=1 rev1=1 crypto rx=0 tx=0 comp rx=0 tx=0).stop
2024-04-27T01:02:52.105 INFO:teuthology.orchestra.run.smithi031.stdout:/usr/bin/ceph: stderr
2024-04-27T01:02:51.500+0000 7f4abfd7a700 1 --2- 172.21.15.31:0/2803798598 >> [v2:172.21.15.31:3300/0,v1:172.21.15.31:6789/0] conn(0x7f4ab8076bb0 0x7f4ab8113800 unknown :-1 s=CLOSED pgs=42 cs=0 l=1 rev1=1 crypto rx=0 tx=0 comp rx=0 tx=0).stop
2024-04-27T01:02:52.105 INFO:teuthology.orchestra.run.smithi031.stdout:/usr/bin/ceph: stderr
2024-04-27T01:02:51.500+0000 7f4abfd7a700 1 -- 172.21.15.31:0/2803798598 >> 172.21.15.31:0/2803798598 conn(0x7f4ab80fcef0 msgr2=0x7f4ab80fda40 unknown :-1 s=STATE_NONE l=0).mark_down
2024-04-27T01:02:52.105 INFO:teuthology.orchestra.run.smithi031.stdout:/usr/bin/ceph: stderr
2024-04-27T01:02:51.500+0000 7f4abfd7a700 1 -- 172.21.15.31:0/2803798598 shutdown_connections
2024-04-27T01:02:52.105 INFO:teuthology.orchestra.run.smithi031.stdout:/usr/bin/ceph: stderr
2024-04-27T01:02:51.500+0000 7f4abfd7a700 1 -- 172.21.15.31:0/2803798598 wait complete.
2024-04-27T01:02:52.684 INFO:journalctl@ceph.mon.smithi031.smithi031.stdout:Apr 27 01:02:52 smithi031 ceph-mon[26459]: from='client.14136 -' entity='client.admin' cmd=[{"prefix": "cephadm generate-key", "target": ["mon-mgr", ""]}]: dispatch
2024-04-27T01:02:52.684 INFO:journalctl@ceph.mon.smithi031.smithi031.stdout:Apr 27 01:02:52 smithi031 ceph-mon[26459]: Generating ssh key...
2024-04-27T01:02:52.684 INFO:journalctl@ceph.mon.smithi031.smithi031.stdout:Apr 27 01:02:52 smithi031 ceph-mon[26459]: from='mgr.14120 172.21.15.31:0/1197460981' entity='mgr.smithi031.qafqjt'
2024-04-27T01:02:52.684 INFO:journalctl@ceph.mon.smithi031.smithi031.stdout:Apr 27 01:02:52 smithi031 ceph-mon[26459]: from='mgr.14120 172.21.15.31:0/1197460981' entity='mgr.smithi031.qafqjt'
2024-04-27T01:02:53.272 INFO:teuthology.orchestra.run.smithi031.stdout:/usr/bin/ceph: stdout ssh-rsa AAAAB3NzaC1yc2EAAAADAQABAAABgQC/Y8dVsCxpdCn+Hbahxn4ZFpbd1Gi6mBH9OFQYV5w331I7grWaKP2IN51hsbUVv0ES2gwVjJUshi+/4yMY/TwDX1HSsg9BsZ4NY8YPqNCzG92IFuThE7Q6fmPG9Ffu4YRq3c5r9pFDbGd+k65nGqaxt1zY0gd61zNGPIVLHGmLRFCaSPY1gxIdbJktpIZaIlWWZaGwGAaDwwVZ8zM+VtCcclPo0qZJLV2s6qrFhOEwFqQAXAH/ErRKhKVNM9jx7RcLR8o8PgPIz3eCyaXBsvImGSmHEt60HR19VwaEjZQCIdtoEUdrTONf68G97zNsfMYNRrCqpyNCwrJqY8hO9w6Zn5myqXTk+ztgW5zL+mRPmj5yW7bAOhUctAXBDffwJr6vwW//0DQlMTT3iTmE7BykVH/065aYs+BUyhXc2DRxLTLW4jRBiqCdHCyHzKpmAxtnSVOoNeRj27cfjH2KZpY7aOZtNr81nJ0HRsFuFXtfDnBXQ6AmXKGOwigT15tZodU= ceph-9669e724-0431-11ef-bc93-c7b262605968
2024-04-27T01:02:53.273 INFO:teuthology.orchestra.run.smithi031.stdout:/usr/bin/ceph: stderr
2024-04-27T01:02:52.481+0000 7fb09d0a2700 1 Processor -- start
2024-04-27T01:02:53.273 INFO:teuthology.orchestra.run.smithi031.stdout:/usr/bin/ceph: stderr
2024-04-27T01:02:52.481+0000 7fb09d0a2700 1 -- start start
2024-04-27T01:02:53.273 INFO:teuthology.orchestra.run.smithi031.stdout:/usr/bin/ceph: stderr
2024-04-27T01:02:52.481+0000 7fb09d0a2700 1 --2- >> [v2:172.21.15.31:3300/0,v1:172.21.15.31:6789/0] conn(0x7fb098104bb0 0x7fb098104fc0 unknown :-1 s=NONE pgs=0 cs=0 l=0 rev1=0 crypto rx=0 tx=0 comp rx=0 tx=0).connect
2024-04-27T01:02:53.273 INFO:teuthology.orchestra.run.smithi031.stdout:/usr/bin/ceph: stderr
2024-04-27T01:02:52.481+0000 7fb09d0a2700 1 -- --> [v2:172.21.15.31:3300/0,v1:172.21.15.31:6789/0] -- mon_getmap magic: 0 v1 -- 0x7fb098105590 con 0x7fb098104bb0
2024-04-27T01:02:53.273 INFO:teuthology.orchestra.run.smithi031.stdout:/usr/bin/ceph: stderr
2024-04-27T01:02:52.481+0000 7fb096d9d700 1 --2- >> [v2:172.21.15.31:3300/0,v1:172.21.15.31:6789/0] conn(0x7fb098104bb0 0x7fb098104fc0 unknown :-1 s=BANNER_CONNECTING pgs=0 cs=0 l=0 rev1=0 crypto rx=0 tx=0 comp rx=0 tx=0)._handle_peer_banner_payload supported=3 required=0
2024-04-27T01:02:53.273 INFO:teuthology.orchestra.run.smithi031.stdout:/usr/bin/ceph: stderr
2024-04-27T01:02:52.481+0000 7fb096d9d700 1 --2- >> [v2:172.21.15.31:3300/0,v1:172.21.15.31:6789/0] conn(0x7fb098104bb0 0x7fb098104fc0 unknown :-1 s=HELLO_CONNECTING pgs=0 cs=0 l=0 rev1=1 crypto rx=0 tx=0 comp rx=0 tx=0).handle_hello peer v2:172.21.15.31:3300/0 says I am v2:172.21.15.31:47914/0 (socket says 172.21.15.31:47914)
2024-04-27T01:02:53.273 INFO:teuthology.orchestra.run.smithi031.stdout:/usr/bin/ceph: stderr
2024-04-27T01:02:52.481+0000 7fb096d9d700 1 -- 172.21.15.31:0/2035099950 learned_addr learned my addr 172.21.15.31:0/2035099950 (peer_addr_for_me v2:172.21.15.31:0/0)
2024-04-27T01:02:53.273 INFO:teuthology.orchestra.run.smithi031.stdout:/usr/bin/ceph: stderr
2024-04-27T01:02:52.482+0000 7fb096d9d700 1 -- 172.21.15.31:0/2035099950 --> [v2:172.21.15.31:3300/0,v1:172.21.15.31:6789/0] -- mon_subscribe({config=0+,monmap=0+}) v3 -- 0x7fb0981056d0 con 0x7fb098104bb0
2024-04-27T01:02:53.273 INFO:teuthology.orchestra.run.smithi031.stdout:/usr/bin/ceph: stderr
2024-04-27T01:02:52.482+0000 7fb096d9d700 1 --2- 172.21.15.31:0/2035099950 >> [v2:172.21.15.31:3300/0,v1:172.21.15.31:6789/0] conn(0x7fb098104bb0 0x7fb098104fc0 secure :-1 s=READY pgs=43 cs=0 l=1 rev1=1 crypto rx=0x7fb090009e50 tx=0x7fb090009840 comp rx=0 tx=0).ready entity=mon.0 client_cookie=45d0a70173c75925 server_cookie=0 in_seq=0 out_seq=0
2024-04-27T01:02:53.273 INFO:teuthology.orchestra.run.smithi031.stdout:/usr/bin/ceph: stderr
2024-04-27T01:02:52.482+0000 7fb095d9b700 1 -- 172.21.15.31:0/2035099950 <== mon.0 v2:172.21.15.31:3300/0 1 ==== mon_map magic: 0 v1 ==== 229+0+0 (secure 0 0 0) 0x7fb0900092e0 con 0x7fb098104bb0
2024-04-27T01:02:53.273 INFO:teuthology.orchestra.run.smithi031.stdout:/usr/bin/ceph: stderr
2024-04-27T01:02:52.482+0000 7fb095d9b700 1 -- 172.21.15.31:0/2035099950 <== mon.0 v2:172.21.15.31:3300/0 2 ==== config(27 keys) v1 ==== 1044+0+0 (secure 0 0 0) 0x7fb090012430 con 0x7fb098104bb0
2024-04-27T01:02:53.273 INFO:teuthology.orchestra.run.smithi031.stdout:/usr/bin/ceph: stderr
2024-04-27T01:02:52.482+0000 7fb095d9b700 1 -- 172.21.15.31:0/2035099950 <== mon.0 v2:172.21.15.31:3300/0 3 ==== mon_map magic: 0 v1 ==== 229+0+0 (secure 0 0 0) 0x7fb0900075c0 con 0x7fb098104bb0
2024-04-27T01:02:53.273 INFO:teuthology.orchestra.run.smithi031.stdout:/usr/bin/ceph: stderr
2024-04-27T01:02:52.483+0000 7fb09d0a2700 1 -- 172.21.15.31:0/2035099950 >> [v2:172.21.15.31:3300/0,v1:172.21.15.31:6789/0] conn(0x7fb098104bb0 msgr2=0x7fb098104fc0 secure :-1 s=STATE_CONNECTION_ESTABLISHED l=1).mark_down
2024-04-27T01:02:53.273 INFO:teuthology.orchestra.run.smithi031.stdout:/usr/bin/ceph: stderr
2024-04-27T01:02:52.483+0000 7fb09d0a2700 1 --2- 172.21.15.31:0/2035099950 >> [v2:172.21.15.31:3300/0,v1:172.21.15.31:6789/0] conn(0x7fb098104bb0 0x7fb098104fc0 secure :-1 s=READY pgs=43 cs=0 l=1 rev1=1 crypto rx=0x7fb090009e50 tx=0x7fb090009840 comp rx=0 tx=0).stop
2024-04-27T01:02:53.273 INFO:teuthology.orchestra.run.smithi031.stdout:/usr/bin/ceph: stderr
2024-04-27T01:02:52.483+0000 7fb09d0a2700 1 -- 172.21.15.31:0/2035099950 shutdown_connections
2024-04-27T01:02:53.274 INFO:teuthology.orchestra.run.smithi031.stdout:/usr/bin/ceph: stderr
2024-04-27T01:02:52.483+0000 7fb09d0a2700 1 --2- 172.21.15.31:0/2035099950 >> [v2:172.21.15.31:3300/0,v1:172.21.15.31:6789/0] conn(0x7fb098104bb0 0x7fb098104fc0 unknown :-1 s=CLOSED pgs=43 cs=0 l=1 rev1=1 crypto rx=0 tx=0 comp rx=0 tx=0).stop
2024-04-27T01:02:53.274 INFO:teuthology.orchestra.run.smithi031.stdout:/usr/bin/ceph: stderr
2024-04-27T01:02:52.483+0000 7fb09d0a2700 1 -- 172.21.15.31:0/2035099950 >> 172.21.15.31:0/2035099950 conn(0x7fb098078300 msgr2=0x7fb098078700 unknown :-1 s=STATE_NONE l=0).mark_down
2024-04-27T01:02:53.274 INFO:teuthology.orchestra.run.smithi031.stdout:/usr/bin/ceph: stderr
2024-04-27T01:02:52.483+0000 7fb09d0a2700 1 -- 172.21.15.31:0/2035099950 shutdown_connections
2024-04-27T01:02:53.274 INFO:teuthology.orchestra.run.smithi031.stdout:/usr/bin/ceph: stderr
2024-04-27T01:02:52.483+0000 7fb09d0a2700 1 -- 172.21.15.31:0/2035099950 wait complete.
2024-04-27T01:02:53.274 INFO:teuthology.orchestra.run.smithi031.stdout:/usr/bin/ceph: stderr
2024-04-27T01:02:52.483+0000 7fb09d0a2700 1 Processor -- start
2024-04-27T01:02:53.274 INFO:teuthology.orchestra.run.smithi031.stdout:/usr/bin/ceph: stderr
2024-04-27T01:02:52.484+0000 7fb09d0a2700 1 -- start start
2024-04-27T01:02:53.274 INFO:teuthology.orchestra.run.smithi031.stdout:/usr/bin/ceph: stderr
2024-04-27T01:02:52.484+0000 7fb09d0a2700 1 --2- >> [v2:172.21.15.31:3300/0,v1:172.21.15.31:6789/0] conn(0x7fb098104bb0 0x7fb0981137a0 unknown :-1 s=NONE pgs=0 cs=0 l=1 rev1=0 crypto rx=0 tx=0 comp rx=0 tx=0).connect
2024-04-27T01:02:53.274 INFO:teuthology.orchestra.run.smithi031.stdout:/usr/bin/ceph: stderr
2024-04-27T01:02:52.484+0000 7fb09d0a2700 1 -- --> [v2:172.21.15.31:3300/0,v1:172.21.15.31:6789/0] -- mon_getmap magic: 0 v1 -- 0x7fb098113ce0 con 0x7fb098104bb0
2024-04-27T01:02:53.274 INFO:teuthology.orchestra.run.smithi031.stdout:/usr/bin/ceph: stderr
2024-04-27T01:02:52.484+0000 7fb096d9d700 1 --2- >> [v2:172.21.15.31:3300/0,v1:172.21.15.31:6789/0] conn(0x7fb098104bb0 0x7fb0981137a0 unknown :-1 s=BANNER_CONNECTING pgs=0 cs=0 l=1 rev1=0 crypto rx=0 tx=0 comp rx=0 tx=0)._handle_peer_banner_payload supported=3 required=0
2024-04-27T01:02:53.274 INFO:teuthology.orchestra.run.smithi031.stdout:/usr/bin/ceph: stderr
2024-04-27T01:02:52.484+0000 7fb096d9d700 1 --2- >> [v2:172.21.15.31:3300/0,v1:172.21.15.31:6789/0] conn(0x7fb098104bb0 0x7fb0981137a0 unknown :-1 s=HELLO_CONNECTING pgs=0 cs=0 l=1 rev1=1 crypto rx=0 tx=0 comp rx=0 tx=0).handle_hello peer v2:172.21.15.31:3300/0 says I am v2:172.21.15.31:47928/0 (socket says 172.21.15.31:47928)
2024-04-27T01:02:53.274 INFO:teuthology.orchestra.run.smithi031.stdout:/usr/bin/ceph: stderr
2024-04-27T01:02:52.484+0000 7fb096d9d700 1 -- 172.21.15.31:0/1852833420 learned_addr learned my addr 172.21.15.31:0/1852833420 (peer_addr_for_me v2:172.21.15.31:0/0)
2024-04-27T01:02:53.274 INFO:teuthology.orchestra.run.smithi031.stdout:/usr/bin/ceph: stderr
2024-04-27T01:02:52.484+0000 7fb096d9d700 1 -- 172.21.15.31:0/1852833420 --> [v2:172.21.15.31:3300/0,v1:172.21.15.31:6789/0] -- mon_subscribe({config=0+,monmap=0+}) v3 -- 0x7fb090009ae0 con 0x7fb098104bb0
2024-04-27T01:02:53.274 INFO:teuthology.orchestra.run.smithi031.stdout:/usr/bin/ceph: stderr
2024-04-27T01:02:52.484+0000 7fb096d9d700 1 --2- 172.21.15.31:0/1852833420 >> [v2:172.21.15.31:3300/0,v1:172.21.15.31:6789/0] conn(0x7fb098104bb0 0x7fb0981137a0 secure :-1 s=READY pgs=44 cs=0 l=1 rev1=1 crypto rx=0x7fb090009fd0 tx=0x7fb090009840 comp rx=0 tx=0).ready entity=mon.0 client_cookie=0 server_cookie=0 in_seq=0 out_seq=0
2024-04-27T01:02:53.274 INFO:teuthology.orchestra.run.smithi031.stdout:/usr/bin/ceph: stderr
2024-04-27T01:02:52.484+0000 7fb08f7fe700 1 -- 172.21.15.31:0/1852833420 <== mon.0 v2:172.21.15.31:3300/0 1 ==== mon_map magic: 0 v1 ==== 229+0+0 (secure 0 0 0) 0x7fb0900092e0 con 0x7fb098104bb0
2024-04-27T01:02:53.274 INFO:teuthology.orchestra.run.smithi031.stdout:/usr/bin/ceph: stderr
2024-04-27T01:02:52.484+0000 7fb09d0a2700 1 -- 172.21.15.31:0/1852833420 --> [v2:172.21.15.31:3300/0,v1:172.21.15.31:6789/0] -- mon_subscribe({mgrmap=0+}) v3 -- 0x7fb098113ee0 con 0x7fb098104bb0
2024-04-27T01:02:53.275 INFO:teuthology.orchestra.run.smithi031.stdout:/usr/bin/ceph: stderr
2024-04-27T01:02:52.484+0000 7fb08f7fe700 1 -- 172.21.15.31:0/1852833420 <== mon.0 v2:172.21.15.31:3300/0 2 ==== config(27 keys) v1 ==== 1044+0+0 (secure 0 0 0) 0x7fb090007cc0 con 0x7fb098104bb0
2024-04-27T01:02:53.275 INFO:teuthology.orchestra.run.smithi031.stdout:/usr/bin/ceph: stderr
2024-04-27T01:02:52.484+0000 7fb08f7fe700 1 -- 172.21.15.31:0/1852833420 <== mon.0 v2:172.21.15.31:3300/0 3 ==== mon_map magic: 0 v1 ==== 229+0+0 (secure 0 0 0) 0x7fb09001c880 con 0x7fb098104bb0
2024-04-27T01:02:53.275 INFO:teuthology.orchestra.run.smithi031.stdout:/usr/bin/ceph: stderr
2024-04-27T01:02:52.484+0000 7fb09d0a2700 1 -- 172.21.15.31:0/1852833420 --> [v2:172.21.15.31:3300/0,v1:172.21.15.31:6789/0] -- mon_subscribe({osdmap=0}) v3 -- 0x7fb098114a50 con 0x7fb098104bb0
2024-04-27T01:02:53.275 INFO:teuthology.orchestra.run.smithi031.stdout:/usr/bin/ceph: stderr
2024-04-27T01:02:52.485+0000 7fb08f7fe700 1 -- 172.21.15.31:0/1852833420 <== mon.0 v2:172.21.15.31:3300/0 4 ==== mgrmap(e 8) v1 ==== 43376+0+0 (secure 0 0 0) 0x7fb090019070 con 0x7fb098104bb0
2024-04-27T01:02:53.275 INFO:teuthology.orchestra.run.smithi031.stdout:/usr/bin/ceph: stderr
2024-04-27T01:02:52.485+0000 7fb09d0a2700 1 -- 172.21.15.31:0/1852833420 --> [v2:172.21.15.31:3300/0,v1:172.21.15.31:6789/0] -- mon_command({"prefix": "get_command_descriptions"} v 0) v1 -- 0x7fb09805f5c0 con 0x7fb098104bb0
2024-04-27T01:02:53.275 INFO:teuthology.orchestra.run.smithi031.stdout:/usr/bin/ceph: stderr
2024-04-27T01:02:52.485+0000 7fb08f7fe700 1 --2- 172.21.15.31:0/1852833420 >> [v2:172.21.15.31:6800/1349687113,v1:172.21.15.31:6801/1349687113] conn(0x7fb084036850 0x7fb084038d00 unknown :-1 s=NONE pgs=0 cs=0 l=1 rev1=0 crypto rx=0 tx=0 comp rx=0 tx=0).connect
2024-04-27T01:02:53.275 INFO:teuthology.orchestra.run.smithi031.stdout:/usr/bin/ceph: stderr
2024-04-27T01:02:52.486+0000 7fb08f7fe700 1 -- 172.21.15.31:0/1852833420 <== mon.0 v2:172.21.15.31:3300/0 5 ==== osd_map(2..2 src has 1..2) v4 ==== 936+0+0 (secure 0 0 0) 0x7fb090049f40 con 0x7fb098104bb0
2024-04-27T01:02:53.275 INFO:teuthology.orchestra.run.smithi031.stdout:/usr/bin/ceph: stderr
2024-04-27T01:02:52.486+0000 7fb09659c700 1 --2- 172.21.15.31:0/1852833420 >> [v2:172.21.15.31:6800/1349687113,v1:172.21.15.31:6801/1349687113] conn(0x7fb084036850 0x7fb084038d00 unknown :-1 s=BANNER_CONNECTING pgs=0 cs=0 l=1 rev1=0 crypto rx=0 tx=0 comp rx=0 tx=0)._handle_peer_banner_payload supported=3 required=0
2024-04-27T01:02:53.275 INFO:teuthology.orchestra.run.smithi031.stdout:/usr/bin/ceph: stderr
2024-04-27T01:02:52.486+0000 7fb09659c700 1 --2- 172.21.15.31:0/1852833420 >> [v2:172.21.15.31:6800/1349687113,v1:172.21.15.31:6801/1349687113] conn(0x7fb084036850 0x7fb084038d00 secure :-1 s=READY pgs=10 cs=0 l=1 rev1=1 crypto rx=0x7fb080009990 tx=0x7fb080006e40 comp rx=0 tx=0).ready entity=mgr.14120 client_cookie=0 server_cookie=0 in_seq=0 out_seq=0
2024-04-27T01:02:53.275 INFO:teuthology.orchestra.run.smithi031.stdout:/usr/bin/ceph: stderr
2024-04-27T01:02:52.490+0000 7fb08f7fe700 1 -- 172.21.15.31:0/1852833420 <== mon.0 v2:172.21.15.31:3300/0 6 ==== mon_command_ack([{"prefix": "get_command_descriptions"}]=0 v0) v1 ==== 72+0+176702 (secure 0 0 0) 0x7fb0900198f0 con 0x7fb098104bb0
2024-04-27T01:02:53.275 INFO:teuthology.orchestra.run.smithi031.stdout:/usr/bin/ceph: stderr
