2024-04-27T01:02:36.807+0000 7f2b67530700 1 --2- >> [v2:172.21.15.31:3300/0,v1:172.21.15.31:6789/0] conn(0x7f2b60102880 0x7f2b601115f0 unknown :-1 s=NONE pgs=0 cs=0 l=1 rev1=0 crypto rx=0 tx=0 comp rx=0 tx=0).connect
2024-04-27T01:02:37.728 INFO:teuthology.orchestra.run.smithi031.stdout:/usr/bin/ceph: stderr
2024-04-27T01:02:36.807+0000 7f2b67530700 1 -- --> [v2:172.21.15.31:3300/0,v1:172.21.15.31:6789/0] -- mon_getmap magic: 0 v1 -- 0x7f2b60111b30 con 0x7f2b60102880
2024-04-27T01:02:37.728 INFO:teuthology.orchestra.run.smithi031.stdout:/usr/bin/ceph: stderr
2024-04-27T01:02:36.807+0000 7f2b652cc700 1 --2- >> [v2:172.21.15.31:3300/0,v1:172.21.15.31:6789/0] conn(0x7f2b60102880 0x7f2b601115f0 unknown :-1 s=BANNER_CONNECTING pgs=0 cs=0 l=1 rev1=0 crypto rx=0 tx=0 comp rx=0 tx=0)._handle_peer_banner_payload supported=3 required=0
2024-04-27T01:02:37.728 INFO:teuthology.orchestra.run.smithi031.stdout:/usr/bin/ceph: stderr
2024-04-27T01:02:36.807+0000 7f2b652cc700 1 --2- >> [v2:172.21.15.31:3300/0,v1:172.21.15.31:6789/0] conn(0x7f2b60102880 0x7f2b601115f0 unknown :-1 s=HELLO_CONNECTING pgs=0 cs=0 l=1 rev1=1 crypto rx=0 tx=0 comp rx=0 tx=0).handle_hello peer v2:172.21.15.31:3300/0 says I am v2:172.21.15.31:37972/0 (socket says 172.21.15.31:37972)
2024-04-27T01:02:37.728 INFO:teuthology.orchestra.run.smithi031.stdout:/usr/bin/ceph: stderr
2024-04-27T01:02:36.807+0000 7f2b652cc700 1 -- 172.21.15.31:0/969177344 learned_addr learned my addr 172.21.15.31:0/969177344 (peer_addr_for_me v2:172.21.15.31:0/0)
2024-04-27T01:02:37.729 INFO:teuthology.orchestra.run.smithi031.stdout:/usr/bin/ceph: stderr
2024-04-27T01:02:36.808+0000 7f2b652cc700 1 -- 172.21.15.31:0/969177344 --> [v2:172.21.15.31:3300/0,v1:172.21.15.31:6789/0] -- mon_subscribe({config=0+,monmap=0+}) v3 -- 0x7f2b5c0094f0 con 0x7f2b60102880
2024-04-27T01:02:37.729 INFO:teuthology.orchestra.run.smithi031.stdout:/usr/bin/ceph: stderr
2024-04-27T01:02:36.808+0000 7f2b652cc700 1 --2- 172.21.15.31:0/969177344 >> [v2:172.21.15.31:3300/0,v1:172.21.15.31:6789/0] conn(0x7f2b60102880 0x7f2b601115f0 secure :-1 s=READY pgs=19 cs=0 l=1 rev1=1 crypto rx=0x7f2b5c00b440 tx=0x7f2b5c009250 comp rx=0 tx=0).ready entity=mon.0 client_cookie=0 server_cookie=0 in_seq=0 out_seq=0
2024-04-27T01:02:37.729 INFO:teuthology.orchestra.run.smithi031.stdout:/usr/bin/ceph: stderr
2024-04-27T01:02:36.808+0000 7f2b51ffb700 1 -- 172.21.15.31:0/969177344 <== mon.0 v2:172.21.15.31:3300/0 1 ==== mon_map magic: 0 v1 ==== 229+0+0 (secure 0 0 0) 0x7f2b5c010760 con 0x7f2b60102880
2024-04-27T01:02:37.729 INFO:teuthology.orchestra.run.smithi031.stdout:/usr/bin/ceph: stderr
2024-04-27T01:02:36.808+0000 7f2b51ffb700 1 -- 172.21.15.31:0/969177344 <== mon.0 v2:172.21.15.31:3300/0 2 ==== config(27 keys) v1 ==== 1044+0+0 (secure 0 0 0) 0x7f2b5c010d50 con 0x7f2b60102880
2024-04-27T01:02:37.729 INFO:teuthology.orchestra.run.smithi031.stdout:/usr/bin/ceph: stderr
2024-04-27T01:02:36.808+0000 7f2b67530700 1 -- 172.21.15.31:0/969177344 --> [v2:172.21.15.31:3300/0,v1:172.21.15.31:6789/0] -- mon_subscribe({mgrmap=0+}) v3 -- 0x7f2b60111d30 con 0x7f2b60102880
2024-04-27T01:02:37.729 INFO:teuthology.orchestra.run.smithi031.stdout:/usr/bin/ceph: stderr
2024-04-27T01:02:36.808+0000 7f2b51ffb700 1 -- 172.21.15.31:0/969177344 <== mon.0 v2:172.21.15.31:3300/0 3 ==== mon_map magic: 0 v1 ==== 229+0+0 (secure 0 0 0) 0x7f2b5c01ae20 con 0x7f2b60102880
2024-04-27T01:02:37.729 INFO:teuthology.orchestra.run.smithi031.stdout:/usr/bin/ceph: stderr
2024-04-27T01:02:36.808+0000 7f2b67530700 1 -- 172.21.15.31:0/969177344 --> [v2:172.21.15.31:3300/0,v1:172.21.15.31:6789/0] -- mon_subscribe({osdmap=0}) v3 -- 0x7f2b601128a0 con 0x7f2b60102880
2024-04-27T01:02:37.729 INFO:teuthology.orchestra.run.smithi031.stdout:/usr/bin/ceph: stderr
2024-04-27T01:02:36.809+0000 7f2b51ffb700 1 -- 172.21.15.31:0/969177344 <== mon.0 v2:172.21.15.31:3300/0 4 ==== mgrmap(e 4) v1 ==== 43365+0+0 (secure 0 0 0) 0x7f2b5c02e440 con 0x7f2b60102880
2024-04-27T01:02:37.730 INFO:teuthology.orchestra.run.smithi031.stdout:/usr/bin/ceph: stderr
2024-04-27T01:02:36.809+0000 7f2b51ffb700 1 --2- 172.21.15.31:0/969177344 >> [v2:172.21.15.31:6800/3057713213,v1:172.21.15.31:6801/3057713213] conn(0x7f2b4c036850 0x7f2b4c038d00 unknown :-1 s=NONE pgs=0 cs=0 l=1 rev1=0 crypto rx=0 tx=0 comp rx=0 tx=0).connect
2024-04-27T01:02:37.730 INFO:teuthology.orchestra.run.smithi031.stdout:/usr/bin/ceph: stderr
2024-04-27T01:02:36.809+0000 7f2b51ffb700 1 -- 172.21.15.31:0/969177344 <== mon.0 v2:172.21.15.31:3300/0 5 ==== osd_map(1..1 src has 1..1) v4 ==== 721+0+0 (secure 0 0 0) 0x7f2b5c04b500 con 0x7f2b60102880
2024-04-27T01:02:37.730 INFO:teuthology.orchestra.run.smithi031.stdout:/usr/bin/ceph: stderr
2024-04-27T01:02:36.809+0000 7f2b64acb700 1 --2- 172.21.15.31:0/969177344 >> [v2:172.21.15.31:6800/3057713213,v1:172.21.15.31:6801/3057713213] conn(0x7f2b4c036850 0x7f2b4c038d00 unknown :-1 s=BANNER_CONNECTING pgs=0 cs=0 l=1 rev1=0 crypto rx=0 tx=0 comp rx=0 tx=0)._handle_peer_banner_payload supported=3 required=0
2024-04-27T01:02:37.730 INFO:teuthology.orchestra.run.smithi031.stdout:/usr/bin/ceph: stderr
2024-04-27T01:02:36.809+0000 7f2b67530700 1 -- 172.21.15.31:0/969177344 --> [v2:172.21.15.31:3300/0,v1:172.21.15.31:6789/0] -- mon_command({"prefix": "get_command_descriptions"} v 0) v1 -- 0x7f2b6005f5c0 con 0x7f2b60102880
2024-04-27T01:02:37.730 INFO:teuthology.orchestra.run.smithi031.stdout:/usr/bin/ceph: stderr
2024-04-27T01:02:36.810+0000 7f2b64acb700 1 --2- 172.21.15.31:0/969177344 >> [v2:172.21.15.31:6800/3057713213,v1:172.21.15.31:6801/3057713213] conn(0x7f2b4c036850 0x7f2b4c038d00 secure :-1 s=READY pgs=6 cs=0 l=1 rev1=1 crypto rx=0x7f2b54009990 tx=0x7f2b54006e40 comp rx=0 tx=0).ready entity=mgr.14100 client_cookie=0 server_cookie=0 in_seq=0 out_seq=0
2024-04-27T01:02:37.730 INFO:teuthology.orchestra.run.smithi031.stdout:/usr/bin/ceph: stderr
2024-04-27T01:02:36.814+0000 7f2b51ffb700 1 -- 172.21.15.31:0/969177344 <== mon.0 v2:172.21.15.31:3300/0 6 ==== mon_command_ack([{"prefix": "get_command_descriptions"}]=0 v0) v1 ==== 72+0+176702 (secure 0 0 0) 0x7f2b5c018940 con 0x7f2b60102880
2024-04-27T01:02:37.730 INFO:teuthology.orchestra.run.smithi031.stdout:/usr/bin/ceph: stderr
2024-04-27T01:02:37.087+0000 7f2b67530700 1 -- 172.21.15.31:0/969177344 --> [v2:172.21.15.31:3300/0,v1:172.21.15.31:6789/0] -- mon_command({"prefix": "status", "format": "json-pretty"} v 0) v1 -- 0x7f2b60112ba0 con 0x7f2b60102880
2024-04-27T01:02:37.730 INFO:teuthology.orchestra.run.smithi031.stdout:/usr/bin/ceph: stderr
2024-04-27T01:02:37.087+0000 7f2b51ffb700 1 -- 172.21.15.31:0/969177344 <== mon.0 v2:172.21.15.31:3300/0 7 ==== mon_command_ack([{"prefix": "status", "format": "json-pretty"}]=0 v0) v1 ==== 79+0+1248 (secure 0 0 0) 0x7f2b5c02d3a0 con 0x7f2b60102880
2024-04-27T01:02:37.730 INFO:teuthology.orchestra.run.smithi031.stdout:/usr/bin/ceph: stderr
2024-04-27T01:02:37.090+0000 7f2b67530700 1 -- 172.21.15.31:0/969177344 >> [v2:172.21.15.31:6800/3057713213,v1:172.21.15.31:6801/3057713213] conn(0x7f2b4c036850 msgr2=0x7f2b4c038d00 secure :-1 s=STATE_CONNECTION_ESTABLISHED l=1).mark_down
2024-04-27T01:02:37.730 INFO:teuthology.orchestra.run.smithi031.stdout:/usr/bin/ceph: stderr
2024-04-27T01:02:37.090+0000 7f2b67530700 1 --2- 172.21.15.31:0/969177344 >> [v2:172.21.15.31:6800/3057713213,v1:172.21.15.31:6801/3057713213] conn(0x7f2b4c036850 0x7f2b4c038d00 secure :-1 s=READY pgs=6 cs=0 l=1 rev1=1 crypto rx=0x7f2b54009990 tx=0x7f2b54006e40 comp rx=0 tx=0).stop
2024-04-27T01:02:37.730 INFO:teuthology.orchestra.run.smithi031.stdout:/usr/bin/ceph: stderr
2024-04-27T01:02:37.090+0000 7f2b67530700 1 -- 172.21.15.31:0/969177344 >> [v2:172.21.15.31:3300/0,v1:172.21.15.31:6789/0] conn(0x7f2b60102880 msgr2=0x7f2b601115f0 secure :-1 s=STATE_CONNECTION_ESTABLISHED l=1).mark_down
2024-04-27T01:02:37.731 INFO:teuthology.orchestra.run.smithi031.stdout:/usr/bin/ceph: stderr
2024-04-27T01:02:37.090+0000 7f2b67530700 1 --2- 172.21.15.31:0/969177344 >> [v2:172.21.15.31:3300/0,v1:172.21.15.31:6789/0] conn(0x7f2b60102880 0x7f2b601115f0 secure :-1 s=READY pgs=19 cs=0 l=1 rev1=1 crypto rx=0x7f2b5c00b440 tx=0x7f2b5c009250 comp rx=0 tx=0).stop
2024-04-27T01:02:37.731 INFO:teuthology.orchestra.run.smithi031.stdout:/usr/bin/ceph: stderr
2024-04-27T01:02:37.090+0000 7f2b67530700 1 -- 172.21.15.31:0/969177344 shutdown_connections
2024-04-27T01:02:37.731 INFO:teuthology.orchestra.run.smithi031.stdout:/usr/bin/ceph: stderr
2024-04-27T01:02:37.090+0000 7f2b67530700 1 --2- 172.21.15.31:0/969177344 >> [v2:172.21.15.31:6800/3057713213,v1:172.21.15.31:6801/3057713213] conn(0x7f2b4c036850 0x7f2b4c038d00 unknown :-1 s=CLOSED pgs=6 cs=0 l=1 rev1=1 crypto rx=0 tx=0 comp rx=0 tx=0).stop
2024-04-27T01:02:37.731 INFO:teuthology.orchestra.run.smithi031.stdout:/usr/bin/ceph: stderr
2024-04-27T01:02:37.090+0000 7f2b67530700 1 --2- 172.21.15.31:0/969177344 >> [v2:172.21.15.31:3300/0,v1:172.21.15.31:6789/0] conn(0x7f2b60102880 0x7f2b601115f0 unknown :-1 s=CLOSED pgs=19 cs=0 l=1 rev1=1 crypto rx=0 tx=0 comp rx=0 tx=0).stop
2024-04-27T01:02:37.731 INFO:teuthology.orchestra.run.smithi031.stdout:/usr/bin/ceph: stderr
2024-04-27T01:02:37.090+0000 7f2b67530700 1 -- 172.21.15.31:0/969177344 >> 172.21.15.31:0/969177344 conn(0x7f2b600fe060 msgr2=0x7f2b600feaf0 unknown :-1 s=STATE_NONE l=0).mark_down
2024-04-27T01:02:37.731 INFO:teuthology.orchestra.run.smithi031.stdout:/usr/bin/ceph: stderr
2024-04-27T01:02:37.090+0000 7f2b67530700 1 -- 172.21.15.31:0/969177344 shutdown_connections
2024-04-27T01:02:37.731 INFO:teuthology.orchestra.run.smithi031.stdout:/usr/bin/ceph: stderr
2024-04-27T01:02:37.090+0000 7f2b67530700 1 -- 172.21.15.31:0/969177344 wait complete.
2024-04-27T01:02:37.731 INFO:teuthology.orchestra.run.smithi031.stdout:mgr is available
2024-04-27T01:02:38.629 INFO:journalctl@ceph.mon.smithi031.smithi031.stdout:Apr 27 01:02:38 smithi031 ceph-mon[26459]: from='client.? 172.21.15.31:0/156876962' entity='client.admin' cmd=[{"prefix": "config assimilate-conf"}]: dispatch
2024-04-27T01:02:38.957 INFO:teuthology.orchestra.run.smithi031.stdout:/usr/bin/ceph: stdout
2024-04-27T01:02:38.957 INFO:teuthology.orchestra.run.smithi031.stdout:/usr/bin/ceph: stdout [global]
2024-04-27T01:02:38.957 INFO:teuthology.orchestra.run.smithi031.stdout:/usr/bin/ceph: stdout fsid = 9669e724-0431-11ef-bc93-c7b262605968
2024-04-27T01:02:38.957 INFO:teuthology.orchestra.run.smithi031.stdout:/usr/bin/ceph: stdout mon_osd_allow_pg_remap = true
2024-04-27T01:02:38.958 INFO:teuthology.orchestra.run.smithi031.stdout:/usr/bin/ceph: stdout mon_osd_allow_primary_affinity = true
2024-04-27T01:02:38.958 INFO:teuthology.orchestra.run.smithi031.stdout:/usr/bin/ceph: stdout mon_warn_on_no_sortbitwise = false
2024-04-27T01:02:38.958 INFO:teuthology.orchestra.run.smithi031.stdout:/usr/bin/ceph: stdout osd_crush_chooseleaf_type = 0
2024-04-27T01:02:38.958 INFO:teuthology.orchestra.run.smithi031.stdout:/usr/bin/ceph: stdout
2024-04-27T01:02:38.958 INFO:teuthology.orchestra.run.smithi031.stdout:/usr/bin/ceph: stdout [mgr]
2024-04-27T01:02:38.958 INFO:teuthology.orchestra.run.smithi031.stdout:/usr/bin/ceph: stdout mgr/telemetry/nag = false
2024-04-27T01:02:38.958 INFO:teuthology.orchestra.run.smithi031.stdout:/usr/bin/ceph: stdout
2024-04-27T01:02:38.958 INFO:teuthology.orchestra.run.smithi031.stdout:/usr/bin/ceph: stdout [osd]
2024-04-27T01:02:38.958 INFO:teuthology.orchestra.run.smithi031.stdout:/usr/bin/ceph: stdout mon_osd_backfillfull_ratio = 0.85
2024-04-27T01:02:38.958 INFO:teuthology.orchestra.run.smithi031.stdout:/usr/bin/ceph: stdout mon_osd_full_ratio = 0.9
2024-04-27T01:02:38.958 INFO:teuthology.orchestra.run.smithi031.stdout:/usr/bin/ceph: stdout mon_osd_nearfull_ratio = 0.8
2024-04-27T01:02:38.958 INFO:teuthology.orchestra.run.smithi031.stdout:/usr/bin/ceph: stdout osd_map_max_advance = 10
2024-04-27T01:02:38.958 INFO:teuthology.orchestra.run.smithi031.stdout:/usr/bin/ceph: stdout osd_sloppy_crc = true
2024-04-27T01:02:38.958 INFO:teuthology.orchestra.run.smithi031.stdout:/usr/bin/ceph: stderr
2024-04-27T01:02:38.135+0000 7f38fc197700 1 Processor -- start
2024-04-27T01:02:38.959 INFO:teuthology.orchestra.run.smithi031.stdout:/usr/bin/ceph: stderr
2024-04-27T01:02:38.135+0000 7f38fc197700 1 -- start start
2024-04-27T01:02:38.959 INFO:teuthology.orchestra.run.smithi031.stdout:/usr/bin/ceph: stderr
2024-04-27T01:02:38.135+0000 7f38fc197700 1 --2- >> [v2:172.21.15.31:3300/0,v1:172.21.15.31:6789/0] conn(0x7f38f4076c50 0x7f38f4105400 unknown :-1 s=NONE pgs=0 cs=0 l=0 rev1=0 crypto rx=0 tx=0 comp rx=0 tx=0).connect
2024-04-27T01:02:38.959 INFO:teuthology.orchestra.run.smithi031.stdout:/usr/bin/ceph: stderr
2024-04-27T01:02:38.135+0000 7f38fc197700 1 -- --> [v2:172.21.15.31:3300/0,v1:172.21.15.31:6789/0] -- mon_getmap magic: 0 v1 -- 0x7f38f4105940 con 0x7f38f4076c50
2024-04-27T01:02:38.959 INFO:teuthology.orchestra.run.smithi031.stdout:/usr/bin/ceph: stderr
2024-04-27T01:02:38.135+0000 7f38f9f33700 1 --2- >> [v2:172.21.15.31:3300/0,v1:172.21.15.31:6789/0] conn(0x7f38f4076c50 0x7f38f4105400 unknown :-1 s=BANNER_CONNECTING pgs=0 cs=0 l=0 rev1=0 crypto rx=0 tx=0 comp rx=0 tx=0)._handle_peer_banner_payload supported=3 required=0
2024-04-27T01:02:38.959 INFO:teuthology.orchestra.run.smithi031.stdout:/usr/bin/ceph: stderr
2024-04-27T01:02:38.135+0000 7f38f9f33700 1 --2- >> [v2:172.21.15.31:3300/0,v1:172.21.15.31:6789/0] conn(0x7f38f4076c50 0x7f38f4105400 unknown :-1 s=HELLO_CONNECTING pgs=0 cs=0 l=0 rev1=1 crypto rx=0 tx=0 comp rx=0 tx=0).handle_hello peer v2:172.21.15.31:3300/0 says I am v2:172.21.15.31:37978/0 (socket says 172.21.15.31:37978)
2024-04-27T01:02:38.959 INFO:teuthology.orchestra.run.smithi031.stdout:/usr/bin/ceph: stderr
2024-04-27T01:02:38.135+0000 7f38f9f33700 1 -- 172.21.15.31:0/2093484082 learned_addr learned my addr 172.21.15.31:0/2093484082 (peer_addr_for_me v2:172.21.15.31:0/0)
2024-04-27T01:02:38.959 INFO:teuthology.orchestra.run.smithi031.stdout:/usr/bin/ceph: stderr
2024-04-27T01:02:38.136+0000 7f38f9f33700 1 -- 172.21.15.31:0/2093484082 --> [v2:172.21.15.31:3300/0,v1:172.21.15.31:6789/0] -- mon_subscribe({config=0+,monmap=0+}) v3 -- 0x7f38f4105a80 con 0x7f38f4076c50
2024-04-27T01:02:38.959 INFO:teuthology.orchestra.run.smithi031.stdout:/usr/bin/ceph: stderr
2024-04-27T01:02:38.136+0000 7f38f9f33700 1 --2- 172.21.15.31:0/2093484082 >> [v2:172.21.15.31:3300/0,v1:172.21.15.31:6789/0] conn(0x7f38f4076c50 0x7f38f4105400 secure :-1 s=READY pgs=20 cs=0 l=1 rev1=1 crypto rx=0x7f38f00098e0 tx=0x7f38f0009250 comp rx=0 tx=0).ready entity=mon.0 client_cookie=a38b64499a9f4eb1 server_cookie=0 in_seq=0 out_seq=0
2024-04-27T01:02:38.959 INFO:teuthology.orchestra.run.smithi031.stdout:/usr/bin/ceph: stderr
2024-04-27T01:02:38.136+0000 7f38f8f31700 1 -- 172.21.15.31:0/2093484082 <== mon.0 v2:172.21.15.31:3300/0 1 ==== mon_map magic: 0 v1 ==== 229+0+0 (secure 0 0 0) 0x7f38f000b860 con 0x7f38f4076c50
2024-04-27T01:02:38.959 INFO:teuthology.orchestra.run.smithi031.stdout:/usr/bin/ceph: stderr
2024-04-27T01:02:38.136+0000 7f38f8f31700 1 -- 172.21.15.31:0/2093484082 <== mon.0 v2:172.21.15.31:3300/0 2 ==== config(27 keys) v1 ==== 1044+0+0 (secure 0 0 0) 0x7f38f000be50 con 0x7f38f4076c50
2024-04-27T01:02:38.959 INFO:teuthology.orchestra.run.smithi031.stdout:/usr/bin/ceph: stderr
2024-04-27T01:02:38.136+0000 7f38f8f31700 1 -- 172.21.15.31:0/2093484082 <== mon.0 v2:172.21.15.31:3300/0 3 ==== mon_map magic: 0 v1 ==== 229+0+0 (secure 0 0 0) 0x7f38f0010380 con 0x7f38f4076c50
2024-04-27T01:02:38.959 INFO:teuthology.orchestra.run.smithi031.stdout:/usr/bin/ceph: stderr
2024-04-27T01:02:38.137+0000 7f38fc197700 1 -- 172.21.15.31:0/2093484082 >> [v2:172.21.15.31:3300/0,v1:172.21.15.31:6789/0] conn(0x7f38f4076c50 msgr2=0x7f38f4105400 secure :-1 s=STATE_CONNECTION_ESTABLISHED l=1).mark_down
2024-04-27T01:02:38.959 INFO:teuthology.orchestra.run.smithi031.stdout:/usr/bin/ceph: stderr
2024-04-27T01:02:38.137+0000 7f38fc197700 1 --2- 172.21.15.31:0/2093484082 >> [v2:172.21.15.31:3300/0,v1:172.21.15.31:6789/0] conn(0x7f38f4076c50 0x7f38f4105400 secure :-1 s=READY pgs=20 cs=0 l=1 rev1=1 crypto rx=0x7f38f00098e0 tx=0x7f38f0009250 comp rx=0 tx=0).stop
2024-04-27T01:02:38.959 INFO:teuthology.orchestra.run.smithi031.stdout:/usr/bin/ceph: stderr
2024-04-27T01:02:38.137+0000 7f38fc197700 1 -- 172.21.15.31:0/2093484082 shutdown_connections
2024-04-27T01:02:38.959 INFO:teuthology.orchestra.run.smithi031.stdout:/usr/bin/ceph: stderr
2024-04-27T01:02:38.137+0000 7f38fc197700 1 --2- 172.21.15.31:0/2093484082 >> [v2:172.21.15.31:3300/0,v1:172.21.15.31:6789/0] conn(0x7f38f4076c50 0x7f38f4105400 unknown :-1 s=CLOSED pgs=20 cs=0 l=1 rev1=1 crypto rx=0 tx=0 comp rx=0 tx=0).stop
2024-04-27T01:02:38.960 INFO:teuthology.orchestra.run.smithi031.stdout:/usr/bin/ceph: stderr
2024-04-27T01:02:38.137+0000 7f38fc197700 1 -- 172.21.15.31:0/2093484082 >> 172.21.15.31:0/2093484082 conn(0x7f38f40fcef0 msgr2=0x7f38f40ff300 unknown :-1 s=STATE_NONE l=0).mark_down
2024-04-27T01:02:38.960 INFO:teuthology.orchestra.run.smithi031.stdout:/usr/bin/ceph: stderr
2024-04-27T01:02:38.137+0000 7f38fc197700 1 -- 172.21.15.31:0/2093484082 shutdown_connections
2024-04-27T01:02:38.960 INFO:teuthology.orchestra.run.smithi031.stdout:/usr/bin/ceph: stderr
2024-04-27T01:02:38.137+0000 7f38fc197700 1 -- 172.21.15.31:0/2093484082 wait complete.
2024-04-27T01:02:38.960 INFO:teuthology.orchestra.run.smithi031.stdout:/usr/bin/ceph: stderr
2024-04-27T01:02:38.137+0000 7f38fc197700 1 Processor -- start
2024-04-27T01:02:38.960 INFO:teuthology.orchestra.run.smithi031.stdout:/usr/bin/ceph: stderr
2024-04-27T01:02:38.137+0000 7f38fc197700 1 -- start start
2024-04-27T01:02:38.960 INFO:teuthology.orchestra.run.smithi031.stdout:/usr/bin/ceph: stderr
2024-04-27T01:02:38.138+0000 7f38fc197700 1 --2- >> [v2:172.21.15.31:3300/0,v1:172.21.15.31:6789/0] conn(0x7f38f4076c50 0x7f38f41115e0 unknown :-1 s=NONE pgs=0 cs=0 l=1 rev1=0 crypto rx=0 tx=0 comp rx=0 tx=0).connect
2024-04-27T01:02:38.960 INFO:teuthology.orchestra.run.smithi031.stdout:/usr/bin/ceph: stderr
2024-04-27T01:02:38.138+0000 7f38fc197700 1 -- --> [v2:172.21.15.31:3300/0,v1:172.21.15.31:6789/0] -- mon_getmap magic: 0 v1 -- 0x7f38f4111b20 con 0x7f38f4076c50
2024-04-27T01:02:38.960 INFO:teuthology.orchestra.run.smithi031.stdout:/usr/bin/ceph: stderr
2024-04-27T01:02:38.138+0000 7f38f9f33700 1 --2- >> [v2:172.21.15.31:3300/0,v1:172.21.15.31:6789/0] conn(0x7f38f4076c50 0x7f38f41115e0 unknown :-1 s=BANNER_CONNECTING pgs=0 cs=0 l=1 rev1=0 crypto rx=0 tx=0 comp rx=0 tx=0)._handle_peer_banner_payload supported=3 required=0
2024-04-27T01:02:38.960 INFO:teuthology.orchestra.run.smithi031.stdout:/usr/bin/ceph: stderr
2024-04-27T01:02:38.138+0000 7f38f9f33700 1 --2- >> [v2:172.21.15.31:3300/0,v1:172.21.15.31:6789/0] conn(0x7f38f4076c50 0x7f38f41115e0 unknown :-1 s=HELLO_CONNECTING pgs=0 cs=0 l=1 rev1=1 crypto rx=0 tx=0 comp rx=0 tx=0).handle_hello peer v2:172.21.15.31:3300/0 says I am v2:172.21.15.31:37990/0 (socket says 172.21.15.31:37990)
2024-04-27T01:02:38.960 INFO:teuthology.orchestra.run.smithi031.stdout:/usr/bin/ceph: stderr
2024-04-27T01:02:38.138+0000 7f38f9f33700 1 -- 172.21.15.31:0/156876962 learned_addr learned my addr 172.21.15.31:0/156876962 (peer_addr_for_me v2:172.21.15.31:0/0)
2024-04-27T01:02:38.960 INFO:teuthology.orchestra.run.smithi031.stdout:/usr/bin/ceph: stderr
2024-04-27T01:02:38.138+0000 7f38f9f33700 1 -- 172.21.15.31:0/156876962 --> [v2:172.21.15.31:3300/0,v1:172.21.15.31:6789/0] -- mon_subscribe({config=0+,monmap=0+}) v3 -- 0x7f38f00094f0 con 0x7f38f4076c50
2024-04-27T01:02:38.960 INFO:teuthology.orchestra.run.smithi031.stdout:/usr/bin/ceph: stderr
2024-04-27T01:02:38.138+0000 7f38f9f33700 1 --2- 172.21.15.31:0/156876962 >> [v2:172.21.15.31:3300/0,v1:172.21.15.31:6789/0] conn(0x7f38f4076c50 0x7f38f41115e0 secure :-1 s=READY pgs=21 cs=0 l=1 rev1=1 crypto rx=0x7f38f0006b00 tx=0x7f38f0009250 comp rx=0 tx=0).ready entity=mon.0 client_cookie=0 server_cookie=0 in_seq=0 out_seq=0
2024-04-27T01:02:38.960 INFO:teuthology.orchestra.run.smithi031.stdout:/usr/bin/ceph: stderr
2024-04-27T01:02:38.138+0000 7f38ea7fc700 1 -- 172.21.15.31:0/156876962 <== mon.0 v2:172.21.15.31:3300/0 1 ==== mon_map magic: 0 v1 ==== 229+0+0 (secure 0 0 0) 0x7f38f00107c0 con 0x7f38f4076c50
2024-04-27T01:02:38.960 INFO:teuthology.orchestra.run.smithi031.stdout:/usr/bin/ceph: stderr
2024-04-27T01:02:38.138+0000 7f38ea7fc700 1 -- 172.21.15.31:0/156876962 <== mon.0 v2:172.21.15.31:3300/0 2 ==== config(27 keys) v1 ==== 1044+0+0 (secure 0 0 0) 0x7f38f0010db0 con 0x7f38f4076c50
2024-04-27T01:02:38.960 INFO:teuthology.orchestra.run.smithi031.stdout:/usr/bin/ceph: stderr
2024-04-27T01:02:38.138+0000 7f38fc197700 1 -- 172.21.15.31:0/156876962 --> [v2:172.21.15.31:3300/0,v1:172.21.15.31:6789/0] -- mon_subscribe({mgrmap=0+}) v3 -- 0x7f38f4111d20 con 0x7f38f4076c50
2024-04-27T01:02:38.961 INFO:teuthology.orchestra.run.smithi031.stdout:/usr/bin/ceph: stderr
2024-04-27T01:02:38.138+0000 7f38ea7fc700 1 -- 172.21.15.31:0/156876962 <== mon.0 v2:172.21.15.31:3300/0 3 ==== mon_map magic: 0 v1 ==== 229+0+0 (secure 0 0 0) 0x7f38f001acf0 con 0x7f38f4076c50
2024-04-27T01:02:38.961 INFO:teuthology.orchestra.run.smithi031.stdout:/usr/bin/ceph: stderr
2024-04-27T01:02:38.138+0000 7f38fc197700 1 -- 172.21.15.31:0/156876962 --> [v2:172.21.15.31:3300/0,v1:172.21.15.31:6789/0] -- mon_subscribe({osdmap=0}) v3 -- 0x7f38f4112890 con 0x7f38f4076c50
2024-04-27T01:02:38.961 INFO:teuthology.orchestra.run.smithi031.stdout:/usr/bin/ceph: stderr
2024-04-27T01:02:38.139+0000 7f38ea7fc700 1 -- 172.21.15.31:0/156876962 <== mon.0 v2:172.21.15.31:3300/0 4 ==== mgrmap(e 4) v1 ==== 43365+0+0 (secure 0 0 0) 0x7f38f00193c0 con 0x7f38f4076c50
2024-04-27T01:02:38.961 INFO:teuthology.orchestra.run.smithi031.stdout:/usr/bin/ceph: stderr
2024-04-27T01:02:38.139+0000 7f38ea7fc700 1 --2- 172.21.15.31:0/156876962 >> [v2:172.21.15.31:6800/3057713213,v1:172.21.15.31:6801/3057713213] conn(0x7f38e0036800 0x7f38e0038cb0 unknown :-1 s=NONE pgs=0 cs=0 l=1 rev1=0 crypto rx=0 tx=0 comp rx=0 tx=0).connect
2024-04-27T01:02:38.961 INFO:teuthology.orchestra.run.smithi031.stdout:/usr/bin/ceph: stderr
2024-04-27T01:02:38.139+0000 7f38ea7fc700 1 -- 172.21.15.31:0/156876962 <== mon.0 v2:172.21.15.31:3300/0 5 ==== osd_map(1..1 src has 1..1) v4 ==== 721+0+0 (secure 0 0 0) 0x7f38f004a600 con 0x7f38f4076c50
2024-04-27T01:02:38.961 INFO:teuthology.orchestra.run.smithi031.stdout:/usr/bin/ceph: stderr
2024-04-27T01:02:38.139+0000 7f38f9732700 1 --2- 172.21.15.31:0/156876962 >> [v2:172.21.15.31:6800/3057713213,v1:172.21.15.31:6801/3057713213] conn(0x7f38e0036800 0x7f38e0038cb0 unknown :-1 s=BANNER_CONNECTING pgs=0 cs=0 l=1 rev1=0 crypto rx=0 tx=0 comp rx=0 tx=0)._handle_peer_banner_payload supported=3 required=0
2024-04-27T01:02:38.961 INFO:teuthology.orchestra.run.smithi031.stdout:/usr/bin/ceph: stderr
2024-04-27T01:02:38.139+0000 7f38fc197700 1 -- 172.21.15.31:0/156876962 --> [v2:172.21.15.31:3300/0,v1:172.21.15.31:6789/0] -- mon_command({"prefix": "get_command_descriptions"} v 0) v1 -- 0x7f38f405f5c0 con 0x7f38f4076c50
2024-04-27T01:02:38.961 INFO:teuthology.orchestra.run.smithi031.stdout:/usr/bin/ceph: stderr
2024-04-27T01:02:38.140+0000 7f38f9732700 1 --2- 172.21.15.31:0/156876962 >> [v2:172.21.15.31:6800/3057713213,v1:172.21.15.31:6801/3057713213] conn(0x7f38e0036800 0x7f38e0038cb0 secure :-1 s=READY pgs=7 cs=0 l=1 rev1=1 crypto rx=0x7f38e4009990 tx=0x7f38e4006e40 comp rx=0 tx=0).ready entity=mgr.14100 client_cookie=0 server_cookie=0 in_seq=0 out_seq=0
2024-04-27T01:02:38.961 INFO:teuthology.orchestra.run.smithi031.stdout:/usr/bin/ceph: stderr
2024-04-27T01:02:38.144+0000 7f38ea7fc700 1 -- 172.21.15.31:0/156876962 <== mon.0 v2:172.21.15.31:3300/0 6 ==== mon_command_ack([{"prefix": "get_command_descriptions"}]=0 v0) v1 ==== 72+0+176702 (secure 0 0 0) 0x7f38f0019670 con 0x7f38f4076c50
2024-04-27T01:02:38.961 INFO:teuthology.orchestra.run.smithi031.stdout:/usr/bin/ceph: stderr
2024-04-27T01:02:38.339+0000 7f38fc197700 1 -- 172.21.15.31:0/156876962 --> [v2:172.21.15.31:3300/0,v1:172.21.15.31:6789/0] -- mon_command({"prefix": "config assimilate-conf"} v 0) v1 -- 0x7f38f404bed0 con 0x7f38f4076c50
2024-04-27T01:02:38.961 INFO:teuthology.orchestra.run.smithi031.stdout:/usr/bin/ceph: stderr
2024-04-27T01:02:38.340+0000 7f38ea7fc700 1 -- 172.21.15.31:0/156876962 <== mon.0 v2:172.21.15.31:3300/0 7 ==== mon_command_ack([{"prefix": "config assimilate-conf"}]=0 v3) v1 ==== 70+0+373 (secure 0 0 0) 0x7f38f0048020 con 0x7f38f4076c50
2024-04-27T01:02:38.961 INFO:teuthology.orchestra.run.smithi031.stdout:/usr/bin/ceph: stderr
2024-04-27T01:02:38.343+0000 7f38fc197700 1 -- 172.21.15.31:0/156876962 >> [v2:172.21.15.31:6800/3057713213,v1:172.21.15.31:6801/3057713213] conn(0x7f38e0036800 msgr2=0x7f38e0038cb0 secure :-1 s=STATE_CONNECTION_ESTABLISHED l=1).mark_down
2024-04-27T01:02:38.961 INFO:teuthology.orchestra.run.smithi031.stdout:/usr/bin/ceph: stderr
2024-04-27T01:02:38.343+0000 7f38fc197700 1 --2- 172.21.15.31:0/156876962 >> [v2:172.21.15.31:6800/3057713213,v1:172.21.15.31:6801/3057713213] conn(0x7f38e0036800 0x7f38e0038cb0 secure :-1 s=READY pgs=7 cs=0 l=1 rev1=1 crypto rx=0x7f38e4009990 tx=0x7f38e4006e40 comp rx=0 tx=0).stop
2024-04-27T01:02:38.961 INFO:teuthology.orchestra.run.smithi031.stdout:/usr/bin/ceph: stderr
2024-04-27T01:02:38.343+0000 7f38fc197700 1 -- 172.21.15.31:0/156876962 >> [v2:172.21.15.31:3300/0,v1:172.21.15.31:6789/0] conn(0x7f38f4076c50 msgr2=0x7f38f41115e0 secure :-1 s=STATE_CONNECTION_ESTABLISHED l=1).mark_down
2024-04-27T01:02:38.961 INFO:teuthology.orchestra.run.smithi031.stdout:/usr/bin/ceph: stderr
2024-04-27T01:02:38.343+0000 7f38fc197700 1 --2- 172.21.15.31:0/156876962 >> [v2:172.21.15.31:3300/0,v1:172.21.15.31:6789/0] conn(0x7f38f4076c50 0x7f38f41115e0 secure :-1 s=READY pgs=21 cs=0 l=1 rev1=1 crypto rx=0x7f38f0006b00 tx=0x7f38f0009250 comp rx=0 tx=0).stop
2024-04-27T01:02:38.962 INFO:teuthology.orchestra.run.smithi031.stdout:/usr/bin/ceph: stderr
2024-04-27T01:02:38.343+0000 7f38fc197700 1 -- 172.21.15.31:0/156876962 shutdown_connections
2024-04-27T01:02:38.962 INFO:teuthology.orchestra.run.smithi031.stdout:/usr/bin/ceph: stderr
2024-04-27T01:02:38.343+0000 7f38fc197700 1 --2- 172.21.15.31:0/156876962 >> [v2:172.21.15.31:6800/3057713213,v1:172.21.15.31:6801/3057713213] conn(0x7f38e0036800 0x7f38e0038cb0 unknown :-1 s=CLOSED pgs=7 cs=0 l=1 rev1=1 crypto rx=0 tx=0 comp rx=0 tx=0).stop
2024-04-27T01:02:38.962 INFO:teuthology.orchestra.run.smithi031.stdout:/usr/bin/ceph: stderr
2024-04-27T01:02:38.343+0000 7f38fc197700 1 --2- 172.21.15.31:0/156876962 >> [v2:172.21.15.31:3300/0,v1:172.21.15.31:6789/0] conn(0x7f38f4076c50 0x7f38f41115e0 unknown :-1 s=CLOSED pgs=21 cs=0 l=1 rev1=1 crypto rx=0 tx=0 comp rx=0 tx=0).stop
2024-04-27T01:02:38.962 INFO:teuthology.orchestra.run.smithi031.stdout:/usr/bin/ceph: stderr
2024-04-27T01:02:38.343+0000 7f38fc197700 1 -- 172.21.15.31:0/156876962 >> 172.21.15.31:0/156876962 conn(0x7f38f40fcef0 msgr2=0x7f38f40fd9a0 unknown :-1 s=STATE_NONE l=0).mark_down
2024-04-27T01:02:38.962 INFO:teuthology.orchestra.run.smithi031.stdout:/usr/bin/ceph: stderr
2024-04-27T01:02:38.343+0000 7f38fc197700 1 -- 172.21.15.31:0/156876962 shutdown_connections
2024-04-27T01:02:38.962 INFO:teuthology.orchestra.run.smithi031.stdout:/usr/bin/ceph: stderr
2024-04-27T01:02:38.343+0000 7f38fc197700 1 -- 172.21.15.31:0/156876962 wait complete.
2024-04-27T01:02:38.962 INFO:teuthology.orchestra.run.smithi031.stdout:Enabling cephadm module...
2024-04-27T01:02:39.993 INFO:journalctl@ceph.mon.smithi031.smithi031.stdout:Apr 27 01:02:39 smithi031 ceph-mon[26459]: from='client.? 172.21.15.31:0/2315479806' entity='client.admin' cmd=[{"prefix": "mgr module enable", "module": "cephadm"}]: dispatch
2024-04-27T01:02:40.227 INFO:teuthology.orchestra.run.smithi031.stdout:/usr/bin/ceph: stderr
2024-04-27T01:02:39.387+0000 7fae871e8700 1 Processor -- start
2024-04-27T01:02:40.227 INFO:teuthology.orchestra.run.smithi031.stdout:/usr/bin/ceph: stderr
2024-04-27T01:02:39.387+0000 7fae871e8700 1 -- start start
2024-04-27T01:02:40.227 INFO:teuthology.orchestra.run.smithi031.stdout:/usr/bin/ceph: stderr
2024-04-27T01:02:39.387+0000 7fae871e8700 1 --2- >> [v2:172.21.15.31:3300/0,v1:172.21.15.31:6789/0] conn(0x7fae801028d0 0x7fae80102ce0 unknown :-1 s=NONE pgs=0 cs=0 l=0 rev1=0 crypto rx=0 tx=0 comp rx=0 tx=0).connect
2024-04-27T01:02:40.227 INFO:teuthology.orchestra.run.smithi031.stdout:/usr/bin/ceph: stderr
2024-04-27T01:02:39.387+0000 7fae871e8700 1 -- --> [v2:172.21.15.31:3300/0,v1:172.21.15.31:6789/0] -- mon_getmap magic: 0 v1 -- 0x7fae80103220 con 0x7fae801028d0
2024-04-27T01:02:40.227 INFO:teuthology.orchestra.run.smithi031.stdout:/usr/bin/ceph: stderr
2024-04-27T01:02:39.387+0000 7fae84f84700 1 --2- >> [v2:172.21.15.31:3300/0,v1:172.21.15.31:6789/0] conn(0x7fae801028d0 0x7fae80102ce0 unknown :-1 s=BANNER_CONNECTING pgs=0 cs=0 l=0 rev1=0 crypto rx=0 tx=0 comp rx=0 tx=0)._handle_peer_banner_payload supported=3 required=0
2024-04-27T01:02:40.227 INFO:teuthology.orchestra.run.smithi031.stdout:/usr/bin/ceph: stderr
2024-04-27T01:02:39.387+0000 7fae84f84700 1 --2- >> [v2:172.21.15.31:3300/0,v1:172.21.15.31:6789/0] conn(0x7fae801028d0 0x7fae80102ce0 unknown :-1 s=HELLO_CONNECTING pgs=0 cs=0 l=0 rev1=1 crypto rx=0 tx=0 comp rx=0 tx=0).handle_hello peer v2:172.21.15.31:3300/0 says I am v2:172.21.15.31:38004/0 (socket says 172.21.15.31:38004)
2024-04-27T01:02:40.228 INFO:teuthology.orchestra.run.smithi031.stdout:/usr/bin/ceph: stderr
2024-04-27T01:02:39.387+0000 7fae84f84700 1 -- 172.21.15.31:0/3299230437 learned_addr learned my addr 172.21.15.31:0/3299230437 (peer_addr_for_me v2:172.21.15.31:0/0)
2024-04-27T01:02:40.228 INFO:teuthology.orchestra.run.smithi031.stdout:/usr/bin/ceph: stderr
2024-04-27T01:02:39.388+0000 7fae84f84700 1 -- 172.21.15.31:0/3299230437 --> [v2:172.21.15.31:3300/0,v1:172.21.15.31:6789/0] -- mon_subscribe({config=0+,monmap=0+}) v3 -- 0x7fae80103360 con 0x7fae801028d0
2024-04-27T01:02:40.228 INFO:teuthology.orchestra.run.smithi031.stdout:/usr/bin/ceph: stderr
2024-04-27T01:02:39.388+0000 7fae84f84700 1 --2- 172.21.15.31:0/3299230437 >> [v2:172.21.15.31:3300/0,v1:172.21.15.31:6789/0] conn(0x7fae801028d0 0x7fae80102ce0 secure :-1 s=READY pgs=22 cs=0 l=1 rev1=1 crypto rx=0x7fae740098e0 tx=0x7fae74009250 comp rx=0 tx=0).ready entity=mon.0 client_cookie=2ed9f1a911aa0935 server_cookie=0 in_seq=0 out_seq=0
2024-04-27T01:02:40.228 INFO:teuthology.orchestra.run.smithi031.stdout:/usr/bin/ceph: stderr
2024-04-27T01:02:39.388+0000 7fae7f7fe700 1 -- 172.21.15.31:0/3299230437 <== mon.0 v2:172.21.15.31:3300/0 1 ==== mon_map magic: 0 v1 ==== 229+0+0 (secure 0 0 0) 0x7fae7400b860 con 0x7fae801028d0
2024-04-27T01:02:40.228 INFO:teuthology.orchestra.run.smithi031.stdout:/usr/bin/ceph: stderr
2024-04-27T01:02:39.388+0000 7fae7f7fe700 1 -- 172.21.15.31:0/3299230437 <== mon.0 v2:172.21.15.31:3300/0 2 ==== config(27 keys) v1 ==== 1044+0+0 (secure 0 0 0) 0x7fae7400be50 con 0x7fae801028d0
2024-04-27T01:02:40.228 INFO:teuthology.orchestra.run.smithi031.stdout:/usr/bin/ceph: stderr
2024-04-27T01:02:39.388+0000 7fae7f7fe700 1 -- 172.21.15.31:0/3299230437 <== mon.0 v2:172.21.15.31:3300/0 3 ==== mon_map magic: 0 v1 ==== 229+0+0 (secure 0 0 0) 0x7fae74010380 con 0x7fae801028d0
2024-04-27T01:02:40.228 INFO:teuthology.orchestra.run.smithi031.stdout:/usr/bin/ceph: stderr
2024-04-27T01:02:39.388+0000 7fae871e8700 1 -- 172.21.15.31:0/3299230437 >> [v2:172.21.15.31:3300/0,v1:172.21.15.31:6789/0] conn(0x7fae801028d0 msgr2=0x7fae80102ce0 secure :-1 s=STATE_CONNECTION_ESTABLISHED l=1).mark_down
2024-04-27T01:02:40.228 INFO:teuthology.orchestra.run.smithi031.stdout:/usr/bin/ceph: stderr
2024-04-27T01:02:39.388+0000 7fae871e8700 1 --2- 172.21.15.31:0/3299230437 >> [v2:172.21.15.31:3300/0,v1:172.21.15.31:6789/0] conn(0x7fae801028d0 0x7fae80102ce0 secure :-1 s=READY pgs=22 cs=0 l=1 rev1=1 crypto rx=0x7fae740098e0 tx=0x7fae74009250 comp rx=0 tx=0).stop
2024-04-27T01:02:40.228 INFO:teuthology.orchestra.run.smithi031.stdout:/usr/bin/ceph: stderr
2024-04-27T01:02:39.388+0000 7fae871e8700 1 -- 172.21.15.31:0/3299230437 shutdown_connections
2024-04-27T01:02:40.228 INFO:teuthology.orchestra.run.smithi031.stdout:/usr/bin/ceph: stderr
2024-04-27T01:02:39.388+0000 7fae871e8700 1 --2- 172.21.15.31:0/3299230437 >> [v2:172.21.15.31:3300/0,v1:172.21.15.31:6789/0] conn(0x7fae801028d0 0x7fae80102ce0 unknown :-1 s=CLOSED pgs=22 cs=0 l=1 rev1=1 crypto rx=0 tx=0 comp rx=0 tx=0).stop
2024-04-27T01:02:40.228 INFO:teuthology.orchestra.run.smithi031.stdout:/usr/bin/ceph: stderr
2024-04-27T01:02:39.389+0000 7fae871e8700 1 -- 172.21.15.31:0/3299230437 >> 172.21.15.31:0/3299230437 conn(0x7fae800fe090 msgr2=0x7fae801004a0 unknown :-1 s=STATE_NONE l=0).mark_down
2024-04-27T01:02:40.228 INFO:teuthology.orchestra.run.smithi031.stdout:/usr/bin/ceph: stderr
2024-04-27T01:02:39.389+0000 7fae871e8700 1 -- 172.21.15.31:0/3299230437 shutdown_connections
2024-04-27T01:02:40.228 INFO:teuthology.orchestra.run.smithi031.stdout:/usr/bin/ceph: stderr
2024-04-27T01:02:39.389+0000 7fae871e8700 1 -- 172.21.15.31:0/3299230437 wait complete.
2024-04-27T01:02:40.228 INFO:teuthology.orchestra.run.smithi031.stdout:/usr/bin/ceph: stderr
2024-04-27T01:02:39.389+0000 7fae871e8700 1 Processor -- start
2024-04-27T01:02:40.229 INFO:teuthology.orchestra.run.smithi031.stdout:/usr/bin/ceph: stderr
2024-04-27T01:02:39.389+0000 7fae871e8700 1 -- start start
2024-04-27T01:02:40.229 INFO:teuthology.orchestra.run.smithi031.stdout:/usr/bin/ceph: stderr
2024-04-27T01:02:39.389+0000 7fae871e8700 1 --2- >> [v2:172.21.15.31:3300/0,v1:172.21.15.31:6789/0] conn(0x7fae801028d0 0x7fae80078c20 unknown :-1 s=NONE pgs=0 cs=0 l=1 rev1=0 crypto rx=0 tx=0 comp rx=0 tx=0).connect
2024-04-27T01:02:40.229 INFO:teuthology.orchestra.run.smithi031.stdout:/usr/bin/ceph: stderr
2024-04-27T01:02:39.390+0000 7fae871e8700 1 -- --> [v2:172.21.15.31:3300/0,v1:172.21.15.31:6789/0] -- mon_getmap magic: 0 v1 -- 0x7fae80079160 con 0x7fae801028d0
2024-04-27T01:02:40.229 INFO:teuthology.orchestra.run.smithi031.stdout:/usr/bin/ceph: stderr
2024-04-27T01:02:39.390+0000 7fae84f84700 1 --2- >> [v2:172.21.15.31:3300/0,v1:172.21.15.31:6789/0] conn(0x7fae801028d0 0x7fae80078c20 unknown :-1 s=BANNER_CONNECTING pgs=0 cs=0 l=1 rev1=0 crypto rx=0 tx=0 comp rx=0 tx=0)._handle_peer_banner_payload supported=3 required=0
2024-04-27T01:02:40.229 INFO:teuthology.orchestra.run.smithi031.stdout:/usr/bin/ceph: stderr
2024-04-27T01:02:39.390+0000 7fae84f84700 1 --2- >> [v2:172.21.15.31:3300/0,v1:172.21.15.31:6789/0] conn(0x7fae801028d0 0x7fae80078c20 unknown :-1 s=HELLO_CONNECTING pgs=0 cs=0 l=1 rev1=1 crypto rx=0 tx=0 comp rx=0 tx=0).handle_hello peer v2:172.21.15.31:3300/0 says I am v2:172.21.15.31:38012/0 (socket says 172.21.15.31:38012)
2024-04-27T01:02:40.229 INFO:teuthology.orchestra.run.smithi031.stdout:/usr/bin/ceph: stderr
2024-04-27T01:02:39.390+0000 7fae84f84700 1 -- 172.21.15.31:0/2315479806 learned_addr learned my addr 172.21.15.31:0/2315479806 (peer_addr_for_me v2:172.21.15.31:0/0)
2024-04-27T01:02:40.229 INFO:teuthology.orchestra.run.smithi031.stdout:/usr/bin/ceph: stderr
2024-04-27T01:02:39.390+0000 7fae84f84700 1 -- 172.21.15.31:0/2315479806 --> [v2:172.21.15.31:3300/0,v1:172.21.15.31:6789/0] -- mon_subscribe({config=0+,monmap=0+}) v3 -- 0x7fae740094f0 con 0x7fae801028d0
2024-04-27T01:02:40.229 INFO:teuthology.orchestra.run.smithi031.stdout:/usr/bin/ceph: stderr
2024-04-27T01:02:39.390+0000 7fae84f84700 1 --2- 172.21.15.31:0/2315479806 >> [v2:172.21.15.31:3300/0,v1:172.21.15.31:6789/0] conn(0x7fae801028d0 0x7fae80078c20 secure :-1 s=READY pgs=23 cs=0 l=1 rev1=1 crypto rx=0x7fae74000c00 tx=0x7fae74009250 comp rx=0 tx=0).ready entity=mon.0 client_cookie=0 server_cookie=0 in_seq=0 out_seq=0
2024-04-27T01:02:40.229 INFO:teuthology.orchestra.run.smithi031.stdout:/usr/bin/ceph: stderr
2024-04-27T01:02:39.390+0000 7fae7d7fa700 1 -- 172.21.15.31:0/2315479806 <== mon.0 v2:172.21.15.31:3300/0 1 ==== mon_map magic: 0 v1 ==== 229+0+0 (secure 0 0 0) 0x7fae740107c0 con 0x7fae801028d0
2024-04-27T01:02:40.229 INFO:teuthology.orchestra.run.smithi031.stdout:/usr/bin/ceph: stderr
2024-04-27T01:02:39.390+0000 7fae7d7fa700 1 -- 172.21.15.31:0/2315479806 <== mon.0 v2:172.21.15.31:3300/0 2 ==== config(27 keys) v1 ==== 1044+0+0 (secure 0 0 0) 0x7fae74010db0 con 0x7fae801028d0
2024-04-27T01:02:40.229 INFO:teuthology.orchestra.run.smithi031.stdout:/usr/bin/ceph: stderr
2024-04-27T01:02:39.390+0000 7fae871e8700 1 -- 172.21.15.31:0/2315479806 --> [v2:172.21.15.31:3300/0,v1:172.21.15.31:6789/0] -- mon_subscribe({mgrmap=0+}) v3 -- 0x7fae800771d0 con 0x7fae801028d0
2024-04-27T01:02:40.229 INFO:teuthology.orchestra.run.smithi031.stdout:/usr/bin/ceph: stderr
2024-04-27T01:02:39.390+0000 7fae7d7fa700 1 -- 172.21.15.31:0/2315479806 <== mon.0 v2:172.21.15.31:3300/0 3 ==== mon_map magic: 0 v1 ==== 229+0+0 (secure 0 0 0) 0x7fae7401ad00 con 0x7fae801028d0
2024-04-27T01:02:40.229 INFO:teuthology.orchestra.run.smithi031.stdout:/usr/bin/ceph: stderr
2024-04-27T01:02:39.390+0000 7fae871e8700 1 -- 172.21.15.31:0/2315479806 --> [v2:172.21.15.31:3300/0,v1:172.21.15.31:6789/0] -- mon_subscribe({osdmap=0}) v3 -- 0x7fae800776c0 con 0x7fae801028d0
2024-04-27T01:02:40.229 INFO:teuthology.orchestra.run.smithi031.stdout:/usr/bin/ceph: stderr
2024-04-27T01:02:39.391+0000 7fae7d7fa700 1 -- 172.21.15.31:0/2315479806 <== mon.0 v2:172.21.15.31:3300/0 4 ==== mgrmap(e 4) v1 ==== 43365+0+0 (secure 0 0 0) 0x7fae740193c0 con 0x7fae801028d0
2024-04-27T01:02:40.229 INFO:teuthology.orchestra.run.smithi031.stdout:/usr/bin/ceph: stderr
2024-04-27T01:02:39.391+0000 7fae871e8700 1 -- 172.21.15.31:0/2315479806 --> [v2:172.21.15.31:3300/0,v1:172.21.15.31:6789/0] -- mon_command({"prefix": "get_command_descriptions"} v 0) v1 -- 0x7fae8004bed0 con 0x7fae801028d0
2024-04-27T01:02:40.230 INFO:teuthology.orchestra.run.smithi031.stdout:/usr/bin/ceph: stderr
2024-04-27T01:02:39.391+0000 7fae7d7fa700 1 --2- 172.21.15.31:0/2315479806 >> [v2:172.21.15.31:6800/3057713213,v1:172.21.15.31:6801/3057713213] conn(0x7fae70036850 0x7fae70038d00 unknown :-1 s=NONE pgs=0 cs=0 l=1 rev1=0 crypto rx=0 tx=0 comp rx=0 tx=0).connect
2024-04-27T01:02:40.230 INFO:teuthology.orchestra.run.smithi031.stdout:/usr/bin/ceph: stderr
2024-04-27T01:02:39.391+0000 7fae7d7fa700 1 -- 172.21.15.31:0/2315479806 <== mon.0 v2:172.21.15.31:3300/0 5 ==== osd_map(1..1 src has 1..1) v4 ==== 721+0+0 (secure 0 0 0) 0x7fae7404a5c0 con 0x7fae801028d0
2024-04-27T01:02:40.230 INFO:teuthology.orchestra.run.smithi031.stdout:/usr/bin/ceph: stderr
2024-04-27T01:02:39.392+0000 7fae7ffff700 1 --2- 172.21.15.31:0/2315479806 >> [v2:172.21.15.31:6800/3057713213,v1:172.21.15.31:6801/3057713213] conn(0x7fae70036850 0x7fae70038d00 unknown :-1 s=BANNER_CONNECTING pgs=0 cs=0 l=1 rev1=0 crypto rx=0 tx=0 comp rx=0 tx=0)._handle_peer_banner_payload supported=3 required=0
2024-04-27T01:02:40.230 INFO:teuthology.orchestra.run.smithi031.stdout:/usr/bin/ceph: stderr
2024-04-27T01:02:39.392+0000 7fae7ffff700 1 --2- 172.21.15.31:0/2315479806 >> [v2:172.21.15.31:6800/3057713213,v1:172.21.15.31:6801/3057713213] conn(0x7fae70036850 0x7fae70038d00 secure :-1 s=READY pgs=8 cs=0 l=1 rev1=1 crypto rx=0x7fae6c009990 tx=0x7fae6c006e40 comp rx=0 tx=0).ready entity=mgr.14100 client_cookie=0 server_cookie=0 in_seq=0 out_seq=0
2024-04-27T01:02:40.230 INFO:teuthology.orchestra.run.smithi031.stdout:/usr/bin/ceph: stderr
2024-04-27T01:02:39.396+0000 7fae7d7fa700 1 -- 172.21.15.31:0/2315479806 <== mon.0 v2:172.21.15.31:3300/0 6 ==== mon_command_ack([{"prefix": "get_command_descriptions"}]=0 v0) v1 ==== 72+0+176702 (secure 0 0 0) 0x7fae74019670 con 0x7fae801028d0
2024-04-27T01:02:40.230 INFO:teuthology.orchestra.run.smithi031.stdout:/usr/bin/ceph: stderr
2024-04-27T01:02:39.649+0000 7fae871e8700 1 -- 172.21.15.31:0/2315479806 --> [v2:172.21.15.31:3300/0,v1:172.21.15.31:6789/0] -- mon_command({"prefix": "mgr module enable", "module": "cephadm"} v 0) v1 -- 0x7fae80104650 con 0x7fae801028d0
2024-04-27T01:02:40.230 INFO:teuthology.orchestra.run.smithi031.stdout:/usr/bin/ceph: stderr
2024-04-27T01:02:39.702+0000 7fae7d7fa700 1 -- 172.21.15.31:0/2315479806 <== mon.0 v2:172.21.15.31:3300/0 7 ==== mgrmap(e 5) v1 ==== 43376+0+0 (secure 0 0 0) 0x7fae7401a530 con 0x7fae801028d0
2024-04-27T01:02:40.230 INFO:teuthology.orchestra.run.smithi031.stdout:/usr/bin/ceph: stderr
2024-04-27T01:02:39.703+0000 7fae7d7fa700 1 -- 172.21.15.31:0/2315479806 <== mon.0 v2:172.21.15.31:3300/0 8 ==== mon_command_ack([{"prefix": "mgr module enable", "module": "cephadm"}]=0 v5) v1 ==== 86+0+0 (secure 0 0 0) 0x7fae74022520 con 0x7fae801028d0
2024-04-27T01:02:40.230 INFO:teuthology.orchestra.run.smithi031.stdout:/usr/bin/ceph: stderr
2024-04-27T01:02:39.706+0000 7fae871e8700 1 -- 172.21.15.31:0/2315479806 >> [v2:172.21.15.31:6800/3057713213,v1:172.21.15.31:6801/3057713213] conn(0x7fae70036850 msgr2=0x7fae70038d00 secure :-1 s=STATE_CONNECTION_ESTABLISHED l=1).mark_down
2024-04-27T01:02:40.230 INFO:teuthology.orchestra.run.smithi031.stdout:/usr/bin/ceph: stderr
2024-04-27T01:02:39.706+0000 7fae871e8700 1 --2- 172.21.15.31:0/2315479806 >> [v2:172.21.15.31:6800/3057713213,v1:172.21.15.31:6801/3057713213] conn(0x7fae70036850 0x7fae70038d00 secure :-1 s=READY pgs=8 cs=0 l=1 rev1=1 crypto rx=0x7fae6c009990 tx=0x7fae6c006e40 comp rx=0 tx=0).stop
2024-04-27T01:02:40.230 INFO:teuthology.orchestra.run.smithi031.stdout:/usr/bin/ceph: stderr
2024-04-27T01:02:39.706+0000 7fae871e8700 1 -- 172.21.15.31:0/2315479806 >> [v2:172.21.15.31:3300/0,v1:172.21.15.31:6789/0] conn(0x7fae801028d0 msgr2=0x7fae80078c20 secure :-1 s=STATE_CONNECTION_ESTABLISHED l=1).mark_down
2024-04-27T01:02:40.231 INFO:teuthology.orchestra.run.smithi031.stdout:/usr/bin/ceph: stderr
2024-04-27T01:02:39.706+0000 7fae871e8700 1 --2- 172.21.15.31:0/2315479806 >> [v2:172.21.15.31:3300/0,v1:172.21.15.31:6789/0] conn(0x7fae801028d0 0x7fae80078c20 secure :-1 s=READY pgs=23 cs=0 l=1 rev1=1 crypto rx=0x7fae74000c00 tx=0x7fae74009250 comp rx=0 tx=0).stop
2024-04-27T01:02:40.231 INFO:teuthology.orchestra.run.smithi031.stdout:/usr/bin/ceph: stderr
2024-04-27T01:02:39.706+0000 7fae871e8700 1 -- 172.21.15.31:0/2315479806 shutdown_connections
2024-04-27T01:02:40.231 INFO:teuthology.orchestra.run.smithi031.stdout:/usr/bin/ceph: stderr
2024-04-27T01:02:39.706+0000 7fae871e8700 1 --2- 172.21.15.31:0/2315479806 >> [v2:172.21.15.31:6800/3057713213,v1:172.21.15.31:6801/3057713213] conn(0x7fae70036850 0x7fae70038d00 unknown :-1 s=CLOSED pgs=8 cs=0 l=1 rev1=1 crypto rx=0 tx=0 comp rx=0 tx=0).stop
2024-04-27T01:02:40.231 INFO:teuthology.orchestra.run.smithi031.stdout:/usr/bin/ceph: stderr
2024-04-27T01:02:39.706+0000 7fae871e8700 1 --2- 172.21.15.31:0/2315479806 >> [v2:172.21.15.31:3300/0,v1:172.21.15.31:6789/0] conn(0x7fae801028d0 0x7fae80078c20 unknown :-1 s=CLOSED pgs=23 cs=0 l=1 rev1=1 crypto rx=0 tx=0 comp rx=0 tx=0).stop
2024-04-27T01:02:40.231 INFO:teuthology.orchestra.run.smithi031.stdout:/usr/bin/ceph: stderr
2024-04-27T01:02:39.706+0000 7fae871e8700 1 -- 172.21.15.31:0/2315479806 >> 172.21.15.31:0/2315479806 conn(0x7fae800fe090 msgr2=0x7fae800feb20 unknown :-1 s=STATE_NONE l=0).mark_down
2024-04-27T01:02:40.231 INFO:teuthology.orchestra.run.smithi031.stdout:/usr/bin/ceph: stderr
2024-04-27T01:02:39.707+0000 7fae871e8700 1 -- 172.21.15.31:0/2315479806 shutdown_connections
2024-04-27T01:02:40.231 INFO:teuthology.orchestra.run.smithi031.stdout:/usr/bin/ceph: stderr
2024-04-27T01:02:39.707+0000 7fae871e8700 1 -- 172.21.15.31:0/2315479806 wait complete.
2024-04-27T01:02:40.914 INFO:journalctl@ceph.mon.smithi031.smithi031.stdout:Apr 27 01:02:40 smithi031 ceph-mon[26459]: from='client.? 172.21.15.31:0/2315479806' entity='client.admin' cmd='[{"prefix": "mgr module enable", "module": "cephadm"}]': finished
2024-04-27T01:02:40.914 INFO:journalctl@ceph.mon.smithi031.smithi031.stdout:Apr 27 01:02:40 smithi031 ceph-mon[26459]: mgrmap e5: smithi031.qafqjt(active, since 6s)
2024-04-27T01:02:41.552 INFO:teuthology.orchestra.run.smithi031.stdout:/usr/bin/ceph: stdout {
2024-04-27T01:02:41.552 INFO:teuthology.orchestra.run.smithi031.stdout:/usr/bin/ceph: stdout "epoch": 5,
2024-04-27T01:02:41.553 INFO:teuthology.orchestra.run.smithi031.stdout:/usr/bin/ceph: stdout "available": true,
2024-04-27T01:02:41.553 INFO:teuthology.orchestra.run.smithi031.stdout:/usr/bin/ceph: stdout "active_name": "smithi031.qafqjt",
2024-04-27T01:02:41.553 INFO:teuthology.orchestra.run.smithi031.stdout:/usr/bin/ceph: stdout "num_standby": 0
2024-04-27T01:02:41.553 INFO:teuthology.orchestra.run.smithi031.stdout:/usr/bin/ceph: stdout }
2024-04-27T01:02:41.553 INFO:teuthology.orchestra.run.smithi031.stdout:/usr/bin/ceph: stderr
2024-04-27T01:02:40.658+0000 7f25b164f700 1 Processor -- start
2024-04-27T01:02:41.553 INFO:teuthology.orchestra.run.smithi031.stdout:/usr/bin/ceph: stderr
2024-04-27T01:02:40.659+0000 7f25b164f700 1 -- start start
2024-04-27T01:02:41.553 INFO:teuthology.orchestra.run.smithi031.stdout:/usr/bin/ceph: stderr
2024-04-27T01:02:40.659+0000 7f25b164f700 1 --2- >> [v2:172.21.15.31:3300/0,v1:172.21.15.31:6789/0] conn(0x7f25ac102880 0x7f25ac102c90 unknown :-1 s=NONE pgs=0 cs=0 l=0 rev1=0 crypto rx=0 tx=0 comp rx=0 tx=0).connect
2024-04-27T01:02:41.553 INFO:teuthology.orchestra.run.smithi031.stdout:/usr/bin/ceph: stderr
2024-04-27T01:02:40.659+0000 7f25b164f700 1 -- --> [v2:172.21.15.31:3300/0,v1:172.21.15.31:6789/0] -- mon_getmap magic: 0 v1 -- 0x7f25ac1031d0 con 0x7f25ac102880
2024-04-27T01:02:41.553 INFO:teuthology.orchestra.run.smithi031.stdout:/usr/bin/ceph: stderr
2024-04-27T01:02:40.659+0000 7f25aaffd700 1 --2- >> [v2:172.21.15.31:3300/0,v1:172.21.15.31:6789/0] conn(0x7f25ac102880 0x7f25ac102c90 unknown :-1 s=BANNER_CONNECTING pgs=0 cs=0 l=0 rev1=0 crypto rx=0 tx=0 comp rx=0 tx=0)._handle_peer_banner_payload supported=3 required=0
2024-04-27T01:02:41.553 INFO:teuthology.orchestra.run.smithi031.stdout:/usr/bin/ceph: stderr
2024-04-27T01:02:40.659+0000 7f25aaffd700 1 --2- >> [v2:172.21.15.31:3300/0,v1:172.21.15.31:6789/0] conn(0x7f25ac102880 0x7f25ac102c90 unknown :-1 s=HELLO_CONNECTING pgs=0 cs=0 l=0 rev1=1 crypto rx=0 tx=0 comp rx=0 tx=0).handle_hello peer v2:172.21.15.31:3300/0 says I am v2:172.21.15.31:38030/0 (socket says 172.21.15.31:38030)
2024-04-27T01:02:41.553 INFO:teuthology.orchestra.run.smithi031.stdout:/usr/bin/ceph: stderr
2024-04-27T01:02:40.659+0000 7f25aaffd700 1 -- 172.21.15.31:0/2866489077 learned_addr learned my addr 172.21.15.31:0/2866489077 (peer_addr_for_me v2:172.21.15.31:0/0)
2024-04-27T01:02:41.553 INFO:teuthology.orchestra.run.smithi031.stdout:/usr/bin/ceph: stderr
2024-04-27T01:02:40.659+0000 7f25aaffd700 1 -- 172.21.15.31:0/2866489077 --> [v2:172.21.15.31:3300/0,v1:172.21.15.31:6789/0] -- mon_subscribe({config=0+,monmap=0+}) v3 -- 0x7f25ac103310 con 0x7f25ac102880
2024-04-27T01:02:41.554 INFO:teuthology.orchestra.run.smithi031.stdout:/usr/bin/ceph: stderr
2024-04-27T01:02:40.660+0000 7f25aaffd700 1 --2- 172.21.15.31:0/2866489077 >> [v2:172.21.15.31:3300/0,v1:172.21.15.31:6789/0] conn(0x7f25ac102880 0x7f25ac102c90 secure :-1 s=READY pgs=26 cs=0 l=1 rev1=1 crypto rx=0x7f259c0098e0 tx=0x7f259c009250 comp rx=0 tx=0).ready entity=mon.0 client_cookie=6a967d26518c548f server_cookie=0 in_seq=0 out_seq=0
2024-04-27T01:02:41.554 INFO:teuthology.orchestra.run.smithi031.stdout:/usr/bin/ceph: stderr
2024-04-27T01:02:40.660+0000 7f25a9ffb700 1 -- 172.21.15.31:0/2866489077 <== mon.0 v2:172.21.15.31:3300/0 1 ==== mon_map magic: 0 v1 ==== 229+0+0 (secure 0 0 0) 0x7f259c00b860 con 0x7f25ac102880
2024-04-27T01:02:41.554 INFO:teuthology.orchestra.run.smithi031.stdout:/usr/bin/ceph: stderr
2024-04-27T01:02:40.660+0000 7f25a9ffb700 1 -- 172.21.15.31:0/2866489077 <== mon.0 v2:172.21.15.31:3300/0 2 ==== config(27 keys) v1 ==== 1044+0+0 (secure 0 0 0) 0x7f259c00be50 con 0x7f25ac102880
2024-04-27T01:02:41.554 INFO:teuthology.orchestra.run.smithi031.stdout:/usr/bin/ceph: stderr
2024-04-27T01:02:40.660+0000 7f25a9ffb700 1 -- 172.21.15.31:0/2866489077 <== mon.0 v2:172.21.15.31:3300/0 3 ==== mon_map magic: 0 v1 ==== 229+0+0 (secure 0 0 0) 0x7f259c010380 con 0x7f25ac102880
2024-04-27T01:02:41.554 INFO:teuthology.orchestra.run.smithi031.stdout:/usr/bin/ceph: stderr
2024-04-27T01:02:40.660+0000 7f25b164f700 1 -- 172.21.15.31:0/2866489077 >> [v2:172.21.15.31:3300/0,v1:172.21.15.31:6789/0] conn(0x7f25ac102880 msgr2=0x7f25ac102c90 secure :-1 s=STATE_CONNECTION_ESTABLISHED l=1).mark_down
2024-04-27T01:02:41.554 INFO:teuthology.orchestra.run.smithi031.stdout:/usr/bin/ceph: stderr
2024-04-27T01:02:40.660+0000 7f25b164f700 1 --2- 172.21.15.31:0/2866489077 >> [v2:172.21.15.31:3300/0,v1:172.21.15.31:6789/0] conn(0x7f25ac102880 0x7f25ac102c90 secure :-1 s=READY pgs=26 cs=0 l=1 rev1=1 crypto rx=0x7f259c0098e0 tx=0x7f259c009250 comp rx=0 tx=0).stop
2024-04-27T01:02:41.554 INFO:teuthology.orchestra.run.smithi031.stdout:/usr/bin/ceph: stderr
2024-04-27T01:02:40.661+0000 7f25b164f700 1 -- 172.21.15.31:0/2866489077 shutdown_connections
2024-04-27T01:02:41.554 INFO:teuthology.orchestra.run.smithi031.stdout:/usr/bin/ceph: stderr
2024-04-27T01:02:40.661+0000 7f25b164f700 1 --2- 172.21.15.31:0/2866489077 >> [v2:172.21.15.31:3300/0,v1:172.21.15.31:6789/0] conn(0x7f25ac102880 0x7f25ac102c90 unknown :-1 s=CLOSED pgs=26 cs=0 l=1 rev1=1 crypto rx=0 tx=0 comp rx=0 tx=0).stop
2024-04-27T01:02:41.554 INFO:teuthology.orchestra.run.smithi031.stdout:/usr/bin/ceph: stderr
2024-04-27T01:02:40.661+0000 7f25b164f700 1 -- 172.21.15.31:0/2866489077 >> 172.21.15.31:0/2866489077 conn(0x7f25ac0fe060 msgr2=0x7f25ac100470 unknown :-1 s=STATE_NONE l=0).mark_down
2024-04-27T01:02:41.554 INFO:teuthology.orchestra.run.smithi031.stdout:/usr/bin/ceph: stderr
2024-04-27T01:02:40.661+0000 7f25b164f700 1 -- 172.21.15.31:0/2866489077 shutdown_connections
2024-04-27T01:02:41.554 INFO:teuthology.orchestra.run.smithi031.stdout:/usr/bin/ceph: stderr
2024-04-27T01:02:40.661+0000 7f25b164f700 1 -- 172.21.15.31:0/2866489077 wait complete.
2024-04-27T01:02:41.554 INFO:teuthology.orchestra.run.smithi031.stdout:/usr/bin/ceph: stderr
