2024-04-27T01:02:48.773 INFO:teuthology.orchestra.run.smithi139.stdout:/usr/bin/ceph: stderr
2024-04-27T01:02:48.250+0000 7f1d3dd47700 1 --2- 172.21.15.139:0/2764110554 >> [v2:172.21.15.139:3300/0,v1:172.21.15.139:6789/0] conn(0x7f1d38100bd0 0x7f1d381117a0 unknown :-1 s=CLOSED pgs=44 cs=0 l=1 rev1=1 crypto rx=0 tx=0 comp rx=0 tx=0).stop
2024-04-27T01:02:48.773 INFO:teuthology.orchestra.run.smithi139.stdout:/usr/bin/ceph: stderr
2024-04-27T01:02:48.250+0000 7f1d3dd47700 1 -- 172.21.15.139:0/2764110554 >> 172.21.15.139:0/2764110554 conn(0x7f1d380fc6f0 msgr2=0x7f1d380fd180 unknown :-1 s=STATE_NONE l=0).mark_down
2024-04-27T01:02:48.773 INFO:teuthology.orchestra.run.smithi139.stdout:/usr/bin/ceph: stderr
2024-04-27T01:02:48.251+0000 7f1d3dd47700 1 -- 172.21.15.139:0/2764110554 shutdown_connections
2024-04-27T01:02:48.773 INFO:teuthology.orchestra.run.smithi139.stdout:/usr/bin/ceph: stderr
2024-04-27T01:02:48.251+0000 7f1d3dd47700 1 -- 172.21.15.139:0/2764110554 wait complete.
2024-04-27T01:02:48.773 INFO:teuthology.orchestra.run.smithi139.stdout:Wrote public SSH key to /home/ubuntu/cephtest/ceph.pub
2024-04-27T01:02:48.773 INFO:teuthology.orchestra.run.smithi139.stdout:Adding key to root@localhost authorized_keys...
2024-04-27T01:02:48.773 INFO:teuthology.orchestra.run.smithi139.stdout:Adding host smithi139...
2024-04-27T01:02:49.315 INFO:journalctl@ceph.mon.smithi139.smithi139.stdout:Apr 27 01:02:49 smithi139 ceph-mon[26652]: from='client.14138 -' entity='client.admin' cmd=[{"prefix": "cephadm get-pub-key", "target": ["mon-mgr", ""]}]: dispatch
2024-04-27T01:02:50.174 INFO:journalctl@ceph.mon.smithi139.smithi139.stdout:Apr 27 01:02:50 smithi139 ceph-mon[26652]: from='client.14140 -' entity='client.admin' cmd=[{"prefix": "orch host add", "hostname": "smithi139", "addr": "172.21.15.139", "target": ["mon-mgr", ""]}]: dispatch
2024-04-27T01:02:51.440 INFO:journalctl@ceph.mon.smithi139.smithi139.stdout:Apr 27 01:02:51 smithi139 ceph-mon[26652]: Deploying cephadm binary to smithi139
2024-04-27T01:02:51.749 INFO:teuthology.orchestra.run.smithi139.stdout:/usr/bin/ceph: stdout Added host 'smithi139' with addr '172.21.15.139'
2024-04-27T01:02:51.749 INFO:teuthology.orchestra.run.smithi139.stdout:/usr/bin/ceph: stderr
2024-04-27T01:02:49.145+0000 7fc3a051b700 1 Processor -- start
2024-04-27T01:02:51.749 INFO:teuthology.orchestra.run.smithi139.stdout:/usr/bin/ceph: stderr
2024-04-27T01:02:49.145+0000 7fc3a051b700 1 -- start start
2024-04-27T01:02:51.749 INFO:teuthology.orchestra.run.smithi139.stdout:/usr/bin/ceph: stderr
2024-04-27T01:02:49.146+0000 7fc3a051b700 1 --2- >> [v2:172.21.15.139:3300/0,v1:172.21.15.139:6789/0] conn(0x7fc398102880 0x7fc398102c90 unknown :-1 s=NONE pgs=0 cs=0 l=0 rev1=0 crypto rx=0 tx=0 comp rx=0 tx=0).connect
2024-04-27T01:02:51.749 INFO:teuthology.orchestra.run.smithi139.stdout:/usr/bin/ceph: stderr
2024-04-27T01:02:49.146+0000 7fc3a051b700 1 -- --> [v2:172.21.15.139:3300/0,v1:172.21.15.139:6789/0] -- mon_getmap magic: 0 v1 -- 0x7fc3981031d0 con 0x7fc398102880
2024-04-27T01:02:51.750 INFO:teuthology.orchestra.run.smithi139.stdout:/usr/bin/ceph: stderr
2024-04-27T01:02:49.146+0000 7fc39e2b7700 1 --2- >> [v2:172.21.15.139:3300/0,v1:172.21.15.139:6789/0] conn(0x7fc398102880 0x7fc398102c90 unknown :-1 s=BANNER_CONNECTING pgs=0 cs=0 l=0 rev1=0 crypto rx=0 tx=0 comp rx=0 tx=0)._handle_peer_banner_payload supported=3 required=0
2024-04-27T01:02:51.750 INFO:teuthology.orchestra.run.smithi139.stdout:/usr/bin/ceph: stderr
2024-04-27T01:02:49.146+0000 7fc39e2b7700 1 --2- >> [v2:172.21.15.139:3300/0,v1:172.21.15.139:6789/0] conn(0x7fc398102880 0x7fc398102c90 unknown :-1 s=HELLO_CONNECTING pgs=0 cs=0 l=0 rev1=1 crypto rx=0 tx=0 comp rx=0 tx=0).handle_hello peer v2:172.21.15.139:3300/0 says I am v2:172.21.15.139:44228/0 (socket says 172.21.15.139:44228)
2024-04-27T01:02:51.750 INFO:teuthology.orchestra.run.smithi139.stdout:/usr/bin/ceph: stderr
2024-04-27T01:02:49.146+0000 7fc39e2b7700 1 -- 172.21.15.139:0/3315255157 learned_addr learned my addr 172.21.15.139:0/3315255157 (peer_addr_for_me v2:172.21.15.139:0/0)
2024-04-27T01:02:51.750 INFO:teuthology.orchestra.run.smithi139.stdout:/usr/bin/ceph: stderr
2024-04-27T01:02:49.146+0000 7fc39e2b7700 1 -- 172.21.15.139:0/3315255157 --> [v2:172.21.15.139:3300/0,v1:172.21.15.139:6789/0] -- mon_subscribe({config=0+,monmap=0+}) v3 -- 0x7fc398103310 con 0x7fc398102880
2024-04-27T01:02:51.750 INFO:teuthology.orchestra.run.smithi139.stdout:/usr/bin/ceph: stderr
2024-04-27T01:02:49.146+0000 7fc39e2b7700 1 --2- 172.21.15.139:0/3315255157 >> [v2:172.21.15.139:3300/0,v1:172.21.15.139:6789/0] conn(0x7fc398102880 0x7fc398102c90 secure :-1 s=READY pgs=45 cs=0 l=1 rev1=1 crypto rx=0x7fc3940098e0 tx=0x7fc394009250 comp rx=0 tx=0).ready entity=mon.0 client_cookie=6e036e758e85c78e server_cookie=0 in_seq=0 out_seq=0
2024-04-27T01:02:51.750 INFO:teuthology.orchestra.run.smithi139.stdout:/usr/bin/ceph: stderr
2024-04-27T01:02:49.146+0000 7fc39d2b5700 1 -- 172.21.15.139:0/3315255157 <== mon.0 v2:172.21.15.139:3300/0 1 ==== mon_map magic: 0 v1 ==== 229+0+0 (secure 0 0 0) 0x7fc39400b860 con 0x7fc398102880
2024-04-27T01:02:51.750 INFO:teuthology.orchestra.run.smithi139.stdout:/usr/bin/ceph: stderr
2024-04-27T01:02:49.146+0000 7fc39d2b5700 1 -- 172.21.15.139:0/3315255157 <== mon.0 v2:172.21.15.139:3300/0 2 ==== config(27 keys) v1 ==== 1044+0+0 (secure 0 0 0) 0x7fc39400be50 con 0x7fc398102880
2024-04-27T01:02:51.750 INFO:teuthology.orchestra.run.smithi139.stdout:/usr/bin/ceph: stderr
2024-04-27T01:02:49.146+0000 7fc39d2b5700 1 -- 172.21.15.139:0/3315255157 <== mon.0 v2:172.21.15.139:3300/0 3 ==== mon_map magic: 0 v1 ==== 229+0+0 (secure 0 0 0) 0x7fc394010380 con 0x7fc398102880
2024-04-27T01:02:51.750 INFO:teuthology.orchestra.run.smithi139.stdout:/usr/bin/ceph: stderr
2024-04-27T01:02:49.147+0000 7fc3a051b700 1 -- 172.21.15.139:0/3315255157 >> [v2:172.21.15.139:3300/0,v1:172.21.15.139:6789/0] conn(0x7fc398102880 msgr2=0x7fc398102c90 secure :-1 s=STATE_CONNECTION_ESTABLISHED l=1).mark_down
2024-04-27T01:02:51.751 INFO:teuthology.orchestra.run.smithi139.stdout:/usr/bin/ceph: stderr
2024-04-27T01:02:49.147+0000 7fc3a051b700 1 --2- 172.21.15.139:0/3315255157 >> [v2:172.21.15.139:3300/0,v1:172.21.15.139:6789/0] conn(0x7fc398102880 0x7fc398102c90 secure :-1 s=READY pgs=45 cs=0 l=1 rev1=1 crypto rx=0x7fc3940098e0 tx=0x7fc394009250 comp rx=0 tx=0).stop
2024-04-27T01:02:51.751 INFO:teuthology.orchestra.run.smithi139.stdout:/usr/bin/ceph: stderr
2024-04-27T01:02:49.147+0000 7fc3a051b700 1 -- 172.21.15.139:0/3315255157 shutdown_connections
2024-04-27T01:02:51.751 INFO:teuthology.orchestra.run.smithi139.stdout:/usr/bin/ceph: stderr
2024-04-27T01:02:49.147+0000 7fc3a051b700 1 --2- 172.21.15.139:0/3315255157 >> [v2:172.21.15.139:3300/0,v1:172.21.15.139:6789/0] conn(0x7fc398102880 0x7fc398102c90 unknown :-1 s=CLOSED pgs=45 cs=0 l=1 rev1=1 crypto rx=0 tx=0 comp rx=0 tx=0).stop
2024-04-27T01:02:51.751 INFO:teuthology.orchestra.run.smithi139.stdout:/usr/bin/ceph: stderr
2024-04-27T01:02:49.147+0000 7fc3a051b700 1 -- 172.21.15.139:0/3315255157 >> 172.21.15.139:0/3315255157 conn(0x7fc3980fe060 msgr2=0x7fc398100470 unknown :-1 s=STATE_NONE l=0).mark_down
2024-04-27T01:02:51.751 INFO:teuthology.orchestra.run.smithi139.stdout:/usr/bin/ceph: stderr
2024-04-27T01:02:49.147+0000 7fc3a051b700 1 -- 172.21.15.139:0/3315255157 shutdown_connections
2024-04-27T01:02:51.751 INFO:teuthology.orchestra.run.smithi139.stdout:/usr/bin/ceph: stderr
2024-04-27T01:02:49.147+0000 7fc3a051b700 1 -- 172.21.15.139:0/3315255157 wait complete.
2024-04-27T01:02:51.751 INFO:teuthology.orchestra.run.smithi139.stdout:/usr/bin/ceph: stderr
2024-04-27T01:02:49.148+0000 7fc3a051b700 1 Processor -- start
2024-04-27T01:02:51.751 INFO:teuthology.orchestra.run.smithi139.stdout:/usr/bin/ceph: stderr
2024-04-27T01:02:49.148+0000 7fc3a051b700 1 -- start start
2024-04-27T01:02:51.751 INFO:teuthology.orchestra.run.smithi139.stdout:/usr/bin/ceph: stderr
2024-04-27T01:02:49.148+0000 7fc3a051b700 1 --2- >> [v2:172.21.15.139:3300/0,v1:172.21.15.139:6789/0] conn(0x7fc398102880 0x7fc3981115f0 unknown :-1 s=NONE pgs=0 cs=0 l=1 rev1=0 crypto rx=0 tx=0 comp rx=0 tx=0).connect
2024-04-27T01:02:51.751 INFO:teuthology.orchestra.run.smithi139.stdout:/usr/bin/ceph: stderr
2024-04-27T01:02:49.148+0000 7fc3a051b700 1 -- --> [v2:172.21.15.139:3300/0,v1:172.21.15.139:6789/0] -- mon_getmap magic: 0 v1 -- 0x7fc398111b30 con 0x7fc398102880
2024-04-27T01:02:51.751 INFO:teuthology.orchestra.run.smithi139.stdout:/usr/bin/ceph: stderr
2024-04-27T01:02:49.148+0000 7fc39e2b7700 1 --2- >> [v2:172.21.15.139:3300/0,v1:172.21.15.139:6789/0] conn(0x7fc398102880 0x7fc3981115f0 unknown :-1 s=BANNER_CONNECTING pgs=0 cs=0 l=1 rev1=0 crypto rx=0 tx=0 comp rx=0 tx=0)._handle_peer_banner_payload supported=3 required=0
2024-04-27T01:02:51.751 INFO:teuthology.orchestra.run.smithi139.stdout:/usr/bin/ceph: stderr
2024-04-27T01:02:49.148+0000 7fc39e2b7700 1 --2- >> [v2:172.21.15.139:3300/0,v1:172.21.15.139:6789/0] conn(0x7fc398102880 0x7fc3981115f0 unknown :-1 s=HELLO_CONNECTING pgs=0 cs=0 l=1 rev1=1 crypto rx=0 tx=0 comp rx=0 tx=0).handle_hello peer v2:172.21.15.139:3300/0 says I am v2:172.21.15.139:44242/0 (socket says 172.21.15.139:44242)
2024-04-27T01:02:51.752 INFO:teuthology.orchestra.run.smithi139.stdout:/usr/bin/ceph: stderr
2024-04-27T01:02:49.148+0000 7fc39e2b7700 1 -- 172.21.15.139:0/1566912818 learned_addr learned my addr 172.21.15.139:0/1566912818 (peer_addr_for_me v2:172.21.15.139:0/0)
2024-04-27T01:02:51.752 INFO:teuthology.orchestra.run.smithi139.stdout:/usr/bin/ceph: stderr
2024-04-27T01:02:49.148+0000 7fc39e2b7700 1 -- 172.21.15.139:0/1566912818 --> [v2:172.21.15.139:3300/0,v1:172.21.15.139:6789/0] -- mon_subscribe({config=0+,monmap=0+}) v3 -- 0x7fc3940094f0 con 0x7fc398102880
2024-04-27T01:02:51.752 INFO:teuthology.orchestra.run.smithi139.stdout:/usr/bin/ceph: stderr
2024-04-27T01:02:49.148+0000 7fc39e2b7700 1 --2- 172.21.15.139:0/1566912818 >> [v2:172.21.15.139:3300/0,v1:172.21.15.139:6789/0] conn(0x7fc398102880 0x7fc3981115f0 secure :-1 s=READY pgs=46 cs=0 l=1 rev1=1 crypto rx=0x7fc394000c00 tx=0x7fc394009250 comp rx=0 tx=0).ready entity=mon.0 client_cookie=0 server_cookie=0 in_seq=0 out_seq=0
2024-04-27T01:02:51.752 INFO:teuthology.orchestra.run.smithi139.stdout:/usr/bin/ceph: stderr
2024-04-27T01:02:49.148+0000 7fc38effd700 1 -- 172.21.15.139:0/1566912818 <== mon.0 v2:172.21.15.139:3300/0 1 ==== mon_map magic: 0 v1 ==== 229+0+0 (secure 0 0 0) 0x7fc3940107c0 con 0x7fc398102880
2024-04-27T01:02:51.752 INFO:teuthology.orchestra.run.smithi139.stdout:/usr/bin/ceph: stderr
2024-04-27T01:02:49.148+0000 7fc38effd700 1 -- 172.21.15.139:0/1566912818 <== mon.0 v2:172.21.15.139:3300/0 2 ==== config(27 keys) v1 ==== 1044+0+0 (secure 0 0 0) 0x7fc394010db0 con 0x7fc398102880
2024-04-27T01:02:51.752 INFO:teuthology.orchestra.run.smithi139.stdout:/usr/bin/ceph: stderr
2024-04-27T01:02:49.148+0000 7fc38effd700 1 -- 172.21.15.139:0/1566912818 <== mon.0 v2:172.21.15.139:3300/0 3 ==== mon_map magic: 0 v1 ==== 229+0+0 (secure 0 0 0) 0x7fc39401ad00 con 0x7fc398102880
2024-04-27T01:02:51.752 INFO:teuthology.orchestra.run.smithi139.stdout:/usr/bin/ceph: stderr
2024-04-27T01:02:49.148+0000 7fc3a051b700 1 -- 172.21.15.139:0/1566912818 --> [v2:172.21.15.139:3300/0,v1:172.21.15.139:6789/0] -- mon_subscribe({mgrmap=0+}) v3 -- 0x7fc398111d30 con 0x7fc398102880
2024-04-27T01:02:51.752 INFO:teuthology.orchestra.run.smithi139.stdout:/usr/bin/ceph: stderr
2024-04-27T01:02:49.148+0000 7fc3a051b700 1 -- 172.21.15.139:0/1566912818 --> [v2:172.21.15.139:3300/0,v1:172.21.15.139:6789/0] -- mon_subscribe({osdmap=0}) v3 -- 0x7fc3981128a0 con 0x7fc398102880
2024-04-27T01:02:51.752 INFO:teuthology.orchestra.run.smithi139.stdout:/usr/bin/ceph: stderr
2024-04-27T01:02:49.149+0000 7fc38effd700 1 -- 172.21.15.139:0/1566912818 <== mon.0 v2:172.21.15.139:3300/0 4 ==== mgrmap(e 8) v1 ==== 43376+0+0 (secure 0 0 0) 0x7fc3940193c0 con 0x7fc398102880
2024-04-27T01:02:51.753 INFO:teuthology.orchestra.run.smithi139.stdout:/usr/bin/ceph: stderr
2024-04-27T01:02:49.149+0000 7fc38effd700 1 --2- 172.21.15.139:0/1566912818 >> [v2:172.21.15.139:6800/3449747626,v1:172.21.15.139:6801/3449747626] conn(0x7fc384036850 0x7fc384038d00 unknown :-1 s=NONE pgs=0 cs=0 l=1 rev1=0 crypto rx=0 tx=0 comp rx=0 tx=0).connect
2024-04-27T01:02:51.753 INFO:teuthology.orchestra.run.smithi139.stdout:/usr/bin/ceph: stderr
2024-04-27T01:02:49.149+0000 7fc3a051b700 1 -- 172.21.15.139:0/1566912818 --> [v2:172.21.15.139:3300/0,v1:172.21.15.139:6789/0] -- mon_command({"prefix": "get_command_descriptions"} v 0) v1 -- 0x7fc39805f5c0 con 0x7fc398102880
2024-04-27T01:02:51.753 INFO:teuthology.orchestra.run.smithi139.stdout:/usr/bin/ceph: stderr
2024-04-27T01:02:49.149+0000 7fc38effd700 1 -- 172.21.15.139:0/1566912818 <== mon.0 v2:172.21.15.139:3300/0 5 ==== osd_map(2..2 src has 1..2) v4 ==== 936+0+0 (secure 0 0 0) 0x7fc39404a630 con 0x7fc398102880
2024-04-27T01:02:51.753 INFO:teuthology.orchestra.run.smithi139.stdout:/usr/bin/ceph: stderr
2024-04-27T01:02:49.149+0000 7fc39dab6700 1 --2- 172.21.15.139:0/1566912818 >> [v2:172.21.15.139:6800/3449747626,v1:172.21.15.139:6801/3449747626] conn(0x7fc384036850 0x7fc384038d00 unknown :-1 s=BANNER_CONNECTING pgs=0 cs=0 l=1 rev1=0 crypto rx=0 tx=0 comp rx=0 tx=0)._handle_peer_banner_payload supported=3 required=0
2024-04-27T01:02:51.753 INFO:teuthology.orchestra.run.smithi139.stdout:/usr/bin/ceph: stderr
2024-04-27T01:02:49.150+0000 7fc39dab6700 1 --2- 172.21.15.139:0/1566912818 >> [v2:172.21.15.139:6800/3449747626,v1:172.21.15.139:6801/3449747626] conn(0x7fc384036850 0x7fc384038d00 secure :-1 s=READY pgs=11 cs=0 l=1 rev1=1 crypto rx=0x7fc388009990 tx=0x7fc388006e40 comp rx=0 tx=0).ready entity=mgr.14120 client_cookie=0 server_cookie=0 in_seq=0 out_seq=0
2024-04-27T01:02:51.753 INFO:teuthology.orchestra.run.smithi139.stdout:/usr/bin/ceph: stderr
2024-04-27T01:02:49.154+0000 7fc38effd700 1 -- 172.21.15.139:0/1566912818 <== mon.0 v2:172.21.15.139:3300/0 6 ==== mon_command_ack([{"prefix": "get_command_descriptions"}]=0 v0) v1 ==== 72+0+176702 (secure 0 0 0) 0x7fc394023d70 con 0x7fc398102880
2024-04-27T01:02:51.753 INFO:teuthology.orchestra.run.smithi139.stdout:/usr/bin/ceph: stderr
2024-04-27T01:02:49.343+0000 7fc3a051b700 1 -- 172.21.15.139:0/1566912818 --> [v2:172.21.15.139:6800/3449747626,v1:172.21.15.139:6801/3449747626] -- mgr_command(tid 0: {"prefix": "orch host add", "hostname": "smithi139", "addr": "172.21.15.139", "target": ["mon-mgr", ""]}) v1 -- 0x7fc3980ff200 con 0x7fc384036850
2024-04-27T01:02:51.753 INFO:teuthology.orchestra.run.smithi139.stdout:/usr/bin/ceph: stderr
2024-04-27T01:02:51.127+0000 7fc38effd700 1 -- 172.21.15.139:0/1566912818 <== mgr.14120 v2:172.21.15.139:6800/3449747626 1 ==== mgr_command_reply(tid 0: 0 ) v1 ==== 8+0+49 (secure 0 0 0) 0x7fc3980ff200 con 0x7fc384036850
2024-04-27T01:02:51.753 INFO:teuthology.orchestra.run.smithi139.stdout:/usr/bin/ceph: stderr
2024-04-27T01:02:51.129+0000 7fc3a051b700 1 -- 172.21.15.139:0/1566912818 >> [v2:172.21.15.139:6800/3449747626,v1:172.21.15.139:6801/3449747626] conn(0x7fc384036850 msgr2=0x7fc384038d00 secure :-1 s=STATE_CONNECTION_ESTABLISHED l=1).mark_down
2024-04-27T01:02:51.754 INFO:teuthology.orchestra.run.smithi139.stdout:/usr/bin/ceph: stderr
2024-04-27T01:02:51.129+0000 7fc3a051b700 1 --2- 172.21.15.139:0/1566912818 >> [v2:172.21.15.139:6800/3449747626,v1:172.21.15.139:6801/3449747626] conn(0x7fc384036850 0x7fc384038d00 secure :-1 s=READY pgs=11 cs=0 l=1 rev1=1 crypto rx=0x7fc388009990 tx=0x7fc388006e40 comp rx=0 tx=0).stop
2024-04-27T01:02:51.754 INFO:teuthology.orchestra.run.smithi139.stdout:/usr/bin/ceph: stderr
2024-04-27T01:02:51.129+0000 7fc3a051b700 1 -- 172.21.15.139:0/1566912818 >> [v2:172.21.15.139:3300/0,v1:172.21.15.139:6789/0] conn(0x7fc398102880 msgr2=0x7fc3981115f0 secure :-1 s=STATE_CONNECTION_ESTABLISHED l=1).mark_down
2024-04-27T01:02:51.754 INFO:teuthology.orchestra.run.smithi139.stdout:/usr/bin/ceph: stderr
2024-04-27T01:02:51.129+0000 7fc3a051b700 1 --2- 172.21.15.139:0/1566912818 >> [v2:172.21.15.139:3300/0,v1:172.21.15.139:6789/0] conn(0x7fc398102880 0x7fc3981115f0 secure :-1 s=READY pgs=46 cs=0 l=1 rev1=1 crypto rx=0x7fc394000c00 tx=0x7fc394009250 comp rx=0 tx=0).stop
2024-04-27T01:02:51.754 INFO:teuthology.orchestra.run.smithi139.stdout:/usr/bin/ceph: stderr
2024-04-27T01:02:51.130+0000 7fc3a051b700 1 -- 172.21.15.139:0/1566912818 shutdown_connections
2024-04-27T01:02:51.754 INFO:teuthology.orchestra.run.smithi139.stdout:/usr/bin/ceph: stderr
2024-04-27T01:02:51.130+0000 7fc3a051b700 1 --2- 172.21.15.139:0/1566912818 >> [v2:172.21.15.139:6800/3449747626,v1:172.21.15.139:6801/3449747626] conn(0x7fc384036850 0x7fc384038d00 unknown :-1 s=CLOSED pgs=11 cs=0 l=1 rev1=1 crypto rx=0 tx=0 comp rx=0 tx=0).stop
2024-04-27T01:02:51.754 INFO:teuthology.orchestra.run.smithi139.stdout:/usr/bin/ceph: stderr
2024-04-27T01:02:51.130+0000 7fc3a051b700 1 --2- 172.21.15.139:0/1566912818 >> [v2:172.21.15.139:3300/0,v1:172.21.15.139:6789/0] conn(0x7fc398102880 0x7fc3981115f0 unknown :-1 s=CLOSED pgs=46 cs=0 l=1 rev1=1 crypto rx=0 tx=0 comp rx=0 tx=0).stop
2024-04-27T01:02:51.754 INFO:teuthology.orchestra.run.smithi139.stdout:/usr/bin/ceph: stderr
2024-04-27T01:02:51.130+0000 7fc3a051b700 1 -- 172.21.15.139:0/1566912818 >> 172.21.15.139:0/1566912818 conn(0x7fc3980fe060 msgr2=0x7fc3980feaf0 unknown :-1 s=STATE_NONE l=0).mark_down
2024-04-27T01:02:51.754 INFO:teuthology.orchestra.run.smithi139.stdout:/usr/bin/ceph: stderr
2024-04-27T01:02:51.130+0000 7fc3a051b700 1 -- 172.21.15.139:0/1566912818 shutdown_connections
2024-04-27T01:02:51.754 INFO:teuthology.orchestra.run.smithi139.stdout:/usr/bin/ceph: stderr
2024-04-27T01:02:51.130+0000 7fc3a051b700 1 -- 172.21.15.139:0/1566912818 wait complete.
2024-04-27T01:02:51.754 INFO:teuthology.orchestra.run.smithi139.stdout:Deploying mon service with default placement...
2024-04-27T01:02:52.315 INFO:journalctl@ceph.mon.smithi139.smithi139.stdout:Apr 27 01:02:52 smithi139 ceph-mon[26652]: from='mgr.14120 172.21.15.139:0/484098146' entity='mgr.smithi139.dfxmkm'
2024-04-27T01:02:52.316 INFO:journalctl@ceph.mon.smithi139.smithi139.stdout:Apr 27 01:02:52 smithi139 ceph-mon[26652]: Added host smithi139
2024-04-27T01:02:52.316 INFO:journalctl@ceph.mon.smithi139.smithi139.stdout:Apr 27 01:02:52 smithi139 ceph-mon[26652]: from='mgr.14120 172.21.15.139:0/484098146' entity='mgr.smithi139.dfxmkm' cmd=[{"prefix": "config dump", "format": "json"}]: dispatch
2024-04-27T01:02:53.124 INFO:teuthology.orchestra.run.smithi139.stdout:/usr/bin/ceph: stdout Scheduled mon update...
2024-04-27T01:02:53.124 INFO:teuthology.orchestra.run.smithi139.stdout:/usr/bin/ceph: stderr
2024-04-27T01:02:52.128+0000 7fa119654700 1 Processor -- start
2024-04-27T01:02:53.124 INFO:teuthology.orchestra.run.smithi139.stdout:/usr/bin/ceph: stderr
2024-04-27T01:02:52.129+0000 7fa119654700 1 -- start start
2024-04-27T01:02:53.124 INFO:teuthology.orchestra.run.smithi139.stdout:/usr/bin/ceph: stderr
2024-04-27T01:02:52.129+0000 7fa119654700 1 --2- >> [v2:172.21.15.139:3300/0,v1:172.21.15.139:6789/0] conn(0x7fa114102890 0x7fa114102ca0 unknown :-1 s=NONE pgs=0 cs=0 l=0 rev1=0 crypto rx=0 tx=0 comp rx=0 tx=0).connect
2024-04-27T01:02:53.124 INFO:teuthology.orchestra.run.smithi139.stdout:/usr/bin/ceph: stderr
2024-04-27T01:02:52.129+0000 7fa119654700 1 -- --> [v2:172.21.15.139:3300/0,v1:172.21.15.139:6789/0] -- mon_getmap magic: 0 v1 -- 0x7fa1141031e0 con 0x7fa114102890
2024-04-27T01:02:53.124 INFO:teuthology.orchestra.run.smithi139.stdout:/usr/bin/ceph: stderr
2024-04-27T01:02:52.129+0000 7fa112ffd700 1 --2- >> [v2:172.21.15.139:3300/0,v1:172.21.15.139:6789/0] conn(0x7fa114102890 0x7fa114102ca0 unknown :-1 s=BANNER_CONNECTING pgs=0 cs=0 l=0 rev1=0 crypto rx=0 tx=0 comp rx=0 tx=0)._handle_peer_banner_payload supported=3 required=0
2024-04-27T01:02:53.124 INFO:teuthology.orchestra.run.smithi139.stdout:/usr/bin/ceph: stderr
2024-04-27T01:02:52.129+0000 7fa112ffd700 1 --2- >> [v2:172.21.15.139:3300/0,v1:172.21.15.139:6789/0] conn(0x7fa114102890 0x7fa114102ca0 unknown :-1 s=HELLO_CONNECTING pgs=0 cs=0 l=0 rev1=1 crypto rx=0 tx=0 comp rx=0 tx=0).handle_hello peer v2:172.21.15.139:3300/0 says I am v2:172.21.15.139:44248/0 (socket says 172.21.15.139:44248)
2024-04-27T01:02:53.124 INFO:teuthology.orchestra.run.smithi139.stdout:/usr/bin/ceph: stderr
2024-04-27T01:02:52.129+0000 7fa112ffd700 1 -- 172.21.15.139:0/2778891906 learned_addr learned my addr 172.21.15.139:0/2778891906 (peer_addr_for_me v2:172.21.15.139:0/0)
2024-04-27T01:02:53.124 INFO:teuthology.orchestra.run.smithi139.stdout:/usr/bin/ceph: stderr
2024-04-27T01:02:52.130+0000 7fa112ffd700 1 -- 172.21.15.139:0/2778891906 --> [v2:172.21.15.139:3300/0,v1:172.21.15.139:6789/0] -- mon_subscribe({config=0+,monmap=0+}) v3 -- 0x7fa114103320 con 0x7fa114102890
2024-04-27T01:02:53.124 INFO:teuthology.orchestra.run.smithi139.stdout:/usr/bin/ceph: stderr
2024-04-27T01:02:52.130+0000 7fa112ffd700 1 --2- 172.21.15.139:0/2778891906 >> [v2:172.21.15.139:3300/0,v1:172.21.15.139:6789/0] conn(0x7fa114102890 0x7fa114102ca0 secure :-1 s=READY pgs=47 cs=0 l=1 rev1=1 crypto rx=0x7fa1040098e0 tx=0x7fa104009250 comp rx=0 tx=0).ready entity=mon.0 client_cookie=17c492d075f37bcd server_cookie=0 in_seq=0 out_seq=0
2024-04-27T01:02:53.124 INFO:teuthology.orchestra.run.smithi139.stdout:/usr/bin/ceph: stderr
2024-04-27T01:02:52.130+0000 7fa111ffb700 1 -- 172.21.15.139:0/2778891906 <== mon.0 v2:172.21.15.139:3300/0 1 ==== mon_map magic: 0 v1 ==== 229+0+0 (secure 0 0 0) 0x7fa10400b860 con 0x7fa114102890
2024-04-27T01:02:53.124 INFO:teuthology.orchestra.run.smithi139.stdout:/usr/bin/ceph: stderr
2024-04-27T01:02:52.130+0000 7fa111ffb700 1 -- 172.21.15.139:0/2778891906 <== mon.0 v2:172.21.15.139:3300/0 2 ==== config(27 keys) v1 ==== 1044+0+0 (secure 0 0 0) 0x7fa10400be50 con 0x7fa114102890
2024-04-27T01:02:53.125 INFO:teuthology.orchestra.run.smithi139.stdout:/usr/bin/ceph: stderr
2024-04-27T01:02:52.130+0000 7fa111ffb700 1 -- 172.21.15.139:0/2778891906 <== mon.0 v2:172.21.15.139:3300/0 3 ==== mon_map magic: 0 v1 ==== 229+0+0 (secure 0 0 0) 0x7fa104010380 con 0x7fa114102890
2024-04-27T01:02:53.125 INFO:teuthology.orchestra.run.smithi139.stdout:/usr/bin/ceph: stderr
2024-04-27T01:02:52.131+0000 7fa119654700 1 -- 172.21.15.139:0/2778891906 >> [v2:172.21.15.139:3300/0,v1:172.21.15.139:6789/0] conn(0x7fa114102890 msgr2=0x7fa114102ca0 secure :-1 s=STATE_CONNECTION_ESTABLISHED l=1).mark_down
2024-04-27T01:02:53.125 INFO:teuthology.orchestra.run.smithi139.stdout:/usr/bin/ceph: stderr
2024-04-27T01:02:52.131+0000 7fa119654700 1 --2- 172.21.15.139:0/2778891906 >> [v2:172.21.15.139:3300/0,v1:172.21.15.139:6789/0] conn(0x7fa114102890 0x7fa114102ca0 secure :-1 s=READY pgs=47 cs=0 l=1 rev1=1 crypto rx=0x7fa1040098e0 tx=0x7fa104009250 comp rx=0 tx=0).stop
2024-04-27T01:02:53.125 INFO:teuthology.orchestra.run.smithi139.stdout:/usr/bin/ceph: stderr
2024-04-27T01:02:52.131+0000 7fa119654700 1 -- 172.21.15.139:0/2778891906 shutdown_connections
2024-04-27T01:02:53.125 INFO:teuthology.orchestra.run.smithi139.stdout:/usr/bin/ceph: stderr
2024-04-27T01:02:52.131+0000 7fa119654700 1 --2- 172.21.15.139:0/2778891906 >> [v2:172.21.15.139:3300/0,v1:172.21.15.139:6789/0] conn(0x7fa114102890 0x7fa114102ca0 unknown :-1 s=CLOSED pgs=47 cs=0 l=1 rev1=1 crypto rx=0 tx=0 comp rx=0 tx=0).stop
2024-04-27T01:02:53.125 INFO:teuthology.orchestra.run.smithi139.stdout:/usr/bin/ceph: stderr
2024-04-27T01:02:52.131+0000 7fa119654700 1 -- 172.21.15.139:0/2778891906 >> 172.21.15.139:0/2778891906 conn(0x7fa1140fe010 msgr2=0x7fa114100420 unknown :-1 s=STATE_NONE l=0).mark_down
2024-04-27T01:02:53.125 INFO:teuthology.orchestra.run.smithi139.stdout:/usr/bin/ceph: stderr
2024-04-27T01:02:52.131+0000 7fa119654700 1 -- 172.21.15.139:0/2778891906 shutdown_connections
2024-04-27T01:02:53.125 INFO:teuthology.orchestra.run.smithi139.stdout:/usr/bin/ceph: stderr
2024-04-27T01:02:52.131+0000 7fa119654700 1 -- 172.21.15.139:0/2778891906 wait complete.
2024-04-27T01:02:53.125 INFO:teuthology.orchestra.run.smithi139.stdout:/usr/bin/ceph: stderr
2024-04-27T01:02:52.132+0000 7fa119654700 1 Processor -- start
2024-04-27T01:02:53.125 INFO:teuthology.orchestra.run.smithi139.stdout:/usr/bin/ceph: stderr
2024-04-27T01:02:52.132+0000 7fa119654700 1 -- start start
2024-04-27T01:02:53.125 INFO:teuthology.orchestra.run.smithi139.stdout:/usr/bin/ceph: stderr
2024-04-27T01:02:52.132+0000 7fa119654700 1 --2- >> [v2:172.21.15.139:3300/0,v1:172.21.15.139:6789/0] conn(0x7fa114102890 0x7fa1141115b0 unknown :-1 s=NONE pgs=0 cs=0 l=1 rev1=0 crypto rx=0 tx=0 comp rx=0 tx=0).connect
2024-04-27T01:02:53.125 INFO:teuthology.orchestra.run.smithi139.stdout:/usr/bin/ceph: stderr
2024-04-27T01:02:52.132+0000 7fa119654700 1 -- --> [v2:172.21.15.139:3300/0,v1:172.21.15.139:6789/0] -- mon_getmap magic: 0 v1 -- 0x7fa114111af0 con 0x7fa114102890
2024-04-27T01:02:53.125 INFO:teuthology.orchestra.run.smithi139.stdout:/usr/bin/ceph: stderr
2024-04-27T01:02:52.132+0000 7fa112ffd700 1 --2- >> [v2:172.21.15.139:3300/0,v1:172.21.15.139:6789/0] conn(0x7fa114102890 0x7fa1141115b0 unknown :-1 s=BANNER_CONNECTING pgs=0 cs=0 l=1 rev1=0 crypto rx=0 tx=0 comp rx=0 tx=0)._handle_peer_banner_payload supported=3 required=0
2024-04-27T01:02:53.125 INFO:teuthology.orchestra.run.smithi139.stdout:/usr/bin/ceph: stderr
2024-04-27T01:02:52.132+0000 7fa112ffd700 1 --2- >> [v2:172.21.15.139:3300/0,v1:172.21.15.139:6789/0] conn(0x7fa114102890 0x7fa1141115b0 unknown :-1 s=HELLO_CONNECTING pgs=0 cs=0 l=1 rev1=1 crypto rx=0 tx=0 comp rx=0 tx=0).handle_hello peer v2:172.21.15.139:3300/0 says I am v2:172.21.15.139:44262/0 (socket says 172.21.15.139:44262)
2024-04-27T01:02:53.125 INFO:teuthology.orchestra.run.smithi139.stdout:/usr/bin/ceph: stderr
2024-04-27T01:02:52.132+0000 7fa112ffd700 1 -- 172.21.15.139:0/906768029 learned_addr learned my addr 172.21.15.139:0/906768029 (peer_addr_for_me v2:172.21.15.139:0/0)
2024-04-27T01:02:53.126 INFO:teuthology.orchestra.run.smithi139.stdout:/usr/bin/ceph: stderr
2024-04-27T01:02:52.132+0000 7fa112ffd700 1 -- 172.21.15.139:0/906768029 --> [v2:172.21.15.139:3300/0,v1:172.21.15.139:6789/0] -- mon_subscribe({config=0+,monmap=0+}) v3 -- 0x7fa1040094f0 con 0x7fa114102890
2024-04-27T01:02:53.126 INFO:teuthology.orchestra.run.smithi139.stdout:/usr/bin/ceph: stderr
2024-04-27T01:02:52.132+0000 7fa112ffd700 1 --2- 172.21.15.139:0/906768029 >> [v2:172.21.15.139:3300/0,v1:172.21.15.139:6789/0] conn(0x7fa114102890 0x7fa1141115b0 secure :-1 s=READY pgs=48 cs=0 l=1 rev1=1 crypto rx=0x7fa104000c00 tx=0x7fa104009250 comp rx=0 tx=0).ready entity=mon.0 client_cookie=0 server_cookie=0 in_seq=0 out_seq=0
2024-04-27T01:02:53.126 INFO:teuthology.orchestra.run.smithi139.stdout:/usr/bin/ceph: stderr
2024-04-27T01:02:52.133+0000 7fa0fb7fe700 1 -- 172.21.15.139:0/906768029 <== mon.0 v2:172.21.15.139:3300/0 1 ==== mon_map magic: 0 v1 ==== 229+0+0 (secure 0 0 0) 0x7fa1040107c0 con 0x7fa114102890
2024-04-27T01:02:53.126 INFO:teuthology.orchestra.run.smithi139.stdout:/usr/bin/ceph: stderr
2024-04-27T01:02:52.133+0000 7fa0fb7fe700 1 -- 172.21.15.139:0/906768029 <== mon.0 v2:172.21.15.139:3300/0 2 ==== config(27 keys) v1 ==== 1044+0+0 (secure 0 0 0) 0x7fa104010db0 con 0x7fa114102890
2024-04-27T01:02:53.126 INFO:teuthology.orchestra.run.smithi139.stdout:/usr/bin/ceph: stderr
2024-04-27T01:02:52.133+0000 7fa0fb7fe700 1 -- 172.21.15.139:0/906768029 <== mon.0 v2:172.21.15.139:3300/0 3 ==== mon_map magic: 0 v1 ==== 229+0+0 (secure 0 0 0) 0x7fa10401ad00 con 0x7fa114102890
2024-04-27T01:02:53.126 INFO:teuthology.orchestra.run.smithi139.stdout:/usr/bin/ceph: stderr
2024-04-27T01:02:52.133+0000 7fa119654700 1 -- 172.21.15.139:0/906768029 --> [v2:172.21.15.139:3300/0,v1:172.21.15.139:6789/0] -- mon_subscribe({mgrmap=0+}) v3 -- 0x7fa114111cf0 con 0x7fa114102890
2024-04-27T01:02:53.126 INFO:teuthology.orchestra.run.smithi139.stdout:/usr/bin/ceph: stderr
2024-04-27T01:02:52.133+0000 7fa119654700 1 -- 172.21.15.139:0/906768029 --> [v2:172.21.15.139:3300/0,v1:172.21.15.139:6789/0] -- mon_subscribe({osdmap=0}) v3 -- 0x7fa1141120c0 con 0x7fa114102890
2024-04-27T01:02:53.126 INFO:teuthology.orchestra.run.smithi139.stdout:/usr/bin/ceph: stderr
2024-04-27T01:02:52.133+0000 7fa0fb7fe700 1 -- 172.21.15.139:0/906768029 <== mon.0 v2:172.21.15.139:3300/0 4 ==== mgrmap(e 8) v1 ==== 43376+0+0 (secure 0 0 0) 0x7fa1040193c0 con 0x7fa114102890
2024-04-27T01:02:53.126 INFO:teuthology.orchestra.run.smithi139.stdout:/usr/bin/ceph: stderr
2024-04-27T01:02:52.134+0000 7fa0fb7fe700 1 --2- 172.21.15.139:0/906768029 >> [v2:172.21.15.139:6800/3449747626,v1:172.21.15.139:6801/3449747626] conn(0x7fa0fc036850 0x7fa0fc038d00 unknown :-1 s=NONE pgs=0 cs=0 l=1 rev1=0 crypto rx=0 tx=0 comp rx=0 tx=0).connect
2024-04-27T01:02:53.126 INFO:teuthology.orchestra.run.smithi139.stdout:/usr/bin/ceph: stderr
2024-04-27T01:02:52.134+0000 7fa0fb7fe700 1 -- 172.21.15.139:0/906768029 <== mon.0 v2:172.21.15.139:3300/0 5 ==== osd_map(2..2 src has 1..2) v4 ==== 936+0+0 (secure 0 0 0) 0x7fa10404b580 con 0x7fa114102890
2024-04-27T01:02:53.126 INFO:teuthology.orchestra.run.smithi139.stdout:/usr/bin/ceph: stderr
2024-04-27T01:02:52.134+0000 7fa119654700 1 -- 172.21.15.139:0/906768029 --> [v2:172.21.15.139:3300/0,v1:172.21.15.139:6789/0] -- mon_command({"prefix": "get_command_descriptions"} v 0) v1 -- 0x7fa11404bed0 con 0x7fa114102890
2024-04-27T01:02:53.126 INFO:teuthology.orchestra.run.smithi139.stdout:/usr/bin/ceph: stderr
2024-04-27T01:02:52.134+0000 7fa1127fc700 1 --2- 172.21.15.139:0/906768029 >> [v2:172.21.15.139:6800/3449747626,v1:172.21.15.139:6801/3449747626] conn(0x7fa0fc036850 0x7fa0fc038d00 unknown :-1 s=BANNER_CONNECTING pgs=0 cs=0 l=1 rev1=0 crypto rx=0 tx=0 comp rx=0 tx=0)._handle_peer_banner_payload supported=3 required=0
2024-04-27T01:02:53.126 INFO:teuthology.orchestra.run.smithi139.stdout:/usr/bin/ceph: stderr
2024-04-27T01:02:52.134+0000 7fa1127fc700 1 --2- 172.21.15.139:0/906768029 >> [v2:172.21.15.139:6800/3449747626,v1:172.21.15.139:6801/3449747626] conn(0x7fa0fc036850 0x7fa0fc038d00 secure :-1 s=READY pgs=12 cs=0 l=1 rev1=1 crypto rx=0x7fa108009990 tx=0x7fa108006e40 comp rx=0 tx=0).ready entity=mgr.14120 client_cookie=0 server_cookie=0 in_seq=0 out_seq=0
2024-04-27T01:02:53.126 INFO:teuthology.orchestra.run.smithi139.stdout:/usr/bin/ceph: stderr
2024-04-27T01:02:52.139+0000 7fa0fb7fe700 1 -- 172.21.15.139:0/906768029 <== mon.0 v2:172.21.15.139:3300/0 6 ==== mon_command_ack([{"prefix": "get_command_descriptions"}]=0 v0) v1 ==== 72+0+176702 (secure 0 0 0) 0x7fa1040196c0 con 0x7fa114102890
2024-04-27T01:02:53.127 INFO:teuthology.orchestra.run.smithi139.stdout:/usr/bin/ceph: stderr
2024-04-27T01:02:52.349+0000 7fa119654700 1 -- 172.21.15.139:0/906768029 --> [v2:172.21.15.139:6800/3449747626,v1:172.21.15.139:6801/3449747626] -- mgr_command(tid 0: {"prefix": "orch apply", "service_type": "mon", "target": ["mon-mgr", ""]}) v1 -- 0x7fa1140ff190 con 0x7fa0fc036850
2024-04-27T01:02:53.127 INFO:teuthology.orchestra.run.smithi139.stdout:/usr/bin/ceph: stderr
2024-04-27T01:02:52.354+0000 7fa0fb7fe700 1 -- 172.21.15.139:0/906768029 <== mgr.14120 v2:172.21.15.139:6800/3449747626 1 ==== mgr_command_reply(tid 0: 0 ) v1 ==== 8+0+24 (secure 0 0 0) 0x7fa1140ff190 con 0x7fa0fc036850
2024-04-27T01:02:53.127 INFO:teuthology.orchestra.run.smithi139.stdout:/usr/bin/ceph: stderr
2024-04-27T01:02:52.355+0000 7fa119654700 1 -- 172.21.15.139:0/906768029 >> [v2:172.21.15.139:6800/3449747626,v1:172.21.15.139:6801/3449747626] conn(0x7fa0fc036850 msgr2=0x7fa0fc038d00 secure :-1 s=STATE_CONNECTION_ESTABLISHED l=1).mark_down
2024-04-27T01:02:53.127 INFO:teuthology.orchestra.run.smithi139.stdout:/usr/bin/ceph: stderr
2024-04-27T01:02:52.356+0000 7fa119654700 1 --2- 172.21.15.139:0/906768029 >> [v2:172.21.15.139:6800/3449747626,v1:172.21.15.139:6801/3449747626] conn(0x7fa0fc036850 0x7fa0fc038d00 secure :-1 s=READY pgs=12 cs=0 l=1 rev1=1 crypto rx=0x7fa108009990 tx=0x7fa108006e40 comp rx=0 tx=0).stop
2024-04-27T01:02:53.127 INFO:teuthology.orchestra.run.smithi139.stdout:/usr/bin/ceph: stderr
2024-04-27T01:02:52.356+0000 7fa119654700 1 -- 172.21.15.139:0/906768029 >> [v2:172.21.15.139:3300/0,v1:172.21.15.139:6789/0] conn(0x7fa114102890 msgr2=0x7fa1141115b0 secure :-1 s=STATE_CONNECTION_ESTABLISHED l=1).mark_down
2024-04-27T01:02:53.127 INFO:teuthology.orchestra.run.smithi139.stdout:/usr/bin/ceph: stderr
2024-04-27T01:02:52.356+0000 7fa119654700 1 --2- 172.21.15.139:0/906768029 >> [v2:172.21.15.139:3300/0,v1:172.21.15.139:6789/0] conn(0x7fa114102890 0x7fa1141115b0 secure :-1 s=READY pgs=48 cs=0 l=1 rev1=1 crypto rx=0x7fa104000c00 tx=0x7fa104009250 comp rx=0 tx=0).stop
2024-04-27T01:02:53.127 INFO:teuthology.orchestra.run.smithi139.stdout:/usr/bin/ceph: stderr
2024-04-27T01:02:52.356+0000 7fa119654700 1 -- 172.21.15.139:0/906768029 shutdown_connections
2024-04-27T01:02:53.127 INFO:teuthology.orchestra.run.smithi139.stdout:/usr/bin/ceph: stderr
2024-04-27T01:02:52.356+0000 7fa119654700 1 --2- 172.21.15.139:0/906768029 >> [v2:172.21.15.139:6800/3449747626,v1:172.21.15.139:6801/3449747626] conn(0x7fa0fc036850 0x7fa0fc038d00 unknown :-1 s=CLOSED pgs=12 cs=0 l=1 rev1=1 crypto rx=0 tx=0 comp rx=0 tx=0).stop
2024-04-27T01:02:53.127 INFO:teuthology.orchestra.run.smithi139.stdout:/usr/bin/ceph: stderr
2024-04-27T01:02:52.356+0000 7fa119654700 1 --2- 172.21.15.139:0/906768029 >> [v2:172.21.15.139:3300/0,v1:172.21.15.139:6789/0] conn(0x7fa114102890 0x7fa1141115b0 unknown :-1 s=CLOSED pgs=48 cs=0 l=1 rev1=1 crypto rx=0 tx=0 comp rx=0 tx=0).stop
2024-04-27T01:02:53.127 INFO:teuthology.orchestra.run.smithi139.stdout:/usr/bin/ceph: stderr
2024-04-27T01:02:52.356+0000 7fa119654700 1 -- 172.21.15.139:0/906768029 >> 172.21.15.139:0/906768029 conn(0x7fa1140fe010 msgr2=0x7fa1140fea80 unknown :-1 s=STATE_NONE l=0).mark_down
2024-04-27T01:02:53.127 INFO:teuthology.orchestra.run.smithi139.stdout:/usr/bin/ceph: stderr
2024-04-27T01:02:52.356+0000 7fa119654700 1 -- 172.21.15.139:0/906768029 shutdown_connections
2024-04-27T01:02:53.127 INFO:teuthology.orchestra.run.smithi139.stdout:/usr/bin/ceph: stderr
2024-04-27T01:02:52.356+0000 7fa119654700 1 -- 172.21.15.139:0/906768029 wait complete.
2024-04-27T01:02:53.127 INFO:teuthology.orchestra.run.smithi139.stdout:Deploying mgr service with default placement...
2024-04-27T01:02:53.443 INFO:journalctl@ceph.mon.smithi139.smithi139.stdout:Apr 27 01:02:53 smithi139 ceph-mon[26652]: from='client.14142 -' entity='client.admin' cmd=[{"prefix": "orch apply", "service_type": "mon", "target": ["mon-mgr", ""]}]: dispatch
2024-04-27T01:02:53.443 INFO:journalctl@ceph.mon.smithi139.smithi139.stdout:Apr 27 01:02:53 smithi139 ceph-mon[26652]: Saving service mon spec with placement count:5
2024-04-27T01:02:53.443 INFO:journalctl@ceph.mon.smithi139.smithi139.stdout:Apr 27 01:02:53 smithi139 ceph-mon[26652]: from='mgr.14120 172.21.15.139:0/484098146' entity='mgr.smithi139.dfxmkm'
2024-04-27T01:02:54.350 INFO:teuthology.orchestra.run.smithi139.stdout:/usr/bin/ceph: stdout Scheduled mgr update...
2024-04-27T01:02:54.351 INFO:teuthology.orchestra.run.smithi139.stdout:/usr/bin/ceph: stderr
2024-04-27T01:02:53.541+0000 7fb06e506700 1 Processor -- start
2024-04-27T01:02:54.351 INFO:teuthology.orchestra.run.smithi139.stdout:/usr/bin/ceph: stderr
2024-04-27T01:02:53.541+0000 7fb06e506700 1 -- start start
2024-04-27T01:02:54.351 INFO:teuthology.orchestra.run.smithi139.stdout:/usr/bin/ceph: stderr
2024-04-27T01:02:53.542+0000 7fb06e506700 1 --2- >> [v2:172.21.15.139:3300/0,v1:172.21.15.139:6789/0] conn(0x7fb068076c10 0x7fb068105420 unknown :-1 s=NONE pgs=0 cs=0 l=0 rev1=0 crypto rx=0 tx=0 comp rx=0 tx=0).connect
2024-04-27T01:02:54.351 INFO:teuthology.orchestra.run.smithi139.stdout:/usr/bin/ceph: stderr
2024-04-27T01:02:53.542+0000 7fb06e506700 1 -- --> [v2:172.21.15.139:3300/0,v1:172.21.15.139:6789/0] -- mon_getmap magic: 0 v1 -- 0x7fb068105960 con 0x7fb068076c10
2024-04-27T01:02:54.351 INFO:teuthology.orchestra.run.smithi139.stdout:/usr/bin/ceph: stderr
2024-04-27T01:02:53.542+0000 7fb067fff700 1 --2- >> [v2:172.21.15.139:3300/0,v1:172.21.15.139:6789/0] conn(0x7fb068076c10 0x7fb068105420 unknown :-1 s=BANNER_CONNECTING pgs=0 cs=0 l=0 rev1=0 crypto rx=0 tx=0 comp rx=0 tx=0)._handle_peer_banner_payload supported=3 required=0
2024-04-27T01:02:54.352 INFO:teuthology.orchestra.run.smithi139.stdout:/usr/bin/ceph: stderr
2024-04-27T01:02:53.542+0000 7fb067fff700 1 --2- >> [v2:172.21.15.139:3300/0,v1:172.21.15.139:6789/0] conn(0x7fb068076c10 0x7fb068105420 unknown :-1 s=HELLO_CONNECTING pgs=0 cs=0 l=0 rev1=1 crypto rx=0 tx=0 comp rx=0 tx=0).handle_hello peer v2:172.21.15.139:3300/0 says I am v2:172.21.15.139:44268/0 (socket says 172.21.15.139:44268)
2024-04-27T01:02:54.352 INFO:teuthology.orchestra.run.smithi139.stdout:/usr/bin/ceph: stderr
2024-04-27T01:02:53.542+0000 7fb067fff700 1 -- 172.21.15.139:0/1309149641 learned_addr learned my addr 172.21.15.139:0/1309149641 (peer_addr_for_me v2:172.21.15.139:0/0)
2024-04-27T01:02:54.352 INFO:teuthology.orchestra.run.smithi139.stdout:/usr/bin/ceph: stderr
2024-04-27T01:02:53.542+0000 7fb067fff700 1 -- 172.21.15.139:0/1309149641 --> [v2:172.21.15.139:3300/0,v1:172.21.15.139:6789/0] -- mon_subscribe({config=0+,monmap=0+}) v3 -- 0x7fb068105aa0 con 0x7fb068076c10
2024-04-27T01:02:54.352 INFO:teuthology.orchestra.run.smithi139.stdout:/usr/bin/ceph: stderr
2024-04-27T01:02:53.542+0000 7fb067fff700 1 --2- 172.21.15.139:0/1309149641 >> [v2:172.21.15.139:3300/0,v1:172.21.15.139:6789/0] conn(0x7fb068076c10 0x7fb068105420 secure :-1 s=READY pgs=49 cs=0 l=1 rev1=1 crypto rx=0x7fb0580098e0 tx=0x7fb058009250 comp rx=0 tx=0).ready entity=mon.0 client_cookie=6b7181df24465dea server_cookie=0 in_seq=0 out_seq=0
2024-04-27T01:02:54.352 INFO:teuthology.orchestra.run.smithi139.stdout:/usr/bin/ceph: stderr
2024-04-27T01:02:53.542+0000 7fb066ffd700 1 -- 172.21.15.139:0/1309149641 <== mon.0 v2:172.21.15.139:3300/0 1 ==== mon_map magic: 0 v1 ==== 229+0+0 (secure 0 0 0) 0x7fb05800b860 con 0x7fb068076c10
2024-04-27T01:02:54.352 INFO:teuthology.orchestra.run.smithi139.stdout:/usr/bin/ceph: stderr
2024-04-27T01:02:53.542+0000 7fb066ffd700 1 -- 172.21.15.139:0/1309149641 <== mon.0 v2:172.21.15.139:3300/0 2 ==== config(27 keys) v1 ==== 1044+0+0 (secure 0 0 0) 0x7fb05800be50 con 0x7fb068076c10
2024-04-27T01:02:54.352 INFO:teuthology.orchestra.run.smithi139.stdout:/usr/bin/ceph: stderr
2024-04-27T01:02:53.542+0000 7fb066ffd700 1 -- 172.21.15.139:0/1309149641 <== mon.0 v2:172.21.15.139:3300/0 3 ==== mon_map magic: 0 v1 ==== 229+0+0 (secure 0 0 0) 0x7fb058010380 con 0x7fb068076c10
2024-04-27T01:02:54.352 INFO:teuthology.orchestra.run.smithi139.stdout:/usr/bin/ceph: stderr
2024-04-27T01:02:53.543+0000 7fb06e506700 1 -- 172.21.15.139:0/1309149641 >> [v2:172.21.15.139:3300/0,v1:172.21.15.139:6789/0] conn(0x7fb068076c10 msgr2=0x7fb068105420 secure :-1 s=STATE_CONNECTION_ESTABLISHED l=1).mark_down
2024-04-27T01:02:54.353 INFO:teuthology.orchestra.run.smithi139.stdout:/usr/bin/ceph: stderr
2024-04-27T01:02:53.543+0000 7fb06e506700 1 --2- 172.21.15.139:0/1309149641 >> [v2:172.21.15.139:3300/0,v1:172.21.15.139:6789/0] conn(0x7fb068076c10 0x7fb068105420 secure :-1 s=READY pgs=49 cs=0 l=1 rev1=1 crypto rx=0x7fb0580098e0 tx=0x7fb058009250 comp rx=0 tx=0).stop
2024-04-27T01:02:54.353 INFO:teuthology.orchestra.run.smithi139.stdout:/usr/bin/ceph: stderr
2024-04-27T01:02:53.543+0000 7fb06e506700 1 -- 172.21.15.139:0/1309149641 shutdown_connections
2024-04-27T01:02:54.353 INFO:teuthology.orchestra.run.smithi139.stdout:/usr/bin/ceph: stderr
2024-04-27T01:02:53.543+0000 7fb06e506700 1 --2- 172.21.15.139:0/1309149641 >> [v2:172.21.15.139:3300/0,v1:172.21.15.139:6789/0] conn(0x7fb068076c10 0x7fb068105420 unknown :-1 s=CLOSED pgs=49 cs=0 l=1 rev1=1 crypto rx=0 tx=0 comp rx=0 tx=0).stop
2024-04-27T01:02:54.353 INFO:teuthology.orchestra.run.smithi139.stdout:/usr/bin/ceph: stderr
2024-04-27T01:02:53.543+0000 7fb06e506700 1 -- 172.21.15.139:0/1309149641 >> 172.21.15.139:0/1309149641 conn(0x7fb0680fce90 msgr2=0x7fb0680ff2a0 unknown :-1 s=STATE_NONE l=0).mark_down
2024-04-27T01:02:54.353 INFO:teuthology.orchestra.run.smithi139.stdout:/usr/bin/ceph: stderr
2024-04-27T01:02:53.543+0000 7fb06e506700 1 -- 172.21.15.139:0/1309149641 shutdown_connections
2024-04-27T01:02:54.353 INFO:teuthology.orchestra.run.smithi139.stdout:/usr/bin/ceph: stderr
2024-04-27T01:02:53.543+0000 7fb06e506700 1 -- 172.21.15.139:0/1309149641 wait complete.
2024-04-27T01:02:54.353 INFO:teuthology.orchestra.run.smithi139.stdout:/usr/bin/ceph: stderr
2024-04-27T01:02:53.543+0000 7fb06e506700 1 Processor -- start
2024-04-27T01:02:54.353 INFO:teuthology.orchestra.run.smithi139.stdout:/usr/bin/ceph: stderr
2024-04-27T01:02:53.544+0000 7fb06e506700 1 -- start start
2024-04-27T01:02:54.354 INFO:teuthology.orchestra.run.smithi139.stdout:/usr/bin/ceph: stderr
2024-04-27T01:02:53.544+0000 7fb06e506700 1 --2- >> [v2:172.21.15.139:3300/0,v1:172.21.15.139:6789/0] conn(0x7fb068076c10 0x7fb068102d70 unknown :-1 s=NONE pgs=0 cs=0 l=1 rev1=0 crypto rx=0 tx=0 comp rx=0 tx=0).connect
2024-04-27T01:02:54.354 INFO:teuthology.orchestra.run.smithi139.stdout:/usr/bin/ceph: stderr
2024-04-27T01:02:53.544+0000 7fb06e506700 1 -- --> [v2:172.21.15.139:3300/0,v1:172.21.15.139:6789/0] -- mon_getmap magic: 0 v1 -- 0x7fb0681032b0 con 0x7fb068076c10
2024-04-27T01:02:54.354 INFO:teuthology.orchestra.run.smithi139.stdout:/usr/bin/ceph: stderr
2024-04-27T01:02:53.544+0000 7fb067fff700 1 --2- >> [v2:172.21.15.139:3300/0,v1:172.21.15.139:6789/0] conn(0x7fb068076c10 0x7fb068102d70 unknown :-1 s=BANNER_CONNECTING pgs=0 cs=0 l=1 rev1=0 crypto rx=0 tx=0 comp rx=0 tx=0)._handle_peer_banner_payload supported=3 required=0
2024-04-27T01:02:54.354 INFO:teuthology.orchestra.run.smithi139.stdout:/usr/bin/ceph: stderr
2024-04-27T01:02:53.544+0000 7fb067fff700 1 --2- >> [v2:172.21.15.139:3300/0,v1:172.21.15.139:6789/0] conn(0x7fb068076c10 0x7fb068102d70 unknown :-1 s=HELLO_CONNECTING pgs=0 cs=0 l=1 rev1=1 crypto rx=0 tx=0 comp rx=0 tx=0).handle_hello peer v2:172.21.15.139:3300/0 says I am v2:172.21.15.139:44274/0 (socket says 172.21.15.139:44274)
2024-04-27T01:02:54.354 INFO:teuthology.orchestra.run.smithi139.stdout:/usr/bin/ceph: stderr
2024-04-27T01:02:53.544+0000 7fb067fff700 1 -- 172.21.15.139:0/3293620934 learned_addr learned my addr 172.21.15.139:0/3293620934 (peer_addr_for_me v2:172.21.15.139:0/0)
2024-04-27T01:02:54.354 INFO:teuthology.orchestra.run.smithi139.stdout:/usr/bin/ceph: stderr
2024-04-27T01:02:53.544+0000 7fb067fff700 1 -- 172.21.15.139:0/3293620934 --> [v2:172.21.15.139:3300/0,v1:172.21.15.139:6789/0] -- mon_subscribe({config=0+,monmap=0+}) v3 -- 0x7fb0580094f0 con 0x7fb068076c10
2024-04-27T01:02:54.354 INFO:teuthology.orchestra.run.smithi139.stdout:/usr/bin/ceph: stderr
2024-04-27T01:02:53.544+0000 7fb067fff700 1 --2- 172.21.15.139:0/3293620934 >> [v2:172.21.15.139:3300/0,v1:172.21.15.139:6789/0] conn(0x7fb068076c10 0x7fb068102d70 secure :-1 s=READY pgs=50 cs=0 l=1 rev1=1 crypto rx=0x7fb058003050 tx=0x7fb058009250 comp rx=0 tx=0).ready entity=mon.0 client_cookie=0 server_cookie=0 in_seq=0 out_seq=0
2024-04-27T01:02:54.354 INFO:teuthology.orchestra.run.smithi139.stdout:/usr/bin/ceph: stderr
2024-04-27T01:02:53.544+0000 7fb064ff9700 1 -- 172.21.15.139:0/3293620934 <== mon.0 v2:172.21.15.139:3300/0 1 ==== mon_map magic: 0 v1 ==== 229+0+0 (secure 0 0 0) 0x7fb058010760 con 0x7fb068076c10
2024-04-27T01:02:54.355 INFO:teuthology.orchestra.run.smithi139.stdout:/usr/bin/ceph: stderr
2024-04-27T01:02:53.544+0000 7fb064ff9700 1 -- 172.21.15.139:0/3293620934 <== mon.0 v2:172.21.15.139:3300/0 2 ==== config(27 keys) v1 ==== 1044+0+0 (secure 0 0 0) 0x7fb058010d50 con 0x7fb068076c10
2024-04-27T01:02:54.355 INFO:teuthology.orchestra.run.smithi139.stdout:/usr/bin/ceph: stderr
2024-04-27T01:02:53.544+0000 7fb06e506700 1 -- 172.21.15.139:0/3293620934 --> [v2:172.21.15.139:3300/0,v1:172.21.15.139:6789/0] -- mon_subscribe({mgrmap=0+}) v3 -- 0x7fb068101380 con 0x7fb068076c10
2024-04-27T01:02:54.355 INFO:teuthology.orchestra.run.smithi139.stdout:/usr/bin/ceph: stderr
2024-04-27T01:02:53.544+0000 7fb064ff9700 1 -- 172.21.15.139:0/3293620934 <== mon.0 v2:172.21.15.139:3300/0 3 ==== mon_map magic: 0 v1 ==== 229+0+0 (secure 0 0 0) 0x7fb05801ae20 con 0x7fb068076c10
2024-04-27T01:02:54.355 INFO:teuthology.orchestra.run.smithi139.stdout:/usr/bin/ceph: stderr
2024-04-27T01:02:53.545+0000 7fb06e506700 1 -- 172.21.15.139:0/3293620934 --> [v2:172.21.15.139:3300/0,v1:172.21.15.139:6789/0] -- mon_subscribe({osdmap=0}) v3 -- 0x7fb068101870 con 0x7fb068076c10
2024-04-27T01:02:54.355 INFO:teuthology.orchestra.run.smithi139.stdout:/usr/bin/ceph: stderr
2024-04-27T01:02:53.545+0000 7fb064ff9700 1 -- 172.21.15.139:0/3293620934 <== mon.0 v2:172.21.15.139:3300/0 4 ==== mgrmap(e 8) v1 ==== 43376+0+0 (secure 0 0 0) 0x7fb0580108c0 con 0x7fb068076c10
2024-04-27T01:02:54.355 INFO:teuthology.orchestra.run.smithi139.stdout:/usr/bin/ceph: stderr
2024-04-27T01:02:53.545+0000 7fb064ff9700 1 --2- 172.21.15.139:0/3293620934 >> [v2:172.21.15.139:6800/3449747626,v1:172.21.15.139:6801/3449747626] conn(0x7fb054036830 0x7fb054038ce0 unknown :-1 s=NONE pgs=0 cs=0 l=1 rev1=0 crypto rx=0 tx=0 comp rx=0 tx=0).connect
2024-04-27T01:02:54.355 INFO:teuthology.orchestra.run.smithi139.stdout:/usr/bin/ceph: stderr
2024-04-27T01:02:53.545+0000 7fb064ff9700 1 -- 172.21.15.139:0/3293620934 <== mon.0 v2:172.21.15.139:3300/0 5 ==== osd_map(2..2 src has 1..2) v4 ==== 936+0+0 (secure 0 0 0) 0x7fb05804a460 con 0x7fb068076c10
2024-04-27T01:02:54.356 INFO:teuthology.orchestra.run.smithi139.stdout:/usr/bin/ceph: stderr
2024-04-27T01:02:53.545+0000 7fb06e506700 1 -- 172.21.15.139:0/3293620934 --> [v2:172.21.15.139:3300/0,v1:172.21.15.139:6789/0] -- mon_command({"prefix": "get_command_descriptions"} v 0) v1 -- 0x7fb06804bed0 con 0x7fb068076c10
2024-04-27T01:02:54.356 INFO:teuthology.orchestra.run.smithi139.stdout:/usr/bin/ceph: stderr
2024-04-27T01:02:53.546+0000 7fb0677fe700 1 --2- 172.21.15.139:0/3293620934 >> [v2:172.21.15.139:6800/3449747626,v1:172.21.15.139:6801/3449747626] conn(0x7fb054036830 0x7fb054038ce0 unknown :-1 s=BANNER_CONNECTING pgs=0 cs=0 l=1 rev1=0 crypto rx=0 tx=0 comp rx=0 tx=0)._handle_peer_banner_payload supported=3 required=0
2024-04-27T01:02:54.356 INFO:teuthology.orchestra.run.smithi139.stdout:/usr/bin/ceph: stderr
2024-04-27T01:02:53.546+0000 7fb0677fe700 1 --2- 172.21.15.139:0/3293620934 >> [v2:172.21.15.139:6800/3449747626,v1:172.21.15.139:6801/3449747626] conn(0x7fb054036830 0x7fb054038ce0 secure :-1 s=READY pgs=13 cs=0 l=1 rev1=1 crypto rx=0x7fb050009990 tx=0x7fb050006e40 comp rx=0 tx=0).ready entity=mgr.14120 client_cookie=0 server_cookie=0 in_seq=0 out_seq=0
2024-04-27T01:02:54.356 INFO:teuthology.orchestra.run.smithi139.stdout:/usr/bin/ceph: stderr
2024-04-27T01:02:53.550+0000 7fb064ff9700 1 -- 172.21.15.139:0/3293620934 <== mon.0 v2:172.21.15.139:3300/0 6 ==== mon_command_ack([{"prefix": "get_command_descriptions"}]=0 v0) v1 ==== 72+0+176702 (secure 0 0 0) 0x7fb05802e440 con 0x7fb068076c10
2024-04-27T01:02:54.356 INFO:teuthology.orchestra.run.smithi139.stdout:/usr/bin/ceph: stderr
2024-04-27T01:02:53.751+0000 7fb06e506700 1 -- 172.21.15.139:0/3293620934 --> [v2:172.21.15.139:6800/3449747626,v1:172.21.15.139:6801/3449747626] -- mgr_command(tid 0: {"prefix": "orch apply", "service_type": "mgr", "target": ["mon-mgr", ""]}) v1 -- 0x7fb068101fe0 con 0x7fb054036830
2024-04-27T01:02:54.356 INFO:teuthology.orchestra.run.smithi139.stdout:/usr/bin/ceph: stderr
2024-04-27T01:02:53.759+0000 7fb064ff9700 1 -- 172.21.15.139:0/3293620934 <== mgr.14120 v2:172.21.15.139:6800/3449747626 1 ==== mgr_command_reply(tid 0: 0 ) v1 ==== 8+0+24 (secure 0 0 0) 0x7fb068101fe0 con 0x7fb054036830
2024-04-27T01:02:54.356 INFO:teuthology.orchestra.run.smithi139.stdout:/usr/bin/ceph: stderr
2024-04-27T01:02:53.761+0000 7fb06e506700 1 -- 172.21.15.139:0/3293620934 >> [v2:172.21.15.139:6800/3449747626,v1:172.21.15.139:6801/3449747626] conn(0x7fb054036830 msgr2=0x7fb054038ce0 secure :-1 s=STATE_CONNECTION_ESTABLISHED l=1).mark_down
2024-04-27T01:02:54.356 INFO:teuthology.orchestra.run.smithi139.stdout:/usr/bin/ceph: stderr
2024-04-27T01:02:53.761+0000 7fb06e506700 1 --2- 172.21.15.139:0/3293620934 >> [v2:172.21.15.139:6800/3449747626,v1:172.21.15.139:6801/3449747626] conn(0x7fb054036830 0x7fb054038ce0 secure :-1 s=READY pgs=13 cs=0 l=1 rev1=1 crypto rx=0x7fb050009990 tx=0x7fb050006e40 comp rx=0 tx=0).stop
2024-04-27T01:02:54.357 INFO:teuthology.orchestra.run.smithi139.stdout:/usr/bin/ceph: stderr
2024-04-27T01:02:53.761+0000 7fb06e506700 1 -- 172.21.15.139:0/3293620934 >> [v2:172.21.15.139:3300/0,v1:172.21.15.139:6789/0] conn(0x7fb068076c10 msgr2=0x7fb068102d70 secure :-1 s=STATE_CONNECTION_ESTABLISHED l=1).mark_down
2024-04-27T01:02:54.357 INFO:teuthology.orchestra.run.smithi139.stdout:/usr/bin/ceph: stderr
2024-04-27T01:02:53.761+0000 7fb06e506700 1 --2- 172.21.15.139:0/3293620934 >> [v2:172.21.15.139:3300/0,v1:172.21.15.139:6789/0] conn(0x7fb068076c10 0x7fb068102d70 secure :-1 s=READY pgs=50 cs=0 l=1 rev1=1 crypto rx=0x7fb058003050 tx=0x7fb058009250 comp rx=0 tx=0).stop
2024-04-27T01:02:54.357 INFO:teuthology.orchestra.run.smithi139.stdout:/usr/bin/ceph: stderr
2024-04-27T01:02:53.761+0000 7fb06e506700 1 -- 172.21.15.139:0/3293620934 shutdown_connections
2024-04-27T01:02:54.357 INFO:teuthology.orchestra.run.smithi139.stdout:/usr/bin/ceph: stderr
2024-04-27T01:02:53.761+0000 7fb06e506700 1 --2- 172.21.15.139:0/3293620934 >> [v2:172.21.15.139:6800/3449747626,v1:172.21.15.139:6801/3449747626] conn(0x7fb054036830 0x7fb054038ce0 unknown :-1 s=CLOSED pgs=13 cs=0 l=1 rev1=1 crypto rx=0 tx=0 comp rx=0 tx=0).stop
2024-04-27T01:02:54.357 INFO:teuthology.orchestra.run.smithi139.stdout:/usr/bin/ceph: stderr
2024-04-27T01:02:53.761+0000 7fb06e506700 1 --2- 172.21.15.139:0/3293620934 >> [v2:172.21.15.139:3300/0,v1:172.21.15.139:6789/0] conn(0x7fb068076c10 0x7fb068102d70 unknown :-1 s=CLOSED pgs=50 cs=0 l=1 rev1=1 crypto rx=0 tx=0 comp rx=0 tx=0).stop
