2024-04-27T01:02:36.686+0000 7f2e7dcdb700 1 -- 172.21.15.139:0/2473441213 --> [v2:172.21.15.139:3300/0,v1:172.21.15.139:6789/0] -- mon_subscribe({mgrmap=0+}) v3 -- 0x7f2e78111ce0 con 0x7f2e78076c50
2024-04-27T01:02:37.530 INFO:teuthology.orchestra.run.smithi139.stdout:/usr/bin/ceph: stderr
2024-04-27T01:02:36.686+0000 7f2e5ffff700 1 -- 172.21.15.139:0/2473441213 <== mon.0 v2:172.21.15.139:3300/0 3 ==== mon_map magic: 0 v1 ==== 229+0+0 (secure 0 0 0) 0x7f2e6801acf0 con 0x7f2e78076c50
2024-04-27T01:02:37.530 INFO:teuthology.orchestra.run.smithi139.stdout:/usr/bin/ceph: stderr
2024-04-27T01:02:36.686+0000 7f2e7dcdb700 1 -- 172.21.15.139:0/2473441213 --> [v2:172.21.15.139:3300/0,v1:172.21.15.139:6789/0] -- mon_subscribe({osdmap=0}) v3 -- 0x7f2e78112850 con 0x7f2e78076c50
2024-04-27T01:02:37.530 INFO:teuthology.orchestra.run.smithi139.stdout:/usr/bin/ceph: stderr
2024-04-27T01:02:36.687+0000 7f2e5ffff700 1 -- 172.21.15.139:0/2473441213 <== mon.0 v2:172.21.15.139:3300/0 4 ==== mgrmap(e 5) v1 ==== 43376+0+0 (secure 0 0 0) 0x7f2e680193c0 con 0x7f2e78076c50
2024-04-27T01:02:37.530 INFO:teuthology.orchestra.run.smithi139.stdout:/usr/bin/ceph: stderr
2024-04-27T01:02:36.687+0000 7f2e7dcdb700 1 -- 172.21.15.139:0/2473441213 --> [v2:172.21.15.139:3300/0,v1:172.21.15.139:6789/0] -- mon_command({"prefix": "get_command_descriptions"} v 0) v1 -- 0x7f2e7805f5c0 con 0x7f2e78076c50
2024-04-27T01:02:37.530 INFO:teuthology.orchestra.run.smithi139.stdout:/usr/bin/ceph: stderr
2024-04-27T01:02:36.687+0000 7f2e5ffff700 1 --2- 172.21.15.139:0/2473441213 >> [v2:172.21.15.139:6800/1532263389,v1:172.21.15.139:6801/1532263389] conn(0x7f2e600368a0 0x7f2e60038d50 unknown :-1 s=NONE pgs=0 cs=0 l=1 rev1=0 crypto rx=0 tx=0 comp rx=0 tx=0).connect
2024-04-27T01:02:37.530 INFO:teuthology.orchestra.run.smithi139.stdout:/usr/bin/ceph: stderr
2024-04-27T01:02:36.687+0000 7f2e5ffff700 1 -- 172.21.15.139:0/2473441213 <== mon.0 v2:172.21.15.139:3300/0 5 ==== osd_map(1..1 src has 1..1) v4 ==== 721+0+0 (secure 0 0 0) 0x7f2e6804a570 con 0x7f2e78076c50
2024-04-27T01:02:37.530 INFO:teuthology.orchestra.run.smithi139.stdout:/usr/bin/ceph: stderr
2024-04-27T01:02:36.687+0000 7f2e76ffd700 1 -- 172.21.15.139:0/2473441213 >> [v2:172.21.15.139:6800/1532263389,v1:172.21.15.139:6801/1532263389] conn(0x7f2e600368a0 msgr2=0x7f2e60038d50 unknown :-1 s=STATE_CONNECTING_RE l=1).process reconnect failed to v2:172.21.15.139:6800/1532263389
2024-04-27T01:02:37.530 INFO:teuthology.orchestra.run.smithi139.stdout:/usr/bin/ceph: stderr
2024-04-27T01:02:36.687+0000 7f2e76ffd700 1 --2- 172.21.15.139:0/2473441213 >> [v2:172.21.15.139:6800/1532263389,v1:172.21.15.139:6801/1532263389] conn(0x7f2e600368a0 0x7f2e60038d50 unknown :-1 s=START_CONNECT pgs=0 cs=0 l=1 rev1=0 crypto rx=0 tx=0 comp rx=0 tx=0)._fault waiting 0.200000
2024-04-27T01:02:37.530 INFO:teuthology.orchestra.run.smithi139.stdout:/usr/bin/ceph: stderr
2024-04-27T01:02:36.692+0000 7f2e5ffff700 1 -- 172.21.15.139:0/2473441213 <== mon.0 v2:172.21.15.139:3300/0 6 ==== mon_command_ack([{"prefix": "get_command_descriptions"}]=0 v0) v1 ==== 72+0+176702 (secure 0 0 0) 0x7f2e68022910 con 0x7f2e78076c50
2024-04-27T01:02:37.530 INFO:teuthology.orchestra.run.smithi139.stdout:/usr/bin/ceph: stderr
2024-04-27T01:02:36.888+0000 7f2e76ffd700 1 -- 172.21.15.139:0/2473441213 >> [v2:172.21.15.139:6800/1532263389,v1:172.21.15.139:6801/1532263389] conn(0x7f2e600368a0 msgr2=0x7f2e60038d50 unknown :-1 s=STATE_CONNECTING_RE l=1).process reconnect failed to v2:172.21.15.139:6800/1532263389
2024-04-27T01:02:37.530 INFO:teuthology.orchestra.run.smithi139.stdout:/usr/bin/ceph: stderr
2024-04-27T01:02:36.888+0000 7f2e76ffd700 1 --2- 172.21.15.139:0/2473441213 >> [v2:172.21.15.139:6800/1532263389,v1:172.21.15.139:6801/1532263389] conn(0x7f2e600368a0 0x7f2e60038d50 unknown :-1 s=START_CONNECT pgs=0 cs=0 l=1 rev1=0 crypto rx=0 tx=0 comp rx=0 tx=0)._fault waiting 0.400000
2024-04-27T01:02:37.531 INFO:teuthology.orchestra.run.smithi139.stdout:/usr/bin/ceph: stderr
2024-04-27T01:02:36.975+0000 7f2e7dcdb700 1 -- 172.21.15.139:0/2473441213 --> [v2:172.21.15.139:3300/0,v1:172.21.15.139:6789/0] -- mon_command({"prefix": "mgr stat"} v 0) v1 -- 0x7f2e78112b90 con 0x7f2e78076c50
2024-04-27T01:02:37.531 INFO:teuthology.orchestra.run.smithi139.stdout:/usr/bin/ceph: stderr
2024-04-27T01:02:36.976+0000 7f2e5ffff700 1 -- 172.21.15.139:0/2473441213 <== mon.0 v2:172.21.15.139:3300/0 7 ==== mon_command_ack([{"prefix": "mgr stat"}]=0 v5) v1 ==== 56+0+103 (secure 0 0 0) 0x7f2e68022340 con 0x7f2e78076c50
2024-04-27T01:02:37.531 INFO:teuthology.orchestra.run.smithi139.stdout:/usr/bin/ceph: stderr
2024-04-27T01:02:36.979+0000 7f2e7dcdb700 1 -- 172.21.15.139:0/2473441213 >> [v2:172.21.15.139:6800/1532263389,v1:172.21.15.139:6801/1532263389] conn(0x7f2e600368a0 msgr2=0x7f2e60038d50 unknown :-1 s=STATE_CONNECTING l=1).mark_down
2024-04-27T01:02:37.531 INFO:teuthology.orchestra.run.smithi139.stdout:/usr/bin/ceph: stderr
2024-04-27T01:02:36.979+0000 7f2e7dcdb700 1 --2- 172.21.15.139:0/2473441213 >> [v2:172.21.15.139:6800/1532263389,v1:172.21.15.139:6801/1532263389] conn(0x7f2e600368a0 0x7f2e60038d50 unknown :-1 s=START_CONNECT pgs=0 cs=0 l=1 rev1=0 crypto rx=0 tx=0 comp rx=0 tx=0).stop
2024-04-27T01:02:37.531 INFO:teuthology.orchestra.run.smithi139.stdout:/usr/bin/ceph: stderr
2024-04-27T01:02:36.979+0000 7f2e7dcdb700 1 -- 172.21.15.139:0/2473441213 >> [v2:172.21.15.139:3300/0,v1:172.21.15.139:6789/0] conn(0x7f2e78076c50 msgr2=0x7f2e781115a0 secure :-1 s=STATE_CONNECTION_ESTABLISHED l=1).mark_down
2024-04-27T01:02:37.531 INFO:teuthology.orchestra.run.smithi139.stdout:/usr/bin/ceph: stderr
2024-04-27T01:02:36.979+0000 7f2e7dcdb700 1 --2- 172.21.15.139:0/2473441213 >> [v2:172.21.15.139:3300/0,v1:172.21.15.139:6789/0] conn(0x7f2e78076c50 0x7f2e781115a0 secure :-1 s=READY pgs=27 cs=0 l=1 rev1=1 crypto rx=0x7f2e68006b00 tx=0x7f2e68009250 comp rx=0 tx=0).stop
2024-04-27T01:02:37.531 INFO:teuthology.orchestra.run.smithi139.stdout:/usr/bin/ceph: stderr
2024-04-27T01:02:36.979+0000 7f2e7dcdb700 1 -- 172.21.15.139:0/2473441213 shutdown_connections
2024-04-27T01:02:37.531 INFO:teuthology.orchestra.run.smithi139.stdout:/usr/bin/ceph: stderr
2024-04-27T01:02:36.979+0000 7f2e7dcdb700 1 --2- 172.21.15.139:0/2473441213 >> [v2:172.21.15.139:6800/1532263389,v1:172.21.15.139:6801/1532263389] conn(0x7f2e600368a0 0x7f2e60038d50 unknown :-1 s=CLOSED pgs=0 cs=0 l=1 rev1=0 crypto rx=0 tx=0 comp rx=0 tx=0).stop
2024-04-27T01:02:37.531 INFO:teuthology.orchestra.run.smithi139.stdout:/usr/bin/ceph: stderr
2024-04-27T01:02:36.979+0000 7f2e7dcdb700 1 --2- 172.21.15.139:0/2473441213 >> [v2:172.21.15.139:3300/0,v1:172.21.15.139:6789/0] conn(0x7f2e78076c50 0x7f2e781115a0 unknown :-1 s=CLOSED pgs=27 cs=0 l=1 rev1=1 crypto rx=0 tx=0 comp rx=0 tx=0).stop
2024-04-27T01:02:37.531 INFO:teuthology.orchestra.run.smithi139.stdout:/usr/bin/ceph: stderr
2024-04-27T01:02:36.979+0000 7f2e7dcdb700 1 -- 172.21.15.139:0/2473441213 >> 172.21.15.139:0/2473441213 conn(0x7f2e780fced0 msgr2=0x7f2e780fd9b0 unknown :-1 s=STATE_NONE l=0).mark_down
2024-04-27T01:02:37.531 INFO:teuthology.orchestra.run.smithi139.stdout:/usr/bin/ceph: stderr
2024-04-27T01:02:36.980+0000 7f2e7dcdb700 1 -- 172.21.15.139:0/2473441213 shutdown_connections
2024-04-27T01:02:37.531 INFO:teuthology.orchestra.run.smithi139.stdout:/usr/bin/ceph: stderr
2024-04-27T01:02:36.980+0000 7f2e7dcdb700 1 -- 172.21.15.139:0/2473441213 wait complete.
2024-04-27T01:02:37.531 INFO:teuthology.orchestra.run.smithi139.stdout:Waiting for the mgr to restart...
2024-04-27T01:02:37.531 INFO:teuthology.orchestra.run.smithi139.stdout:Waiting for mgr epoch 5...
2024-04-27T01:02:37.816 INFO:journalctl@ceph.mon.smithi139.smithi139.stdout:Apr 27 01:02:37 smithi139 ceph-mon[26652]: from='client.? 172.21.15.139:0/2473441213' entity='client.admin' cmd=[{"prefix": "mgr stat"}]: dispatch
2024-04-27T01:02:42.316 INFO:journalctl@ceph.mon.smithi139.smithi139.stdout:Apr 27 01:02:42 smithi139 ceph-mon[26652]: Active manager daemon smithi139.dfxmkm restarted
2024-04-27T01:02:42.316 INFO:journalctl@ceph.mon.smithi139.smithi139.stdout:Apr 27 01:02:42 smithi139 ceph-mon[26652]: Activating manager daemon smithi139.dfxmkm
2024-04-27T01:02:42.316 INFO:journalctl@ceph.mon.smithi139.smithi139.stdout:Apr 27 01:02:42 smithi139 ceph-mon[26652]: osdmap e2: 0 total, 0 up, 0 in
2024-04-27T01:02:42.316 INFO:journalctl@ceph.mon.smithi139.smithi139.stdout:Apr 27 01:02:42 smithi139 ceph-mon[26652]: mgrmap e6: smithi139.dfxmkm(active, starting, since 0.00326381s)
2024-04-27T01:02:42.317 INFO:journalctl@ceph.mon.smithi139.smithi139.stdout:Apr 27 01:02:42 smithi139 ceph-mon[26652]: from='mgr.14120 172.21.15.139:0/484098146' entity='mgr.smithi139.dfxmkm' cmd=[{"prefix": "mon metadata", "id": "smithi139"}]: dispatch
2024-04-27T01:02:42.317 INFO:journalctl@ceph.mon.smithi139.smithi139.stdout:Apr 27 01:02:42 smithi139 ceph-mon[26652]: from='mgr.14120 172.21.15.139:0/484098146' entity='mgr.smithi139.dfxmkm' cmd=[{"prefix": "mgr metadata", "who": "smithi139.dfxmkm", "id": "smithi139.dfxmkm"}]: dispatch
2024-04-27T01:02:42.317 INFO:journalctl@ceph.mon.smithi139.smithi139.stdout:Apr 27 01:02:42 smithi139 ceph-mon[26652]: from='mgr.14120 172.21.15.139:0/484098146' entity='mgr.smithi139.dfxmkm' cmd=[{"prefix": "mds metadata"}]: dispatch
2024-04-27T01:02:42.317 INFO:journalctl@ceph.mon.smithi139.smithi139.stdout:Apr 27 01:02:42 smithi139 ceph-mon[26652]: from='mgr.14120 172.21.15.139:0/484098146' entity='mgr.smithi139.dfxmkm' cmd=[{"prefix": "osd metadata"}]: dispatch
2024-04-27T01:02:42.317 INFO:journalctl@ceph.mon.smithi139.smithi139.stdout:Apr 27 01:02:42 smithi139 ceph-mon[26652]: from='mgr.14120 172.21.15.139:0/484098146' entity='mgr.smithi139.dfxmkm' cmd=[{"prefix": "mon metadata"}]: dispatch
2024-04-27T01:02:42.317 INFO:journalctl@ceph.mon.smithi139.smithi139.stdout:Apr 27 01:02:42 smithi139 ceph-mon[26652]: Manager daemon smithi139.dfxmkm is now available
2024-04-27T01:02:42.318 INFO:journalctl@ceph.mon.smithi139.smithi139.stdout:Apr 27 01:02:42 smithi139 ceph-mon[26652]: from='mgr.14120 172.21.15.139:0/484098146' entity='mgr.smithi139.dfxmkm'
2024-04-27T01:02:42.318 INFO:journalctl@ceph.mon.smithi139.smithi139.stdout:Apr 27 01:02:42 smithi139 ceph-mon[26652]: from='mgr.14120 172.21.15.139:0/484098146' entity='mgr.smithi139.dfxmkm'
2024-04-27T01:02:42.318 INFO:journalctl@ceph.mon.smithi139.smithi139.stdout:Apr 27 01:02:42 smithi139 ceph-mon[26652]: from='mgr.14120 172.21.15.139:0/484098146' entity='mgr.smithi139.dfxmkm' cmd=[{"prefix": "config dump", "format": "json"}]: dispatch
2024-04-27T01:02:42.318 INFO:journalctl@ceph.mon.smithi139.smithi139.stdout:Apr 27 01:02:42 smithi139 ceph-mon[26652]: from='mgr.14120 172.21.15.139:0/484098146' entity='mgr.smithi139.dfxmkm' cmd=[{"prefix": "config dump", "format": "json"}]: dispatch
2024-04-27T01:02:42.318 INFO:journalctl@ceph.mon.smithi139.smithi139.stdout:Apr 27 01:02:42 smithi139 ceph-mon[26652]: from='mgr.14120 172.21.15.139:0/484098146' entity='mgr.smithi139.dfxmkm' cmd=[{"prefix": "config dump", "format": "json"}]: dispatch
2024-04-27T01:02:42.318 INFO:journalctl@ceph.mon.smithi139.smithi139.stdout:Apr 27 01:02:42 smithi139 ceph-mon[26652]: from='mgr.14120 172.21.15.139:0/484098146' entity='mgr.smithi139.dfxmkm' cmd=[{"prefix":"config rm","who":"mgr","name":"mgr/rbd_support/smithi139.dfxmkm/mirror_snapshot_schedule"}]: dispatch
2024-04-27T01:02:42.319 INFO:journalctl@ceph.mon.smithi139.smithi139.stdout:Apr 27 01:02:42 smithi139 ceph-mon[26652]: from='mgr.14120 172.21.15.139:0/484098146' entity='mgr.smithi139.dfxmkm' cmd=[{"prefix":"config rm","who":"mgr","name":"mgr/rbd_support/smithi139.dfxmkm/trash_purge_schedule"}]: dispatch
2024-04-27T01:02:43.515 INFO:journalctl@ceph.mon.smithi139.smithi139.stdout:Apr 27 01:02:43 smithi139 ceph-mon[26652]: Found migration_current of "None". Setting to last migration.
2024-04-27T01:02:43.515 INFO:journalctl@ceph.mon.smithi139.smithi139.stdout:Apr 27 01:02:43 smithi139 ceph-mon[26652]: mgrmap e7: smithi139.dfxmkm(active, since 1.00519s)
2024-04-27T01:02:43.834 INFO:teuthology.orchestra.run.smithi139.stdout:/usr/bin/ceph: stdout {
2024-04-27T01:02:43.835 INFO:teuthology.orchestra.run.smithi139.stdout:/usr/bin/ceph: stdout "mgrmap_epoch": 7,
2024-04-27T01:02:43.835 INFO:teuthology.orchestra.run.smithi139.stdout:/usr/bin/ceph: stdout "initialized": true
2024-04-27T01:02:43.835 INFO:teuthology.orchestra.run.smithi139.stdout:/usr/bin/ceph: stdout }
2024-04-27T01:02:43.835 INFO:teuthology.orchestra.run.smithi139.stdout:/usr/bin/ceph: stderr
2024-04-27T01:02:37.922+0000 7f1382590700 1 Processor -- start
2024-04-27T01:02:43.835 INFO:teuthology.orchestra.run.smithi139.stdout:/usr/bin/ceph: stderr
2024-04-27T01:02:37.922+0000 7f1382590700 1 -- start start
2024-04-27T01:02:43.835 INFO:teuthology.orchestra.run.smithi139.stdout:/usr/bin/ceph: stderr
2024-04-27T01:02:37.922+0000 7f1382590700 1 --2- >> [v2:172.21.15.139:3300/0,v1:172.21.15.139:6789/0] conn(0x7f137c071230 0x7f137c105510 unknown :-1 s=NONE pgs=0 cs=0 l=0 rev1=0 crypto rx=0 tx=0 comp rx=0 tx=0).connect
2024-04-27T01:02:43.835 INFO:teuthology.orchestra.run.smithi139.stdout:/usr/bin/ceph: stderr
2024-04-27T01:02:37.922+0000 7f1382590700 1 -- --> [v2:172.21.15.139:3300/0,v1:172.21.15.139:6789/0] -- mon_getmap magic: 0 v1 -- 0x7f137c071640 con 0x7f137c071230
2024-04-27T01:02:43.835 INFO:teuthology.orchestra.run.smithi139.stdout:/usr/bin/ceph: stderr
2024-04-27T01:02:37.922+0000 7f137bfff700 1 --2- >> [v2:172.21.15.139:3300/0,v1:172.21.15.139:6789/0] conn(0x7f137c071230 0x7f137c105510 unknown :-1 s=BANNER_CONNECTING pgs=0 cs=0 l=0 rev1=0 crypto rx=0 tx=0 comp rx=0 tx=0)._handle_peer_banner_payload supported=3 required=0
2024-04-27T01:02:43.835 INFO:teuthology.orchestra.run.smithi139.stdout:/usr/bin/ceph: stderr
2024-04-27T01:02:37.923+0000 7f137bfff700 1 --2- >> [v2:172.21.15.139:3300/0,v1:172.21.15.139:6789/0] conn(0x7f137c071230 0x7f137c105510 unknown :-1 s=HELLO_CONNECTING pgs=0 cs=0 l=0 rev1=1 crypto rx=0 tx=0 comp rx=0 tx=0).handle_hello peer v2:172.21.15.139:3300/0 says I am v2:172.21.15.139:48754/0 (socket says 172.21.15.139:48754)
2024-04-27T01:02:43.835 INFO:teuthology.orchestra.run.smithi139.stdout:/usr/bin/ceph: stderr
2024-04-27T01:02:37.923+0000 7f137bfff700 1 -- 172.21.15.139:0/2401824974 learned_addr learned my addr 172.21.15.139:0/2401824974 (peer_addr_for_me v2:172.21.15.139:0/0)
2024-04-27T01:02:43.835 INFO:teuthology.orchestra.run.smithi139.stdout:/usr/bin/ceph: stderr
2024-04-27T01:02:37.923+0000 7f137bfff700 1 -- 172.21.15.139:0/2401824974 --> [v2:172.21.15.139:3300/0,v1:172.21.15.139:6789/0] -- mon_subscribe({config=0+,monmap=0+}) v3 -- 0x7f137c105a50 con 0x7f137c071230
2024-04-27T01:02:43.835 INFO:teuthology.orchestra.run.smithi139.stdout:/usr/bin/ceph: stderr
2024-04-27T01:02:37.923+0000 7f137bfff700 1 --2- 172.21.15.139:0/2401824974 >> [v2:172.21.15.139:3300/0,v1:172.21.15.139:6789/0] conn(0x7f137c071230 0x7f137c105510 secure :-1 s=READY pgs=28 cs=0 l=1 rev1=1 crypto rx=0x7f13700098e0 tx=0x7f1370009250 comp rx=0 tx=0).ready entity=mon.0 client_cookie=aa01d11d928b469a server_cookie=0 in_seq=0 out_seq=0
2024-04-27T01:02:43.835 INFO:teuthology.orchestra.run.smithi139.stdout:/usr/bin/ceph: stderr
2024-04-27T01:02:37.923+0000 7f137affd700 1 -- 172.21.15.139:0/2401824974 <== mon.0 v2:172.21.15.139:3300/0 1 ==== mon_map magic: 0 v1 ==== 229+0+0 (secure 0 0 0) 0x7f137000b860 con 0x7f137c071230
2024-04-27T01:02:43.835 INFO:teuthology.orchestra.run.smithi139.stdout:/usr/bin/ceph: stderr
2024-04-27T01:02:37.923+0000 7f137affd700 1 -- 172.21.15.139:0/2401824974 <== mon.0 v2:172.21.15.139:3300/0 2 ==== config(27 keys) v1 ==== 1044+0+0 (secure 0 0 0) 0x7f137000be50 con 0x7f137c071230
2024-04-27T01:02:43.835 INFO:teuthology.orchestra.run.smithi139.stdout:/usr/bin/ceph: stderr
2024-04-27T01:02:37.923+0000 7f137affd700 1 -- 172.21.15.139:0/2401824974 <== mon.0 v2:172.21.15.139:3300/0 3 ==== mon_map magic: 0 v1 ==== 229+0+0 (secure 0 0 0) 0x7f1370010380 con 0x7f137c071230
2024-04-27T01:02:43.836 INFO:teuthology.orchestra.run.smithi139.stdout:/usr/bin/ceph: stderr
2024-04-27T01:02:37.924+0000 7f1382590700 1 -- 172.21.15.139:0/2401824974 >> [v2:172.21.15.139:3300/0,v1:172.21.15.139:6789/0] conn(0x7f137c071230 msgr2=0x7f137c105510 secure :-1 s=STATE_CONNECTION_ESTABLISHED l=1).mark_down
2024-04-27T01:02:43.836 INFO:teuthology.orchestra.run.smithi139.stdout:/usr/bin/ceph: stderr
2024-04-27T01:02:37.924+0000 7f1382590700 1 --2- 172.21.15.139:0/2401824974 >> [v2:172.21.15.139:3300/0,v1:172.21.15.139:6789/0] conn(0x7f137c071230 0x7f137c105510 secure :-1 s=READY pgs=28 cs=0 l=1 rev1=1 crypto rx=0x7f13700098e0 tx=0x7f1370009250 comp rx=0 tx=0).stop
2024-04-27T01:02:43.836 INFO:teuthology.orchestra.run.smithi139.stdout:/usr/bin/ceph: stderr
2024-04-27T01:02:37.924+0000 7f1382590700 1 -- 172.21.15.139:0/2401824974 shutdown_connections
2024-04-27T01:02:43.836 INFO:teuthology.orchestra.run.smithi139.stdout:/usr/bin/ceph: stderr
2024-04-27T01:02:37.924+0000 7f1382590700 1 --2- 172.21.15.139:0/2401824974 >> [v2:172.21.15.139:3300/0,v1:172.21.15.139:6789/0] conn(0x7f137c071230 0x7f137c105510 unknown :-1 s=CLOSED pgs=28 cs=0 l=1 rev1=1 crypto rx=0 tx=0 comp rx=0 tx=0).stop
2024-04-27T01:02:43.836 INFO:teuthology.orchestra.run.smithi139.stdout:/usr/bin/ceph: stderr
2024-04-27T01:02:37.924+0000 7f1382590700 1 -- 172.21.15.139:0/2401824974 >> 172.21.15.139:0/2401824974 conn(0x7f137c0fcea0 msgr2=0x7f137c0ff2f0 unknown :-1 s=STATE_NONE l=0).mark_down
2024-04-27T01:02:43.836 INFO:teuthology.orchestra.run.smithi139.stdout:/usr/bin/ceph: stderr
2024-04-27T01:02:37.924+0000 7f1382590700 1 -- 172.21.15.139:0/2401824974 shutdown_connections
2024-04-27T01:02:43.836 INFO:teuthology.orchestra.run.smithi139.stdout:/usr/bin/ceph: stderr
2024-04-27T01:02:37.924+0000 7f1382590700 1 -- 172.21.15.139:0/2401824974 wait complete.
2024-04-27T01:02:43.836 INFO:teuthology.orchestra.run.smithi139.stdout:/usr/bin/ceph: stderr
2024-04-27T01:02:37.925+0000 7f1382590700 1 Processor -- start
2024-04-27T01:02:43.836 INFO:teuthology.orchestra.run.smithi139.stdout:/usr/bin/ceph: stderr
2024-04-27T01:02:37.925+0000 7f1382590700 1 -- start start
2024-04-27T01:02:43.836 INFO:teuthology.orchestra.run.smithi139.stdout:/usr/bin/ceph: stderr
2024-04-27T01:02:37.925+0000 7f1382590700 1 --2- >> [v2:172.21.15.139:3300/0,v1:172.21.15.139:6789/0] conn(0x7f137c071230 0x7f137c111640 unknown :-1 s=NONE pgs=0 cs=0 l=1 rev1=0 crypto rx=0 tx=0 comp rx=0 tx=0).connect
2024-04-27T01:02:43.836 INFO:teuthology.orchestra.run.smithi139.stdout:/usr/bin/ceph: stderr
2024-04-27T01:02:37.925+0000 7f1382590700 1 -- --> [v2:172.21.15.139:3300/0,v1:172.21.15.139:6789/0] -- mon_getmap magic: 0 v1 -- 0x7f137c111b80 con 0x7f137c071230
2024-04-27T01:02:43.837 INFO:teuthology.orchestra.run.smithi139.stdout:/usr/bin/ceph: stderr
2024-04-27T01:02:37.925+0000 7f137bfff700 1 --2- >> [v2:172.21.15.139:3300/0,v1:172.21.15.139:6789/0] conn(0x7f137c071230 0x7f137c111640 unknown :-1 s=BANNER_CONNECTING pgs=0 cs=0 l=1 rev1=0 crypto rx=0 tx=0 comp rx=0 tx=0)._handle_peer_banner_payload supported=3 required=0
2024-04-27T01:02:43.837 INFO:teuthology.orchestra.run.smithi139.stdout:/usr/bin/ceph: stderr
2024-04-27T01:02:37.925+0000 7f137bfff700 1 --2- >> [v2:172.21.15.139:3300/0,v1:172.21.15.139:6789/0] conn(0x7f137c071230 0x7f137c111640 unknown :-1 s=HELLO_CONNECTING pgs=0 cs=0 l=1 rev1=1 crypto rx=0 tx=0 comp rx=0 tx=0).handle_hello peer v2:172.21.15.139:3300/0 says I am v2:172.21.15.139:48762/0 (socket says 172.21.15.139:48762)
2024-04-27T01:02:43.837 INFO:teuthology.orchestra.run.smithi139.stdout:/usr/bin/ceph: stderr
2024-04-27T01:02:37.925+0000 7f137bfff700 1 -- 172.21.15.139:0/3821004960 learned_addr learned my addr 172.21.15.139:0/3821004960 (peer_addr_for_me v2:172.21.15.139:0/0)
2024-04-27T01:02:43.837 INFO:teuthology.orchestra.run.smithi139.stdout:/usr/bin/ceph: stderr
2024-04-27T01:02:37.925+0000 7f137bfff700 1 -- 172.21.15.139:0/3821004960 --> [v2:172.21.15.139:3300/0,v1:172.21.15.139:6789/0] -- mon_subscribe({config=0+,monmap=0+}) v3 -- 0x7f13700094f0 con 0x7f137c071230
2024-04-27T01:02:43.837 INFO:teuthology.orchestra.run.smithi139.stdout:/usr/bin/ceph: stderr
2024-04-27T01:02:37.926+0000 7f137bfff700 1 --2- 172.21.15.139:0/3821004960 >> [v2:172.21.15.139:3300/0,v1:172.21.15.139:6789/0] conn(0x7f137c071230 0x7f137c111640 secure :-1 s=READY pgs=29 cs=0 l=1 rev1=1 crypto rx=0x7f137000b440 tx=0x7f1370009250 comp rx=0 tx=0).ready entity=mon.0 client_cookie=0 server_cookie=0 in_seq=0 out_seq=0
2024-04-27T01:02:43.837 INFO:teuthology.orchestra.run.smithi139.stdout:/usr/bin/ceph: stderr
2024-04-27T01:02:37.926+0000 7f1378ff9700 1 -- 172.21.15.139:0/3821004960 <== mon.0 v2:172.21.15.139:3300/0 1 ==== mon_map magic: 0 v1 ==== 229+0+0 (secure 0 0 0) 0x7f1370010760 con 0x7f137c071230
2024-04-27T01:02:43.837 INFO:teuthology.orchestra.run.smithi139.stdout:/usr/bin/ceph: stderr
2024-04-27T01:02:37.926+0000 7f1378ff9700 1 -- 172.21.15.139:0/3821004960 <== mon.0 v2:172.21.15.139:3300/0 2 ==== config(27 keys) v1 ==== 1044+0+0 (secure 0 0 0) 0x7f1370010d50 con 0x7f137c071230
2024-04-27T01:02:43.837 INFO:teuthology.orchestra.run.smithi139.stdout:/usr/bin/ceph: stderr
2024-04-27T01:02:37.926+0000 7f1378ff9700 1 -- 172.21.15.139:0/3821004960 <== mon.0 v2:172.21.15.139:3300/0 3 ==== mon_map magic: 0 v1 ==== 229+0+0 (secure 0 0 0) 0x7f137001adc0 con 0x7f137c071230
2024-04-27T01:02:43.837 INFO:teuthology.orchestra.run.smithi139.stdout:/usr/bin/ceph: stderr
2024-04-27T01:02:37.926+0000 7f1382590700 1 -- 172.21.15.139:0/3821004960 --> [v2:172.21.15.139:3300/0,v1:172.21.15.139:6789/0] -- mon_subscribe({mgrmap=0+}) v3 -- 0x7f137c111d80 con 0x7f137c071230
2024-04-27T01:02:43.837 INFO:teuthology.orchestra.run.smithi139.stdout:/usr/bin/ceph: stderr
2024-04-27T01:02:37.926+0000 7f1382590700 1 -- 172.21.15.139:0/3821004960 --> [v2:172.21.15.139:3300/0,v1:172.21.15.139:6789/0] -- mon_subscribe({osdmap=0}) v3 -- 0x7f137c1128f0 con 0x7f137c071230
2024-04-27T01:02:43.837 INFO:teuthology.orchestra.run.smithi139.stdout:/usr/bin/ceph: stderr
2024-04-27T01:02:37.927+0000 7f1378ff9700 1 -- 172.21.15.139:0/3821004960 <== mon.0 v2:172.21.15.139:3300/0 4 ==== mgrmap(e 5) v1 ==== 43376+0+0 (secure 0 0 0) 0x7f1370019410 con 0x7f137c071230
2024-04-27T01:02:43.837 INFO:teuthology.orchestra.run.smithi139.stdout:/usr/bin/ceph: stderr
2024-04-27T01:02:37.927+0000 7f1378ff9700 1 --2- 172.21.15.139:0/3821004960 >> [v2:172.21.15.139:6800/1532263389,v1:172.21.15.139:6801/1532263389] conn(0x7f1364036830 0x7f1364038ce0 unknown :-1 s=NONE pgs=0 cs=0 l=1 rev1=0 crypto rx=0 tx=0 comp rx=0 tx=0).connect
2024-04-27T01:02:43.837 INFO:teuthology.orchestra.run.smithi139.stdout:/usr/bin/ceph: stderr
2024-04-27T01:02:37.927+0000 7f1382590700 1 -- 172.21.15.139:0/3821004960 --> [v2:172.21.15.139:6800/1532263389,v1:172.21.15.139:6801/1532263389] -- command(tid 0: {"prefix": "get_command_descriptions"}) v1 -- 0x7f137c05f5c0 con 0x7f1364036830
2024-04-27T01:02:43.837 INFO:teuthology.orchestra.run.smithi139.stdout:/usr/bin/ceph: stderr
2024-04-27T01:02:37.927+0000 7f1378ff9700 1 -- 172.21.15.139:0/3821004960 <== mon.0 v2:172.21.15.139:3300/0 5 ==== osd_map(1..1 src has 1..1) v4 ==== 721+0+0 (secure 0 0 0) 0x7f137004a000 con 0x7f137c071230
2024-04-27T01:02:43.838 INFO:teuthology.orchestra.run.smithi139.stdout:/usr/bin/ceph: stderr
2024-04-27T01:02:37.927+0000 7f137b7fe700 1 -- 172.21.15.139:0/3821004960 >> [v2:172.21.15.139:6800/1532263389,v1:172.21.15.139:6801/1532263389] conn(0x7f1364036830 msgr2=0x7f1364038ce0 unknown :-1 s=STATE_CONNECTING_RE l=1).process reconnect failed to v2:172.21.15.139:6800/1532263389
2024-04-27T01:02:43.838 INFO:teuthology.orchestra.run.smithi139.stdout:/usr/bin/ceph: stderr
2024-04-27T01:02:37.927+0000 7f137b7fe700 1 --2- 172.21.15.139:0/3821004960 >> [v2:172.21.15.139:6800/1532263389,v1:172.21.15.139:6801/1532263389] conn(0x7f1364036830 0x7f1364038ce0 unknown :-1 s=START_CONNECT pgs=0 cs=0 l=1 rev1=0 crypto rx=0 tx=0 comp rx=0 tx=0)._fault waiting 0.200000
2024-04-27T01:02:43.838 INFO:teuthology.orchestra.run.smithi139.stdout:/usr/bin/ceph: stderr
2024-04-27T01:02:38.128+0000 7f137b7fe700 1 -- 172.21.15.139:0/3821004960 >> [v2:172.21.15.139:6800/1532263389,v1:172.21.15.139:6801/1532263389] conn(0x7f1364036830 msgr2=0x7f1364038ce0 unknown :-1 s=STATE_CONNECTING_RE l=1).process reconnect failed to v2:172.21.15.139:6800/1532263389
2024-04-27T01:02:43.838 INFO:teuthology.orchestra.run.smithi139.stdout:/usr/bin/ceph: stderr
2024-04-27T01:02:38.128+0000 7f137b7fe700 1 --2- 172.21.15.139:0/3821004960 >> [v2:172.21.15.139:6800/1532263389,v1:172.21.15.139:6801/1532263389] conn(0x7f1364036830 0x7f1364038ce0 unknown :-1 s=START_CONNECT pgs=0 cs=0 l=1 rev1=0 crypto rx=0 tx=0 comp rx=0 tx=0)._fault waiting 0.400000
2024-04-27T01:02:43.838 INFO:teuthology.orchestra.run.smithi139.stdout:/usr/bin/ceph: stderr
2024-04-27T01:02:38.529+0000 7f137b7fe700 1 -- 172.21.15.139:0/3821004960 >> [v2:172.21.15.139:6800/1532263389,v1:172.21.15.139:6801/1532263389] conn(0x7f1364036830 msgr2=0x7f1364038ce0 unknown :-1 s=STATE_CONNECTING_RE l=1).process reconnect failed to v2:172.21.15.139:6800/1532263389
2024-04-27T01:02:43.838 INFO:teuthology.orchestra.run.smithi139.stdout:/usr/bin/ceph: stderr
2024-04-27T01:02:38.529+0000 7f137b7fe700 1 --2- 172.21.15.139:0/3821004960 >> [v2:172.21.15.139:6800/1532263389,v1:172.21.15.139:6801/1532263389] conn(0x7f1364036830 0x7f1364038ce0 unknown :-1 s=START_CONNECT pgs=0 cs=0 l=1 rev1=0 crypto rx=0 tx=0 comp rx=0 tx=0)._fault waiting 0.800000
2024-04-27T01:02:43.838 INFO:teuthology.orchestra.run.smithi139.stdout:/usr/bin/ceph: stderr
2024-04-27T01:02:39.330+0000 7f137b7fe700 1 -- 172.21.15.139:0/3821004960 >> [v2:172.21.15.139:6800/1532263389,v1:172.21.15.139:6801/1532263389] conn(0x7f1364036830 msgr2=0x7f1364038ce0 unknown :-1 s=STATE_CONNECTING_RE l=1).process reconnect failed to v2:172.21.15.139:6800/1532263389
2024-04-27T01:02:43.838 INFO:teuthology.orchestra.run.smithi139.stdout:/usr/bin/ceph: stderr
2024-04-27T01:02:39.330+0000 7f137b7fe700 1 --2- 172.21.15.139:0/3821004960 >> [v2:172.21.15.139:6800/1532263389,v1:172.21.15.139:6801/1532263389] conn(0x7f1364036830 0x7f1364038ce0 unknown :-1 s=START_CONNECT pgs=0 cs=0 l=1 rev1=0 crypto rx=0 tx=0 comp rx=0 tx=0)._fault waiting 1.600000
2024-04-27T01:02:43.839 INFO:teuthology.orchestra.run.smithi139.stdout:/usr/bin/ceph: stderr
2024-04-27T01:02:40.931+0000 7f137b7fe700 1 -- 172.21.15.139:0/3821004960 >> [v2:172.21.15.139:6800/1532263389,v1:172.21.15.139:6801/1532263389] conn(0x7f1364036830 msgr2=0x7f1364038ce0 unknown :-1 s=STATE_CONNECTING_RE l=1).process reconnect failed to v2:172.21.15.139:6800/1532263389
2024-04-27T01:02:43.839 INFO:teuthology.orchestra.run.smithi139.stdout:/usr/bin/ceph: stderr
2024-04-27T01:02:40.931+0000 7f137b7fe700 1 --2- 172.21.15.139:0/3821004960 >> [v2:172.21.15.139:6800/1532263389,v1:172.21.15.139:6801/1532263389] conn(0x7f1364036830 0x7f1364038ce0 unknown :-1 s=START_CONNECT pgs=0 cs=0 l=1 rev1=0 crypto rx=0 tx=0 comp rx=0 tx=0)._fault waiting 3.200000
2024-04-27T01:02:43.839 INFO:teuthology.orchestra.run.smithi139.stdout:/usr/bin/ceph: stderr
2024-04-27T01:02:42.214+0000 7f1378ff9700 1 -- 172.21.15.139:0/3821004960 <== mon.0 v2:172.21.15.139:3300/0 6 ==== mgrmap(e 6) v1 ==== 43143+0+0 (secure 0 0 0) 0x7f137002c350 con 0x7f137c071230
2024-04-27T01:02:43.839 INFO:teuthology.orchestra.run.smithi139.stdout:/usr/bin/ceph: stderr
2024-04-27T01:02:42.214+0000 7f1378ff9700 1 -- 172.21.15.139:0/3821004960 >> [v2:172.21.15.139:6800/1532263389,v1:172.21.15.139:6801/1532263389] conn(0x7f1364036830 msgr2=0x7f1364038ce0 unknown :-1 s=STATE_CONNECTING l=1).mark_down
2024-04-27T01:02:43.839 INFO:teuthology.orchestra.run.smithi139.stdout:/usr/bin/ceph: stderr
2024-04-27T01:02:42.214+0000 7f1378ff9700 1 --2- 172.21.15.139:0/3821004960 >> [v2:172.21.15.139:6800/1532263389,v1:172.21.15.139:6801/1532263389] conn(0x7f1364036830 0x7f1364038ce0 unknown :-1 s=START_CONNECT pgs=0 cs=0 l=1 rev1=0 crypto rx=0 tx=0 comp rx=0 tx=0).stop
2024-04-27T01:02:43.839 INFO:teuthology.orchestra.run.smithi139.stdout:/usr/bin/ceph: stderr
2024-04-27T01:02:43.215+0000 7f1378ff9700 1 -- 172.21.15.139:0/3821004960 <== mon.0 v2:172.21.15.139:3300/0 7 ==== mgrmap(e 7) v1 ==== 43270+0+0 (secure 0 0 0) 0x7f137004b910 con 0x7f137c071230
2024-04-27T01:02:43.839 INFO:teuthology.orchestra.run.smithi139.stdout:/usr/bin/ceph: stderr
2024-04-27T01:02:43.215+0000 7f1378ff9700 1 --2- 172.21.15.139:0/3821004960 >> [v2:172.21.15.139:6800/3449747626,v1:172.21.15.139:6801/3449747626] conn(0x7f1364039f50 0x7f136403c330 unknown :-1 s=NONE pgs=0 cs=0 l=1 rev1=0 crypto rx=0 tx=0 comp rx=0 tx=0).connect
2024-04-27T01:02:43.839 INFO:teuthology.orchestra.run.smithi139.stdout:/usr/bin/ceph: stderr
2024-04-27T01:02:43.215+0000 7f1378ff9700 1 -- 172.21.15.139:0/3821004960 --> [v2:172.21.15.139:6800/3449747626,v1:172.21.15.139:6801/3449747626] -- command(tid 0: {"prefix": "get_command_descriptions"}) v1 -- 0x7f137c05f5c0 con 0x7f1364039f50
2024-04-27T01:02:43.839 INFO:teuthology.orchestra.run.smithi139.stdout:/usr/bin/ceph: stderr
2024-04-27T01:02:43.215+0000 7f137b7fe700 1 --2- 172.21.15.139:0/3821004960 >> [v2:172.21.15.139:6800/3449747626,v1:172.21.15.139:6801/3449747626] conn(0x7f1364039f50 0x7f136403c330 unknown :-1 s=BANNER_CONNECTING pgs=0 cs=0 l=1 rev1=0 crypto rx=0 tx=0 comp rx=0 tx=0)._handle_peer_banner_payload supported=3 required=0
2024-04-27T01:02:43.839 INFO:teuthology.orchestra.run.smithi139.stdout:/usr/bin/ceph: stderr
2024-04-27T01:02:43.216+0000 7f137b7fe700 1 --2- 172.21.15.139:0/3821004960 >> [v2:172.21.15.139:6800/3449747626,v1:172.21.15.139:6801/3449747626] conn(0x7f1364039f50 0x7f136403c330 secure :-1 s=READY pgs=1 cs=0 l=1 rev1=1 crypto rx=0x7f136c0039d0 tx=0x7f136c009350 comp rx=0 tx=0).ready entity=mgr.14120 client_cookie=0 server_cookie=0 in_seq=0 out_seq=0
2024-04-27T01:02:43.839 INFO:teuthology.orchestra.run.smithi139.stdout:/usr/bin/ceph: stderr
2024-04-27T01:02:43.217+0000 7f1378ff9700 1 -- 172.21.15.139:0/3821004960 <== mgr.14120 v2:172.21.15.139:6800/3449747626 1 ==== command_reply(tid 0: 0 ) v1 ==== 8+0+6549 (secure 0 0 0) 0x7f137c05f5c0 con 0x7f1364039f50
2024-04-27T01:02:43.839 INFO:teuthology.orchestra.run.smithi139.stdout:/usr/bin/ceph: stderr
2024-04-27T01:02:43.222+0000 7f1382590700 1 -- 172.21.15.139:0/3821004960 --> [v2:172.21.15.139:6800/3449747626,v1:172.21.15.139:6801/3449747626] -- command(tid 1: {"prefix": "mgr_status"}) v1 -- 0x7f137c112210 con 0x7f1364039f50
2024-04-27T01:02:43.839 INFO:teuthology.orchestra.run.smithi139.stdout:/usr/bin/ceph: stderr
2024-04-27T01:02:43.223+0000 7f1378ff9700 1 -- 172.21.15.139:0/3821004960 <== mgr.14120 v2:172.21.15.139:6800/3449747626 2 ==== command_reply(tid 1: 0 ) v1 ==== 8+0+51 (secure 0 0 0) 0x7f137c112210 con 0x7f1364039f50
2024-04-27T01:02:43.839 INFO:teuthology.orchestra.run.smithi139.stdout:/usr/bin/ceph: stderr
2024-04-27T01:02:43.223+0000 7f1382590700 1 -- 172.21.15.139:0/3821004960 >> [v2:172.21.15.139:6800/3449747626,v1:172.21.15.139:6801/3449747626] conn(0x7f1364039f50 msgr2=0x7f136403c330 secure :-1 s=STATE_CONNECTION_ESTABLISHED l=1).mark_down
2024-04-27T01:02:43.840 INFO:teuthology.orchestra.run.smithi139.stdout:/usr/bin/ceph: stderr
2024-04-27T01:02:43.223+0000 7f1382590700 1 --2- 172.21.15.139:0/3821004960 >> [v2:172.21.15.139:6800/3449747626,v1:172.21.15.139:6801/3449747626] conn(0x7f1364039f50 0x7f136403c330 secure :-1 s=READY pgs=1 cs=0 l=1 rev1=1 crypto rx=0x7f136c0039d0 tx=0x7f136c009350 comp rx=0 tx=0).stop
2024-04-27T01:02:43.840 INFO:teuthology.orchestra.run.smithi139.stdout:/usr/bin/ceph: stderr
2024-04-27T01:02:43.223+0000 7f1382590700 1 -- 172.21.15.139:0/3821004960 >> [v2:172.21.15.139:3300/0,v1:172.21.15.139:6789/0] conn(0x7f137c071230 msgr2=0x7f137c111640 secure :-1 s=STATE_CONNECTION_ESTABLISHED l=1).mark_down
2024-04-27T01:02:43.840 INFO:teuthology.orchestra.run.smithi139.stdout:/usr/bin/ceph: stderr
2024-04-27T01:02:43.223+0000 7f1382590700 1 --2- 172.21.15.139:0/3821004960 >> [v2:172.21.15.139:3300/0,v1:172.21.15.139:6789/0] conn(0x7f137c071230 0x7f137c111640 secure :-1 s=READY pgs=29 cs=0 l=1 rev1=1 crypto rx=0x7f137000b440 tx=0x7f1370009250 comp rx=0 tx=0).stop
2024-04-27T01:02:43.840 INFO:teuthology.orchestra.run.smithi139.stdout:/usr/bin/ceph: stderr
2024-04-27T01:02:43.223+0000 7f1382590700 1 -- 172.21.15.139:0/3821004960 shutdown_connections
2024-04-27T01:02:43.840 INFO:teuthology.orchestra.run.smithi139.stdout:/usr/bin/ceph: stderr
2024-04-27T01:02:43.223+0000 7f1382590700 1 --2- 172.21.15.139:0/3821004960 >> [v2:172.21.15.139:6800/3449747626,v1:172.21.15.139:6801/3449747626] conn(0x7f1364039f50 0x7f136403c330 unknown :-1 s=CLOSED pgs=1 cs=0 l=1 rev1=1 crypto rx=0 tx=0 comp rx=0 tx=0).stop
2024-04-27T01:02:43.840 INFO:teuthology.orchestra.run.smithi139.stdout:/usr/bin/ceph: stderr
2024-04-27T01:02:43.223+0000 7f1382590700 1 --2- 172.21.15.139:0/3821004960 >> [v2:172.21.15.139:3300/0,v1:172.21.15.139:6789/0] conn(0x7f137c071230 0x7f137c111640 unknown :-1 s=CLOSED pgs=29 cs=0 l=1 rev1=1 crypto rx=0 tx=0 comp rx=0 tx=0).stop
2024-04-27T01:02:43.840 INFO:teuthology.orchestra.run.smithi139.stdout:/usr/bin/ceph: stderr
2024-04-27T01:02:43.223+0000 7f1382590700 1 --2- 172.21.15.139:0/3821004960 >> [v2:172.21.15.139:6800/1532263389,v1:172.21.15.139:6801/1532263389] conn(0x7f1364036830 0x7f1364038ce0 unknown :-1 s=CLOSED pgs=0 cs=0 l=1 rev1=0 crypto rx=0 tx=0 comp rx=0 tx=0).stop
2024-04-27T01:02:43.840 INFO:teuthology.orchestra.run.smithi139.stdout:/usr/bin/ceph: stderr
2024-04-27T01:02:43.223+0000 7f1382590700 1 -- 172.21.15.139:0/3821004960 >> 172.21.15.139:0/3821004960 conn(0x7f137c0fcea0 msgr2=0x7f137c0fda10 unknown :-1 s=STATE_NONE l=0).mark_down
2024-04-27T01:02:43.840 INFO:teuthology.orchestra.run.smithi139.stdout:/usr/bin/ceph: stderr
2024-04-27T01:02:43.223+0000 7f1382590700 1 -- 172.21.15.139:0/3821004960 shutdown_connections
2024-04-27T01:02:43.840 INFO:teuthology.orchestra.run.smithi139.stdout:/usr/bin/ceph: stderr
2024-04-27T01:02:43.223+0000 7f1382590700 1 -- 172.21.15.139:0/3821004960 wait complete.
2024-04-27T01:02:43.840 INFO:teuthology.orchestra.run.smithi139.stdout:mgr epoch 5 is available
2024-04-27T01:02:43.840 INFO:teuthology.orchestra.run.smithi139.stdout:Setting orchestrator backend to cephadm...
2024-04-27T01:02:44.996 INFO:journalctl@ceph.mon.smithi139.smithi139.stdout:Apr 27 01:02:44 smithi139 ceph-mon[26652]: from='client.14124 -' entity='client.admin' cmd=[{"prefix": "get_command_descriptions"}]: dispatch
2024-04-27T01:02:44.996 INFO:journalctl@ceph.mon.smithi139.smithi139.stdout:Apr 27 01:02:44 smithi139 ceph-mon[26652]: from='client.14124 -' entity='client.admin' cmd=[{"prefix": "mgr_status"}]: dispatch
2024-04-27T01:02:44.997 INFO:journalctl@ceph.mon.smithi139.smithi139.stdout:Apr 27 01:02:44 smithi139 ceph-mon[26652]: [27/Apr/2024:01:02:43] ENGINE Bus STARTING
2024-04-27T01:02:44.997 INFO:journalctl@ceph.mon.smithi139.smithi139.stdout:Apr 27 01:02:44 smithi139 ceph-mon[26652]: [27/Apr/2024:01:02:43] ENGINE Serving on https://172.21.15.139:7150
2024-04-27T01:02:44.997 INFO:journalctl@ceph.mon.smithi139.smithi139.stdout:Apr 27 01:02:44 smithi139 ceph-mon[26652]: [27/Apr/2024:01:02:43] ENGINE Bus STARTED
2024-04-27T01:02:44.997 INFO:journalctl@ceph.mon.smithi139.smithi139.stdout:Apr 27 01:02:44 smithi139 ceph-mon[26652]: from='mgr.14120 172.21.15.139:0/484098146' entity='mgr.smithi139.dfxmkm'
2024-04-27T01:02:44.997 INFO:journalctl@ceph.mon.smithi139.smithi139.stdout:Apr 27 01:02:44 smithi139 ceph-mon[26652]: from='mgr.14120 172.21.15.139:0/484098146' entity='mgr.smithi139.dfxmkm' cmd=[{"prefix": "config dump", "format": "json"}]: dispatch
2024-04-27T01:02:44.997 INFO:journalctl@ceph.mon.smithi139.smithi139.stdout:Apr 27 01:02:44 smithi139 ceph-mon[26652]: from='mgr.14120 172.21.15.139:0/484098146' entity='mgr.smithi139.dfxmkm'
2024-04-27T01:02:44.997 INFO:journalctl@ceph.mon.smithi139.smithi139.stdout:Apr 27 01:02:44 smithi139 ceph-mon[26652]: from='mgr.14120 172.21.15.139:0/484098146' entity='mgr.smithi139.dfxmkm' cmd=[{"prefix": "config dump", "format": "json"}]: dispatch
2024-04-27T01:02:45.004 INFO:teuthology.orchestra.run.smithi139.stdout:/usr/bin/ceph: stderr
2024-04-27T01:02:44.211+0000 7fceece49700 1 Processor -- start
2024-04-27T01:02:45.004 INFO:teuthology.orchestra.run.smithi139.stdout:/usr/bin/ceph: stderr
2024-04-27T01:02:44.211+0000 7fceece49700 1 -- start start
2024-04-27T01:02:45.004 INFO:teuthology.orchestra.run.smithi139.stdout:/usr/bin/ceph: stderr
2024-04-27T01:02:44.211+0000 7fceece49700 1 --2- >> [v2:172.21.15.139:3300/0,v1:172.21.15.139:6789/0] conn(0x7fcee81028b0 0x7fcee8102cc0 unknown :-1 s=NONE pgs=0 cs=0 l=0 rev1=0 crypto rx=0 tx=0 comp rx=0 tx=0).connect
2024-04-27T01:02:45.005 INFO:teuthology.orchestra.run.smithi139.stdout:/usr/bin/ceph: stderr
2024-04-27T01:02:44.211+0000 7fceece49700 1 -- --> [v2:172.21.15.139:3300/0,v1:172.21.15.139:6789/0] -- mon_getmap magic: 0 v1 -- 0x7fcee8103200 con 0x7fcee81028b0
2024-04-27T01:02:45.005 INFO:teuthology.orchestra.run.smithi139.stdout:/usr/bin/ceph: stderr
2024-04-27T01:02:44.211+0000 7fcee659c700 1 --2- >> [v2:172.21.15.139:3300/0,v1:172.21.15.139:6789/0] conn(0x7fcee81028b0 0x7fcee8102cc0 unknown :-1 s=BANNER_CONNECTING pgs=0 cs=0 l=0 rev1=0 crypto rx=0 tx=0 comp rx=0 tx=0)._handle_peer_banner_payload supported=3 required=0
2024-04-27T01:02:45.005 INFO:teuthology.orchestra.run.smithi139.stdout:/usr/bin/ceph: stderr
2024-04-27T01:02:44.211+0000 7fcee659c700 1 --2- >> [v2:172.21.15.139:3300/0,v1:172.21.15.139:6789/0] conn(0x7fcee81028b0 0x7fcee8102cc0 unknown :-1 s=HELLO_CONNECTING pgs=0 cs=0 l=0 rev1=1 crypto rx=0 tx=0 comp rx=0 tx=0).handle_hello peer v2:172.21.15.139:3300/0 says I am v2:172.21.15.139:48828/0 (socket says 172.21.15.139:48828)
2024-04-27T01:02:45.005 INFO:teuthology.orchestra.run.smithi139.stdout:/usr/bin/ceph: stderr
2024-04-27T01:02:44.211+0000 7fcee659c700 1 -- 172.21.15.139:0/2178460234 learned_addr learned my addr 172.21.15.139:0/2178460234 (peer_addr_for_me v2:172.21.15.139:0/0)
2024-04-27T01:02:45.005 INFO:teuthology.orchestra.run.smithi139.stdout:/usr/bin/ceph: stderr
2024-04-27T01:02:44.211+0000 7fcee659c700 1 -- 172.21.15.139:0/2178460234 --> [v2:172.21.15.139:3300/0,v1:172.21.15.139:6789/0] -- mon_subscribe({config=0+,monmap=0+}) v3 -- 0x7fcee8103340 con 0x7fcee81028b0
2024-04-27T01:02:45.005 INFO:teuthology.orchestra.run.smithi139.stdout:/usr/bin/ceph: stderr
2024-04-27T01:02:44.212+0000 7fcee659c700 1 --2- 172.21.15.139:0/2178460234 >> [v2:172.21.15.139:3300/0,v1:172.21.15.139:6789/0] conn(0x7fcee81028b0 0x7fcee8102cc0 secure :-1 s=READY pgs=37 cs=0 l=1 rev1=1 crypto rx=0x7fced80098e0 tx=0x7fced8009250 comp rx=0 tx=0).ready entity=mon.0 client_cookie=57ab027959b44425 server_cookie=0 in_seq=0 out_seq=0
2024-04-27T01:02:45.005 INFO:teuthology.orchestra.run.smithi139.stdout:/usr/bin/ceph: stderr
2024-04-27T01:02:44.212+0000 7fcee559a700 1 -- 172.21.15.139:0/2178460234 <== mon.0 v2:172.21.15.139:3300/0 1 ==== mon_map magic: 0 v1 ==== 229+0+0 (secure 0 0 0) 0x7fced800b860 con 0x7fcee81028b0
2024-04-27T01:02:45.005 INFO:teuthology.orchestra.run.smithi139.stdout:/usr/bin/ceph: stderr
2024-04-27T01:02:44.212+0000 7fcee559a700 1 -- 172.21.15.139:0/2178460234 <== mon.0 v2:172.21.15.139:3300/0 2 ==== config(27 keys) v1 ==== 1044+0+0 (secure 0 0 0) 0x7fced800be50 con 0x7fcee81028b0
2024-04-27T01:02:45.005 INFO:teuthology.orchestra.run.smithi139.stdout:/usr/bin/ceph: stderr
2024-04-27T01:02:44.212+0000 7fcee559a700 1 -- 172.21.15.139:0/2178460234 <== mon.0 v2:172.21.15.139:3300/0 3 ==== mon_map magic: 0 v1 ==== 229+0+0 (secure 0 0 0) 0x7fced8010380 con 0x7fcee81028b0
2024-04-27T01:02:45.005 INFO:teuthology.orchestra.run.smithi139.stdout:/usr/bin/ceph: stderr
2024-04-27T01:02:44.212+0000 7fceece49700 1 -- 172.21.15.139:0/2178460234 >> [v2:172.21.15.139:3300/0,v1:172.21.15.139:6789/0] conn(0x7fcee81028b0 msgr2=0x7fcee8102cc0 secure :-1 s=STATE_CONNECTION_ESTABLISHED l=1).mark_down
2024-04-27T01:02:45.005 INFO:teuthology.orchestra.run.smithi139.stdout:/usr/bin/ceph: stderr
2024-04-27T01:02:44.212+0000 7fceece49700 1 --2- 172.21.15.139:0/2178460234 >> [v2:172.21.15.139:3300/0,v1:172.21.15.139:6789/0] conn(0x7fcee81028b0 0x7fcee8102cc0 secure :-1 s=READY pgs=37 cs=0 l=1 rev1=1 crypto rx=0x7fced80098e0 tx=0x7fced8009250 comp rx=0 tx=0).stop
2024-04-27T01:02:45.005 INFO:teuthology.orchestra.run.smithi139.stdout:/usr/bin/ceph: stderr
2024-04-27T01:02:44.212+0000 7fceece49700 1 -- 172.21.15.139:0/2178460234 shutdown_connections
2024-04-27T01:02:45.005 INFO:teuthology.orchestra.run.smithi139.stdout:/usr/bin/ceph: stderr
2024-04-27T01:02:44.212+0000 7fceece49700 1 --2- 172.21.15.139:0/2178460234 >> [v2:172.21.15.139:3300/0,v1:172.21.15.139:6789/0] conn(0x7fcee81028b0 0x7fcee8102cc0 unknown :-1 s=CLOSED pgs=37 cs=0 l=1 rev1=1 crypto rx=0 tx=0 comp rx=0 tx=0).stop
2024-04-27T01:02:45.005 INFO:teuthology.orchestra.run.smithi139.stdout:/usr/bin/ceph: stderr
2024-04-27T01:02:44.212+0000 7fceece49700 1 -- 172.21.15.139:0/2178460234 >> 172.21.15.139:0/2178460234 conn(0x7fcee80fe030 msgr2=0x7fcee8100440 unknown :-1 s=STATE_NONE l=0).mark_down
2024-04-27T01:02:45.005 INFO:teuthology.orchestra.run.smithi139.stdout:/usr/bin/ceph: stderr
2024-04-27T01:02:44.213+0000 7fceece49700 1 -- 172.21.15.139:0/2178460234 shutdown_connections
2024-04-27T01:02:45.006 INFO:teuthology.orchestra.run.smithi139.stdout:/usr/bin/ceph: stderr
2024-04-27T01:02:44.213+0000 7fceece49700 1 -- 172.21.15.139:0/2178460234 wait complete.
2024-04-27T01:02:45.006 INFO:teuthology.orchestra.run.smithi139.stdout:/usr/bin/ceph: stderr
2024-04-27T01:02:44.213+0000 7fceece49700 1 Processor -- start
2024-04-27T01:02:45.006 INFO:teuthology.orchestra.run.smithi139.stdout:/usr/bin/ceph: stderr
2024-04-27T01:02:44.213+0000 7fceece49700 1 -- start start
2024-04-27T01:02:45.006 INFO:teuthology.orchestra.run.smithi139.stdout:/usr/bin/ceph: stderr
2024-04-27T01:02:44.213+0000 7fceece49700 1 --2- >> [v2:172.21.15.139:3300/0,v1:172.21.15.139:6789/0] conn(0x7fcee81028b0 0x7fcee8078c20 unknown :-1 s=NONE pgs=0 cs=0 l=1 rev1=0 crypto rx=0 tx=0 comp rx=0 tx=0).connect
2024-04-27T01:02:45.006 INFO:teuthology.orchestra.run.smithi139.stdout:/usr/bin/ceph: stderr
2024-04-27T01:02:44.213+0000 7fceece49700 1 -- --> [v2:172.21.15.139:3300/0,v1:172.21.15.139:6789/0] -- mon_getmap magic: 0 v1 -- 0x7fcee8079160 con 0x7fcee81028b0
2024-04-27T01:02:45.006 INFO:teuthology.orchestra.run.smithi139.stdout:/usr/bin/ceph: stderr
2024-04-27T01:02:44.213+0000 7fcee659c700 1 --2- >> [v2:172.21.15.139:3300/0,v1:172.21.15.139:6789/0] conn(0x7fcee81028b0 0x7fcee8078c20 unknown :-1 s=BANNER_CONNECTING pgs=0 cs=0 l=1 rev1=0 crypto rx=0 tx=0 comp rx=0 tx=0)._handle_peer_banner_payload supported=3 required=0
2024-04-27T01:02:45.006 INFO:teuthology.orchestra.run.smithi139.stdout:/usr/bin/ceph: stderr
2024-04-27T01:02:44.213+0000 7fcee659c700 1 --2- >> [v2:172.21.15.139:3300/0,v1:172.21.15.139:6789/0] conn(0x7fcee81028b0 0x7fcee8078c20 unknown :-1 s=HELLO_CONNECTING pgs=0 cs=0 l=1 rev1=1 crypto rx=0 tx=0 comp rx=0 tx=0).handle_hello peer v2:172.21.15.139:3300/0 says I am v2:172.21.15.139:48830/0 (socket says 172.21.15.139:48830)
2024-04-27T01:02:45.006 INFO:teuthology.orchestra.run.smithi139.stdout:/usr/bin/ceph: stderr
2024-04-27T01:02:44.213+0000 7fcee659c700 1 -- 172.21.15.139:0/3627054648 learned_addr learned my addr 172.21.15.139:0/3627054648 (peer_addr_for_me v2:172.21.15.139:0/0)
2024-04-27T01:02:45.006 INFO:teuthology.orchestra.run.smithi139.stdout:/usr/bin/ceph: stderr
2024-04-27T01:02:44.214+0000 7fcee659c700 1 -- 172.21.15.139:0/3627054648 --> [v2:172.21.15.139:3300/0,v1:172.21.15.139:6789/0] -- mon_subscribe({config=0+,monmap=0+}) v3 -- 0x7fced80094f0 con 0x7fcee81028b0
2024-04-27T01:02:45.006 INFO:teuthology.orchestra.run.smithi139.stdout:/usr/bin/ceph: stderr
2024-04-27T01:02:44.214+0000 7fcee659c700 1 --2- 172.21.15.139:0/3627054648 >> [v2:172.21.15.139:3300/0,v1:172.21.15.139:6789/0] conn(0x7fcee81028b0 0x7fcee8078c20 secure :-1 s=READY pgs=38 cs=0 l=1 rev1=1 crypto rx=0x7fced8000c00 tx=0x7fced8009250 comp rx=0 tx=0).ready entity=mon.0 client_cookie=0 server_cookie=0 in_seq=0 out_seq=0
2024-04-27T01:02:45.006 INFO:teuthology.orchestra.run.smithi139.stdout:/usr/bin/ceph: stderr
2024-04-27T01:02:44.214+0000 7fced6ffd700 1 -- 172.21.15.139:0/3627054648 <== mon.0 v2:172.21.15.139:3300/0 1 ==== mon_map magic: 0 v1 ==== 229+0+0 (secure 0 0 0) 0x7fced80107c0 con 0x7fcee81028b0
2024-04-27T01:02:45.006 INFO:teuthology.orchestra.run.smithi139.stdout:/usr/bin/ceph: stderr
2024-04-27T01:02:44.214+0000 7fced6ffd700 1 -- 172.21.15.139:0/3627054648 <== mon.0 v2:172.21.15.139:3300/0 2 ==== config(27 keys) v1 ==== 1044+0+0 (secure 0 0 0) 0x7fced8010db0 con 0x7fcee81028b0
2024-04-27T01:02:45.006 INFO:teuthology.orchestra.run.smithi139.stdout:/usr/bin/ceph: stderr
2024-04-27T01:02:44.214+0000 7fceece49700 1 -- 172.21.15.139:0/3627054648 --> [v2:172.21.15.139:3300/0,v1:172.21.15.139:6789/0] -- mon_subscribe({mgrmap=0+}) v3 -- 0x7fcee80771d0 con 0x7fcee81028b0
2024-04-27T01:02:45.006 INFO:teuthology.orchestra.run.smithi139.stdout:/usr/bin/ceph: stderr
2024-04-27T01:02:44.214+0000 7fced6ffd700 1 -- 172.21.15.139:0/3627054648 <== mon.0 v2:172.21.15.139:3300/0 3 ==== mon_map magic: 0 v1 ==== 229+0+0 (secure 0 0 0) 0x7fced801ad00 con 0x7fcee81028b0
2024-04-27T01:02:45.007 INFO:teuthology.orchestra.run.smithi139.stdout:/usr/bin/ceph: stderr
2024-04-27T01:02:44.214+0000 7fceece49700 1 -- 172.21.15.139:0/3627054648 --> [v2:172.21.15.139:3300/0,v1:172.21.15.139:6789/0] -- mon_subscribe({osdmap=0}) v3 -- 0x7fcee80776c0 con 0x7fcee81028b0
2024-04-27T01:02:45.007 INFO:teuthology.orchestra.run.smithi139.stdout:/usr/bin/ceph: stderr
2024-04-27T01:02:44.215+0000 7fced6ffd700 1 -- 172.21.15.139:0/3627054648 <== mon.0 v2:172.21.15.139:3300/0 4 ==== mgrmap(e 7) v1 ==== 43270+0+0 (secure 0 0 0) 0x7fced80193c0 con 0x7fcee81028b0
2024-04-27T01:02:45.007 INFO:teuthology.orchestra.run.smithi139.stdout:/usr/bin/ceph: stderr
2024-04-27T01:02:44.215+0000 7fced6ffd700 1 --2- 172.21.15.139:0/3627054648 >> [v2:172.21.15.139:6800/3449747626,v1:172.21.15.139:6801/3449747626] conn(0x7fced0036770 0x7fced0038c20 unknown :-1 s=NONE pgs=0 cs=0 l=1 rev1=0 crypto rx=0 tx=0 comp rx=0 tx=0).connect
2024-04-27T01:02:45.007 INFO:teuthology.orchestra.run.smithi139.stdout:/usr/bin/ceph: stderr
2024-04-27T01:02:44.215+0000 7fced6ffd700 1 -- 172.21.15.139:0/3627054648 <== mon.0 v2:172.21.15.139:3300/0 5 ==== osd_map(2..2 src has 1..2) v4 ==== 936+0+0 (secure 0 0 0) 0x7fced804a460 con 0x7fcee81028b0
2024-04-27T01:02:45.007 INFO:teuthology.orchestra.run.smithi139.stdout:/usr/bin/ceph: stderr
2024-04-27T01:02:44.215+0000 7fcee5d9b700 1 --2- 172.21.15.139:0/3627054648 >> [v2:172.21.15.139:6800/3449747626,v1:172.21.15.139:6801/3449747626] conn(0x7fced0036770 0x7fced0038c20 unknown :-1 s=BANNER_CONNECTING pgs=0 cs=0 l=1 rev1=0 crypto rx=0 tx=0 comp rx=0 tx=0)._handle_peer_banner_payload supported=3 required=0
2024-04-27T01:02:45.007 INFO:teuthology.orchestra.run.smithi139.stdout:/usr/bin/ceph: stderr
2024-04-27T01:02:44.215+0000 7fceece49700 1 -- 172.21.15.139:0/3627054648 --> [v2:172.21.15.139:3300/0,v1:172.21.15.139:6789/0] -- mon_command({"prefix": "get_command_descriptions"} v 0) v1 -- 0x7fcee804bed0 con 0x7fcee81028b0
2024-04-27T01:02:45.007 INFO:teuthology.orchestra.run.smithi139.stdout:/usr/bin/ceph: stderr
2024-04-27T01:02:44.215+0000 7fcee5d9b700 1 --2- 172.21.15.139:0/3627054648 >> [v2:172.21.15.139:6800/3449747626,v1:172.21.15.139:6801/3449747626] conn(0x7fced0036770 0x7fced0038c20 secure :-1 s=READY pgs=7 cs=0 l=1 rev1=1 crypto rx=0x7fcedc009990 tx=0x7fcedc006e40 comp rx=0 tx=0).ready entity=mgr.14120 client_cookie=0 server_cookie=0 in_seq=0 out_seq=0
2024-04-27T01:02:45.007 INFO:teuthology.orchestra.run.smithi139.stdout:/usr/bin/ceph: stderr
2024-04-27T01:02:44.220+0000 7fced6ffd700 1 -- 172.21.15.139:0/3627054648 <== mon.0 v2:172.21.15.139:3300/0 6 ==== mon_command_ack([{"prefix": "get_command_descriptions"}]=0 v0) v1 ==== 72+0+176702 (secure 0 0 0) 0x7fced80196c0 con 0x7fcee81028b0
2024-04-27T01:02:45.007 INFO:teuthology.orchestra.run.smithi139.stdout:/usr/bin/ceph: stderr
2024-04-27T01:02:44.419+0000 7fceece49700 1 -- 172.21.15.139:0/3627054648 --> [v2:172.21.15.139:6800/3449747626,v1:172.21.15.139:6801/3449747626] -- mgr_command(tid 0: {"prefix": "orch set backend", "module_name": "cephadm", "target": ["mon-mgr", ""]}) v1 -- 0x7fcee8077d50 con 0x7fced0036770
2024-04-27T01:02:45.007 INFO:teuthology.orchestra.run.smithi139.stdout:/usr/bin/ceph: stderr
2024-04-27T01:02:44.427+0000 7fced6ffd700 1 -- 172.21.15.139:0/3627054648 <== mgr.14120 v2:172.21.15.139:6800/3449747626 1 ==== mgr_command_reply(tid 0: 0 ) v1 ==== 8+0+0 (secure 0 0 0) 0x7fcee8077d50 con 0x7fced0036770
2024-04-27T01:02:45.007 INFO:teuthology.orchestra.run.smithi139.stdout:/usr/bin/ceph: stderr
2024-04-27T01:02:44.430+0000 7fceece49700 1 -- 172.21.15.139:0/3627054648 >> [v2:172.21.15.139:6800/3449747626,v1:172.21.15.139:6801/3449747626] conn(0x7fced0036770 msgr2=0x7fced0038c20 secure :-1 s=STATE_CONNECTION_ESTABLISHED l=1).mark_down
2024-04-27T01:02:45.007 INFO:teuthology.orchestra.run.smithi139.stdout:/usr/bin/ceph: stderr
2024-04-27T01:02:44.430+0000 7fceece49700 1 --2- 172.21.15.139:0/3627054648 >> [v2:172.21.15.139:6800/3449747626,v1:172.21.15.139:6801/3449747626] conn(0x7fced0036770 0x7fced0038c20 secure :-1 s=READY pgs=7 cs=0 l=1 rev1=1 crypto rx=0x7fcedc009990 tx=0x7fcedc006e40 comp rx=0 tx=0).stop
2024-04-27T01:02:45.007 INFO:teuthology.orchestra.run.smithi139.stdout:/usr/bin/ceph: stderr
2024-04-27T01:02:44.430+0000 7fceece49700 1 -- 172.21.15.139:0/3627054648 >> [v2:172.21.15.139:3300/0,v1:172.21.15.139:6789/0] conn(0x7fcee81028b0 msgr2=0x7fcee8078c20 secure :-1 s=STATE_CONNECTION_ESTABLISHED l=1).mark_down
2024-04-27T01:02:45.007 INFO:teuthology.orchestra.run.smithi139.stdout:/usr/bin/ceph: stderr
