2024-04-27T01:06:26.112+0000 7fc9b0e2a700 1 --2- 172.21.15.60:0/2302721712 >> [v2:172.21.15.60:6800/1636023806,v1:172.21.15.60:6801/1636023806] conn(0x7fc9980390c0 0x7fc99803b580 unknown :-1 s=START_CONNECT pgs=0 cs=0 l=1 rev1=0 crypto rx=0 tx=0 comp rx=0 tx=0)._fault waiting 3.200000
2024-04-27T01:06:29.945 INFO:teuthology.orchestra.run.smithi060.stdout:/usr/bin/ceph: stderr
2024-04-27T01:06:28.300+0000 7fc9a27fc700 1 -- 172.21.15.60:0/2302721712 <== mon.0 v2:172.21.15.60:3300/0 6 ==== mgrmap(e 6) ==== 46054+0+0 (secure 0 0 0) 0x7fc99c019c60 con 0x7fc9ac1059a0
2024-04-27T01:06:29.945 INFO:teuthology.orchestra.run.smithi060.stdout:/usr/bin/ceph: stderr
2024-04-27T01:06:28.300+0000 7fc9a27fc700 1 -- 172.21.15.60:0/2302721712 >> [v2:172.21.15.60:6800/1636023806,v1:172.21.15.60:6801/1636023806] conn(0x7fc9980390c0 msgr2=0x7fc99803b580 unknown :-1 s=STATE_CONNECTING l=1).mark_down
2024-04-27T01:06:29.946 INFO:teuthology.orchestra.run.smithi060.stdout:/usr/bin/ceph: stderr
2024-04-27T01:06:28.300+0000 7fc9a27fc700 1 --2- 172.21.15.60:0/2302721712 >> [v2:172.21.15.60:6800/1636023806,v1:172.21.15.60:6801/1636023806] conn(0x7fc9980390c0 0x7fc99803b580 unknown :-1 s=START_CONNECT pgs=0 cs=0 l=1 rev1=0 crypto rx=0 tx=0 comp rx=0 tx=0).stop
2024-04-27T01:06:29.946 INFO:teuthology.orchestra.run.smithi060.stdout:/usr/bin/ceph: stderr
2024-04-27T01:06:29.304+0000 7fc9a27fc700 1 -- 172.21.15.60:0/2302721712 <== mon.0 v2:172.21.15.60:3300/0 7 ==== mgrmap(e 7) ==== 46181+0+0 (secure 0 0 0) 0x7fc99c04f1c0 con 0x7fc9ac1059a0
2024-04-27T01:06:29.946 INFO:teuthology.orchestra.run.smithi060.stdout:/usr/bin/ceph: stderr
2024-04-27T01:06:29.304+0000 7fc9a27fc700 1 --2- 172.21.15.60:0/2302721712 >> [v2:172.21.15.60:6800/574694000,v1:172.21.15.60:6801/574694000] conn(0x7fc99803c9f0 0x7fc99803ede0 unknown :-1 s=NONE pgs=0 cs=0 l=1 rev1=0 crypto rx=0 tx=0 comp rx=0 tx=0).connect
2024-04-27T01:06:29.946 INFO:teuthology.orchestra.run.smithi060.stdout:/usr/bin/ceph: stderr
2024-04-27T01:06:29.304+0000 7fc9a27fc700 1 -- 172.21.15.60:0/2302721712 --> [v2:172.21.15.60:6800/574694000,v1:172.21.15.60:6801/574694000] -- command(tid 0: {"prefix": "get_command_descriptions"}) -- 0x7fc99803bc90 con 0x7fc99803c9f0
2024-04-27T01:06:29.946 INFO:teuthology.orchestra.run.smithi060.stdout:/usr/bin/ceph: stderr
2024-04-27T01:06:29.308+0000 7fc9b0e2a700 1 --2- 172.21.15.60:0/2302721712 >> [v2:172.21.15.60:6800/574694000,v1:172.21.15.60:6801/574694000] conn(0x7fc99803c9f0 0x7fc99803ede0 unknown :-1 s=BANNER_CONNECTING pgs=0 cs=0 l=1 rev1=0 crypto rx=0 tx=0 comp rx=0 tx=0)._handle_peer_banner_payload supported=3 required=0
2024-04-27T01:06:29.946 INFO:teuthology.orchestra.run.smithi060.stdout:/usr/bin/ceph: stderr
2024-04-27T01:06:29.308+0000 7fc9b0e2a700 1 --2- 172.21.15.60:0/2302721712 >> [v2:172.21.15.60:6800/574694000,v1:172.21.15.60:6801/574694000] conn(0x7fc99803c9f0 0x7fc99803ede0 secure :-1 s=READY pgs=3 cs=0 l=1 rev1=1 crypto rx=0x7fc9a8003a10 tx=0x7fc9a8009290 comp rx=0 tx=0).ready entity=mgr.14120 client_cookie=0 server_cookie=0 in_seq=0 out_seq=0
2024-04-27T01:06:29.946 INFO:teuthology.orchestra.run.smithi060.stdout:/usr/bin/ceph: stderr
2024-04-27T01:06:29.308+0000 7fc9a27fc700 1 -- 172.21.15.60:0/2302721712 <== mgr.14120 v2:172.21.15.60:6800/574694000 1 ==== command_reply(tid 0: 0 ) ==== 8+0+7774 (secure 0 0 0) 0x7fc99803bc90 con 0x7fc99803c9f0
2024-04-27T01:06:29.946 INFO:teuthology.orchestra.run.smithi060.stdout:/usr/bin/ceph: stderr
2024-04-27T01:06:29.324+0000 7fc9b388f700 1 -- 172.21.15.60:0/2302721712 --> [v2:172.21.15.60:6800/574694000,v1:172.21.15.60:6801/574694000] -- command(tid 1: {"prefix": "mgr_status"}) -- 0x7fc9ac063890 con 0x7fc99803c9f0
2024-04-27T01:06:29.946 INFO:teuthology.orchestra.run.smithi060.stdout:/usr/bin/ceph: stderr
2024-04-27T01:06:29.324+0000 7fc9a27fc700 1 -- 172.21.15.60:0/2302721712 <== mgr.14120 v2:172.21.15.60:6800/574694000 2 ==== command_reply(tid 1: 0 ) ==== 8+0+51 (secure 0 0 0) 0x7fc9ac063890 con 0x7fc99803c9f0
2024-04-27T01:06:29.946 INFO:teuthology.orchestra.run.smithi060.stdout:/usr/bin/ceph: stderr
2024-04-27T01:06:29.324+0000 7fc9b388f700 1 -- 172.21.15.60:0/2302721712 >> [v2:172.21.15.60:6800/574694000,v1:172.21.15.60:6801/574694000] conn(0x7fc99803c9f0 msgr2=0x7fc99803ede0 secure :-1 s=STATE_CONNECTION_ESTABLISHED l=1).mark_down
2024-04-27T01:06:29.946 INFO:teuthology.orchestra.run.smithi060.stdout:/usr/bin/ceph: stderr
2024-04-27T01:06:29.324+0000 7fc9b388f700 1 --2- 172.21.15.60:0/2302721712 >> [v2:172.21.15.60:6800/574694000,v1:172.21.15.60:6801/574694000] conn(0x7fc99803c9f0 0x7fc99803ede0 secure :-1 s=READY pgs=3 cs=0 l=1 rev1=1 crypto rx=0x7fc9a8003a10 tx=0x7fc9a8009290 comp rx=0 tx=0).stop
2024-04-27T01:06:29.946 INFO:teuthology.orchestra.run.smithi060.stdout:/usr/bin/ceph: stderr
2024-04-27T01:06:29.324+0000 7fc9b388f700 1 -- 172.21.15.60:0/2302721712 >> [v2:172.21.15.60:3300/0,v1:172.21.15.60:6789/0] conn(0x7fc9ac1059a0 msgr2=0x7fc9ac19d1c0 secure :-1 s=STATE_CONNECTION_ESTABLISHED l=1).mark_down
2024-04-27T01:06:29.946 INFO:teuthology.orchestra.run.smithi060.stdout:/usr/bin/ceph: stderr
2024-04-27T01:06:29.324+0000 7fc9b388f700 1 --2- 172.21.15.60:0/2302721712 >> [v2:172.21.15.60:3300/0,v1:172.21.15.60:6789/0] conn(0x7fc9ac1059a0 0x7fc9ac19d1c0 secure :-1 s=READY pgs=29 cs=0 l=1 rev1=1 crypto rx=0x7fc99c006af0 tx=0x7fc99c011b70 comp rx=0 tx=0).stop
2024-04-27T01:06:29.947 INFO:teuthology.orchestra.run.smithi060.stdout:/usr/bin/ceph: stderr
2024-04-27T01:06:29.324+0000 7fc9b388f700 1 -- 172.21.15.60:0/2302721712 shutdown_connections
2024-04-27T01:06:29.947 INFO:teuthology.orchestra.run.smithi060.stdout:/usr/bin/ceph: stderr
2024-04-27T01:06:29.324+0000 7fc9b388f700 1 --2- 172.21.15.60:0/2302721712 >> [v2:172.21.15.60:6800/574694000,v1:172.21.15.60:6801/574694000] conn(0x7fc99803c9f0 0x7fc99803ede0 unknown :-1 s=CLOSED pgs=3 cs=0 l=1 rev1=1 crypto rx=0 tx=0 comp rx=0 tx=0).stop
2024-04-27T01:06:29.947 INFO:teuthology.orchestra.run.smithi060.stdout:/usr/bin/ceph: stderr
2024-04-27T01:06:29.324+0000 7fc9b388f700 1 --2- 172.21.15.60:0/2302721712 >> [v2:172.21.15.60:3300/0,v1:172.21.15.60:6789/0] conn(0x7fc9ac1059a0 0x7fc9ac19d1c0 unknown :-1 s=CLOSED pgs=29 cs=0 l=1 rev1=1 crypto rx=0 tx=0 comp rx=0 tx=0).stop
2024-04-27T01:06:29.947 INFO:teuthology.orchestra.run.smithi060.stdout:/usr/bin/ceph: stderr
2024-04-27T01:06:29.324+0000 7fc9b388f700 1 --2- 172.21.15.60:0/2302721712 >> [v2:172.21.15.60:6800/1636023806,v1:172.21.15.60:6801/1636023806] conn(0x7fc9980390c0 0x7fc99803b580 unknown :-1 s=CLOSED pgs=0 cs=0 l=1 rev1=0 crypto rx=0 tx=0 comp rx=0 tx=0).stop
2024-04-27T01:06:29.947 INFO:teuthology.orchestra.run.smithi060.stdout:/usr/bin/ceph: stderr
2024-04-27T01:06:29.324+0000 7fc9b388f700 1 -- 172.21.15.60:0/2302721712 >> 172.21.15.60:0/2302721712 conn(0x7fc9ac101580 msgr2=0x7fc9ac193dc0 unknown :-1 s=STATE_NONE l=0).mark_down
2024-04-27T01:06:29.947 INFO:teuthology.orchestra.run.smithi060.stdout:/usr/bin/ceph: stderr
2024-04-27T01:06:29.324+0000 7fc9b388f700 1 -- 172.21.15.60:0/2302721712 shutdown_connections
2024-04-27T01:06:29.947 INFO:teuthology.orchestra.run.smithi060.stdout:/usr/bin/ceph: stderr
2024-04-27T01:06:29.324+0000 7fc9b388f700 1 -- 172.21.15.60:0/2302721712 wait complete.
2024-04-27T01:06:29.947 INFO:teuthology.orchestra.run.smithi060.stdout:mgr epoch 5 is available
2024-04-27T01:06:29.947 INFO:teuthology.orchestra.run.smithi060.stdout:Setting orchestrator backend to cephadm...
2024-04-27T01:06:30.640 INFO:journalctl@ceph.mon.a.smithi060.stdout:Apr 27 01:06:30 smithi060 bash[21479]: audit
2024-04-27T01:06:29.312100+0000 mgr.x (mgr.14120) 2 : audit 0 from='client.14124 -' entity='client.admin' cmd=[{"prefix": "get_command_descriptions"}]: dispatch
2024-04-27T01:06:30.640 INFO:journalctl@ceph.mon.a.smithi060.stdout:Apr 27 01:06:30 smithi060 bash[21479]: audit
2024-04-27T01:06:29.327634+0000 mgr.x (mgr.14120) 3 : audit 0 from='client.14124 -' entity='client.admin' cmd=[{"prefix": "mgr_status"}]: dispatch
2024-04-27T01:06:30.640 INFO:journalctl@ceph.mon.a.smithi060.stdout:Apr 27 01:06:30 smithi060 bash[21479]: cephadm
2024-04-27T01:06:29.946543+0000 mgr.x (mgr.14120) 4 : cephadm 1 [27/Apr/2024:01:06:29] ENGINE Bus STARTING
2024-04-27T01:06:30.640 INFO:journalctl@ceph.mon.a.smithi060.stdout:Apr 27 01:06:30 smithi060 bash[21479]: audit
2024-04-27T01:06:30.190111+0000 mon.a (mon.0) 56 : audit 0 from='mgr.14120 172.21.15.60:0/1127121639' entity='mgr.x' cmd=[{"prefix": "config dump", "format": "json"}]: dispatch
2024-04-27T01:06:31.640 INFO:journalctl@ceph.mon.a.smithi060.stdout:Apr 27 01:06:31 smithi060 bash[21479]: cephadm
2024-04-27T01:06:30.048727+0000 mgr.x (mgr.14120) 5 : cephadm 1 [27/Apr/2024:01:06:30] ENGINE Serving on http://172.21.15.60:8765
2024-04-27T01:06:31.640 INFO:journalctl@ceph.mon.a.smithi060.stdout:Apr 27 01:06:31 smithi060 bash[21479]: cephadm
2024-04-27T01:06:30.170257+0000 mgr.x (mgr.14120) 6 : cephadm 1 [27/Apr/2024:01:06:30] ENGINE Serving on https://172.21.15.60:7150
2024-04-27T01:06:31.640 INFO:journalctl@ceph.mon.a.smithi060.stdout:Apr 27 01:06:31 smithi060 bash[21479]: cephadm
2024-04-27T01:06:30.170448+0000 mgr.x (mgr.14120) 7 : cephadm 1 [27/Apr/2024:01:06:30] ENGINE Bus STARTED
2024-04-27T01:06:31.640 INFO:journalctl@ceph.mon.a.smithi060.stdout:Apr 27 01:06:31 smithi060 bash[21479]: cluster
2024-04-27T01:06:30.371914+0000 mon.a (mon.0) 57 : cluster 0 mgrmap e8: x(active, since 2s)
2024-04-27T01:06:31.641 INFO:journalctl@ceph.mon.a.smithi060.stdout:Apr 27 01:06:31 smithi060 bash[21479]: audit
2024-04-27T01:06:31.138077+0000 mon.a (mon.0) 58 : audit 1 from='mgr.14120 172.21.15.60:0/1127121639' entity='mgr.x'
2024-04-27T01:06:31.641 INFO:journalctl@ceph.mon.a.smithi060.stdout:Apr 27 01:06:31 smithi060 bash[21479]: audit
2024-04-27T01:06:31.160343+0000 mon.a (mon.0) 59 : audit 0 from='mgr.14120 172.21.15.60:0/1127121639' entity='mgr.x' cmd=[{"prefix": "config dump", "format": "json"}]: dispatch
2024-04-27T01:06:31.672 INFO:teuthology.orchestra.run.smithi060.stdout:/usr/bin/ceph: stderr
2024-04-27T01:06:30.700+0000 7fa40f78d700 1 Processor -- start
2024-04-27T01:06:31.672 INFO:teuthology.orchestra.run.smithi060.stdout:/usr/bin/ceph: stderr
2024-04-27T01:06:30.700+0000 7fa40f78d700 1 -- start start
2024-04-27T01:06:31.672 INFO:teuthology.orchestra.run.smithi060.stdout:/usr/bin/ceph: stderr
2024-04-27T01:06:30.700+0000 7fa40f78d700 1 --2- >> [v2:172.21.15.60:3300/0,v1:172.21.15.60:6789/0] conn(0x7fa40807c700 0x7fa40807abb0 unknown :-1 s=NONE pgs=0 cs=0 l=0 rev1=0 crypto rx=0 tx=0 comp rx=0 tx=0).connect
2024-04-27T01:06:31.672 INFO:teuthology.orchestra.run.smithi060.stdout:/usr/bin/ceph: stderr
2024-04-27T01:06:30.700+0000 7fa40f78d700 1 -- --> [v2:172.21.15.60:3300/0,v1:172.21.15.60:6789/0] -- mon_getmap magic: 0 -- 0x7fa40807b180 con 0x7fa40807c700
2024-04-27T01:06:31.672 INFO:teuthology.orchestra.run.smithi060.stdout:/usr/bin/ceph: stderr
2024-04-27T01:06:30.700+0000 7fa40d529700 1 --2- >> [v2:172.21.15.60:3300/0,v1:172.21.15.60:6789/0] conn(0x7fa40807c700 0x7fa40807abb0 unknown :-1 s=BANNER_CONNECTING pgs=0 cs=0 l=0 rev1=0 crypto rx=0 tx=0 comp rx=0 tx=0)._handle_peer_banner_payload supported=3 required=0
2024-04-27T01:06:31.672 INFO:teuthology.orchestra.run.smithi060.stdout:/usr/bin/ceph: stderr
2024-04-27T01:06:30.700+0000 7fa40d529700 1 --2- >> [v2:172.21.15.60:3300/0,v1:172.21.15.60:6789/0] conn(0x7fa40807c700 0x7fa40807abb0 unknown :-1 s=HELLO_CONNECTING pgs=0 cs=0 l=0 rev1=1 crypto rx=0 tx=0 comp rx=0 tx=0).handle_hello peer v2:172.21.15.60:3300/0 says I am v2:172.21.15.60:40212/0 (socket says 172.21.15.60:40212)
2024-04-27T01:06:31.672 INFO:teuthology.orchestra.run.smithi060.stdout:/usr/bin/ceph: stderr
2024-04-27T01:06:30.700+0000 7fa40d529700 1 -- 172.21.15.60:0/2367828647 learned_addr learned my addr 172.21.15.60:0/2367828647 (peer_addr_for_me v2:172.21.15.60:0/0)
2024-04-27T01:06:31.672 INFO:teuthology.orchestra.run.smithi060.stdout:/usr/bin/ceph: stderr
2024-04-27T01:06:30.700+0000 7fa40d529700 1 -- 172.21.15.60:0/2367828647 --> [v2:172.21.15.60:3300/0,v1:172.21.15.60:6789/0] -- mon_subscribe({config=0+,monmap=0+}) -- 0x7fa40807b300 con 0x7fa40807c700
2024-04-27T01:06:31.672 INFO:teuthology.orchestra.run.smithi060.stdout:/usr/bin/ceph: stderr
2024-04-27T01:06:30.700+0000 7fa40d529700 1 --2- 172.21.15.60:0/2367828647 >> [v2:172.21.15.60:3300/0,v1:172.21.15.60:6789/0] conn(0x7fa40807c700 0x7fa40807abb0 secure :-1 s=READY pgs=37 cs=0 l=1 rev1=1 crypto rx=0x7fa400009e80 tx=0x7fa40000b330 comp rx=0 tx=0).ready entity=mon.0 client_cookie=cb0afcd65091f89e server_cookie=0 in_seq=0 out_seq=0
2024-04-27T01:06:31.672 INFO:teuthology.orchestra.run.smithi060.stdout:/usr/bin/ceph: stderr
2024-04-27T01:06:30.700+0000 7fa3fffff700 1 -- 172.21.15.60:0/2367828647 <== mon.0 v2:172.21.15.60:3300/0 1 ==== mon_map magic: 0 ==== 205+0+0 (secure 0 0 0) 0x7fa400017070 con 0x7fa40807c700
2024-04-27T01:06:31.672 INFO:teuthology.orchestra.run.smithi060.stdout:/usr/bin/ceph: stderr
2024-04-27T01:06:30.700+0000 7fa3fffff700 1 -- 172.21.15.60:0/2367828647 <== mon.0 v2:172.21.15.60:3300/0 2 ==== config(26 keys) ==== 1071+0+0 (secure 0 0 0) 0x7fa40000b8c0 con 0x7fa40807c700
2024-04-27T01:06:31.672 INFO:teuthology.orchestra.run.smithi060.stdout:/usr/bin/ceph: stderr
2024-04-27T01:06:30.700+0000 7fa3fffff700 1 -- 172.21.15.60:0/2367828647 <== mon.0 v2:172.21.15.60:3300/0 3 ==== mon_map magic: 0 ==== 205+0+0 (secure 0 0 0) 0x7fa400004520 con 0x7fa40807c700
2024-04-27T01:06:31.672 INFO:teuthology.orchestra.run.smithi060.stdout:/usr/bin/ceph: stderr
2024-04-27T01:06:30.700+0000 7fa40f78d700 1 -- 172.21.15.60:0/2367828647 >> [v2:172.21.15.60:3300/0,v1:172.21.15.60:6789/0] conn(0x7fa40807c700 msgr2=0x7fa40807abb0 secure :-1 s=STATE_CONNECTION_ESTABLISHED l=1).mark_down
2024-04-27T01:06:31.673 INFO:teuthology.orchestra.run.smithi060.stdout:/usr/bin/ceph: stderr
2024-04-27T01:06:30.700+0000 7fa40f78d700 1 --2- 172.21.15.60:0/2367828647 >> [v2:172.21.15.60:3300/0,v1:172.21.15.60:6789/0] conn(0x7fa40807c700 0x7fa40807abb0 secure :-1 s=READY pgs=37 cs=0 l=1 rev1=1 crypto rx=0x7fa400009e80 tx=0x7fa40000b330 comp rx=0 tx=0).stop
2024-04-27T01:06:31.673 INFO:teuthology.orchestra.run.smithi060.stdout:/usr/bin/ceph: stderr
2024-04-27T01:06:30.700+0000 7fa40f78d700 1 -- 172.21.15.60:0/2367828647 shutdown_connections
2024-04-27T01:06:31.673 INFO:teuthology.orchestra.run.smithi060.stdout:/usr/bin/ceph: stderr
2024-04-27T01:06:30.700+0000 7fa40f78d700 1 --2- 172.21.15.60:0/2367828647 >> [v2:172.21.15.60:3300/0,v1:172.21.15.60:6789/0] conn(0x7fa40807c700 0x7fa40807abb0 unknown :-1 s=CLOSED pgs=37 cs=0 l=1 rev1=1 crypto rx=0 tx=0 comp rx=0 tx=0).stop
2024-04-27T01:06:31.673 INFO:teuthology.orchestra.run.smithi060.stdout:/usr/bin/ceph: stderr
2024-04-27T01:06:30.700+0000 7fa40f78d700 1 -- 172.21.15.60:0/2367828647 >> 172.21.15.60:0/2367828647 conn(0x7fa408102700 msgr2=0x7fa408104b20 unknown :-1 s=STATE_NONE l=0).mark_down
2024-04-27T01:06:31.673 INFO:teuthology.orchestra.run.smithi060.stdout:/usr/bin/ceph: stderr
2024-04-27T01:06:30.700+0000 7fa40f78d700 1 -- 172.21.15.60:0/2367828647 shutdown_connections
2024-04-27T01:06:31.673 INFO:teuthology.orchestra.run.smithi060.stdout:/usr/bin/ceph: stderr
2024-04-27T01:06:30.700+0000 7fa40f78d700 1 -- 172.21.15.60:0/2367828647 wait complete.
2024-04-27T01:06:31.673 INFO:teuthology.orchestra.run.smithi060.stdout:/usr/bin/ceph: stderr
2024-04-27T01:06:30.700+0000 7fa40f78d700 1 Processor -- start
2024-04-27T01:06:31.673 INFO:teuthology.orchestra.run.smithi060.stdout:/usr/bin/ceph: stderr
2024-04-27T01:06:30.704+0000 7fa40f78d700 1 -- start start
2024-04-27T01:06:31.673 INFO:teuthology.orchestra.run.smithi060.stdout:/usr/bin/ceph: stderr
2024-04-27T01:06:30.704+0000 7fa40f78d700 1 --2- >> [v2:172.21.15.60:3300/0,v1:172.21.15.60:6789/0] conn(0x7fa40807c700 0x7fa40819d0f0 unknown :-1 s=NONE pgs=0 cs=0 l=1 rev1=0 crypto rx=0 tx=0 comp rx=0 tx=0).connect
2024-04-27T01:06:31.673 INFO:teuthology.orchestra.run.smithi060.stdout:/usr/bin/ceph: stderr
2024-04-27T01:06:30.704+0000 7fa40f78d700 1 -- --> [v2:172.21.15.60:3300/0,v1:172.21.15.60:6789/0] -- mon_getmap magic: 0 -- 0x7fa40810d6b0 con 0x7fa40807c700
2024-04-27T01:06:31.673 INFO:teuthology.orchestra.run.smithi060.stdout:/usr/bin/ceph: stderr
2024-04-27T01:06:30.704+0000 7fa40d529700 1 --2- >> [v2:172.21.15.60:3300/0,v1:172.21.15.60:6789/0] conn(0x7fa40807c700 0x7fa40819d0f0 unknown :-1 s=BANNER_CONNECTING pgs=0 cs=0 l=1 rev1=0 crypto rx=0 tx=0 comp rx=0 tx=0)._handle_peer_banner_payload supported=3 required=0
2024-04-27T01:06:31.673 INFO:teuthology.orchestra.run.smithi060.stdout:/usr/bin/ceph: stderr
2024-04-27T01:06:30.704+0000 7fa40d529700 1 --2- >> [v2:172.21.15.60:3300/0,v1:172.21.15.60:6789/0] conn(0x7fa40807c700 0x7fa40819d0f0 unknown :-1 s=HELLO_CONNECTING pgs=0 cs=0 l=1 rev1=1 crypto rx=0 tx=0 comp rx=0 tx=0).handle_hello peer v2:172.21.15.60:3300/0 says I am v2:172.21.15.60:40224/0 (socket says 172.21.15.60:40224)
2024-04-27T01:06:31.673 INFO:teuthology.orchestra.run.smithi060.stdout:/usr/bin/ceph: stderr
2024-04-27T01:06:30.704+0000 7fa40d529700 1 -- 172.21.15.60:0/2974232138 learned_addr learned my addr 172.21.15.60:0/2974232138 (peer_addr_for_me v2:172.21.15.60:0/0)
2024-04-27T01:06:31.673 INFO:teuthology.orchestra.run.smithi060.stdout:/usr/bin/ceph: stderr
2024-04-27T01:06:30.704+0000 7fa40d529700 1 -- 172.21.15.60:0/2974232138 --> [v2:172.21.15.60:3300/0,v1:172.21.15.60:6789/0] -- mon_subscribe({config=0+,monmap=0+}) -- 0x7fa40819d630 con 0x7fa40807c700
2024-04-27T01:06:31.674 INFO:teuthology.orchestra.run.smithi060.stdout:/usr/bin/ceph: stderr
2024-04-27T01:06:30.704+0000 7fa40d529700 1 --2- 172.21.15.60:0/2974232138 >> [v2:172.21.15.60:3300/0,v1:172.21.15.60:6789/0] conn(0x7fa40807c700 0x7fa40819d0f0 secure :-1 s=READY pgs=38 cs=0 l=1 rev1=1 crypto rx=0x7fa4000042b0 tx=0x7fa400004670 comp rx=0 tx=0).ready entity=mon.0 client_cookie=0 server_cookie=0 in_seq=0 out_seq=0
2024-04-27T01:06:31.674 INFO:teuthology.orchestra.run.smithi060.stdout:/usr/bin/ceph: stderr
2024-04-27T01:06:30.704+0000 7fa3fe7fc700 1 -- 172.21.15.60:0/2974232138 <== mon.0 v2:172.21.15.60:3300/0 1 ==== mon_map magic: 0 ==== 205+0+0 (secure 0 0 0) 0x7fa400020020 con 0x7fa40807c700
2024-04-27T01:06:31.674 INFO:teuthology.orchestra.run.smithi060.stdout:/usr/bin/ceph: stderr
2024-04-27T01:06:30.704+0000 7fa3fe7fc700 1 -- 172.21.15.60:0/2974232138 <== mon.0 v2:172.21.15.60:3300/0 2 ==== config(26 keys) ==== 1071+0+0 (secure 0 0 0) 0x7fa40000bba0 con 0x7fa40807c700
2024-04-27T01:06:31.674 INFO:teuthology.orchestra.run.smithi060.stdout:/usr/bin/ceph: stderr
2024-04-27T01:06:30.704+0000 7fa40f78d700 1 -- 172.21.15.60:0/2974232138 --> [v2:172.21.15.60:3300/0,v1:172.21.15.60:6789/0] -- mon_subscribe({mgrmap=0+}) -- 0x7fa40819d8c0 con 0x7fa40807c700
2024-04-27T01:06:31.674 INFO:teuthology.orchestra.run.smithi060.stdout:/usr/bin/ceph: stderr
2024-04-27T01:06:30.704+0000 7fa3fe7fc700 1 -- 172.21.15.60:0/2974232138 <== mon.0 v2:172.21.15.60:3300/0 3 ==== mon_map magic: 0 ==== 205+0+0 (secure 0 0 0) 0x7fa400017040 con 0x7fa40807c700
2024-04-27T01:06:31.674 INFO:teuthology.orchestra.run.smithi060.stdout:/usr/bin/ceph: stderr
2024-04-27T01:06:30.704+0000 7fa40f78d700 1 -- 172.21.15.60:0/2974232138 --> [v2:172.21.15.60:3300/0,v1:172.21.15.60:6789/0] -- mon_subscribe({osdmap=0}) -- 0x7fa4081a05b0 con 0x7fa40807c700
2024-04-27T01:06:31.674 INFO:teuthology.orchestra.run.smithi060.stdout:/usr/bin/ceph: stderr
2024-04-27T01:06:30.704+0000 7fa3fe7fc700 1 -- 172.21.15.60:0/2974232138 <== mon.0 v2:172.21.15.60:3300/0 4 ==== mgrmap(e 8) ==== 46287+0+0 (secure 0 0 0) 0x7fa400023020 con 0x7fa40807c700
2024-04-27T01:06:31.674 INFO:teuthology.orchestra.run.smithi060.stdout:/usr/bin/ceph: stderr
2024-04-27T01:06:30.704+0000 7fa40f78d700 1 -- 172.21.15.60:0/2974232138 --> [v2:172.21.15.60:3300/0,v1:172.21.15.60:6789/0] -- mon_command({"prefix": "get_command_descriptions"} v 0) -- 0x7fa408063890 con 0x7fa40807c700
2024-04-27T01:06:31.674 INFO:teuthology.orchestra.run.smithi060.stdout:/usr/bin/ceph: stderr
2024-04-27T01:06:30.704+0000 7fa3fe7fc700 1 --2- 172.21.15.60:0/2974232138 >> [v2:172.21.15.60:6800/574694000,v1:172.21.15.60:6801/574694000] conn(0x7fa3f4039160 0x7fa3f403b620 unknown :-1 s=NONE pgs=0 cs=0 l=1 rev1=0 crypto rx=0 tx=0 comp rx=0 tx=0).connect
2024-04-27T01:06:31.674 INFO:teuthology.orchestra.run.smithi060.stdout:/usr/bin/ceph: stderr
2024-04-27T01:06:30.704+0000 7fa3fe7fc700 1 -- 172.21.15.60:0/2974232138 <== mon.0 v2:172.21.15.60:3300/0 5 ==== osd_map(2..2 src has 1..2) ==== 940+0+0 (secure 0 0 0) 0x7fa40000f050 con 0x7fa40807c700
2024-04-27T01:06:31.674 INFO:teuthology.orchestra.run.smithi060.stdout:/usr/bin/ceph: stderr
2024-04-27T01:06:30.704+0000 7fa40cd28700 1 --2- 172.21.15.60:0/2974232138 >> [v2:172.21.15.60:6800/574694000,v1:172.21.15.60:6801/574694000] conn(0x7fa3f4039160 0x7fa3f403b620 unknown :-1 s=BANNER_CONNECTING pgs=0 cs=0 l=1 rev1=0 crypto rx=0 tx=0 comp rx=0 tx=0)._handle_peer_banner_payload supported=3 required=0
2024-04-27T01:06:31.674 INFO:teuthology.orchestra.run.smithi060.stdout:/usr/bin/ceph: stderr
2024-04-27T01:06:30.704+0000 7fa40cd28700 1 --2- 172.21.15.60:0/2974232138 >> [v2:172.21.15.60:6800/574694000,v1:172.21.15.60:6801/574694000] conn(0x7fa3f4039160 0x7fa3f403b620 secure :-1 s=READY pgs=7 cs=0 l=1 rev1=1 crypto rx=0x7fa3f8006fd0 tx=0x7fa3f8006e40 comp rx=0 tx=0).ready entity=mgr.14120 client_cookie=0 server_cookie=0 in_seq=0 out_seq=0
2024-04-27T01:06:31.674 INFO:teuthology.orchestra.run.smithi060.stdout:/usr/bin/ceph: stderr
2024-04-27T01:06:30.712+0000 7fa3fe7fc700 1 -- 172.21.15.60:0/2974232138 <== mon.0 v2:172.21.15.60:3300/0 6 ==== mon_command_ack([{"prefix": "get_command_descriptions"}]=0 v0) ==== 72+0+186147 (secure 0 0 0) 0x7fa40002a020 con 0x7fa40807c700
2024-04-27T01:06:31.674 INFO:teuthology.orchestra.run.smithi060.stdout:/usr/bin/ceph: stderr
2024-04-27T01:06:31.124+0000 7fa40f78d700 1 -- 172.21.15.60:0/2974232138 --> [v2:172.21.15.60:6800/574694000,v1:172.21.15.60:6801/574694000] -- mgr_command(tid 0: {"prefix": "orch set backend", "module_name": "cephadm", "target": ["mon-mgr", ""]}) -- 0x7fa408103830 con 0x7fa3f4039160
2024-04-27T01:06:31.675 INFO:teuthology.orchestra.run.smithi060.stdout:/usr/bin/ceph: stderr
2024-04-27T01:06:31.136+0000 7fa3fe7fc700 1 -- 172.21.15.60:0/2974232138 <== mgr.14120 v2:172.21.15.60:6800/574694000 1 ==== mgr_command_reply(tid 0: 0 ) ==== 8+0+0 (secure 0 0 0) 0x7fa408103830 con 0x7fa3f4039160
2024-04-27T01:06:31.675 INFO:teuthology.orchestra.run.smithi060.stdout:/usr/bin/ceph: stderr
2024-04-27T01:06:31.140+0000 7fa40f78d700 1 -- 172.21.15.60:0/2974232138 >> [v2:172.21.15.60:6800/574694000,v1:172.21.15.60:6801/574694000] conn(0x7fa3f4039160 msgr2=0x7fa3f403b620 secure :-1 s=STATE_CONNECTION_ESTABLISHED l=1).mark_down
2024-04-27T01:06:31.675 INFO:teuthology.orchestra.run.smithi060.stdout:/usr/bin/ceph: stderr
2024-04-27T01:06:31.140+0000 7fa40f78d700 1 --2- 172.21.15.60:0/2974232138 >> [v2:172.21.15.60:6800/574694000,v1:172.21.15.60:6801/574694000] conn(0x7fa3f4039160 0x7fa3f403b620 secure :-1 s=READY pgs=7 cs=0 l=1 rev1=1 crypto rx=0x7fa3f8006fd0 tx=0x7fa3f8006e40 comp rx=0 tx=0).stop
2024-04-27T01:06:31.675 INFO:teuthology.orchestra.run.smithi060.stdout:/usr/bin/ceph: stderr
2024-04-27T01:06:31.140+0000 7fa40f78d700 1 -- 172.21.15.60:0/2974232138 >> [v2:172.21.15.60:3300/0,v1:172.21.15.60:6789/0] conn(0x7fa40807c700 msgr2=0x7fa40819d0f0 secure :-1 s=STATE_CONNECTION_ESTABLISHED l=1).mark_down
2024-04-27T01:06:31.675 INFO:teuthology.orchestra.run.smithi060.stdout:/usr/bin/ceph: stderr
2024-04-27T01:06:31.140+0000 7fa40f78d700 1 --2- 172.21.15.60:0/2974232138 >> [v2:172.21.15.60:3300/0,v1:172.21.15.60:6789/0] conn(0x7fa40807c700 0x7fa40819d0f0 secure :-1 s=READY pgs=38 cs=0 l=1 rev1=1 crypto rx=0x7fa4000042b0 tx=0x7fa400004670 comp rx=0 tx=0).stop
2024-04-27T01:06:31.675 INFO:teuthology.orchestra.run.smithi060.stdout:/usr/bin/ceph: stderr
2024-04-27T01:06:31.140+0000 7fa40f78d700 1 -- 172.21.15.60:0/2974232138 shutdown_connections
2024-04-27T01:06:31.675 INFO:teuthology.orchestra.run.smithi060.stdout:/usr/bin/ceph: stderr
2024-04-27T01:06:31.140+0000 7fa40f78d700 1 --2- 172.21.15.60:0/2974232138 >> [v2:172.21.15.60:6800/574694000,v1:172.21.15.60:6801/574694000] conn(0x7fa3f4039160 0x7fa3f403b620 unknown :-1 s=CLOSED pgs=7 cs=0 l=1 rev1=1 crypto rx=0 tx=0 comp rx=0 tx=0).stop
2024-04-27T01:06:31.675 INFO:teuthology.orchestra.run.smithi060.stdout:/usr/bin/ceph: stderr
2024-04-27T01:06:31.140+0000 7fa40f78d700 1 --2- 172.21.15.60:0/2974232138 >> [v2:172.21.15.60:3300/0,v1:172.21.15.60:6789/0] conn(0x7fa40807c700 0x7fa40819d0f0 unknown :-1 s=CLOSED pgs=38 cs=0 l=1 rev1=1 crypto rx=0 tx=0 comp rx=0 tx=0).stop
2024-04-27T01:06:31.675 INFO:teuthology.orchestra.run.smithi060.stdout:/usr/bin/ceph: stderr
2024-04-27T01:06:31.140+0000 7fa40f78d700 1 -- 172.21.15.60:0/2974232138 >> 172.21.15.60:0/2974232138 conn(0x7fa408102700 msgr2=0x7fa408103120 unknown :-1 s=STATE_NONE l=0).mark_down
2024-04-27T01:06:31.675 INFO:teuthology.orchestra.run.smithi060.stdout:/usr/bin/ceph: stderr
2024-04-27T01:06:31.140+0000 7fa40f78d700 1 -- 172.21.15.60:0/2974232138 shutdown_connections
2024-04-27T01:06:31.675 INFO:teuthology.orchestra.run.smithi060.stdout:/usr/bin/ceph: stderr
2024-04-27T01:06:31.140+0000 7fa40f78d700 1 -- 172.21.15.60:0/2974232138 wait complete.
2024-04-27T01:06:32.640 INFO:journalctl@ceph.mon.a.smithi060.stdout:Apr 27 01:06:32 smithi060 bash[21479]: audit
2024-04-27T01:06:31.129940+0000 mgr.x (mgr.14120) 8 : audit 0 from='client.14132 -' entity='client.admin' cmd=[{"prefix": "orch set backend", "module_name": "cephadm", "target": ["mon-mgr", ""]}]: dispatch
2024-04-27T01:06:33.467 INFO:teuthology.orchestra.run.smithi060.stdout:/usr/bin/ceph: stdout value unchanged
2024-04-27T01:06:33.467 INFO:teuthology.orchestra.run.smithi060.stdout:/usr/bin/ceph: stderr
2024-04-27T01:06:32.532+0000 7fc8465c5700 1 Processor -- start
2024-04-27T01:06:33.467 INFO:teuthology.orchestra.run.smithi060.stdout:/usr/bin/ceph: stderr
2024-04-27T01:06:32.532+0000 7fc8465c5700 1 -- start start
2024-04-27T01:06:33.467 INFO:teuthology.orchestra.run.smithi060.stdout:/usr/bin/ceph: stderr
2024-04-27T01:06:32.532+0000 7fc8465c5700 1 --2- >> [v2:172.21.15.60:3300/0,v1:172.21.15.60:6789/0] conn(0x7fc84007d0d0 0x7fc84007d4f0 unknown :-1 s=NONE pgs=0 cs=0 l=0 rev1=0 crypto rx=0 tx=0 comp rx=0 tx=0).connect
2024-04-27T01:06:33.467 INFO:teuthology.orchestra.run.smithi060.stdout:/usr/bin/ceph: stderr
2024-04-27T01:06:32.532+0000 7fc8465c5700 1 -- --> [v2:172.21.15.60:3300/0,v1:172.21.15.60:6789/0] -- mon_getmap magic: 0 -- 0x7fc84007dac0 con 0x7fc84007d0d0
2024-04-27T01:06:33.467 INFO:teuthology.orchestra.run.smithi060.stdout:/usr/bin/ceph: stderr
2024-04-27T01:06:32.532+0000 7fc83ffff700 1 --2- >> [v2:172.21.15.60:3300/0,v1:172.21.15.60:6789/0] conn(0x7fc84007d0d0 0x7fc84007d4f0 unknown :-1 s=BANNER_CONNECTING pgs=0 cs=0 l=0 rev1=0 crypto rx=0 tx=0 comp rx=0 tx=0)._handle_peer_banner_payload supported=3 required=0
2024-04-27T01:06:33.467 INFO:teuthology.orchestra.run.smithi060.stdout:/usr/bin/ceph: stderr
2024-04-27T01:06:32.532+0000 7fc83ffff700 1 --2- >> [v2:172.21.15.60:3300/0,v1:172.21.15.60:6789/0] conn(0x7fc84007d0d0 0x7fc84007d4f0 unknown :-1 s=HELLO_CONNECTING pgs=0 cs=0 l=0 rev1=1 crypto rx=0 tx=0 comp rx=0 tx=0).handle_hello peer v2:172.21.15.60:3300/0 says I am v2:172.21.15.60:40238/0 (socket says 172.21.15.60:40238)
2024-04-27T01:06:33.467 INFO:teuthology.orchestra.run.smithi060.stdout:/usr/bin/ceph: stderr
2024-04-27T01:06:32.532+0000 7fc83ffff700 1 -- 172.21.15.60:0/1237562448 learned_addr learned my addr 172.21.15.60:0/1237562448 (peer_addr_for_me v2:172.21.15.60:0/0)
2024-04-27T01:06:33.467 INFO:teuthology.orchestra.run.smithi060.stdout:/usr/bin/ceph: stderr
2024-04-27T01:06:32.532+0000 7fc83ffff700 1 -- 172.21.15.60:0/1237562448 --> [v2:172.21.15.60:3300/0,v1:172.21.15.60:6789/0] -- mon_subscribe({config=0+,monmap=0+}) -- 0x7fc84007e2d0 con 0x7fc84007d0d0
2024-04-27T01:06:33.467 INFO:teuthology.orchestra.run.smithi060.stdout:/usr/bin/ceph: stderr
2024-04-27T01:06:32.532+0000 7fc83ffff700 1 --2- 172.21.15.60:0/1237562448 >> [v2:172.21.15.60:3300/0,v1:172.21.15.60:6789/0] conn(0x7fc84007d0d0 0x7fc84007d4f0 secure :-1 s=READY pgs=39 cs=0 l=1 rev1=1 crypto rx=0x7fc8300098a0 tx=0x7fc830009bb0 comp rx=0 tx=0).ready entity=mon.0 client_cookie=c55945fb3aa10679 server_cookie=0 in_seq=0 out_seq=0
2024-04-27T01:06:33.467 INFO:teuthology.orchestra.run.smithi060.stdout:/usr/bin/ceph: stderr
2024-04-27T01:06:32.532+0000 7fc83effd700 1 -- 172.21.15.60:0/1237562448 <== mon.0 v2:172.21.15.60:3300/0 1 ==== mon_map magic: 0 ==== 205+0+0 (secure 0 0 0) 0x7fc830004160 con 0x7fc84007d0d0
2024-04-27T01:06:33.468 INFO:teuthology.orchestra.run.smithi060.stdout:/usr/bin/ceph: stderr
2024-04-27T01:06:32.532+0000 7fc83effd700 1 -- 172.21.15.60:0/1237562448 <== mon.0 v2:172.21.15.60:3300/0 2 ==== config(26 keys) ==== 1071+0+0 (secure 0 0 0) 0x7fc830004300 con 0x7fc84007d0d0
2024-04-27T01:06:33.468 INFO:teuthology.orchestra.run.smithi060.stdout:/usr/bin/ceph: stderr
2024-04-27T01:06:32.532+0000 7fc83effd700 1 -- 172.21.15.60:0/1237562448 <== mon.0 v2:172.21.15.60:3300/0 3 ==== mon_map magic: 0 ==== 205+0+0 (secure 0 0 0) 0x7fc830011a80 con 0x7fc84007d0d0
2024-04-27T01:06:33.468 INFO:teuthology.orchestra.run.smithi060.stdout:/usr/bin/ceph: stderr
2024-04-27T01:06:32.536+0000 7fc8465c5700 1 -- 172.21.15.60:0/1237562448 >> [v2:172.21.15.60:3300/0,v1:172.21.15.60:6789/0] conn(0x7fc84007d0d0 msgr2=0x7fc84007d4f0 secure :-1 s=STATE_CONNECTION_ESTABLISHED l=1).mark_down
2024-04-27T01:06:33.468 INFO:teuthology.orchestra.run.smithi060.stdout:/usr/bin/ceph: stderr
2024-04-27T01:06:32.536+0000 7fc8465c5700 1 --2- 172.21.15.60:0/1237562448 >> [v2:172.21.15.60:3300/0,v1:172.21.15.60:6789/0] conn(0x7fc84007d0d0 0x7fc84007d4f0 secure :-1 s=READY pgs=39 cs=0 l=1 rev1=1 crypto rx=0x7fc8300098a0 tx=0x7fc830009bb0 comp rx=0 tx=0).stop
2024-04-27T01:06:33.468 INFO:teuthology.orchestra.run.smithi060.stdout:/usr/bin/ceph: stderr
2024-04-27T01:06:32.536+0000 7fc8465c5700 1 -- 172.21.15.60:0/1237562448 shutdown_connections
2024-04-27T01:06:33.468 INFO:teuthology.orchestra.run.smithi060.stdout:/usr/bin/ceph: stderr
2024-04-27T01:06:32.536+0000 7fc8465c5700 1 --2- 172.21.15.60:0/1237562448 >> [v2:172.21.15.60:3300/0,v1:172.21.15.60:6789/0] conn(0x7fc84007d0d0 0x7fc84007d4f0 unknown :-1 s=CLOSED pgs=39 cs=0 l=1 rev1=1 crypto rx=0 tx=0 comp rx=0 tx=0).stop
2024-04-27T01:06:33.468 INFO:teuthology.orchestra.run.smithi060.stdout:/usr/bin/ceph: stderr
2024-04-27T01:06:32.536+0000 7fc8465c5700 1 -- 172.21.15.60:0/1237562448 >> 172.21.15.60:0/1237562448 conn(0x7fc840104d30 msgr2=0x7fc840107120 unknown :-1 s=STATE_NONE l=0).mark_down
2024-04-27T01:06:33.468 INFO:teuthology.orchestra.run.smithi060.stdout:/usr/bin/ceph: stderr
2024-04-27T01:06:32.536+0000 7fc8465c5700 1 -- 172.21.15.60:0/1237562448 shutdown_connections
2024-04-27T01:06:33.468 INFO:teuthology.orchestra.run.smithi060.stdout:/usr/bin/ceph: stderr
2024-04-27T01:06:32.536+0000 7fc8465c5700 1 -- 172.21.15.60:0/1237562448 wait complete.
2024-04-27T01:06:33.468 INFO:teuthology.orchestra.run.smithi060.stdout:/usr/bin/ceph: stderr
2024-04-27T01:06:32.536+0000 7fc8465c5700 1 Processor -- start
2024-04-27T01:06:33.468 INFO:teuthology.orchestra.run.smithi060.stdout:/usr/bin/ceph: stderr
2024-04-27T01:06:32.536+0000 7fc8465c5700 1 -- start start
2024-04-27T01:06:33.468 INFO:teuthology.orchestra.run.smithi060.stdout:/usr/bin/ceph: stderr
2024-04-27T01:06:32.536+0000 7fc8465c5700 1 --2- >> [v2:172.21.15.60:3300/0,v1:172.21.15.60:6789/0] conn(0x7fc84007d0d0 0x7fc8401a1540 unknown :-1 s=NONE pgs=0 cs=0 l=1 rev1=0 crypto rx=0 tx=0 comp rx=0 tx=0).connect
2024-04-27T01:06:33.468 INFO:teuthology.orchestra.run.smithi060.stdout:/usr/bin/ceph: stderr
2024-04-27T01:06:32.536+0000 7fc8465c5700 1 -- --> [v2:172.21.15.60:3300/0,v1:172.21.15.60:6789/0] -- mon_getmap magic: 0 -- 0x7fc84007f690 con 0x7fc84007d0d0
2024-04-27T01:06:33.469 INFO:teuthology.orchestra.run.smithi060.stdout:/usr/bin/ceph: stderr
2024-04-27T01:06:32.536+0000 7fc83ffff700 1 --2- >> [v2:172.21.15.60:3300/0,v1:172.21.15.60:6789/0] conn(0x7fc84007d0d0 0x7fc8401a1540 unknown :-1 s=BANNER_CONNECTING pgs=0 cs=0 l=1 rev1=0 crypto rx=0 tx=0 comp rx=0 tx=0)._handle_peer_banner_payload supported=3 required=0
2024-04-27T01:06:33.469 INFO:teuthology.orchestra.run.smithi060.stdout:/usr/bin/ceph: stderr
2024-04-27T01:06:32.536+0000 7fc83ffff700 1 --2- >> [v2:172.21.15.60:3300/0,v1:172.21.15.60:6789/0] conn(0x7fc84007d0d0 0x7fc8401a1540 unknown :-1 s=HELLO_CONNECTING pgs=0 cs=0 l=1 rev1=1 crypto rx=0 tx=0 comp rx=0 tx=0).handle_hello peer v2:172.21.15.60:3300/0 says I am v2:172.21.15.60:40252/0 (socket says 172.21.15.60:40252)
2024-04-27T01:06:33.469 INFO:teuthology.orchestra.run.smithi060.stdout:/usr/bin/ceph: stderr
2024-04-27T01:06:32.536+0000 7fc83ffff700 1 -- 172.21.15.60:0/1602674382 learned_addr learned my addr 172.21.15.60:0/1602674382 (peer_addr_for_me v2:172.21.15.60:0/0)
2024-04-27T01:06:33.469 INFO:teuthology.orchestra.run.smithi060.stdout:/usr/bin/ceph: stderr
2024-04-27T01:06:32.536+0000 7fc83ffff700 1 -- 172.21.15.60:0/1602674382 --> [v2:172.21.15.60:3300/0,v1:172.21.15.60:6789/0] -- mon_subscribe({config=0+,monmap=0+}) -- 0x7fc8401a1a80 con 0x7fc84007d0d0
2024-04-27T01:06:33.469 INFO:teuthology.orchestra.run.smithi060.stdout:/usr/bin/ceph: stderr
2024-04-27T01:06:32.536+0000 7fc83ffff700 1 --2- 172.21.15.60:0/1602674382 >> [v2:172.21.15.60:3300/0,v1:172.21.15.60:6789/0] conn(0x7fc84007d0d0 0x7fc8401a1540 secure :-1 s=READY pgs=40 cs=0 l=1 rev1=1 crypto rx=0x7fc830011a50 tx=0x7fc830004290 comp rx=0 tx=0).ready entity=mon.0 client_cookie=0 server_cookie=0 in_seq=0 out_seq=0
2024-04-27T01:06:33.472 INFO:teuthology.orchestra.run.smithi060.stdout:/usr/bin/ceph: stderr
2024-04-27T01:06:32.536+0000 7fc83d7fa700 1 -- 172.21.15.60:0/1602674382 <== mon.0 v2:172.21.15.60:3300/0 1 ==== mon_map magic: 0 ==== 205+0+0 (secure 0 0 0) 0x7fc8300039f0 con 0x7fc84007d0d0
2024-04-27T01:06:33.472 INFO:teuthology.orchestra.run.smithi060.stdout:/usr/bin/ceph: stderr
2024-04-27T01:06:32.536+0000 7fc83d7fa700 1 -- 172.21.15.60:0/1602674382 <== mon.0 v2:172.21.15.60:3300/0 2 ==== config(26 keys) ==== 1071+0+0 (secure 0 0 0) 0x7fc830003b90 con 0x7fc84007d0d0
2024-04-27T01:06:33.472 INFO:teuthology.orchestra.run.smithi060.stdout:/usr/bin/ceph: stderr
2024-04-27T01:06:32.536+0000 7fc83d7fa700 1 -- 172.21.15.60:0/1602674382 <== mon.0 v2:172.21.15.60:3300/0 3 ==== mon_map magic: 0 ==== 205+0+0 (secure 0 0 0) 0x7fc83001a600 con 0x7fc84007d0d0
2024-04-27T01:06:33.472 INFO:teuthology.orchestra.run.smithi060.stdout:/usr/bin/ceph: stderr
2024-04-27T01:06:32.536+0000 7fc8465c5700 1 -- 172.21.15.60:0/1602674382 --> [v2:172.21.15.60:3300/0,v1:172.21.15.60:6789/0] -- mon_subscribe({mgrmap=0+}) -- 0x7fc8401a1d10 con 0x7fc84007d0d0
2024-04-27T01:06:33.472 INFO:teuthology.orchestra.run.smithi060.stdout:/usr/bin/ceph: stderr
2024-04-27T01:06:32.536+0000 7fc8465c5700 1 -- 172.21.15.60:0/1602674382 --> [v2:172.21.15.60:3300/0,v1:172.21.15.60:6789/0] -- mon_subscribe({osdmap=0}) -- 0x7fc8401a4a00 con 0x7fc84007d0d0
2024-04-27T01:06:33.472 INFO:teuthology.orchestra.run.smithi060.stdout:/usr/bin/ceph: stderr
2024-04-27T01:06:32.536+0000 7fc83d7fa700 1 -- 172.21.15.60:0/1602674382 <== mon.0 v2:172.21.15.60:3300/0 4 ==== mgrmap(e 8) ==== 46287+0+0 (secure 0 0 0) 0x7fc83001a8b0 con 0x7fc84007d0d0
2024-04-27T01:06:33.472 INFO:teuthology.orchestra.run.smithi060.stdout:/usr/bin/ceph: stderr
2024-04-27T01:06:32.536+0000 7fc8465c5700 1 -- 172.21.15.60:0/1602674382 --> [v2:172.21.15.60:3300/0,v1:172.21.15.60:6789/0] -- mon_command({"prefix": "get_command_descriptions"} v 0) -- 0x7fc840063890 con 0x7fc84007d0d0
2024-04-27T01:06:33.472 INFO:teuthology.orchestra.run.smithi060.stdout:/usr/bin/ceph: stderr
2024-04-27T01:06:32.536+0000 7fc83d7fa700 1 --2- 172.21.15.60:0/1602674382 >> [v2:172.21.15.60:6800/574694000,v1:172.21.15.60:6801/574694000] conn(0x7fc828039160 0x7fc82803b620 unknown :-1 s=NONE pgs=0 cs=0 l=1 rev1=0 crypto rx=0 tx=0 comp rx=0 tx=0).connect
2024-04-27T01:06:33.472 INFO:teuthology.orchestra.run.smithi060.stdout:/usr/bin/ceph: stderr
2024-04-27T01:06:32.536+0000 7fc83d7fa700 1 -- 172.21.15.60:0/1602674382 <== mon.0 v2:172.21.15.60:3300/0 5 ==== osd_map(2..2 src has 1..2) ==== 940+0+0 (secure 0 0 0) 0x7fc83004d6f0 con 0x7fc84007d0d0
2024-04-27T01:06:33.473 INFO:teuthology.orchestra.run.smithi060.stdout:/usr/bin/ceph: stderr
2024-04-27T01:06:32.536+0000 7fc83f7fe700 1 --2- 172.21.15.60:0/1602674382 >> [v2:172.21.15.60:6800/574694000,v1:172.21.15.60:6801/574694000] conn(0x7fc828039160 0x7fc82803b620 unknown :-1 s=BANNER_CONNECTING pgs=0 cs=0 l=1 rev1=0 crypto rx=0 tx=0 comp rx=0 tx=0)._handle_peer_banner_payload supported=3 required=0
2024-04-27T01:06:33.473 INFO:teuthology.orchestra.run.smithi060.stdout:/usr/bin/ceph: stderr
2024-04-27T01:06:32.540+0000 7fc83f7fe700 1 --2- 172.21.15.60:0/1602674382 >> [v2:172.21.15.60:6800/574694000,v1:172.21.15.60:6801/574694000] conn(0x7fc828039160 0x7fc82803b620 secure :-1 s=READY pgs=8 cs=0 l=1 rev1=1 crypto rx=0x7fc834006fd0 tx=0x7fc834006e40 comp rx=0 tx=0).ready entity=mgr.14120 client_cookie=0 server_cookie=0 in_seq=0 out_seq=0
2024-04-27T01:06:33.473 INFO:teuthology.orchestra.run.smithi060.stdout:/usr/bin/ceph: stderr
2024-04-27T01:06:32.544+0000 7fc83d7fa700 1 -- 172.21.15.60:0/1602674382 <== mon.0 v2:172.21.15.60:3300/0 6 ==== mon_command_ack([{"prefix": "get_command_descriptions"}]=0 v0) ==== 72+0+186147 (secure 0 0 0) 0x7fc83004d040 con 0x7fc84007d0d0
2024-04-27T01:06:33.473 INFO:teuthology.orchestra.run.smithi060.stdout:/usr/bin/ceph: stderr
2024-04-27T01:06:32.928+0000 7fc8465c5700 1 -- 172.21.15.60:0/1602674382 --> [v2:172.21.15.60:6800/574694000,v1:172.21.15.60:6801/574694000] -- mgr_command(tid 0: {"prefix": "cephadm set-user", "user": "root", "target": ["mon-mgr", ""]}) -- 0x7fc840062670 con 0x7fc828039160
2024-04-27T01:06:33.473 INFO:teuthology.orchestra.run.smithi060.stdout:/usr/bin/ceph: stderr
2024-04-27T01:06:32.928+0000 7fc83d7fa700 1 -- 172.21.15.60:0/1602674382 <== mgr.14120 v2:172.21.15.60:6800/574694000 1 ==== mgr_command_reply(tid 0: 0 ) ==== 8+0+16 (secure 0 0 0) 0x7fc840062670 con 0x7fc828039160
2024-04-27T01:06:33.473 INFO:teuthology.orchestra.run.smithi060.stdout:/usr/bin/ceph: stderr
2024-04-27T01:06:32.932+0000 7fc8465c5700 1 -- 172.21.15.60:0/1602674382 >> [v2:172.21.15.60:6800/574694000,v1:172.21.15.60:6801/574694000] conn(0x7fc828039160 msgr2=0x7fc82803b620 secure :-1 s=STATE_CONNECTION_ESTABLISHED l=1).mark_down
2024-04-27T01:06:33.473 INFO:teuthology.orchestra.run.smithi060.stdout:/usr/bin/ceph: stderr
2024-04-27T01:06:32.932+0000 7fc8465c5700 1 --2- 172.21.15.60:0/1602674382 >> [v2:172.21.15.60:6800/574694000,v1:172.21.15.60:6801/574694000] conn(0x7fc828039160 0x7fc82803b620 secure :-1 s=READY pgs=8 cs=0 l=1 rev1=1 crypto rx=0x7fc834006fd0 tx=0x7fc834006e40 comp rx=0 tx=0).stop
2024-04-27T01:06:33.473 INFO:teuthology.orchestra.run.smithi060.stdout:/usr/bin/ceph: stderr
2024-04-27T01:06:32.932+0000 7fc8465c5700 1 -- 172.21.15.60:0/1602674382 >> [v2:172.21.15.60:3300/0,v1:172.21.15.60:6789/0] conn(0x7fc84007d0d0 msgr2=0x7fc8401a1540 secure :-1 s=STATE_CONNECTION_ESTABLISHED l=1).mark_down
2024-04-27T01:06:33.473 INFO:teuthology.orchestra.run.smithi060.stdout:/usr/bin/ceph: stderr
2024-04-27T01:06:32.932+0000 7fc8465c5700 1 --2- 172.21.15.60:0/1602674382 >> [v2:172.21.15.60:3300/0,v1:172.21.15.60:6789/0] conn(0x7fc84007d0d0 0x7fc8401a1540 secure :-1 s=READY pgs=40 cs=0 l=1 rev1=1 crypto rx=0x7fc830011a50 tx=0x7fc830004290 comp rx=0 tx=0).stop
2024-04-27T01:06:33.473 INFO:teuthology.orchestra.run.smithi060.stdout:/usr/bin/ceph: stderr
2024-04-27T01:06:32.932+0000 7fc8465c5700 1 -- 172.21.15.60:0/1602674382 shutdown_connections
2024-04-27T01:06:33.473 INFO:teuthology.orchestra.run.smithi060.stdout:/usr/bin/ceph: stderr
2024-04-27T01:06:32.932+0000 7fc8465c5700 1 --2- 172.21.15.60:0/1602674382 >> [v2:172.21.15.60:6800/574694000,v1:172.21.15.60:6801/574694000] conn(0x7fc828039160 0x7fc82803b620 unknown :-1 s=CLOSED pgs=8 cs=0 l=1 rev1=1 crypto rx=0 tx=0 comp rx=0 tx=0).stop
2024-04-27T01:06:33.473 INFO:teuthology.orchestra.run.smithi060.stdout:/usr/bin/ceph: stderr
2024-04-27T01:06:32.932+0000 7fc8465c5700 1 --2- 172.21.15.60:0/1602674382 >> [v2:172.21.15.60:3300/0,v1:172.21.15.60:6789/0] conn(0x7fc84007d0d0 0x7fc8401a1540 unknown :-1 s=CLOSED pgs=40 cs=0 l=1 rev1=1 crypto rx=0 tx=0 comp rx=0 tx=0).stop
2024-04-27T01:06:33.473 INFO:teuthology.orchestra.run.smithi060.stdout:/usr/bin/ceph: stderr
2024-04-27T01:06:32.932+0000 7fc8465c5700 1 -- 172.21.15.60:0/1602674382 >> 172.21.15.60:0/1602674382 conn(0x7fc840104d30 msgr2=0x7fc840107b00 unknown :-1 s=STATE_NONE l=0).mark_down
2024-04-27T01:06:33.473 INFO:teuthology.orchestra.run.smithi060.stdout:/usr/bin/ceph: stderr
2024-04-27T01:06:32.932+0000 7fc8465c5700 1 -- 172.21.15.60:0/1602674382 shutdown_connections
2024-04-27T01:06:33.474 INFO:teuthology.orchestra.run.smithi060.stdout:/usr/bin/ceph: stderr
2024-04-27T01:06:32.932+0000 7fc8465c5700 1 -- 172.21.15.60:0/1602674382 wait complete.
2024-04-27T01:06:33.474 INFO:teuthology.orchestra.run.smithi060.stdout:Generating ssh key...
2024-04-27T01:06:33.640 INFO:journalctl@ceph.mon.a.smithi060.stdout:Apr 27 01:06:33 smithi060 bash[21479]: audit
2024-04-27T01:06:32.931018+0000 mgr.x (mgr.14120) 9 : audit 0 from='client.14134 -' entity='client.admin' cmd=[{"prefix": "cephadm set-user", "user": "root", "target": ["mon-mgr", ""]}]: dispatch
2024-04-27T01:06:35.390 INFO:journalctl@ceph.mon.a.smithi060.stdout:Apr 27 01:06:35 smithi060 bash[21479]: audit
2024-04-27T01:06:34.748641+0000 mgr.x (mgr.14120) 10 : audit 0 from='client.14136 -' entity='client.admin' cmd=[{"prefix": "cephadm generate-key", "target": ["mon-mgr", ""]}]: dispatch
2024-04-27T01:06:35.390 INFO:journalctl@ceph.mon.a.smithi060.stdout:Apr 27 01:06:35 smithi060 bash[21479]: cephadm
2024-04-27T01:06:34.748853+0000 mgr.x (mgr.14120) 11 : cephadm 1 Generating ssh key...
2024-04-27T01:06:35.391 INFO:journalctl@ceph.mon.a.smithi060.stdout:Apr 27 01:06:35 smithi060 bash[21479]: audit
2024-04-27T01:06:35.023750+0000 mon.a (mon.0) 60 : audit 1 from='mgr.14120 172.21.15.60:0/1127121639' entity='mgr.x'
2024-04-27T01:06:35.391 INFO:journalctl@ceph.mgr.x.smithi060.stdout:Apr 27 01:06:35 smithi060 bash[21732]: Generating public/private rsa key pair.
2024-04-27T01:06:35.391 INFO:journalctl@ceph.mgr.x.smithi060.stdout:Apr 27 01:06:35 smithi060 bash[21732]: Your identification has been saved in /tmp/tmp1w2kncwm/key.
2024-04-27T01:06:35.391 INFO:journalctl@ceph.mgr.x.smithi060.stdout:Apr 27 01:06:35 smithi060 bash[21732]: Your public key has been saved in /tmp/tmp1w2kncwm/key.pub.
2024-04-27T01:06:35.391 INFO:journalctl@ceph.mgr.x.smithi060.stdout:Apr 27 01:06:35 smithi060 bash[21732]: The key fingerprint is:
2024-04-27T01:06:35.391 INFO:journalctl@ceph.mgr.x.smithi060.stdout:Apr 27 01:06:35 smithi060 bash[21732]: SHA256:2JSmysZkOUvV1MwomSUA26vdHASzHZe9CKr1ycUOx5U ceph-234df608-0432-11ef-bc93-c7b262605968
2024-04-27T01:06:35.391 INFO:journalctl@ceph.mgr.x.smithi060.stdout:Apr 27 01:06:35 smithi060 bash[21732]: The key's randomart image is:
2024-04-27T01:06:35.391 INFO:journalctl@ceph.mgr.x.smithi060.stdout:Apr 27 01:06:35 smithi060 bash[21732]: +---[RSA 3072]----+
2024-04-27T01:06:35.391 INFO:journalctl@ceph.mgr.x.smithi060.stdout:Apr 27 01:06:35 smithi060 bash[21732]: | ..+.o++B . |
2024-04-27T01:06:35.391 INFO:journalctl@ceph.mgr.x.smithi060.stdout:Apr 27 01:06:35 smithi060 bash[21732]: | o ==*o.E |
2024-04-27T01:06:35.391 INFO:journalctl@ceph.mgr.x.smithi060.stdout:Apr 27 01:06:35 smithi060 bash[21732]: | . o.+==o . |
2024-04-27T01:06:35.391 INFO:journalctl@ceph.mgr.x.smithi060.stdout:Apr 27 01:06:35 smithi060 bash[21732]: | o=.** . |
2024-04-27T01:06:35.392 INFO:journalctl@ceph.mgr.x.smithi060.stdout:Apr 27 01:06:35 smithi060 bash[21732]: | oBo+*S |
2024-04-27T01:06:35.392 INFO:journalctl@ceph.mgr.x.smithi060.stdout:Apr 27 01:06:35 smithi060 bash[21732]: | .O *+.. |
2024-04-27T01:06:35.392 INFO:journalctl@ceph.mgr.x.smithi060.stdout:Apr 27 01:06:35 smithi060 bash[21732]: | . B o |
2024-04-27T01:06:35.392 INFO:journalctl@ceph.mgr.x.smithi060.stdout:Apr 27 01:06:35 smithi060 bash[21732]: | . |
2024-04-27T01:06:35.392 INFO:journalctl@ceph.mgr.x.smithi060.stdout:Apr 27 01:06:35 smithi060 bash[21732]: | |
2024-04-27T01:06:35.392 INFO:journalctl@ceph.mgr.x.smithi060.stdout:Apr 27 01:06:35 smithi060 bash[21732]: +----[SHA256]-----+
2024-04-27T01:06:35.541 INFO:teuthology.orchestra.run.smithi060.stdout:/usr/bin/ceph: stderr
2024-04-27T01:06:34.352+0000 7f2d89194700 1 Processor -- start
2024-04-27T01:06:35.541 INFO:teuthology.orchestra.run.smithi060.stdout:/usr/bin/ceph: stderr
2024-04-27T01:06:34.352+0000 7f2d89194700 1 -- start start
2024-04-27T01:06:35.541 INFO:teuthology.orchestra.run.smithi060.stdout:/usr/bin/ceph: stderr
2024-04-27T01:06:34.352+0000 7f2d89194700 1 --2- >> [v2:172.21.15.60:3300/0,v1:172.21.15.60:6789/0] conn(0x7f2d84107130 0x7f2d84107550 unknown :-1 s=NONE pgs=0 cs=0 l=0 rev1=0 crypto rx=0 tx=0 comp rx=0 tx=0).connect
2024-04-27T01:06:35.541 INFO:teuthology.orchestra.run.smithi060.stdout:/usr/bin/ceph: stderr
2024-04-27T01:06:34.352+0000 7f2d89194700 1 -- --> [v2:172.21.15.60:3300/0,v1:172.21.15.60:6789/0] -- mon_getmap magic: 0 -- 0x7f2d84107b20 con 0x7f2d84107130
2024-04-27T01:06:35.541 INFO:teuthology.orchestra.run.smithi060.stdout:/usr/bin/ceph: stderr
2024-04-27T01:06:34.352+0000 7f2d82d9d700 1 --2- >> [v2:172.21.15.60:3300/0,v1:172.21.15.60:6789/0] conn(0x7f2d84107130 0x7f2d84107550 unknown :-1 s=BANNER_CONNECTING pgs=0 cs=0 l=0 rev1=0 crypto rx=0 tx=0 comp rx=0 tx=0)._handle_peer_banner_payload supported=3 required=0
2024-04-27T01:06:35.541 INFO:teuthology.orchestra.run.smithi060.stdout:/usr/bin/ceph: stderr
2024-04-27T01:06:34.352+0000 7f2d82d9d700 1 --2- >> [v2:172.21.15.60:3300/0,v1:172.21.15.60:6789/0] conn(0x7f2d84107130 0x7f2d84107550 unknown :-1 s=HELLO_CONNECTING pgs=0 cs=0 l=0 rev1=1 crypto rx=0 tx=0 comp rx=0 tx=0).handle_hello peer v2:172.21.15.60:3300/0 says I am v2:172.21.15.60:49520/0 (socket says 172.21.15.60:49520)
2024-04-27T01:06:35.541 INFO:teuthology.orchestra.run.smithi060.stdout:/usr/bin/ceph: stderr
2024-04-27T01:06:34.352+0000 7f2d82d9d700 1 -- 172.21.15.60:0/4232480801 learned_addr learned my addr 172.21.15.60:0/4232480801 (peer_addr_for_me v2:172.21.15.60:0/0)
2024-04-27T01:06:35.541 INFO:teuthology.orchestra.run.smithi060.stdout:/usr/bin/ceph: stderr
2024-04-27T01:06:34.356+0000 7f2d82d9d700 1 -- 172.21.15.60:0/4232480801 --> [v2:172.21.15.60:3300/0,v1:172.21.15.60:6789/0] -- mon_subscribe({config=0+,monmap=0+}) -- 0x7f2d841082e0 con 0x7f2d84107130
2024-04-27T01:06:35.541 INFO:teuthology.orchestra.run.smithi060.stdout:/usr/bin/ceph: stderr
2024-04-27T01:06:34.356+0000 7f2d82d9d700 1 --2- 172.21.15.60:0/4232480801 >> [v2:172.21.15.60:3300/0,v1:172.21.15.60:6789/0] conn(0x7f2d84107130 0x7f2d84107550 secure :-1 s=READY pgs=41 cs=0 l=1 rev1=1 crypto rx=0x7f2d740098a0 tx=0x7f2d74009bb0 comp rx=0 tx=0).ready entity=mon.0 client_cookie=25c13a9f4adaf8fc server_cookie=0 in_seq=0 out_seq=0
2024-04-27T01:06:35.541 INFO:teuthology.orchestra.run.smithi060.stdout:/usr/bin/ceph: stderr
2024-04-27T01:06:34.356+0000 7f2d81d9b700 1 -- 172.21.15.60:0/4232480801 <== mon.0 v2:172.21.15.60:3300/0 1 ==== mon_map magic: 0 ==== 205+0+0 (secure 0 0 0) 0x7f2d74004160 con 0x7f2d84107130
2024-04-27T01:06:35.541 INFO:teuthology.orchestra.run.smithi060.stdout:/usr/bin/ceph: stderr
2024-04-27T01:06:34.356+0000 7f2d81d9b700 1 -- 172.21.15.60:0/4232480801 <== mon.0 v2:172.21.15.60:3300/0 2 ==== config(26 keys) ==== 1071+0+0 (secure 0 0 0) 0x7f2d74004300 con 0x7f2d84107130
2024-04-27T01:06:35.541 INFO:teuthology.orchestra.run.smithi060.stdout:/usr/bin/ceph: stderr
2024-04-27T01:06:34.356+0000 7f2d81d9b700 1 -- 172.21.15.60:0/4232480801 <== mon.0 v2:172.21.15.60:3300/0 3 ==== mon_map magic: 0 ==== 205+0+0 (secure 0 0 0) 0x7f2d74011a80 con 0x7f2d84107130
2024-04-27T01:06:35.542 INFO:teuthology.orchestra.run.smithi060.stdout:/usr/bin/ceph: stderr
2024-04-27T01:06:34.356+0000 7f2d89194700 1 -- 172.21.15.60:0/4232480801 >> [v2:172.21.15.60:3300/0,v1:172.21.15.60:6789/0] conn(0x7f2d84107130 msgr2=0x7f2d84107550 secure :-1 s=STATE_CONNECTION_ESTABLISHED l=1).mark_down
2024-04-27T01:06:35.542 INFO:teuthology.orchestra.run.smithi060.stdout:/usr/bin/ceph: stderr
2024-04-27T01:06:34.356+0000 7f2d89194700 1 --2- 172.21.15.60:0/4232480801 >> [v2:172.21.15.60:3300/0,v1:172.21.15.60:6789/0] conn(0x7f2d84107130 0x7f2d84107550 secure :-1 s=READY pgs=41 cs=0 l=1 rev1=1 crypto rx=0x7f2d740098a0 tx=0x7f2d74009bb0 comp rx=0 tx=0).stop
2024-04-27T01:06:35.542 INFO:teuthology.orchestra.run.smithi060.stdout:/usr/bin/ceph: stderr
2024-04-27T01:06:34.356+0000 7f2d89194700 1 -- 172.21.15.60:0/4232480801 shutdown_connections
2024-04-27T01:06:35.542 INFO:teuthology.orchestra.run.smithi060.stdout:/usr/bin/ceph: stderr
2024-04-27T01:06:34.356+0000 7f2d89194700 1 --2- 172.21.15.60:0/4232480801 >> [v2:172.21.15.60:3300/0,v1:172.21.15.60:6789/0] conn(0x7f2d84107130 0x7f2d84107550 unknown :-1 s=CLOSED pgs=41 cs=0 l=1 rev1=1 crypto rx=0 tx=0 comp rx=0 tx=0).stop
2024-04-27T01:06:35.542 INFO:teuthology.orchestra.run.smithi060.stdout:/usr/bin/ceph: stderr
2024-04-27T01:06:34.356+0000 7f2d89194700 1 -- 172.21.15.60:0/4232480801 >> 172.21.15.60:0/4232480801 conn(0x7f2d84102710 msgr2=0x7f2d84104b30 unknown :-1 s=STATE_NONE l=0).mark_down
2024-04-27T01:06:35.542 INFO:teuthology.orchestra.run.smithi060.stdout:/usr/bin/ceph: stderr
2024-04-27T01:06:34.356+0000 7f2d89194700 1 -- 172.21.15.60:0/4232480801 shutdown_connections
2024-04-27T01:06:35.542 INFO:teuthology.orchestra.run.smithi060.stdout:/usr/bin/ceph: stderr
2024-04-27T01:06:34.356+0000 7f2d89194700 1 -- 172.21.15.60:0/4232480801 wait complete.
