2024-04-27T01:15:32.645 INFO:teuthology.orchestra.run.smithi110.stdout:/usr/bin/ceph: stderr
2024-04-27T01:15:27.898+0000 7f877bf66700 1 --2- 172.21.15.110:0/2132466639 >> [v2:172.21.15.110:3300/0,v1:172.21.15.110:6789/0] conn(0x7f8774106580 0x7f87741069a0 unknown :-1 s=CLOSED pgs=18 cs=0 l=1 rev1=1 crypto rx=0 tx=0 comp rx=0 tx=0).stop
2024-04-27T01:15:32.645 INFO:teuthology.orchestra.run.smithi110.stdout:/usr/bin/ceph: stderr
2024-04-27T01:15:27.898+0000 7f877bf66700 1 -- 172.21.15.110:0/2132466639 >> 172.21.15.110:0/2132466639 conn(0x7f8774101b00 msgr2=0x7f8774103f60 unknown :-1 s=STATE_NONE l=0).mark_down
2024-04-27T01:15:32.645 INFO:teuthology.orchestra.run.smithi110.stdout:/usr/bin/ceph: stderr
2024-04-27T01:15:27.898+0000 7f877bf66700 1 -- 172.21.15.110:0/2132466639 shutdown_connections
2024-04-27T01:15:32.645 INFO:teuthology.orchestra.run.smithi110.stdout:/usr/bin/ceph: stderr
2024-04-27T01:15:27.898+0000 7f877bf66700 1 -- 172.21.15.110:0/2132466639 wait complete.
2024-04-27T01:15:32.645 INFO:teuthology.orchestra.run.smithi110.stdout:/usr/bin/ceph: stderr
2024-04-27T01:15:27.899+0000 7f877bf66700 1 Processor -- start
2024-04-27T01:15:32.645 INFO:teuthology.orchestra.run.smithi110.stdout:/usr/bin/ceph: stderr
2024-04-27T01:15:27.899+0000 7f877bf66700 1 -- start start
2024-04-27T01:15:32.645 INFO:teuthology.orchestra.run.smithi110.stdout:/usr/bin/ceph: stderr
2024-04-27T01:15:27.899+0000 7f877bf66700 1 --2- >> [v2:172.21.15.110:3300/0,v1:172.21.15.110:6789/0] conn(0x7f8774106580 0x7f877419a240 unknown :-1 s=NONE pgs=0 cs=0 l=1 rev1=0 crypto rx=0 tx=0 comp rx=0 tx=0).connect
2024-04-27T01:15:32.645 INFO:teuthology.orchestra.run.smithi110.stdout:/usr/bin/ceph: stderr
2024-04-27T01:15:27.899+0000 7f877bf66700 1 -- --> [v2:172.21.15.110:3300/0,v1:172.21.15.110:6789/0] -- mon_getmap magic: 0 v1 -- 0x7f877419a780 con 0x7f8774106580
2024-04-27T01:15:32.645 INFO:teuthology.orchestra.run.smithi110.stdout:/usr/bin/ceph: stderr
2024-04-27T01:15:27.899+0000 7f8779d02700 1 --2- >> [v2:172.21.15.110:3300/0,v1:172.21.15.110:6789/0] conn(0x7f8774106580 0x7f877419a240 unknown :-1 s=BANNER_CONNECTING pgs=0 cs=0 l=1 rev1=0 crypto rx=0 tx=0 comp rx=0 tx=0)._handle_peer_banner_payload supported=3 required=0
2024-04-27T01:15:32.645 INFO:teuthology.orchestra.run.smithi110.stdout:/usr/bin/ceph: stderr
2024-04-27T01:15:27.899+0000 7f8779d02700 1 --2- >> [v2:172.21.15.110:3300/0,v1:172.21.15.110:6789/0] conn(0x7f8774106580 0x7f877419a240 unknown :-1 s=HELLO_CONNECTING pgs=0 cs=0 l=1 rev1=1 crypto rx=0 tx=0 comp rx=0 tx=0).handle_hello peer v2:172.21.15.110:3300/0 says I am v2:172.21.15.110:50306/0 (socket says 172.21.15.110:50306)
2024-04-27T01:15:32.645 INFO:teuthology.orchestra.run.smithi110.stdout:/usr/bin/ceph: stderr
2024-04-27T01:15:27.899+0000 7f8779d02700 1 -- 172.21.15.110:0/688362931 learned_addr learned my addr 172.21.15.110:0/688362931 (peer_addr_for_me v2:172.21.15.110:0/0)
2024-04-27T01:15:32.645 INFO:teuthology.orchestra.run.smithi110.stdout:/usr/bin/ceph: stderr
2024-04-27T01:15:27.899+0000 7f8779d02700 1 -- 172.21.15.110:0/688362931 --> [v2:172.21.15.110:3300/0,v1:172.21.15.110:6789/0] -- mon_subscribe({config=0+,monmap=0+}) v3 -- 0x7f8770009550 con 0x7f8774106580
2024-04-27T01:15:32.646 INFO:teuthology.orchestra.run.smithi110.stdout:/usr/bin/ceph: stderr
2024-04-27T01:15:27.899+0000 7f8779d02700 1 --2- 172.21.15.110:0/688362931 >> [v2:172.21.15.110:3300/0,v1:172.21.15.110:6789/0] conn(0x7f8774106580 0x7f877419a240 secure :-1 s=READY pgs=19 cs=0 l=1 rev1=1 crypto rx=0x7f8770009520 tx=0x7f8770011ab0 comp rx=0 tx=0).ready entity=mon.0 client_cookie=0 server_cookie=0 in_seq=0 out_seq=0
2024-04-27T01:15:32.646 INFO:teuthology.orchestra.run.smithi110.stdout:/usr/bin/ceph: stderr
2024-04-27T01:15:27.899+0000 7f876affd700 1 -- 172.21.15.110:0/688362931 <== mon.0 v2:172.21.15.110:3300/0 1 ==== mon_map magic: 0 v1 ==== 229+0+0 (secure 0 0 0) 0x7f8770003a80 con 0x7f8774106580
2024-04-27T01:15:32.646 INFO:teuthology.orchestra.run.smithi110.stdout:/usr/bin/ceph: stderr
2024-04-27T01:15:27.899+0000 7f876affd700 1 -- 172.21.15.110:0/688362931 <== mon.0 v2:172.21.15.110:3300/0 2 ==== config(27 keys) v1 ==== 1037+0+0 (secure 0 0 0) 0x7f8770003be0 con 0x7f8774106580
2024-04-27T01:15:32.646 INFO:teuthology.orchestra.run.smithi110.stdout:/usr/bin/ceph: stderr
2024-04-27T01:15:27.899+0000 7f876affd700 1 -- 172.21.15.110:0/688362931 <== mon.0 v2:172.21.15.110:3300/0 3 ==== mon_map magic: 0 v1 ==== 229+0+0 (secure 0 0 0) 0x7f87700197b0 con 0x7f8774106580
2024-04-27T01:15:32.646 INFO:teuthology.orchestra.run.smithi110.stdout:/usr/bin/ceph: stderr
2024-04-27T01:15:27.899+0000 7f877bf66700 1 -- 172.21.15.110:0/688362931 --> [v2:172.21.15.110:3300/0,v1:172.21.15.110:6789/0] -- mon_subscribe({mgrmap=0+}) v3 -- 0x7f877419a980 con 0x7f8774106580
2024-04-27T01:15:32.646 INFO:teuthology.orchestra.run.smithi110.stdout:/usr/bin/ceph: stderr
2024-04-27T01:15:27.900+0000 7f877bf66700 1 -- 172.21.15.110:0/688362931 --> [v2:172.21.15.110:3300/0,v1:172.21.15.110:6789/0] -- mon_subscribe({osdmap=0}) v3 -- 0x7f877419ae20 con 0x7f8774106580
2024-04-27T01:15:32.646 INFO:teuthology.orchestra.run.smithi110.stdout:/usr/bin/ceph: stderr
2024-04-27T01:15:27.900+0000 7f876affd700 1 -- 172.21.15.110:0/688362931 <== mon.0 v2:172.21.15.110:3300/0 4 ==== mgrmap(e 4) v1 ==== 45272+0+0 (secure 0 0 0) 0x7f8770019a70 con 0x7f8774106580
2024-04-27T01:15:32.646 INFO:teuthology.orchestra.run.smithi110.stdout:/usr/bin/ceph: stderr
2024-04-27T01:15:27.900+0000 7f876affd700 1 --2- 172.21.15.110:0/688362931 >> [v2:172.21.15.110:6800/2007034402,v1:172.21.15.110:6801/2007034402] conn(0x7f8760038280 0x7f876003a740 unknown :-1 s=NONE pgs=0 cs=0 l=1 rev1=0 crypto rx=0 tx=0 comp rx=0 tx=0).connect
2024-04-27T01:15:32.646 INFO:teuthology.orchestra.run.smithi110.stdout:/usr/bin/ceph: stderr
2024-04-27T01:15:27.900+0000 7f877bf66700 1 -- 172.21.15.110:0/688362931 --> [v2:172.21.15.110:3300/0,v1:172.21.15.110:6789/0] -- mon_command({"prefix": "get_command_descriptions"} v 0) v1 -- 0x7f87740623c0 con 0x7f8774106580
2024-04-27T01:15:32.646 INFO:teuthology.orchestra.run.smithi110.stdout:/usr/bin/ceph: stderr
2024-04-27T01:15:27.901+0000 7f876affd700 1 -- 172.21.15.110:0/688362931 <== mon.0 v2:172.21.15.110:3300/0 5 ==== osd_map(1..1 src has 1..1) v4 ==== 725+0+0 (secure 0 0 0) 0x7f877004c4d0 con 0x7f8774106580
2024-04-27T01:15:32.646 INFO:teuthology.orchestra.run.smithi110.stdout:/usr/bin/ceph: stderr
2024-04-27T01:15:27.901+0000 7f8779501700 1 --2- 172.21.15.110:0/688362931 >> [v2:172.21.15.110:6800/2007034402,v1:172.21.15.110:6801/2007034402] conn(0x7f8760038280 0x7f876003a740 unknown :-1 s=BANNER_CONNECTING pgs=0 cs=0 l=1 rev1=0 crypto rx=0 tx=0 comp rx=0 tx=0)._handle_peer_banner_payload supported=3 required=0
2024-04-27T01:15:32.647 INFO:teuthology.orchestra.run.smithi110.stdout:/usr/bin/ceph: stderr
2024-04-27T01:15:27.901+0000 7f8779501700 1 --2- 172.21.15.110:0/688362931 >> [v2:172.21.15.110:6800/2007034402,v1:172.21.15.110:6801/2007034402] conn(0x7f8760038280 0x7f876003a740 secure :-1 s=READY pgs=6 cs=0 l=1 rev1=1 crypto rx=0x7f8764006fd0 tx=0x7f8764006e40 comp rx=0 tx=0).ready entity=mgr.14100 client_cookie=0 server_cookie=0 in_seq=0 out_seq=0
2024-04-27T01:15:32.647 INFO:teuthology.orchestra.run.smithi110.stdout:/usr/bin/ceph: stderr
2024-04-27T01:15:27.906+0000 7f876affd700 1 -- 172.21.15.110:0/688362931 <== mon.0 v2:172.21.15.110:3300/0 6 ==== mon_command_ack([{"prefix": "get_command_descriptions"}]=0 v0) v1 ==== 72+0+180422 (secure 0 0 0) 0x7f8770018740 con 0x7f8774106580
2024-04-27T01:15:32.647 INFO:teuthology.orchestra.run.smithi110.stdout:/usr/bin/ceph: stderr
2024-04-27T01:15:28.171+0000 7f877bf66700 1 -- 172.21.15.110:0/688362931 --> [v2:172.21.15.110:3300/0,v1:172.21.15.110:6789/0] -- mon_command({"prefix": "status", "format": "json-pretty"} v 0) v1 -- 0x7f877419dfb0 con 0x7f8774106580
2024-04-27T01:15:32.647 INFO:teuthology.orchestra.run.smithi110.stdout:/usr/bin/ceph: stderr
2024-04-27T01:15:28.171+0000 7f876affd700 1 -- 172.21.15.110:0/688362931 <== mon.0 v2:172.21.15.110:3300/0 7 ==== mon_command_ack([{"prefix": "status", "format": "json-pretty"}]=0 v0) v1 ==== 79+0+1246 (secure 0 0 0) 0x7f87700172b0 con 0x7f8774106580
2024-04-27T01:15:32.647 INFO:teuthology.orchestra.run.smithi110.stdout:/usr/bin/ceph: stderr
2024-04-27T01:15:28.173+0000 7f877bf66700 1 -- 172.21.15.110:0/688362931 >> [v2:172.21.15.110:6800/2007034402,v1:172.21.15.110:6801/2007034402] conn(0x7f8760038280 msgr2=0x7f876003a740 secure :-1 s=STATE_CONNECTION_ESTABLISHED l=1).mark_down
2024-04-27T01:15:32.647 INFO:teuthology.orchestra.run.smithi110.stdout:/usr/bin/ceph: stderr
2024-04-27T01:15:28.173+0000 7f877bf66700 1 --2- 172.21.15.110:0/688362931 >> [v2:172.21.15.110:6800/2007034402,v1:172.21.15.110:6801/2007034402] conn(0x7f8760038280 0x7f876003a740 secure :-1 s=READY pgs=6 cs=0 l=1 rev1=1 crypto rx=0x7f8764006fd0 tx=0x7f8764006e40 comp rx=0 tx=0).stop
2024-04-27T01:15:32.647 INFO:teuthology.orchestra.run.smithi110.stdout:/usr/bin/ceph: stderr
2024-04-27T01:15:28.173+0000 7f877bf66700 1 -- 172.21.15.110:0/688362931 >> [v2:172.21.15.110:3300/0,v1:172.21.15.110:6789/0] conn(0x7f8774106580 msgr2=0x7f877419a240 secure :-1 s=STATE_CONNECTION_ESTABLISHED l=1).mark_down
2024-04-27T01:15:32.647 INFO:teuthology.orchestra.run.smithi110.stdout:/usr/bin/ceph: stderr
2024-04-27T01:15:28.173+0000 7f877bf66700 1 --2- 172.21.15.110:0/688362931 >> [v2:172.21.15.110:3300/0,v1:172.21.15.110:6789/0] conn(0x7f8774106580 0x7f877419a240 secure :-1 s=READY pgs=19 cs=0 l=1 rev1=1 crypto rx=0x7f8770009520 tx=0x7f8770011ab0 comp rx=0 tx=0).stop
2024-04-27T01:15:32.647 INFO:teuthology.orchestra.run.smithi110.stdout:/usr/bin/ceph: stderr
2024-04-27T01:15:28.173+0000 7f877bf66700 1 -- 172.21.15.110:0/688362931 shutdown_connections
2024-04-27T01:15:32.648 INFO:teuthology.orchestra.run.smithi110.stdout:/usr/bin/ceph: stderr
2024-04-27T01:15:28.173+0000 7f877bf66700 1 --2- 172.21.15.110:0/688362931 >> [v2:172.21.15.110:6800/2007034402,v1:172.21.15.110:6801/2007034402] conn(0x7f8760038280 0x7f876003a740 unknown :-1 s=CLOSED pgs=6 cs=0 l=1 rev1=1 crypto rx=0 tx=0 comp rx=0 tx=0).stop
2024-04-27T01:15:32.648 INFO:teuthology.orchestra.run.smithi110.stdout:/usr/bin/ceph: stderr
2024-04-27T01:15:28.173+0000 7f877bf66700 1 --2- 172.21.15.110:0/688362931 >> [v2:172.21.15.110:3300/0,v1:172.21.15.110:6789/0] conn(0x7f8774106580 0x7f877419a240 unknown :-1 s=CLOSED pgs=19 cs=0 l=1 rev1=1 crypto rx=0 tx=0 comp rx=0 tx=0).stop
2024-04-27T01:15:32.648 INFO:teuthology.orchestra.run.smithi110.stdout:/usr/bin/ceph: stderr
2024-04-27T01:15:28.173+0000 7f877bf66700 1 -- 172.21.15.110:0/688362931 >> 172.21.15.110:0/688362931 conn(0x7f8774101b00 msgr2=0x7f8774102930 unknown :-1 s=STATE_NONE l=0).mark_down
2024-04-27T01:15:32.648 INFO:teuthology.orchestra.run.smithi110.stdout:/usr/bin/ceph: stderr
2024-04-27T01:15:28.173+0000 7f877bf66700 1 -- 172.21.15.110:0/688362931 shutdown_connections
2024-04-27T01:15:32.648 INFO:teuthology.orchestra.run.smithi110.stdout:/usr/bin/ceph: stderr
2024-04-27T01:15:28.173+0000 7f877bf66700 1 -- 172.21.15.110:0/688362931 wait complete.
2024-04-27T01:15:32.648 INFO:teuthology.orchestra.run.smithi110.stdout:mgr is available
2024-04-27T01:15:33.773 INFO:teuthology.orchestra.run.smithi110.stdout:/usr/bin/ceph: stdout
2024-04-27T01:15:33.773 INFO:teuthology.orchestra.run.smithi110.stdout:/usr/bin/ceph: stdout [global]
2024-04-27T01:15:33.774 INFO:teuthology.orchestra.run.smithi110.stdout:/usr/bin/ceph: stdout fsid = 7eb047ca-0433-11ef-bc93-c7b262605968
2024-04-27T01:15:33.774 INFO:teuthology.orchestra.run.smithi110.stdout:/usr/bin/ceph: stdout mon_osd_allow_pg_remap = true
2024-04-27T01:15:33.774 INFO:teuthology.orchestra.run.smithi110.stdout:/usr/bin/ceph: stdout mon_osd_allow_primary_affinity = true
2024-04-27T01:15:33.774 INFO:teuthology.orchestra.run.smithi110.stdout:/usr/bin/ceph: stdout mon_warn_on_no_sortbitwise = false
2024-04-27T01:15:33.774 INFO:teuthology.orchestra.run.smithi110.stdout:/usr/bin/ceph: stdout osd_crush_chooseleaf_type = 0
2024-04-27T01:15:33.774 INFO:teuthology.orchestra.run.smithi110.stdout:/usr/bin/ceph: stdout
2024-04-27T01:15:33.774 INFO:teuthology.orchestra.run.smithi110.stdout:/usr/bin/ceph: stdout [mgr]
2024-04-27T01:15:33.774 INFO:teuthology.orchestra.run.smithi110.stdout:/usr/bin/ceph: stdout mgr/telemetry/nag = false
2024-04-27T01:15:33.774 INFO:teuthology.orchestra.run.smithi110.stdout:/usr/bin/ceph: stdout
2024-04-27T01:15:33.774 INFO:teuthology.orchestra.run.smithi110.stdout:/usr/bin/ceph: stdout [osd]
2024-04-27T01:15:33.774 INFO:teuthology.orchestra.run.smithi110.stdout:/usr/bin/ceph: stdout mon_osd_backfillfull_ratio = 0.85
2024-04-27T01:15:33.774 INFO:teuthology.orchestra.run.smithi110.stdout:/usr/bin/ceph: stdout mon_osd_full_ratio = 0.9
2024-04-27T01:15:33.775 INFO:teuthology.orchestra.run.smithi110.stdout:/usr/bin/ceph: stdout mon_osd_nearfull_ratio = 0.8
2024-04-27T01:15:33.775 INFO:teuthology.orchestra.run.smithi110.stdout:/usr/bin/ceph: stdout osd_map_max_advance = 10
2024-04-27T01:15:33.775 INFO:teuthology.orchestra.run.smithi110.stdout:/usr/bin/ceph: stdout osd_sloppy_crc = true
2024-04-27T01:15:33.775 INFO:teuthology.orchestra.run.smithi110.stdout:/usr/bin/ceph: stderr
2024-04-27T01:15:33.066+0000 7fcb7cbfd700 1 Processor -- start
2024-04-27T01:15:33.775 INFO:teuthology.orchestra.run.smithi110.stdout:/usr/bin/ceph: stderr
2024-04-27T01:15:33.066+0000 7fcb7cbfd700 1 -- start start
2024-04-27T01:15:33.775 INFO:teuthology.orchestra.run.smithi110.stdout:/usr/bin/ceph: stderr
2024-04-27T01:15:33.066+0000 7fcb7cbfd700 1 --2- >> [v2:172.21.15.110:3300/0,v1:172.21.15.110:6789/0] conn(0x7fcb78107080 0x7fcb78109470 unknown :-1 s=NONE pgs=0 cs=0 l=0 rev1=0 crypto rx=0 tx=0 comp rx=0 tx=0).connect
2024-04-27T01:15:33.775 INFO:teuthology.orchestra.run.smithi110.stdout:/usr/bin/ceph: stderr
2024-04-27T01:15:33.066+0000 7fcb7cbfd700 1 -- --> [v2:172.21.15.110:3300/0,v1:172.21.15.110:6789/0] -- mon_getmap magic: 0 v1 -- 0x7fcb780745e0 con 0x7fcb78107080
2024-04-27T01:15:33.775 INFO:teuthology.orchestra.run.smithi110.stdout:/usr/bin/ceph: stderr
2024-04-27T01:15:33.067+0000 7fcb7659c700 1 --2- >> [v2:172.21.15.110:3300/0,v1:172.21.15.110:6789/0] conn(0x7fcb78107080 0x7fcb78109470 unknown :-1 s=BANNER_CONNECTING pgs=0 cs=0 l=0 rev1=0 crypto rx=0 tx=0 comp rx=0 tx=0)._handle_peer_banner_payload supported=3 required=0
2024-04-27T01:15:33.775 INFO:teuthology.orchestra.run.smithi110.stdout:/usr/bin/ceph: stderr
2024-04-27T01:15:33.067+0000 7fcb7659c700 1 --2- >> [v2:172.21.15.110:3300/0,v1:172.21.15.110:6789/0] conn(0x7fcb78107080 0x7fcb78109470 unknown :-1 s=HELLO_CONNECTING pgs=0 cs=0 l=0 rev1=1 crypto rx=0 tx=0 comp rx=0 tx=0).handle_hello peer v2:172.21.15.110:3300/0 says I am v2:172.21.15.110:35174/0 (socket says 172.21.15.110:35174)
2024-04-27T01:15:33.775 INFO:teuthology.orchestra.run.smithi110.stdout:/usr/bin/ceph: stderr
2024-04-27T01:15:33.067+0000 7fcb7659c700 1 -- 172.21.15.110:0/930048536 learned_addr learned my addr 172.21.15.110:0/930048536 (peer_addr_for_me v2:172.21.15.110:0/0)
2024-04-27T01:15:33.775 INFO:teuthology.orchestra.run.smithi110.stdout:/usr/bin/ceph: stderr
2024-04-27T01:15:33.067+0000 7fcb7659c700 1 -- 172.21.15.110:0/930048536 --> [v2:172.21.15.110:3300/0,v1:172.21.15.110:6789/0] -- mon_subscribe({config=0+,monmap=0+}) v3 -- 0x7fcb78074720 con 0x7fcb78107080
2024-04-27T01:15:33.775 INFO:teuthology.orchestra.run.smithi110.stdout:/usr/bin/ceph: stderr
2024-04-27T01:15:33.067+0000 7fcb7659c700 1 --2- 172.21.15.110:0/930048536 >> [v2:172.21.15.110:3300/0,v1:172.21.15.110:6789/0] conn(0x7fcb78107080 0x7fcb78109470 secure :-1 s=READY pgs=20 cs=0 l=1 rev1=1 crypto rx=0x7fcb70009e80 tx=0x7fcb7000b330 comp rx=0 tx=0).ready entity=mon.0 client_cookie=645d8604de9eb9fe server_cookie=0 in_seq=0 out_seq=0
2024-04-27T01:15:33.775 INFO:teuthology.orchestra.run.smithi110.stdout:/usr/bin/ceph: stderr
2024-04-27T01:15:33.067+0000 7fcb7559a700 1 -- 172.21.15.110:0/930048536 <== mon.0 v2:172.21.15.110:3300/0 1 ==== mon_map magic: 0 v1 ==== 229+0+0 (secure 0 0 0) 0x7fcb7000e070 con 0x7fcb78107080
2024-04-27T01:15:33.775 INFO:teuthology.orchestra.run.smithi110.stdout:/usr/bin/ceph: stderr
2024-04-27T01:15:33.067+0000 7fcb7559a700 1 -- 172.21.15.110:0/930048536 <== mon.0 v2:172.21.15.110:3300/0 2 ==== config(27 keys) v1 ==== 1037+0+0 (secure 0 0 0) 0x7fcb70003e90 con 0x7fcb78107080
2024-04-27T01:15:33.776 INFO:teuthology.orchestra.run.smithi110.stdout:/usr/bin/ceph: stderr
2024-04-27T01:15:33.067+0000 7fcb7559a700 1 -- 172.21.15.110:0/930048536 <== mon.0 v2:172.21.15.110:3300/0 3 ==== mon_map magic: 0 v1 ==== 229+0+0 (secure 0 0 0) 0x7fcb70004380 con 0x7fcb78107080
2024-04-27T01:15:33.776 INFO:teuthology.orchestra.run.smithi110.stdout:/usr/bin/ceph: stderr
2024-04-27T01:15:33.068+0000 7fcb7cbfd700 1 -- 172.21.15.110:0/930048536 >> [v2:172.21.15.110:3300/0,v1:172.21.15.110:6789/0] conn(0x7fcb78107080 msgr2=0x7fcb78109470 secure :-1 s=STATE_CONNECTION_ESTABLISHED l=1).mark_down
2024-04-27T01:15:33.776 INFO:teuthology.orchestra.run.smithi110.stdout:/usr/bin/ceph: stderr
2024-04-27T01:15:33.068+0000 7fcb7cbfd700 1 --2- 172.21.15.110:0/930048536 >> [v2:172.21.15.110:3300/0,v1:172.21.15.110:6789/0] conn(0x7fcb78107080 0x7fcb78109470 secure :-1 s=READY pgs=20 cs=0 l=1 rev1=1 crypto rx=0x7fcb70009e80 tx=0x7fcb7000b330 comp rx=0 tx=0).stop
2024-04-27T01:15:33.776 INFO:teuthology.orchestra.run.smithi110.stdout:/usr/bin/ceph: stderr
2024-04-27T01:15:33.068+0000 7fcb7cbfd700 1 -- 172.21.15.110:0/930048536 shutdown_connections
2024-04-27T01:15:33.777 INFO:teuthology.orchestra.run.smithi110.stdout:/usr/bin/ceph: stderr
2024-04-27T01:15:33.068+0000 7fcb7cbfd700 1 --2- 172.21.15.110:0/930048536 >> [v2:172.21.15.110:3300/0,v1:172.21.15.110:6789/0] conn(0x7fcb78107080 0x7fcb78109470 unknown :-1 s=CLOSED pgs=20 cs=0 l=1 rev1=1 crypto rx=0 tx=0 comp rx=0 tx=0).stop
2024-04-27T01:15:33.777 INFO:teuthology.orchestra.run.smithi110.stdout:/usr/bin/ceph: stderr
2024-04-27T01:15:33.068+0000 7fcb7cbfd700 1 -- 172.21.15.110:0/930048536 >> 172.21.15.110:0/930048536 conn(0x7fcb781009f0 msgr2=0x7fcb78102e50 unknown :-1 s=STATE_NONE l=0).mark_down
2024-04-27T01:15:33.777 INFO:teuthology.orchestra.run.smithi110.stdout:/usr/bin/ceph: stderr
2024-04-27T01:15:33.068+0000 7fcb7cbfd700 1 -- 172.21.15.110:0/930048536 shutdown_connections
2024-04-27T01:15:33.777 INFO:teuthology.orchestra.run.smithi110.stdout:/usr/bin/ceph: stderr
2024-04-27T01:15:33.068+0000 7fcb7cbfd700 1 -- 172.21.15.110:0/930048536 wait complete.
2024-04-27T01:15:33.777 INFO:teuthology.orchestra.run.smithi110.stdout:/usr/bin/ceph: stderr
2024-04-27T01:15:33.069+0000 7fcb7cbfd700 1 Processor -- start
2024-04-27T01:15:33.777 INFO:teuthology.orchestra.run.smithi110.stdout:/usr/bin/ceph: stderr
2024-04-27T01:15:33.069+0000 7fcb7cbfd700 1 -- start start
2024-04-27T01:15:33.777 INFO:teuthology.orchestra.run.smithi110.stdout:/usr/bin/ceph: stderr
2024-04-27T01:15:33.069+0000 7fcb7cbfd700 1 --2- >> [v2:172.21.15.110:3300/0,v1:172.21.15.110:6789/0] conn(0x7fcb78107080 0x7fcb7819a100 unknown :-1 s=NONE pgs=0 cs=0 l=1 rev1=0 crypto rx=0 tx=0 comp rx=0 tx=0).connect
2024-04-27T01:15:33.777 INFO:teuthology.orchestra.run.smithi110.stdout:/usr/bin/ceph: stderr
2024-04-27T01:15:33.069+0000 7fcb7cbfd700 1 -- --> [v2:172.21.15.110:3300/0,v1:172.21.15.110:6789/0] -- mon_getmap magic: 0 v1 -- 0x7fcb7819a640 con 0x7fcb78107080
2024-04-27T01:15:33.778 INFO:teuthology.orchestra.run.smithi110.stdout:/usr/bin/ceph: stderr
2024-04-27T01:15:33.069+0000 7fcb7659c700 1 --2- >> [v2:172.21.15.110:3300/0,v1:172.21.15.110:6789/0] conn(0x7fcb78107080 0x7fcb7819a100 unknown :-1 s=BANNER_CONNECTING pgs=0 cs=0 l=1 rev1=0 crypto rx=0 tx=0 comp rx=0 tx=0)._handle_peer_banner_payload supported=3 required=0
2024-04-27T01:15:33.778 INFO:teuthology.orchestra.run.smithi110.stdout:/usr/bin/ceph: stderr
2024-04-27T01:15:33.069+0000 7fcb7659c700 1 --2- >> [v2:172.21.15.110:3300/0,v1:172.21.15.110:6789/0] conn(0x7fcb78107080 0x7fcb7819a100 unknown :-1 s=HELLO_CONNECTING pgs=0 cs=0 l=1 rev1=1 crypto rx=0 tx=0 comp rx=0 tx=0).handle_hello peer v2:172.21.15.110:3300/0 says I am v2:172.21.15.110:35188/0 (socket says 172.21.15.110:35188)
2024-04-27T01:15:33.778 INFO:teuthology.orchestra.run.smithi110.stdout:/usr/bin/ceph: stderr
2024-04-27T01:15:33.069+0000 7fcb7659c700 1 -- 172.21.15.110:0/3032379428 learned_addr learned my addr 172.21.15.110:0/3032379428 (peer_addr_for_me v2:172.21.15.110:0/0)
2024-04-27T01:15:33.778 INFO:teuthology.orchestra.run.smithi110.stdout:/usr/bin/ceph: stderr
2024-04-27T01:15:33.069+0000 7fcb7659c700 1 -- 172.21.15.110:0/3032379428 --> [v2:172.21.15.110:3300/0,v1:172.21.15.110:6789/0] -- mon_subscribe({config=0+,monmap=0+}) v3 -- 0x7fcb70009b30 con 0x7fcb78107080
2024-04-27T01:15:33.778 INFO:teuthology.orchestra.run.smithi110.stdout:/usr/bin/ceph: stderr
2024-04-27T01:15:33.069+0000 7fcb7659c700 1 --2- 172.21.15.110:0/3032379428 >> [v2:172.21.15.110:3300/0,v1:172.21.15.110:6789/0] conn(0x7fcb78107080 0x7fcb7819a100 secure :-1 s=READY pgs=21 cs=0 l=1 rev1=1 crypto rx=0x7fcb70000f80 tx=0x7fcb70004920 comp rx=0 tx=0).ready entity=mon.0 client_cookie=0 server_cookie=0 in_seq=0 out_seq=0
2024-04-27T01:15:33.778 INFO:teuthology.orchestra.run.smithi110.stdout:/usr/bin/ceph: stderr
2024-04-27T01:15:33.069+0000 7fcb6f7fe700 1 -- 172.21.15.110:0/3032379428 <== mon.0 v2:172.21.15.110:3300/0 1 ==== mon_map magic: 0 v1 ==== 229+0+0 (secure 0 0 0) 0x7fcb7000e040 con 0x7fcb78107080
2024-04-27T01:15:33.778 INFO:teuthology.orchestra.run.smithi110.stdout:/usr/bin/ceph: stderr
2024-04-27T01:15:33.069+0000 7fcb6f7fe700 1 -- 172.21.15.110:0/3032379428 <== mon.0 v2:172.21.15.110:3300/0 2 ==== config(27 keys) v1 ==== 1037+0+0 (secure 0 0 0) 0x7fcb70003cf0 con 0x7fcb78107080
2024-04-27T01:15:33.778 INFO:teuthology.orchestra.run.smithi110.stdout:/usr/bin/ceph: stderr
2024-04-27T01:15:33.069+0000 7fcb7cbfd700 1 -- 172.21.15.110:0/3032379428 --> [v2:172.21.15.110:3300/0,v1:172.21.15.110:6789/0] -- mon_subscribe({mgrmap=0+}) v3 -- 0x7fcb7819a840 con 0x7fcb78107080
2024-04-27T01:15:33.778 INFO:teuthology.orchestra.run.smithi110.stdout:/usr/bin/ceph: stderr
2024-04-27T01:15:33.070+0000 7fcb6f7fe700 1 -- 172.21.15.110:0/3032379428 <== mon.0 v2:172.21.15.110:3300/0 3 ==== mon_map magic: 0 v1 ==== 229+0+0 (secure 0 0 0) 0x7fcb7001b930 con 0x7fcb78107080
2024-04-27T01:15:33.778 INFO:teuthology.orchestra.run.smithi110.stdout:/usr/bin/ceph: stderr
2024-04-27T01:15:33.070+0000 7fcb7cbfd700 1 -- 172.21.15.110:0/3032379428 --> [v2:172.21.15.110:3300/0,v1:172.21.15.110:6789/0] -- mon_subscribe({osdmap=0}) v3 -- 0x7fcb7819ad40 con 0x7fcb78107080
2024-04-27T01:15:33.778 INFO:teuthology.orchestra.run.smithi110.stdout:/usr/bin/ceph: stderr
2024-04-27T01:15:33.070+0000 7fcb6f7fe700 1 -- 172.21.15.110:0/3032379428 <== mon.0 v2:172.21.15.110:3300/0 4 ==== mgrmap(e 4) v1 ==== 45272+0+0 (secure 0 0 0) 0x7fcb70019040 con 0x7fcb78107080
2024-04-27T01:15:33.778 INFO:teuthology.orchestra.run.smithi110.stdout:/usr/bin/ceph: stderr
2024-04-27T01:15:33.070+0000 7fcb6f7fe700 1 --2- 172.21.15.110:0/3032379428 >> [v2:172.21.15.110:6800/2007034402,v1:172.21.15.110:6801/2007034402] conn(0x7fcb64038320 0x7fcb6403a7e0 unknown :-1 s=NONE pgs=0 cs=0 l=1 rev1=0 crypto rx=0 tx=0 comp rx=0 tx=0).connect
2024-04-27T01:15:33.779 INFO:teuthology.orchestra.run.smithi110.stdout:/usr/bin/ceph: stderr
2024-04-27T01:15:33.070+0000 7fcb6f7fe700 1 -- 172.21.15.110:0/3032379428 <== mon.0 v2:172.21.15.110:3300/0 5 ==== osd_map(1..1 src has 1..1) v4 ==== 725+0+0 (secure 0 0 0) 0x7fcb7004bc00 con 0x7fcb78107080
2024-04-27T01:15:33.779 INFO:teuthology.orchestra.run.smithi110.stdout:/usr/bin/ceph: stderr
2024-04-27T01:15:33.070+0000 7fcb75d9b700 1 --2- 172.21.15.110:0/3032379428 >> [v2:172.21.15.110:6800/2007034402,v1:172.21.15.110:6801/2007034402] conn(0x7fcb64038320 0x7fcb6403a7e0 unknown :-1 s=BANNER_CONNECTING pgs=0 cs=0 l=1 rev1=0 crypto rx=0 tx=0 comp rx=0 tx=0)._handle_peer_banner_payload supported=3 required=0
2024-04-27T01:15:33.779 INFO:teuthology.orchestra.run.smithi110.stdout:/usr/bin/ceph: stderr
2024-04-27T01:15:33.071+0000 7fcb7cbfd700 1 -- 172.21.15.110:0/3032379428 --> [v2:172.21.15.110:3300/0,v1:172.21.15.110:6789/0] -- mon_command({"prefix": "get_command_descriptions"} v 0) v1 -- 0x7fcb7810a690 con 0x7fcb78107080
2024-04-27T01:15:33.779 INFO:teuthology.orchestra.run.smithi110.stdout:/usr/bin/ceph: stderr
2024-04-27T01:15:33.071+0000 7fcb75d9b700 1 --2- 172.21.15.110:0/3032379428 >> [v2:172.21.15.110:6800/2007034402,v1:172.21.15.110:6801/2007034402] conn(0x7fcb64038320 0x7fcb6403a7e0 secure :-1 s=READY pgs=7 cs=0 l=1 rev1=1 crypto rx=0x7fcb60006fd0 tx=0x7fcb60006e40 comp rx=0 tx=0).ready entity=mgr.14100 client_cookie=0 server_cookie=0 in_seq=0 out_seq=0
2024-04-27T01:15:33.779 INFO:teuthology.orchestra.run.smithi110.stdout:/usr/bin/ceph: stderr
2024-04-27T01:15:33.075+0000 7fcb6f7fe700 1 -- 172.21.15.110:0/3032379428 <== mon.0 v2:172.21.15.110:3300/0 6 ==== mon_command_ack([{"prefix": "get_command_descriptions"}]=0 v0) v1 ==== 72+0+180422 (secure 0 0 0) 0x7fcb7001bba0 con 0x7fcb78107080
2024-04-27T01:15:33.779 INFO:teuthology.orchestra.run.smithi110.stdout:/usr/bin/ceph: stderr
2024-04-27T01:15:33.260+0000 7fcb7cbfd700 1 -- 172.21.15.110:0/3032379428 --> [v2:172.21.15.110:3300/0,v1:172.21.15.110:6789/0] -- mon_command({"prefix": "config assimilate-conf"} v 0) v1 -- 0x7fcb7810a850 con 0x7fcb78107080
2024-04-27T01:15:33.779 INFO:teuthology.orchestra.run.smithi110.stdout:/usr/bin/ceph: stderr
2024-04-27T01:15:33.261+0000 7fcb6f7fe700 1 -- 172.21.15.110:0/3032379428 <== mon.0 v2:172.21.15.110:3300/0 7 ==== mon_command_ack([{"prefix": "config assimilate-conf"}]=0 v3) v1 ==== 70+0+373 (secure 0 0 0) 0x7fcb70029030 con 0x7fcb78107080
2024-04-27T01:15:33.779 INFO:teuthology.orchestra.run.smithi110.stdout:/usr/bin/ceph: stderr
2024-04-27T01:15:33.264+0000 7fcb7cbfd700 1 -- 172.21.15.110:0/3032379428 >> [v2:172.21.15.110:6800/2007034402,v1:172.21.15.110:6801/2007034402] conn(0x7fcb64038320 msgr2=0x7fcb6403a7e0 secure :-1 s=STATE_CONNECTION_ESTABLISHED l=1).mark_down
2024-04-27T01:15:33.779 INFO:teuthology.orchestra.run.smithi110.stdout:/usr/bin/ceph: stderr
2024-04-27T01:15:33.264+0000 7fcb7cbfd700 1 --2- 172.21.15.110:0/3032379428 >> [v2:172.21.15.110:6800/2007034402,v1:172.21.15.110:6801/2007034402] conn(0x7fcb64038320 0x7fcb6403a7e0 secure :-1 s=READY pgs=7 cs=0 l=1 rev1=1 crypto rx=0x7fcb60006fd0 tx=0x7fcb60006e40 comp rx=0 tx=0).stop
2024-04-27T01:15:33.779 INFO:teuthology.orchestra.run.smithi110.stdout:/usr/bin/ceph: stderr
2024-04-27T01:15:33.264+0000 7fcb7cbfd700 1 -- 172.21.15.110:0/3032379428 >> [v2:172.21.15.110:3300/0,v1:172.21.15.110:6789/0] conn(0x7fcb78107080 msgr2=0x7fcb7819a100 secure :-1 s=STATE_CONNECTION_ESTABLISHED l=1).mark_down
2024-04-27T01:15:33.779 INFO:teuthology.orchestra.run.smithi110.stdout:/usr/bin/ceph: stderr
2024-04-27T01:15:33.264+0000 7fcb7cbfd700 1 --2- 172.21.15.110:0/3032379428 >> [v2:172.21.15.110:3300/0,v1:172.21.15.110:6789/0] conn(0x7fcb78107080 0x7fcb7819a100 secure :-1 s=READY pgs=21 cs=0 l=1 rev1=1 crypto rx=0x7fcb70000f80 tx=0x7fcb70004920 comp rx=0 tx=0).stop
2024-04-27T01:15:33.779 INFO:teuthology.orchestra.run.smithi110.stdout:/usr/bin/ceph: stderr
2024-04-27T01:15:33.264+0000 7fcb7cbfd700 1 -- 172.21.15.110:0/3032379428 shutdown_connections
2024-04-27T01:15:33.779 INFO:teuthology.orchestra.run.smithi110.stdout:/usr/bin/ceph: stderr
2024-04-27T01:15:33.264+0000 7fcb7cbfd700 1 --2- 172.21.15.110:0/3032379428 >> [v2:172.21.15.110:6800/2007034402,v1:172.21.15.110:6801/2007034402] conn(0x7fcb64038320 0x7fcb6403a7e0 unknown :-1 s=CLOSED pgs=7 cs=0 l=1 rev1=1 crypto rx=0 tx=0 comp rx=0 tx=0).stop
2024-04-27T01:15:33.779 INFO:teuthology.orchestra.run.smithi110.stdout:/usr/bin/ceph: stderr
2024-04-27T01:15:33.264+0000 7fcb7cbfd700 1 --2- 172.21.15.110:0/3032379428 >> [v2:172.21.15.110:3300/0,v1:172.21.15.110:6789/0] conn(0x7fcb78107080 0x7fcb7819a100 unknown :-1 s=CLOSED pgs=21 cs=0 l=1 rev1=1 crypto rx=0 tx=0 comp rx=0 tx=0).stop
2024-04-27T01:15:33.780 INFO:teuthology.orchestra.run.smithi110.stdout:/usr/bin/ceph: stderr
2024-04-27T01:15:33.264+0000 7fcb7cbfd700 1 -- 172.21.15.110:0/3032379428 >> 172.21.15.110:0/3032379428 conn(0x7fcb781009f0 msgr2=0x7fcb78101700 unknown :-1 s=STATE_NONE l=0).mark_down
2024-04-27T01:15:33.780 INFO:teuthology.orchestra.run.smithi110.stdout:/usr/bin/ceph: stderr
2024-04-27T01:15:33.264+0000 7fcb7cbfd700 1 -- 172.21.15.110:0/3032379428 shutdown_connections
2024-04-27T01:15:33.780 INFO:teuthology.orchestra.run.smithi110.stdout:/usr/bin/ceph: stderr
2024-04-27T01:15:33.264+0000 7fcb7cbfd700 1 -- 172.21.15.110:0/3032379428 wait complete.
2024-04-27T01:15:33.780 INFO:teuthology.orchestra.run.smithi110.stdout:Enabling cephadm module...
2024-04-27T01:15:34.406 INFO:journalctl@ceph.mon.smithi110.smithi110.stdout:Apr 27 01:15:34 smithi110 ceph-mon[26395]: from='client.? 172.21.15.110:0/3032379428' entity='client.admin' cmd=[{"prefix": "config assimilate-conf"}]: dispatch
2024-04-27T01:15:35.331 INFO:journalctl@ceph.mon.smithi110.smithi110.stdout:Apr 27 01:15:35 smithi110 ceph-mon[26395]: from='client.? 172.21.15.110:0/2620894808' entity='client.admin' cmd=[{"prefix": "mgr module enable", "module": "cephadm"}]: dispatch
2024-04-27T01:15:35.647 INFO:teuthology.orchestra.run.smithi110.stdout:/usr/bin/ceph: stderr
2024-04-27T01:15:34.174+0000 7f963214c700 1 Processor -- start
2024-04-27T01:15:35.647 INFO:teuthology.orchestra.run.smithi110.stdout:/usr/bin/ceph: stderr
2024-04-27T01:15:34.174+0000 7f963214c700 1 -- start start
2024-04-27T01:15:35.647 INFO:teuthology.orchestra.run.smithi110.stdout:/usr/bin/ceph: stderr
2024-04-27T01:15:34.174+0000 7f963214c700 1 --2- >> [v2:172.21.15.110:3300/0,v1:172.21.15.110:6789/0] conn(0x7f962c07bea0 0x7f962c07a300 unknown :-1 s=NONE pgs=0 cs=0 l=0 rev1=0 crypto rx=0 tx=0 comp rx=0 tx=0).connect
2024-04-27T01:15:35.647 INFO:teuthology.orchestra.run.smithi110.stdout:/usr/bin/ceph: stderr
2024-04-27T01:15:34.174+0000 7f963214c700 1 -- --> [v2:172.21.15.110:3300/0,v1:172.21.15.110:6789/0] -- mon_getmap magic: 0 v1 -- 0x7f962c07a8d0 con 0x7f962c07bea0
2024-04-27T01:15:35.647 INFO:teuthology.orchestra.run.smithi110.stdout:/usr/bin/ceph: stderr
2024-04-27T01:15:34.175+0000 7f962b7fe700 1 --2- >> [v2:172.21.15.110:3300/0,v1:172.21.15.110:6789/0] conn(0x7f962c07bea0 0x7f962c07a300 unknown :-1 s=BANNER_CONNECTING pgs=0 cs=0 l=0 rev1=0 crypto rx=0 tx=0 comp rx=0 tx=0)._handle_peer_banner_payload supported=3 required=0
2024-04-27T01:15:35.647 INFO:teuthology.orchestra.run.smithi110.stdout:/usr/bin/ceph: stderr
2024-04-27T01:15:34.175+0000 7f962b7fe700 1 --2- >> [v2:172.21.15.110:3300/0,v1:172.21.15.110:6789/0] conn(0x7f962c07bea0 0x7f962c07a300 unknown :-1 s=HELLO_CONNECTING pgs=0 cs=0 l=0 rev1=1 crypto rx=0 tx=0 comp rx=0 tx=0).handle_hello peer v2:172.21.15.110:3300/0 says I am v2:172.21.15.110:35202/0 (socket says 172.21.15.110:35202)
2024-04-27T01:15:35.647 INFO:teuthology.orchestra.run.smithi110.stdout:/usr/bin/ceph: stderr
2024-04-27T01:15:34.175+0000 7f962b7fe700 1 -- 172.21.15.110:0/2141388065 learned_addr learned my addr 172.21.15.110:0/2141388065 (peer_addr_for_me v2:172.21.15.110:0/0)
2024-04-27T01:15:35.647 INFO:teuthology.orchestra.run.smithi110.stdout:/usr/bin/ceph: stderr
2024-04-27T01:15:34.175+0000 7f962b7fe700 1 -- 172.21.15.110:0/2141388065 --> [v2:172.21.15.110:3300/0,v1:172.21.15.110:6789/0] -- mon_subscribe({config=0+,monmap=0+}) v3 -- 0x7f962c07aa10 con 0x7f962c07bea0
2024-04-27T01:15:35.647 INFO:teuthology.orchestra.run.smithi110.stdout:/usr/bin/ceph: stderr
2024-04-27T01:15:34.175+0000 7f962b7fe700 1 --2- 172.21.15.110:0/2141388065 >> [v2:172.21.15.110:3300/0,v1:172.21.15.110:6789/0] conn(0x7f962c07bea0 0x7f962c07a300 secure :-1 s=READY pgs=22 cs=0 l=1 rev1=1 crypto rx=0x7f961c009e80 tx=0x7f961c00b330 comp rx=0 tx=0).ready entity=mon.0 client_cookie=54070cad6587cf71 server_cookie=0 in_seq=0 out_seq=0
2024-04-27T01:15:35.648 INFO:teuthology.orchestra.run.smithi110.stdout:/usr/bin/ceph: stderr
2024-04-27T01:15:34.175+0000 7f962a7fc700 1 -- 172.21.15.110:0/2141388065 <== mon.0 v2:172.21.15.110:3300/0 1 ==== mon_map magic: 0 v1 ==== 229+0+0 (secure 0 0 0) 0x7f961c00e070 con 0x7f962c07bea0
2024-04-27T01:15:35.648 INFO:teuthology.orchestra.run.smithi110.stdout:/usr/bin/ceph: stderr
2024-04-27T01:15:34.175+0000 7f962a7fc700 1 -- 172.21.15.110:0/2141388065 <== mon.0 v2:172.21.15.110:3300/0 2 ==== config(27 keys) v1 ==== 1037+0+0 (secure 0 0 0) 0x7f961c003e90 con 0x7f962c07bea0
2024-04-27T01:15:35.648 INFO:teuthology.orchestra.run.smithi110.stdout:/usr/bin/ceph: stderr
2024-04-27T01:15:34.175+0000 7f962a7fc700 1 -- 172.21.15.110:0/2141388065 <== mon.0 v2:172.21.15.110:3300/0 3 ==== mon_map magic: 0 v1 ==== 229+0+0 (secure 0 0 0) 0x7f961c004380 con 0x7f962c07bea0
2024-04-27T01:15:35.648 INFO:teuthology.orchestra.run.smithi110.stdout:/usr/bin/ceph: stderr
2024-04-27T01:15:34.176+0000 7f963214c700 1 -- 172.21.15.110:0/2141388065 >> [v2:172.21.15.110:3300/0,v1:172.21.15.110:6789/0] conn(0x7f962c07bea0 msgr2=0x7f962c07a300 secure :-1 s=STATE_CONNECTION_ESTABLISHED l=1).mark_down
2024-04-27T01:15:35.648 INFO:teuthology.orchestra.run.smithi110.stdout:/usr/bin/ceph: stderr
2024-04-27T01:15:34.176+0000 7f963214c700 1 --2- 172.21.15.110:0/2141388065 >> [v2:172.21.15.110:3300/0,v1:172.21.15.110:6789/0] conn(0x7f962c07bea0 0x7f962c07a300 secure :-1 s=READY pgs=22 cs=0 l=1 rev1=1 crypto rx=0x7f961c009e80 tx=0x7f961c00b330 comp rx=0 tx=0).stop
2024-04-27T01:15:35.648 INFO:teuthology.orchestra.run.smithi110.stdout:/usr/bin/ceph: stderr
2024-04-27T01:15:34.176+0000 7f963214c700 1 -- 172.21.15.110:0/2141388065 shutdown_connections
2024-04-27T01:15:35.648 INFO:teuthology.orchestra.run.smithi110.stdout:/usr/bin/ceph: stderr
2024-04-27T01:15:34.176+0000 7f963214c700 1 --2- 172.21.15.110:0/2141388065 >> [v2:172.21.15.110:3300/0,v1:172.21.15.110:6789/0] conn(0x7f962c07bea0 0x7f962c07a300 unknown :-1 s=CLOSED pgs=22 cs=0 l=1 rev1=1 crypto rx=0 tx=0 comp rx=0 tx=0).stop
2024-04-27T01:15:35.648 INFO:teuthology.orchestra.run.smithi110.stdout:/usr/bin/ceph: stderr
2024-04-27T01:15:34.176+0000 7f963214c700 1 -- 172.21.15.110:0/2141388065 >> 172.21.15.110:0/2141388065 conn(0x7f962c101b00 msgr2=0x7f962c103f60 unknown :-1 s=STATE_NONE l=0).mark_down
2024-04-27T01:15:35.648 INFO:teuthology.orchestra.run.smithi110.stdout:/usr/bin/ceph: stderr
2024-04-27T01:15:34.176+0000 7f963214c700 1 -- 172.21.15.110:0/2141388065 shutdown_connections
2024-04-27T01:15:35.648 INFO:teuthology.orchestra.run.smithi110.stdout:/usr/bin/ceph: stderr
2024-04-27T01:15:34.176+0000 7f963214c700 1 -- 172.21.15.110:0/2141388065 wait complete.
2024-04-27T01:15:35.648 INFO:teuthology.orchestra.run.smithi110.stdout:/usr/bin/ceph: stderr
2024-04-27T01:15:34.176+0000 7f963214c700 1 Processor -- start
2024-04-27T01:15:35.648 INFO:teuthology.orchestra.run.smithi110.stdout:/usr/bin/ceph: stderr
2024-04-27T01:15:34.176+0000 7f963214c700 1 -- start start
2024-04-27T01:15:35.648 INFO:teuthology.orchestra.run.smithi110.stdout:/usr/bin/ceph: stderr
2024-04-27T01:15:34.177+0000 7f963214c700 1 --2- >> [v2:172.21.15.110:3300/0,v1:172.21.15.110:6789/0] conn(0x7f962c07bea0 0x7f962c19c420 unknown :-1 s=NONE pgs=0 cs=0 l=1 rev1=0 crypto rx=0 tx=0 comp rx=0 tx=0).connect
2024-04-27T01:15:35.648 INFO:teuthology.orchestra.run.smithi110.stdout:/usr/bin/ceph: stderr
2024-04-27T01:15:34.177+0000 7f963214c700 1 -- --> [v2:172.21.15.110:3300/0,v1:172.21.15.110:6789/0] -- mon_getmap magic: 0 v1 -- 0x7f962c19c960 con 0x7f962c07bea0
2024-04-27T01:15:35.649 INFO:teuthology.orchestra.run.smithi110.stdout:/usr/bin/ceph: stderr
2024-04-27T01:15:34.177+0000 7f962b7fe700 1 --2- >> [v2:172.21.15.110:3300/0,v1:172.21.15.110:6789/0] conn(0x7f962c07bea0 0x7f962c19c420 unknown :-1 s=BANNER_CONNECTING pgs=0 cs=0 l=1 rev1=0 crypto rx=0 tx=0 comp rx=0 tx=0)._handle_peer_banner_payload supported=3 required=0
2024-04-27T01:15:35.649 INFO:teuthology.orchestra.run.smithi110.stdout:/usr/bin/ceph: stderr
2024-04-27T01:15:34.177+0000 7f962b7fe700 1 --2- >> [v2:172.21.15.110:3300/0,v1:172.21.15.110:6789/0] conn(0x7f962c07bea0 0x7f962c19c420 unknown :-1 s=HELLO_CONNECTING pgs=0 cs=0 l=1 rev1=1 crypto rx=0 tx=0 comp rx=0 tx=0).handle_hello peer v2:172.21.15.110:3300/0 says I am v2:172.21.15.110:35216/0 (socket says 172.21.15.110:35216)
2024-04-27T01:15:35.649 INFO:teuthology.orchestra.run.smithi110.stdout:/usr/bin/ceph: stderr
2024-04-27T01:15:34.177+0000 7f962b7fe700 1 -- 172.21.15.110:0/2620894808 learned_addr learned my addr 172.21.15.110:0/2620894808 (peer_addr_for_me v2:172.21.15.110:0/0)
2024-04-27T01:15:35.649 INFO:teuthology.orchestra.run.smithi110.stdout:/usr/bin/ceph: stderr
2024-04-27T01:15:34.177+0000 7f962b7fe700 1 -- 172.21.15.110:0/2620894808 --> [v2:172.21.15.110:3300/0,v1:172.21.15.110:6789/0] -- mon_subscribe({config=0+,monmap=0+}) v3 -- 0x7f961c009b30 con 0x7f962c07bea0
2024-04-27T01:15:35.649 INFO:teuthology.orchestra.run.smithi110.stdout:/usr/bin/ceph: stderr
2024-04-27T01:15:34.177+0000 7f962b7fe700 1 --2- 172.21.15.110:0/2620894808 >> [v2:172.21.15.110:3300/0,v1:172.21.15.110:6789/0] conn(0x7f962c07bea0 0x7f962c19c420 secure :-1 s=READY pgs=23 cs=0 l=1 rev1=1 crypto rx=0x7f961c00d010 tx=0x7f961c004430 comp rx=0 tx=0).ready entity=mon.0 client_cookie=0 server_cookie=0 in_seq=0 out_seq=0
2024-04-27T01:15:35.649 INFO:teuthology.orchestra.run.smithi110.stdout:/usr/bin/ceph: stderr
2024-04-27T01:15:34.177+0000 7f9628ff9700 1 -- 172.21.15.110:0/2620894808 <== mon.0 v2:172.21.15.110:3300/0 1 ==== mon_map magic: 0 v1 ==== 229+0+0 (secure 0 0 0) 0x7f961c00e040 con 0x7f962c07bea0
2024-04-27T01:15:35.649 INFO:teuthology.orchestra.run.smithi110.stdout:/usr/bin/ceph: stderr
2024-04-27T01:15:34.177+0000 7f963214c700 1 -- 172.21.15.110:0/2620894808 --> [v2:172.21.15.110:3300/0,v1:172.21.15.110:6789/0] -- mon_subscribe({mgrmap=0+}) v3 -- 0x7f962c19cb60 con 0x7f962c07bea0
2024-04-27T01:15:35.649 INFO:teuthology.orchestra.run.smithi110.stdout:/usr/bin/ceph: stderr
2024-04-27T01:15:34.177+0000 7f9628ff9700 1 -- 172.21.15.110:0/2620894808 <== mon.0 v2:172.21.15.110:3300/0 2 ==== config(27 keys) v1 ==== 1037+0+0 (secure 0 0 0) 0x7f961c003c30 con 0x7f962c07bea0
2024-04-27T01:15:35.649 INFO:teuthology.orchestra.run.smithi110.stdout:/usr/bin/ceph: stderr
2024-04-27T01:15:34.177+0000 7f9628ff9700 1 -- 172.21.15.110:0/2620894808 <== mon.0 v2:172.21.15.110:3300/0 3 ==== mon_map magic: 0 v1 ==== 229+0+0 (secure 0 0 0) 0x7f961c01b790 con 0x7f962c07bea0
2024-04-27T01:15:35.649 INFO:teuthology.orchestra.run.smithi110.stdout:/usr/bin/ceph: stderr
2024-04-27T01:15:34.177+0000 7f963214c700 1 -- 172.21.15.110:0/2620894808 --> [v2:172.21.15.110:3300/0,v1:172.21.15.110:6789/0] -- mon_subscribe({osdmap=0}) v3 -- 0x7f962c19d060 con 0x7f962c07bea0
2024-04-27T01:15:35.649 INFO:teuthology.orchestra.run.smithi110.stdout:/usr/bin/ceph: stderr
2024-04-27T01:15:34.178+0000 7f9628ff9700 1 -- 172.21.15.110:0/2620894808 <== mon.0 v2:172.21.15.110:3300/0 4 ==== mgrmap(e 4) v1 ==== 45272+0+0 (secure 0 0 0) 0x7f961c019040 con 0x7f962c07bea0
2024-04-27T01:15:35.649 INFO:teuthology.orchestra.run.smithi110.stdout:/usr/bin/ceph: stderr
2024-04-27T01:15:34.178+0000 7f9628ff9700 1 --2- 172.21.15.110:0/2620894808 >> [v2:172.21.15.110:6800/2007034402,v1:172.21.15.110:6801/2007034402] conn(0x7f9614038290 0x7f961403a750 unknown :-1 s=NONE pgs=0 cs=0 l=1 rev1=0 crypto rx=0 tx=0 comp rx=0 tx=0).connect
2024-04-27T01:15:35.649 INFO:teuthology.orchestra.run.smithi110.stdout:/usr/bin/ceph: stderr
2024-04-27T01:15:34.178+0000 7f963214c700 1 -- 172.21.15.110:0/2620894808 --> [v2:172.21.15.110:3300/0,v1:172.21.15.110:6789/0] -- mon_command({"prefix": "get_command_descriptions"} v 0) v1 -- 0x7f962c10c8c0 con 0x7f962c07bea0
2024-04-27T01:15:35.649 INFO:teuthology.orchestra.run.smithi110.stdout:/usr/bin/ceph: stderr
2024-04-27T01:15:34.178+0000 7f9628ff9700 1 -- 172.21.15.110:0/2620894808 <== mon.0 v2:172.21.15.110:3300/0 5 ==== osd_map(1..1 src has 1..1) v4 ==== 725+0+0 (secure 0 0 0) 0x7f961c04bd80 con 0x7f962c07bea0
2024-04-27T01:15:35.650 INFO:teuthology.orchestra.run.smithi110.stdout:/usr/bin/ceph: stderr
2024-04-27T01:15:34.178+0000 7f962affd700 1 --2- 172.21.15.110:0/2620894808 >> [v2:172.21.15.110:6800/2007034402,v1:172.21.15.110:6801/2007034402] conn(0x7f9614038290 0x7f961403a750 unknown :-1 s=BANNER_CONNECTING pgs=0 cs=0 l=1 rev1=0 crypto rx=0 tx=0 comp rx=0 tx=0)._handle_peer_banner_payload supported=3 required=0
2024-04-27T01:15:35.650 INFO:teuthology.orchestra.run.smithi110.stdout:/usr/bin/ceph: stderr
2024-04-27T01:15:34.179+0000 7f962affd700 1 --2- 172.21.15.110:0/2620894808 >> [v2:172.21.15.110:6800/2007034402,v1:172.21.15.110:6801/2007034402] conn(0x7f9614038290 0x7f961403a750 secure :-1 s=READY pgs=8 cs=0 l=1 rev1=1 crypto rx=0x7f9620006fd0 tx=0x7f9620006e40 comp rx=0 tx=0).ready entity=mgr.14100 client_cookie=0 server_cookie=0 in_seq=0 out_seq=0
2024-04-27T01:15:35.650 INFO:teuthology.orchestra.run.smithi110.stdout:/usr/bin/ceph: stderr
2024-04-27T01:15:34.184+0000 7f9628ff9700 1 -- 172.21.15.110:0/2620894808 <== mon.0 v2:172.21.15.110:3300/0 6 ==== mon_command_ack([{"prefix": "get_command_descriptions"}]=0 v0) v1 ==== 72+0+180422 (secure 0 0 0) 0x7f961c01a390 con 0x7f962c07bea0
2024-04-27T01:15:35.650 INFO:teuthology.orchestra.run.smithi110.stdout:/usr/bin/ceph: stderr
2024-04-27T01:15:34.425+0000 7f963214c700 1 -- 172.21.15.110:0/2620894808 --> [v2:172.21.15.110:3300/0,v1:172.21.15.110:6789/0] -- mon_command({"prefix": "mgr module enable", "module": "cephadm"} v 0) v1 -- 0x7f962c10cae0 con 0x7f962c07bea0
2024-04-27T01:15:35.650 INFO:teuthology.orchestra.run.smithi110.stdout:/usr/bin/ceph: stderr
2024-04-27T01:15:35.139+0000 7f9628ff9700 1 -- 172.21.15.110:0/2620894808 <== mon.0 v2:172.21.15.110:3300/0 7 ==== mgrmap(e 5) v1 ==== 45283+0+0 (secure 0 0 0) 0x7f961c0127b0 con 0x7f962c07bea0
2024-04-27T01:15:35.650 INFO:teuthology.orchestra.run.smithi110.stdout:/usr/bin/ceph: stderr
2024-04-27T01:15:35.140+0000 7f9628ff9700 1 -- 172.21.15.110:0/2620894808 <== mon.0 v2:172.21.15.110:3300/0 8 ==== mon_command_ack([{"prefix": "mgr module enable", "module": "cephadm"}]=0 v5) v1 ==== 86+0+0 (secure 0 0 0) 0x7f961c04b720 con 0x7f962c07bea0
2024-04-27T01:15:35.650 INFO:teuthology.orchestra.run.smithi110.stdout:/usr/bin/ceph: stderr
2024-04-27T01:15:35.142+0000 7f963214c700 1 -- 172.21.15.110:0/2620894808 >> [v2:172.21.15.110:6800/2007034402,v1:172.21.15.110:6801/2007034402] conn(0x7f9614038290 msgr2=0x7f961403a750 secure :-1 s=STATE_CONNECTION_ESTABLISHED l=1).mark_down
2024-04-27T01:15:35.650 INFO:teuthology.orchestra.run.smithi110.stdout:/usr/bin/ceph: stderr
2024-04-27T01:15:35.142+0000 7f963214c700 1 --2- 172.21.15.110:0/2620894808 >> [v2:172.21.15.110:6800/2007034402,v1:172.21.15.110:6801/2007034402] conn(0x7f9614038290 0x7f961403a750 secure :-1 s=READY pgs=8 cs=0 l=1 rev1=1 crypto rx=0x7f9620006fd0 tx=0x7f9620006e40 comp rx=0 tx=0).stop
2024-04-27T01:15:35.650 INFO:teuthology.orchestra.run.smithi110.stdout:/usr/bin/ceph: stderr
2024-04-27T01:15:35.142+0000 7f963214c700 1 -- 172.21.15.110:0/2620894808 >> [v2:172.21.15.110:3300/0,v1:172.21.15.110:6789/0] conn(0x7f962c07bea0 msgr2=0x7f962c19c420 secure :-1 s=STATE_CONNECTION_ESTABLISHED l=1).mark_down
2024-04-27T01:15:35.650 INFO:teuthology.orchestra.run.smithi110.stdout:/usr/bin/ceph: stderr
2024-04-27T01:15:35.142+0000 7f963214c700 1 --2- 172.21.15.110:0/2620894808 >> [v2:172.21.15.110:3300/0,v1:172.21.15.110:6789/0] conn(0x7f962c07bea0 0x7f962c19c420 secure :-1 s=READY pgs=23 cs=0 l=1 rev1=1 crypto rx=0x7f961c00d010 tx=0x7f961c004430 comp rx=0 tx=0).stop
2024-04-27T01:15:35.650 INFO:teuthology.orchestra.run.smithi110.stdout:/usr/bin/ceph: stderr
2024-04-27T01:15:35.143+0000 7f963214c700 1 -- 172.21.15.110:0/2620894808 shutdown_connections
2024-04-27T01:15:35.650 INFO:teuthology.orchestra.run.smithi110.stdout:/usr/bin/ceph: stderr
2024-04-27T01:15:35.143+0000 7f963214c700 1 --2- 172.21.15.110:0/2620894808 >> [v2:172.21.15.110:6800/2007034402,v1:172.21.15.110:6801/2007034402] conn(0x7f9614038290 0x7f961403a750 unknown :-1 s=CLOSED pgs=8 cs=0 l=1 rev1=1 crypto rx=0 tx=0 comp rx=0 tx=0).stop
2024-04-27T01:15:35.650 INFO:teuthology.orchestra.run.smithi110.stdout:/usr/bin/ceph: stderr
2024-04-27T01:15:35.143+0000 7f963214c700 1 --2- 172.21.15.110:0/2620894808 >> [v2:172.21.15.110:3300/0,v1:172.21.15.110:6789/0] conn(0x7f962c07bea0 0x7f962c19c420 unknown :-1 s=CLOSED pgs=23 cs=0 l=1 rev1=1 crypto rx=0 tx=0 comp rx=0 tx=0).stop
2024-04-27T01:15:35.651 INFO:teuthology.orchestra.run.smithi110.stdout:/usr/bin/ceph: stderr
2024-04-27T01:15:35.143+0000 7f963214c700 1 -- 172.21.15.110:0/2620894808 >> 172.21.15.110:0/2620894808 conn(0x7f962c101b00 msgr2=0x7f962c102920 unknown :-1 s=STATE_NONE l=0).mark_down
2024-04-27T01:15:35.651 INFO:teuthology.orchestra.run.smithi110.stdout:/usr/bin/ceph: stderr
2024-04-27T01:15:35.143+0000 7f963214c700 1 -- 172.21.15.110:0/2620894808 shutdown_connections
2024-04-27T01:15:35.651 INFO:teuthology.orchestra.run.smithi110.stdout:/usr/bin/ceph: stderr
2024-04-27T01:15:35.143+0000 7f963214c700 1 -- 172.21.15.110:0/2620894808 wait complete.
2024-04-27T01:15:36.192 INFO:journalctl@ceph.mon.smithi110.smithi110.stdout:Apr 27 01:15:36 smithi110 ceph-mon[26395]: from='client.? 172.21.15.110:0/2620894808' entity='client.admin' cmd='[{"prefix": "mgr module enable", "module": "cephadm"}]': finished
2024-04-27T01:15:36.192 INFO:journalctl@ceph.mon.smithi110.smithi110.stdout:Apr 27 01:15:36 smithi110 ceph-mon[26395]: mgrmap e5: smithi110.ewvwhz(active, since 13s)
2024-04-27T01:15:37.156 INFO:journalctl@ceph.mon.smithi110.smithi110.stdout:Apr 27 01:15:37 smithi110 ceph-mon[26395]: from='client.? 172.21.15.110:0/1520199375' entity='client.admin' cmd=[{"prefix": "mgr stat"}]: dispatch
2024-04-27T01:15:37.173 INFO:teuthology.orchestra.run.smithi110.stdout:/usr/bin/ceph: stdout {
2024-04-27T01:15:37.179 INFO:teuthology.orchestra.run.smithi110.stdout:/usr/bin/ceph: stdout "epoch": 5,
2024-04-27T01:15:37.179 INFO:teuthology.orchestra.run.smithi110.stdout:/usr/bin/ceph: stdout "available": true,
2024-04-27T01:15:37.179 INFO:teuthology.orchestra.run.smithi110.stdout:/usr/bin/ceph: stdout "active_name": "smithi110.ewvwhz",
2024-04-27T01:15:37.180 INFO:teuthology.orchestra.run.smithi110.stdout:/usr/bin/ceph: stdout "num_standby": 0
2024-04-27T01:15:37.180 INFO:teuthology.orchestra.run.smithi110.stdout:/usr/bin/ceph: stdout }
2024-04-27T01:15:37.180 INFO:teuthology.orchestra.run.smithi110.stdout:/usr/bin/ceph: stderr
2024-04-27T01:15:36.304+0000 7fd0c0a53700 1 Processor -- start
2024-04-27T01:15:37.180 INFO:teuthology.orchestra.run.smithi110.stdout:/usr/bin/ceph: stderr
2024-04-27T01:15:36.304+0000 7fd0c0a53700 1 -- start start
2024-04-27T01:15:37.180 INFO:teuthology.orchestra.run.smithi110.stdout:/usr/bin/ceph: stderr
2024-04-27T01:15:36.304+0000 7fd0c0a53700 1 --2- >> [v2:172.21.15.110:3300/0,v1:172.21.15.110:6789/0] conn(0x7fd0bc107000 0x7fd0bc1093f0 unknown :-1 s=NONE pgs=0 cs=0 l=0 rev1=0 crypto rx=0 tx=0 comp rx=0 tx=0).connect
2024-04-27T01:15:37.180 INFO:teuthology.orchestra.run.smithi110.stdout:/usr/bin/ceph: stderr
2024-04-27T01:15:36.304+0000 7fd0c0a53700 1 -- --> [v2:172.21.15.110:3300/0,v1:172.21.15.110:6789/0] -- mon_getmap magic: 0 v1 -- 0x7fd0bc079e50 con 0x7fd0bc107000
2024-04-27T01:15:37.180 INFO:teuthology.orchestra.run.smithi110.stdout:/usr/bin/ceph: stderr
2024-04-27T01:15:36.305+0000 7fd0ba59c700 1 --2- >> [v2:172.21.15.110:3300/0,v1:172.21.15.110:6789/0] conn(0x7fd0bc107000 0x7fd0bc1093f0 unknown :-1 s=BANNER_CONNECTING pgs=0 cs=0 l=0 rev1=0 crypto rx=0 tx=0 comp rx=0 tx=0)._handle_peer_banner_payload supported=3 required=0
2024-04-27T01:15:37.180 INFO:teuthology.orchestra.run.smithi110.stdout:/usr/bin/ceph: stderr
2024-04-27T01:15:36.305+0000 7fd0ba59c700 1 --2- >> [v2:172.21.15.110:3300/0,v1:172.21.15.110:6789/0] conn(0x7fd0bc107000 0x7fd0bc1093f0 unknown :-1 s=HELLO_CONNECTING pgs=0 cs=0 l=0 rev1=1 crypto rx=0 tx=0 comp rx=0 tx=0).handle_hello peer v2:172.21.15.110:3300/0 says I am v2:172.21.15.110:35250/0 (socket says 172.21.15.110:35250)
2024-04-27T01:15:37.180 INFO:teuthology.orchestra.run.smithi110.stdout:/usr/bin/ceph: stderr
2024-04-27T01:15:36.305+0000 7fd0ba59c700 1 -- 172.21.15.110:0/205820099 learned_addr learned my addr 172.21.15.110:0/205820099 (peer_addr_for_me v2:172.21.15.110:0/0)
2024-04-27T01:15:37.180 INFO:teuthology.orchestra.run.smithi110.stdout:/usr/bin/ceph: stderr
2024-04-27T01:15:36.305+0000 7fd0ba59c700 1 -- 172.21.15.110:0/205820099 --> [v2:172.21.15.110:3300/0,v1:172.21.15.110:6789/0] -- mon_subscribe({config=0+,monmap=0+}) v3 -- 0x7fd0bc109930 con 0x7fd0bc107000
2024-04-27T01:15:37.180 INFO:teuthology.orchestra.run.smithi110.stdout:/usr/bin/ceph: stderr
2024-04-27T01:15:36.305+0000 7fd0ba59c700 1 --2- 172.21.15.110:0/205820099 >> [v2:172.21.15.110:3300/0,v1:172.21.15.110:6789/0] conn(0x7fd0bc107000 0x7fd0bc1093f0 secure :-1 s=READY pgs=26 cs=0 l=1 rev1=1 crypto rx=0x7fd0ac0098a0 tx=0x7fd0ac009bb0 comp rx=0 tx=0).ready entity=mon.0 client_cookie=e2c03ca16a9ba443 server_cookie=0 in_seq=0 out_seq=0
2024-04-27T01:15:37.180 INFO:teuthology.orchestra.run.smithi110.stdout:/usr/bin/ceph: stderr
2024-04-27T01:15:36.305+0000 7fd0b959a700 1 -- 172.21.15.110:0/205820099 <== mon.0 v2:172.21.15.110:3300/0 1 ==== mon_map magic: 0 v1 ==== 229+0+0 (secure 0 0 0) 0x7fd0ac004180 con 0x7fd0bc107000
2024-04-27T01:15:37.180 INFO:teuthology.orchestra.run.smithi110.stdout:/usr/bin/ceph: stderr
2024-04-27T01:15:36.305+0000 7fd0b959a700 1 -- 172.21.15.110:0/205820099 <== mon.0 v2:172.21.15.110:3300/0 2 ==== config(27 keys) v1 ==== 1037+0+0 (secure 0 0 0) 0x7fd0ac0042e0 con 0x7fd0bc107000
2024-04-27T01:15:37.181 INFO:teuthology.orchestra.run.smithi110.stdout:/usr/bin/ceph: stderr
