2024-04-27T01:16:20.734 INFO:teuthology.orchestra.run.smithi110.stdout:Non-zero exit code 3 from systemctl is-active firewalld.service
2024-04-27T01:16:20.734 INFO:teuthology.orchestra.run.smithi110.stdout:systemctl: stdout inactive
2024-04-27T01:16:20.734 INFO:teuthology.orchestra.run.smithi110.stdout:firewalld.service is not enabled
2024-04-27T01:16:20.735 INFO:teuthology.orchestra.run.smithi110.stdout:Not possible to open ports <[8443]>. firewalld.service is not available
2024-04-27T01:16:20.736 INFO:teuthology.orchestra.run.smithi110.stdout:Ceph Dashboard is now available at:
2024-04-27T01:16:20.736 INFO:teuthology.orchestra.run.smithi110.stdout:
2024-04-27T01:16:20.736 INFO:teuthology.orchestra.run.smithi110.stdout: URL: https://smithi110:8443/
2024-04-27T01:16:20.736 INFO:teuthology.orchestra.run.smithi110.stdout: User: admin
2024-04-27T01:16:20.736 INFO:teuthology.orchestra.run.smithi110.stdout: Password: ac2ybdtnbl
2024-04-27T01:16:20.736 INFO:teuthology.orchestra.run.smithi110.stdout:
2024-04-27T01:16:20.737 INFO:teuthology.orchestra.run.smithi110.stdout:Saving cluster configuration to /var/lib/ceph/7eb047ca-0433-11ef-bc93-c7b262605968/config directory
2024-04-27T01:16:20.737 INFO:teuthology.orchestra.run.smithi110.stdout:Enabling autotune for osd_memory_target
2024-04-27T01:16:21.951 INFO:teuthology.orchestra.run.smithi110.stdout:/usr/bin/ceph: stderr
2024-04-27T01:16:21.206+0000 7f6447380700 1 Processor -- start
2024-04-27T01:16:21.951 INFO:teuthology.orchestra.run.smithi110.stdout:/usr/bin/ceph: stderr
2024-04-27T01:16:21.206+0000 7f6447380700 1 -- start start
2024-04-27T01:16:21.951 INFO:teuthology.orchestra.run.smithi110.stdout:/usr/bin/ceph: stderr
2024-04-27T01:16:21.207+0000 7f6447380700 1 --2- >> [v2:172.21.15.110:3300/0,v1:172.21.15.110:6789/0] conn(0x7f6440104e30 0x7f6440105250 unknown :-1 s=NONE pgs=0 cs=0 l=0 rev1=0 crypto rx=0 tx=0 comp rx=0 tx=0).connect
2024-04-27T01:16:21.951 INFO:teuthology.orchestra.run.smithi110.stdout:/usr/bin/ceph: stderr
2024-04-27T01:16:21.207+0000 7f6447380700 1 -- --> [v2:172.21.15.110:3300/0,v1:172.21.15.110:6789/0] -- mon_getmap magic: 0 v1 -- 0x7f6440079e10 con 0x7f6440104e30
2024-04-27T01:16:21.951 INFO:teuthology.orchestra.run.smithi110.stdout:/usr/bin/ceph: stderr
2024-04-27T01:16:21.207+0000 7f644511c700 1 --2- >> [v2:172.21.15.110:3300/0,v1:172.21.15.110:6789/0] conn(0x7f6440104e30 0x7f6440105250 unknown :-1 s=BANNER_CONNECTING pgs=0 cs=0 l=0 rev1=0 crypto rx=0 tx=0 comp rx=0 tx=0)._handle_peer_banner_payload supported=3 required=0
2024-04-27T01:16:21.951 INFO:teuthology.orchestra.run.smithi110.stdout:/usr/bin/ceph: stderr
2024-04-27T01:16:21.207+0000 7f644511c700 1 --2- >> [v2:172.21.15.110:3300/0,v1:172.21.15.110:6789/0] conn(0x7f6440104e30 0x7f6440105250 unknown :-1 s=HELLO_CONNECTING pgs=0 cs=0 l=0 rev1=1 crypto rx=0 tx=0 comp rx=0 tx=0).handle_hello peer v2:172.21.15.110:3300/0 says I am v2:172.21.15.110:48672/0 (socket says 172.21.15.110:48672)
2024-04-27T01:16:21.951 INFO:teuthology.orchestra.run.smithi110.stdout:/usr/bin/ceph: stderr
2024-04-27T01:16:21.207+0000 7f644511c700 1 -- 172.21.15.110:0/4030345007 learned_addr learned my addr 172.21.15.110:0/4030345007 (peer_addr_for_me v2:172.21.15.110:0/0)
2024-04-27T01:16:21.951 INFO:teuthology.orchestra.run.smithi110.stdout:/usr/bin/ceph: stderr
2024-04-27T01:16:21.207+0000 7f644511c700 1 -- 172.21.15.110:0/4030345007 --> [v2:172.21.15.110:3300/0,v1:172.21.15.110:6789/0] -- mon_subscribe({config=0+,monmap=0+}) v3 -- 0x7f6440105790 con 0x7f6440104e30
2024-04-27T01:16:21.951 INFO:teuthology.orchestra.run.smithi110.stdout:/usr/bin/ceph: stderr
2024-04-27T01:16:21.207+0000 7f644511c700 1 --2- 172.21.15.110:0/4030345007 >> [v2:172.21.15.110:3300/0,v1:172.21.15.110:6789/0] conn(0x7f6440104e30 0x7f6440105250 secure :-1 s=READY pgs=88 cs=0 l=1 rev1=1 crypto rx=0x7f64300098a0 tx=0x7f6430009bb0 comp rx=0 tx=0).ready entity=mon.0 client_cookie=bcf144f7140b650b server_cookie=0 in_seq=0 out_seq=0
2024-04-27T01:16:21.951 INFO:teuthology.orchestra.run.smithi110.stdout:/usr/bin/ceph: stderr
2024-04-27T01:16:21.207+0000 7f6437fff700 1 -- 172.21.15.110:0/4030345007 <== mon.0 v2:172.21.15.110:3300/0 1 ==== mon_map magic: 0 v1 ==== 229+0+0 (secure 0 0 0) 0x7f6430004180 con 0x7f6440104e30
2024-04-27T01:16:21.952 INFO:teuthology.orchestra.run.smithi110.stdout:/usr/bin/ceph: stderr
2024-04-27T01:16:21.207+0000 7f6437fff700 1 -- 172.21.15.110:0/4030345007 <== mon.0 v2:172.21.15.110:3300/0 2 ==== config(27 keys) v1 ==== 1101+0+0 (secure 0 0 0) 0x7f64300042e0 con 0x7f6440104e30
2024-04-27T01:16:21.952 INFO:teuthology.orchestra.run.smithi110.stdout:/usr/bin/ceph: stderr
2024-04-27T01:16:21.207+0000 7f6437fff700 1 -- 172.21.15.110:0/4030345007 <== mon.0 v2:172.21.15.110:3300/0 3 ==== mon_map magic: 0 v1 ==== 229+0+0 (secure 0 0 0) 0x7f6430011af0 con 0x7f6440104e30
2024-04-27T01:16:21.952 INFO:teuthology.orchestra.run.smithi110.stdout:/usr/bin/ceph: stderr
2024-04-27T01:16:21.208+0000 7f6447380700 1 -- 172.21.15.110:0/4030345007 >> [v2:172.21.15.110:3300/0,v1:172.21.15.110:6789/0] conn(0x7f6440104e30 msgr2=0x7f6440105250 secure :-1 s=STATE_CONNECTION_ESTABLISHED l=1).mark_down
2024-04-27T01:16:21.952 INFO:teuthology.orchestra.run.smithi110.stdout:/usr/bin/ceph: stderr
2024-04-27T01:16:21.208+0000 7f6447380700 1 --2- 172.21.15.110:0/4030345007 >> [v2:172.21.15.110:3300/0,v1:172.21.15.110:6789/0] conn(0x7f6440104e30 0x7f6440105250 secure :-1 s=READY pgs=88 cs=0 l=1 rev1=1 crypto rx=0x7f64300098a0 tx=0x7f6430009bb0 comp rx=0 tx=0).stop
2024-04-27T01:16:21.952 INFO:teuthology.orchestra.run.smithi110.stdout:/usr/bin/ceph: stderr
2024-04-27T01:16:21.208+0000 7f6447380700 1 -- 172.21.15.110:0/4030345007 shutdown_connections
2024-04-27T01:16:21.952 INFO:teuthology.orchestra.run.smithi110.stdout:/usr/bin/ceph: stderr
2024-04-27T01:16:21.208+0000 7f6447380700 1 --2- 172.21.15.110:0/4030345007 >> [v2:172.21.15.110:3300/0,v1:172.21.15.110:6789/0] conn(0x7f6440104e30 0x7f6440105250 unknown :-1 s=CLOSED pgs=88 cs=0 l=1 rev1=1 crypto rx=0 tx=0 comp rx=0 tx=0).stop
2024-04-27T01:16:21.952 INFO:teuthology.orchestra.run.smithi110.stdout:/usr/bin/ceph: stderr
2024-04-27T01:16:21.208+0000 7f6447380700 1 -- 172.21.15.110:0/4030345007 >> 172.21.15.110:0/4030345007 conn(0x7f64401009b0 msgr2=0x7f6440102e30 unknown :-1 s=STATE_NONE l=0).mark_down
2024-04-27T01:16:21.952 INFO:teuthology.orchestra.run.smithi110.stdout:/usr/bin/ceph: stderr
2024-04-27T01:16:21.208+0000 7f6447380700 1 -- 172.21.15.110:0/4030345007 shutdown_connections
2024-04-27T01:16:21.952 INFO:teuthology.orchestra.run.smithi110.stdout:/usr/bin/ceph: stderr
2024-04-27T01:16:21.208+0000 7f6447380700 1 -- 172.21.15.110:0/4030345007 wait complete.
2024-04-27T01:16:21.952 INFO:teuthology.orchestra.run.smithi110.stdout:/usr/bin/ceph: stderr
2024-04-27T01:16:21.208+0000 7f6447380700 1 Processor -- start
2024-04-27T01:16:21.952 INFO:teuthology.orchestra.run.smithi110.stdout:/usr/bin/ceph: stderr
2024-04-27T01:16:21.209+0000 7f6447380700 1 -- start start
2024-04-27T01:16:21.952 INFO:teuthology.orchestra.run.smithi110.stdout:/usr/bin/ceph: stderr
2024-04-27T01:16:21.209+0000 7f6447380700 1 --2- >> [v2:172.21.15.110:3300/0,v1:172.21.15.110:6789/0] conn(0x7f6440104e30 0x7f644019c450 unknown :-1 s=NONE pgs=0 cs=0 l=1 rev1=0 crypto rx=0 tx=0 comp rx=0 tx=0).connect
2024-04-27T01:16:21.952 INFO:teuthology.orchestra.run.smithi110.stdout:/usr/bin/ceph: stderr
2024-04-27T01:16:21.209+0000 7f6447380700 1 -- --> [v2:172.21.15.110:3300/0,v1:172.21.15.110:6789/0] -- mon_getmap magic: 0 v1 -- 0x7f644019c990 con 0x7f6440104e30
2024-04-27T01:16:21.952 INFO:teuthology.orchestra.run.smithi110.stdout:/usr/bin/ceph: stderr
2024-04-27T01:16:21.209+0000 7f644511c700 1 --2- >> [v2:172.21.15.110:3300/0,v1:172.21.15.110:6789/0] conn(0x7f6440104e30 0x7f644019c450 unknown :-1 s=BANNER_CONNECTING pgs=0 cs=0 l=1 rev1=0 crypto rx=0 tx=0 comp rx=0 tx=0)._handle_peer_banner_payload supported=3 required=0
2024-04-27T01:16:21.953 INFO:teuthology.orchestra.run.smithi110.stdout:/usr/bin/ceph: stderr
2024-04-27T01:16:21.209+0000 7f644511c700 1 --2- >> [v2:172.21.15.110:3300/0,v1:172.21.15.110:6789/0] conn(0x7f6440104e30 0x7f644019c450 unknown :-1 s=HELLO_CONNECTING pgs=0 cs=0 l=1 rev1=1 crypto rx=0 tx=0 comp rx=0 tx=0).handle_hello peer v2:172.21.15.110:3300/0 says I am v2:172.21.15.110:48676/0 (socket says 172.21.15.110:48676)
2024-04-27T01:16:21.953 INFO:teuthology.orchestra.run.smithi110.stdout:/usr/bin/ceph: stderr
2024-04-27T01:16:21.209+0000 7f644511c700 1 -- 172.21.15.110:0/1034428483 learned_addr learned my addr 172.21.15.110:0/1034428483 (peer_addr_for_me v2:172.21.15.110:0/0)
2024-04-27T01:16:21.953 INFO:teuthology.orchestra.run.smithi110.stdout:/usr/bin/ceph: stderr
2024-04-27T01:16:21.209+0000 7f644511c700 1 -- 172.21.15.110:0/1034428483 --> [v2:172.21.15.110:3300/0,v1:172.21.15.110:6789/0] -- mon_subscribe({config=0+,monmap=0+}) v3 -- 0x7f6430009550 con 0x7f6440104e30
2024-04-27T01:16:21.953 INFO:teuthology.orchestra.run.smithi110.stdout:/usr/bin/ceph: stderr
2024-04-27T01:16:21.209+0000 7f644511c700 1 --2- 172.21.15.110:0/1034428483 >> [v2:172.21.15.110:3300/0,v1:172.21.15.110:6789/0] conn(0x7f6440104e30 0x7f644019c450 secure :-1 s=READY pgs=89 cs=0 l=1 rev1=1 crypto rx=0x7f6430011670 tx=0x7f6430011aa0 comp rx=0 tx=0).ready entity=mon.0 client_cookie=0 server_cookie=0 in_seq=0 out_seq=0
2024-04-27T01:16:21.953 INFO:teuthology.orchestra.run.smithi110.stdout:/usr/bin/ceph: stderr
2024-04-27T01:16:21.209+0000 7f64367fc700 1 -- 172.21.15.110:0/1034428483 <== mon.0 v2:172.21.15.110:3300/0 1 ==== mon_map magic: 0 v1 ==== 229+0+0 (secure 0 0 0) 0x7f6430003a40 con 0x7f6440104e30
2024-04-27T01:16:21.953 INFO:teuthology.orchestra.run.smithi110.stdout:/usr/bin/ceph: stderr
2024-04-27T01:16:21.209+0000 7f64367fc700 1 -- 172.21.15.110:0/1034428483 <== mon.0 v2:172.21.15.110:3300/0 2 ==== config(27 keys) v1 ==== 1101+0+0 (secure 0 0 0) 0x7f6430003ba0 con 0x7f6440104e30
2024-04-27T01:16:21.953 INFO:teuthology.orchestra.run.smithi110.stdout:/usr/bin/ceph: stderr
2024-04-27T01:16:21.209+0000 7f6447380700 1 -- 172.21.15.110:0/1034428483 --> [v2:172.21.15.110:3300/0,v1:172.21.15.110:6789/0] -- mon_subscribe({mgrmap=0+}) v3 -- 0x7f644019cb90 con 0x7f6440104e30
2024-04-27T01:16:21.953 INFO:teuthology.orchestra.run.smithi110.stdout:/usr/bin/ceph: stderr
2024-04-27T01:16:21.209+0000 7f64367fc700 1 -- 172.21.15.110:0/1034428483 <== mon.0 v2:172.21.15.110:3300/0 3 ==== mon_map magic: 0 v1 ==== 229+0+0 (secure 0 0 0) 0x7f6430024820 con 0x7f6440104e30
2024-04-27T01:16:21.953 INFO:teuthology.orchestra.run.smithi110.stdout:/usr/bin/ceph: stderr
2024-04-27T01:16:21.209+0000 7f6447380700 1 -- 172.21.15.110:0/1034428483 --> [v2:172.21.15.110:3300/0,v1:172.21.15.110:6789/0] -- mon_subscribe({osdmap=0}) v3 -- 0x7f644019d030 con 0x7f6440104e30
2024-04-27T01:16:21.953 INFO:teuthology.orchestra.run.smithi110.stdout:/usr/bin/ceph: stderr
2024-04-27T01:16:21.210+0000 7f64367fc700 1 -- 172.21.15.110:0/1034428483 <== mon.0 v2:172.21.15.110:3300/0 4 ==== mgrmap(e 12) v1 ==== 45296+0+0 (secure 0 0 0) 0x7f6430024a90 con 0x7f6440104e30
2024-04-27T01:16:21.953 INFO:teuthology.orchestra.run.smithi110.stdout:/usr/bin/ceph: stderr
2024-04-27T01:16:21.210+0000 7f6447380700 1 -- 172.21.15.110:0/1034428483 --> [v2:172.21.15.110:3300/0,v1:172.21.15.110:6789/0] -- mon_command({"prefix": "get_command_descriptions"} v 0) v1 -- 0x7f6440195d20 con 0x7f6440104e30
2024-04-27T01:16:21.953 INFO:teuthology.orchestra.run.smithi110.stdout:/usr/bin/ceph: stderr
2024-04-27T01:16:21.211+0000 7f64367fc700 1 --2- 172.21.15.110:0/1034428483 >> [v2:172.21.15.110:6800/1613788335,v1:172.21.15.110:6801/1613788335] conn(0x7f642c038380 0x7f642c03a840 unknown :-1 s=NONE pgs=0 cs=0 l=1 rev1=0 crypto rx=0 tx=0 comp rx=0 tx=0).connect
2024-04-27T01:16:21.953 INFO:teuthology.orchestra.run.smithi110.stdout:/usr/bin/ceph: stderr
2024-04-27T01:16:21.211+0000 7f64367fc700 1 -- 172.21.15.110:0/1034428483 <== mon.0 v2:172.21.15.110:3300/0 5 ==== osd_map(3..3 src has 1..3) v4 ==== 1155+0+0 (secure 0 0 0) 0x7f643004c550 con 0x7f6440104e30
2024-04-27T01:16:21.954 INFO:teuthology.orchestra.run.smithi110.stdout:/usr/bin/ceph: stderr
2024-04-27T01:16:21.211+0000 7f644491b700 1 --2- 172.21.15.110:0/1034428483 >> [v2:172.21.15.110:6800/1613788335,v1:172.21.15.110:6801/1613788335] conn(0x7f642c038380 0x7f642c03a840 unknown :-1 s=BANNER_CONNECTING pgs=0 cs=0 l=1 rev1=0 crypto rx=0 tx=0 comp rx=0 tx=0)._handle_peer_banner_payload supported=3 required=0
2024-04-27T01:16:21.954 INFO:teuthology.orchestra.run.smithi110.stdout:/usr/bin/ceph: stderr
2024-04-27T01:16:21.211+0000 7f644491b700 1 --2- 172.21.15.110:0/1034428483 >> [v2:172.21.15.110:6800/1613788335,v1:172.21.15.110:6801/1613788335] conn(0x7f642c038380 0x7f642c03a840 secure :-1 s=READY pgs=10 cs=0 l=1 rev1=1 crypto rx=0x7f643c006fd0 tx=0x7f643c006e40 comp rx=0 tx=0).ready entity=mgr.14164 client_cookie=0 server_cookie=0 in_seq=0 out_seq=0
2024-04-27T01:16:21.954 INFO:teuthology.orchestra.run.smithi110.stdout:/usr/bin/ceph: stderr
2024-04-27T01:16:21.215+0000 7f64367fc700 1 -- 172.21.15.110:0/1034428483 <== mon.0 v2:172.21.15.110:3300/0 6 ==== mon_command_ack([{"prefix": "get_command_descriptions"}]=0 v0) v1 ==== 72+0+180422 (secure 0 0 0) 0x7f6430018b80 con 0x7f6440104e30
2024-04-27T01:16:21.954 INFO:teuthology.orchestra.run.smithi110.stdout:/usr/bin/ceph: stderr
2024-04-27T01:16:21.403+0000 7f6447380700 1 -- 172.21.15.110:0/1034428483 --> [v2:172.21.15.110:3300/0,v1:172.21.15.110:6789/0] -- mon_command([{prefix=config set, name=osd_memory_target_autotune}] v 0) v1 -- 0x7f644002cc70 con 0x7f6440104e30
2024-04-27T01:16:21.954 INFO:teuthology.orchestra.run.smithi110.stdout:/usr/bin/ceph: stderr
2024-04-27T01:16:21.403+0000 7f64367fc700 1 -- 172.21.15.110:0/1034428483 <== mon.0 v2:172.21.15.110:3300/0 7 ==== mon_command_ack([{prefix=config set, name=osd_memory_target_autotune}]=0 v8)=0 v8) v1 ==== 127+0+0 (secure 0 0 0) 0x7f64300187c0 con 0x7f6440104e30
2024-04-27T01:16:21.954 INFO:teuthology.orchestra.run.smithi110.stdout:/usr/bin/ceph: stderr
2024-04-27T01:16:21.406+0000 7f6447380700 1 -- 172.21.15.110:0/1034428483 >> [v2:172.21.15.110:6800/1613788335,v1:172.21.15.110:6801/1613788335] conn(0x7f642c038380 msgr2=0x7f642c03a840 secure :-1 s=STATE_CONNECTION_ESTABLISHED l=1).mark_down
2024-04-27T01:16:21.954 INFO:teuthology.orchestra.run.smithi110.stdout:/usr/bin/ceph: stderr
2024-04-27T01:16:21.406+0000 7f6447380700 1 --2- 172.21.15.110:0/1034428483 >> [v2:172.21.15.110:6800/1613788335,v1:172.21.15.110:6801/1613788335] conn(0x7f642c038380 0x7f642c03a840 secure :-1 s=READY pgs=10 cs=0 l=1 rev1=1 crypto rx=0x7f643c006fd0 tx=0x7f643c006e40 comp rx=0 tx=0).stop
2024-04-27T01:16:21.954 INFO:teuthology.orchestra.run.smithi110.stdout:/usr/bin/ceph: stderr
2024-04-27T01:16:21.406+0000 7f6447380700 1 -- 172.21.15.110:0/1034428483 >> [v2:172.21.15.110:3300/0,v1:172.21.15.110:6789/0] conn(0x7f6440104e30 msgr2=0x7f644019c450 secure :-1 s=STATE_CONNECTION_ESTABLISHED l=1).mark_down
2024-04-27T01:16:21.954 INFO:teuthology.orchestra.run.smithi110.stdout:/usr/bin/ceph: stderr
2024-04-27T01:16:21.406+0000 7f6447380700 1 --2- 172.21.15.110:0/1034428483 >> [v2:172.21.15.110:3300/0,v1:172.21.15.110:6789/0] conn(0x7f6440104e30 0x7f644019c450 secure :-1 s=READY pgs=89 cs=0 l=1 rev1=1 crypto rx=0x7f6430011670 tx=0x7f6430011aa0 comp rx=0 tx=0).stop
2024-04-27T01:16:21.954 INFO:teuthology.orchestra.run.smithi110.stdout:/usr/bin/ceph: stderr
2024-04-27T01:16:21.406+0000 7f6447380700 1 -- 172.21.15.110:0/1034428483 shutdown_connections
2024-04-27T01:16:21.954 INFO:teuthology.orchestra.run.smithi110.stdout:/usr/bin/ceph: stderr
2024-04-27T01:16:21.406+0000 7f6447380700 1 --2- 172.21.15.110:0/1034428483 >> [v2:172.21.15.110:6800/1613788335,v1:172.21.15.110:6801/1613788335] conn(0x7f642c038380 0x7f642c03a840 unknown :-1 s=CLOSED pgs=10 cs=0 l=1 rev1=1 crypto rx=0 tx=0 comp rx=0 tx=0).stop
2024-04-27T01:16:21.954 INFO:teuthology.orchestra.run.smithi110.stdout:/usr/bin/ceph: stderr
2024-04-27T01:16:21.406+0000 7f6447380700 1 --2- 172.21.15.110:0/1034428483 >> [v2:172.21.15.110:3300/0,v1:172.21.15.110:6789/0] conn(0x7f6440104e30 0x7f644019c450 unknown :-1 s=CLOSED pgs=89 cs=0 l=1 rev1=1 crypto rx=0 tx=0 comp rx=0 tx=0).stop
2024-04-27T01:16:21.954 INFO:teuthology.orchestra.run.smithi110.stdout:/usr/bin/ceph: stderr
2024-04-27T01:16:21.406+0000 7f6447380700 1 -- 172.21.15.110:0/1034428483 >> 172.21.15.110:0/1034428483 conn(0x7f64401009b0 msgr2=0x7f64401909f0 unknown :-1 s=STATE_NONE l=0).mark_down
2024-04-27T01:16:21.954 INFO:teuthology.orchestra.run.smithi110.stdout:/usr/bin/ceph: stderr
2024-04-27T01:16:21.406+0000 7f6447380700 1 -- 172.21.15.110:0/1034428483 shutdown_connections
2024-04-27T01:16:21.955 INFO:teuthology.orchestra.run.smithi110.stdout:/usr/bin/ceph: stderr
2024-04-27T01:16:21.406+0000 7f6447380700 1 -- 172.21.15.110:0/1034428483 wait complete.
2024-04-27T01:16:22.656 INFO:journalctl@ceph.mon.smithi110.smithi110.stdout:Apr 27 01:16:22 smithi110 ceph-mon[26395]: mgrmap e13: smithi110.ewvwhz(active, since 6s)
2024-04-27T01:16:23.265 INFO:teuthology.orchestra.run.smithi110.stdout:/usr/bin/ceph: stderr
2024-04-27T01:16:22.384+0000 7f44c0d89700 1 Processor -- start
2024-04-27T01:16:23.266 INFO:teuthology.orchestra.run.smithi110.stdout:/usr/bin/ceph: stderr
2024-04-27T01:16:22.384+0000 7f44c0d89700 1 -- start start
2024-04-27T01:16:23.266 INFO:teuthology.orchestra.run.smithi110.stdout:/usr/bin/ceph: stderr
2024-04-27T01:16:22.385+0000 7f44c0d89700 1 --2- >> [v2:172.21.15.110:3300/0,v1:172.21.15.110:6789/0] conn(0x7f44bc105950 0x7f44bc105d70 unknown :-1 s=NONE pgs=0 cs=0 l=0 rev1=0 crypto rx=0 tx=0 comp rx=0 tx=0).connect
2024-04-27T01:16:23.266 INFO:teuthology.orchestra.run.smithi110.stdout:/usr/bin/ceph: stderr
2024-04-27T01:16:22.385+0000 7f44c0d89700 1 -- --> [v2:172.21.15.110:3300/0,v1:172.21.15.110:6789/0] -- mon_getmap magic: 0 v1 -- 0x7f44bc106340 con 0x7f44bc105950
2024-04-27T01:16:23.266 INFO:teuthology.orchestra.run.smithi110.stdout:/usr/bin/ceph: stderr
2024-04-27T01:16:22.385+0000 7f44ba59c700 1 --2- >> [v2:172.21.15.110:3300/0,v1:172.21.15.110:6789/0] conn(0x7f44bc105950 0x7f44bc105d70 unknown :-1 s=BANNER_CONNECTING pgs=0 cs=0 l=0 rev1=0 crypto rx=0 tx=0 comp rx=0 tx=0)._handle_peer_banner_payload supported=3 required=0
2024-04-27T01:16:23.266 INFO:teuthology.orchestra.run.smithi110.stdout:/usr/bin/ceph: stderr
2024-04-27T01:16:22.385+0000 7f44ba59c700 1 --2- >> [v2:172.21.15.110:3300/0,v1:172.21.15.110:6789/0] conn(0x7f44bc105950 0x7f44bc105d70 unknown :-1 s=HELLO_CONNECTING pgs=0 cs=0 l=0 rev1=1 crypto rx=0 tx=0 comp rx=0 tx=0).handle_hello peer v2:172.21.15.110:3300/0 says I am v2:172.21.15.110:48688/0 (socket says 172.21.15.110:48688)
2024-04-27T01:16:23.266 INFO:teuthology.orchestra.run.smithi110.stdout:/usr/bin/ceph: stderr
2024-04-27T01:16:22.385+0000 7f44ba59c700 1 -- 172.21.15.110:0/745517760 learned_addr learned my addr 172.21.15.110:0/745517760 (peer_addr_for_me v2:172.21.15.110:0/0)
2024-04-27T01:16:23.266 INFO:teuthology.orchestra.run.smithi110.stdout:/usr/bin/ceph: stderr
2024-04-27T01:16:22.385+0000 7f44ba59c700 1 -- 172.21.15.110:0/745517760 --> [v2:172.21.15.110:3300/0,v1:172.21.15.110:6789/0] -- mon_subscribe({config=0+,monmap=0+}) v3 -- 0x7f44bc106670 con 0x7f44bc105950
2024-04-27T01:16:23.266 INFO:teuthology.orchestra.run.smithi110.stdout:/usr/bin/ceph: stderr
2024-04-27T01:16:22.385+0000 7f44ba59c700 1 --2- 172.21.15.110:0/745517760 >> [v2:172.21.15.110:3300/0,v1:172.21.15.110:6789/0] conn(0x7f44bc105950 0x7f44bc105d70 secure :-1 s=READY pgs=90 cs=0 l=1 rev1=1 crypto rx=0x7f44a40098a0 tx=0x7f44a4009bb0 comp rx=0 tx=0).ready entity=mon.0 client_cookie=2cc37a6678248658 server_cookie=0 in_seq=0 out_seq=0
2024-04-27T01:16:23.266 INFO:teuthology.orchestra.run.smithi110.stdout:/usr/bin/ceph: stderr
2024-04-27T01:16:22.385+0000 7f44b959a700 1 -- 172.21.15.110:0/745517760 <== mon.0 v2:172.21.15.110:3300/0 1 ==== mon_map magic: 0 v1 ==== 229+0+0 (secure 0 0 0) 0x7f44a4004180 con 0x7f44bc105950
2024-04-27T01:16:23.266 INFO:teuthology.orchestra.run.smithi110.stdout:/usr/bin/ceph: stderr
2024-04-27T01:16:22.385+0000 7f44b959a700 1 -- 172.21.15.110:0/745517760 <== mon.0 v2:172.21.15.110:3300/0 2 ==== config(27 keys) v1 ==== 1101+0+0 (secure 0 0 0) 0x7f44a40042e0 con 0x7f44bc105950
2024-04-27T01:16:23.266 INFO:teuthology.orchestra.run.smithi110.stdout:/usr/bin/ceph: stderr
2024-04-27T01:16:22.385+0000 7f44b959a700 1 -- 172.21.15.110:0/745517760 <== mon.0 v2:172.21.15.110:3300/0 3 ==== mon_map magic: 0 v1 ==== 229+0+0 (secure 0 0 0) 0x7f44a4011af0 con 0x7f44bc105950
2024-04-27T01:16:23.267 INFO:teuthology.orchestra.run.smithi110.stdout:/usr/bin/ceph: stderr
2024-04-27T01:16:22.386+0000 7f44c0d89700 1 -- 172.21.15.110:0/745517760 >> [v2:172.21.15.110:3300/0,v1:172.21.15.110:6789/0] conn(0x7f44bc105950 msgr2=0x7f44bc105d70 secure :-1 s=STATE_CONNECTION_ESTABLISHED l=1).mark_down
2024-04-27T01:16:23.267 INFO:teuthology.orchestra.run.smithi110.stdout:/usr/bin/ceph: stderr
2024-04-27T01:16:22.386+0000 7f44c0d89700 1 --2- 172.21.15.110:0/745517760 >> [v2:172.21.15.110:3300/0,v1:172.21.15.110:6789/0] conn(0x7f44bc105950 0x7f44bc105d70 secure :-1 s=READY pgs=90 cs=0 l=1 rev1=1 crypto rx=0x7f44a40098a0 tx=0x7f44a4009bb0 comp rx=0 tx=0).stop
2024-04-27T01:16:23.267 INFO:teuthology.orchestra.run.smithi110.stdout:/usr/bin/ceph: stderr
2024-04-27T01:16:22.386+0000 7f44c0d89700 1 -- 172.21.15.110:0/745517760 shutdown_connections
2024-04-27T01:16:23.267 INFO:teuthology.orchestra.run.smithi110.stdout:/usr/bin/ceph: stderr
2024-04-27T01:16:22.386+0000 7f44c0d89700 1 --2- 172.21.15.110:0/745517760 >> [v2:172.21.15.110:3300/0,v1:172.21.15.110:6789/0] conn(0x7f44bc105950 0x7f44bc105d70 unknown :-1 s=CLOSED pgs=90 cs=0 l=1 rev1=1 crypto rx=0 tx=0 comp rx=0 tx=0).stop
2024-04-27T01:16:23.267 INFO:teuthology.orchestra.run.smithi110.stdout:/usr/bin/ceph: stderr
2024-04-27T01:16:22.386+0000 7f44c0d89700 1 -- 172.21.15.110:0/745517760 >> 172.21.15.110:0/745517760 conn(0x7f44bc100170 msgr2=0x7f44bc1025b0 unknown :-1 s=STATE_NONE l=0).mark_down
2024-04-27T01:16:23.267 INFO:teuthology.orchestra.run.smithi110.stdout:/usr/bin/ceph: stderr
2024-04-27T01:16:22.386+0000 7f44c0d89700 1 -- 172.21.15.110:0/745517760 shutdown_connections
2024-04-27T01:16:23.267 INFO:teuthology.orchestra.run.smithi110.stdout:/usr/bin/ceph: stderr
2024-04-27T01:16:22.386+0000 7f44c0d89700 1 -- 172.21.15.110:0/745517760 wait complete.
2024-04-27T01:16:23.267 INFO:teuthology.orchestra.run.smithi110.stdout:/usr/bin/ceph: stderr
2024-04-27T01:16:22.387+0000 7f44c0d89700 1 Processor -- start
2024-04-27T01:16:23.267 INFO:teuthology.orchestra.run.smithi110.stdout:/usr/bin/ceph: stderr
2024-04-27T01:16:22.387+0000 7f44c0d89700 1 -- start start
2024-04-27T01:16:23.267 INFO:teuthology.orchestra.run.smithi110.stdout:/usr/bin/ceph: stderr
2024-04-27T01:16:22.387+0000 7f44c0d89700 1 --2- >> [v2:172.21.15.110:3300/0,v1:172.21.15.110:6789/0] conn(0x7f44bc105950 0x7f44bc199100 unknown :-1 s=NONE pgs=0 cs=0 l=1 rev1=0 crypto rx=0 tx=0 comp rx=0 tx=0).connect
2024-04-27T01:16:23.267 INFO:teuthology.orchestra.run.smithi110.stdout:/usr/bin/ceph: stderr
2024-04-27T01:16:22.387+0000 7f44c0d89700 1 -- --> [v2:172.21.15.110:3300/0,v1:172.21.15.110:6789/0] -- mon_getmap magic: 0 v1 -- 0x7f44bc199640 con 0x7f44bc105950
2024-04-27T01:16:23.267 INFO:teuthology.orchestra.run.smithi110.stdout:/usr/bin/ceph: stderr
2024-04-27T01:16:22.387+0000 7f44ba59c700 1 --2- >> [v2:172.21.15.110:3300/0,v1:172.21.15.110:6789/0] conn(0x7f44bc105950 0x7f44bc199100 unknown :-1 s=BANNER_CONNECTING pgs=0 cs=0 l=1 rev1=0 crypto rx=0 tx=0 comp rx=0 tx=0)._handle_peer_banner_payload supported=3 required=0
2024-04-27T01:16:23.267 INFO:teuthology.orchestra.run.smithi110.stdout:/usr/bin/ceph: stderr
2024-04-27T01:16:22.387+0000 7f44ba59c700 1 --2- >> [v2:172.21.15.110:3300/0,v1:172.21.15.110:6789/0] conn(0x7f44bc105950 0x7f44bc199100 unknown :-1 s=HELLO_CONNECTING pgs=0 cs=0 l=1 rev1=1 crypto rx=0 tx=0 comp rx=0 tx=0).handle_hello peer v2:172.21.15.110:3300/0 says I am v2:172.21.15.110:48690/0 (socket says 172.21.15.110:48690)
2024-04-27T01:16:23.267 INFO:teuthology.orchestra.run.smithi110.stdout:/usr/bin/ceph: stderr
2024-04-27T01:16:22.387+0000 7f44ba59c700 1 -- 172.21.15.110:0/4204090512 learned_addr learned my addr 172.21.15.110:0/4204090512 (peer_addr_for_me v2:172.21.15.110:0/0)
2024-04-27T01:16:23.268 INFO:teuthology.orchestra.run.smithi110.stdout:/usr/bin/ceph: stderr
2024-04-27T01:16:22.387+0000 7f44ba59c700 1 -- 172.21.15.110:0/4204090512 --> [v2:172.21.15.110:3300/0,v1:172.21.15.110:6789/0] -- mon_subscribe({config=0+,monmap=0+}) v3 -- 0x7f44a4009550 con 0x7f44bc105950
2024-04-27T01:16:23.268 INFO:teuthology.orchestra.run.smithi110.stdout:/usr/bin/ceph: stderr
2024-04-27T01:16:22.388+0000 7f44ba59c700 1 --2- 172.21.15.110:0/4204090512 >> [v2:172.21.15.110:3300/0,v1:172.21.15.110:6789/0] conn(0x7f44bc105950 0x7f44bc199100 secure :-1 s=READY pgs=91 cs=0 l=1 rev1=1 crypto rx=0x7f44a4011670 tx=0x7f44a4011c90 comp rx=0 tx=0).ready entity=mon.0 client_cookie=0 server_cookie=0 in_seq=0 out_seq=0
2024-04-27T01:16:23.268 INFO:teuthology.orchestra.run.smithi110.stdout:/usr/bin/ceph: stderr
2024-04-27T01:16:22.388+0000 7f44b37fe700 1 -- 172.21.15.110:0/4204090512 <== mon.0 v2:172.21.15.110:3300/0 1 ==== mon_map magic: 0 v1 ==== 229+0+0 (secure 0 0 0) 0x7f44a4025470 con 0x7f44bc105950
2024-04-27T01:16:23.268 INFO:teuthology.orchestra.run.smithi110.stdout:/usr/bin/ceph: stderr
2024-04-27T01:16:22.388+0000 7f44b37fe700 1 -- 172.21.15.110:0/4204090512 <== mon.0 v2:172.21.15.110:3300/0 2 ==== config(27 keys) v1 ==== 1101+0+0 (secure 0 0 0) 0x7f44a401b920 con 0x7f44bc105950
2024-04-27T01:16:23.268 INFO:teuthology.orchestra.run.smithi110.stdout:/usr/bin/ceph: stderr
2024-04-27T01:16:22.388+0000 7f44c0d89700 1 -- 172.21.15.110:0/4204090512 --> [v2:172.21.15.110:3300/0,v1:172.21.15.110:6789/0] -- mon_subscribe({mgrmap=0+}) v3 -- 0x7f44bc199840 con 0x7f44bc105950
2024-04-27T01:16:23.268 INFO:teuthology.orchestra.run.smithi110.stdout:/usr/bin/ceph: stderr
2024-04-27T01:16:22.388+0000 7f44b37fe700 1 -- 172.21.15.110:0/4204090512 <== mon.0 v2:172.21.15.110:3300/0 3 ==== mon_map magic: 0 v1 ==== 229+0+0 (secure 0 0 0) 0x7f44a401ca10 con 0x7f44bc105950
2024-04-27T01:16:23.268 INFO:teuthology.orchestra.run.smithi110.stdout:/usr/bin/ceph: stderr
2024-04-27T01:16:22.388+0000 7f44c0d89700 1 -- 172.21.15.110:0/4204090512 --> [v2:172.21.15.110:3300/0,v1:172.21.15.110:6789/0] -- mon_subscribe({osdmap=0}) v3 -- 0x7f44bc199ce0 con 0x7f44bc105950
2024-04-27T01:16:23.268 INFO:teuthology.orchestra.run.smithi110.stdout:/usr/bin/ceph: stderr
2024-04-27T01:16:22.388+0000 7f44b37fe700 1 -- 172.21.15.110:0/4204090512 <== mon.0 v2:172.21.15.110:3300/0 4 ==== mgrmap(e 13) v1 ==== 45340+0+0 (secure 0 0 0) 0x7f44a4022070 con 0x7f44bc105950
2024-04-27T01:16:23.268 INFO:teuthology.orchestra.run.smithi110.stdout:/usr/bin/ceph: stderr
2024-04-27T01:16:22.389+0000 7f44c0d89700 1 -- 172.21.15.110:0/4204090512 --> [v2:172.21.15.110:3300/0,v1:172.21.15.110:6789/0] -- mon_command({"prefix": "get_command_descriptions"} v 0) v1 -- 0x7f44bc0623c0 con 0x7f44bc105950
2024-04-27T01:16:23.268 INFO:teuthology.orchestra.run.smithi110.stdout:/usr/bin/ceph: stderr
2024-04-27T01:16:22.389+0000 7f44b37fe700 1 --2- 172.21.15.110:0/4204090512 >> [v2:172.21.15.110:6800/1613788335,v1:172.21.15.110:6801/1613788335] conn(0x7f44a8038410 0x7f44a803a8d0 unknown :-1 s=NONE pgs=0 cs=0 l=1 rev1=0 crypto rx=0 tx=0 comp rx=0 tx=0).connect
2024-04-27T01:16:23.268 INFO:teuthology.orchestra.run.smithi110.stdout:/usr/bin/ceph: stderr
2024-04-27T01:16:22.389+0000 7f44b37fe700 1 -- 172.21.15.110:0/4204090512 <== mon.0 v2:172.21.15.110:3300/0 5 ==== osd_map(3..3 src has 1..3) v4 ==== 1155+0+0 (secure 0 0 0) 0x7f44a404f0d0 con 0x7f44bc105950
2024-04-27T01:16:23.268 INFO:teuthology.orchestra.run.smithi110.stdout:/usr/bin/ceph: stderr
2024-04-27T01:16:22.389+0000 7f44b9d9b700 1 --2- 172.21.15.110:0/4204090512 >> [v2:172.21.15.110:6800/1613788335,v1:172.21.15.110:6801/1613788335] conn(0x7f44a8038410 0x7f44a803a8d0 unknown :-1 s=BANNER_CONNECTING pgs=0 cs=0 l=1 rev1=0 crypto rx=0 tx=0 comp rx=0 tx=0)._handle_peer_banner_payload supported=3 required=0
2024-04-27T01:16:23.268 INFO:teuthology.orchestra.run.smithi110.stdout:/usr/bin/ceph: stderr
2024-04-27T01:16:22.389+0000 7f44b9d9b700 1 --2- 172.21.15.110:0/4204090512 >> [v2:172.21.15.110:6800/1613788335,v1:172.21.15.110:6801/1613788335] conn(0x7f44a8038410 0x7f44a803a8d0 secure :-1 s=READY pgs=11 cs=0 l=1 rev1=1 crypto rx=0x7f44ac006fd0 tx=0x7f44ac006e40 comp rx=0 tx=0).ready entity=mgr.14164 client_cookie=0 server_cookie=0 in_seq=0 out_seq=0
2024-04-27T01:16:23.269 INFO:teuthology.orchestra.run.smithi110.stdout:/usr/bin/ceph: stderr
2024-04-27T01:16:22.393+0000 7f44b37fe700 1 -- 172.21.15.110:0/4204090512 <== mon.0 v2:172.21.15.110:3300/0 6 ==== mon_command_ack([{"prefix": "get_command_descriptions"}]=0 v0) v1 ==== 72+0+180422 (secure 0 0 0) 0x7f44a40243d0 con 0x7f44bc105950
2024-04-27T01:16:23.269 INFO:teuthology.orchestra.run.smithi110.stdout:/usr/bin/ceph: stderr
2024-04-27T01:16:22.687+0000 7f44c0d89700 1 -- 172.21.15.110:0/4204090512 --> [v2:172.21.15.110:3300/0,v1:172.21.15.110:6789/0] -- mon_command([{prefix=config-key set, key=mgr/dashboard/cluster/status}] v 0) v1 -- 0x7f44bc1049f0 con 0x7f44bc105950
2024-04-27T01:16:23.269 INFO:teuthology.orchestra.run.smithi110.stdout:/usr/bin/ceph: stderr
2024-04-27T01:16:22.689+0000 7f44b37fe700 1 -- 172.21.15.110:0/4204090512 <== mon.0 v2:172.21.15.110:3300/0 7 ==== mon_command_ack([{prefix=config-key set, key=mgr/dashboard/cluster/status}]=0 set mgr/dashboard/cluster/status v34)=0 set mgr/dashboard/cluster/status v34) v1 ==== 153+0+0 (secure 0 0 0) 0x7f44a4023b20 con 0x7f44bc105950
2024-04-27T01:16:23.269 INFO:teuthology.orchestra.run.smithi110.stdout:/usr/bin/ceph: stderr
2024-04-27T01:16:22.691+0000 7f44c0d89700 1 -- 172.21.15.110:0/4204090512 >> [v2:172.21.15.110:6800/1613788335,v1:172.21.15.110:6801/1613788335] conn(0x7f44a8038410 msgr2=0x7f44a803a8d0 secure :-1 s=STATE_CONNECTION_ESTABLISHED l=1).mark_down
2024-04-27T01:16:23.269 INFO:teuthology.orchestra.run.smithi110.stdout:/usr/bin/ceph: stderr
2024-04-27T01:16:22.691+0000 7f44c0d89700 1 --2- 172.21.15.110:0/4204090512 >> [v2:172.21.15.110:6800/1613788335,v1:172.21.15.110:6801/1613788335] conn(0x7f44a8038410 0x7f44a803a8d0 secure :-1 s=READY pgs=11 cs=0 l=1 rev1=1 crypto rx=0x7f44ac006fd0 tx=0x7f44ac006e40 comp rx=0 tx=0).stop
2024-04-27T01:16:23.269 INFO:teuthology.orchestra.run.smithi110.stdout:/usr/bin/ceph: stderr
2024-04-27T01:16:22.691+0000 7f44c0d89700 1 -- 172.21.15.110:0/4204090512 >> [v2:172.21.15.110:3300/0,v1:172.21.15.110:6789/0] conn(0x7f44bc105950 msgr2=0x7f44bc199100 secure :-1 s=STATE_CONNECTION_ESTABLISHED l=1).mark_down
2024-04-27T01:16:23.269 INFO:teuthology.orchestra.run.smithi110.stdout:/usr/bin/ceph: stderr
2024-04-27T01:16:22.691+0000 7f44c0d89700 1 --2- 172.21.15.110:0/4204090512 >> [v2:172.21.15.110:3300/0,v1:172.21.15.110:6789/0] conn(0x7f44bc105950 0x7f44bc199100 secure :-1 s=READY pgs=91 cs=0 l=1 rev1=1 crypto rx=0x7f44a4011670 tx=0x7f44a4011c90 comp rx=0 tx=0).stop
2024-04-27T01:16:23.269 INFO:teuthology.orchestra.run.smithi110.stdout:/usr/bin/ceph: stderr
2024-04-27T01:16:22.691+0000 7f44c0d89700 1 -- 172.21.15.110:0/4204090512 shutdown_connections
2024-04-27T01:16:23.269 INFO:teuthology.orchestra.run.smithi110.stdout:/usr/bin/ceph: stderr
2024-04-27T01:16:22.691+0000 7f44c0d89700 1 --2- 172.21.15.110:0/4204090512 >> [v2:172.21.15.110:6800/1613788335,v1:172.21.15.110:6801/1613788335] conn(0x7f44a8038410 0x7f44a803a8d0 unknown :-1 s=CLOSED pgs=11 cs=0 l=1 rev1=1 crypto rx=0 tx=0 comp rx=0 tx=0).stop
2024-04-27T01:16:23.269 INFO:teuthology.orchestra.run.smithi110.stdout:/usr/bin/ceph: stderr
2024-04-27T01:16:22.691+0000 7f44c0d89700 1 --2- 172.21.15.110:0/4204090512 >> [v2:172.21.15.110:3300/0,v1:172.21.15.110:6789/0] conn(0x7f44bc105950 0x7f44bc199100 unknown :-1 s=CLOSED pgs=91 cs=0 l=1 rev1=1 crypto rx=0 tx=0 comp rx=0 tx=0).stop
2024-04-27T01:16:23.269 INFO:teuthology.orchestra.run.smithi110.stdout:/usr/bin/ceph: stderr
2024-04-27T01:16:22.691+0000 7f44c0d89700 1 -- 172.21.15.110:0/4204090512 >> 172.21.15.110:0/4204090512 conn(0x7f44bc100170 msgr2=0x7f44bc100f00 unknown :-1 s=STATE_NONE l=0).mark_down
2024-04-27T01:16:23.269 INFO:teuthology.orchestra.run.smithi110.stdout:/usr/bin/ceph: stderr
2024-04-27T01:16:22.691+0000 7f44c0d89700 1 -- 172.21.15.110:0/4204090512 shutdown_connections
2024-04-27T01:16:23.269 INFO:teuthology.orchestra.run.smithi110.stdout:/usr/bin/ceph: stderr
2024-04-27T01:16:22.691+0000 7f44c0d89700 1 -- 172.21.15.110:0/4204090512 wait complete.
2024-04-27T01:16:23.270 INFO:teuthology.orchestra.run.smithi110.stdout:/usr/bin/ceph: stderr set mgr/dashboard/cluster/status
2024-04-27T01:16:23.270 INFO:teuthology.orchestra.run.smithi110.stdout:You can access the Ceph CLI as following in case of multi-cluster or non-default config:
2024-04-27T01:16:23.270 INFO:teuthology.orchestra.run.smithi110.stdout:
2024-04-27T01:16:23.270 INFO:teuthology.orchestra.run.smithi110.stdout: sudo /home/ubuntu/cephtest/cephadm shell --fsid 7eb047ca-0433-11ef-bc93-c7b262605968 -c /etc/ceph/ceph.conf -k /etc/ceph/ceph.client.admin.keyring
2024-04-27T01:16:23.270 INFO:teuthology.orchestra.run.smithi110.stdout:
2024-04-27T01:16:23.270 INFO:teuthology.orchestra.run.smithi110.stdout:Or, if you are only running a single cluster on this host:
2024-04-27T01:16:23.270 INFO:teuthology.orchestra.run.smithi110.stdout:
2024-04-27T01:16:23.270 INFO:teuthology.orchestra.run.smithi110.stdout: sudo /home/ubuntu/cephtest/cephadm shell
2024-04-27T01:16:23.270 INFO:teuthology.orchestra.run.smithi110.stdout:
2024-04-27T01:16:23.270 INFO:teuthology.orchestra.run.smithi110.stdout:Please consider enabling telemetry to help improve Ceph:
2024-04-27T01:16:23.270 INFO:teuthology.orchestra.run.smithi110.stdout:
2024-04-27T01:16:23.270 INFO:teuthology.orchestra.run.smithi110.stdout: ceph telemetry on
2024-04-27T01:16:23.270 INFO:teuthology.orchestra.run.smithi110.stdout:
2024-04-27T01:16:23.270 INFO:teuthology.orchestra.run.smithi110.stdout:For more information see:
2024-04-27T01:16:23.271 INFO:teuthology.orchestra.run.smithi110.stdout:
2024-04-27T01:16:23.271 INFO:teuthology.orchestra.run.smithi110.stdout: https://docs.ceph.com/en/latest/mgr/telemetry/
2024-04-27T01:16:23.271 INFO:teuthology.orchestra.run.smithi110.stdout:
2024-04-27T01:16:23.271 INFO:teuthology.orchestra.run.smithi110.stdout:Bootstrap complete.
2024-04-27T01:16:23.295 INFO:tasks.cephadm:Fetching config...
2024-04-27T01:16:23.295 DEBUG:teuthology.orchestra.run.smithi110:> set -ex
2024-04-27T01:16:23.296 DEBUG:teuthology.orchestra.run.smithi110:> dd if=/etc/ceph/ceph.conf of=/dev/stdout
2024-04-27T01:16:23.311 INFO:tasks.cephadm:Fetching client.admin keyring...
2024-04-27T01:16:23.311 DEBUG:teuthology.orchestra.run.smithi110:> set -ex
2024-04-27T01:16:23.311 DEBUG:teuthology.orchestra.run.smithi110:> dd if=/etc/ceph/ceph.client.admin.keyring of=/dev/stdout
2024-04-27T01:16:23.365 INFO:tasks.cephadm:Fetching mon keyring...
2024-04-27T01:16:23.366 DEBUG:teuthology.orchestra.run.smithi110:> set -ex
2024-04-27T01:16:23.366 DEBUG:teuthology.orchestra.run.smithi110:> sudo dd if=/var/lib/ceph/7eb047ca-0433-11ef-bc93-c7b262605968/mon.smithi110/keyring of=/dev/stdout
2024-04-27T01:16:23.429 INFO:tasks.cephadm:Fetching pub ssh key...
2024-04-27T01:16:23.429 DEBUG:teuthology.orchestra.run.smithi110:> set -ex
2024-04-27T01:16:23.429 DEBUG:teuthology.orchestra.run.smithi110:> dd if=/home/ubuntu/cephtest/ceph.pub of=/dev/stdout
2024-04-27T01:16:23.484 INFO:tasks.cephadm:Installing pub ssh key for root users...
2024-04-27T01:16:23.485 DEBUG:teuthology.orchestra.run.smithi110:> sudo install -d -m 0700 /root/.ssh && echo 'ssh-rsa AAAAB3NzaC1yc2EAAAADAQABAAABgQDl+3FO64BYN1qN2dahHAipRArjIxZgFGKhqpkk5x09ye+H/mm2O+vmCaBzbRWrLS6MJp8wzx7nq49uNjkI2exHvWWpzovRvt/YhfsfxR4uSRSGzWLg0+LeK70G+5jxkFPbHk29jjvVrcTz6SwgOp9rmDXXBsDhzk8FFIjuwAwKVhxTIWGuXaGBvwijM4aZ0EL2XorC3Iv3l3r07KTOTm6Tvd8TctLHXBRiUjSSlz3CwLA7ve2KVBcbP466rxl66GuW7O2Z+GD/DBXqpvdhZBSdxr9H/FAApd7OBbBwhl/tsk6EAdIpZ9aIDbMkLOOGSBkzhRPqH+sm+O1npgGbsSrXyWNlwq68HrIZ++Zg6HWOb4SMkSBpoV35TcABG3PucEWhDkIpJOiLYhfrPlmM/PavG3HEHaT/ouC2FC6WF1aPoO20dnMr/abxfTJp74zz+v8EvJ3UIuGIDap/FIKkVjcqDhpUe3WfdsaZNoNMOsu7Ctr/W1agnX2U/5DcTV7reUU= ceph-7eb047ca-0433-11ef-bc93-c7b262605968' | sudo tee -a /root/.ssh/authorized_keys && sudo chmod 0600 /root/.ssh/authorized_keys
2024-04-27T01:16:23.557 INFO:teuthology.orchestra.run.smithi110.stdout:ssh-rsa AAAAB3NzaC1yc2EAAAADAQABAAABgQDl+3FO64BYN1qN2dahHAipRArjIxZgFGKhqpkk5x09ye+H/mm2O+vmCaBzbRWrLS6MJp8wzx7nq49uNjkI2exHvWWpzovRvt/YhfsfxR4uSRSGzWLg0+LeK70G+5jxkFPbHk29jjvVrcTz6SwgOp9rmDXXBsDhzk8FFIjuwAwKVhxTIWGuXaGBvwijM4aZ0EL2XorC3Iv3l3r07KTOTm6Tvd8TctLHXBRiUjSSlz3CwLA7ve2KVBcbP466rxl66GuW7O2Z+GD/DBXqpvdhZBSdxr9H/FAApd7OBbBwhl/tsk6EAdIpZ9aIDbMkLOOGSBkzhRPqH+sm+O1npgGbsSrXyWNlwq68HrIZ++Zg6HWOb4SMkSBpoV35TcABG3PucEWhDkIpJOiLYhfrPlmM/PavG3HEHaT/ouC2FC6WF1aPoO20dnMr/abxfTJp74zz+v8EvJ3UIuGIDap/FIKkVjcqDhpUe3WfdsaZNoNMOsu7Ctr/W1agnX2U/5DcTV7reUU= ceph-7eb047ca-0433-11ef-bc93-c7b262605968
2024-04-27T01:16:23.567 DEBUG:teuthology.orchestra.run.smithi112:> sudo install -d -m 0700 /root/.ssh && echo 'ssh-rsa AAAAB3NzaC1yc2EAAAADAQABAAABgQDl+3FO64BYN1qN2dahHAipRArjIxZgFGKhqpkk5x09ye+H/mm2O+vmCaBzbRWrLS6MJp8wzx7nq49uNjkI2exHvWWpzovRvt/YhfsfxR4uSRSGzWLg0+LeK70G+5jxkFPbHk29jjvVrcTz6SwgOp9rmDXXBsDhzk8FFIjuwAwKVhxTIWGuXaGBvwijM4aZ0EL2XorC3Iv3l3r07KTOTm6Tvd8TctLHXBRiUjSSlz3CwLA7ve2KVBcbP466rxl66GuW7O2Z+GD/DBXqpvdhZBSdxr9H/FAApd7OBbBwhl/tsk6EAdIpZ9aIDbMkLOOGSBkzhRPqH+sm+O1npgGbsSrXyWNlwq68HrIZ++Zg6HWOb4SMkSBpoV35TcABG3PucEWhDkIpJOiLYhfrPlmM/PavG3HEHaT/ouC2FC6WF1aPoO20dnMr/abxfTJp74zz+v8EvJ3UIuGIDap/FIKkVjcqDhpUe3WfdsaZNoNMOsu7Ctr/W1agnX2U/5DcTV7reUU= ceph-7eb047ca-0433-11ef-bc93-c7b262605968' | sudo tee -a /root/.ssh/authorized_keys && sudo chmod 0600 /root/.ssh/authorized_keys
2024-04-27T01:16:23.606 INFO:teuthology.orchestra.run.smithi112.stdout:ssh-rsa AAAAB3NzaC1yc2EAAAADAQABAAABgQDl+3FO64BYN1qN2dahHAipRArjIxZgFGKhqpkk5x09ye+H/mm2O+vmCaBzbRWrLS6MJp8wzx7nq49uNjkI2exHvWWpzovRvt/YhfsfxR4uSRSGzWLg0+LeK70G+5jxkFPbHk29jjvVrcTz6SwgOp9rmDXXBsDhzk8FFIjuwAwKVhxTIWGuXaGBvwijM4aZ0EL2XorC3Iv3l3r07KTOTm6Tvd8TctLHXBRiUjSSlz3CwLA7ve2KVBcbP466rxl66GuW7O2Z+GD/DBXqpvdhZBSdxr9H/FAApd7OBbBwhl/tsk6EAdIpZ9aIDbMkLOOGSBkzhRPqH+sm+O1npgGbsSrXyWNlwq68HrIZ++Zg6HWOb4SMkSBpoV35TcABG3PucEWhDkIpJOiLYhfrPlmM/PavG3HEHaT/ouC2FC6WF1aPoO20dnMr/abxfTJp74zz+v8EvJ3UIuGIDap/FIKkVjcqDhpUe3WfdsaZNoNMOsu7Ctr/W1agnX2U/5DcTV7reUU= ceph-7eb047ca-0433-11ef-bc93-c7b262605968
2024-04-27T01:16:23.617 DEBUG:teuthology.orchestra.run.smithi110:> sudo /home/ubuntu/cephtest/cephadm --image quay.io/ceph/ceph:v18.2.1 shell -c /etc/ceph/ceph.conf -k /etc/ceph/ceph.client.admin.keyring --fsid 7eb047ca-0433-11ef-bc93-c7b262605968 -- ceph config set mgr mgr/cephadm/allow_ptrace true
2024-04-27T01:16:23.834 INFO:teuthology.orchestra.run.smithi110.stderr:Inferring config /var/lib/ceph/7eb047ca-0433-11ef-bc93-c7b262605968/mon.smithi110/config
2024-04-27T01:16:23.906 INFO:journalctl@ceph.mon.smithi110.smithi110.stdout:Apr 27 01:16:23 smithi110 ceph-mon[26395]: from='client.? 172.21.15.110:0/4204090512' entity='client.admin'
2024-04-27T01:16:25.948 INFO:teuthology.orchestra.run.smithi110.stderr:2024-04-27T01:16:25.958+0000 7f7315355700 1 -- 172.21.15.110:0/3671546199 >> [v2:172.21.15.110:3300/0,v1:172.21.15.110:6789/0] conn(0x7f7310101e80 msgr2=0x7f73101022a0 secure :-1 s=STATE_CONNECTION_ESTABLISHED l=1).mark_down
2024-04-27T01:16:25.948 INFO:teuthology.orchestra.run.smithi110.stderr:2024-04-27T01:16:25.958+0000 7f7315355700 1 --2- 172.21.15.110:0/3671546199 >> [v2:172.21.15.110:3300/0,v1:172.21.15.110:6789/0] conn(0x7f7310101e80 0x7f73101022a0 secure :-1 s=READY pgs=92 cs=0 l=1 rev1=1 crypto rx=0x7f7300009910 tx=0x7f7300009c20 comp rx=0 tx=0).stop
2024-04-27T01:16:25.948 INFO:teuthology.orchestra.run.smithi110.stderr:2024-04-27T01:16:25.958+0000 7f7315355700 1 -- 172.21.15.110:0/3671546199 shutdown_connections
2024-04-27T01:16:25.948 INFO:teuthology.orchestra.run.smithi110.stderr:2024-04-27T01:16:25.958+0000 7f7315355700 1 --2- 172.21.15.110:0/3671546199 >> [v2:172.21.15.110:3300/0,v1:172.21.15.110:6789/0] conn(0x7f7310101e80 0x7f73101022a0 unknown :-1 s=CLOSED pgs=92 cs=0 l=1 rev1=1 crypto rx=0 tx=0 comp rx=0 tx=0).stop
2024-04-27T01:16:25.948 INFO:teuthology.orchestra.run.smithi110.stderr:2024-04-27T01:16:25.958+0000 7f7315355700 1 -- 172.21.15.110:0/3671546199 >> 172.21.15.110:0/3671546199 conn(0x7f73100fa4a0 msgr2=0x7f73100fc900 unknown :-1 s=STATE_NONE l=0).mark_down
2024-04-27T01:16:25.948 INFO:teuthology.orchestra.run.smithi110.stderr:2024-04-27T01:16:25.958+0000 7f7315355700 1 -- 172.21.15.110:0/3671546199 shutdown_connections
2024-04-27T01:16:25.948 INFO:teuthology.orchestra.run.smithi110.stderr:2024-04-27T01:16:25.958+0000 7f7315355700 1 -- 172.21.15.110:0/3671546199 wait complete.
2024-04-27T01:16:25.948 INFO:teuthology.orchestra.run.smithi110.stderr:2024-04-27T01:16:25.959+0000 7f7315355700 1 Processor -- start
2024-04-27T01:16:25.948 INFO:teuthology.orchestra.run.smithi110.stderr:2024-04-27T01:16:25.959+0000 7f7315355700 1 -- start start
2024-04-27T01:16:25.949 INFO:teuthology.orchestra.run.smithi110.stderr:2024-04-27T01:16:25.959+0000 7f7315355700 1 --2- >> [v2:172.21.15.110:3300/0,v1:172.21.15.110:6789/0] conn(0x7f7310101e80 0x7f7310101580 unknown :-1 s=NONE pgs=0 cs=0 l=1 rev1=0 crypto rx=0 tx=0 comp rx=0 tx=0).connect
2024-04-27T01:16:25.949 INFO:teuthology.orchestra.run.smithi110.stderr:2024-04-27T01:16:25.959+0000 7f7315355700 1 -- --> [v2:172.21.15.110:3300/0,v1:172.21.15.110:6789/0] -- mon_getmap magic: 0 v1 -- 0x7f7310101ac0 con 0x7f7310101e80
2024-04-27T01:16:25.949 INFO:teuthology.orchestra.run.smithi110.stderr:2024-04-27T01:16:25.959+0000 7f730effd700 1 --2- >> [v2:172.21.15.110:3300/0,v1:172.21.15.110:6789/0] conn(0x7f7310101e80 0x7f7310101580 unknown :-1 s=BANNER_CONNECTING pgs=0 cs=0 l=1 rev1=0 crypto rx=0 tx=0 comp rx=0 tx=0)._handle_peer_banner_payload supported=3 required=0
2024-04-27T01:16:25.949 INFO:teuthology.orchestra.run.smithi110.stderr:2024-04-27T01:16:25.959+0000 7f730effd700 1 --2- >> [v2:172.21.15.110:3300/0,v1:172.21.15.110:6789/0] conn(0x7f7310101e80 0x7f7310101580 unknown :-1 s=HELLO_CONNECTING pgs=0 cs=0 l=1 rev1=1 crypto rx=0 tx=0 comp rx=0 tx=0).handle_hello peer v2:172.21.15.110:3300/0 says I am v2:172.21.15.110:48704/0 (socket says 172.21.15.110:48704)
2024-04-27T01:16:25.949 INFO:teuthology.orchestra.run.smithi110.stderr:2024-04-27T01:16:25.959+0000 7f730effd700 1 -- 172.21.15.110:0/1250008831 learned_addr learned my addr 172.21.15.110:0/1250008831 (peer_addr_for_me v2:172.21.15.110:0/0)
2024-04-27T01:16:25.949 INFO:teuthology.orchestra.run.smithi110.stderr:2024-04-27T01:16:25.959+0000 7f730effd700 1 -- 172.21.15.110:0/1250008831 --> [v2:172.21.15.110:3300/0,v1:172.21.15.110:6789/0] -- mon_subscribe({config=0+,monmap=0+}) v3 -- 0x7f73000095f0 con 0x7f7310101e80
2024-04-27T01:16:25.949 INFO:teuthology.orchestra.run.smithi110.stderr:2024-04-27T01:16:25.959+0000 7f730effd700 1 --2- 172.21.15.110:0/1250008831 >> [v2:172.21.15.110:3300/0,v1:172.21.15.110:6789/0] conn(0x7f7310101e80 0x7f7310101580 secure :-1 s=READY pgs=93 cs=0 l=1 rev1=1 crypto rx=0x7f7300005950 tx=0x7f7300009e60 comp rx=0 tx=0).ready entity=mon.0 client_cookie=0 server_cookie=0 in_seq=0 out_seq=0
2024-04-27T01:16:25.949 INFO:teuthology.orchestra.run.smithi110.stderr:2024-04-27T01:16:25.960+0000 7f72f7fff700 1 -- 172.21.15.110:0/1250008831 <== mon.0 v2:172.21.15.110:3300/0 1 ==== mon_map magic: 0 v1 ==== 229+0+0 (secure 0 0 0) 0x7f730001d070 con 0x7f7310101e80
2024-04-27T01:16:25.949 INFO:teuthology.orchestra.run.smithi110.stderr:2024-04-27T01:16:25.960+0000 7f72f7fff700 1 -- 172.21.15.110:0/1250008831 <== mon.0 v2:172.21.15.110:3300/0 2 ==== config(27 keys) v1 ==== 1101+0+0 (secure 0 0 0) 0x7f730000be10 con 0x7f7310101e80
2024-04-27T01:16:25.949 INFO:teuthology.orchestra.run.smithi110.stderr:2024-04-27T01:16:25.960+0000 7f7315355700 1 -- 172.21.15.110:0/1250008831 --> [v2:172.21.15.110:3300/0,v1:172.21.15.110:6789/0] -- mon_subscribe({mgrmap=0+}) v3 -- 0x7f73100ffbd0 con 0x7f7310101e80
2024-04-27T01:16:25.949 INFO:teuthology.orchestra.run.smithi110.stderr:2024-04-27T01:16:25.960+0000 7f72f7fff700 1 -- 172.21.15.110:0/1250008831 <== mon.0 v2:172.21.15.110:3300/0 3 ==== mon_map magic: 0 v1 ==== 229+0+0 (secure 0 0 0) 0x7f7300022ea0 con 0x7f7310101e80
2024-04-27T01:16:25.949 INFO:teuthology.orchestra.run.smithi110.stderr:2024-04-27T01:16:25.960+0000 7f7315355700 1 -- 172.21.15.110:0/1250008831 --> [v2:172.21.15.110:3300/0,v1:172.21.15.110:6789/0] -- mon_subscribe({osdmap=0}) v3 -- 0x7f7310100070 con 0x7f7310101e80
2024-04-27T01:16:25.950 INFO:teuthology.orchestra.run.smithi110.stderr:2024-04-27T01:16:25.960+0000 7f72f7fff700 1 -- 172.21.15.110:0/1250008831 <== mon.0 v2:172.21.15.110:3300/0 4 ==== mgrmap(e 13) v1 ==== 45340+0+0 (secure 0 0 0) 0x7f730000f540 con 0x7f7310101e80
2024-04-27T01:16:25.950 INFO:teuthology.orchestra.run.smithi110.stderr:2024-04-27T01:16:25.961+0000 7f72f7fff700 1 --2- 172.21.15.110:0/1250008831 >> [v2:172.21.15.110:6800/1613788335,v1:172.21.15.110:6801/1613788335] conn(0x7f72f8038370 0x7f72f803a830 unknown :-1 s=NONE pgs=0 cs=0 l=1 rev1=0 crypto rx=0 tx=0 comp rx=0 tx=0).connect
2024-04-27T01:16:25.950 INFO:teuthology.orchestra.run.smithi110.stderr:2024-04-27T01:16:25.961+0000 7f72f7fff700 1 -- 172.21.15.110:0/1250008831 <== mon.0 v2:172.21.15.110:3300/0 5 ==== osd_map(3..3 src has 1..3) v4 ==== 1155+0+0 (secure 0 0 0) 0x7f730004c2e0 con 0x7f7310101e80
2024-04-27T01:16:25.950 INFO:teuthology.orchestra.run.smithi110.stderr:2024-04-27T01:16:25.961+0000 7f7315355700 1 -- 172.21.15.110:0/1250008831 --> [v2:172.21.15.110:3300/0,v1:172.21.15.110:6789/0] -- mon_command({"prefix": "get_command_descriptions"} v 0) v1 -- 0x7f73100623c0 con 0x7f7310101e80
2024-04-27T01:16:25.951 INFO:teuthology.orchestra.run.smithi110.stderr:2024-04-27T01:16:25.961+0000 7f730e7fc700 1 --2- 172.21.15.110:0/1250008831 >> [v2:172.21.15.110:6800/1613788335,v1:172.21.15.110:6801/1613788335] conn(0x7f72f8038370 0x7f72f803a830 unknown :-1 s=BANNER_CONNECTING pgs=0 cs=0 l=1 rev1=0 crypto rx=0 tx=0 comp rx=0 tx=0)._handle_peer_banner_payload supported=3 required=0
2024-04-27T01:16:25.951 INFO:teuthology.orchestra.run.smithi110.stderr:2024-04-27T01:16:25.961+0000 7f730e7fc700 1 --2- 172.21.15.110:0/1250008831 >> [v2:172.21.15.110:6800/1613788335,v1:172.21.15.110:6801/1613788335] conn(0x7f72f8038370 0x7f72f803a830 secure :-1 s=READY pgs=12 cs=0 l=1 rev1=1 crypto rx=0x7f7304006fd0 tx=0x7f7304006e40 comp rx=0 tx=0).ready entity=mgr.14164 client_cookie=0 server_cookie=0 in_seq=0 out_seq=0
2024-04-27T01:16:25.953 INFO:teuthology.orchestra.run.smithi110.stderr:2024-04-27T01:16:25.966+0000 7f72f7fff700 1 -- 172.21.15.110:0/1250008831 <== mon.0 v2:172.21.15.110:3300/0 6 ==== mon_command_ack([{"prefix": "get_command_descriptions"}]=0 v0) v1 ==== 72+0+180422 (secure 0 0 0) 0x7f7300027070 con 0x7f7310101e80
2024-04-27T01:16:26.143 INFO:teuthology.orchestra.run.smithi110.stderr:2024-04-27T01:16:26.155+0000 7f7315355700 1 -- 172.21.15.110:0/1250008831 --> [v2:172.21.15.110:3300/0,v1:172.21.15.110:6789/0] -- mon_command([{prefix=config set, name=mgr/cephadm/allow_ptrace}] v 0) v1 -- 0x7f731018f270 con 0x7f7310101e80
2024-04-27T01:16:26.146 INFO:teuthology.orchestra.run.smithi110.stderr:2024-04-27T01:16:26.158+0000 7f72f7fff700 1 -- 172.21.15.110:0/1250008831 <== mon.0 v2:172.21.15.110:3300/0 7 ==== mon_command_ack([{prefix=config set, name=mgr/cephadm/allow_ptrace}]=0 v9)=0 v9) v1 ==== 125+0+0 (secure 0 0 0) 0x7f730002a950 con 0x7f7310101e80
2024-04-27T01:16:26.149 INFO:teuthology.orchestra.run.smithi110.stderr:2024-04-27T01:16:26.161+0000 7f7315355700 1 -- 172.21.15.110:0/1250008831 >> [v2:172.21.15.110:6800/1613788335,v1:172.21.15.110:6801/1613788335] conn(0x7f72f8038370 msgr2=0x7f72f803a830 secure :-1 s=STATE_CONNECTION_ESTABLISHED l=1).mark_down
2024-04-27T01:16:26.149 INFO:teuthology.orchestra.run.smithi110.stderr:2024-04-27T01:16:26.161+0000 7f7315355700 1 --2- 172.21.15.110:0/1250008831 >> [v2:172.21.15.110:6800/1613788335,v1:172.21.15.110:6801/1613788335] conn(0x7f72f8038370 0x7f72f803a830 secure :-1 s=READY pgs=12 cs=0 l=1 rev1=1 crypto rx=0x7f7304006fd0 tx=0x7f7304006e40 comp rx=0 tx=0).stop
2024-04-27T01:16:26.149 INFO:teuthology.orchestra.run.smithi110.stderr:2024-04-27T01:16:26.161+0000 7f7315355700 1 -- 172.21.15.110:0/1250008831 >> [v2:172.21.15.110:3300/0,v1:172.21.15.110:6789/0] conn(0x7f7310101e80 msgr2=0x7f7310101580 secure :-1 s=STATE_CONNECTION_ESTABLISHED l=1).mark_down
2024-04-27T01:16:26.149 INFO:teuthology.orchestra.run.smithi110.stderr:2024-04-27T01:16:26.161+0000 7f7315355700 1 --2- 172.21.15.110:0/1250008831 >> [v2:172.21.15.110:3300/0,v1:172.21.15.110:6789/0] conn(0x7f7310101e80 0x7f7310101580 secure :-1 s=READY pgs=93 cs=0 l=1 rev1=1 crypto rx=0x7f7300005950 tx=0x7f7300009e60 comp rx=0 tx=0).stop
2024-04-27T01:16:26.149 INFO:teuthology.orchestra.run.smithi110.stderr:2024-04-27T01:16:26.161+0000 7f7315355700 1 -- 172.21.15.110:0/1250008831 shutdown_connections
2024-04-27T01:16:26.150 INFO:teuthology.orchestra.run.smithi110.stderr:2024-04-27T01:16:26.161+0000 7f7315355700 1 --2- 172.21.15.110:0/1250008831 >> [v2:172.21.15.110:6800/1613788335,v1:172.21.15.110:6801/1613788335] conn(0x7f72f8038370 0x7f72f803a830 unknown :-1 s=CLOSED pgs=12 cs=0 l=1 rev1=1 crypto rx=0 tx=0 comp rx=0 tx=0).stop
2024-04-27T01:16:26.150 INFO:teuthology.orchestra.run.smithi110.stderr:2024-04-27T01:16:26.161+0000 7f7315355700 1 --2- 172.21.15.110:0/1250008831 >> [v2:172.21.15.110:3300/0,v1:172.21.15.110:6789/0] conn(0x7f7310101e80 0x7f7310101580 unknown :-1 s=CLOSED pgs=93 cs=0 l=1 rev1=1 crypto rx=0 tx=0 comp rx=0 tx=0).stop
