2024-04-27T01:57:49.776+0000 7f70dfc5e700 1 -- 172.21.15.29:0/1769910878 --> [v2:172.21.15.29:3300/0,v1:172.21.15.29:6789/0] -- mon_command({"prefix": "get_command_descriptions"} v 0) v1 -- 0x7f70d8062380 con 0x7f70d8105b10
2024-04-27T01:57:51.468 INFO:teuthology.orchestra.run.smithi029.stdout:/usr/bin/ceph: stderr
2024-04-27T01:57:49.776+0000 7f70caffd700 1 --2- 172.21.15.29:0/1769910878 >> [v2:172.21.15.29:6800/3873642219,v1:172.21.15.29:6801/3873642219] conn(0x7f70c4038440 0x7f70c403a8f0 unknown :-1 s=NONE pgs=0 cs=0 l=1 rev1=0 crypto rx=0 tx=0 comp rx=0 tx=0).connect
2024-04-27T01:57:51.468 INFO:teuthology.orchestra.run.smithi029.stdout:/usr/bin/ceph: stderr
2024-04-27T01:57:49.776+0000 7f70caffd700 1 -- 172.21.15.29:0/1769910878 <== mon.0 v2:172.21.15.29:3300/0 5 ==== osd_map(2..2 src has 1..2) v4 ==== 940+0+0 (secure 0 0 0) 0x7f70d404c140 con 0x7f70d8105b10
2024-04-27T01:57:51.468 INFO:teuthology.orchestra.run.smithi029.stdout:/usr/bin/ceph: stderr
2024-04-27T01:57:49.776+0000 7f70dd1f9700 1 --2- 172.21.15.29:0/1769910878 >> [v2:172.21.15.29:6800/3873642219,v1:172.21.15.29:6801/3873642219] conn(0x7f70c4038440 0x7f70c403a8f0 unknown :-1 s=BANNER_CONNECTING pgs=0 cs=0 l=1 rev1=0 crypto rx=0 tx=0 comp rx=0 tx=0)._handle_peer_banner_payload supported=3 required=0
2024-04-27T01:57:51.468 INFO:teuthology.orchestra.run.smithi029.stdout:/usr/bin/ceph: stderr
2024-04-27T01:57:49.777+0000 7f70dd1f9700 1 --2- 172.21.15.29:0/1769910878 >> [v2:172.21.15.29:6800/3873642219,v1:172.21.15.29:6801/3873642219] conn(0x7f70c4038440 0x7f70c403a8f0 secure :-1 s=READY pgs=22 cs=0 l=1 rev1=1 crypto rx=0x7f70cc006fd0 tx=0x7f70cc006e40 comp rx=0 tx=0).ready entity=mgr.14120 client_cookie=0 server_cookie=0 in_seq=0 out_seq=0
2024-04-27T01:57:51.469 INFO:teuthology.orchestra.run.smithi029.stdout:/usr/bin/ceph: stderr
2024-04-27T01:57:49.781+0000 7f70caffd700 1 -- 172.21.15.29:0/1769910878 <== mon.0 v2:172.21.15.29:3300/0 6 ==== mon_command_ack([{"prefix": "get_command_descriptions"}]=0 v0) v1 ==== 72+0+177933 (secure 0 0 0) 0x7f70d4018b00 con 0x7f70d8105b10
2024-04-27T01:57:51.469 INFO:teuthology.orchestra.run.smithi029.stdout:/usr/bin/ceph: stderr
2024-04-27T01:57:50.039+0000 7f70dfc5e700 1 -- 172.21.15.29:0/1769910878 --> [v2:172.21.15.29:3300/0,v1:172.21.15.29:6789/0] -- mon_command({"prefix": "mgr module enable", "module": "dashboard"} v 0) v1 -- 0x7f70d819d590 con 0x7f70d8105b10
2024-04-27T01:57:51.469 INFO:teuthology.orchestra.run.smithi029.stdout:/usr/bin/ceph: stderr
2024-04-27T01:57:50.785+0000 7f70caffd700 1 -- 172.21.15.29:0/1769910878 <== mon.0 v2:172.21.15.29:3300/0 7 ==== mgrmap(e 9) v1 ==== 45097+0+0 (secure 0 0 0) 0x7f70d4019b00 con 0x7f70d8105b10
2024-04-27T01:57:51.469 INFO:teuthology.orchestra.run.smithi029.stdout:/usr/bin/ceph: stderr
2024-04-27T01:57:50.787+0000 7f70caffd700 1 -- 172.21.15.29:0/1769910878 <== mon.0 v2:172.21.15.29:3300/0 8 ==== mon_command_ack([{"prefix": "mgr module enable", "module": "dashboard"}]=0 v9) v1 ==== 88+0+0 (secure 0 0 0) 0x7f70d401ad10 con 0x7f70d8105b10
2024-04-27T01:57:51.469 INFO:teuthology.orchestra.run.smithi029.stdout:/usr/bin/ceph: stderr
2024-04-27T01:57:50.791+0000 7f70dfc5e700 1 -- 172.21.15.29:0/1769910878 >> [v2:172.21.15.29:6800/3873642219,v1:172.21.15.29:6801/3873642219] conn(0x7f70c4038440 msgr2=0x7f70c403a8f0 secure :-1 s=STATE_CONNECTION_ESTABLISHED l=1).mark_down
2024-04-27T01:57:51.469 INFO:teuthology.orchestra.run.smithi029.stdout:/usr/bin/ceph: stderr
2024-04-27T01:57:50.791+0000 7f70dfc5e700 1 --2- 172.21.15.29:0/1769910878 >> [v2:172.21.15.29:6800/3873642219,v1:172.21.15.29:6801/3873642219] conn(0x7f70c4038440 0x7f70c403a8f0 secure :-1 s=READY pgs=22 cs=0 l=1 rev1=1 crypto rx=0x7f70cc006fd0 tx=0x7f70cc006e40 comp rx=0 tx=0).stop
2024-04-27T01:57:51.469 INFO:teuthology.orchestra.run.smithi029.stdout:/usr/bin/ceph: stderr
2024-04-27T01:57:50.791+0000 7f70dfc5e700 1 -- 172.21.15.29:0/1769910878 >> [v2:172.21.15.29:3300/0,v1:172.21.15.29:6789/0] conn(0x7f70d8105b10 msgr2=0x7f70d8199890 secure :-1 s=STATE_CONNECTION_ESTABLISHED l=1).mark_down
2024-04-27T01:57:51.469 INFO:teuthology.orchestra.run.smithi029.stdout:/usr/bin/ceph: stderr
2024-04-27T01:57:50.791+0000 7f70dfc5e700 1 --2- 172.21.15.29:0/1769910878 >> [v2:172.21.15.29:3300/0,v1:172.21.15.29:6789/0] conn(0x7f70d8105b10 0x7f70d8199890 secure :-1 s=READY pgs=68 cs=0 l=1 rev1=1 crypto rx=0x7f70d4011ad0 tx=0x7f70d4011bb0 comp rx=0 tx=0).stop
2024-04-27T01:57:51.469 INFO:teuthology.orchestra.run.smithi029.stdout:/usr/bin/ceph: stderr
2024-04-27T01:57:50.791+0000 7f70dfc5e700 1 -- 172.21.15.29:0/1769910878 shutdown_connections
2024-04-27T01:57:51.469 INFO:teuthology.orchestra.run.smithi029.stdout:/usr/bin/ceph: stderr
2024-04-27T01:57:50.791+0000 7f70dfc5e700 1 --2- 172.21.15.29:0/1769910878 >> [v2:172.21.15.29:6800/3873642219,v1:172.21.15.29:6801/3873642219] conn(0x7f70c4038440 0x7f70c403a8f0 unknown :-1 s=CLOSED pgs=22 cs=0 l=1 rev1=1 crypto rx=0 tx=0 comp rx=0 tx=0).stop
2024-04-27T01:57:51.469 INFO:teuthology.orchestra.run.smithi029.stdout:/usr/bin/ceph: stderr
2024-04-27T01:57:50.791+0000 7f70dfc5e700 1 --2- 172.21.15.29:0/1769910878 >> [v2:172.21.15.29:3300/0,v1:172.21.15.29:6789/0] conn(0x7f70d8105b10 0x7f70d8199890 unknown :-1 s=CLOSED pgs=68 cs=0 l=1 rev1=1 crypto rx=0 tx=0 comp rx=0 tx=0).stop
2024-04-27T01:57:51.469 INFO:teuthology.orchestra.run.smithi029.stdout:/usr/bin/ceph: stderr
2024-04-27T01:57:50.791+0000 7f70dfc5e700 1 -- 172.21.15.29:0/1769910878 >> 172.21.15.29:0/1769910878 conn(0x7f70d8101180 msgr2=0x7f70d8101f10 unknown :-1 s=STATE_NONE l=0).mark_down
2024-04-27T01:57:51.469 INFO:teuthology.orchestra.run.smithi029.stdout:/usr/bin/ceph: stderr
2024-04-27T01:57:50.791+0000 7f70dfc5e700 1 -- 172.21.15.29:0/1769910878 shutdown_connections
2024-04-27T01:57:51.469 INFO:teuthology.orchestra.run.smithi029.stdout:/usr/bin/ceph: stderr
2024-04-27T01:57:50.791+0000 7f70dfc5e700 1 -- 172.21.15.29:0/1769910878 wait complete.
2024-04-27T01:57:52.097 INFO:journalctl@ceph.mon.smithi029.smithi029.stdout:Apr 27 01:57:51 smithi029 ceph-mon[26769]: from='client.? 172.21.15.29:0/1769910878' entity='client.admin' cmd='[{"prefix": "mgr module enable", "module": "dashboard"}]': finished
2024-04-27T01:57:52.098 INFO:journalctl@ceph.mon.smithi029.smithi029.stdout:Apr 27 01:57:51 smithi029 ceph-mon[26769]: mgrmap e9: smithi029.ewvdzs(active, since 27s)
2024-04-27T01:57:52.804 INFO:journalctl@ceph.mon.smithi029.smithi029.stdout:Apr 27 01:57:52 smithi029 ceph-mon[26769]: from='client.? 172.21.15.29:0/516589786' entity='client.admin' cmd=[{"prefix": "mgr stat"}]: dispatch
2024-04-27T01:57:52.813 INFO:teuthology.orchestra.run.smithi029.stdout:/usr/bin/ceph: stdout {
2024-04-27T01:57:52.814 INFO:teuthology.orchestra.run.smithi029.stdout:/usr/bin/ceph: stdout "epoch": 9,
2024-04-27T01:57:52.814 INFO:teuthology.orchestra.run.smithi029.stdout:/usr/bin/ceph: stdout "available": true,
2024-04-27T01:57:52.814 INFO:teuthology.orchestra.run.smithi029.stdout:/usr/bin/ceph: stdout "active_name": "smithi029.ewvdzs",
2024-04-27T01:57:52.814 INFO:teuthology.orchestra.run.smithi029.stdout:/usr/bin/ceph: stdout "num_standby": 0
2024-04-27T01:57:52.814 INFO:teuthology.orchestra.run.smithi029.stdout:/usr/bin/ceph: stdout }
2024-04-27T01:57:52.814 INFO:teuthology.orchestra.run.smithi029.stdout:/usr/bin/ceph: stderr
2024-04-27T01:57:51.910+0000 7f23f30a1700 1 Processor -- start
2024-04-27T01:57:52.814 INFO:teuthology.orchestra.run.smithi029.stdout:/usr/bin/ceph: stderr
2024-04-27T01:57:51.910+0000 7f23f30a1700 1 -- start start
2024-04-27T01:57:52.814 INFO:teuthology.orchestra.run.smithi029.stdout:/usr/bin/ceph: stderr
2024-04-27T01:57:51.910+0000 7f23f30a1700 1 --2- >> [v2:172.21.15.29:3300/0,v1:172.21.15.29:6789/0] conn(0x7f23ec1049f0 0x7f23ec104e00 unknown :-1 s=NONE pgs=0 cs=0 l=0 rev1=0 crypto rx=0 tx=0 comp rx=0 tx=0).connect
2024-04-27T01:57:52.814 INFO:teuthology.orchestra.run.smithi029.stdout:/usr/bin/ceph: stderr
2024-04-27T01:57:51.910+0000 7f23f30a1700 1 -- --> [v2:172.21.15.29:3300/0,v1:172.21.15.29:6789/0] -- mon_getmap magic: 0 v1 -- 0x7f23ec105340 con 0x7f23ec1049f0
2024-04-27T01:57:52.814 INFO:teuthology.orchestra.run.smithi029.stdout:/usr/bin/ceph: stderr
2024-04-27T01:57:51.911+0000 7f23f0e3d700 1 --2- >> [v2:172.21.15.29:3300/0,v1:172.21.15.29:6789/0] conn(0x7f23ec1049f0 0x7f23ec104e00 unknown :-1 s=BANNER_CONNECTING pgs=0 cs=0 l=0 rev1=0 crypto rx=0 tx=0 comp rx=0 tx=0)._handle_peer_banner_payload supported=3 required=0
2024-04-27T01:57:52.814 INFO:teuthology.orchestra.run.smithi029.stdout:/usr/bin/ceph: stderr
2024-04-27T01:57:51.911+0000 7f23f0e3d700 1 --2- >> [v2:172.21.15.29:3300/0,v1:172.21.15.29:6789/0] conn(0x7f23ec1049f0 0x7f23ec104e00 unknown :-1 s=HELLO_CONNECTING pgs=0 cs=0 l=0 rev1=1 crypto rx=0 tx=0 comp rx=0 tx=0).handle_hello peer v2:172.21.15.29:3300/0 says I am v2:172.21.15.29:36852/0 (socket says 172.21.15.29:36852)
2024-04-27T01:57:52.815 INFO:teuthology.orchestra.run.smithi029.stdout:/usr/bin/ceph: stderr
2024-04-27T01:57:51.911+0000 7f23f0e3d700 1 -- 172.21.15.29:0/3595743797 learned_addr learned my addr 172.21.15.29:0/3595743797 (peer_addr_for_me v2:172.21.15.29:0/0)
2024-04-27T01:57:52.815 INFO:teuthology.orchestra.run.smithi029.stdout:/usr/bin/ceph: stderr
2024-04-27T01:57:51.911+0000 7f23f0e3d700 1 -- 172.21.15.29:0/3595743797 --> [v2:172.21.15.29:3300/0,v1:172.21.15.29:6789/0] -- mon_subscribe({config=0+,monmap=0+}) v3 -- 0x7f23ec105480 con 0x7f23ec1049f0
2024-04-27T01:57:52.815 INFO:teuthology.orchestra.run.smithi029.stdout:/usr/bin/ceph: stderr
2024-04-27T01:57:51.911+0000 7f23f0e3d700 1 --2- 172.21.15.29:0/3595743797 >> [v2:172.21.15.29:3300/0,v1:172.21.15.29:6789/0] conn(0x7f23ec1049f0 0x7f23ec104e00 secure :-1 s=READY pgs=71 cs=0 l=1 rev1=1 crypto rx=0x7f23e00098a0 tx=0x7f23e0009bb0 comp rx=0 tx=0).ready entity=mon.0 client_cookie=65cb0f67d5961b13 server_cookie=0 in_seq=0 out_seq=0
2024-04-27T01:57:52.815 INFO:teuthology.orchestra.run.smithi029.stdout:/usr/bin/ceph: stderr
2024-04-27T01:57:51.911+0000 7f23eb7fe700 1 -- 172.21.15.29:0/3595743797 <== mon.0 v2:172.21.15.29:3300/0 1 ==== mon_map magic: 0 v1 ==== 229+0+0 (secure 0 0 0) 0x7f23e0004180 con 0x7f23ec1049f0
2024-04-27T01:57:52.815 INFO:teuthology.orchestra.run.smithi029.stdout:/usr/bin/ceph: stderr
2024-04-27T01:57:51.911+0000 7f23eb7fe700 1 -- 172.21.15.29:0/3595743797 <== mon.0 v2:172.21.15.29:3300/0 2 ==== config(27 keys) v1 ==== 1101+0+0 (secure 0 0 0) 0x7f23e00042e0 con 0x7f23ec1049f0
2024-04-27T01:57:52.815 INFO:teuthology.orchestra.run.smithi029.stdout:/usr/bin/ceph: stderr
2024-04-27T01:57:51.912+0000 7f23eb7fe700 1 -- 172.21.15.29:0/3595743797 <== mon.0 v2:172.21.15.29:3300/0 3 ==== mon_map magic: 0 v1 ==== 229+0+0 (secure 0 0 0) 0x7f23e0011af0 con 0x7f23ec1049f0
2024-04-27T01:57:52.815 INFO:teuthology.orchestra.run.smithi029.stdout:/usr/bin/ceph: stderr
2024-04-27T01:57:51.912+0000 7f23f30a1700 1 -- 172.21.15.29:0/3595743797 >> [v2:172.21.15.29:3300/0,v1:172.21.15.29:6789/0] conn(0x7f23ec1049f0 msgr2=0x7f23ec104e00 secure :-1 s=STATE_CONNECTION_ESTABLISHED l=1).mark_down
2024-04-27T01:57:52.815 INFO:teuthology.orchestra.run.smithi029.stdout:/usr/bin/ceph: stderr
2024-04-27T01:57:51.912+0000 7f23f30a1700 1 --2- 172.21.15.29:0/3595743797 >> [v2:172.21.15.29:3300/0,v1:172.21.15.29:6789/0] conn(0x7f23ec1049f0 0x7f23ec104e00 secure :-1 s=READY pgs=71 cs=0 l=1 rev1=1 crypto rx=0x7f23e00098a0 tx=0x7f23e0009bb0 comp rx=0 tx=0).stop
2024-04-27T01:57:52.815 INFO:teuthology.orchestra.run.smithi029.stdout:/usr/bin/ceph: stderr
2024-04-27T01:57:51.912+0000 7f23f30a1700 1 -- 172.21.15.29:0/3595743797 shutdown_connections
2024-04-27T01:57:52.815 INFO:teuthology.orchestra.run.smithi029.stdout:/usr/bin/ceph: stderr
2024-04-27T01:57:51.912+0000 7f23f30a1700 1 --2- 172.21.15.29:0/3595743797 >> [v2:172.21.15.29:3300/0,v1:172.21.15.29:6789/0] conn(0x7f23ec1049f0 0x7f23ec104e00 unknown :-1 s=CLOSED pgs=71 cs=0 l=1 rev1=1 crypto rx=0 tx=0 comp rx=0 tx=0).stop
2024-04-27T01:57:52.815 INFO:teuthology.orchestra.run.smithi029.stdout:/usr/bin/ceph: stderr
2024-04-27T01:57:51.912+0000 7f23f30a1700 1 -- 172.21.15.29:0/3595743797 >> 172.21.15.29:0/3595743797 conn(0x7f23ec100080 msgr2=0x7f23ec102490 unknown :-1 s=STATE_NONE l=0).mark_down
2024-04-27T01:57:52.815 INFO:teuthology.orchestra.run.smithi029.stdout:/usr/bin/ceph: stderr
2024-04-27T01:57:51.912+0000 7f23f30a1700 1 -- 172.21.15.29:0/3595743797 shutdown_connections
2024-04-27T01:57:52.815 INFO:teuthology.orchestra.run.smithi029.stdout:/usr/bin/ceph: stderr
2024-04-27T01:57:51.912+0000 7f23f30a1700 1 -- 172.21.15.29:0/3595743797 wait complete.
2024-04-27T01:57:52.816 INFO:teuthology.orchestra.run.smithi029.stdout:/usr/bin/ceph: stderr
2024-04-27T01:57:51.913+0000 7f23f30a1700 1 Processor -- start
2024-04-27T01:57:52.816 INFO:teuthology.orchestra.run.smithi029.stdout:/usr/bin/ceph: stderr
2024-04-27T01:57:51.913+0000 7f23f30a1700 1 -- start start
2024-04-27T01:57:52.816 INFO:teuthology.orchestra.run.smithi029.stdout:/usr/bin/ceph: stderr
2024-04-27T01:57:51.913+0000 7f23f30a1700 1 --2- >> [v2:172.21.15.29:3300/0,v1:172.21.15.29:6789/0] conn(0x7f23ec1049f0 0x7f23ec18fbd0 unknown :-1 s=NONE pgs=0 cs=0 l=1 rev1=0 crypto rx=0 tx=0 comp rx=0 tx=0).connect
2024-04-27T01:57:52.816 INFO:teuthology.orchestra.run.smithi029.stdout:/usr/bin/ceph: stderr
2024-04-27T01:57:51.913+0000 7f23f30a1700 1 -- --> [v2:172.21.15.29:3300/0,v1:172.21.15.29:6789/0] -- mon_getmap magic: 0 v1 -- 0x7f23ec190110 con 0x7f23ec1049f0
2024-04-27T01:57:52.816 INFO:teuthology.orchestra.run.smithi029.stdout:/usr/bin/ceph: stderr
2024-04-27T01:57:51.913+0000 7f23f0e3d700 1 --2- >> [v2:172.21.15.29:3300/0,v1:172.21.15.29:6789/0] conn(0x7f23ec1049f0 0x7f23ec18fbd0 unknown :-1 s=BANNER_CONNECTING pgs=0 cs=0 l=1 rev1=0 crypto rx=0 tx=0 comp rx=0 tx=0)._handle_peer_banner_payload supported=3 required=0
2024-04-27T01:57:52.816 INFO:teuthology.orchestra.run.smithi029.stdout:/usr/bin/ceph: stderr
2024-04-27T01:57:51.913+0000 7f23f0e3d700 1 --2- >> [v2:172.21.15.29:3300/0,v1:172.21.15.29:6789/0] conn(0x7f23ec1049f0 0x7f23ec18fbd0 unknown :-1 s=HELLO_CONNECTING pgs=0 cs=0 l=1 rev1=1 crypto rx=0 tx=0 comp rx=0 tx=0).handle_hello peer v2:172.21.15.29:3300/0 says I am v2:172.21.15.29:36856/0 (socket says 172.21.15.29:36856)
2024-04-27T01:57:52.816 INFO:teuthology.orchestra.run.smithi029.stdout:/usr/bin/ceph: stderr
2024-04-27T01:57:51.913+0000 7f23f0e3d700 1 -- 172.21.15.29:0/516589786 learned_addr learned my addr 172.21.15.29:0/516589786 (peer_addr_for_me v2:172.21.15.29:0/0)
2024-04-27T01:57:52.816 INFO:teuthology.orchestra.run.smithi029.stdout:/usr/bin/ceph: stderr
2024-04-27T01:57:51.914+0000 7f23f0e3d700 1 -- 172.21.15.29:0/516589786 --> [v2:172.21.15.29:3300/0,v1:172.21.15.29:6789/0] -- mon_subscribe({config=0+,monmap=0+}) v3 -- 0x7f23e0009550 con 0x7f23ec1049f0
2024-04-27T01:57:52.817 INFO:teuthology.orchestra.run.smithi029.stdout:/usr/bin/ceph: stderr
2024-04-27T01:57:51.914+0000 7f23f0e3d700 1 --2- 172.21.15.29:0/516589786 >> [v2:172.21.15.29:3300/0,v1:172.21.15.29:6789/0] conn(0x7f23ec1049f0 0x7f23ec18fbd0 secure :-1 s=READY pgs=72 cs=0 l=1 rev1=1 crypto rx=0x7f23e0006ba0 tx=0x7f23e0011b50 comp rx=0 tx=0).ready entity=mon.0 client_cookie=0 server_cookie=0 in_seq=0 out_seq=0
2024-04-27T01:57:52.817 INFO:teuthology.orchestra.run.smithi029.stdout:/usr/bin/ceph: stderr
2024-04-27T01:57:51.914+0000 7f23e9ffb700 1 -- 172.21.15.29:0/516589786 <== mon.0 v2:172.21.15.29:3300/0 1 ==== mon_map magic: 0 v1 ==== 229+0+0 (secure 0 0 0) 0x7f23e0003b00 con 0x7f23ec1049f0
2024-04-27T01:57:52.817 INFO:teuthology.orchestra.run.smithi029.stdout:/usr/bin/ceph: stderr
2024-04-27T01:57:51.914+0000 7f23e9ffb700 1 -- 172.21.15.29:0/516589786 <== mon.0 v2:172.21.15.29:3300/0 2 ==== config(27 keys) v1 ==== 1101+0+0 (secure 0 0 0) 0x7f23e001a8e0 con 0x7f23ec1049f0
2024-04-27T01:57:52.817 INFO:teuthology.orchestra.run.smithi029.stdout:/usr/bin/ceph: stderr
2024-04-27T01:57:51.914+0000 7f23f30a1700 1 -- 172.21.15.29:0/516589786 --> [v2:172.21.15.29:3300/0,v1:172.21.15.29:6789/0] -- mon_subscribe({mgrmap=0+}) v3 -- 0x7f23ec18e220 con 0x7f23ec1049f0
2024-04-27T01:57:52.817 INFO:teuthology.orchestra.run.smithi029.stdout:/usr/bin/ceph: stderr
2024-04-27T01:57:51.914+0000 7f23e9ffb700 1 -- 172.21.15.29:0/516589786 <== mon.0 v2:172.21.15.29:3300/0 3 ==== mon_map magic: 0 v1 ==== 229+0+0 (secure 0 0 0) 0x7f23e00199c0 con 0x7f23ec1049f0
2024-04-27T01:57:52.817 INFO:teuthology.orchestra.run.smithi029.stdout:/usr/bin/ceph: stderr
2024-04-27T01:57:51.914+0000 7f23f30a1700 1 -- 172.21.15.29:0/516589786 --> [v2:172.21.15.29:3300/0,v1:172.21.15.29:6789/0] -- mon_subscribe({osdmap=0}) v3 -- 0x7f23ec18e640 con 0x7f23ec1049f0
2024-04-27T01:57:52.817 INFO:teuthology.orchestra.run.smithi029.stdout:/usr/bin/ceph: stderr
2024-04-27T01:57:51.915+0000 7f23e9ffb700 1 -- 172.21.15.29:0/516589786 <== mon.0 v2:172.21.15.29:3300/0 4 ==== mgrmap(e 9) v1 ==== 45097+0+0 (secure 0 0 0) 0x7f23e0019c30 con 0x7f23ec1049f0
2024-04-27T01:57:52.817 INFO:teuthology.orchestra.run.smithi029.stdout:/usr/bin/ceph: stderr
2024-04-27T01:57:51.915+0000 7f23e9ffb700 1 --2- 172.21.15.29:0/516589786 >> [v2:172.21.15.29:6800/3873642219,v1:172.21.15.29:6801/3873642219] conn(0x7f23dc038440 0x7f23dc03a8f0 unknown :-1 s=NONE pgs=0 cs=0 l=1 rev1=0 crypto rx=0 tx=0 comp rx=0 tx=0).connect
2024-04-27T01:57:52.817 INFO:teuthology.orchestra.run.smithi029.stdout:/usr/bin/ceph: stderr
2024-04-27T01:57:51.915+0000 7f23e9ffb700 1 -- 172.21.15.29:0/516589786 <== mon.0 v2:172.21.15.29:3300/0 5 ==== osd_map(2..2 src has 1..2) v4 ==== 940+0+0 (secure 0 0 0) 0x7f23e004c600 con 0x7f23ec1049f0
2024-04-27T01:57:52.817 INFO:teuthology.orchestra.run.smithi029.stdout:/usr/bin/ceph: stderr
2024-04-27T01:57:51.915+0000 7f23ebfff700 1 -- 172.21.15.29:0/516589786 >> [v2:172.21.15.29:6800/3873642219,v1:172.21.15.29:6801/3873642219] conn(0x7f23dc038440 msgr2=0x7f23dc03a8f0 unknown :-1 s=STATE_CONNECTING_RE l=1).process reconnect failed to v2:172.21.15.29:6800/3873642219
2024-04-27T01:57:52.817 INFO:teuthology.orchestra.run.smithi029.stdout:/usr/bin/ceph: stderr
2024-04-27T01:57:51.915+0000 7f23ebfff700 1 --2- 172.21.15.29:0/516589786 >> [v2:172.21.15.29:6800/3873642219,v1:172.21.15.29:6801/3873642219] conn(0x7f23dc038440 0x7f23dc03a8f0 unknown :-1 s=START_CONNECT pgs=0 cs=0 l=1 rev1=0 crypto rx=0 tx=0 comp rx=0 tx=0)._fault waiting 0.200000
2024-04-27T01:57:52.817 INFO:teuthology.orchestra.run.smithi029.stdout:/usr/bin/ceph: stderr
2024-04-27T01:57:51.916+0000 7f23f30a1700 1 -- 172.21.15.29:0/516589786 --> [v2:172.21.15.29:3300/0,v1:172.21.15.29:6789/0] -- mon_command({"prefix": "get_command_descriptions"} v 0) v1 -- 0x7f23ec062380 con 0x7f23ec1049f0
2024-04-27T01:57:52.818 INFO:teuthology.orchestra.run.smithi029.stdout:/usr/bin/ceph: stderr
2024-04-27T01:57:51.920+0000 7f23e9ffb700 1 -- 172.21.15.29:0/516589786 <== mon.0 v2:172.21.15.29:3300/0 6 ==== mon_command_ack([{"prefix": "get_command_descriptions"}]=0 v0) v1 ==== 72+0+177933 (secure 0 0 0) 0x7f23e0048080 con 0x7f23ec1049f0
2024-04-27T01:57:52.818 INFO:teuthology.orchestra.run.smithi029.stdout:/usr/bin/ceph: stderr
2024-04-27T01:57:52.116+0000 7f23ebfff700 1 -- 172.21.15.29:0/516589786 >> [v2:172.21.15.29:6800/3873642219,v1:172.21.15.29:6801/3873642219] conn(0x7f23dc038440 msgr2=0x7f23dc03a8f0 unknown :-1 s=STATE_CONNECTING_RE l=1).process reconnect failed to v2:172.21.15.29:6800/3873642219
2024-04-27T01:57:52.818 INFO:teuthology.orchestra.run.smithi029.stdout:/usr/bin/ceph: stderr
2024-04-27T01:57:52.116+0000 7f23ebfff700 1 --2- 172.21.15.29:0/516589786 >> [v2:172.21.15.29:6800/3873642219,v1:172.21.15.29:6801/3873642219] conn(0x7f23dc038440 0x7f23dc03a8f0 unknown :-1 s=START_CONNECT pgs=0 cs=0 l=1 rev1=0 crypto rx=0 tx=0 comp rx=0 tx=0)._fault waiting 0.400000
2024-04-27T01:57:52.818 INFO:teuthology.orchestra.run.smithi029.stdout:/usr/bin/ceph: stderr
2024-04-27T01:57:52.248+0000 7f23f30a1700 1 -- 172.21.15.29:0/516589786 --> [v2:172.21.15.29:3300/0,v1:172.21.15.29:6789/0] -- mon_command({"prefix": "mgr stat"} v 0) v1 -- 0x7f23ec1068a0 con 0x7f23ec1049f0
2024-04-27T01:57:52.818 INFO:teuthology.orchestra.run.smithi029.stdout:/usr/bin/ceph: stderr
2024-04-27T01:57:52.248+0000 7f23e9ffb700 1 -- 172.21.15.29:0/516589786 <== mon.0 v2:172.21.15.29:3300/0 7 ==== mon_command_ack([{"prefix": "mgr stat"}]=0 v9) v1 ==== 56+0+103 (secure 0 0 0) 0x7f23e002d440 con 0x7f23ec1049f0
2024-04-27T01:57:52.818 INFO:teuthology.orchestra.run.smithi029.stdout:/usr/bin/ceph: stderr
2024-04-27T01:57:52.252+0000 7f23f30a1700 1 -- 172.21.15.29:0/516589786 >> [v2:172.21.15.29:6800/3873642219,v1:172.21.15.29:6801/3873642219] conn(0x7f23dc038440 msgr2=0x7f23dc03a8f0 unknown :-1 s=STATE_CONNECTING l=1).mark_down
2024-04-27T01:57:52.818 INFO:teuthology.orchestra.run.smithi029.stdout:/usr/bin/ceph: stderr
2024-04-27T01:57:52.252+0000 7f23f30a1700 1 --2- 172.21.15.29:0/516589786 >> [v2:172.21.15.29:6800/3873642219,v1:172.21.15.29:6801/3873642219] conn(0x7f23dc038440 0x7f23dc03a8f0 unknown :-1 s=START_CONNECT pgs=0 cs=0 l=1 rev1=0 crypto rx=0 tx=0 comp rx=0 tx=0).stop
2024-04-27T01:57:52.818 INFO:teuthology.orchestra.run.smithi029.stdout:/usr/bin/ceph: stderr
2024-04-27T01:57:52.252+0000 7f23f30a1700 1 -- 172.21.15.29:0/516589786 >> [v2:172.21.15.29:3300/0,v1:172.21.15.29:6789/0] conn(0x7f23ec1049f0 msgr2=0x7f23ec18fbd0 secure :-1 s=STATE_CONNECTION_ESTABLISHED l=1).mark_down
2024-04-27T01:57:52.818 INFO:teuthology.orchestra.run.smithi029.stdout:/usr/bin/ceph: stderr
2024-04-27T01:57:52.252+0000 7f23f30a1700 1 --2- 172.21.15.29:0/516589786 >> [v2:172.21.15.29:3300/0,v1:172.21.15.29:6789/0] conn(0x7f23ec1049f0 0x7f23ec18fbd0 secure :-1 s=READY pgs=72 cs=0 l=1 rev1=1 crypto rx=0x7f23e0006ba0 tx=0x7f23e0011b50 comp rx=0 tx=0).stop
2024-04-27T01:57:52.818 INFO:teuthology.orchestra.run.smithi029.stdout:/usr/bin/ceph: stderr
2024-04-27T01:57:52.252+0000 7f23f30a1700 1 -- 172.21.15.29:0/516589786 shutdown_connections
2024-04-27T01:57:52.818 INFO:teuthology.orchestra.run.smithi029.stdout:/usr/bin/ceph: stderr
2024-04-27T01:57:52.252+0000 7f23f30a1700 1 --2- 172.21.15.29:0/516589786 >> [v2:172.21.15.29:6800/3873642219,v1:172.21.15.29:6801/3873642219] conn(0x7f23dc038440 0x7f23dc03a8f0 unknown :-1 s=CLOSED pgs=0 cs=0 l=1 rev1=0 crypto rx=0 tx=0 comp rx=0 tx=0).stop
2024-04-27T01:57:52.818 INFO:teuthology.orchestra.run.smithi029.stdout:/usr/bin/ceph: stderr
2024-04-27T01:57:52.252+0000 7f23f30a1700 1 --2- 172.21.15.29:0/516589786 >> [v2:172.21.15.29:3300/0,v1:172.21.15.29:6789/0] conn(0x7f23ec1049f0 0x7f23ec18fbd0 unknown :-1 s=CLOSED pgs=72 cs=0 l=1 rev1=1 crypto rx=0 tx=0 comp rx=0 tx=0).stop
2024-04-27T01:57:52.819 INFO:teuthology.orchestra.run.smithi029.stdout:/usr/bin/ceph: stderr
2024-04-27T01:57:52.252+0000 7f23f30a1700 1 -- 172.21.15.29:0/516589786 >> 172.21.15.29:0/516589786 conn(0x7f23ec100080 msgr2=0x7f23ec079910 unknown :-1 s=STATE_NONE l=0).mark_down
2024-04-27T01:57:52.819 INFO:teuthology.orchestra.run.smithi029.stdout:/usr/bin/ceph: stderr
2024-04-27T01:57:52.252+0000 7f23f30a1700 1 -- 172.21.15.29:0/516589786 shutdown_connections
2024-04-27T01:57:52.819 INFO:teuthology.orchestra.run.smithi029.stdout:/usr/bin/ceph: stderr
2024-04-27T01:57:52.252+0000 7f23f30a1700 1 -- 172.21.15.29:0/516589786 wait complete.
2024-04-27T01:57:52.819 INFO:teuthology.orchestra.run.smithi029.stdout:Waiting for the mgr to restart...
2024-04-27T01:57:52.819 INFO:teuthology.orchestra.run.smithi029.stdout:Waiting for mgr epoch 9...
2024-04-27T01:57:58.201 INFO:journalctl@ceph.mon.smithi029.smithi029.stdout:Apr 27 01:57:57 smithi029 ceph-mon[26769]: Active manager daemon smithi029.ewvdzs restarted
2024-04-27T01:57:58.201 INFO:journalctl@ceph.mon.smithi029.smithi029.stdout:Apr 27 01:57:57 smithi029 ceph-mon[26769]: Activating manager daemon smithi029.ewvdzs
2024-04-27T01:57:58.201 INFO:journalctl@ceph.mon.smithi029.smithi029.stdout:Apr 27 01:57:57 smithi029 ceph-mon[26769]: osdmap e3: 0 total, 0 up, 0 in
2024-04-27T01:57:58.202 INFO:journalctl@ceph.mon.smithi029.smithi029.stdout:Apr 27 01:57:57 smithi029 ceph-mon[26769]: mgrmap e10: smithi029.ewvdzs(active, starting, since 0.00346885s)
2024-04-27T01:57:58.202 INFO:journalctl@ceph.mon.smithi029.smithi029.stdout:Apr 27 01:57:57 smithi029 ceph-mon[26769]: from='mgr.14164 172.21.15.29:0/4183685817' entity='mgr.smithi029.ewvdzs' cmd=[{"prefix": "mon metadata", "id": "smithi029"}]: dispatch
2024-04-27T01:57:58.202 INFO:journalctl@ceph.mon.smithi029.smithi029.stdout:Apr 27 01:57:57 smithi029 ceph-mon[26769]: from='mgr.14164 172.21.15.29:0/4183685817' entity='mgr.smithi029.ewvdzs' cmd=[{"prefix": "mgr metadata", "who": "smithi029.ewvdzs", "id": "smithi029.ewvdzs"}]: dispatch
2024-04-27T01:57:58.202 INFO:journalctl@ceph.mon.smithi029.smithi029.stdout:Apr 27 01:57:57 smithi029 ceph-mon[26769]: from='mgr.14164 172.21.15.29:0/4183685817' entity='mgr.smithi029.ewvdzs' cmd=[{"prefix": "mds metadata"}]: dispatch
2024-04-27T01:57:58.202 INFO:journalctl@ceph.mon.smithi029.smithi029.stdout:Apr 27 01:57:57 smithi029 ceph-mon[26769]: from='mgr.14164 172.21.15.29:0/4183685817' entity='mgr.smithi029.ewvdzs' cmd=[{"prefix": "osd metadata"}]: dispatch
2024-04-27T01:57:58.202 INFO:journalctl@ceph.mon.smithi029.smithi029.stdout:Apr 27 01:57:57 smithi029 ceph-mon[26769]: from='mgr.14164 172.21.15.29:0/4183685817' entity='mgr.smithi029.ewvdzs' cmd=[{"prefix": "mon metadata"}]: dispatch
2024-04-27T01:57:58.202 INFO:journalctl@ceph.mon.smithi029.smithi029.stdout:Apr 27 01:57:57 smithi029 ceph-mon[26769]: Manager daemon smithi029.ewvdzs is now available
2024-04-27T01:57:58.202 INFO:journalctl@ceph.mon.smithi029.smithi029.stdout:Apr 27 01:57:57 smithi029 ceph-mon[26769]: from='mgr.14164 172.21.15.29:0/4183685817' entity='mgr.smithi029.ewvdzs' cmd=[{"prefix": "config dump", "format": "json"}]: dispatch
2024-04-27T01:57:58.202 INFO:journalctl@ceph.mon.smithi029.smithi029.stdout:Apr 27 01:57:57 smithi029 ceph-mon[26769]: from='mgr.14164 172.21.15.29:0/4183685817' entity='mgr.smithi029.ewvdzs' cmd=[{"prefix": "config dump", "format": "json"}]: dispatch
2024-04-27T01:57:59.021 INFO:journalctl@ceph.mon.smithi029.smithi029.stdout:Apr 27 01:57:58 smithi029 ceph-mon[26769]: from='mgr.14164 172.21.15.29:0/4183685817' entity='mgr.smithi029.ewvdzs' cmd=[{"prefix":"config rm","who":"mgr","name":"mgr/rbd_support/smithi029.ewvdzs/mirror_snapshot_schedule"}]: dispatch
2024-04-27T01:57:59.021 INFO:journalctl@ceph.mon.smithi029.smithi029.stdout:Apr 27 01:57:58 smithi029 ceph-mon[26769]: from='mgr.14164 172.21.15.29:0/4183685817' entity='mgr.smithi029.ewvdzs' cmd=[{"prefix":"config rm","who":"mgr","name":"mgr/rbd_support/smithi029.ewvdzs/trash_purge_schedule"}]: dispatch
2024-04-27T01:57:59.021 INFO:journalctl@ceph.mon.smithi029.smithi029.stdout:Apr 27 01:57:58 smithi029 ceph-mon[26769]: mgrmap e11: smithi029.ewvdzs(active, since 1.00595s)
2024-04-27T01:57:59.646 INFO:teuthology.orchestra.run.smithi029.stdout:/usr/bin/ceph: stdout {
2024-04-27T01:57:59.646 INFO:teuthology.orchestra.run.smithi029.stdout:/usr/bin/ceph: stdout "mgrmap_epoch": 11,
2024-04-27T01:57:59.646 INFO:teuthology.orchestra.run.smithi029.stdout:/usr/bin/ceph: stdout "initialized": true
2024-04-27T01:57:59.646 INFO:teuthology.orchestra.run.smithi029.stdout:/usr/bin/ceph: stdout }
2024-04-27T01:57:59.646 INFO:teuthology.orchestra.run.smithi029.stdout:/usr/bin/ceph: stderr
2024-04-27T01:57:53.295+0000 7f60b7e19700 1 Processor -- start
2024-04-27T01:57:59.646 INFO:teuthology.orchestra.run.smithi029.stdout:/usr/bin/ceph: stderr
2024-04-27T01:57:53.295+0000 7f60b7e19700 1 -- start start
2024-04-27T01:57:59.647 INFO:teuthology.orchestra.run.smithi029.stdout:/usr/bin/ceph: stderr
2024-04-27T01:57:53.296+0000 7f60b7e19700 1 --2- >> [v2:172.21.15.29:3300/0,v1:172.21.15.29:6789/0] conn(0x7f60b0106640 0x7f60b0108a20 unknown :-1 s=NONE pgs=0 cs=0 l=0 rev1=0 crypto rx=0 tx=0 comp rx=0 tx=0).connect
2024-04-27T01:57:59.647 INFO:teuthology.orchestra.run.smithi029.stdout:/usr/bin/ceph: stderr
2024-04-27T01:57:53.296+0000 7f60b7e19700 1 -- --> [v2:172.21.15.29:3300/0,v1:172.21.15.29:6789/0] -- mon_getmap magic: 0 v1 -- 0x7f60b0079d70 con 0x7f60b0106640
2024-04-27T01:57:59.647 INFO:teuthology.orchestra.run.smithi029.stdout:/usr/bin/ceph: stderr
2024-04-27T01:57:53.296+0000 7f60b5bb5700 1 --2- >> [v2:172.21.15.29:3300/0,v1:172.21.15.29:6789/0] conn(0x7f60b0106640 0x7f60b0108a20 unknown :-1 s=BANNER_CONNECTING pgs=0 cs=0 l=0 rev1=0 crypto rx=0 tx=0 comp rx=0 tx=0)._handle_peer_banner_payload supported=3 required=0
2024-04-27T01:57:59.647 INFO:teuthology.orchestra.run.smithi029.stdout:/usr/bin/ceph: stderr
2024-04-27T01:57:53.296+0000 7f60b5bb5700 1 --2- >> [v2:172.21.15.29:3300/0,v1:172.21.15.29:6789/0] conn(0x7f60b0106640 0x7f60b0108a20 unknown :-1 s=HELLO_CONNECTING pgs=0 cs=0 l=0 rev1=1 crypto rx=0 tx=0 comp rx=0 tx=0).handle_hello peer v2:172.21.15.29:3300/0 says I am v2:172.21.15.29:36868/0 (socket says 172.21.15.29:36868)
2024-04-27T01:57:59.647 INFO:teuthology.orchestra.run.smithi029.stdout:/usr/bin/ceph: stderr
2024-04-27T01:57:53.296+0000 7f60b5bb5700 1 -- 172.21.15.29:0/3048160604 learned_addr learned my addr 172.21.15.29:0/3048160604 (peer_addr_for_me v2:172.21.15.29:0/0)
2024-04-27T01:57:59.647 INFO:teuthology.orchestra.run.smithi029.stdout:/usr/bin/ceph: stderr
2024-04-27T01:57:53.296+0000 7f60b5bb5700 1 -- 172.21.15.29:0/3048160604 --> [v2:172.21.15.29:3300/0,v1:172.21.15.29:6789/0] -- mon_subscribe({config=0+,monmap=0+}) v3 -- 0x7f60b0079eb0 con 0x7f60b0106640
2024-04-27T01:57:59.647 INFO:teuthology.orchestra.run.smithi029.stdout:/usr/bin/ceph: stderr
2024-04-27T01:57:53.296+0000 7f60b5bb5700 1 --2- 172.21.15.29:0/3048160604 >> [v2:172.21.15.29:3300/0,v1:172.21.15.29:6789/0] conn(0x7f60b0106640 0x7f60b0108a20 secure :-1 s=READY pgs=73 cs=0 l=1 rev1=1 crypto rx=0x7f60ac0098a0 tx=0x7f60ac009bb0 comp rx=0 tx=0).ready entity=mon.0 client_cookie=3c27dade4885e0d2 server_cookie=0 in_seq=0 out_seq=0
2024-04-27T01:57:59.647 INFO:teuthology.orchestra.run.smithi029.stdout:/usr/bin/ceph: stderr
2024-04-27T01:57:53.296+0000 7f60b4bb3700 1 -- 172.21.15.29:0/3048160604 <== mon.0 v2:172.21.15.29:3300/0 1 ==== mon_map magic: 0 v1 ==== 229+0+0 (secure 0 0 0) 0x7f60ac004180 con 0x7f60b0106640
2024-04-27T01:57:59.648 INFO:teuthology.orchestra.run.smithi029.stdout:/usr/bin/ceph: stderr
2024-04-27T01:57:53.297+0000 7f60b4bb3700 1 -- 172.21.15.29:0/3048160604 <== mon.0 v2:172.21.15.29:3300/0 2 ==== config(27 keys) v1 ==== 1101+0+0 (secure 0 0 0) 0x7f60ac0042e0 con 0x7f60b0106640
2024-04-27T01:57:59.648 INFO:teuthology.orchestra.run.smithi029.stdout:/usr/bin/ceph: stderr
2024-04-27T01:57:53.297+0000 7f60b4bb3700 1 -- 172.21.15.29:0/3048160604 <== mon.0 v2:172.21.15.29:3300/0 3 ==== mon_map magic: 0 v1 ==== 229+0+0 (secure 0 0 0) 0x7f60ac011af0 con 0x7f60b0106640
2024-04-27T01:57:59.648 INFO:teuthology.orchestra.run.smithi029.stdout:/usr/bin/ceph: stderr
2024-04-27T01:57:53.297+0000 7f60b7e19700 1 -- 172.21.15.29:0/3048160604 >> [v2:172.21.15.29:3300/0,v1:172.21.15.29:6789/0] conn(0x7f60b0106640 msgr2=0x7f60b0108a20 secure :-1 s=STATE_CONNECTION_ESTABLISHED l=1).mark_down
2024-04-27T01:57:59.648 INFO:teuthology.orchestra.run.smithi029.stdout:/usr/bin/ceph: stderr
2024-04-27T01:57:53.297+0000 7f60b7e19700 1 --2- 172.21.15.29:0/3048160604 >> [v2:172.21.15.29:3300/0,v1:172.21.15.29:6789/0] conn(0x7f60b0106640 0x7f60b0108a20 secure :-1 s=READY pgs=73 cs=0 l=1 rev1=1 crypto rx=0x7f60ac0098a0 tx=0x7f60ac009bb0 comp rx=0 tx=0).stop
2024-04-27T01:57:59.648 INFO:teuthology.orchestra.run.smithi029.stdout:/usr/bin/ceph: stderr
2024-04-27T01:57:53.298+0000 7f60b7e19700 1 -- 172.21.15.29:0/3048160604 shutdown_connections
2024-04-27T01:57:59.648 INFO:teuthology.orchestra.run.smithi029.stdout:/usr/bin/ceph: stderr
2024-04-27T01:57:53.298+0000 7f60b7e19700 1 --2- 172.21.15.29:0/3048160604 >> [v2:172.21.15.29:3300/0,v1:172.21.15.29:6789/0] conn(0x7f60b0106640 0x7f60b0108a20 unknown :-1 s=CLOSED pgs=73 cs=0 l=1 rev1=1 crypto rx=0 tx=0 comp rx=0 tx=0).stop
2024-04-27T01:57:59.648 INFO:teuthology.orchestra.run.smithi029.stdout:/usr/bin/ceph: stderr
2024-04-27T01:57:53.298+0000 7f60b7e19700 1 -- 172.21.15.29:0/3048160604 >> 172.21.15.29:0/3048160604 conn(0x7f60b0100060 msgr2=0x7f60b01024b0 unknown :-1 s=STATE_NONE l=0).mark_down
2024-04-27T01:57:59.648 INFO:teuthology.orchestra.run.smithi029.stdout:/usr/bin/ceph: stderr
2024-04-27T01:57:53.298+0000 7f60b7e19700 1 -- 172.21.15.29:0/3048160604 shutdown_connections
2024-04-27T01:57:59.648 INFO:teuthology.orchestra.run.smithi029.stdout:/usr/bin/ceph: stderr
2024-04-27T01:57:53.298+0000 7f60b7e19700 1 -- 172.21.15.29:0/3048160604 wait complete.
2024-04-27T01:57:59.648 INFO:teuthology.orchestra.run.smithi029.stdout:/usr/bin/ceph: stderr
2024-04-27T01:57:53.298+0000 7f60b7e19700 1 Processor -- start
2024-04-27T01:57:59.648 INFO:teuthology.orchestra.run.smithi029.stdout:/usr/bin/ceph: stderr
2024-04-27T01:57:53.298+0000 7f60b7e19700 1 -- start start
2024-04-27T01:57:59.648 INFO:teuthology.orchestra.run.smithi029.stdout:/usr/bin/ceph: stderr
2024-04-27T01:57:53.298+0000 7f60b7e19700 1 --2- >> [v2:172.21.15.29:3300/0,v1:172.21.15.29:6789/0] conn(0x7f60b0106640 0x7f60b0199910 unknown :-1 s=NONE pgs=0 cs=0 l=1 rev1=0 crypto rx=0 tx=0 comp rx=0 tx=0).connect
2024-04-27T01:57:59.648 INFO:teuthology.orchestra.run.smithi029.stdout:/usr/bin/ceph: stderr
2024-04-27T01:57:53.298+0000 7f60b7e19700 1 -- --> [v2:172.21.15.29:3300/0,v1:172.21.15.29:6789/0] -- mon_getmap magic: 0 v1 -- 0x7f60b0199e50 con 0x7f60b0106640
2024-04-27T01:57:59.648 INFO:teuthology.orchestra.run.smithi029.stdout:/usr/bin/ceph: stderr
2024-04-27T01:57:53.299+0000 7f60b5bb5700 1 --2- >> [v2:172.21.15.29:3300/0,v1:172.21.15.29:6789/0] conn(0x7f60b0106640 0x7f60b0199910 unknown :-1 s=BANNER_CONNECTING pgs=0 cs=0 l=1 rev1=0 crypto rx=0 tx=0 comp rx=0 tx=0)._handle_peer_banner_payload supported=3 required=0
2024-04-27T01:57:59.649 INFO:teuthology.orchestra.run.smithi029.stdout:/usr/bin/ceph: stderr
2024-04-27T01:57:53.299+0000 7f60b5bb5700 1 --2- >> [v2:172.21.15.29:3300/0,v1:172.21.15.29:6789/0] conn(0x7f60b0106640 0x7f60b0199910 unknown :-1 s=HELLO_CONNECTING pgs=0 cs=0 l=1 rev1=1 crypto rx=0 tx=0 comp rx=0 tx=0).handle_hello peer v2:172.21.15.29:3300/0 says I am v2:172.21.15.29:36878/0 (socket says 172.21.15.29:36878)
2024-04-27T01:57:59.649 INFO:teuthology.orchestra.run.smithi029.stdout:/usr/bin/ceph: stderr
2024-04-27T01:57:53.299+0000 7f60b5bb5700 1 -- 172.21.15.29:0/3766675914 learned_addr learned my addr 172.21.15.29:0/3766675914 (peer_addr_for_me v2:172.21.15.29:0/0)
2024-04-27T01:57:59.649 INFO:teuthology.orchestra.run.smithi029.stdout:/usr/bin/ceph: stderr
2024-04-27T01:57:53.299+0000 7f60b5bb5700 1 -- 172.21.15.29:0/3766675914 --> [v2:172.21.15.29:3300/0,v1:172.21.15.29:6789/0] -- mon_subscribe({config=0+,monmap=0+}) v3 -- 0x7f60ac009550 con 0x7f60b0106640
2024-04-27T01:57:59.649 INFO:teuthology.orchestra.run.smithi029.stdout:/usr/bin/ceph: stderr
2024-04-27T01:57:53.299+0000 7f60b5bb5700 1 --2- 172.21.15.29:0/3766675914 >> [v2:172.21.15.29:3300/0,v1:172.21.15.29:6789/0] conn(0x7f60b0106640 0x7f60b0199910 secure :-1 s=READY pgs=74 cs=0 l=1 rev1=1 crypto rx=0x7f60ac011670 tx=0x7f60ac011aa0 comp rx=0 tx=0).ready entity=mon.0 client_cookie=0 server_cookie=0 in_seq=0 out_seq=0
2024-04-27T01:57:59.649 INFO:teuthology.orchestra.run.smithi029.stdout:/usr/bin/ceph: stderr
2024-04-27T01:57:53.299+0000 7f60a6ffd700 1 -- 172.21.15.29:0/3766675914 <== mon.0 v2:172.21.15.29:3300/0 1 ==== mon_map magic: 0 v1 ==== 229+0+0 (secure 0 0 0) 0x7f60ac0039c0 con 0x7f60b0106640
2024-04-27T01:57:59.649 INFO:teuthology.orchestra.run.smithi029.stdout:/usr/bin/ceph: stderr
2024-04-27T01:57:53.299+0000 7f60a6ffd700 1 -- 172.21.15.29:0/3766675914 <== mon.0 v2:172.21.15.29:3300/0 2 ==== config(27 keys) v1 ==== 1101+0+0 (secure 0 0 0) 0x7f60ac003b20 con 0x7f60b0106640
2024-04-27T01:57:59.649 INFO:teuthology.orchestra.run.smithi029.stdout:/usr/bin/ceph: stderr
2024-04-27T01:57:53.299+0000 7f60a6ffd700 1 -- 172.21.15.29:0/3766675914 <== mon.0 v2:172.21.15.29:3300/0 3 ==== mon_map magic: 0 v1 ==== 229+0+0 (secure 0 0 0) 0x7f60ac0247f0 con 0x7f60b0106640
2024-04-27T01:57:59.649 INFO:teuthology.orchestra.run.smithi029.stdout:/usr/bin/ceph: stderr
2024-04-27T01:57:53.299+0000 7f60b7e19700 1 -- 172.21.15.29:0/3766675914 --> [v2:172.21.15.29:3300/0,v1:172.21.15.29:6789/0] -- mon_subscribe({mgrmap=0+}) v3 -- 0x7f60b019a050 con 0x7f60b0106640
2024-04-27T01:57:59.649 INFO:teuthology.orchestra.run.smithi029.stdout:/usr/bin/ceph: stderr
2024-04-27T01:57:53.299+0000 7f60b7e19700 1 -- 172.21.15.29:0/3766675914 --> [v2:172.21.15.29:3300/0,v1:172.21.15.29:6789/0] -- mon_subscribe({osdmap=0}) v3 -- 0x7f60b019a470 con 0x7f60b0106640
2024-04-27T01:57:59.649 INFO:teuthology.orchestra.run.smithi029.stdout:/usr/bin/ceph: stderr
2024-04-27T01:57:53.300+0000 7f60a6ffd700 1 -- 172.21.15.29:0/3766675914 <== mon.0 v2:172.21.15.29:3300/0 4 ==== mgrmap(e 9) v1 ==== 45097+0+0 (secure 0 0 0) 0x7f60ac024a60 con 0x7f60b0106640
2024-04-27T01:57:59.649 INFO:teuthology.orchestra.run.smithi029.stdout:/usr/bin/ceph: stderr
2024-04-27T01:57:53.300+0000 7f60a6ffd700 1 --2- 172.21.15.29:0/3766675914 >> [v2:172.21.15.29:6800/3873642219,v1:172.21.15.29:6801/3873642219] conn(0x7f609c038450 0x7f609c03a900 unknown :-1 s=NONE pgs=0 cs=0 l=1 rev1=0 crypto rx=0 tx=0 comp rx=0 tx=0).connect
2024-04-27T01:57:59.649 INFO:teuthology.orchestra.run.smithi029.stdout:/usr/bin/ceph: stderr
2024-04-27T01:57:53.300+0000 7f60b7e19700 1 -- 172.21.15.29:0/3766675914 --> [v2:172.21.15.29:6800/3873642219,v1:172.21.15.29:6801/3873642219] -- command(tid 0: {"prefix": "get_command_descriptions"}) v1 -- 0x7f60b0062380 con 0x7f609c038450
2024-04-27T01:57:59.649 INFO:teuthology.orchestra.run.smithi029.stdout:/usr/bin/ceph: stderr
2024-04-27T01:57:53.300+0000 7f60a6ffd700 1 -- 172.21.15.29:0/3766675914 <== mon.0 v2:172.21.15.29:3300/0 5 ==== osd_map(2..2 src has 1..2) v4 ==== 940+0+0 (secure 0 0 0) 0x7f60ac04c5b0 con 0x7f60b0106640
2024-04-27T01:57:59.649 INFO:teuthology.orchestra.run.smithi029.stdout:/usr/bin/ceph: stderr
2024-04-27T01:57:53.300+0000 7f60b53b4700 1 -- 172.21.15.29:0/3766675914 >> [v2:172.21.15.29:6800/3873642219,v1:172.21.15.29:6801/3873642219] conn(0x7f609c038450 msgr2=0x7f609c03a900 unknown :-1 s=STATE_CONNECTING_RE l=1).process reconnect failed to v2:172.21.15.29:6800/3873642219
2024-04-27T01:57:59.650 INFO:teuthology.orchestra.run.smithi029.stdout:/usr/bin/ceph: stderr
2024-04-27T01:57:53.300+0000 7f60b53b4700 1 --2- 172.21.15.29:0/3766675914 >> [v2:172.21.15.29:6800/3873642219,v1:172.21.15.29:6801/3873642219] conn(0x7f609c038450 0x7f609c03a900 unknown :-1 s=START_CONNECT pgs=0 cs=0 l=1 rev1=0 crypto rx=0 tx=0 comp rx=0 tx=0)._fault waiting 0.200000
2024-04-27T01:57:59.650 INFO:teuthology.orchestra.run.smithi029.stdout:/usr/bin/ceph: stderr
2024-04-27T01:57:53.501+0000 7f60b53b4700 1 -- 172.21.15.29:0/3766675914 >> [v2:172.21.15.29:6800/3873642219,v1:172.21.15.29:6801/3873642219] conn(0x7f609c038450 msgr2=0x7f609c03a900 unknown :-1 s=STATE_CONNECTING_RE l=1).process reconnect failed to v2:172.21.15.29:6800/3873642219
2024-04-27T01:57:59.650 INFO:teuthology.orchestra.run.smithi029.stdout:/usr/bin/ceph: stderr
2024-04-27T01:57:53.501+0000 7f60b53b4700 1 --2- 172.21.15.29:0/3766675914 >> [v2:172.21.15.29:6800/3873642219,v1:172.21.15.29:6801/3873642219] conn(0x7f609c038450 0x7f609c03a900 unknown :-1 s=START_CONNECT pgs=0 cs=0 l=1 rev1=0 crypto rx=0 tx=0 comp rx=0 tx=0)._fault waiting 0.400000
2024-04-27T01:57:59.650 INFO:teuthology.orchestra.run.smithi029.stdout:/usr/bin/ceph: stderr
2024-04-27T01:57:53.902+0000 7f60b53b4700 1 -- 172.21.15.29:0/3766675914 >> [v2:172.21.15.29:6800/3873642219,v1:172.21.15.29:6801/3873642219] conn(0x7f609c038450 msgr2=0x7f609c03a900 unknown :-1 s=STATE_CONNECTING_RE l=1).process reconnect failed to v2:172.21.15.29:6800/3873642219
2024-04-27T01:57:59.650 INFO:teuthology.orchestra.run.smithi029.stdout:/usr/bin/ceph: stderr
2024-04-27T01:57:53.902+0000 7f60b53b4700 1 --2- 172.21.15.29:0/3766675914 >> [v2:172.21.15.29:6800/3873642219,v1:172.21.15.29:6801/3873642219] conn(0x7f609c038450 0x7f609c03a900 unknown :-1 s=START_CONNECT pgs=0 cs=0 l=1 rev1=0 crypto rx=0 tx=0 comp rx=0 tx=0)._fault waiting 0.800000
2024-04-27T01:57:59.650 INFO:teuthology.orchestra.run.smithi029.stdout:/usr/bin/ceph: stderr
2024-04-27T01:57:54.703+0000 7f60b53b4700 1 -- 172.21.15.29:0/3766675914 >> [v2:172.21.15.29:6800/3873642219,v1:172.21.15.29:6801/3873642219] conn(0x7f609c038450 msgr2=0x7f609c03a900 unknown :-1 s=STATE_CONNECTING_RE l=1).process reconnect failed to v2:172.21.15.29:6800/3873642219
2024-04-27T01:57:59.650 INFO:teuthology.orchestra.run.smithi029.stdout:/usr/bin/ceph: stderr
2024-04-27T01:57:54.703+0000 7f60b53b4700 1 --2- 172.21.15.29:0/3766675914 >> [v2:172.21.15.29:6800/3873642219,v1:172.21.15.29:6801/3873642219] conn(0x7f609c038450 0x7f609c03a900 unknown :-1 s=START_CONNECT pgs=0 cs=0 l=1 rev1=0 crypto rx=0 tx=0 comp rx=0 tx=0)._fault waiting 1.600000
2024-04-27T01:57:59.650 INFO:teuthology.orchestra.run.smithi029.stdout:/usr/bin/ceph: stderr
2024-04-27T01:57:56.304+0000 7f60b53b4700 1 -- 172.21.15.29:0/3766675914 >> [v2:172.21.15.29:6800/3873642219,v1:172.21.15.29:6801/3873642219] conn(0x7f609c038450 msgr2=0x7f609c03a900 unknown :-1 s=STATE_CONNECTING_RE l=1).process reconnect failed to v2:172.21.15.29:6800/3873642219
2024-04-27T01:57:59.650 INFO:teuthology.orchestra.run.smithi029.stdout:/usr/bin/ceph: stderr
2024-04-27T01:57:56.304+0000 7f60b53b4700 1 --2- 172.21.15.29:0/3766675914 >> [v2:172.21.15.29:6800/3873642219,v1:172.21.15.29:6801/3873642219] conn(0x7f609c038450 0x7f609c03a900 unknown :-1 s=START_CONNECT pgs=0 cs=0 l=1 rev1=0 crypto rx=0 tx=0 comp rx=0 tx=0)._fault waiting 3.200000
2024-04-27T01:57:59.650 INFO:teuthology.orchestra.run.smithi029.stdout:/usr/bin/ceph: stderr
2024-04-27T01:57:57.789+0000 7f60a6ffd700 1 -- 172.21.15.29:0/3766675914 <== mon.0 v2:172.21.15.29:3300/0 6 ==== mgrmap(e 10) v1 ==== 44864+0+0 (secure 0 0 0) 0x7f60ac01ac70 con 0x7f60b0106640
2024-04-27T01:57:59.650 INFO:teuthology.orchestra.run.smithi029.stdout:/usr/bin/ceph: stderr
2024-04-27T01:57:57.789+0000 7f60a6ffd700 1 -- 172.21.15.29:0/3766675914 >> [v2:172.21.15.29:6800/3873642219,v1:172.21.15.29:6801/3873642219] conn(0x7f609c038450 msgr2=0x7f609c03a900 unknown :-1 s=STATE_CONNECTING l=1).mark_down
2024-04-27T01:57:59.650 INFO:teuthology.orchestra.run.smithi029.stdout:/usr/bin/ceph: stderr
2024-04-27T01:57:57.789+0000 7f60a6ffd700 1 --2- 172.21.15.29:0/3766675914 >> [v2:172.21.15.29:6800/3873642219,v1:172.21.15.29:6801/3873642219] conn(0x7f609c038450 0x7f609c03a900 unknown :-1 s=START_CONNECT pgs=0 cs=0 l=1 rev1=0 crypto rx=0 tx=0 comp rx=0 tx=0).stop
2024-04-27T01:57:59.650 INFO:teuthology.orchestra.run.smithi029.stdout:/usr/bin/ceph: stderr
2024-04-27T01:57:58.791+0000 7f60a6ffd700 1 -- 172.21.15.29:0/3766675914 <== mon.0 v2:172.21.15.29:3300/0 7 ==== mgrmap(e 11) v1 ==== 44991+0+0 (secure 0 0 0) 0x7f60ac04de60 con 0x7f60b0106640
2024-04-27T01:57:59.650 INFO:teuthology.orchestra.run.smithi029.stdout:/usr/bin/ceph: stderr
2024-04-27T01:57:58.791+0000 7f60a6ffd700 1 --2- 172.21.15.29:0/3766675914 >> [v2:172.21.15.29:6800/2469926221,v1:172.21.15.29:6801/2469926221] conn(0x7f609c03bd50 0x7f609c03e130 unknown :-1 s=NONE pgs=0 cs=0 l=1 rev1=0 crypto rx=0 tx=0 comp rx=0 tx=0).connect
2024-04-27T01:57:59.651 INFO:teuthology.orchestra.run.smithi029.stdout:/usr/bin/ceph: stderr
2024-04-27T01:57:58.791+0000 7f60a6ffd700 1 -- 172.21.15.29:0/3766675914 --> [v2:172.21.15.29:6800/2469926221,v1:172.21.15.29:6801/2469926221] -- command(tid 0: {"prefix": "get_command_descriptions"}) v1 -- 0x7f60b0062380 con 0x7f609c03bd50
2024-04-27T01:57:59.651 INFO:teuthology.orchestra.run.smithi029.stdout:/usr/bin/ceph: stderr
2024-04-27T01:57:58.792+0000 7f60b53b4700 1 --2- 172.21.15.29:0/3766675914 >> [v2:172.21.15.29:6800/2469926221,v1:172.21.15.29:6801/2469926221] conn(0x7f609c03bd50 0x7f609c03e130 unknown :-1 s=BANNER_CONNECTING pgs=0 cs=0 l=1 rev1=0 crypto rx=0 tx=0 comp rx=0 tx=0)._handle_peer_banner_payload supported=3 required=0
2024-04-27T01:57:59.651 INFO:teuthology.orchestra.run.smithi029.stdout:/usr/bin/ceph: stderr
2024-04-27T01:57:58.792+0000 7f60b53b4700 1 --2- 172.21.15.29:0/3766675914 >> [v2:172.21.15.29:6800/2469926221,v1:172.21.15.29:6801/2469926221] conn(0x7f609c03bd50 0x7f609c03e130 secure :-1 s=READY pgs=2 cs=0 l=1 rev1=1 crypto rx=0x7f60a0003a10 tx=0x7f60a0009270 comp rx=0 tx=0).ready entity=mgr.14164 client_cookie=0 server_cookie=0 in_seq=0 out_seq=0
2024-04-27T01:57:59.651 INFO:teuthology.orchestra.run.smithi029.stdout:/usr/bin/ceph: stderr
2024-04-27T01:57:58.793+0000 7f60a6ffd700 1 -- 172.21.15.29:0/3766675914 <== mgr.14164 v2:172.21.15.29:6800/2469926221 1 ==== command_reply(tid 0: 0 ) v1 ==== 8+0+6910 (secure 0 0 0) 0x7f60b0062380 con 0x7f609c03bd50
2024-04-27T01:57:59.651 INFO:teuthology.orchestra.run.smithi029.stdout:/usr/bin/ceph: stderr
2024-04-27T01:57:58.799+0000 7f60b7e19700 1 -- 172.21.15.29:0/3766675914 --> [v2:172.21.15.29:6800/2469926221,v1:172.21.15.29:6801/2469926221] -- command(tid 1: {"prefix": "mgr_status"}) v1 -- 0x7f60b019ac50 con 0x7f609c03bd50
2024-04-27T01:57:59.651 INFO:teuthology.orchestra.run.smithi029.stdout:/usr/bin/ceph: stderr
2024-04-27T01:57:58.800+0000 7f60a6ffd700 1 -- 172.21.15.29:0/3766675914 <== mgr.14164 v2:172.21.15.29:6800/2469926221 2 ==== command_reply(tid 1: 0 ) v1 ==== 8+0+52 (secure 0 0 0) 0x7f60b019ac50 con 0x7f609c03bd50
2024-04-27T01:57:59.651 INFO:teuthology.orchestra.run.smithi029.stdout:/usr/bin/ceph: stderr
2024-04-27T01:57:58.800+0000 7f60b7e19700 1 -- 172.21.15.29:0/3766675914 >> [v2:172.21.15.29:6800/2469926221,v1:172.21.15.29:6801/2469926221] conn(0x7f609c03bd50 msgr2=0x7f609c03e130 secure :-1 s=STATE_CONNECTION_ESTABLISHED l=1).mark_down
2024-04-27T01:57:59.651 INFO:teuthology.orchestra.run.smithi029.stdout:/usr/bin/ceph: stderr
2024-04-27T01:57:58.800+0000 7f60b7e19700 1 --2- 172.21.15.29:0/3766675914 >> [v2:172.21.15.29:6800/2469926221,v1:172.21.15.29:6801/2469926221] conn(0x7f609c03bd50 0x7f609c03e130 secure :-1 s=READY pgs=2 cs=0 l=1 rev1=1 crypto rx=0x7f60a0003a10 tx=0x7f60a0009270 comp rx=0 tx=0).stop
2024-04-27T01:57:59.651 INFO:teuthology.orchestra.run.smithi029.stdout:/usr/bin/ceph: stderr
2024-04-27T01:57:58.800+0000 7f60b7e19700 1 -- 172.21.15.29:0/3766675914 >> [v2:172.21.15.29:3300/0,v1:172.21.15.29:6789/0] conn(0x7f60b0106640 msgr2=0x7f60b0199910 secure :-1 s=STATE_CONNECTION_ESTABLISHED l=1).mark_down
2024-04-27T01:57:59.651 INFO:teuthology.orchestra.run.smithi029.stdout:/usr/bin/ceph: stderr
2024-04-27T01:57:58.800+0000 7f60b7e19700 1 --2- 172.21.15.29:0/3766675914 >> [v2:172.21.15.29:3300/0,v1:172.21.15.29:6789/0] conn(0x7f60b0106640 0x7f60b0199910 secure :-1 s=READY pgs=74 cs=0 l=1 rev1=1 crypto rx=0x7f60ac011670 tx=0x7f60ac011aa0 comp rx=0 tx=0).stop
2024-04-27T01:57:59.651 INFO:teuthology.orchestra.run.smithi029.stdout:/usr/bin/ceph: stderr
2024-04-27T01:57:58.800+0000 7f60b7e19700 1 -- 172.21.15.29:0/3766675914 shutdown_connections
2024-04-27T01:57:59.651 INFO:teuthology.orchestra.run.smithi029.stdout:/usr/bin/ceph: stderr
2024-04-27T01:57:58.800+0000 7f60b7e19700 1 --2- 172.21.15.29:0/3766675914 >> [v2:172.21.15.29:6800/2469926221,v1:172.21.15.29:6801/2469926221] conn(0x7f609c03bd50 0x7f609c03e130 unknown :-1 s=CLOSED pgs=2 cs=0 l=1 rev1=1 crypto rx=0 tx=0 comp rx=0 tx=0).stop
2024-04-27T01:57:59.651 INFO:teuthology.orchestra.run.smithi029.stdout:/usr/bin/ceph: stderr
2024-04-27T01:57:58.800+0000 7f60b7e19700 1 --2- 172.21.15.29:0/3766675914 >> [v2:172.21.15.29:3300/0,v1:172.21.15.29:6789/0] conn(0x7f60b0106640 0x7f60b0199910 unknown :-1 s=CLOSED pgs=74 cs=0 l=1 rev1=1 crypto rx=0 tx=0 comp rx=0 tx=0).stop
2024-04-27T01:57:59.651 INFO:teuthology.orchestra.run.smithi029.stdout:/usr/bin/ceph: stderr
2024-04-27T01:57:58.800+0000 7f60b7e19700 1 --2- 172.21.15.29:0/3766675914 >> [v2:172.21.15.29:6800/3873642219,v1:172.21.15.29:6801/3873642219] conn(0x7f609c038450 0x7f609c03a900 unknown :-1 s=CLOSED pgs=0 cs=0 l=1 rev1=0 crypto rx=0 tx=0 comp rx=0 tx=0).stop
2024-04-27T01:57:59.652 INFO:teuthology.orchestra.run.smithi029.stdout:/usr/bin/ceph: stderr
2024-04-27T01:57:58.800+0000 7f60b7e19700 1 -- 172.21.15.29:0/3766675914 >> 172.21.15.29:0/3766675914 conn(0x7f60b0100060 msgr2=0x7f60b01017b0 unknown :-1 s=STATE_NONE l=0).mark_down
2024-04-27T01:57:59.652 INFO:teuthology.orchestra.run.smithi029.stdout:/usr/bin/ceph: stderr
2024-04-27T01:57:58.800+0000 7f60b7e19700 1 -- 172.21.15.29:0/3766675914 shutdown_connections
2024-04-27T01:57:59.652 INFO:teuthology.orchestra.run.smithi029.stdout:/usr/bin/ceph: stderr
2024-04-27T01:57:58.800+0000 7f60b7e19700 1 -- 172.21.15.29:0/3766675914 wait complete.
2024-04-27T01:57:59.652 INFO:teuthology.orchestra.run.smithi029.stdout:mgr epoch 9 is available
2024-04-27T01:57:59.652 INFO:teuthology.orchestra.run.smithi029.stdout:Generating a dashboard self-signed certificate...
2024-04-27T01:57:59.897 INFO:journalctl@ceph.mon.smithi029.smithi029.stdout:Apr 27 01:57:59 smithi029 ceph-mon[26769]: [27/Apr/2024:01:57:58] ENGINE Bus STARTING
2024-04-27T01:57:59.897 INFO:journalctl@ceph.mon.smithi029.smithi029.stdout:Apr 27 01:57:59 smithi029 ceph-mon[26769]: [27/Apr/2024:01:57:58] ENGINE Serving on http://172.21.15.29:8765
2024-04-27T01:57:59.897 INFO:journalctl@ceph.mon.smithi029.smithi029.stdout:Apr 27 01:57:59 smithi029 ceph-mon[26769]: [27/Apr/2024:01:57:58] ENGINE Serving on https://172.21.15.29:7150
2024-04-27T01:57:59.898 INFO:journalctl@ceph.mon.smithi029.smithi029.stdout:Apr 27 01:57:59 smithi029 ceph-mon[26769]: [27/Apr/2024:01:57:58] ENGINE Bus STARTED
2024-04-27T01:57:59.898 INFO:journalctl@ceph.mon.smithi029.smithi029.stdout:Apr 27 01:57:59 smithi029 ceph-mon[26769]: from='client.14168 -' entity='client.admin' cmd=[{"prefix": "get_command_descriptions"}]: dispatch
