2024-04-27T01:57:29.737+0000 7fce4effd700 1 --2- >> [v2:172.21.15.29:3300/0,v1:172.21.15.29:6789/0] conn(0x7fce5007bdd0 0x7fce5019ba80 unknown :-1 s=HELLO_CONNECTING pgs=0 cs=0 l=1 rev1=1 crypto rx=0 tx=0 comp rx=0 tx=0).handle_hello peer v2:172.21.15.29:3300/0 says I am v2:172.21.15.29:42614/0 (socket says 172.21.15.29:42614)
2024-04-27T01:57:30.503 INFO:teuthology.orchestra.run.smithi029.stdout:/usr/bin/ceph: stderr
2024-04-27T01:57:29.737+0000 7fce4effd700 1 -- 172.21.15.29:0/245933354 learned_addr learned my addr 172.21.15.29:0/245933354 (peer_addr_for_me v2:172.21.15.29:0/0)
2024-04-27T01:57:30.503 INFO:teuthology.orchestra.run.smithi029.stdout:/usr/bin/ceph: stderr
2024-04-27T01:57:29.738+0000 7fce4effd700 1 -- 172.21.15.29:0/245933354 --> [v2:172.21.15.29:3300/0,v1:172.21.15.29:6789/0] -- mon_subscribe({config=0+,monmap=0+}) v3 -- 0x7fce40009550 con 0x7fce5007bdd0
2024-04-27T01:57:30.503 INFO:teuthology.orchestra.run.smithi029.stdout:/usr/bin/ceph: stderr
2024-04-27T01:57:29.738+0000 7fce4effd700 1 --2- 172.21.15.29:0/245933354 >> [v2:172.21.15.29:3300/0,v1:172.21.15.29:6789/0] conn(0x7fce5007bdd0 0x7fce5019ba80 secure :-1 s=READY pgs=44 cs=0 l=1 rev1=1 crypto rx=0x7fce40000c00 tx=0x7fce400047c0 comp rx=0 tx=0).ready entity=mon.0 client_cookie=0 server_cookie=0 in_seq=0 out_seq=0
2024-04-27T01:57:30.504 INFO:teuthology.orchestra.run.smithi029.stdout:/usr/bin/ceph: stderr
2024-04-27T01:57:29.738+0000 7fce37fff700 1 -- 172.21.15.29:0/245933354 <== mon.0 v2:172.21.15.29:3300/0 1 ==== mon_map magic: 0 v1 ==== 229+0+0 (secure 0 0 0) 0x7fce40003a00 con 0x7fce5007bdd0
2024-04-27T01:57:30.504 INFO:teuthology.orchestra.run.smithi029.stdout:/usr/bin/ceph: stderr
2024-04-27T01:57:29.738+0000 7fce37fff700 1 -- 172.21.15.29:0/245933354 <== mon.0 v2:172.21.15.29:3300/0 2 ==== config(27 keys) v1 ==== 1037+0+0 (secure 0 0 0) 0x7fce40003b60 con 0x7fce5007bdd0
2024-04-27T01:57:30.504 INFO:teuthology.orchestra.run.smithi029.stdout:/usr/bin/ceph: stderr
2024-04-27T01:57:29.738+0000 7fce5575b700 1 -- 172.21.15.29:0/245933354 --> [v2:172.21.15.29:3300/0,v1:172.21.15.29:6789/0] -- mon_subscribe({mgrmap=0+}) v3 -- 0x7fce5019c1c0 con 0x7fce5007bdd0
2024-04-27T01:57:30.504 INFO:teuthology.orchestra.run.smithi029.stdout:/usr/bin/ceph: stderr
2024-04-27T01:57:29.738+0000 7fce37fff700 1 -- 172.21.15.29:0/245933354 <== mon.0 v2:172.21.15.29:3300/0 3 ==== mon_map magic: 0 v1 ==== 229+0+0 (secure 0 0 0) 0x7fce4001a800 con 0x7fce5007bdd0
2024-04-27T01:57:30.504 INFO:teuthology.orchestra.run.smithi029.stdout:/usr/bin/ceph: stderr
2024-04-27T01:57:29.738+0000 7fce5575b700 1 -- 172.21.15.29:0/245933354 --> [v2:172.21.15.29:3300/0,v1:172.21.15.29:6789/0] -- mon_subscribe({osdmap=0}) v3 -- 0x7fce5019c5e0 con 0x7fce5007bdd0
2024-04-27T01:57:30.504 INFO:teuthology.orchestra.run.smithi029.stdout:/usr/bin/ceph: stderr
2024-04-27T01:57:29.739+0000 7fce37fff700 1 -- 172.21.15.29:0/245933354 <== mon.0 v2:172.21.15.29:3300/0 4 ==== mgrmap(e 8) v1 ==== 45084+0+0 (secure 0 0 0) 0x7fce4001aa70 con 0x7fce5007bdd0
2024-04-27T01:57:30.504 INFO:teuthology.orchestra.run.smithi029.stdout:/usr/bin/ceph: stderr
2024-04-27T01:57:29.739+0000 7fce5575b700 1 -- 172.21.15.29:0/245933354 --> [v2:172.21.15.29:3300/0,v1:172.21.15.29:6789/0] -- mon_command({"prefix": "get_command_descriptions"} v 0) v1 -- 0x7fce50062380 con 0x7fce5007bdd0
2024-04-27T01:57:30.504 INFO:teuthology.orchestra.run.smithi029.stdout:/usr/bin/ceph: stderr
2024-04-27T01:57:29.739+0000 7fce37fff700 1 --2- 172.21.15.29:0/245933354 >> [v2:172.21.15.29:6800/3873642219,v1:172.21.15.29:6801/3873642219] conn(0x7fce380383f0 0x7fce3803a8a0 unknown :-1 s=NONE pgs=0 cs=0 l=1 rev1=0 crypto rx=0 tx=0 comp rx=0 tx=0).connect
2024-04-27T01:57:30.504 INFO:teuthology.orchestra.run.smithi029.stdout:/usr/bin/ceph: stderr
2024-04-27T01:57:29.739+0000 7fce37fff700 1 -- 172.21.15.29:0/245933354 <== mon.0 v2:172.21.15.29:3300/0 5 ==== osd_map(2..2 src has 1..2) v4 ==== 940+0+0 (secure 0 0 0) 0x7fce4004c650 con 0x7fce5007bdd0
2024-04-27T01:57:30.504 INFO:teuthology.orchestra.run.smithi029.stdout:/usr/bin/ceph: stderr
2024-04-27T01:57:29.739+0000 7fce4e7fc700 1 --2- 172.21.15.29:0/245933354 >> [v2:172.21.15.29:6800/3873642219,v1:172.21.15.29:6801/3873642219] conn(0x7fce380383f0 0x7fce3803a8a0 unknown :-1 s=BANNER_CONNECTING pgs=0 cs=0 l=1 rev1=0 crypto rx=0 tx=0 comp rx=0 tx=0)._handle_peer_banner_payload supported=3 required=0
2024-04-27T01:57:30.504 INFO:teuthology.orchestra.run.smithi029.stdout:/usr/bin/ceph: stderr
2024-04-27T01:57:29.740+0000 7fce4e7fc700 1 --2- 172.21.15.29:0/245933354 >> [v2:172.21.15.29:6800/3873642219,v1:172.21.15.29:6801/3873642219] conn(0x7fce380383f0 0x7fce3803a8a0 secure :-1 s=READY pgs=10 cs=0 l=1 rev1=1 crypto rx=0x7fce44006fd0 tx=0x7fce44006e40 comp rx=0 tx=0).ready entity=mgr.14120 client_cookie=0 server_cookie=0 in_seq=0 out_seq=0
2024-04-27T01:57:30.504 INFO:teuthology.orchestra.run.smithi029.stdout:/usr/bin/ceph: stderr
2024-04-27T01:57:29.744+0000 7fce37fff700 1 -- 172.21.15.29:0/245933354 <== mon.0 v2:172.21.15.29:3300/0 6 ==== mon_command_ack([{"prefix": "get_command_descriptions"}]=0 v0) v1 ==== 72+0+177933 (secure 0 0 0) 0x7fce4001ad20 con 0x7fce5007bdd0
2024-04-27T01:57:30.504 INFO:teuthology.orchestra.run.smithi029.stdout:/usr/bin/ceph: stderr
2024-04-27T01:57:29.945+0000 7fce5575b700 1 -- 172.21.15.29:0/245933354 --> [v2:172.21.15.29:6800/3873642219,v1:172.21.15.29:6801/3873642219] -- mgr_command(tid 0: {"prefix": "cephadm get-pub-key", "target": ["mon-mgr", ""]}) v1 -- 0x7fce50102670 con 0x7fce380383f0
2024-04-27T01:57:30.505 INFO:teuthology.orchestra.run.smithi029.stdout:/usr/bin/ceph: stderr
2024-04-27T01:57:29.946+0000 7fce37fff700 1 -- 172.21.15.29:0/245933354 <== mgr.14120 v2:172.21.15.29:6800/3873642219 1 ==== mgr_command_reply(tid 0: 0 ) v1 ==== 8+0+595 (secure 0 0 0) 0x7fce50102670 con 0x7fce380383f0
2024-04-27T01:57:30.505 INFO:teuthology.orchestra.run.smithi029.stdout:/usr/bin/ceph: stderr
2024-04-27T01:57:29.947+0000 7fce5575b700 1 -- 172.21.15.29:0/245933354 >> [v2:172.21.15.29:6800/3873642219,v1:172.21.15.29:6801/3873642219] conn(0x7fce380383f0 msgr2=0x7fce3803a8a0 secure :-1 s=STATE_CONNECTION_ESTABLISHED l=1).mark_down
2024-04-27T01:57:30.505 INFO:teuthology.orchestra.run.smithi029.stdout:/usr/bin/ceph: stderr
2024-04-27T01:57:29.948+0000 7fce5575b700 1 --2- 172.21.15.29:0/245933354 >> [v2:172.21.15.29:6800/3873642219,v1:172.21.15.29:6801/3873642219] conn(0x7fce380383f0 0x7fce3803a8a0 secure :-1 s=READY pgs=10 cs=0 l=1 rev1=1 crypto rx=0x7fce44006fd0 tx=0x7fce44006e40 comp rx=0 tx=0).stop
2024-04-27T01:57:30.505 INFO:teuthology.orchestra.run.smithi029.stdout:/usr/bin/ceph: stderr
2024-04-27T01:57:29.948+0000 7fce5575b700 1 -- 172.21.15.29:0/245933354 >> [v2:172.21.15.29:3300/0,v1:172.21.15.29:6789/0] conn(0x7fce5007bdd0 msgr2=0x7fce5019ba80 secure :-1 s=STATE_CONNECTION_ESTABLISHED l=1).mark_down
2024-04-27T01:57:30.505 INFO:teuthology.orchestra.run.smithi029.stdout:/usr/bin/ceph: stderr
2024-04-27T01:57:29.948+0000 7fce5575b700 1 --2- 172.21.15.29:0/245933354 >> [v2:172.21.15.29:3300/0,v1:172.21.15.29:6789/0] conn(0x7fce5007bdd0 0x7fce5019ba80 secure :-1 s=READY pgs=44 cs=0 l=1 rev1=1 crypto rx=0x7fce40000c00 tx=0x7fce400047c0 comp rx=0 tx=0).stop
2024-04-27T01:57:30.505 INFO:teuthology.orchestra.run.smithi029.stdout:/usr/bin/ceph: stderr
2024-04-27T01:57:29.948+0000 7fce5575b700 1 -- 172.21.15.29:0/245933354 shutdown_connections
2024-04-27T01:57:30.505 INFO:teuthology.orchestra.run.smithi029.stdout:/usr/bin/ceph: stderr
2024-04-27T01:57:29.948+0000 7fce5575b700 1 --2- 172.21.15.29:0/245933354 >> [v2:172.21.15.29:6800/3873642219,v1:172.21.15.29:6801/3873642219] conn(0x7fce380383f0 0x7fce3803a8a0 unknown :-1 s=CLOSED pgs=10 cs=0 l=1 rev1=1 crypto rx=0 tx=0 comp rx=0 tx=0).stop
2024-04-27T01:57:30.505 INFO:teuthology.orchestra.run.smithi029.stdout:/usr/bin/ceph: stderr
2024-04-27T01:57:29.948+0000 7fce5575b700 1 --2- 172.21.15.29:0/245933354 >> [v2:172.21.15.29:3300/0,v1:172.21.15.29:6789/0] conn(0x7fce5007bdd0 0x7fce5019ba80 unknown :-1 s=CLOSED pgs=44 cs=0 l=1 rev1=1 crypto rx=0 tx=0 comp rx=0 tx=0).stop
2024-04-27T01:57:30.505 INFO:teuthology.orchestra.run.smithi029.stdout:/usr/bin/ceph: stderr
2024-04-27T01:57:29.948+0000 7fce5575b700 1 -- 172.21.15.29:0/245933354 >> 172.21.15.29:0/245933354 conn(0x7fce50101180 msgr2=0x7fce50101f60 unknown :-1 s=STATE_NONE l=0).mark_down
2024-04-27T01:57:30.505 INFO:teuthology.orchestra.run.smithi029.stdout:/usr/bin/ceph: stderr
2024-04-27T01:57:29.948+0000 7fce5575b700 1 -- 172.21.15.29:0/245933354 shutdown_connections
2024-04-27T01:57:30.505 INFO:teuthology.orchestra.run.smithi029.stdout:/usr/bin/ceph: stderr
2024-04-27T01:57:29.948+0000 7fce5575b700 1 -- 172.21.15.29:0/245933354 wait complete.
2024-04-27T01:57:30.505 INFO:teuthology.orchestra.run.smithi029.stdout:Wrote public SSH key to /home/ubuntu/cephtest/ceph.pub
2024-04-27T01:57:30.505 INFO:teuthology.orchestra.run.smithi029.stdout:Adding key to root@localhost authorized_keys...
2024-04-27T01:57:30.505 INFO:teuthology.orchestra.run.smithi029.stdout:Adding host smithi029...
2024-04-27T01:57:32.051 INFO:journalctl@ceph.mon.smithi029.smithi029.stdout:Apr 27 01:57:31 smithi029 ceph-mon[26769]: from='client.14138 -' entity='client.admin' cmd=[{"prefix": "cephadm get-pub-key", "target": ["mon-mgr", ""]}]: dispatch
2024-04-27T01:57:33.029 INFO:journalctl@ceph.mon.smithi029.smithi029.stdout:Apr 27 01:57:32 smithi029 ceph-mon[26769]: from='client.14140 -' entity='client.admin' cmd=[{"prefix": "orch host add", "hostname": "smithi029", "addr": "172.21.15.29", "target": ["mon-mgr", ""]}]: dispatch
2024-04-27T01:57:33.029 INFO:journalctl@ceph.mon.smithi029.smithi029.stdout:Apr 27 01:57:32 smithi029 ceph-mon[26769]: Deploying cephadm binary to smithi029
2024-04-27T01:57:34.202 INFO:teuthology.orchestra.run.smithi029.stdout:/usr/bin/ceph: stdout Added host 'smithi029' with addr '172.21.15.29'
2024-04-27T01:57:34.203 INFO:teuthology.orchestra.run.smithi029.stdout:/usr/bin/ceph: stderr
2024-04-27T01:57:30.971+0000 7f29c9e6e700 1 Processor -- start
2024-04-27T01:57:34.203 INFO:teuthology.orchestra.run.smithi029.stdout:/usr/bin/ceph: stderr
2024-04-27T01:57:30.971+0000 7f29c9e6e700 1 -- start start
2024-04-27T01:57:34.203 INFO:teuthology.orchestra.run.smithi029.stdout:/usr/bin/ceph: stderr
2024-04-27T01:57:30.971+0000 7f29c9e6e700 1 --2- >> [v2:172.21.15.29:3300/0,v1:172.21.15.29:6789/0] conn(0x7f29c4106600 0x7f29c41089e0 unknown :-1 s=NONE pgs=0 cs=0 l=0 rev1=0 crypto rx=0 tx=0 comp rx=0 tx=0).connect
2024-04-27T01:57:34.203 INFO:teuthology.orchestra.run.smithi029.stdout:/usr/bin/ceph: stderr
2024-04-27T01:57:30.971+0000 7f29c9e6e700 1 -- --> [v2:172.21.15.29:3300/0,v1:172.21.15.29:6789/0] -- mon_getmap magic: 0 v1 -- 0x7f29c4079d70 con 0x7f29c4106600
2024-04-27T01:57:34.203 INFO:teuthology.orchestra.run.smithi029.stdout:/usr/bin/ceph: stderr
2024-04-27T01:57:30.971+0000 7f29c37fe700 1 --2- >> [v2:172.21.15.29:3300/0,v1:172.21.15.29:6789/0] conn(0x7f29c4106600 0x7f29c41089e0 unknown :-1 s=BANNER_CONNECTING pgs=0 cs=0 l=0 rev1=0 crypto rx=0 tx=0 comp rx=0 tx=0)._handle_peer_banner_payload supported=3 required=0
2024-04-27T01:57:34.203 INFO:teuthology.orchestra.run.smithi029.stdout:/usr/bin/ceph: stderr
2024-04-27T01:57:30.971+0000 7f29c37fe700 1 --2- >> [v2:172.21.15.29:3300/0,v1:172.21.15.29:6789/0] conn(0x7f29c4106600 0x7f29c41089e0 unknown :-1 s=HELLO_CONNECTING pgs=0 cs=0 l=0 rev1=1 crypto rx=0 tx=0 comp rx=0 tx=0).handle_hello peer v2:172.21.15.29:3300/0 says I am v2:172.21.15.29:42628/0 (socket says 172.21.15.29:42628)
2024-04-27T01:57:34.203 INFO:teuthology.orchestra.run.smithi029.stdout:/usr/bin/ceph: stderr
2024-04-27T01:57:30.971+0000 7f29c37fe700 1 -- 172.21.15.29:0/1208812764 learned_addr learned my addr 172.21.15.29:0/1208812764 (peer_addr_for_me v2:172.21.15.29:0/0)
2024-04-27T01:57:34.203 INFO:teuthology.orchestra.run.smithi029.stdout:/usr/bin/ceph: stderr
2024-04-27T01:57:30.972+0000 7f29c37fe700 1 -- 172.21.15.29:0/1208812764 --> [v2:172.21.15.29:3300/0,v1:172.21.15.29:6789/0] -- mon_subscribe({config=0+,monmap=0+}) v3 -- 0x7f29c4079eb0 con 0x7f29c4106600
2024-04-27T01:57:34.203 INFO:teuthology.orchestra.run.smithi029.stdout:/usr/bin/ceph: stderr
2024-04-27T01:57:30.972+0000 7f29c37fe700 1 --2- 172.21.15.29:0/1208812764 >> [v2:172.21.15.29:3300/0,v1:172.21.15.29:6789/0] conn(0x7f29c4106600 0x7f29c41089e0 secure :-1 s=READY pgs=45 cs=0 l=1 rev1=1 crypto rx=0x7f29b4009e80 tx=0x7f29b400b330 comp rx=0 tx=0).ready entity=mon.0 client_cookie=61566900dab747bb server_cookie=0 in_seq=0 out_seq=0
2024-04-27T01:57:34.203 INFO:teuthology.orchestra.run.smithi029.stdout:/usr/bin/ceph: stderr
2024-04-27T01:57:30.972+0000 7f29c27fc700 1 -- 172.21.15.29:0/1208812764 <== mon.0 v2:172.21.15.29:3300/0 1 ==== mon_map magic: 0 v1 ==== 229+0+0 (secure 0 0 0) 0x7f29b400e070 con 0x7f29c4106600
2024-04-27T01:57:34.203 INFO:teuthology.orchestra.run.smithi029.stdout:/usr/bin/ceph: stderr
2024-04-27T01:57:30.972+0000 7f29c27fc700 1 -- 172.21.15.29:0/1208812764 <== mon.0 v2:172.21.15.29:3300/0 2 ==== config(27 keys) v1 ==== 1037+0+0 (secure 0 0 0) 0x7f29b4003e90 con 0x7f29c4106600
2024-04-27T01:57:34.204 INFO:teuthology.orchestra.run.smithi029.stdout:/usr/bin/ceph: stderr
2024-04-27T01:57:30.972+0000 7f29c27fc700 1 -- 172.21.15.29:0/1208812764 <== mon.0 v2:172.21.15.29:3300/0 3 ==== mon_map magic: 0 v1 ==== 229+0+0 (secure 0 0 0) 0x7f29b4004380 con 0x7f29c4106600
2024-04-27T01:57:34.204 INFO:teuthology.orchestra.run.smithi029.stdout:/usr/bin/ceph: stderr
2024-04-27T01:57:30.973+0000 7f29c9e6e700 1 -- 172.21.15.29:0/1208812764 >> [v2:172.21.15.29:3300/0,v1:172.21.15.29:6789/0] conn(0x7f29c4106600 msgr2=0x7f29c41089e0 secure :-1 s=STATE_CONNECTION_ESTABLISHED l=1).mark_down
2024-04-27T01:57:34.204 INFO:teuthology.orchestra.run.smithi029.stdout:/usr/bin/ceph: stderr
2024-04-27T01:57:30.973+0000 7f29c9e6e700 1 --2- 172.21.15.29:0/1208812764 >> [v2:172.21.15.29:3300/0,v1:172.21.15.29:6789/0] conn(0x7f29c4106600 0x7f29c41089e0 secure :-1 s=READY pgs=45 cs=0 l=1 rev1=1 crypto rx=0x7f29b4009e80 tx=0x7f29b400b330 comp rx=0 tx=0).stop
2024-04-27T01:57:34.204 INFO:teuthology.orchestra.run.smithi029.stdout:/usr/bin/ceph: stderr
2024-04-27T01:57:30.973+0000 7f29c9e6e700 1 -- 172.21.15.29:0/1208812764 shutdown_connections
2024-04-27T01:57:34.204 INFO:teuthology.orchestra.run.smithi029.stdout:/usr/bin/ceph: stderr
2024-04-27T01:57:30.973+0000 7f29c9e6e700 1 --2- 172.21.15.29:0/1208812764 >> [v2:172.21.15.29:3300/0,v1:172.21.15.29:6789/0] conn(0x7f29c4106600 0x7f29c41089e0 unknown :-1 s=CLOSED pgs=45 cs=0 l=1 rev1=1 crypto rx=0 tx=0 comp rx=0 tx=0).stop
2024-04-27T01:57:34.204 INFO:teuthology.orchestra.run.smithi029.stdout:/usr/bin/ceph: stderr
2024-04-27T01:57:30.973+0000 7f29c9e6e700 1 -- 172.21.15.29:0/1208812764 >> 172.21.15.29:0/1208812764 conn(0x7f29c4100080 msgr2=0x7f29c4102490 unknown :-1 s=STATE_NONE l=0).mark_down
2024-04-27T01:57:34.204 INFO:teuthology.orchestra.run.smithi029.stdout:/usr/bin/ceph: stderr
2024-04-27T01:57:30.973+0000 7f29c9e6e700 1 -- 172.21.15.29:0/1208812764 shutdown_connections
2024-04-27T01:57:34.204 INFO:teuthology.orchestra.run.smithi029.stdout:/usr/bin/ceph: stderr
2024-04-27T01:57:30.973+0000 7f29c9e6e700 1 -- 172.21.15.29:0/1208812764 wait complete.
2024-04-27T01:57:34.204 INFO:teuthology.orchestra.run.smithi029.stdout:/usr/bin/ceph: stderr
2024-04-27T01:57:30.973+0000 7f29c9e6e700 1 Processor -- start
2024-04-27T01:57:34.204 INFO:teuthology.orchestra.run.smithi029.stdout:/usr/bin/ceph: stderr
2024-04-27T01:57:30.974+0000 7f29c9e6e700 1 -- start start
2024-04-27T01:57:34.204 INFO:teuthology.orchestra.run.smithi029.stdout:/usr/bin/ceph: stderr
2024-04-27T01:57:30.974+0000 7f29c9e6e700 1 --2- >> [v2:172.21.15.29:3300/0,v1:172.21.15.29:6789/0] conn(0x7f29c4106600 0x7f29c41997d0 unknown :-1 s=NONE pgs=0 cs=0 l=1 rev1=0 crypto rx=0 tx=0 comp rx=0 tx=0).connect
2024-04-27T01:57:34.204 INFO:teuthology.orchestra.run.smithi029.stdout:/usr/bin/ceph: stderr
2024-04-27T01:57:30.974+0000 7f29c9e6e700 1 -- --> [v2:172.21.15.29:3300/0,v1:172.21.15.29:6789/0] -- mon_getmap magic: 0 v1 -- 0x7f29c4199d10 con 0x7f29c4106600
2024-04-27T01:57:34.204 INFO:teuthology.orchestra.run.smithi029.stdout:/usr/bin/ceph: stderr
2024-04-27T01:57:30.974+0000 7f29c37fe700 1 --2- >> [v2:172.21.15.29:3300/0,v1:172.21.15.29:6789/0] conn(0x7f29c4106600 0x7f29c41997d0 unknown :-1 s=BANNER_CONNECTING pgs=0 cs=0 l=1 rev1=0 crypto rx=0 tx=0 comp rx=0 tx=0)._handle_peer_banner_payload supported=3 required=0
2024-04-27T01:57:34.204 INFO:teuthology.orchestra.run.smithi029.stdout:/usr/bin/ceph: stderr
2024-04-27T01:57:30.974+0000 7f29c37fe700 1 --2- >> [v2:172.21.15.29:3300/0,v1:172.21.15.29:6789/0] conn(0x7f29c4106600 0x7f29c41997d0 unknown :-1 s=HELLO_CONNECTING pgs=0 cs=0 l=1 rev1=1 crypto rx=0 tx=0 comp rx=0 tx=0).handle_hello peer v2:172.21.15.29:3300/0 says I am v2:172.21.15.29:42638/0 (socket says 172.21.15.29:42638)
2024-04-27T01:57:34.205 INFO:teuthology.orchestra.run.smithi029.stdout:/usr/bin/ceph: stderr
2024-04-27T01:57:30.974+0000 7f29c37fe700 1 -- 172.21.15.29:0/1067677564 learned_addr learned my addr 172.21.15.29:0/1067677564 (peer_addr_for_me v2:172.21.15.29:0/0)
2024-04-27T01:57:34.205 INFO:teuthology.orchestra.run.smithi029.stdout:/usr/bin/ceph: stderr
2024-04-27T01:57:30.974+0000 7f29c37fe700 1 -- 172.21.15.29:0/1067677564 --> [v2:172.21.15.29:3300/0,v1:172.21.15.29:6789/0] -- mon_subscribe({config=0+,monmap=0+}) v3 -- 0x7f29b4009b30 con 0x7f29c4106600
2024-04-27T01:57:34.205 INFO:teuthology.orchestra.run.smithi029.stdout:/usr/bin/ceph: stderr
2024-04-27T01:57:30.974+0000 7f29c37fe700 1 --2- 172.21.15.29:0/1067677564 >> [v2:172.21.15.29:3300/0,v1:172.21.15.29:6789/0] conn(0x7f29c4106600 0x7f29c41997d0 secure :-1 s=READY pgs=46 cs=0 l=1 rev1=1 crypto rx=0x7f29b400b7b0 tx=0x7f29b4004430 comp rx=0 tx=0).ready entity=mon.0 client_cookie=0 server_cookie=0 in_seq=0 out_seq=0
2024-04-27T01:57:34.205 INFO:teuthology.orchestra.run.smithi029.stdout:/usr/bin/ceph: stderr
2024-04-27T01:57:30.974+0000 7f29c0ff9700 1 -- 172.21.15.29:0/1067677564 <== mon.0 v2:172.21.15.29:3300/0 1 ==== mon_map magic: 0 v1 ==== 229+0+0 (secure 0 0 0) 0x7f29b400e040 con 0x7f29c4106600
2024-04-27T01:57:34.205 INFO:teuthology.orchestra.run.smithi029.stdout:/usr/bin/ceph: stderr
2024-04-27T01:57:30.975+0000 7f29c9e6e700 1 -- 172.21.15.29:0/1067677564 --> [v2:172.21.15.29:3300/0,v1:172.21.15.29:6789/0] -- mon_subscribe({mgrmap=0+}) v3 -- 0x7f29c4199f10 con 0x7f29c4106600
2024-04-27T01:57:34.205 INFO:teuthology.orchestra.run.smithi029.stdout:/usr/bin/ceph: stderr
2024-04-27T01:57:30.975+0000 7f29c0ff9700 1 -- 172.21.15.29:0/1067677564 <== mon.0 v2:172.21.15.29:3300/0 2 ==== config(27 keys) v1 ==== 1037+0+0 (secure 0 0 0) 0x7f29b4003c70 con 0x7f29c4106600
2024-04-27T01:57:34.205 INFO:teuthology.orchestra.run.smithi029.stdout:/usr/bin/ceph: stderr
2024-04-27T01:57:30.975+0000 7f29c0ff9700 1 -- 172.21.15.29:0/1067677564 <== mon.0 v2:172.21.15.29:3300/0 3 ==== mon_map magic: 0 v1 ==== 229+0+0 (secure 0 0 0) 0x7f29b401b730 con 0x7f29c4106600
2024-04-27T01:57:34.205 INFO:teuthology.orchestra.run.smithi029.stdout:/usr/bin/ceph: stderr
2024-04-27T01:57:30.975+0000 7f29c9e6e700 1 -- 172.21.15.29:0/1067677564 --> [v2:172.21.15.29:3300/0,v1:172.21.15.29:6789/0] -- mon_subscribe({osdmap=0}) v3 -- 0x7f29c419a390 con 0x7f29c4106600
2024-04-27T01:57:34.205 INFO:teuthology.orchestra.run.smithi029.stdout:/usr/bin/ceph: stderr
2024-04-27T01:57:30.975+0000 7f29c0ff9700 1 -- 172.21.15.29:0/1067677564 <== mon.0 v2:172.21.15.29:3300/0 4 ==== mgrmap(e 8) v1 ==== 45084+0+0 (secure 0 0 0) 0x7f29b4019040 con 0x7f29c4106600
2024-04-27T01:57:34.205 INFO:teuthology.orchestra.run.smithi029.stdout:/usr/bin/ceph: stderr
2024-04-27T01:57:30.975+0000 7f29c9e6e700 1 -- 172.21.15.29:0/1067677564 --> [v2:172.21.15.29:3300/0,v1:172.21.15.29:6789/0] -- mon_command({"prefix": "get_command_descriptions"} v 0) v1 -- 0x7f29c40623f0 con 0x7f29c4106600
2024-04-27T01:57:34.205 INFO:teuthology.orchestra.run.smithi029.stdout:/usr/bin/ceph: stderr
2024-04-27T01:57:30.976+0000 7f29c0ff9700 1 --2- 172.21.15.29:0/1067677564 >> [v2:172.21.15.29:6800/3873642219,v1:172.21.15.29:6801/3873642219] conn(0x7f29b00383b0 0x7f29b003a860 unknown :-1 s=NONE pgs=0 cs=0 l=1 rev1=0 crypto rx=0 tx=0 comp rx=0 tx=0).connect
2024-04-27T01:57:34.205 INFO:teuthology.orchestra.run.smithi029.stdout:/usr/bin/ceph: stderr
2024-04-27T01:57:30.976+0000 7f29c0ff9700 1 -- 172.21.15.29:0/1067677564 <== mon.0 v2:172.21.15.29:3300/0 5 ==== osd_map(2..2 src has 1..2) v4 ==== 940+0+0 (secure 0 0 0) 0x7f29b404c040 con 0x7f29c4106600
2024-04-27T01:57:34.205 INFO:teuthology.orchestra.run.smithi029.stdout:/usr/bin/ceph: stderr
2024-04-27T01:57:30.976+0000 7f29c2ffd700 1 --2- 172.21.15.29:0/1067677564 >> [v2:172.21.15.29:6800/3873642219,v1:172.21.15.29:6801/3873642219] conn(0x7f29b00383b0 0x7f29b003a860 unknown :-1 s=BANNER_CONNECTING pgs=0 cs=0 l=1 rev1=0 crypto rx=0 tx=0 comp rx=0 tx=0)._handle_peer_banner_payload supported=3 required=0
2024-04-27T01:57:34.206 INFO:teuthology.orchestra.run.smithi029.stdout:/usr/bin/ceph: stderr
2024-04-27T01:57:30.976+0000 7f29c2ffd700 1 --2- 172.21.15.29:0/1067677564 >> [v2:172.21.15.29:6800/3873642219,v1:172.21.15.29:6801/3873642219] conn(0x7f29b00383b0 0x7f29b003a860 secure :-1 s=READY pgs=11 cs=0 l=1 rev1=1 crypto rx=0x7f29ac006fd0 tx=0x7f29ac006e40 comp rx=0 tx=0).ready entity=mgr.14120 client_cookie=0 server_cookie=0 in_seq=0 out_seq=0
2024-04-27T01:57:34.206 INFO:teuthology.orchestra.run.smithi029.stdout:/usr/bin/ceph: stderr
2024-04-27T01:57:30.980+0000 7f29c0ff9700 1 -- 172.21.15.29:0/1067677564 <== mon.0 v2:172.21.15.29:3300/0 6 ==== mon_command_ack([{"prefix": "get_command_descriptions"}]=0 v0) v1 ==== 72+0+177933 (secure 0 0 0) 0x7f29c40623f0 con 0x7f29c4106600
2024-04-27T01:57:34.206 INFO:teuthology.orchestra.run.smithi029.stdout:/usr/bin/ceph: stderr
2024-04-27T01:57:31.184+0000 7f29c9e6e700 1 -- 172.21.15.29:0/1067677564 --> [v2:172.21.15.29:6800/3873642219,v1:172.21.15.29:6801/3873642219] -- mgr_command(tid 0: {"prefix": "orch host add", "hostname": "smithi029", "addr": "172.21.15.29", "target": ["mon-mgr", ""]}) v1 -- 0x7f29c4062380 con 0x7f29b00383b0
2024-04-27T01:57:34.206 INFO:teuthology.orchestra.run.smithi029.stdout:/usr/bin/ceph: stderr
2024-04-27T01:57:33.571+0000 7f29c0ff9700 1 -- 172.21.15.29:0/1067677564 <== mgr.14120 v2:172.21.15.29:6800/3873642219 1 ==== mgr_command_reply(tid 0: 0 ) v1 ==== 8+0+48 (secure 0 0 0) 0x7f29c4062380 con 0x7f29b00383b0
2024-04-27T01:57:34.206 INFO:teuthology.orchestra.run.smithi029.stdout:/usr/bin/ceph: stderr
2024-04-27T01:57:33.573+0000 7f29c9e6e700 1 -- 172.21.15.29:0/1067677564 >> [v2:172.21.15.29:6800/3873642219,v1:172.21.15.29:6801/3873642219] conn(0x7f29b00383b0 msgr2=0x7f29b003a860 secure :-1 s=STATE_CONNECTION_ESTABLISHED l=1).mark_down
2024-04-27T01:57:34.206 INFO:teuthology.orchestra.run.smithi029.stdout:/usr/bin/ceph: stderr
2024-04-27T01:57:33.573+0000 7f29c9e6e700 1 --2- 172.21.15.29:0/1067677564 >> [v2:172.21.15.29:6800/3873642219,v1:172.21.15.29:6801/3873642219] conn(0x7f29b00383b0 0x7f29b003a860 secure :-1 s=READY pgs=11 cs=0 l=1 rev1=1 crypto rx=0x7f29ac006fd0 tx=0x7f29ac006e40 comp rx=0 tx=0).stop
2024-04-27T01:57:34.206 INFO:teuthology.orchestra.run.smithi029.stdout:/usr/bin/ceph: stderr
2024-04-27T01:57:33.573+0000 7f29c9e6e700 1 -- 172.21.15.29:0/1067677564 >> [v2:172.21.15.29:3300/0,v1:172.21.15.29:6789/0] conn(0x7f29c4106600 msgr2=0x7f29c41997d0 secure :-1 s=STATE_CONNECTION_ESTABLISHED l=1).mark_down
2024-04-27T01:57:34.206 INFO:teuthology.orchestra.run.smithi029.stdout:/usr/bin/ceph: stderr
2024-04-27T01:57:33.573+0000 7f29c9e6e700 1 --2- 172.21.15.29:0/1067677564 >> [v2:172.21.15.29:3300/0,v1:172.21.15.29:6789/0] conn(0x7f29c4106600 0x7f29c41997d0 secure :-1 s=READY pgs=46 cs=0 l=1 rev1=1 crypto rx=0x7f29b400b7b0 tx=0x7f29b4004430 comp rx=0 tx=0).stop
2024-04-27T01:57:34.206 INFO:teuthology.orchestra.run.smithi029.stdout:/usr/bin/ceph: stderr
2024-04-27T01:57:33.573+0000 7f29c9e6e700 1 -- 172.21.15.29:0/1067677564 shutdown_connections
2024-04-27T01:57:34.207 INFO:teuthology.orchestra.run.smithi029.stdout:/usr/bin/ceph: stderr
2024-04-27T01:57:33.573+0000 7f29c9e6e700 1 --2- 172.21.15.29:0/1067677564 >> [v2:172.21.15.29:6800/3873642219,v1:172.21.15.29:6801/3873642219] conn(0x7f29b00383b0 0x7f29b003a860 unknown :-1 s=CLOSED pgs=11 cs=0 l=1 rev1=1 crypto rx=0 tx=0 comp rx=0 tx=0).stop
2024-04-27T01:57:34.207 INFO:teuthology.orchestra.run.smithi029.stdout:/usr/bin/ceph: stderr
2024-04-27T01:57:33.573+0000 7f29c9e6e700 1 --2- 172.21.15.29:0/1067677564 >> [v2:172.21.15.29:3300/0,v1:172.21.15.29:6789/0] conn(0x7f29c4106600 0x7f29c41997d0 unknown :-1 s=CLOSED pgs=46 cs=0 l=1 rev1=1 crypto rx=0 tx=0 comp rx=0 tx=0).stop
2024-04-27T01:57:34.207 INFO:teuthology.orchestra.run.smithi029.stdout:/usr/bin/ceph: stderr
2024-04-27T01:57:33.573+0000 7f29c9e6e700 1 -- 172.21.15.29:0/1067677564 >> 172.21.15.29:0/1067677564 conn(0x7f29c4100080 msgr2=0x7f29c4100e20 unknown :-1 s=STATE_NONE l=0).mark_down
2024-04-27T01:57:34.207 INFO:teuthology.orchestra.run.smithi029.stdout:/usr/bin/ceph: stderr
2024-04-27T01:57:33.574+0000 7f29c9e6e700 1 -- 172.21.15.29:0/1067677564 shutdown_connections
2024-04-27T01:57:34.207 INFO:teuthology.orchestra.run.smithi029.stdout:/usr/bin/ceph: stderr
2024-04-27T01:57:33.574+0000 7f29c9e6e700 1 -- 172.21.15.29:0/1067677564 wait complete.
2024-04-27T01:57:34.207 INFO:teuthology.orchestra.run.smithi029.stdout:Deploying mon service with default placement...
2024-04-27T01:57:34.876 INFO:journalctl@ceph.mon.smithi029.smithi029.stdout:Apr 27 01:57:34 smithi029 ceph-mon[26769]: from='mgr.14120 172.21.15.29:0/707109264' entity='mgr.smithi029.ewvdzs'
2024-04-27T01:57:34.876 INFO:journalctl@ceph.mon.smithi029.smithi029.stdout:Apr 27 01:57:34 smithi029 ceph-mon[26769]: Added host smithi029
2024-04-27T01:57:34.876 INFO:journalctl@ceph.mon.smithi029.smithi029.stdout:Apr 27 01:57:34 smithi029 ceph-mon[26769]: from='mgr.14120 172.21.15.29:0/707109264' entity='mgr.smithi029.ewvdzs' cmd=[{"prefix": "config dump", "format": "json"}]: dispatch
2024-04-27T01:57:35.867 INFO:teuthology.orchestra.run.smithi029.stdout:/usr/bin/ceph: stdout Scheduled mon update...
2024-04-27T01:57:35.868 INFO:teuthology.orchestra.run.smithi029.stdout:/usr/bin/ceph: stderr
2024-04-27T01:57:34.683+0000 7f5813b3f700 1 Processor -- start
2024-04-27T01:57:35.868 INFO:teuthology.orchestra.run.smithi029.stdout:/usr/bin/ceph: stderr
2024-04-27T01:57:34.683+0000 7f5813b3f700 1 -- start start
2024-04-27T01:57:35.868 INFO:teuthology.orchestra.run.smithi029.stdout:/usr/bin/ceph: stderr
2024-04-27T01:57:34.683+0000 7f5813b3f700 1 --2- >> [v2:172.21.15.29:3300/0,v1:172.21.15.29:6789/0] conn(0x7f580c106670 0x7f580c108a50 unknown :-1 s=NONE pgs=0 cs=0 l=0 rev1=0 crypto rx=0 tx=0 comp rx=0 tx=0).connect
2024-04-27T01:57:35.868 INFO:teuthology.orchestra.run.smithi029.stdout:/usr/bin/ceph: stderr
2024-04-27T01:57:34.683+0000 7f5813b3f700 1 -- --> [v2:172.21.15.29:3300/0,v1:172.21.15.29:6789/0] -- mon_getmap magic: 0 v1 -- 0x7f580c0744b0 con 0x7f580c106670
2024-04-27T01:57:35.868 INFO:teuthology.orchestra.run.smithi029.stdout:/usr/bin/ceph: stderr
2024-04-27T01:57:34.684+0000 7f58118db700 1 --2- >> [v2:172.21.15.29:3300/0,v1:172.21.15.29:6789/0] conn(0x7f580c106670 0x7f580c108a50 unknown :-1 s=BANNER_CONNECTING pgs=0 cs=0 l=0 rev1=0 crypto rx=0 tx=0 comp rx=0 tx=0)._handle_peer_banner_payload supported=3 required=0
2024-04-27T01:57:35.868 INFO:teuthology.orchestra.run.smithi029.stdout:/usr/bin/ceph: stderr
2024-04-27T01:57:34.684+0000 7f58118db700 1 --2- >> [v2:172.21.15.29:3300/0,v1:172.21.15.29:6789/0] conn(0x7f580c106670 0x7f580c108a50 unknown :-1 s=HELLO_CONNECTING pgs=0 cs=0 l=0 rev1=1 crypto rx=0 tx=0 comp rx=0 tx=0).handle_hello peer v2:172.21.15.29:3300/0 says I am v2:172.21.15.29:42650/0 (socket says 172.21.15.29:42650)
2024-04-27T01:57:35.868 INFO:teuthology.orchestra.run.smithi029.stdout:/usr/bin/ceph: stderr
2024-04-27T01:57:34.684+0000 7f58118db700 1 -- 172.21.15.29:0/4051047743 learned_addr learned my addr 172.21.15.29:0/4051047743 (peer_addr_for_me v2:172.21.15.29:0/0)
2024-04-27T01:57:35.868 INFO:teuthology.orchestra.run.smithi029.stdout:/usr/bin/ceph: stderr
2024-04-27T01:57:34.684+0000 7f58118db700 1 -- 172.21.15.29:0/4051047743 --> [v2:172.21.15.29:3300/0,v1:172.21.15.29:6789/0] -- mon_subscribe({config=0+,monmap=0+}) v3 -- 0x7f580c0745f0 con 0x7f580c106670
2024-04-27T01:57:35.869 INFO:teuthology.orchestra.run.smithi029.stdout:/usr/bin/ceph: stderr
2024-04-27T01:57:34.684+0000 7f58118db700 1 --2- 172.21.15.29:0/4051047743 >> [v2:172.21.15.29:3300/0,v1:172.21.15.29:6789/0] conn(0x7f580c106670 0x7f580c108a50 secure :-1 s=READY pgs=47 cs=0 l=1 rev1=1 crypto rx=0x7f58080098a0 tx=0x7f5808009bb0 comp rx=0 tx=0).ready entity=mon.0 client_cookie=3dcba0eb90360ae8 server_cookie=0 in_seq=0 out_seq=0
2024-04-27T01:57:35.869 INFO:teuthology.orchestra.run.smithi029.stdout:/usr/bin/ceph: stderr
2024-04-27T01:57:34.684+0000 7f58108d9700 1 -- 172.21.15.29:0/4051047743 <== mon.0 v2:172.21.15.29:3300/0 1 ==== mon_map magic: 0 v1 ==== 229+0+0 (secure 0 0 0) 0x7f5808004180 con 0x7f580c106670
2024-04-27T01:57:35.869 INFO:teuthology.orchestra.run.smithi029.stdout:/usr/bin/ceph: stderr
2024-04-27T01:57:34.684+0000 7f58108d9700 1 -- 172.21.15.29:0/4051047743 <== mon.0 v2:172.21.15.29:3300/0 2 ==== config(27 keys) v1 ==== 1037+0+0 (secure 0 0 0) 0x7f58080042e0 con 0x7f580c106670
2024-04-27T01:57:35.869 INFO:teuthology.orchestra.run.smithi029.stdout:/usr/bin/ceph: stderr
2024-04-27T01:57:34.684+0000 7f58108d9700 1 -- 172.21.15.29:0/4051047743 <== mon.0 v2:172.21.15.29:3300/0 3 ==== mon_map magic: 0 v1 ==== 229+0+0 (secure 0 0 0) 0x7f5808011a50 con 0x7f580c106670
2024-04-27T01:57:35.869 INFO:teuthology.orchestra.run.smithi029.stdout:/usr/bin/ceph: stderr
2024-04-27T01:57:34.685+0000 7f5813b3f700 1 -- 172.21.15.29:0/4051047743 >> [v2:172.21.15.29:3300/0,v1:172.21.15.29:6789/0] conn(0x7f580c106670 msgr2=0x7f580c108a50 secure :-1 s=STATE_CONNECTION_ESTABLISHED l=1).mark_down
2024-04-27T01:57:35.869 INFO:teuthology.orchestra.run.smithi029.stdout:/usr/bin/ceph: stderr
2024-04-27T01:57:34.685+0000 7f5813b3f700 1 --2- 172.21.15.29:0/4051047743 >> [v2:172.21.15.29:3300/0,v1:172.21.15.29:6789/0] conn(0x7f580c106670 0x7f580c108a50 secure :-1 s=READY pgs=47 cs=0 l=1 rev1=1 crypto rx=0x7f58080098a0 tx=0x7f5808009bb0 comp rx=0 tx=0).stop
2024-04-27T01:57:35.869 INFO:teuthology.orchestra.run.smithi029.stdout:/usr/bin/ceph: stderr
2024-04-27T01:57:34.685+0000 7f5813b3f700 1 -- 172.21.15.29:0/4051047743 shutdown_connections
2024-04-27T01:57:35.869 INFO:teuthology.orchestra.run.smithi029.stdout:/usr/bin/ceph: stderr
2024-04-27T01:57:34.685+0000 7f5813b3f700 1 --2- 172.21.15.29:0/4051047743 >> [v2:172.21.15.29:3300/0,v1:172.21.15.29:6789/0] conn(0x7f580c106670 0x7f580c108a50 unknown :-1 s=CLOSED pgs=47 cs=0 l=1 rev1=1 crypto rx=0 tx=0 comp rx=0 tx=0).stop
2024-04-27T01:57:35.869 INFO:teuthology.orchestra.run.smithi029.stdout:/usr/bin/ceph: stderr
2024-04-27T01:57:34.685+0000 7f5813b3f700 1 -- 172.21.15.29:0/4051047743 >> 172.21.15.29:0/4051047743 conn(0x7f580c100070 msgr2=0x7f580c102480 unknown :-1 s=STATE_NONE l=0).mark_down
2024-04-27T01:57:35.869 INFO:teuthology.orchestra.run.smithi029.stdout:/usr/bin/ceph: stderr
2024-04-27T01:57:34.685+0000 7f5813b3f700 1 -- 172.21.15.29:0/4051047743 shutdown_connections
2024-04-27T01:57:35.869 INFO:teuthology.orchestra.run.smithi029.stdout:/usr/bin/ceph: stderr
2024-04-27T01:57:34.685+0000 7f5813b3f700 1 -- 172.21.15.29:0/4051047743 wait complete.
2024-04-27T01:57:35.870 INFO:teuthology.orchestra.run.smithi029.stdout:/usr/bin/ceph: stderr
2024-04-27T01:57:34.686+0000 7f5813b3f700 1 Processor -- start
2024-04-27T01:57:35.870 INFO:teuthology.orchestra.run.smithi029.stdout:/usr/bin/ceph: stderr
2024-04-27T01:57:34.686+0000 7f5813b3f700 1 -- start start
2024-04-27T01:57:35.870 INFO:teuthology.orchestra.run.smithi029.stdout:/usr/bin/ceph: stderr
2024-04-27T01:57:34.686+0000 7f5813b3f700 1 --2- >> [v2:172.21.15.29:3300/0,v1:172.21.15.29:6789/0] conn(0x7f580c106670 0x7f580c199850 unknown :-1 s=NONE pgs=0 cs=0 l=1 rev1=0 crypto rx=0 tx=0 comp rx=0 tx=0).connect
2024-04-27T01:57:35.870 INFO:teuthology.orchestra.run.smithi029.stdout:/usr/bin/ceph: stderr
2024-04-27T01:57:34.686+0000 7f5813b3f700 1 -- --> [v2:172.21.15.29:3300/0,v1:172.21.15.29:6789/0] -- mon_getmap magic: 0 v1 -- 0x7f580c199d90 con 0x7f580c106670
2024-04-27T01:57:35.870 INFO:teuthology.orchestra.run.smithi029.stdout:/usr/bin/ceph: stderr
2024-04-27T01:57:34.686+0000 7f58118db700 1 --2- >> [v2:172.21.15.29:3300/0,v1:172.21.15.29:6789/0] conn(0x7f580c106670 0x7f580c199850 unknown :-1 s=BANNER_CONNECTING pgs=0 cs=0 l=1 rev1=0 crypto rx=0 tx=0 comp rx=0 tx=0)._handle_peer_banner_payload supported=3 required=0
2024-04-27T01:57:35.870 INFO:teuthology.orchestra.run.smithi029.stdout:/usr/bin/ceph: stderr
2024-04-27T01:57:34.686+0000 7f58118db700 1 --2- >> [v2:172.21.15.29:3300/0,v1:172.21.15.29:6789/0] conn(0x7f580c106670 0x7f580c199850 unknown :-1 s=HELLO_CONNECTING pgs=0 cs=0 l=1 rev1=1 crypto rx=0 tx=0 comp rx=0 tx=0).handle_hello peer v2:172.21.15.29:3300/0 says I am v2:172.21.15.29:42652/0 (socket says 172.21.15.29:42652)
2024-04-27T01:57:35.870 INFO:teuthology.orchestra.run.smithi029.stdout:/usr/bin/ceph: stderr
2024-04-27T01:57:34.686+0000 7f58118db700 1 -- 172.21.15.29:0/860658586 learned_addr learned my addr 172.21.15.29:0/860658586 (peer_addr_for_me v2:172.21.15.29:0/0)
2024-04-27T01:57:35.870 INFO:teuthology.orchestra.run.smithi029.stdout:/usr/bin/ceph: stderr
2024-04-27T01:57:34.686+0000 7f58118db700 1 -- 172.21.15.29:0/860658586 --> [v2:172.21.15.29:3300/0,v1:172.21.15.29:6789/0] -- mon_subscribe({config=0+,monmap=0+}) v3 -- 0x7f5808009550 con 0x7f580c106670
2024-04-27T01:57:35.870 INFO:teuthology.orchestra.run.smithi029.stdout:/usr/bin/ceph: stderr
2024-04-27T01:57:34.687+0000 7f58118db700 1 --2- 172.21.15.29:0/860658586 >> [v2:172.21.15.29:3300/0,v1:172.21.15.29:6789/0] conn(0x7f580c106670 0x7f580c199850 secure :-1 s=READY pgs=48 cs=0 l=1 rev1=1 crypto rx=0x7f5808000c00 tx=0x7f5808011ab0 comp rx=0 tx=0).ready entity=mon.0 client_cookie=0 server_cookie=0 in_seq=0 out_seq=0
2024-04-27T01:57:35.870 INFO:teuthology.orchestra.run.smithi029.stdout:/usr/bin/ceph: stderr
2024-04-27T01:57:34.687+0000 7f5802ffd700 1 -- 172.21.15.29:0/860658586 <== mon.0 v2:172.21.15.29:3300/0 1 ==== mon_map magic: 0 v1 ==== 229+0+0 (secure 0 0 0) 0x7f5808003b90 con 0x7f580c106670
2024-04-27T01:57:35.870 INFO:teuthology.orchestra.run.smithi029.stdout:/usr/bin/ceph: stderr
2024-04-27T01:57:34.687+0000 7f5802ffd700 1 -- 172.21.15.29:0/860658586 <== mon.0 v2:172.21.15.29:3300/0 2 ==== config(27 keys) v1 ==== 1037+0+0 (secure 0 0 0) 0x7f58080248b0 con 0x7f580c106670
2024-04-27T01:57:35.870 INFO:teuthology.orchestra.run.smithi029.stdout:/usr/bin/ceph: stderr
2024-04-27T01:57:34.687+0000 7f5802ffd700 1 -- 172.21.15.29:0/860658586 <== mon.0 v2:172.21.15.29:3300/0 3 ==== mon_map magic: 0 v1 ==== 229+0+0 (secure 0 0 0) 0x7f580801a8e0 con 0x7f580c106670
2024-04-27T01:57:35.870 INFO:teuthology.orchestra.run.smithi029.stdout:/usr/bin/ceph: stderr
2024-04-27T01:57:34.687+0000 7f5813b3f700 1 -- 172.21.15.29:0/860658586 --> [v2:172.21.15.29:3300/0,v1:172.21.15.29:6789/0] -- mon_subscribe({mgrmap=0+}) v3 -- 0x7f580c199f90 con 0x7f580c106670
2024-04-27T01:57:35.871 INFO:teuthology.orchestra.run.smithi029.stdout:/usr/bin/ceph: stderr
2024-04-27T01:57:34.687+0000 7f5813b3f700 1 -- 172.21.15.29:0/860658586 --> [v2:172.21.15.29:3300/0,v1:172.21.15.29:6789/0] -- mon_subscribe({osdmap=0}) v3 -- 0x7f580c19a3b0 con 0x7f580c106670
2024-04-27T01:57:35.871 INFO:teuthology.orchestra.run.smithi029.stdout:/usr/bin/ceph: stderr
2024-04-27T01:57:34.688+0000 7f5802ffd700 1 -- 172.21.15.29:0/860658586 <== mon.0 v2:172.21.15.29:3300/0 4 ==== mgrmap(e 8) v1 ==== 45084+0+0 (secure 0 0 0) 0x7f5808024a20 con 0x7f580c106670
2024-04-27T01:57:35.871 INFO:teuthology.orchestra.run.smithi029.stdout:/usr/bin/ceph: stderr
2024-04-27T01:57:34.688+0000 7f5802ffd700 1 --2- 172.21.15.29:0/860658586 >> [v2:172.21.15.29:6800/3873642219,v1:172.21.15.29:6801/3873642219] conn(0x7f57f8038440 0x7f57f803a8f0 unknown :-1 s=NONE pgs=0 cs=0 l=1 rev1=0 crypto rx=0 tx=0 comp rx=0 tx=0).connect
2024-04-27T01:57:35.871 INFO:teuthology.orchestra.run.smithi029.stdout:/usr/bin/ceph: stderr
2024-04-27T01:57:34.688+0000 7f5802ffd700 1 -- 172.21.15.29:0/860658586 <== mon.0 v2:172.21.15.29:3300/0 5 ==== osd_map(2..2 src has 1..2) v4 ==== 940+0+0 (secure 0 0 0) 0x7f580804c390 con 0x7f580c106670
2024-04-27T01:57:35.871 INFO:teuthology.orchestra.run.smithi029.stdout:/usr/bin/ceph: stderr
2024-04-27T01:57:34.688+0000 7f5813b3f700 1 -- 172.21.15.29:0/860658586 --> [v2:172.21.15.29:3300/0,v1:172.21.15.29:6789/0] -- mon_command({"prefix": "get_command_descriptions"} v 0) v1 -- 0x7f580c062380 con 0x7f580c106670
2024-04-27T01:57:35.871 INFO:teuthology.orchestra.run.smithi029.stdout:/usr/bin/ceph: stderr
2024-04-27T01:57:34.688+0000 7f58110da700 1 --2- 172.21.15.29:0/860658586 >> [v2:172.21.15.29:6800/3873642219,v1:172.21.15.29:6801/3873642219] conn(0x7f57f8038440 0x7f57f803a8f0 unknown :-1 s=BANNER_CONNECTING pgs=0 cs=0 l=1 rev1=0 crypto rx=0 tx=0 comp rx=0 tx=0)._handle_peer_banner_payload supported=3 required=0
2024-04-27T01:57:35.871 INFO:teuthology.orchestra.run.smithi029.stdout:/usr/bin/ceph: stderr
2024-04-27T01:57:34.689+0000 7f58110da700 1 --2- 172.21.15.29:0/860658586 >> [v2:172.21.15.29:6800/3873642219,v1:172.21.15.29:6801/3873642219] conn(0x7f57f8038440 0x7f57f803a8f0 secure :-1 s=READY pgs=12 cs=0 l=1 rev1=1 crypto rx=0x7f57fc006fd0 tx=0x7f57fc006e40 comp rx=0 tx=0).ready entity=mgr.14120 client_cookie=0 server_cookie=0 in_seq=0 out_seq=0
2024-04-27T01:57:35.871 INFO:teuthology.orchestra.run.smithi029.stdout:/usr/bin/ceph: stderr
2024-04-27T01:57:34.693+0000 7f5802ffd700 1 -- 172.21.15.29:0/860658586 <== mon.0 v2:172.21.15.29:3300/0 6 ==== mon_command_ack([{"prefix": "get_command_descriptions"}]=0 v0) v1 ==== 72+0+177933 (secure 0 0 0) 0x7f5808018db0 con 0x7f580c106670
2024-04-27T01:57:35.871 INFO:teuthology.orchestra.run.smithi029.stdout:/usr/bin/ceph: stderr
2024-04-27T01:57:34.908+0000 7f5813b3f700 1 -- 172.21.15.29:0/860658586 --> [v2:172.21.15.29:6800/3873642219,v1:172.21.15.29:6801/3873642219] -- mgr_command(tid 0: {"prefix": "orch apply", "service_type": "mon", "target": ["mon-mgr", ""]}) v1 -- 0x7f580c102380 con 0x7f57f8038440
2024-04-27T01:57:35.871 INFO:teuthology.orchestra.run.smithi029.stdout:/usr/bin/ceph: stderr
2024-04-27T01:57:34.913+0000 7f5802ffd700 1 -- 172.21.15.29:0/860658586 <== mgr.14120 v2:172.21.15.29:6800/3873642219 1 ==== mgr_command_reply(tid 0: 0 ) v1 ==== 8+0+24 (secure 0 0 0) 0x7f580c102380 con 0x7f57f8038440
2024-04-27T01:57:35.871 INFO:teuthology.orchestra.run.smithi029.stdout:/usr/bin/ceph: stderr
2024-04-27T01:57:34.915+0000 7f5813b3f700 1 -- 172.21.15.29:0/860658586 >> [v2:172.21.15.29:6800/3873642219,v1:172.21.15.29:6801/3873642219] conn(0x7f57f8038440 msgr2=0x7f57f803a8f0 secure :-1 s=STATE_CONNECTION_ESTABLISHED l=1).mark_down
2024-04-27T01:57:35.871 INFO:teuthology.orchestra.run.smithi029.stdout:/usr/bin/ceph: stderr
2024-04-27T01:57:34.915+0000 7f5813b3f700 1 --2- 172.21.15.29:0/860658586 >> [v2:172.21.15.29:6800/3873642219,v1:172.21.15.29:6801/3873642219] conn(0x7f57f8038440 0x7f57f803a8f0 secure :-1 s=READY pgs=12 cs=0 l=1 rev1=1 crypto rx=0x7f57fc006fd0 tx=0x7f57fc006e40 comp rx=0 tx=0).stop
2024-04-27T01:57:35.872 INFO:teuthology.orchestra.run.smithi029.stdout:/usr/bin/ceph: stderr
2024-04-27T01:57:34.915+0000 7f5813b3f700 1 -- 172.21.15.29:0/860658586 >> [v2:172.21.15.29:3300/0,v1:172.21.15.29:6789/0] conn(0x7f580c106670 msgr2=0x7f580c199850 secure :-1 s=STATE_CONNECTION_ESTABLISHED l=1).mark_down
2024-04-27T01:57:35.872 INFO:teuthology.orchestra.run.smithi029.stdout:/usr/bin/ceph: stderr
2024-04-27T01:57:34.915+0000 7f5813b3f700 1 --2- 172.21.15.29:0/860658586 >> [v2:172.21.15.29:3300/0,v1:172.21.15.29:6789/0] conn(0x7f580c106670 0x7f580c199850 secure :-1 s=READY pgs=48 cs=0 l=1 rev1=1 crypto rx=0x7f5808000c00 tx=0x7f5808011ab0 comp rx=0 tx=0).stop
2024-04-27T01:57:35.872 INFO:teuthology.orchestra.run.smithi029.stdout:/usr/bin/ceph: stderr
2024-04-27T01:57:34.915+0000 7f5813b3f700 1 -- 172.21.15.29:0/860658586 shutdown_connections
2024-04-27T01:57:35.872 INFO:teuthology.orchestra.run.smithi029.stdout:/usr/bin/ceph: stderr
2024-04-27T01:57:34.915+0000 7f5813b3f700 1 --2- 172.21.15.29:0/860658586 >> [v2:172.21.15.29:6800/3873642219,v1:172.21.15.29:6801/3873642219] conn(0x7f57f8038440 0x7f57f803a8f0 unknown :-1 s=CLOSED pgs=12 cs=0 l=1 rev1=1 crypto rx=0 tx=0 comp rx=0 tx=0).stop
2024-04-27T01:57:35.872 INFO:teuthology.orchestra.run.smithi029.stdout:/usr/bin/ceph: stderr
2024-04-27T01:57:34.915+0000 7f5813b3f700 1 --2- 172.21.15.29:0/860658586 >> [v2:172.21.15.29:3300/0,v1:172.21.15.29:6789/0] conn(0x7f580c106670 0x7f580c199850 unknown :-1 s=CLOSED pgs=48 cs=0 l=1 rev1=1 crypto rx=0 tx=0 comp rx=0 tx=0).stop
2024-04-27T01:57:35.872 INFO:teuthology.orchestra.run.smithi029.stdout:/usr/bin/ceph: stderr
2024-04-27T01:57:34.915+0000 7f5813b3f700 1 -- 172.21.15.29:0/860658586 >> 172.21.15.29:0/860658586 conn(0x7f580c100070 msgr2=0x7f580c101760 unknown :-1 s=STATE_NONE l=0).mark_down
2024-04-27T01:57:35.872 INFO:teuthology.orchestra.run.smithi029.stdout:/usr/bin/ceph: stderr
2024-04-27T01:57:34.915+0000 7f5813b3f700 1 -- 172.21.15.29:0/860658586 shutdown_connections
2024-04-27T01:57:35.872 INFO:teuthology.orchestra.run.smithi029.stdout:/usr/bin/ceph: stderr
2024-04-27T01:57:34.915+0000 7f5813b3f700 1 -- 172.21.15.29:0/860658586 wait complete.
2024-04-27T01:57:35.872 INFO:teuthology.orchestra.run.smithi029.stdout:Deploying mgr service with default placement...
2024-04-27T01:57:36.201 INFO:journalctl@ceph.mon.smithi029.smithi029.stdout:Apr 27 01:57:35 smithi029 ceph-mon[26769]: from='client.14142 -' entity='client.admin' cmd=[{"prefix": "orch apply", "service_type": "mon", "target": ["mon-mgr", ""]}]: dispatch
2024-04-27T01:57:36.202 INFO:journalctl@ceph.mon.smithi029.smithi029.stdout:Apr 27 01:57:35 smithi029 ceph-mon[26769]: Saving service mon spec with placement count:5
2024-04-27T01:57:36.202 INFO:journalctl@ceph.mon.smithi029.smithi029.stdout:Apr 27 01:57:35 smithi029 ceph-mon[26769]: from='mgr.14120 172.21.15.29:0/707109264' entity='mgr.smithi029.ewvdzs'
2024-04-27T01:57:37.645 INFO:journalctl@ceph.mon.smithi029.smithi029.stdout:Apr 27 01:57:37 smithi029 ceph-mon[26769]: from='mgr.14120 172.21.15.29:0/707109264' entity='mgr.smithi029.ewvdzs'
2024-04-27T01:57:37.645 INFO:journalctl@ceph.mon.smithi029.smithi029.stdout:Apr 27 01:57:37 smithi029 ceph-mon[26769]: from='mgr.14120 172.21.15.29:0/707109264' entity='mgr.smithi029.ewvdzs'
2024-04-27T01:57:37.645 INFO:journalctl@ceph.mon.smithi029.smithi029.stdout:Apr 27 01:57:37 smithi029 ceph-mon[26769]: from='mgr.14120 172.21.15.29:0/707109264' entity='mgr.smithi029.ewvdzs'
2024-04-27T01:57:37.648 INFO:teuthology.orchestra.run.smithi029.stdout:/usr/bin/ceph: stdout Scheduled mgr update...
2024-04-27T01:57:37.648 INFO:teuthology.orchestra.run.smithi029.stdout:/usr/bin/ceph: stderr
2024-04-27T01:57:36.773+0000 7f740d890700 1 Processor -- start
2024-04-27T01:57:37.649 INFO:teuthology.orchestra.run.smithi029.stdout:/usr/bin/ceph: stderr
2024-04-27T01:57:36.773+0000 7f740d890700 1 -- start start
2024-04-27T01:57:37.649 INFO:teuthology.orchestra.run.smithi029.stdout:/usr/bin/ceph: stderr
2024-04-27T01:57:36.773+0000 7f740d890700 1 --2- >> [v2:172.21.15.29:3300/0,v1:172.21.15.29:6789/0] conn(0x7f740807be10 0x7f740807a310 unknown :-1 s=NONE pgs=0 cs=0 l=0 rev1=0 crypto rx=0 tx=0 comp rx=0 tx=0).connect
2024-04-27T01:57:37.653 INFO:teuthology.orchestra.run.smithi029.stdout:/usr/bin/ceph: stderr
2024-04-27T01:57:36.773+0000 7f740d890700 1 -- --> [v2:172.21.15.29:3300/0,v1:172.21.15.29:6789/0] -- mon_getmap magic: 0 v1 -- 0x7f740807a850 con 0x7f740807be10
2024-04-27T01:57:37.654 INFO:teuthology.orchestra.run.smithi029.stdout:/usr/bin/ceph: stderr
2024-04-27T01:57:36.773+0000 7f7406ffd700 1 --2- >> [v2:172.21.15.29:3300/0,v1:172.21.15.29:6789/0] conn(0x7f740807be10 0x7f740807a310 unknown :-1 s=BANNER_CONNECTING pgs=0 cs=0 l=0 rev1=0 crypto rx=0 tx=0 comp rx=0 tx=0)._handle_peer_banner_payload supported=3 required=0
2024-04-27T01:57:37.654 INFO:teuthology.orchestra.run.smithi029.stdout:/usr/bin/ceph: stderr
2024-04-27T01:57:36.773+0000 7f7406ffd700 1 --2- >> [v2:172.21.15.29:3300/0,v1:172.21.15.29:6789/0] conn(0x7f740807be10 0x7f740807a310 unknown :-1 s=HELLO_CONNECTING pgs=0 cs=0 l=0 rev1=1 crypto rx=0 tx=0 comp rx=0 tx=0).handle_hello peer v2:172.21.15.29:3300/0 says I am v2:172.21.15.29:44812/0 (socket says 172.21.15.29:44812)
2024-04-27T01:57:37.654 INFO:teuthology.orchestra.run.smithi029.stdout:/usr/bin/ceph: stderr
2024-04-27T01:57:36.773+0000 7f7406ffd700 1 -- 172.21.15.29:0/3478690970 learned_addr learned my addr 172.21.15.29:0/3478690970 (peer_addr_for_me v2:172.21.15.29:0/0)
2024-04-27T01:57:37.654 INFO:teuthology.orchestra.run.smithi029.stdout:/usr/bin/ceph: stderr
2024-04-27T01:57:36.773+0000 7f7406ffd700 1 -- 172.21.15.29:0/3478690970 --> [v2:172.21.15.29:3300/0,v1:172.21.15.29:6789/0] -- mon_subscribe({config=0+,monmap=0+}) v3 -- 0x7f740807a990 con 0x7f740807be10
2024-04-27T01:57:37.654 INFO:teuthology.orchestra.run.smithi029.stdout:/usr/bin/ceph: stderr
2024-04-27T01:57:36.773+0000 7f7406ffd700 1 --2- 172.21.15.29:0/3478690970 >> [v2:172.21.15.29:3300/0,v1:172.21.15.29:6789/0] conn(0x7f740807be10 0x7f740807a310 secure :-1 s=READY pgs=49 cs=0 l=1 rev1=1 crypto rx=0x7f73f8009e80 tx=0x7f73f800b330 comp rx=0 tx=0).ready entity=mon.0 client_cookie=75428770f08bba30 server_cookie=0 in_seq=0 out_seq=0
2024-04-27T01:57:37.654 INFO:teuthology.orchestra.run.smithi029.stdout:/usr/bin/ceph: stderr
2024-04-27T01:57:36.774+0000 7f7405ffb700 1 -- 172.21.15.29:0/3478690970 <== mon.0 v2:172.21.15.29:3300/0 1 ==== mon_map magic: 0 v1 ==== 229+0+0 (secure 0 0 0) 0x7f73f800e070 con 0x7f740807be10
2024-04-27T01:57:37.654 INFO:teuthology.orchestra.run.smithi029.stdout:/usr/bin/ceph: stderr
2024-04-27T01:57:36.774+0000 7f7405ffb700 1 -- 172.21.15.29:0/3478690970 <== mon.0 v2:172.21.15.29:3300/0 2 ==== config(27 keys) v1 ==== 1101+0+0 (secure 0 0 0) 0x7f73f800b8c0 con 0x7f740807be10
2024-04-27T01:57:37.654 INFO:teuthology.orchestra.run.smithi029.stdout:/usr/bin/ceph: stderr
2024-04-27T01:57:36.774+0000 7f7405ffb700 1 -- 172.21.15.29:0/3478690970 <== mon.0 v2:172.21.15.29:3300/0 3 ==== mon_map magic: 0 v1 ==== 229+0+0 (secure 0 0 0) 0x7f73f80044d0 con 0x7f740807be10
2024-04-27T01:57:37.654 INFO:teuthology.orchestra.run.smithi029.stdout:/usr/bin/ceph: stderr
2024-04-27T01:57:36.774+0000 7f740d890700 1 -- 172.21.15.29:0/3478690970 >> [v2:172.21.15.29:3300/0,v1:172.21.15.29:6789/0] conn(0x7f740807be10 msgr2=0x7f740807a310 secure :-1 s=STATE_CONNECTION_ESTABLISHED l=1).mark_down
2024-04-27T01:57:37.654 INFO:teuthology.orchestra.run.smithi029.stdout:/usr/bin/ceph: stderr
2024-04-27T01:57:36.774+0000 7f740d890700 1 --2- 172.21.15.29:0/3478690970 >> [v2:172.21.15.29:3300/0,v1:172.21.15.29:6789/0] conn(0x7f740807be10 0x7f740807a310 secure :-1 s=READY pgs=49 cs=0 l=1 rev1=1 crypto rx=0x7f73f8009e80 tx=0x7f73f800b330 comp rx=0 tx=0).stop
2024-04-27T01:57:37.654 INFO:teuthology.orchestra.run.smithi029.stdout:/usr/bin/ceph: stderr
2024-04-27T01:57:36.774+0000 7f740d890700 1 -- 172.21.15.29:0/3478690970 shutdown_connections
2024-04-27T01:57:37.655 INFO:teuthology.orchestra.run.smithi029.stdout:/usr/bin/ceph: stderr
2024-04-27T01:57:36.774+0000 7f740d890700 1 --2- 172.21.15.29:0/3478690970 >> [v2:172.21.15.29:3300/0,v1:172.21.15.29:6789/0] conn(0x7f740807be10 0x7f740807a310 unknown :-1 s=CLOSED pgs=49 cs=0 l=1 rev1=1 crypto rx=0 tx=0 comp rx=0 tx=0).stop
2024-04-27T01:57:37.655 INFO:teuthology.orchestra.run.smithi029.stdout:/usr/bin/ceph: stderr
2024-04-27T01:57:36.774+0000 7f740d890700 1 -- 172.21.15.29:0/3478690970 >> 172.21.15.29:0/3478690970 conn(0x7f7408101180 msgr2=0x7f7408103590 unknown :-1 s=STATE_NONE l=0).mark_down
2024-04-27T01:57:37.655 INFO:teuthology.orchestra.run.smithi029.stdout:/usr/bin/ceph: stderr
2024-04-27T01:57:36.774+0000 7f740d890700 1 -- 172.21.15.29:0/3478690970 shutdown_connections
2024-04-27T01:57:37.655 INFO:teuthology.orchestra.run.smithi029.stdout:/usr/bin/ceph: stderr
2024-04-27T01:57:36.774+0000 7f740d890700 1 -- 172.21.15.29:0/3478690970 wait complete.
2024-04-27T01:57:37.655 INFO:teuthology.orchestra.run.smithi029.stdout:/usr/bin/ceph: stderr
2024-04-27T01:57:36.775+0000 7f740d890700 1 Processor -- start
2024-04-27T01:57:37.655 INFO:teuthology.orchestra.run.smithi029.stdout:/usr/bin/ceph: stderr
2024-04-27T01:57:36.775+0000 7f740d890700 1 -- start start
2024-04-27T01:57:37.655 INFO:teuthology.orchestra.run.smithi029.stdout:/usr/bin/ceph: stderr
2024-04-27T01:57:36.775+0000 7f740d890700 1 --2- >> [v2:172.21.15.29:3300/0,v1:172.21.15.29:6789/0] conn(0x7f740807be10 0x7f740819ba80 unknown :-1 s=NONE pgs=0 cs=0 l=1 rev1=0 crypto rx=0 tx=0 comp rx=0 tx=0).connect
2024-04-27T01:57:37.655 INFO:teuthology.orchestra.run.smithi029.stdout:/usr/bin/ceph: stderr
2024-04-27T01:57:36.775+0000 7f740d890700 1 -- --> [v2:172.21.15.29:3300/0,v1:172.21.15.29:6789/0] -- mon_getmap magic: 0 v1 -- 0x7f740819bfc0 con 0x7f740807be10
2024-04-27T01:57:37.655 INFO:teuthology.orchestra.run.smithi029.stdout:/usr/bin/ceph: stderr
2024-04-27T01:57:36.775+0000 7f7406ffd700 1 --2- >> [v2:172.21.15.29:3300/0,v1:172.21.15.29:6789/0] conn(0x7f740807be10 0x7f740819ba80 unknown :-1 s=BANNER_CONNECTING pgs=0 cs=0 l=1 rev1=0 crypto rx=0 tx=0 comp rx=0 tx=0)._handle_peer_banner_payload supported=3 required=0
2024-04-27T01:57:37.655 INFO:teuthology.orchestra.run.smithi029.stdout:/usr/bin/ceph: stderr
