2024-04-27T01:57:25.708+0000 7fa45b7fe700 1 --2- >> [v2:172.21.15.29:3300/0,v1:172.21.15.29:6789/0] conn(0x7fa45c104a00 0x7fa45c199810 unknown :-1 s=HELLO_CONNECTING pgs=0 cs=0 l=1 rev1=1 crypto rx=0 tx=0 comp rx=0 tx=0).handle_hello peer v2:172.21.15.29:3300/0 says I am v2:172.21.15.29:50202/0 (socket says 172.21.15.29:50202)
2024-04-27T01:57:26.516 INFO:teuthology.orchestra.run.smithi029.stdout:/usr/bin/ceph: stderr
2024-04-27T01:57:25.708+0000 7fa45b7fe700 1 -- 172.21.15.29:0/3330139349 learned_addr learned my addr 172.21.15.29:0/3330139349 (peer_addr_for_me v2:172.21.15.29:0/0)
2024-04-27T01:57:26.516 INFO:teuthology.orchestra.run.smithi029.stdout:/usr/bin/ceph: stderr
2024-04-27T01:57:25.708+0000 7fa45b7fe700 1 -- 172.21.15.29:0/3330139349 --> [v2:172.21.15.29:3300/0,v1:172.21.15.29:6789/0] -- mon_subscribe({config=0+,monmap=0+}) v3 -- 0x7fa44c009550 con 0x7fa45c104a00
2024-04-27T01:57:26.516 INFO:teuthology.orchestra.run.smithi029.stdout:/usr/bin/ceph: stderr
2024-04-27T01:57:25.708+0000 7fa45b7fe700 1 --2- 172.21.15.29:0/3330139349 >> [v2:172.21.15.29:3300/0,v1:172.21.15.29:6789/0] conn(0x7fa45c104a00 0x7fa45c199810 secure :-1 s=READY pgs=38 cs=0 l=1 rev1=1 crypto rx=0x7fa44c000c00 tx=0x7fa44c011ab0 comp rx=0 tx=0).ready entity=mon.0 client_cookie=0 server_cookie=0 in_seq=0 out_seq=0
2024-04-27T01:57:26.516 INFO:teuthology.orchestra.run.smithi029.stdout:/usr/bin/ceph: stderr
2024-04-27T01:57:25.709+0000 7fa458ff9700 1 -- 172.21.15.29:0/3330139349 <== mon.0 v2:172.21.15.29:3300/0 1 ==== mon_map magic: 0 v1 ==== 229+0+0 (secure 0 0 0) 0x7fa44c003b90 con 0x7fa45c104a00
2024-04-27T01:57:26.516 INFO:teuthology.orchestra.run.smithi029.stdout:/usr/bin/ceph: stderr
2024-04-27T01:57:25.709+0000 7fa461af6700 1 -- 172.21.15.29:0/3330139349 --> [v2:172.21.15.29:3300/0,v1:172.21.15.29:6789/0] -- mon_subscribe({mgrmap=0+}) v3 -- 0x7fa45c199f50 con 0x7fa45c104a00
2024-04-27T01:57:26.516 INFO:teuthology.orchestra.run.smithi029.stdout:/usr/bin/ceph: stderr
2024-04-27T01:57:25.709+0000 7fa458ff9700 1 -- 172.21.15.29:0/3330139349 <== mon.0 v2:172.21.15.29:3300/0 2 ==== config(27 keys) v1 ==== 1037+0+0 (secure 0 0 0) 0x7fa44c0248b0 con 0x7fa45c104a00
2024-04-27T01:57:26.516 INFO:teuthology.orchestra.run.smithi029.stdout:/usr/bin/ceph: stderr
2024-04-27T01:57:25.709+0000 7fa458ff9700 1 -- 172.21.15.29:0/3330139349 <== mon.0 v2:172.21.15.29:3300/0 3 ==== mon_map magic: 0 v1 ==== 229+0+0 (secure 0 0 0) 0x7fa44c01a8e0 con 0x7fa45c104a00
2024-04-27T01:57:26.517 INFO:teuthology.orchestra.run.smithi029.stdout:/usr/bin/ceph: stderr
2024-04-27T01:57:25.709+0000 7fa461af6700 1 -- 172.21.15.29:0/3330139349 --> [v2:172.21.15.29:3300/0,v1:172.21.15.29:6789/0] -- mon_subscribe({osdmap=0}) v3 -- 0x7fa45c19a370 con 0x7fa45c104a00
2024-04-27T01:57:26.517 INFO:teuthology.orchestra.run.smithi029.stdout:/usr/bin/ceph: stderr
2024-04-27T01:57:25.710+0000 7fa458ff9700 1 -- 172.21.15.29:0/3330139349 <== mon.0 v2:172.21.15.29:3300/0 4 ==== mgrmap(e 8) v1 ==== 45084+0+0 (secure 0 0 0) 0x7fa44c01aba0 con 0x7fa45c104a00
2024-04-27T01:57:26.517 INFO:teuthology.orchestra.run.smithi029.stdout:/usr/bin/ceph: stderr
2024-04-27T01:57:25.710+0000 7fa461af6700 1 -- 172.21.15.29:0/3330139349 --> [v2:172.21.15.29:3300/0,v1:172.21.15.29:6789/0] -- mon_command({"prefix": "get_command_descriptions"} v 0) v1 -- 0x7fa45c062380 con 0x7fa45c104a00
2024-04-27T01:57:26.517 INFO:teuthology.orchestra.run.smithi029.stdout:/usr/bin/ceph: stderr
2024-04-27T01:57:25.710+0000 7fa458ff9700 1 --2- 172.21.15.29:0/3330139349 >> [v2:172.21.15.29:6800/3873642219,v1:172.21.15.29:6801/3873642219] conn(0x7fa4440383f0 0x7fa44403a8a0 unknown :-1 s=NONE pgs=0 cs=0 l=1 rev1=0 crypto rx=0 tx=0 comp rx=0 tx=0).connect
2024-04-27T01:57:26.517 INFO:teuthology.orchestra.run.smithi029.stdout:/usr/bin/ceph: stderr
2024-04-27T01:57:25.710+0000 7fa458ff9700 1 -- 172.21.15.29:0/3330139349 <== mon.0 v2:172.21.15.29:3300/0 5 ==== osd_map(2..2 src has 1..2) v4 ==== 940+0+0 (secure 0 0 0) 0x7fa44c04c5a0 con 0x7fa45c104a00
2024-04-27T01:57:26.517 INFO:teuthology.orchestra.run.smithi029.stdout:/usr/bin/ceph: stderr
2024-04-27T01:57:25.710+0000 7fa45affd700 1 --2- 172.21.15.29:0/3330139349 >> [v2:172.21.15.29:6800/3873642219,v1:172.21.15.29:6801/3873642219] conn(0x7fa4440383f0 0x7fa44403a8a0 unknown :-1 s=BANNER_CONNECTING pgs=0 cs=0 l=1 rev1=0 crypto rx=0 tx=0 comp rx=0 tx=0)._handle_peer_banner_payload supported=3 required=0
2024-04-27T01:57:26.517 INFO:teuthology.orchestra.run.smithi029.stdout:/usr/bin/ceph: stderr
2024-04-27T01:57:25.710+0000 7fa45affd700 1 --2- 172.21.15.29:0/3330139349 >> [v2:172.21.15.29:6800/3873642219,v1:172.21.15.29:6801/3873642219] conn(0x7fa4440383f0 0x7fa44403a8a0 secure :-1 s=READY pgs=7 cs=0 l=1 rev1=1 crypto rx=0x7fa450006fd0 tx=0x7fa450006e40 comp rx=0 tx=0).ready entity=mgr.14120 client_cookie=0 server_cookie=0 in_seq=0 out_seq=0
2024-04-27T01:57:26.517 INFO:teuthology.orchestra.run.smithi029.stdout:/usr/bin/ceph: stderr
2024-04-27T01:57:25.715+0000 7fa458ff9700 1 -- 172.21.15.29:0/3330139349 <== mon.0 v2:172.21.15.29:3300/0 6 ==== mon_command_ack([{"prefix": "get_command_descriptions"}]=0 v0) v1 ==== 72+0+177933 (secure 0 0 0) 0x7fa44c024db0 con 0x7fa45c104a00
2024-04-27T01:57:26.517 INFO:teuthology.orchestra.run.smithi029.stdout:/usr/bin/ceph: stderr
2024-04-27T01:57:25.929+0000 7fa461af6700 1 -- 172.21.15.29:0/3330139349 --> [v2:172.21.15.29:6800/3873642219,v1:172.21.15.29:6801/3873642219] -- mgr_command(tid 0: {"prefix": "orch set backend", "module_name": "cephadm", "target": ["mon-mgr", ""]}) v1 -- 0x7fa45c101500 con 0x7fa4440383f0
2024-04-27T01:57:26.517 INFO:teuthology.orchestra.run.smithi029.stdout:/usr/bin/ceph: stderr
2024-04-27T01:57:25.936+0000 7fa458ff9700 1 -- 172.21.15.29:0/3330139349 <== mgr.14120 v2:172.21.15.29:6800/3873642219 1 ==== mgr_command_reply(tid 0: 0 ) v1 ==== 8+0+0 (secure 0 0 0) 0x7fa45c101500 con 0x7fa4440383f0
2024-04-27T01:57:26.517 INFO:teuthology.orchestra.run.smithi029.stdout:/usr/bin/ceph: stderr
2024-04-27T01:57:25.938+0000 7fa461af6700 1 -- 172.21.15.29:0/3330139349 >> [v2:172.21.15.29:6800/3873642219,v1:172.21.15.29:6801/3873642219] conn(0x7fa4440383f0 msgr2=0x7fa44403a8a0 secure :-1 s=STATE_CONNECTION_ESTABLISHED l=1).mark_down
2024-04-27T01:57:26.517 INFO:teuthology.orchestra.run.smithi029.stdout:/usr/bin/ceph: stderr
2024-04-27T01:57:25.938+0000 7fa461af6700 1 --2- 172.21.15.29:0/3330139349 >> [v2:172.21.15.29:6800/3873642219,v1:172.21.15.29:6801/3873642219] conn(0x7fa4440383f0 0x7fa44403a8a0 secure :-1 s=READY pgs=7 cs=0 l=1 rev1=1 crypto rx=0x7fa450006fd0 tx=0x7fa450006e40 comp rx=0 tx=0).stop
2024-04-27T01:57:26.517 INFO:teuthology.orchestra.run.smithi029.stdout:/usr/bin/ceph: stderr
2024-04-27T01:57:25.938+0000 7fa461af6700 1 -- 172.21.15.29:0/3330139349 >> [v2:172.21.15.29:3300/0,v1:172.21.15.29:6789/0] conn(0x7fa45c104a00 msgr2=0x7fa45c199810 secure :-1 s=STATE_CONNECTION_ESTABLISHED l=1).mark_down
2024-04-27T01:57:26.518 INFO:teuthology.orchestra.run.smithi029.stdout:/usr/bin/ceph: stderr
2024-04-27T01:57:25.938+0000 7fa461af6700 1 --2- 172.21.15.29:0/3330139349 >> [v2:172.21.15.29:3300/0,v1:172.21.15.29:6789/0] conn(0x7fa45c104a00 0x7fa45c199810 secure :-1 s=READY pgs=38 cs=0 l=1 rev1=1 crypto rx=0x7fa44c000c00 tx=0x7fa44c011ab0 comp rx=0 tx=0).stop
2024-04-27T01:57:26.518 INFO:teuthology.orchestra.run.smithi029.stdout:/usr/bin/ceph: stderr
2024-04-27T01:57:25.938+0000 7fa461af6700 1 -- 172.21.15.29:0/3330139349 shutdown_connections
2024-04-27T01:57:26.518 INFO:teuthology.orchestra.run.smithi029.stdout:/usr/bin/ceph: stderr
2024-04-27T01:57:25.938+0000 7fa461af6700 1 --2- 172.21.15.29:0/3330139349 >> [v2:172.21.15.29:6800/3873642219,v1:172.21.15.29:6801/3873642219] conn(0x7fa4440383f0 0x7fa44403a8a0 unknown :-1 s=CLOSED pgs=7 cs=0 l=1 rev1=1 crypto rx=0 tx=0 comp rx=0 tx=0).stop
2024-04-27T01:57:26.518 INFO:teuthology.orchestra.run.smithi029.stdout:/usr/bin/ceph: stderr
2024-04-27T01:57:25.938+0000 7fa461af6700 1 --2- 172.21.15.29:0/3330139349 >> [v2:172.21.15.29:3300/0,v1:172.21.15.29:6789/0] conn(0x7fa45c104a00 0x7fa45c199810 unknown :-1 s=CLOSED pgs=38 cs=0 l=1 rev1=1 crypto rx=0 tx=0 comp rx=0 tx=0).stop
2024-04-27T01:57:26.518 INFO:teuthology.orchestra.run.smithi029.stdout:/usr/bin/ceph: stderr
2024-04-27T01:57:25.938+0000 7fa461af6700 1 -- 172.21.15.29:0/3330139349 >> 172.21.15.29:0/3330139349 conn(0x7fa45c100070 msgr2=0x7fa45c100df0 unknown :-1 s=STATE_NONE l=0).mark_down
2024-04-27T01:57:26.518 INFO:teuthology.orchestra.run.smithi029.stdout:/usr/bin/ceph: stderr
2024-04-27T01:57:25.939+0000 7fa461af6700 1 -- 172.21.15.29:0/3330139349 shutdown_connections
2024-04-27T01:57:26.518 INFO:teuthology.orchestra.run.smithi029.stdout:/usr/bin/ceph: stderr
2024-04-27T01:57:25.939+0000 7fa461af6700 1 -- 172.21.15.29:0/3330139349 wait complete.
2024-04-27T01:57:26.770 INFO:journalctl@ceph.mon.smithi029.smithi029.stdout:Apr 27 01:57:26 smithi029 ceph-mon[26769]: [27/Apr/2024:01:57:24] ENGINE Serving on https://172.21.15.29:7150
2024-04-27T01:57:26.771 INFO:journalctl@ceph.mon.smithi029.smithi029.stdout:Apr 27 01:57:26 smithi029 ceph-mon[26769]: [27/Apr/2024:01:57:24] ENGINE Serving on http://172.21.15.29:8765
2024-04-27T01:57:26.771 INFO:journalctl@ceph.mon.smithi029.smithi029.stdout:Apr 27 01:57:26 smithi029 ceph-mon[26769]: [27/Apr/2024:01:57:24] ENGINE Bus STARTED
2024-04-27T01:57:26.771 INFO:journalctl@ceph.mon.smithi029.smithi029.stdout:Apr 27 01:57:26 smithi029 ceph-mon[26769]: mgrmap e8: smithi029.ewvdzs(active, since 2s)
2024-04-27T01:57:26.771 INFO:journalctl@ceph.mon.smithi029.smithi029.stdout:Apr 27 01:57:26 smithi029 ceph-mon[26769]: from='mgr.14120 172.21.15.29:0/707109264' entity='mgr.smithi029.ewvdzs'
2024-04-27T01:57:26.771 INFO:journalctl@ceph.mon.smithi029.smithi029.stdout:Apr 27 01:57:26 smithi029 ceph-mon[26769]: from='mgr.14120 172.21.15.29:0/707109264' entity='mgr.smithi029.ewvdzs' cmd=[{"prefix": "config dump", "format": "json"}]: dispatch
2024-04-27T01:57:27.822 INFO:journalctl@ceph.mon.smithi029.smithi029.stdout:Apr 27 01:57:27 smithi029 ceph-mon[26769]: from='client.14132 -' entity='client.admin' cmd=[{"prefix": "orch set backend", "module_name": "cephadm", "target": ["mon-mgr", ""]}]: dispatch
2024-04-27T01:57:27.831 INFO:teuthology.orchestra.run.smithi029.stdout:/usr/bin/ceph: stdout value unchanged
2024-04-27T01:57:27.831 INFO:teuthology.orchestra.run.smithi029.stdout:/usr/bin/ceph: stderr
2024-04-27T01:57:27.024+0000 7fa52934d700 1 Processor -- start
2024-04-27T01:57:27.831 INFO:teuthology.orchestra.run.smithi029.stdout:/usr/bin/ceph: stderr
2024-04-27T01:57:27.024+0000 7fa52934d700 1 -- start start
2024-04-27T01:57:27.831 INFO:teuthology.orchestra.run.smithi029.stdout:/usr/bin/ceph: stderr
2024-04-27T01:57:27.024+0000 7fa52934d700 1 --2- >> [v2:172.21.15.29:3300/0,v1:172.21.15.29:6789/0] conn(0x7fa52407bdf0 0x7fa52407a2f0 unknown :-1 s=NONE pgs=0 cs=0 l=0 rev1=0 crypto rx=0 tx=0 comp rx=0 tx=0).connect
2024-04-27T01:57:27.831 INFO:teuthology.orchestra.run.smithi029.stdout:/usr/bin/ceph: stderr
2024-04-27T01:57:27.024+0000 7fa52934d700 1 -- --> [v2:172.21.15.29:3300/0,v1:172.21.15.29:6789/0] -- mon_getmap magic: 0 v1 -- 0x7fa52407a830 con 0x7fa52407bdf0
2024-04-27T01:57:27.831 INFO:teuthology.orchestra.run.smithi029.stdout:/usr/bin/ceph: stderr
2024-04-27T01:57:27.024+0000 7fa522ffd700 1 --2- >> [v2:172.21.15.29:3300/0,v1:172.21.15.29:6789/0] conn(0x7fa52407bdf0 0x7fa52407a2f0 unknown :-1 s=BANNER_CONNECTING pgs=0 cs=0 l=0 rev1=0 crypto rx=0 tx=0 comp rx=0 tx=0)._handle_peer_banner_payload supported=3 required=0
2024-04-27T01:57:27.831 INFO:teuthology.orchestra.run.smithi029.stdout:/usr/bin/ceph: stderr
2024-04-27T01:57:27.024+0000 7fa522ffd700 1 --2- >> [v2:172.21.15.29:3300/0,v1:172.21.15.29:6789/0] conn(0x7fa52407bdf0 0x7fa52407a2f0 unknown :-1 s=HELLO_CONNECTING pgs=0 cs=0 l=0 rev1=1 crypto rx=0 tx=0 comp rx=0 tx=0).handle_hello peer v2:172.21.15.29:3300/0 says I am v2:172.21.15.29:42560/0 (socket says 172.21.15.29:42560)
2024-04-27T01:57:27.831 INFO:teuthology.orchestra.run.smithi029.stdout:/usr/bin/ceph: stderr
2024-04-27T01:57:27.024+0000 7fa522ffd700 1 -- 172.21.15.29:0/443201045 learned_addr learned my addr 172.21.15.29:0/443201045 (peer_addr_for_me v2:172.21.15.29:0/0)
2024-04-27T01:57:27.831 INFO:teuthology.orchestra.run.smithi029.stdout:/usr/bin/ceph: stderr
2024-04-27T01:57:27.025+0000 7fa522ffd700 1 -- 172.21.15.29:0/443201045 --> [v2:172.21.15.29:3300/0,v1:172.21.15.29:6789/0] -- mon_subscribe({config=0+,monmap=0+}) v3 -- 0x7fa52407a970 con 0x7fa52407bdf0
2024-04-27T01:57:27.832 INFO:teuthology.orchestra.run.smithi029.stdout:/usr/bin/ceph: stderr
2024-04-27T01:57:27.025+0000 7fa522ffd700 1 --2- 172.21.15.29:0/443201045 >> [v2:172.21.15.29:3300/0,v1:172.21.15.29:6789/0] conn(0x7fa52407bdf0 0x7fa52407a2f0 secure :-1 s=READY pgs=39 cs=0 l=1 rev1=1 crypto rx=0x7fa5140098a0 tx=0x7fa514009bb0 comp rx=0 tx=0).ready entity=mon.0 client_cookie=c19781177cddae5c server_cookie=0 in_seq=0 out_seq=0
2024-04-27T01:57:27.832 INFO:teuthology.orchestra.run.smithi029.stdout:/usr/bin/ceph: stderr
2024-04-27T01:57:27.025+0000 7fa521ffb700 1 -- 172.21.15.29:0/443201045 <== mon.0 v2:172.21.15.29:3300/0 1 ==== mon_map magic: 0 v1 ==== 229+0+0 (secure 0 0 0) 0x7fa514004180 con 0x7fa52407bdf0
2024-04-27T01:57:27.832 INFO:teuthology.orchestra.run.smithi029.stdout:/usr/bin/ceph: stderr
2024-04-27T01:57:27.025+0000 7fa521ffb700 1 -- 172.21.15.29:0/443201045 <== mon.0 v2:172.21.15.29:3300/0 2 ==== config(27 keys) v1 ==== 1037+0+0 (secure 0 0 0) 0x7fa5140042e0 con 0x7fa52407bdf0
2024-04-27T01:57:27.832 INFO:teuthology.orchestra.run.smithi029.stdout:/usr/bin/ceph: stderr
2024-04-27T01:57:27.025+0000 7fa521ffb700 1 -- 172.21.15.29:0/443201045 <== mon.0 v2:172.21.15.29:3300/0 3 ==== mon_map magic: 0 v1 ==== 229+0+0 (secure 0 0 0) 0x7fa514011a50 con 0x7fa52407bdf0
2024-04-27T01:57:27.832 INFO:teuthology.orchestra.run.smithi029.stdout:/usr/bin/ceph: stderr
2024-04-27T01:57:27.026+0000 7fa52934d700 1 -- 172.21.15.29:0/443201045 >> [v2:172.21.15.29:3300/0,v1:172.21.15.29:6789/0] conn(0x7fa52407bdf0 msgr2=0x7fa52407a2f0 secure :-1 s=STATE_CONNECTION_ESTABLISHED l=1).mark_down
2024-04-27T01:57:27.832 INFO:teuthology.orchestra.run.smithi029.stdout:/usr/bin/ceph: stderr
2024-04-27T01:57:27.026+0000 7fa52934d700 1 --2- 172.21.15.29:0/443201045 >> [v2:172.21.15.29:3300/0,v1:172.21.15.29:6789/0] conn(0x7fa52407bdf0 0x7fa52407a2f0 secure :-1 s=READY pgs=39 cs=0 l=1 rev1=1 crypto rx=0x7fa5140098a0 tx=0x7fa514009bb0 comp rx=0 tx=0).stop
2024-04-27T01:57:27.832 INFO:teuthology.orchestra.run.smithi029.stdout:/usr/bin/ceph: stderr
2024-04-27T01:57:27.026+0000 7fa52934d700 1 -- 172.21.15.29:0/443201045 shutdown_connections
2024-04-27T01:57:27.832 INFO:teuthology.orchestra.run.smithi029.stdout:/usr/bin/ceph: stderr
2024-04-27T01:57:27.026+0000 7fa52934d700 1 --2- 172.21.15.29:0/443201045 >> [v2:172.21.15.29:3300/0,v1:172.21.15.29:6789/0] conn(0x7fa52407bdf0 0x7fa52407a2f0 unknown :-1 s=CLOSED pgs=39 cs=0 l=1 rev1=1 crypto rx=0 tx=0 comp rx=0 tx=0).stop
2024-04-27T01:57:27.832 INFO:teuthology.orchestra.run.smithi029.stdout:/usr/bin/ceph: stderr
2024-04-27T01:57:27.026+0000 7fa52934d700 1 -- 172.21.15.29:0/443201045 >> 172.21.15.29:0/443201045 conn(0x7fa524101180 msgr2=0x7fa524103590 unknown :-1 s=STATE_NONE l=0).mark_down
2024-04-27T01:57:27.832 INFO:teuthology.orchestra.run.smithi029.stdout:/usr/bin/ceph: stderr
2024-04-27T01:57:27.026+0000 7fa52934d700 1 -- 172.21.15.29:0/443201045 shutdown_connections
2024-04-27T01:57:27.832 INFO:teuthology.orchestra.run.smithi029.stdout:/usr/bin/ceph: stderr
2024-04-27T01:57:27.026+0000 7fa52934d700 1 -- 172.21.15.29:0/443201045 wait complete.
2024-04-27T01:57:27.832 INFO:teuthology.orchestra.run.smithi029.stdout:/usr/bin/ceph: stderr
2024-04-27T01:57:27.026+0000 7fa52934d700 1 Processor -- start
2024-04-27T01:57:27.832 INFO:teuthology.orchestra.run.smithi029.stdout:/usr/bin/ceph: stderr
2024-04-27T01:57:27.027+0000 7fa52934d700 1 -- start start
2024-04-27T01:57:27.833 INFO:teuthology.orchestra.run.smithi029.stdout:/usr/bin/ceph: stderr
2024-04-27T01:57:27.027+0000 7fa52934d700 1 --2- >> [v2:172.21.15.29:3300/0,v1:172.21.15.29:6789/0] conn(0x7fa52407bdf0 0x7fa52419ba70 unknown :-1 s=NONE pgs=0 cs=0 l=1 rev1=0 crypto rx=0 tx=0 comp rx=0 tx=0).connect
2024-04-27T01:57:27.833 INFO:teuthology.orchestra.run.smithi029.stdout:/usr/bin/ceph: stderr
2024-04-27T01:57:27.027+0000 7fa52934d700 1 -- --> [v2:172.21.15.29:3300/0,v1:172.21.15.29:6789/0] -- mon_getmap magic: 0 v1 -- 0x7fa52419bfb0 con 0x7fa52407bdf0
2024-04-27T01:57:27.833 INFO:teuthology.orchestra.run.smithi029.stdout:/usr/bin/ceph: stderr
2024-04-27T01:57:27.027+0000 7fa522ffd700 1 --2- >> [v2:172.21.15.29:3300/0,v1:172.21.15.29:6789/0] conn(0x7fa52407bdf0 0x7fa52419ba70 unknown :-1 s=BANNER_CONNECTING pgs=0 cs=0 l=1 rev1=0 crypto rx=0 tx=0 comp rx=0 tx=0)._handle_peer_banner_payload supported=3 required=0
2024-04-27T01:57:27.833 INFO:teuthology.orchestra.run.smithi029.stdout:/usr/bin/ceph: stderr
2024-04-27T01:57:27.027+0000 7fa522ffd700 1 --2- >> [v2:172.21.15.29:3300/0,v1:172.21.15.29:6789/0] conn(0x7fa52407bdf0 0x7fa52419ba70 unknown :-1 s=HELLO_CONNECTING pgs=0 cs=0 l=1 rev1=1 crypto rx=0 tx=0 comp rx=0 tx=0).handle_hello peer v2:172.21.15.29:3300/0 says I am v2:172.21.15.29:42568/0 (socket says 172.21.15.29:42568)
2024-04-27T01:57:27.833 INFO:teuthology.orchestra.run.smithi029.stdout:/usr/bin/ceph: stderr
2024-04-27T01:57:27.027+0000 7fa522ffd700 1 -- 172.21.15.29:0/3085638539 learned_addr learned my addr 172.21.15.29:0/3085638539 (peer_addr_for_me v2:172.21.15.29:0/0)
2024-04-27T01:57:27.833 INFO:teuthology.orchestra.run.smithi029.stdout:/usr/bin/ceph: stderr
2024-04-27T01:57:27.027+0000 7fa522ffd700 1 -- 172.21.15.29:0/3085638539 --> [v2:172.21.15.29:3300/0,v1:172.21.15.29:6789/0] -- mon_subscribe({config=0+,monmap=0+}) v3 -- 0x7fa514009550 con 0x7fa52407bdf0
2024-04-27T01:57:27.833 INFO:teuthology.orchestra.run.smithi029.stdout:/usr/bin/ceph: stderr
2024-04-27T01:57:27.027+0000 7fa522ffd700 1 --2- 172.21.15.29:0/3085638539 >> [v2:172.21.15.29:3300/0,v1:172.21.15.29:6789/0] conn(0x7fa52407bdf0 0x7fa52419ba70 secure :-1 s=READY pgs=40 cs=0 l=1 rev1=1 crypto rx=0x7fa514000c00 tx=0x7fa514011ab0 comp rx=0 tx=0).ready entity=mon.0 client_cookie=0 server_cookie=0 in_seq=0 out_seq=0
2024-04-27T01:57:27.833 INFO:teuthology.orchestra.run.smithi029.stdout:/usr/bin/ceph: stderr
2024-04-27T01:57:27.027+0000 7fa50bfff700 1 -- 172.21.15.29:0/3085638539 <== mon.0 v2:172.21.15.29:3300/0 1 ==== mon_map magic: 0 v1 ==== 229+0+0 (secure 0 0 0) 0x7fa514003b90 con 0x7fa52407bdf0
2024-04-27T01:57:27.833 INFO:teuthology.orchestra.run.smithi029.stdout:/usr/bin/ceph: stderr
2024-04-27T01:57:27.027+0000 7fa50bfff700 1 -- 172.21.15.29:0/3085638539 <== mon.0 v2:172.21.15.29:3300/0 2 ==== config(27 keys) v1 ==== 1037+0+0 (secure 0 0 0) 0x7fa5140248b0 con 0x7fa52407bdf0
2024-04-27T01:57:27.833 INFO:teuthology.orchestra.run.smithi029.stdout:/usr/bin/ceph: stderr
2024-04-27T01:57:27.027+0000 7fa52934d700 1 -- 172.21.15.29:0/3085638539 --> [v2:172.21.15.29:3300/0,v1:172.21.15.29:6789/0] -- mon_subscribe({mgrmap=0+}) v3 -- 0x7fa52419c1b0 con 0x7fa52407bdf0
2024-04-27T01:57:27.833 INFO:teuthology.orchestra.run.smithi029.stdout:/usr/bin/ceph: stderr
2024-04-27T01:57:27.027+0000 7fa50bfff700 1 -- 172.21.15.29:0/3085638539 <== mon.0 v2:172.21.15.29:3300/0 3 ==== mon_map magic: 0 v1 ==== 229+0+0 (secure 0 0 0) 0x7fa51401a8e0 con 0x7fa52407bdf0
2024-04-27T01:57:27.833 INFO:teuthology.orchestra.run.smithi029.stdout:/usr/bin/ceph: stderr
2024-04-27T01:57:27.027+0000 7fa52934d700 1 -- 172.21.15.29:0/3085638539 --> [v2:172.21.15.29:3300/0,v1:172.21.15.29:6789/0] -- mon_subscribe({osdmap=0}) v3 -- 0x7fa52419c5d0 con 0x7fa52407bdf0
2024-04-27T01:57:27.833 INFO:teuthology.orchestra.run.smithi029.stdout:/usr/bin/ceph: stderr
2024-04-27T01:57:27.028+0000 7fa50bfff700 1 -- 172.21.15.29:0/3085638539 <== mon.0 v2:172.21.15.29:3300/0 4 ==== mgrmap(e 8) v1 ==== 45084+0+0 (secure 0 0 0) 0x7fa51401aba0 con 0x7fa52407bdf0
2024-04-27T01:57:27.833 INFO:teuthology.orchestra.run.smithi029.stdout:/usr/bin/ceph: stderr
2024-04-27T01:57:27.028+0000 7fa52934d700 1 -- 172.21.15.29:0/3085638539 --> [v2:172.21.15.29:3300/0,v1:172.21.15.29:6789/0] -- mon_command({"prefix": "get_command_descriptions"} v 0) v1 -- 0x7fa52410bde0 con 0x7fa52407bdf0
2024-04-27T01:57:27.834 INFO:teuthology.orchestra.run.smithi029.stdout:/usr/bin/ceph: stderr
2024-04-27T01:57:27.029+0000 7fa50bfff700 1 --2- 172.21.15.29:0/3085638539 >> [v2:172.21.15.29:6800/3873642219,v1:172.21.15.29:6801/3873642219] conn(0x7fa50c0383f0 0x7fa50c03a8a0 unknown :-1 s=NONE pgs=0 cs=0 l=1 rev1=0 crypto rx=0 tx=0 comp rx=0 tx=0).connect
2024-04-27T01:57:27.834 INFO:teuthology.orchestra.run.smithi029.stdout:/usr/bin/ceph: stderr
2024-04-27T01:57:27.029+0000 7fa50bfff700 1 -- 172.21.15.29:0/3085638539 <== mon.0 v2:172.21.15.29:3300/0 5 ==== osd_map(2..2 src has 1..2) v4 ==== 940+0+0 (secure 0 0 0) 0x7fa51404c5d0 con 0x7fa52407bdf0
2024-04-27T01:57:27.834 INFO:teuthology.orchestra.run.smithi029.stdout:/usr/bin/ceph: stderr
2024-04-27T01:57:27.029+0000 7fa5227fc700 1 --2- 172.21.15.29:0/3085638539 >> [v2:172.21.15.29:6800/3873642219,v1:172.21.15.29:6801/3873642219] conn(0x7fa50c0383f0 0x7fa50c03a8a0 unknown :-1 s=BANNER_CONNECTING pgs=0 cs=0 l=1 rev1=0 crypto rx=0 tx=0 comp rx=0 tx=0)._handle_peer_banner_payload supported=3 required=0
2024-04-27T01:57:27.834 INFO:teuthology.orchestra.run.smithi029.stdout:/usr/bin/ceph: stderr
2024-04-27T01:57:27.029+0000 7fa5227fc700 1 --2- 172.21.15.29:0/3085638539 >> [v2:172.21.15.29:6800/3873642219,v1:172.21.15.29:6801/3873642219] conn(0x7fa50c0383f0 0x7fa50c03a8a0 secure :-1 s=READY pgs=8 cs=0 l=1 rev1=1 crypto rx=0x7fa518006fd0 tx=0x7fa518006e40 comp rx=0 tx=0).ready entity=mgr.14120 client_cookie=0 server_cookie=0 in_seq=0 out_seq=0
2024-04-27T01:57:27.834 INFO:teuthology.orchestra.run.smithi029.stdout:/usr/bin/ceph: stderr
2024-04-27T01:57:27.034+0000 7fa50bfff700 1 -- 172.21.15.29:0/3085638539 <== mon.0 v2:172.21.15.29:3300/0 6 ==== mon_command_ack([{"prefix": "get_command_descriptions"}]=0 v0) v1 ==== 72+0+177933 (secure 0 0 0) 0x7fa5140233a0 con 0x7fa52407bdf0
2024-04-27T01:57:27.834 INFO:teuthology.orchestra.run.smithi029.stdout:/usr/bin/ceph: stderr
2024-04-27T01:57:27.235+0000 7fa52934d700 1 -- 172.21.15.29:0/3085638539 --> [v2:172.21.15.29:6800/3873642219,v1:172.21.15.29:6801/3873642219] -- mgr_command(tid 0: {"prefix": "cephadm set-user", "user": "root", "target": ["mon-mgr", ""]}) v1 -- 0x7fa52419f430 con 0x7fa50c0383f0
2024-04-27T01:57:27.834 INFO:teuthology.orchestra.run.smithi029.stdout:/usr/bin/ceph: stderr
2024-04-27T01:57:27.236+0000 7fa50bfff700 1 -- 172.21.15.29:0/3085638539 <== mgr.14120 v2:172.21.15.29:6800/3873642219 1 ==== mgr_command_reply(tid 0: 0 ) v1 ==== 8+0+16 (secure 0 0 0) 0x7fa52419f430 con 0x7fa50c0383f0
2024-04-27T01:57:27.834 INFO:teuthology.orchestra.run.smithi029.stdout:/usr/bin/ceph: stderr
2024-04-27T01:57:27.238+0000 7fa52934d700 1 -- 172.21.15.29:0/3085638539 >> [v2:172.21.15.29:6800/3873642219,v1:172.21.15.29:6801/3873642219] conn(0x7fa50c0383f0 msgr2=0x7fa50c03a8a0 secure :-1 s=STATE_CONNECTION_ESTABLISHED l=1).mark_down
2024-04-27T01:57:27.834 INFO:teuthology.orchestra.run.smithi029.stdout:/usr/bin/ceph: stderr
2024-04-27T01:57:27.238+0000 7fa52934d700 1 --2- 172.21.15.29:0/3085638539 >> [v2:172.21.15.29:6800/3873642219,v1:172.21.15.29:6801/3873642219] conn(0x7fa50c0383f0 0x7fa50c03a8a0 secure :-1 s=READY pgs=8 cs=0 l=1 rev1=1 crypto rx=0x7fa518006fd0 tx=0x7fa518006e40 comp rx=0 tx=0).stop
2024-04-27T01:57:27.834 INFO:teuthology.orchestra.run.smithi029.stdout:/usr/bin/ceph: stderr
2024-04-27T01:57:27.238+0000 7fa52934d700 1 -- 172.21.15.29:0/3085638539 >> [v2:172.21.15.29:3300/0,v1:172.21.15.29:6789/0] conn(0x7fa52407bdf0 msgr2=0x7fa52419ba70 secure :-1 s=STATE_CONNECTION_ESTABLISHED l=1).mark_down
2024-04-27T01:57:27.834 INFO:teuthology.orchestra.run.smithi029.stdout:/usr/bin/ceph: stderr
2024-04-27T01:57:27.238+0000 7fa52934d700 1 --2- 172.21.15.29:0/3085638539 >> [v2:172.21.15.29:3300/0,v1:172.21.15.29:6789/0] conn(0x7fa52407bdf0 0x7fa52419ba70 secure :-1 s=READY pgs=40 cs=0 l=1 rev1=1 crypto rx=0x7fa514000c00 tx=0x7fa514011ab0 comp rx=0 tx=0).stop
2024-04-27T01:57:27.834 INFO:teuthology.orchestra.run.smithi029.stdout:/usr/bin/ceph: stderr
2024-04-27T01:57:27.238+0000 7fa52934d700 1 -- 172.21.15.29:0/3085638539 shutdown_connections
2024-04-27T01:57:27.834 INFO:teuthology.orchestra.run.smithi029.stdout:/usr/bin/ceph: stderr
2024-04-27T01:57:27.238+0000 7fa52934d700 1 --2- 172.21.15.29:0/3085638539 >> [v2:172.21.15.29:6800/3873642219,v1:172.21.15.29:6801/3873642219] conn(0x7fa50c0383f0 0x7fa50c03a8a0 unknown :-1 s=CLOSED pgs=8 cs=0 l=1 rev1=1 crypto rx=0 tx=0 comp rx=0 tx=0).stop
2024-04-27T01:57:27.835 INFO:teuthology.orchestra.run.smithi029.stdout:/usr/bin/ceph: stderr
2024-04-27T01:57:27.238+0000 7fa52934d700 1 --2- 172.21.15.29:0/3085638539 >> [v2:172.21.15.29:3300/0,v1:172.21.15.29:6789/0] conn(0x7fa52407bdf0 0x7fa52419ba70 unknown :-1 s=CLOSED pgs=40 cs=0 l=1 rev1=1 crypto rx=0 tx=0 comp rx=0 tx=0).stop
2024-04-27T01:57:27.835 INFO:teuthology.orchestra.run.smithi029.stdout:/usr/bin/ceph: stderr
2024-04-27T01:57:27.238+0000 7fa52934d700 1 -- 172.21.15.29:0/3085638539 >> 172.21.15.29:0/3085638539 conn(0x7fa524101180 msgr2=0x7fa524102820 unknown :-1 s=STATE_NONE l=0).mark_down
2024-04-27T01:57:27.835 INFO:teuthology.orchestra.run.smithi029.stdout:/usr/bin/ceph: stderr
2024-04-27T01:57:27.238+0000 7fa52934d700 1 -- 172.21.15.29:0/3085638539 shutdown_connections
2024-04-27T01:57:27.835 INFO:teuthology.orchestra.run.smithi029.stdout:/usr/bin/ceph: stderr
2024-04-27T01:57:27.238+0000 7fa52934d700 1 -- 172.21.15.29:0/3085638539 wait complete.
2024-04-27T01:57:27.835 INFO:teuthology.orchestra.run.smithi029.stdout:Generating ssh key...
2024-04-27T01:57:28.951 INFO:journalctl@ceph.mon.smithi029.smithi029.stdout:Apr 27 01:57:28 smithi029 ceph-mon[26769]: from='client.14134 -' entity='client.admin' cmd=[{"prefix": "cephadm set-user", "user": "root", "target": ["mon-mgr", ""]}]: dispatch
2024-04-27T01:57:28.952 INFO:journalctl@ceph.mon.smithi029.smithi029.stdout:Apr 27 01:57:28 smithi029 ceph-mon[26769]: from='mgr.14120 172.21.15.29:0/707109264' entity='mgr.smithi029.ewvdzs'
2024-04-27T01:57:28.952 INFO:journalctl@ceph.mon.smithi029.smithi029.stdout:Apr 27 01:57:28 smithi029 ceph-mon[26769]: from='mgr.14120 172.21.15.29:0/707109264' entity='mgr.smithi029.ewvdzs'
2024-04-27T01:57:29.252 INFO:teuthology.orchestra.run.smithi029.stdout:/usr/bin/ceph: stderr
2024-04-27T01:57:28.265+0000 7f1b9c369700 1 Processor -- start
2024-04-27T01:57:29.252 INFO:teuthology.orchestra.run.smithi029.stdout:/usr/bin/ceph: stderr
2024-04-27T01:57:28.265+0000 7f1b9c369700 1 -- start start
2024-04-27T01:57:29.252 INFO:teuthology.orchestra.run.smithi029.stdout:/usr/bin/ceph: stderr
2024-04-27T01:57:28.265+0000 7f1b9c369700 1 --2- >> [v2:172.21.15.29:3300/0,v1:172.21.15.29:6789/0] conn(0x7f1b94106600 0x7f1b941089e0 unknown :-1 s=NONE pgs=0 cs=0 l=0 rev1=0 crypto rx=0 tx=0 comp rx=0 tx=0).connect
2024-04-27T01:57:29.252 INFO:teuthology.orchestra.run.smithi029.stdout:/usr/bin/ceph: stderr
2024-04-27T01:57:28.265+0000 7f1b9c369700 1 -- --> [v2:172.21.15.29:3300/0,v1:172.21.15.29:6789/0] -- mon_getmap magic: 0 v1 -- 0x7f1b94079d70 con 0x7f1b94106600
2024-04-27T01:57:29.252 INFO:teuthology.orchestra.run.smithi029.stdout:/usr/bin/ceph: stderr
2024-04-27T01:57:28.265+0000 7f1b9a105700 1 --2- >> [v2:172.21.15.29:3300/0,v1:172.21.15.29:6789/0] conn(0x7f1b94106600 0x7f1b941089e0 unknown :-1 s=BANNER_CONNECTING pgs=0 cs=0 l=0 rev1=0 crypto rx=0 tx=0 comp rx=0 tx=0)._handle_peer_banner_payload supported=3 required=0
2024-04-27T01:57:29.252 INFO:teuthology.orchestra.run.smithi029.stdout:/usr/bin/ceph: stderr
2024-04-27T01:57:28.265+0000 7f1b9a105700 1 --2- >> [v2:172.21.15.29:3300/0,v1:172.21.15.29:6789/0] conn(0x7f1b94106600 0x7f1b941089e0 unknown :-1 s=HELLO_CONNECTING pgs=0 cs=0 l=0 rev1=1 crypto rx=0 tx=0 comp rx=0 tx=0).handle_hello peer v2:172.21.15.29:3300/0 says I am v2:172.21.15.29:42580/0 (socket says 172.21.15.29:42580)
2024-04-27T01:57:29.253 INFO:teuthology.orchestra.run.smithi029.stdout:/usr/bin/ceph: stderr
2024-04-27T01:57:28.265+0000 7f1b9a105700 1 -- 172.21.15.29:0/3498859163 learned_addr learned my addr 172.21.15.29:0/3498859163 (peer_addr_for_me v2:172.21.15.29:0/0)
2024-04-27T01:57:29.253 INFO:teuthology.orchestra.run.smithi029.stdout:/usr/bin/ceph: stderr
2024-04-27T01:57:28.266+0000 7f1b9a105700 1 -- 172.21.15.29:0/3498859163 --> [v2:172.21.15.29:3300/0,v1:172.21.15.29:6789/0] -- mon_subscribe({config=0+,monmap=0+}) v3 -- 0x7f1b94079eb0 con 0x7f1b94106600
2024-04-27T01:57:29.253 INFO:teuthology.orchestra.run.smithi029.stdout:/usr/bin/ceph: stderr
2024-04-27T01:57:28.266+0000 7f1b9a105700 1 --2- 172.21.15.29:0/3498859163 >> [v2:172.21.15.29:3300/0,v1:172.21.15.29:6789/0] conn(0x7f1b94106600 0x7f1b941089e0 secure :-1 s=READY pgs=41 cs=0 l=1 rev1=1 crypto rx=0x7f1b900098a0 tx=0x7f1b90009bb0 comp rx=0 tx=0).ready entity=mon.0 client_cookie=bb37ee29bd0d235f server_cookie=0 in_seq=0 out_seq=0
2024-04-27T01:57:29.253 INFO:teuthology.orchestra.run.smithi029.stdout:/usr/bin/ceph: stderr
2024-04-27T01:57:28.266+0000 7f1b99103700 1 -- 172.21.15.29:0/3498859163 <== mon.0 v2:172.21.15.29:3300/0 1 ==== mon_map magic: 0 v1 ==== 229+0+0 (secure 0 0 0) 0x7f1b90004180 con 0x7f1b94106600
2024-04-27T01:57:29.253 INFO:teuthology.orchestra.run.smithi029.stdout:/usr/bin/ceph: stderr
2024-04-27T01:57:28.266+0000 7f1b99103700 1 -- 172.21.15.29:0/3498859163 <== mon.0 v2:172.21.15.29:3300/0 2 ==== config(27 keys) v1 ==== 1037+0+0 (secure 0 0 0) 0x7f1b900042e0 con 0x7f1b94106600
2024-04-27T01:57:29.253 INFO:teuthology.orchestra.run.smithi029.stdout:/usr/bin/ceph: stderr
2024-04-27T01:57:28.266+0000 7f1b99103700 1 -- 172.21.15.29:0/3498859163 <== mon.0 v2:172.21.15.29:3300/0 3 ==== mon_map magic: 0 v1 ==== 229+0+0 (secure 0 0 0) 0x7f1b90011a50 con 0x7f1b94106600
2024-04-27T01:57:29.253 INFO:teuthology.orchestra.run.smithi029.stdout:/usr/bin/ceph: stderr
2024-04-27T01:57:28.267+0000 7f1b9c369700 1 -- 172.21.15.29:0/3498859163 >> [v2:172.21.15.29:3300/0,v1:172.21.15.29:6789/0] conn(0x7f1b94106600 msgr2=0x7f1b941089e0 secure :-1 s=STATE_CONNECTION_ESTABLISHED l=1).mark_down
2024-04-27T01:57:29.253 INFO:teuthology.orchestra.run.smithi029.stdout:/usr/bin/ceph: stderr
2024-04-27T01:57:28.267+0000 7f1b9c369700 1 --2- 172.21.15.29:0/3498859163 >> [v2:172.21.15.29:3300/0,v1:172.21.15.29:6789/0] conn(0x7f1b94106600 0x7f1b941089e0 secure :-1 s=READY pgs=41 cs=0 l=1 rev1=1 crypto rx=0x7f1b900098a0 tx=0x7f1b90009bb0 comp rx=0 tx=0).stop
2024-04-27T01:57:29.253 INFO:teuthology.orchestra.run.smithi029.stdout:/usr/bin/ceph: stderr
2024-04-27T01:57:28.267+0000 7f1b9c369700 1 -- 172.21.15.29:0/3498859163 shutdown_connections
2024-04-27T01:57:29.253 INFO:teuthology.orchestra.run.smithi029.stdout:/usr/bin/ceph: stderr
2024-04-27T01:57:28.267+0000 7f1b9c369700 1 --2- 172.21.15.29:0/3498859163 >> [v2:172.21.15.29:3300/0,v1:172.21.15.29:6789/0] conn(0x7f1b94106600 0x7f1b941089e0 unknown :-1 s=CLOSED pgs=41 cs=0 l=1 rev1=1 crypto rx=0 tx=0 comp rx=0 tx=0).stop
2024-04-27T01:57:29.253 INFO:teuthology.orchestra.run.smithi029.stdout:/usr/bin/ceph: stderr
2024-04-27T01:57:28.267+0000 7f1b9c369700 1 -- 172.21.15.29:0/3498859163 >> 172.21.15.29:0/3498859163 conn(0x7f1b94100080 msgr2=0x7f1b94102490 unknown :-1 s=STATE_NONE l=0).mark_down
2024-04-27T01:57:29.253 INFO:teuthology.orchestra.run.smithi029.stdout:/usr/bin/ceph: stderr
2024-04-27T01:57:28.267+0000 7f1b9c369700 1 -- 172.21.15.29:0/3498859163 shutdown_connections
2024-04-27T01:57:29.253 INFO:teuthology.orchestra.run.smithi029.stdout:/usr/bin/ceph: stderr
2024-04-27T01:57:28.267+0000 7f1b9c369700 1 -- 172.21.15.29:0/3498859163 wait complete.
2024-04-27T01:57:29.254 INFO:teuthology.orchestra.run.smithi029.stdout:/usr/bin/ceph: stderr
2024-04-27T01:57:28.268+0000 7f1b9c369700 1 Processor -- start
2024-04-27T01:57:29.254 INFO:teuthology.orchestra.run.smithi029.stdout:/usr/bin/ceph: stderr
2024-04-27T01:57:28.268+0000 7f1b9c369700 1 -- start start
2024-04-27T01:57:29.254 INFO:teuthology.orchestra.run.smithi029.stdout:/usr/bin/ceph: stderr
2024-04-27T01:57:28.268+0000 7f1b9c369700 1 --2- >> [v2:172.21.15.29:3300/0,v1:172.21.15.29:6789/0] conn(0x7f1b94106600 0x7f1b94105f60 unknown :-1 s=NONE pgs=0 cs=0 l=1 rev1=0 crypto rx=0 tx=0 comp rx=0 tx=0).connect
2024-04-27T01:57:29.254 INFO:teuthology.orchestra.run.smithi029.stdout:/usr/bin/ceph: stderr
2024-04-27T01:57:28.268+0000 7f1b9c369700 1 -- --> [v2:172.21.15.29:3300/0,v1:172.21.15.29:6789/0] -- mon_getmap magic: 0 v1 -- 0x7f1b941064a0 con 0x7f1b94106600
2024-04-27T01:57:29.254 INFO:teuthology.orchestra.run.smithi029.stdout:/usr/bin/ceph: stderr
2024-04-27T01:57:28.268+0000 7f1b9a105700 1 --2- >> [v2:172.21.15.29:3300/0,v1:172.21.15.29:6789/0] conn(0x7f1b94106600 0x7f1b94105f60 unknown :-1 s=BANNER_CONNECTING pgs=0 cs=0 l=1 rev1=0 crypto rx=0 tx=0 comp rx=0 tx=0)._handle_peer_banner_payload supported=3 required=0
2024-04-27T01:57:29.254 INFO:teuthology.orchestra.run.smithi029.stdout:/usr/bin/ceph: stderr
2024-04-27T01:57:28.268+0000 7f1b9a105700 1 --2- >> [v2:172.21.15.29:3300/0,v1:172.21.15.29:6789/0] conn(0x7f1b94106600 0x7f1b94105f60 unknown :-1 s=HELLO_CONNECTING pgs=0 cs=0 l=1 rev1=1 crypto rx=0 tx=0 comp rx=0 tx=0).handle_hello peer v2:172.21.15.29:3300/0 says I am v2:172.21.15.29:42586/0 (socket says 172.21.15.29:42586)
2024-04-27T01:57:29.254 INFO:teuthology.orchestra.run.smithi029.stdout:/usr/bin/ceph: stderr
2024-04-27T01:57:28.268+0000 7f1b9a105700 1 -- 172.21.15.29:0/1899281840 learned_addr learned my addr 172.21.15.29:0/1899281840 (peer_addr_for_me v2:172.21.15.29:0/0)
2024-04-27T01:57:29.254 INFO:teuthology.orchestra.run.smithi029.stdout:/usr/bin/ceph: stderr
2024-04-27T01:57:28.268+0000 7f1b9a105700 1 -- 172.21.15.29:0/1899281840 --> [v2:172.21.15.29:3300/0,v1:172.21.15.29:6789/0] -- mon_subscribe({config=0+,monmap=0+}) v3 -- 0x7f1b90009550 con 0x7f1b94106600
2024-04-27T01:57:29.254 INFO:teuthology.orchestra.run.smithi029.stdout:/usr/bin/ceph: stderr
2024-04-27T01:57:28.268+0000 7f1b9a105700 1 --2- 172.21.15.29:0/1899281840 >> [v2:172.21.15.29:3300/0,v1:172.21.15.29:6789/0] conn(0x7f1b94106600 0x7f1b94105f60 secure :-1 s=READY pgs=42 cs=0 l=1 rev1=1 crypto rx=0x7f1b90006af0 tx=0x7f1b90011a90 comp rx=0 tx=0).ready entity=mon.0 client_cookie=0 server_cookie=0 in_seq=0 out_seq=0
2024-04-27T01:57:29.254 INFO:teuthology.orchestra.run.smithi029.stdout:/usr/bin/ceph: stderr
2024-04-27T01:57:28.268+0000 7f1b8b7fe700 1 -- 172.21.15.29:0/1899281840 <== mon.0 v2:172.21.15.29:3300/0 1 ==== mon_map magic: 0 v1 ==== 229+0+0 (secure 0 0 0) 0x7f1b90003b90 con 0x7f1b94106600
2024-04-27T01:57:29.254 INFO:teuthology.orchestra.run.smithi029.stdout:/usr/bin/ceph: stderr
2024-04-27T01:57:28.269+0000 7f1b8b7fe700 1 -- 172.21.15.29:0/1899281840 <== mon.0 v2:172.21.15.29:3300/0 2 ==== config(27 keys) v1 ==== 1037+0+0 (secure 0 0 0) 0x7f1b9001a8a0 con 0x7f1b94106600
2024-04-27T01:57:29.254 INFO:teuthology.orchestra.run.smithi029.stdout:/usr/bin/ceph: stderr
2024-04-27T01:57:28.269+0000 7f1b9c369700 1 -- 172.21.15.29:0/1899281840 --> [v2:172.21.15.29:3300/0,v1:172.21.15.29:6789/0] -- mon_subscribe({mgrmap=0+}) v3 -- 0x7f1b941045b0 con 0x7f1b94106600
2024-04-27T01:57:29.254 INFO:teuthology.orchestra.run.smithi029.stdout:/usr/bin/ceph: stderr
2024-04-27T01:57:28.269+0000 7f1b8b7fe700 1 -- 172.21.15.29:0/1899281840 <== mon.0 v2:172.21.15.29:3300/0 3 ==== mon_map magic: 0 v1 ==== 229+0+0 (secure 0 0 0) 0x7f1b90019880 con 0x7f1b94106600
2024-04-27T01:57:29.255 INFO:teuthology.orchestra.run.smithi029.stdout:/usr/bin/ceph: stderr
2024-04-27T01:57:28.269+0000 7f1b9c369700 1 -- 172.21.15.29:0/1899281840 --> [v2:172.21.15.29:3300/0,v1:172.21.15.29:6789/0] -- mon_subscribe({osdmap=0}) v3 -- 0x7f1b941049d0 con 0x7f1b94106600
2024-04-27T01:57:29.255 INFO:teuthology.orchestra.run.smithi029.stdout:/usr/bin/ceph: stderr
2024-04-27T01:57:28.269+0000 7f1b8b7fe700 1 -- 172.21.15.29:0/1899281840 <== mon.0 v2:172.21.15.29:3300/0 4 ==== mgrmap(e 8) v1 ==== 45084+0+0 (secure 0 0 0) 0x7f1b9001a430 con 0x7f1b94106600
2024-04-27T01:57:29.255 INFO:teuthology.orchestra.run.smithi029.stdout:/usr/bin/ceph: stderr
2024-04-27T01:57:28.269+0000 7f1b9c369700 1 -- 172.21.15.29:0/1899281840 --> [v2:172.21.15.29:3300/0,v1:172.21.15.29:6789/0] -- mon_command({"prefix": "get_command_descriptions"} v 0) v1 -- 0x7f1b940623f0 con 0x7f1b94106600
2024-04-27T01:57:29.255 INFO:teuthology.orchestra.run.smithi029.stdout:/usr/bin/ceph: stderr
2024-04-27T01:57:28.270+0000 7f1b8b7fe700 1 --2- 172.21.15.29:0/1899281840 >> [v2:172.21.15.29:6800/3873642219,v1:172.21.15.29:6801/3873642219] conn(0x7f1b800383b0 0x7f1b8003a860 unknown :-1 s=NONE pgs=0 cs=0 l=1 rev1=0 crypto rx=0 tx=0 comp rx=0 tx=0).connect
2024-04-27T01:57:29.255 INFO:teuthology.orchestra.run.smithi029.stdout:/usr/bin/ceph: stderr
2024-04-27T01:57:28.270+0000 7f1b8b7fe700 1 -- 172.21.15.29:0/1899281840 <== mon.0 v2:172.21.15.29:3300/0 5 ==== osd_map(2..2 src has 1..2) v4 ==== 940+0+0 (secure 0 0 0) 0x7f1b9004c760 con 0x7f1b94106600
2024-04-27T01:57:29.255 INFO:teuthology.orchestra.run.smithi029.stdout:/usr/bin/ceph: stderr
2024-04-27T01:57:28.270+0000 7f1b99904700 1 --2- 172.21.15.29:0/1899281840 >> [v2:172.21.15.29:6800/3873642219,v1:172.21.15.29:6801/3873642219] conn(0x7f1b800383b0 0x7f1b8003a860 unknown :-1 s=BANNER_CONNECTING pgs=0 cs=0 l=1 rev1=0 crypto rx=0 tx=0 comp rx=0 tx=0)._handle_peer_banner_payload supported=3 required=0
2024-04-27T01:57:29.255 INFO:teuthology.orchestra.run.smithi029.stdout:/usr/bin/ceph: stderr
2024-04-27T01:57:28.270+0000 7f1b99904700 1 --2- 172.21.15.29:0/1899281840 >> [v2:172.21.15.29:6800/3873642219,v1:172.21.15.29:6801/3873642219] conn(0x7f1b800383b0 0x7f1b8003a860 secure :-1 s=READY pgs=9 cs=0 l=1 rev1=1 crypto rx=0x7f1b84006fd0 tx=0x7f1b84006e40 comp rx=0 tx=0).ready entity=mgr.14120 client_cookie=0 server_cookie=0 in_seq=0 out_seq=0
2024-04-27T01:57:29.255 INFO:teuthology.orchestra.run.smithi029.stdout:/usr/bin/ceph: stderr
2024-04-27T01:57:28.274+0000 7f1b8b7fe700 1 -- 172.21.15.29:0/1899281840 <== mon.0 v2:172.21.15.29:3300/0 6 ==== mon_command_ack([{"prefix": "get_command_descriptions"}]=0 v0) v1 ==== 72+0+177933 (secure 0 0 0) 0x7f1b940623f0 con 0x7f1b94106600
2024-04-27T01:57:29.255 INFO:teuthology.orchestra.run.smithi029.stdout:/usr/bin/ceph: stderr
2024-04-27T01:57:28.502+0000 7f1b9c369700 1 -- 172.21.15.29:0/1899281840 --> [v2:172.21.15.29:6800/3873642219,v1:172.21.15.29:6801/3873642219] -- mgr_command(tid 0: {"prefix": "cephadm generate-key", "target": ["mon-mgr", ""]}) v1 -- 0x7f1b94062380 con 0x7f1b800383b0
2024-04-27T01:57:29.255 INFO:teuthology.orchestra.run.smithi029.stdout:/usr/bin/ceph: stderr
2024-04-27T01:57:28.693+0000 7f1b8b7fe700 1 -- 172.21.15.29:0/1899281840 <== mgr.14120 v2:172.21.15.29:6800/3873642219 1 ==== mgr_command_reply(tid 0: 0 ) v1 ==== 8+0+0 (secure 0 0 0) 0x7f1b94062380 con 0x7f1b800383b0
2024-04-27T01:57:29.255 INFO:teuthology.orchestra.run.smithi029.stdout:/usr/bin/ceph: stderr
2024-04-27T01:57:28.695+0000 7f1b9c369700 1 -- 172.21.15.29:0/1899281840 >> [v2:172.21.15.29:6800/3873642219,v1:172.21.15.29:6801/3873642219] conn(0x7f1b800383b0 msgr2=0x7f1b8003a860 secure :-1 s=STATE_CONNECTION_ESTABLISHED l=1).mark_down
2024-04-27T01:57:29.255 INFO:teuthology.orchestra.run.smithi029.stdout:/usr/bin/ceph: stderr
2024-04-27T01:57:28.695+0000 7f1b9c369700 1 --2- 172.21.15.29:0/1899281840 >> [v2:172.21.15.29:6800/3873642219,v1:172.21.15.29:6801/3873642219] conn(0x7f1b800383b0 0x7f1b8003a860 secure :-1 s=READY pgs=9 cs=0 l=1 rev1=1 crypto rx=0x7f1b84006fd0 tx=0x7f1b84006e40 comp rx=0 tx=0).stop
2024-04-27T01:57:29.255 INFO:teuthology.orchestra.run.smithi029.stdout:/usr/bin/ceph: stderr
2024-04-27T01:57:28.695+0000 7f1b9c369700 1 -- 172.21.15.29:0/1899281840 >> [v2:172.21.15.29:3300/0,v1:172.21.15.29:6789/0] conn(0x7f1b94106600 msgr2=0x7f1b94105f60 secure :-1 s=STATE_CONNECTION_ESTABLISHED l=1).mark_down
2024-04-27T01:57:29.255 INFO:teuthology.orchestra.run.smithi029.stdout:/usr/bin/ceph: stderr
2024-04-27T01:57:28.695+0000 7f1b9c369700 1 --2- 172.21.15.29:0/1899281840 >> [v2:172.21.15.29:3300/0,v1:172.21.15.29:6789/0] conn(0x7f1b94106600 0x7f1b94105f60 secure :-1 s=READY pgs=42 cs=0 l=1 rev1=1 crypto rx=0x7f1b90006af0 tx=0x7f1b90011a90 comp rx=0 tx=0).stop
2024-04-27T01:57:29.255 INFO:teuthology.orchestra.run.smithi029.stdout:/usr/bin/ceph: stderr
2024-04-27T01:57:28.695+0000 7f1b9c369700 1 -- 172.21.15.29:0/1899281840 shutdown_connections
2024-04-27T01:57:29.256 INFO:teuthology.orchestra.run.smithi029.stdout:/usr/bin/ceph: stderr
2024-04-27T01:57:28.695+0000 7f1b9c369700 1 --2- 172.21.15.29:0/1899281840 >> [v2:172.21.15.29:6800/3873642219,v1:172.21.15.29:6801/3873642219] conn(0x7f1b800383b0 0x7f1b8003a860 unknown :-1 s=CLOSED pgs=9 cs=0 l=1 rev1=1 crypto rx=0 tx=0 comp rx=0 tx=0).stop
2024-04-27T01:57:29.256 INFO:teuthology.orchestra.run.smithi029.stdout:/usr/bin/ceph: stderr
2024-04-27T01:57:28.695+0000 7f1b9c369700 1 --2- 172.21.15.29:0/1899281840 >> [v2:172.21.15.29:3300/0,v1:172.21.15.29:6789/0] conn(0x7f1b94106600 0x7f1b94105f60 unknown :-1 s=CLOSED pgs=42 cs=0 l=1 rev1=1 crypto rx=0 tx=0 comp rx=0 tx=0).stop
2024-04-27T01:57:29.256 INFO:teuthology.orchestra.run.smithi029.stdout:/usr/bin/ceph: stderr
2024-04-27T01:57:28.695+0000 7f1b9c369700 1 -- 172.21.15.29:0/1899281840 >> 172.21.15.29:0/1899281840 conn(0x7f1b94100080 msgr2=0x7f1b94101730 unknown :-1 s=STATE_NONE l=0).mark_down
2024-04-27T01:57:29.256 INFO:teuthology.orchestra.run.smithi029.stdout:/usr/bin/ceph: stderr
2024-04-27T01:57:28.695+0000 7f1b9c369700 1 -- 172.21.15.29:0/1899281840 shutdown_connections
2024-04-27T01:57:29.256 INFO:teuthology.orchestra.run.smithi029.stdout:/usr/bin/ceph: stderr
2024-04-27T01:57:28.695+0000 7f1b9c369700 1 -- 172.21.15.29:0/1899281840 wait complete.
2024-04-27T01:57:29.926 INFO:journalctl@ceph.mon.smithi029.smithi029.stdout:Apr 27 01:57:29 smithi029 ceph-mon[26769]: from='client.14136 -' entity='client.admin' cmd=[{"prefix": "cephadm generate-key", "target": ["mon-mgr", ""]}]: dispatch
2024-04-27T01:57:29.927 INFO:journalctl@ceph.mon.smithi029.smithi029.stdout:Apr 27 01:57:29 smithi029 ceph-mon[26769]: Generating ssh key...
2024-04-27T01:57:30.501 INFO:teuthology.orchestra.run.smithi029.stdout:/usr/bin/ceph: stdout ssh-rsa AAAAB3NzaC1yc2EAAAADAQABAAABgQCrvDQxSFEILBV4WWqSNuz9odisfN66Pm2UacN9QGO+79rzFM2SXj61/pttSR176IQtxnTwGJO1FFwelosoe7Us7M6iAW+3n5zwOPAFsoCCDbd/JO+0THx7WD6PUA/5MUG4rlUzaI3WapyNx/6wRotuDanxe6HnNQ/tQXCk2pLo8JJxMc5HX+njVi1zPVwZx55K+AUAKcr9lOQqemUCdIr0zMgHJgL38FhbnvyZBUFr4oT3XnC1641Q77WrDrf/1Crko1JofmnUeqjVnRIh8uc4dtZnzTaUva8qQ7V58AzhBwMURxQbkkc7t7eFCBSgR55Qe0DeZhTq5c+CrVYnT0+A9RqX5ykG5mMroRI4bhKPmx+2X0r8WcoKaz94TB0J1TNMpE83QQJ+9eKnEyxQ487cOiNyaw02rxFMOW6FoKF4Ok/vgd9jN0DLYHerDgb6G08cHQxby5BE03drMYygt08rmxcDQTGev4bkQ3J4F7QBBkNpoLLh3/gZayKyjhOpJnE= ceph-4c587076-0439-11ef-bc93-c7b262605968
2024-04-27T01:57:30.501 INFO:teuthology.orchestra.run.smithi029.stdout:/usr/bin/ceph: stderr
2024-04-27T01:57:29.734+0000 7fce5575b700 1 Processor -- start
2024-04-27T01:57:30.502 INFO:teuthology.orchestra.run.smithi029.stdout:/usr/bin/ceph: stderr
2024-04-27T01:57:29.734+0000 7fce5575b700 1 -- start start
2024-04-27T01:57:30.502 INFO:teuthology.orchestra.run.smithi029.stdout:/usr/bin/ceph: stderr
2024-04-27T01:57:29.735+0000 7fce5575b700 1 --2- >> [v2:172.21.15.29:3300/0,v1:172.21.15.29:6789/0] conn(0x7fce5007bdd0 0x7fce5007a2d0 unknown :-1 s=NONE pgs=0 cs=0 l=0 rev1=0 crypto rx=0 tx=0 comp rx=0 tx=0).connect
2024-04-27T01:57:30.502 INFO:teuthology.orchestra.run.smithi029.stdout:/usr/bin/ceph: stderr
2024-04-27T01:57:29.735+0000 7fce5575b700 1 -- --> [v2:172.21.15.29:3300/0,v1:172.21.15.29:6789/0] -- mon_getmap magic: 0 v1 -- 0x7fce5007a810 con 0x7fce5007bdd0
2024-04-27T01:57:30.502 INFO:teuthology.orchestra.run.smithi029.stdout:/usr/bin/ceph: stderr
2024-04-27T01:57:29.735+0000 7fce4effd700 1 --2- >> [v2:172.21.15.29:3300/0,v1:172.21.15.29:6789/0] conn(0x7fce5007bdd0 0x7fce5007a2d0 unknown :-1 s=BANNER_CONNECTING pgs=0 cs=0 l=0 rev1=0 crypto rx=0 tx=0 comp rx=0 tx=0)._handle_peer_banner_payload supported=3 required=0
2024-04-27T01:57:30.502 INFO:teuthology.orchestra.run.smithi029.stdout:/usr/bin/ceph: stderr
2024-04-27T01:57:29.735+0000 7fce4effd700 1 --2- >> [v2:172.21.15.29:3300/0,v1:172.21.15.29:6789/0] conn(0x7fce5007bdd0 0x7fce5007a2d0 unknown :-1 s=HELLO_CONNECTING pgs=0 cs=0 l=0 rev1=1 crypto rx=0 tx=0 comp rx=0 tx=0).handle_hello peer v2:172.21.15.29:3300/0 says I am v2:172.21.15.29:42600/0 (socket says 172.21.15.29:42600)
2024-04-27T01:57:30.502 INFO:teuthology.orchestra.run.smithi029.stdout:/usr/bin/ceph: stderr
2024-04-27T01:57:29.735+0000 7fce4effd700 1 -- 172.21.15.29:0/762857379 learned_addr learned my addr 172.21.15.29:0/762857379 (peer_addr_for_me v2:172.21.15.29:0/0)
2024-04-27T01:57:30.502 INFO:teuthology.orchestra.run.smithi029.stdout:/usr/bin/ceph: stderr
2024-04-27T01:57:29.735+0000 7fce4effd700 1 -- 172.21.15.29:0/762857379 --> [v2:172.21.15.29:3300/0,v1:172.21.15.29:6789/0] -- mon_subscribe({config=0+,monmap=0+}) v3 -- 0x7fce5007a950 con 0x7fce5007bdd0
2024-04-27T01:57:30.502 INFO:teuthology.orchestra.run.smithi029.stdout:/usr/bin/ceph: stderr
2024-04-27T01:57:29.735+0000 7fce4effd700 1 --2- 172.21.15.29:0/762857379 >> [v2:172.21.15.29:3300/0,v1:172.21.15.29:6789/0] conn(0x7fce5007bdd0 0x7fce5007a2d0 secure :-1 s=READY pgs=43 cs=0 l=1 rev1=1 crypto rx=0x7fce400098a0 tx=0x7fce40009bb0 comp rx=0 tx=0).ready entity=mon.0 client_cookie=4241a99dc0c7ea96 server_cookie=0 in_seq=0 out_seq=0
2024-04-27T01:57:30.502 INFO:teuthology.orchestra.run.smithi029.stdout:/usr/bin/ceph: stderr
2024-04-27T01:57:29.735+0000 7fce4dffb700 1 -- 172.21.15.29:0/762857379 <== mon.0 v2:172.21.15.29:3300/0 1 ==== mon_map magic: 0 v1 ==== 229+0+0 (secure 0 0 0) 0x7fce40004180 con 0x7fce5007bdd0
2024-04-27T01:57:30.502 INFO:teuthology.orchestra.run.smithi029.stdout:/usr/bin/ceph: stderr
2024-04-27T01:57:29.736+0000 7fce4dffb700 1 -- 172.21.15.29:0/762857379 <== mon.0 v2:172.21.15.29:3300/0 2 ==== config(27 keys) v1 ==== 1037+0+0 (secure 0 0 0) 0x7fce400042e0 con 0x7fce5007bdd0
2024-04-27T01:57:30.502 INFO:teuthology.orchestra.run.smithi029.stdout:/usr/bin/ceph: stderr
2024-04-27T01:57:29.736+0000 7fce4dffb700 1 -- 172.21.15.29:0/762857379 <== mon.0 v2:172.21.15.29:3300/0 3 ==== mon_map magic: 0 v1 ==== 229+0+0 (secure 0 0 0) 0x7fce40011a50 con 0x7fce5007bdd0
2024-04-27T01:57:30.502 INFO:teuthology.orchestra.run.smithi029.stdout:/usr/bin/ceph: stderr
2024-04-27T01:57:29.736+0000 7fce5575b700 1 -- 172.21.15.29:0/762857379 >> [v2:172.21.15.29:3300/0,v1:172.21.15.29:6789/0] conn(0x7fce5007bdd0 msgr2=0x7fce5007a2d0 secure :-1 s=STATE_CONNECTION_ESTABLISHED l=1).mark_down
2024-04-27T01:57:30.502 INFO:teuthology.orchestra.run.smithi029.stdout:/usr/bin/ceph: stderr
2024-04-27T01:57:29.736+0000 7fce5575b700 1 --2- 172.21.15.29:0/762857379 >> [v2:172.21.15.29:3300/0,v1:172.21.15.29:6789/0] conn(0x7fce5007bdd0 0x7fce5007a2d0 secure :-1 s=READY pgs=43 cs=0 l=1 rev1=1 crypto rx=0x7fce400098a0 tx=0x7fce40009bb0 comp rx=0 tx=0).stop
2024-04-27T01:57:30.503 INFO:teuthology.orchestra.run.smithi029.stdout:/usr/bin/ceph: stderr
2024-04-27T01:57:29.736+0000 7fce5575b700 1 -- 172.21.15.29:0/762857379 shutdown_connections
2024-04-27T01:57:30.503 INFO:teuthology.orchestra.run.smithi029.stdout:/usr/bin/ceph: stderr
2024-04-27T01:57:29.736+0000 7fce5575b700 1 --2- 172.21.15.29:0/762857379 >> [v2:172.21.15.29:3300/0,v1:172.21.15.29:6789/0] conn(0x7fce5007bdd0 0x7fce5007a2d0 unknown :-1 s=CLOSED pgs=43 cs=0 l=1 rev1=1 crypto rx=0 tx=0 comp rx=0 tx=0).stop
2024-04-27T01:57:30.503 INFO:teuthology.orchestra.run.smithi029.stdout:/usr/bin/ceph: stderr
2024-04-27T01:57:29.736+0000 7fce5575b700 1 -- 172.21.15.29:0/762857379 >> 172.21.15.29:0/762857379 conn(0x7fce50101180 msgr2=0x7fce50103590 unknown :-1 s=STATE_NONE l=0).mark_down
2024-04-27T01:57:30.503 INFO:teuthology.orchestra.run.smithi029.stdout:/usr/bin/ceph: stderr
2024-04-27T01:57:29.736+0000 7fce5575b700 1 -- 172.21.15.29:0/762857379 shutdown_connections
2024-04-27T01:57:30.503 INFO:teuthology.orchestra.run.smithi029.stdout:/usr/bin/ceph: stderr
2024-04-27T01:57:29.736+0000 7fce5575b700 1 -- 172.21.15.29:0/762857379 wait complete.
2024-04-27T01:57:30.503 INFO:teuthology.orchestra.run.smithi029.stdout:/usr/bin/ceph: stderr
2024-04-27T01:57:29.737+0000 7fce5575b700 1 Processor -- start
2024-04-27T01:57:30.503 INFO:teuthology.orchestra.run.smithi029.stdout:/usr/bin/ceph: stderr
2024-04-27T01:57:29.737+0000 7fce5575b700 1 -- start start
2024-04-27T01:57:30.503 INFO:teuthology.orchestra.run.smithi029.stdout:/usr/bin/ceph: stderr
2024-04-27T01:57:29.737+0000 7fce5575b700 1 --2- >> [v2:172.21.15.29:3300/0,v1:172.21.15.29:6789/0] conn(0x7fce5007bdd0 0x7fce5019ba80 unknown :-1 s=NONE pgs=0 cs=0 l=1 rev1=0 crypto rx=0 tx=0 comp rx=0 tx=0).connect
2024-04-27T01:57:30.503 INFO:teuthology.orchestra.run.smithi029.stdout:/usr/bin/ceph: stderr
2024-04-27T01:57:29.737+0000 7fce5575b700 1 -- --> [v2:172.21.15.29:3300/0,v1:172.21.15.29:6789/0] -- mon_getmap magic: 0 v1 -- 0x7fce5019bfc0 con 0x7fce5007bdd0
2024-04-27T01:57:30.503 INFO:teuthology.orchestra.run.smithi029.stdout:/usr/bin/ceph: stderr
2024-04-27T01:57:29.737+0000 7fce4effd700 1 --2- >> [v2:172.21.15.29:3300/0,v1:172.21.15.29:6789/0] conn(0x7fce5007bdd0 0x7fce5019ba80 unknown :-1 s=BANNER_CONNECTING pgs=0 cs=0 l=1 rev1=0 crypto rx=0 tx=0 comp rx=0 tx=0)._handle_peer_banner_payload supported=3 required=0
2024-04-27T01:57:30.503 INFO:teuthology.orchestra.run.smithi029.stdout:/usr/bin/ceph: stderr
