2024-04-27T02:23:07.444+0000 7f1c9e46e700 1 --2- 172.21.15.135:0/2693766221 >> [v2:172.21.15.135:3300/0,v1:172.21.15.135:6789/0] conn(0x7f1c98106ce0 0x7f1c9819a140 secure :-1 s=READY pgs=52 cs=0 l=1 rev1=1 crypto rx=0x7f1c88011700 tx=0x7f1c88011ae0 comp rx=0 tx=0).stop
2024-04-27T02:23:08.132 INFO:teuthology.orchestra.run.smithi135.stdout:/usr/bin/ceph: stderr
2024-04-27T02:23:07.444+0000 7f1c9e46e700 1 -- 172.21.15.135:0/2693766221 shutdown_connections
2024-04-27T02:23:08.132 INFO:teuthology.orchestra.run.smithi135.stdout:/usr/bin/ceph: stderr
2024-04-27T02:23:07.444+0000 7f1c9e46e700 1 --2- 172.21.15.135:0/2693766221 >> v2:172.21.15.135:6800/548012548 conn(0x7f1c80039060 0x7f1c8003b520 unknown :-1 s=CLOSED pgs=14 cs=0 l=1 rev1=1 crypto rx=0 tx=0 comp rx=0 tx=0).stop
2024-04-27T02:23:08.132 INFO:teuthology.orchestra.run.smithi135.stdout:/usr/bin/ceph: stderr
2024-04-27T02:23:07.444+0000 7f1c9e46e700 1 --2- 172.21.15.135:0/2693766221 >> [v2:172.21.15.135:3300/0,v1:172.21.15.135:6789/0] conn(0x7f1c98106ce0 0x7f1c9819a140 unknown :-1 s=CLOSED pgs=52 cs=0 l=1 rev1=1 crypto rx=0 tx=0 comp rx=0 tx=0).stop
2024-04-27T02:23:08.132 INFO:teuthology.orchestra.run.smithi135.stdout:/usr/bin/ceph: stderr
2024-04-27T02:23:07.444+0000 7f1c9e46e700 1 -- 172.21.15.135:0/2693766221 >> 172.21.15.135:0/2693766221 conn(0x7f1c981006f0 msgr2=0x7f1c98101170 unknown :-1 s=STATE_NONE l=0).mark_down
2024-04-27T02:23:08.132 INFO:teuthology.orchestra.run.smithi135.stdout:/usr/bin/ceph: stderr
2024-04-27T02:23:07.444+0000 7f1c9e46e700 1 -- 172.21.15.135:0/2693766221 shutdown_connections
2024-04-27T02:23:08.132 INFO:teuthology.orchestra.run.smithi135.stdout:/usr/bin/ceph: stderr
2024-04-27T02:23:07.444+0000 7f1c9e46e700 1 -- 172.21.15.135:0/2693766221 wait complete.
2024-04-27T02:23:08.832 INFO:journalctl@ceph.mon.a.smithi135.stdout:Apr 27 02:23:08 smithi135 ceph-mon[27229]: from='client.? 172.21.15.135:0/2693766221' entity='client.admin'
2024-04-27T02:23:08.832 INFO:journalctl@ceph.mon.a.smithi135.stdout:Apr 27 02:23:08 smithi135 ceph-mon[27229]: from='mgr.14120 172.21.15.135:0/147632530' entity='mgr.y'
2024-04-27T02:23:08.832 INFO:journalctl@ceph.mon.a.smithi135.stdout:Apr 27 02:23:08 smithi135 ceph-mon[27229]: from='mgr.14120 172.21.15.135:0/147632530' entity='mgr.y'
2024-04-27T02:23:09.886 INFO:journalctl@ceph.mon.a.smithi135.stdout:Apr 27 02:23:09 smithi135 ceph-mon[27229]: from='client.? 172.21.15.135:0/312142717' entity='client.admin'
2024-04-27T02:23:09.886 INFO:journalctl@ceph.mon.a.smithi135.stdout:Apr 27 02:23:09 smithi135 ceph-mon[27229]: from='mgr.14120 172.21.15.135:0/147632530' entity='mgr.y'
2024-04-27T02:23:09.983 INFO:teuthology.orchestra.run.smithi135.stdout:/usr/bin/ceph: stderr
2024-04-27T02:23:08.637+0000 7f70445f4700 1 Processor -- start
2024-04-27T02:23:09.983 INFO:teuthology.orchestra.run.smithi135.stdout:/usr/bin/ceph: stderr
2024-04-27T02:23:08.637+0000 7f70445f4700 1 -- start start
2024-04-27T02:23:09.983 INFO:teuthology.orchestra.run.smithi135.stdout:/usr/bin/ceph: stderr
2024-04-27T02:23:08.637+0000 7f70445f4700 1 --2- >> [v2:172.21.15.135:3300/0,v1:172.21.15.135:6789/0] conn(0x7f703c106220 0x7f703c106640 unknown :-1 s=NONE pgs=0 cs=0 l=0 rev1=0 crypto rx=0 tx=0 comp rx=0 tx=0).connect
2024-04-27T02:23:09.984 INFO:teuthology.orchestra.run.smithi135.stdout:/usr/bin/ceph: stderr
2024-04-27T02:23:08.637+0000 7f70445f4700 1 -- --> [v2:172.21.15.135:3300/0,v1:172.21.15.135:6789/0] -- mon_getmap magic: 0 -- 0x7f703c106c10 con 0x7f703c106220
2024-04-27T02:23:09.984 INFO:teuthology.orchestra.run.smithi135.stdout:/usr/bin/ceph: stderr
2024-04-27T02:23:08.637+0000 7f7042390700 1 --2- >> [v2:172.21.15.135:3300/0,v1:172.21.15.135:6789/0] conn(0x7f703c106220 0x7f703c106640 unknown :-1 s=BANNER_CONNECTING pgs=0 cs=0 l=0 rev1=0 crypto rx=0 tx=0 comp rx=0 tx=0)._handle_peer_banner_payload supported=3 required=0
2024-04-27T02:23:09.984 INFO:teuthology.orchestra.run.smithi135.stdout:/usr/bin/ceph: stderr
2024-04-27T02:23:08.637+0000 7f7042390700 1 --2- >> [v2:172.21.15.135:3300/0,v1:172.21.15.135:6789/0] conn(0x7f703c106220 0x7f703c106640 unknown :-1 s=HELLO_CONNECTING pgs=0 cs=0 l=0 rev1=1 crypto rx=0 tx=0 comp rx=0 tx=0).handle_hello peer v2:172.21.15.135:3300/0 says I am v2:172.21.15.135:47438/0 (socket says 172.21.15.135:47438)
2024-04-27T02:23:09.984 INFO:teuthology.orchestra.run.smithi135.stdout:/usr/bin/ceph: stderr
2024-04-27T02:23:08.637+0000 7f7042390700 1 -- 172.21.15.135:0/2617738235 learned_addr learned my addr 172.21.15.135:0/2617738235 (peer_addr_for_me v2:172.21.15.135:0/0)
2024-04-27T02:23:09.984 INFO:teuthology.orchestra.run.smithi135.stdout:/usr/bin/ceph: stderr
2024-04-27T02:23:08.637+0000 7f7042390700 1 -- 172.21.15.135:0/2617738235 --> [v2:172.21.15.135:3300/0,v1:172.21.15.135:6789/0] -- mon_subscribe({config=0+,monmap=0+}) -- 0x7f703c107420 con 0x7f703c106220
2024-04-27T02:23:09.984 INFO:teuthology.orchestra.run.smithi135.stdout:/usr/bin/ceph: stderr
2024-04-27T02:23:08.638+0000 7f7042390700 1 --2- 172.21.15.135:0/2617738235 >> [v2:172.21.15.135:3300/0,v1:172.21.15.135:6789/0] conn(0x7f703c106220 0x7f703c106640 secure :-1 s=READY pgs=53 cs=0 l=1 rev1=1 crypto rx=0x7f70380098a0 tx=0x7f7038009bb0 comp rx=0 tx=0).ready entity=mon.0 client_cookie=6e32ccb0d96f7772 server_cookie=0 in_seq=0 out_seq=0
2024-04-27T02:23:09.984 INFO:teuthology.orchestra.run.smithi135.stdout:/usr/bin/ceph: stderr
2024-04-27T02:23:08.638+0000 7f704138e700 1 -- 172.21.15.135:0/2617738235 <== mon.0 v2:172.21.15.135:3300/0 1 ==== mon_map magic: 0 ==== 205+0+0 (secure 0 0 0) 0x7f7038004160 con 0x7f703c106220
2024-04-27T02:23:09.984 INFO:teuthology.orchestra.run.smithi135.stdout:/usr/bin/ceph: stderr
2024-04-27T02:23:08.638+0000 7f704138e700 1 -- 172.21.15.135:0/2617738235 <== mon.0 v2:172.21.15.135:3300/0 2 ==== config(26 keys) ==== 1093+0+0 (secure 0 0 0) 0x7f7038004300 con 0x7f703c106220
2024-04-27T02:23:09.984 INFO:teuthology.orchestra.run.smithi135.stdout:/usr/bin/ceph: stderr
2024-04-27T02:23:08.638+0000 7f704138e700 1 -- 172.21.15.135:0/2617738235 <== mon.0 v2:172.21.15.135:3300/0 3 ==== mon_map magic: 0 ==== 205+0+0 (secure 0 0 0) 0x7f7038011a00 con 0x7f703c106220
2024-04-27T02:23:09.984 INFO:teuthology.orchestra.run.smithi135.stdout:/usr/bin/ceph: stderr
2024-04-27T02:23:08.638+0000 7f70445f4700 1 -- 172.21.15.135:0/2617738235 >> [v2:172.21.15.135:3300/0,v1:172.21.15.135:6789/0] conn(0x7f703c106220 msgr2=0x7f703c106640 secure :-1 s=STATE_CONNECTION_ESTABLISHED l=1).mark_down
2024-04-27T02:23:09.984 INFO:teuthology.orchestra.run.smithi135.stdout:/usr/bin/ceph: stderr
2024-04-27T02:23:08.638+0000 7f70445f4700 1 --2- 172.21.15.135:0/2617738235 >> [v2:172.21.15.135:3300/0,v1:172.21.15.135:6789/0] conn(0x7f703c106220 0x7f703c106640 secure :-1 s=READY pgs=53 cs=0 l=1 rev1=1 crypto rx=0x7f70380098a0 tx=0x7f7038009bb0 comp rx=0 tx=0).stop
2024-04-27T02:23:09.984 INFO:teuthology.orchestra.run.smithi135.stdout:/usr/bin/ceph: stderr
2024-04-27T02:23:08.638+0000 7f70445f4700 1 -- 172.21.15.135:0/2617738235 shutdown_connections
2024-04-27T02:23:09.984 INFO:teuthology.orchestra.run.smithi135.stdout:/usr/bin/ceph: stderr
2024-04-27T02:23:08.638+0000 7f70445f4700 1 --2- 172.21.15.135:0/2617738235 >> [v2:172.21.15.135:3300/0,v1:172.21.15.135:6789/0] conn(0x7f703c106220 0x7f703c106640 unknown :-1 s=CLOSED pgs=53 cs=0 l=1 rev1=1 crypto rx=0 tx=0 comp rx=0 tx=0).stop
2024-04-27T02:23:09.985 INFO:teuthology.orchestra.run.smithi135.stdout:/usr/bin/ceph: stderr
2024-04-27T02:23:08.638+0000 7f70445f4700 1 -- 172.21.15.135:0/2617738235 >> 172.21.15.135:0/2617738235 conn(0x7f703c1017e0 msgr2=0x7f703c103c00 unknown :-1 s=STATE_NONE l=0).mark_down
2024-04-27T02:23:09.985 INFO:teuthology.orchestra.run.smithi135.stdout:/usr/bin/ceph: stderr
2024-04-27T02:23:08.639+0000 7f70445f4700 1 -- 172.21.15.135:0/2617738235 shutdown_connections
2024-04-27T02:23:09.985 INFO:teuthology.orchestra.run.smithi135.stdout:/usr/bin/ceph: stderr
2024-04-27T02:23:08.639+0000 7f70445f4700 1 -- 172.21.15.135:0/2617738235 wait complete.
2024-04-27T02:23:09.985 INFO:teuthology.orchestra.run.smithi135.stdout:/usr/bin/ceph: stderr
2024-04-27T02:23:08.639+0000 7f70445f4700 1 Processor -- start
2024-04-27T02:23:09.985 INFO:teuthology.orchestra.run.smithi135.stdout:/usr/bin/ceph: stderr
2024-04-27T02:23:08.639+0000 7f70445f4700 1 -- start start
2024-04-27T02:23:09.985 INFO:teuthology.orchestra.run.smithi135.stdout:/usr/bin/ceph: stderr
2024-04-27T02:23:08.639+0000 7f70445f4700 1 --2- >> [v2:172.21.15.135:3300/0,v1:172.21.15.135:6789/0] conn(0x7f703c106220 0x7f703c19a170 unknown :-1 s=NONE pgs=0 cs=0 l=1 rev1=0 crypto rx=0 tx=0 comp rx=0 tx=0).connect
2024-04-27T02:23:09.985 INFO:teuthology.orchestra.run.smithi135.stdout:/usr/bin/ceph: stderr
2024-04-27T02:23:08.639+0000 7f70445f4700 1 -- --> [v2:172.21.15.135:3300/0,v1:172.21.15.135:6789/0] -- mon_getmap magic: 0 -- 0x7f703c10a7d0 con 0x7f703c106220
2024-04-27T02:23:09.985 INFO:teuthology.orchestra.run.smithi135.stdout:/usr/bin/ceph: stderr
2024-04-27T02:23:08.639+0000 7f7042390700 1 --2- >> [v2:172.21.15.135:3300/0,v1:172.21.15.135:6789/0] conn(0x7f703c106220 0x7f703c19a170 unknown :-1 s=BANNER_CONNECTING pgs=0 cs=0 l=1 rev1=0 crypto rx=0 tx=0 comp rx=0 tx=0)._handle_peer_banner_payload supported=3 required=0
2024-04-27T02:23:09.985 INFO:teuthology.orchestra.run.smithi135.stdout:/usr/bin/ceph: stderr
2024-04-27T02:23:08.639+0000 7f7042390700 1 --2- >> [v2:172.21.15.135:3300/0,v1:172.21.15.135:6789/0] conn(0x7f703c106220 0x7f703c19a170 unknown :-1 s=HELLO_CONNECTING pgs=0 cs=0 l=1 rev1=1 crypto rx=0 tx=0 comp rx=0 tx=0).handle_hello peer v2:172.21.15.135:3300/0 says I am v2:172.21.15.135:47440/0 (socket says 172.21.15.135:47440)
2024-04-27T02:23:09.985 INFO:teuthology.orchestra.run.smithi135.stdout:/usr/bin/ceph: stderr
2024-04-27T02:23:08.639+0000 7f7042390700 1 -- 172.21.15.135:0/312142717 learned_addr learned my addr 172.21.15.135:0/312142717 (peer_addr_for_me v2:172.21.15.135:0/0)
2024-04-27T02:23:09.985 INFO:teuthology.orchestra.run.smithi135.stdout:/usr/bin/ceph: stderr
2024-04-27T02:23:08.640+0000 7f7042390700 1 -- 172.21.15.135:0/312142717 --> [v2:172.21.15.135:3300/0,v1:172.21.15.135:6789/0] -- mon_subscribe({config=0+,monmap=0+}) -- 0x7f703c19a6b0 con 0x7f703c106220
2024-04-27T02:23:09.985 INFO:teuthology.orchestra.run.smithi135.stdout:/usr/bin/ceph: stderr
2024-04-27T02:23:08.640+0000 7f7042390700 1 --2- 172.21.15.135:0/312142717 >> [v2:172.21.15.135:3300/0,v1:172.21.15.135:6789/0] conn(0x7f703c106220 0x7f703c19a170 secure :-1 s=READY pgs=54 cs=0 l=1 rev1=1 crypto rx=0x7f7038009fb0 tx=0x7f7038011ac0 comp rx=0 tx=0).ready entity=mon.0 client_cookie=0 server_cookie=0 in_seq=0 out_seq=0
2024-04-27T02:23:09.985 INFO:teuthology.orchestra.run.smithi135.stdout:/usr/bin/ceph: stderr
2024-04-27T02:23:08.640+0000 7f70337fe700 1 -- 172.21.15.135:0/312142717 <== mon.0 v2:172.21.15.135:3300/0 1 ==== mon_map magic: 0 ==== 205+0+0 (secure 0 0 0) 0x7f7038003aa0 con 0x7f703c106220
2024-04-27T02:23:09.985 INFO:teuthology.orchestra.run.smithi135.stdout:/usr/bin/ceph: stderr
2024-04-27T02:23:08.640+0000 7f70337fe700 1 -- 172.21.15.135:0/312142717 <== mon.0 v2:172.21.15.135:3300/0 2 ==== config(26 keys) ==== 1093+0+0 (secure 0 0 0) 0x7f703801a8e0 con 0x7f703c106220
2024-04-27T02:23:09.985 INFO:teuthology.orchestra.run.smithi135.stdout:/usr/bin/ceph: stderr
2024-04-27T02:23:08.640+0000 7f70445f4700 1 -- 172.21.15.135:0/312142717 --> [v2:172.21.15.135:3300/0,v1:172.21.15.135:6789/0] -- mon_subscribe({mgrmap=0+}) -- 0x7f703c19a940 con 0x7f703c106220
2024-04-27T02:23:09.986 INFO:teuthology.orchestra.run.smithi135.stdout:/usr/bin/ceph: stderr
2024-04-27T02:23:08.640+0000 7f70337fe700 1 -- 172.21.15.135:0/312142717 <== mon.0 v2:172.21.15.135:3300/0 3 ==== mon_map magic: 0 ==== 205+0+0 (secure 0 0 0) 0x7f7038024930 con 0x7f703c106220
2024-04-27T02:23:09.986 INFO:teuthology.orchestra.run.smithi135.stdout:/usr/bin/ceph: stderr
2024-04-27T02:23:08.640+0000 7f70445f4700 1 -- 172.21.15.135:0/312142717 --> [v2:172.21.15.135:3300/0,v1:172.21.15.135:6789/0] -- mon_subscribe({osdmap=0}) -- 0x7f703c19d630 con 0x7f703c106220
2024-04-27T02:23:09.986 INFO:teuthology.orchestra.run.smithi135.stdout:/usr/bin/ceph: stderr
2024-04-27T02:23:08.641+0000 7f70337fe700 1 -- 172.21.15.135:0/312142717 <== mon.0 v2:172.21.15.135:3300/0 4 ==== mgrmap(e 8) ==== 46252+0+0 (secure 0 0 0) 0x7f7038022020 con 0x7f703c106220
2024-04-27T02:23:09.986 INFO:teuthology.orchestra.run.smithi135.stdout:/usr/bin/ceph: stderr
2024-04-27T02:23:08.641+0000 7f70445f4700 1 -- 172.21.15.135:0/312142717 --> [v2:172.21.15.135:3300/0,v1:172.21.15.135:6789/0] -- mon_command({"prefix": "get_command_descriptions"} v 0) -- 0x7f703c063890 con 0x7f703c106220
2024-04-27T02:23:09.986 INFO:teuthology.orchestra.run.smithi135.stdout:/usr/bin/ceph: stderr
2024-04-27T02:23:08.641+0000 7f70337fe700 1 --2- 172.21.15.135:0/312142717 >> v2:172.21.15.135:6800/548012548 conn(0x7f7028039010 0x7f702803b4d0 unknown :-1 s=NONE pgs=0 cs=0 l=1 rev1=0 crypto rx=0 tx=0 comp rx=0 tx=0).connect
2024-04-27T02:23:09.986 INFO:teuthology.orchestra.run.smithi135.stdout:/usr/bin/ceph: stderr
2024-04-27T02:23:08.641+0000 7f70337fe700 1 -- 172.21.15.135:0/312142717 <== mon.0 v2:172.21.15.135:3300/0 5 ==== osd_map(2..2 src has 1..2) ==== 897+0+0 (secure 0 0 0) 0x7f703804cff0 con 0x7f703c106220
2024-04-27T02:23:09.986 INFO:teuthology.orchestra.run.smithi135.stdout:/usr/bin/ceph: stderr
2024-04-27T02:23:08.641+0000 7f7041b8f700 1 --2- 172.21.15.135:0/312142717 >> v2:172.21.15.135:6800/548012548 conn(0x7f7028039010 0x7f702803b4d0 unknown :-1 s=BANNER_CONNECTING pgs=0 cs=0 l=1 rev1=0 crypto rx=0 tx=0 comp rx=0 tx=0)._handle_peer_banner_payload supported=3 required=0
2024-04-27T02:23:09.986 INFO:teuthology.orchestra.run.smithi135.stdout:/usr/bin/ceph: stderr
2024-04-27T02:23:08.642+0000 7f7041b8f700 1 --2- 172.21.15.135:0/312142717 >> v2:172.21.15.135:6800/548012548 conn(0x7f7028039010 0x7f702803b4d0 secure :-1 s=READY pgs=15 cs=0 l=1 rev1=1 crypto rx=0x7f702c006fd0 tx=0x7f702c006e40 comp rx=0 tx=0).ready entity=mgr.14120 client_cookie=0 server_cookie=0 in_seq=0 out_seq=0
2024-04-27T02:23:09.986 INFO:teuthology.orchestra.run.smithi135.stdout:/usr/bin/ceph: stderr
2024-04-27T02:23:08.646+0000 7f70337fe700 1 -- 172.21.15.135:0/312142717 <== mon.0 v2:172.21.15.135:3300/0 6 ==== mon_command_ack([{"prefix": "get_command_descriptions"}]=0 v0) ==== 72+0+186147 (secure 0 0 0) 0x7f703804cd50 con 0x7f703c106220
2024-04-27T02:23:09.986 INFO:teuthology.orchestra.run.smithi135.stdout:/usr/bin/ceph: stderr
2024-04-27T02:23:08.877+0000 7f70445f4700 1 -- 172.21.15.135:0/312142717 --> [v2:172.21.15.135:3300/0,v1:172.21.15.135:6789/0] -- mon_command([{prefix=config set, name=mgr/dashboard/ssl_server_port}] v 0) -- 0x7f703c19da80 con 0x7f703c106220
2024-04-27T02:23:09.986 INFO:teuthology.orchestra.run.smithi135.stdout:/usr/bin/ceph: stderr
2024-04-27T02:23:08.879+0000 7f70337fe700 1 -- 172.21.15.135:0/312142717 <== mon.0 v2:172.21.15.135:3300/0 7 ==== mon_command_ack([{prefix=config set, name=mgr/dashboard/ssl_server_port}]=0 v8)=0 v8) ==== 130+0+0 (secure 0 0 0) 0x7f703802d3f0 con 0x7f703c106220
2024-04-27T02:23:09.986 INFO:teuthology.orchestra.run.smithi135.stdout:/usr/bin/ceph: stderr
2024-04-27T02:23:08.881+0000 7f70445f4700 1 -- 172.21.15.135:0/312142717 >> v2:172.21.15.135:6800/548012548 conn(0x7f7028039010 msgr2=0x7f702803b4d0 secure :-1 s=STATE_CONNECTION_ESTABLISHED l=1).mark_down
2024-04-27T02:23:09.986 INFO:teuthology.orchestra.run.smithi135.stdout:/usr/bin/ceph: stderr
2024-04-27T02:23:08.881+0000 7f70445f4700 1 --2- 172.21.15.135:0/312142717 >> v2:172.21.15.135:6800/548012548 conn(0x7f7028039010 0x7f702803b4d0 secure :-1 s=READY pgs=15 cs=0 l=1 rev1=1 crypto rx=0x7f702c006fd0 tx=0x7f702c006e40 comp rx=0 tx=0).stop
2024-04-27T02:23:09.986 INFO:teuthology.orchestra.run.smithi135.stdout:/usr/bin/ceph: stderr
2024-04-27T02:23:08.881+0000 7f70445f4700 1 -- 172.21.15.135:0/312142717 >> [v2:172.21.15.135:3300/0,v1:172.21.15.135:6789/0] conn(0x7f703c106220 msgr2=0x7f703c19a170 secure :-1 s=STATE_CONNECTION_ESTABLISHED l=1).mark_down
2024-04-27T02:23:09.987 INFO:teuthology.orchestra.run.smithi135.stdout:/usr/bin/ceph: stderr
2024-04-27T02:23:08.881+0000 7f70445f4700 1 --2- 172.21.15.135:0/312142717 >> [v2:172.21.15.135:3300/0,v1:172.21.15.135:6789/0] conn(0x7f703c106220 0x7f703c19a170 secure :-1 s=READY pgs=54 cs=0 l=1 rev1=1 crypto rx=0x7f7038009fb0 tx=0x7f7038011ac0 comp rx=0 tx=0).stop
2024-04-27T02:23:09.987 INFO:teuthology.orchestra.run.smithi135.stdout:/usr/bin/ceph: stderr
2024-04-27T02:23:08.881+0000 7f70445f4700 1 -- 172.21.15.135:0/312142717 shutdown_connections
2024-04-27T02:23:09.987 INFO:teuthology.orchestra.run.smithi135.stdout:/usr/bin/ceph: stderr
2024-04-27T02:23:08.881+0000 7f70445f4700 1 --2- 172.21.15.135:0/312142717 >> v2:172.21.15.135:6800/548012548 conn(0x7f7028039010 0x7f702803b4d0 unknown :-1 s=CLOSED pgs=15 cs=0 l=1 rev1=1 crypto rx=0 tx=0 comp rx=0 tx=0).stop
2024-04-27T02:23:09.987 INFO:teuthology.orchestra.run.smithi135.stdout:/usr/bin/ceph: stderr
2024-04-27T02:23:08.881+0000 7f70445f4700 1 --2- 172.21.15.135:0/312142717 >> [v2:172.21.15.135:3300/0,v1:172.21.15.135:6789/0] conn(0x7f703c106220 0x7f703c19a170 unknown :-1 s=CLOSED pgs=54 cs=0 l=1 rev1=1 crypto rx=0 tx=0 comp rx=0 tx=0).stop
2024-04-27T02:23:09.987 INFO:teuthology.orchestra.run.smithi135.stdout:/usr/bin/ceph: stderr
2024-04-27T02:23:08.881+0000 7f70445f4700 1 -- 172.21.15.135:0/312142717 >> 172.21.15.135:0/312142717 conn(0x7f703c1017e0 msgr2=0x7f703c102300 unknown :-1 s=STATE_NONE l=0).mark_down
2024-04-27T02:23:09.987 INFO:teuthology.orchestra.run.smithi135.stdout:/usr/bin/ceph: stderr
2024-04-27T02:23:08.882+0000 7f70445f4700 1 -- 172.21.15.135:0/312142717 shutdown_connections
2024-04-27T02:23:09.987 INFO:teuthology.orchestra.run.smithi135.stdout:/usr/bin/ceph: stderr
2024-04-27T02:23:08.882+0000 7f70445f4700 1 -- 172.21.15.135:0/312142717 wait complete.
2024-04-27T02:23:09.987 INFO:teuthology.orchestra.run.smithi135.stdout:Enabling the dashboard module...
2024-04-27T02:23:11.173 INFO:journalctl@ceph.mon.a.smithi135.stdout:Apr 27 02:23:10 smithi135 ceph-mon[27229]: from='client.? 172.21.15.135:0/2575609213' entity='client.admin' cmd=[{"prefix": "mgr module enable", "module": "dashboard"}]: dispatch
2024-04-27T02:23:11.173 INFO:journalctl@ceph.mgr.y.smithi135.stdout:Apr 27 02:23:10 smithi135 ceph-d8a96fd2-043c-11ef-bc93-c7b262605968-mgr-y[27463]: ignoring --setuser ceph since I am not root
2024-04-27T02:23:11.173 INFO:journalctl@ceph.mgr.y.smithi135.stdout:Apr 27 02:23:10 smithi135 ceph-d8a96fd2-043c-11ef-bc93-c7b262605968-mgr-y[27463]: ignoring --setgroup ceph since I am not root
2024-04-27T02:23:11.173 INFO:journalctl@ceph.mgr.y.smithi135.stdout:Apr 27 02:23:11 smithi135 ceph-d8a96fd2-043c-11ef-bc93-c7b262605968-mgr-y[27463]:
2024-04-27T02:23:11.083+0000 7fd048b88200 -1 mgr[py] Module balancer has missing NOTIFY_TYPES member
2024-04-27T02:23:11.456 INFO:journalctl@ceph.mgr.y.smithi135.stdout:Apr 27 02:23:11 smithi135 ceph-d8a96fd2-043c-11ef-bc93-c7b262605968-mgr-y[27463]:
2024-04-27T02:23:11.276+0000 7fd048b88200 -1 mgr[py] Module orchestrator has missing NOTIFY_TYPES member
2024-04-27T02:23:11.456 INFO:journalctl@ceph.mgr.y.smithi135.stdout:Apr 27 02:23:11 smithi135 ceph-d8a96fd2-043c-11ef-bc93-c7b262605968-mgr-y[27463]:
2024-04-27T02:23:11.377+0000 7fd048b88200 -1 mgr[py] Module snap_schedule has missing NOTIFY_TYPES member
2024-04-27T02:23:11.464 INFO:teuthology.orchestra.run.smithi135.stdout:/usr/bin/ceph: stderr
2024-04-27T02:23:10.487+0000 7fe79c22c700 1 Processor -- start
2024-04-27T02:23:11.464 INFO:teuthology.orchestra.run.smithi135.stdout:/usr/bin/ceph: stderr
2024-04-27T02:23:10.487+0000 7fe79c22c700 1 -- start start
2024-04-27T02:23:11.464 INFO:teuthology.orchestra.run.smithi135.stdout:/usr/bin/ceph: stderr
2024-04-27T02:23:10.487+0000 7fe79c22c700 1 --2- >> [v2:172.21.15.135:3300/0,v1:172.21.15.135:6789/0] conn(0x7fe794106d00 0x7fe7941090f0 unknown :-1 s=NONE pgs=0 cs=0 l=0 rev1=0 crypto rx=0 tx=0 comp rx=0 tx=0).connect
2024-04-27T02:23:11.464 INFO:teuthology.orchestra.run.smithi135.stdout:/usr/bin/ceph: stderr
2024-04-27T02:23:10.487+0000 7fe79c22c700 1 -- --> [v2:172.21.15.135:3300/0,v1:172.21.15.135:6789/0] -- mon_getmap magic: 0 -- 0x7fe794079f70 con 0x7fe794106d00
2024-04-27T02:23:11.464 INFO:teuthology.orchestra.run.smithi135.stdout:/usr/bin/ceph: stderr
2024-04-27T02:23:10.487+0000 7fe799fc8700 1 --2- >> [v2:172.21.15.135:3300/0,v1:172.21.15.135:6789/0] conn(0x7fe794106d00 0x7fe7941090f0 unknown :-1 s=BANNER_CONNECTING pgs=0 cs=0 l=0 rev1=0 crypto rx=0 tx=0 comp rx=0 tx=0)._handle_peer_banner_payload supported=3 required=0
2024-04-27T02:23:11.464 INFO:teuthology.orchestra.run.smithi135.stdout:/usr/bin/ceph: stderr
2024-04-27T02:23:10.487+0000 7fe799fc8700 1 --2- >> [v2:172.21.15.135:3300/0,v1:172.21.15.135:6789/0] conn(0x7fe794106d00 0x7fe7941090f0 unknown :-1 s=HELLO_CONNECTING pgs=0 cs=0 l=0 rev1=1 crypto rx=0 tx=0 comp rx=0 tx=0).handle_hello peer v2:172.21.15.135:3300/0 says I am v2:172.21.15.135:47448/0 (socket says 172.21.15.135:47448)
2024-04-27T02:23:11.464 INFO:teuthology.orchestra.run.smithi135.stdout:/usr/bin/ceph: stderr
2024-04-27T02:23:10.487+0000 7fe799fc8700 1 -- 172.21.15.135:0/3203529769 learned_addr learned my addr 172.21.15.135:0/3203529769 (peer_addr_for_me v2:172.21.15.135:0/0)
2024-04-27T02:23:11.465 INFO:teuthology.orchestra.run.smithi135.stdout:/usr/bin/ceph: stderr
2024-04-27T02:23:10.488+0000 7fe799fc8700 1 -- 172.21.15.135:0/3203529769 --> [v2:172.21.15.135:3300/0,v1:172.21.15.135:6789/0] -- mon_subscribe({config=0+,monmap=0+}) -- 0x7fe794109630 con 0x7fe794106d00
2024-04-27T02:23:11.465 INFO:teuthology.orchestra.run.smithi135.stdout:/usr/bin/ceph: stderr
2024-04-27T02:23:10.488+0000 7fe799fc8700 1 --2- 172.21.15.135:0/3203529769 >> [v2:172.21.15.135:3300/0,v1:172.21.15.135:6789/0] conn(0x7fe794106d00 0x7fe7941090f0 secure :-1 s=READY pgs=55 cs=0 l=1 rev1=1 crypto rx=0x7fe7900098a0 tx=0x7fe790009bb0 comp rx=0 tx=0).ready entity=mon.0 client_cookie=e3e22e3e9d1122b server_cookie=0 in_seq=0 out_seq=0
2024-04-27T02:23:11.465 INFO:teuthology.orchestra.run.smithi135.stdout:/usr/bin/ceph: stderr
2024-04-27T02:23:10.488+0000 7fe798fc6700 1 -- 172.21.15.135:0/3203529769 <== mon.0 v2:172.21.15.135:3300/0 1 ==== mon_map magic: 0 ==== 205+0+0 (secure 0 0 0) 0x7fe790004160 con 0x7fe794106d00
2024-04-27T02:23:11.465 INFO:teuthology.orchestra.run.smithi135.stdout:/usr/bin/ceph: stderr
2024-04-27T02:23:10.488+0000 7fe798fc6700 1 -- 172.21.15.135:0/3203529769 <== mon.0 v2:172.21.15.135:3300/0 2 ==== config(26 keys) ==== 1093+0+0 (secure 0 0 0) 0x7fe790004300 con 0x7fe794106d00
2024-04-27T02:23:11.465 INFO:teuthology.orchestra.run.smithi135.stdout:/usr/bin/ceph: stderr
2024-04-27T02:23:10.488+0000 7fe798fc6700 1 -- 172.21.15.135:0/3203529769 <== mon.0 v2:172.21.15.135:3300/0 3 ==== mon_map magic: 0 ==== 205+0+0 (secure 0 0 0) 0x7fe790011a00 con 0x7fe794106d00
2024-04-27T02:23:11.465 INFO:teuthology.orchestra.run.smithi135.stdout:/usr/bin/ceph: stderr
2024-04-27T02:23:10.489+0000 7fe79c22c700 1 -- 172.21.15.135:0/3203529769 >> [v2:172.21.15.135:3300/0,v1:172.21.15.135:6789/0] conn(0x7fe794106d00 msgr2=0x7fe7941090f0 secure :-1 s=STATE_CONNECTION_ESTABLISHED l=1).mark_down
2024-04-27T02:23:11.465 INFO:teuthology.orchestra.run.smithi135.stdout:/usr/bin/ceph: stderr
2024-04-27T02:23:10.489+0000 7fe79c22c700 1 --2- 172.21.15.135:0/3203529769 >> [v2:172.21.15.135:3300/0,v1:172.21.15.135:6789/0] conn(0x7fe794106d00 0x7fe7941090f0 secure :-1 s=READY pgs=55 cs=0 l=1 rev1=1 crypto rx=0x7fe7900098a0 tx=0x7fe790009bb0 comp rx=0 tx=0).stop
2024-04-27T02:23:11.465 INFO:teuthology.orchestra.run.smithi135.stdout:/usr/bin/ceph: stderr
2024-04-27T02:23:10.489+0000 7fe79c22c700 1 -- 172.21.15.135:0/3203529769 shutdown_connections
2024-04-27T02:23:11.465 INFO:teuthology.orchestra.run.smithi135.stdout:/usr/bin/ceph: stderr
2024-04-27T02:23:10.489+0000 7fe79c22c700 1 --2- 172.21.15.135:0/3203529769 >> [v2:172.21.15.135:3300/0,v1:172.21.15.135:6789/0] conn(0x7fe794106d00 0x7fe7941090f0 unknown :-1 s=CLOSED pgs=55 cs=0 l=1 rev1=1 crypto rx=0 tx=0 comp rx=0 tx=0).stop
2024-04-27T02:23:11.465 INFO:teuthology.orchestra.run.smithi135.stdout:/usr/bin/ceph: stderr
2024-04-27T02:23:10.489+0000 7fe79c22c700 1 -- 172.21.15.135:0/3203529769 >> 172.21.15.135:0/3203529769 conn(0x7fe794100690 msgr2=0x7fe794102b10 unknown :-1 s=STATE_NONE l=0).mark_down
2024-04-27T02:23:11.465 INFO:teuthology.orchestra.run.smithi135.stdout:/usr/bin/ceph: stderr
2024-04-27T02:23:10.489+0000 7fe79c22c700 1 -- 172.21.15.135:0/3203529769 shutdown_connections
2024-04-27T02:23:11.465 INFO:teuthology.orchestra.run.smithi135.stdout:/usr/bin/ceph: stderr
2024-04-27T02:23:10.489+0000 7fe79c22c700 1 -- 172.21.15.135:0/3203529769 wait complete.
2024-04-27T02:23:11.465 INFO:teuthology.orchestra.run.smithi135.stdout:/usr/bin/ceph: stderr
2024-04-27T02:23:10.489+0000 7fe79c22c700 1 Processor -- start
2024-04-27T02:23:11.465 INFO:teuthology.orchestra.run.smithi135.stdout:/usr/bin/ceph: stderr
2024-04-27T02:23:10.489+0000 7fe79c22c700 1 -- start start
2024-04-27T02:23:11.465 INFO:teuthology.orchestra.run.smithi135.stdout:/usr/bin/ceph: stderr
2024-04-27T02:23:10.490+0000 7fe79c22c700 1 --2- >> [v2:172.21.15.135:3300/0,v1:172.21.15.135:6789/0] conn(0x7fe794106d00 0x7fe79419c3b0 unknown :-1 s=NONE pgs=0 cs=0 l=1 rev1=0 crypto rx=0 tx=0 comp rx=0 tx=0).connect
2024-04-27T02:23:11.466 INFO:teuthology.orchestra.run.smithi135.stdout:/usr/bin/ceph: stderr
2024-04-27T02:23:10.490+0000 7fe79c22c700 1 -- --> [v2:172.21.15.135:3300/0,v1:172.21.15.135:6789/0] -- mon_getmap magic: 0 -- 0x7fe79410a5e0 con 0x7fe794106d00
2024-04-27T02:23:11.466 INFO:teuthology.orchestra.run.smithi135.stdout:/usr/bin/ceph: stderr
2024-04-27T02:23:10.490+0000 7fe799fc8700 1 --2- >> [v2:172.21.15.135:3300/0,v1:172.21.15.135:6789/0] conn(0x7fe794106d00 0x7fe79419c3b0 unknown :-1 s=BANNER_CONNECTING pgs=0 cs=0 l=1 rev1=0 crypto rx=0 tx=0 comp rx=0 tx=0)._handle_peer_banner_payload supported=3 required=0
2024-04-27T02:23:11.466 INFO:teuthology.orchestra.run.smithi135.stdout:/usr/bin/ceph: stderr
2024-04-27T02:23:10.490+0000 7fe799fc8700 1 --2- >> [v2:172.21.15.135:3300/0,v1:172.21.15.135:6789/0] conn(0x7fe794106d00 0x7fe79419c3b0 unknown :-1 s=HELLO_CONNECTING pgs=0 cs=0 l=1 rev1=1 crypto rx=0 tx=0 comp rx=0 tx=0).handle_hello peer v2:172.21.15.135:3300/0 says I am v2:172.21.15.135:47452/0 (socket says 172.21.15.135:47452)
2024-04-27T02:23:11.466 INFO:teuthology.orchestra.run.smithi135.stdout:/usr/bin/ceph: stderr
2024-04-27T02:23:10.490+0000 7fe799fc8700 1 -- 172.21.15.135:0/2575609213 learned_addr learned my addr 172.21.15.135:0/2575609213 (peer_addr_for_me v2:172.21.15.135:0/0)
2024-04-27T02:23:11.466 INFO:teuthology.orchestra.run.smithi135.stdout:/usr/bin/ceph: stderr
2024-04-27T02:23:10.490+0000 7fe799fc8700 1 -- 172.21.15.135:0/2575609213 --> [v2:172.21.15.135:3300/0,v1:172.21.15.135:6789/0] -- mon_subscribe({config=0+,monmap=0+}) -- 0x7fe79419c8f0 con 0x7fe794106d00
2024-04-27T02:23:11.466 INFO:teuthology.orchestra.run.smithi135.stdout:/usr/bin/ceph: stderr
2024-04-27T02:23:10.490+0000 7fe799fc8700 1 --2- 172.21.15.135:0/2575609213 >> [v2:172.21.15.135:3300/0,v1:172.21.15.135:6789/0] conn(0x7fe794106d00 0x7fe79419c3b0 secure :-1 s=READY pgs=56 cs=0 l=1 rev1=1 crypto rx=0x7fe790011a10 tx=0x7fe790011af0 comp rx=0 tx=0).ready entity=mon.0 client_cookie=0 server_cookie=0 in_seq=0 out_seq=0
2024-04-27T02:23:11.466 INFO:teuthology.orchestra.run.smithi135.stdout:/usr/bin/ceph: stderr
2024-04-27T02:23:10.490+0000 7fe78affd700 1 -- 172.21.15.135:0/2575609213 <== mon.0 v2:172.21.15.135:3300/0 1 ==== mon_map magic: 0 ==== 205+0+0 (secure 0 0 0) 0x7fe790003aa0 con 0x7fe794106d00
2024-04-27T02:23:11.466 INFO:teuthology.orchestra.run.smithi135.stdout:/usr/bin/ceph: stderr
2024-04-27T02:23:10.490+0000 7fe78affd700 1 -- 172.21.15.135:0/2575609213 <== mon.0 v2:172.21.15.135:3300/0 2 ==== config(26 keys) ==== 1093+0+0 (secure 0 0 0) 0x7fe79001a8e0 con 0x7fe794106d00
2024-04-27T02:23:11.466 INFO:teuthology.orchestra.run.smithi135.stdout:/usr/bin/ceph: stderr
2024-04-27T02:23:10.490+0000 7fe79c22c700 1 -- 172.21.15.135:0/2575609213 --> [v2:172.21.15.135:3300/0,v1:172.21.15.135:6789/0] -- mon_subscribe({mgrmap=0+}) -- 0x7fe79419cb80 con 0x7fe794106d00
2024-04-27T02:23:11.466 INFO:teuthology.orchestra.run.smithi135.stdout:/usr/bin/ceph: stderr
2024-04-27T02:23:10.490+0000 7fe78affd700 1 -- 172.21.15.135:0/2575609213 <== mon.0 v2:172.21.15.135:3300/0 3 ==== mon_map magic: 0 ==== 205+0+0 (secure 0 0 0) 0x7fe790024900 con 0x7fe794106d00
2024-04-27T02:23:11.466 INFO:teuthology.orchestra.run.smithi135.stdout:/usr/bin/ceph: stderr
2024-04-27T02:23:10.490+0000 7fe79c22c700 1 -- 172.21.15.135:0/2575609213 --> [v2:172.21.15.135:3300/0,v1:172.21.15.135:6789/0] -- mon_subscribe({osdmap=0}) -- 0x7fe79419f870 con 0x7fe794106d00
2024-04-27T02:23:11.466 INFO:teuthology.orchestra.run.smithi135.stdout:/usr/bin/ceph: stderr
2024-04-27T02:23:10.491+0000 7fe79c22c700 1 -- 172.21.15.135:0/2575609213 --> [v2:172.21.15.135:3300/0,v1:172.21.15.135:6789/0] -- mon_command({"prefix": "get_command_descriptions"} v 0) -- 0x7fe794063890 con 0x7fe794106d00
2024-04-27T02:23:11.466 INFO:teuthology.orchestra.run.smithi135.stdout:/usr/bin/ceph: stderr
2024-04-27T02:23:10.492+0000 7fe78affd700 1 -- 172.21.15.135:0/2575609213 <== mon.0 v2:172.21.15.135:3300/0 4 ==== mgrmap(e 8) ==== 46252+0+0 (secure 0 0 0) 0x7fe790022020 con 0x7fe794106d00
2024-04-27T02:23:11.467 INFO:teuthology.orchestra.run.smithi135.stdout:/usr/bin/ceph: stderr
2024-04-27T02:23:10.492+0000 7fe78affd700 1 --2- 172.21.15.135:0/2575609213 >> v2:172.21.15.135:6800/548012548 conn(0x7fe780038fc0 0x7fe78003b480 unknown :-1 s=NONE pgs=0 cs=0 l=1 rev1=0 crypto rx=0 tx=0 comp rx=0 tx=0).connect
2024-04-27T02:23:11.467 INFO:teuthology.orchestra.run.smithi135.stdout:/usr/bin/ceph: stderr
2024-04-27T02:23:10.492+0000 7fe78affd700 1 -- 172.21.15.135:0/2575609213 <== mon.0 v2:172.21.15.135:3300/0 5 ==== osd_map(2..2 src has 1..2) ==== 897+0+0 (secure 0 0 0) 0x7fe79004d430 con 0x7fe794106d00
2024-04-27T02:23:11.467 INFO:teuthology.orchestra.run.smithi135.stdout:/usr/bin/ceph: stderr
2024-04-27T02:23:10.492+0000 7fe7997c7700 1 --2- 172.21.15.135:0/2575609213 >> v2:172.21.15.135:6800/548012548 conn(0x7fe780038fc0 0x7fe78003b480 unknown :-1 s=BANNER_CONNECTING pgs=0 cs=0 l=1 rev1=0 crypto rx=0 tx=0 comp rx=0 tx=0)._handle_peer_banner_payload supported=3 required=0
2024-04-27T02:23:11.467 INFO:teuthology.orchestra.run.smithi135.stdout:/usr/bin/ceph: stderr
2024-04-27T02:23:10.492+0000 7fe7997c7700 1 --2- 172.21.15.135:0/2575609213 >> v2:172.21.15.135:6800/548012548 conn(0x7fe780038fc0 0x7fe78003b480 secure :-1 s=READY pgs=16 cs=0 l=1 rev1=1 crypto rx=0x7fe784006fd0 tx=0x7fe784006e40 comp rx=0 tx=0).ready entity=mgr.14120 client_cookie=0 server_cookie=0 in_seq=0 out_seq=0
2024-04-27T02:23:11.467 INFO:teuthology.orchestra.run.smithi135.stdout:/usr/bin/ceph: stderr
2024-04-27T02:23:10.497+0000 7fe78affd700 1 -- 172.21.15.135:0/2575609213 <== mon.0 v2:172.21.15.135:3300/0 6 ==== mon_command_ack([{"prefix": "get_command_descriptions"}]=0 v0) ==== 72+0+186147 (secure 0 0 0) 0x7fe79000f2e0 con 0x7fe794106d00
2024-04-27T02:23:11.467 INFO:teuthology.orchestra.run.smithi135.stdout:/usr/bin/ceph: stderr
2024-04-27T02:23:10.792+0000 7fe79c22c700 1 -- 172.21.15.135:0/2575609213 --> [v2:172.21.15.135:3300/0,v1:172.21.15.135:6789/0] -- mon_command({"prefix": "mgr module enable", "module": "dashboard"} v 0) -- 0x7fe79419fc50 con 0x7fe794106d00
2024-04-27T02:23:11.467 INFO:teuthology.orchestra.run.smithi135.stdout:/usr/bin/ceph: stderr
2024-04-27T02:23:10.883+0000 7fe78affd700 1 -- 172.21.15.135:0/2575609213 <== mon.0 v2:172.21.15.135:3300/0 7 ==== mon_command_ack([{"prefix": "mgr module enable", "module": "dashboard"}]=0 v9) ==== 88+0+0 (secure 0 0 0) 0x7fe79004d190 con 0x7fe794106d00
2024-04-27T02:23:11.467 INFO:teuthology.orchestra.run.smithi135.stdout:/usr/bin/ceph: stderr
2024-04-27T02:23:10.885+0000 7fe78affd700 1 -- 172.21.15.135:0/2575609213 <== mon.0 v2:172.21.15.135:3300/0 8 ==== mgrmap(e 9) ==== 46265+0+0 (secure 0 0 0) 0x7fe79002d3f0 con 0x7fe794106d00
2024-04-27T02:23:11.467 INFO:teuthology.orchestra.run.smithi135.stdout:/usr/bin/ceph: stderr
2024-04-27T02:23:10.887+0000 7fe79c22c700 1 -- 172.21.15.135:0/2575609213 >> v2:172.21.15.135:6800/548012548 conn(0x7fe780038fc0 msgr2=0x7fe78003b480 secure :-1 s=STATE_CONNECTION_ESTABLISHED l=1).mark_down
2024-04-27T02:23:11.467 INFO:teuthology.orchestra.run.smithi135.stdout:/usr/bin/ceph: stderr
2024-04-27T02:23:10.887+0000 7fe79c22c700 1 --2- 172.21.15.135:0/2575609213 >> v2:172.21.15.135:6800/548012548 conn(0x7fe780038fc0 0x7fe78003b480 secure :-1 s=READY pgs=16 cs=0 l=1 rev1=1 crypto rx=0x7fe784006fd0 tx=0x7fe784006e40 comp rx=0 tx=0).stop
2024-04-27T02:23:11.467 INFO:teuthology.orchestra.run.smithi135.stdout:/usr/bin/ceph: stderr
2024-04-27T02:23:10.887+0000 7fe79c22c700 1 -- 172.21.15.135:0/2575609213 >> [v2:172.21.15.135:3300/0,v1:172.21.15.135:6789/0] conn(0x7fe794106d00 msgr2=0x7fe79419c3b0 secure :-1 s=STATE_CONNECTION_ESTABLISHED l=1).mark_down
2024-04-27T02:23:11.467 INFO:teuthology.orchestra.run.smithi135.stdout:/usr/bin/ceph: stderr
2024-04-27T02:23:10.887+0000 7fe79c22c700 1 --2- 172.21.15.135:0/2575609213 >> [v2:172.21.15.135:3300/0,v1:172.21.15.135:6789/0] conn(0x7fe794106d00 0x7fe79419c3b0 secure :-1 s=READY pgs=56 cs=0 l=1 rev1=1 crypto rx=0x7fe790011a10 tx=0x7fe790011af0 comp rx=0 tx=0).stop
2024-04-27T02:23:11.467 INFO:teuthology.orchestra.run.smithi135.stdout:/usr/bin/ceph: stderr
2024-04-27T02:23:10.887+0000 7fe79c22c700 1 -- 172.21.15.135:0/2575609213 shutdown_connections
2024-04-27T02:23:11.467 INFO:teuthology.orchestra.run.smithi135.stdout:/usr/bin/ceph: stderr
2024-04-27T02:23:10.887+0000 7fe79c22c700 1 --2- 172.21.15.135:0/2575609213 >> v2:172.21.15.135:6800/548012548 conn(0x7fe780038fc0 0x7fe78003b480 unknown :-1 s=CLOSED pgs=16 cs=0 l=1 rev1=1 crypto rx=0 tx=0 comp rx=0 tx=0).stop
2024-04-27T02:23:11.467 INFO:teuthology.orchestra.run.smithi135.stdout:/usr/bin/ceph: stderr
2024-04-27T02:23:10.887+0000 7fe79c22c700 1 --2- 172.21.15.135:0/2575609213 >> [v2:172.21.15.135:3300/0,v1:172.21.15.135:6789/0] conn(0x7fe794106d00 0x7fe79419c3b0 unknown :-1 s=CLOSED pgs=56 cs=0 l=1 rev1=1 crypto rx=0 tx=0 comp rx=0 tx=0).stop
2024-04-27T02:23:11.468 INFO:teuthology.orchestra.run.smithi135.stdout:/usr/bin/ceph: stderr
2024-04-27T02:23:10.887+0000 7fe79c22c700 1 -- 172.21.15.135:0/2575609213 >> 172.21.15.135:0/2575609213 conn(0x7fe794100690 msgr2=0x7fe7941011b0 unknown :-1 s=STATE_NONE l=0).mark_down
2024-04-27T02:23:11.468 INFO:teuthology.orchestra.run.smithi135.stdout:/usr/bin/ceph: stderr
2024-04-27T02:23:10.887+0000 7fe79c22c700 1 -- 172.21.15.135:0/2575609213 shutdown_connections
2024-04-27T02:23:11.468 INFO:teuthology.orchestra.run.smithi135.stdout:/usr/bin/ceph: stderr
2024-04-27T02:23:10.887+0000 7fe79c22c700 1 -- 172.21.15.135:0/2575609213 wait complete.
2024-04-27T02:23:11.765 INFO:journalctl@ceph.mgr.y.smithi135.stdout:Apr 27 02:23:11 smithi135 ceph-d8a96fd2-043c-11ef-bc93-c7b262605968-mgr-y[27463]:
2024-04-27T02:23:11.702+0000 7fd048b88200 -1 mgr[py] Module progress has missing NOTIFY_TYPES member
2024-04-27T02:23:12.081 INFO:journalctl@ceph.mgr.y.smithi135.stdout:Apr 27 02:23:11 smithi135 ceph-d8a96fd2-043c-11ef-bc93-c7b262605968-mgr-y[27463]:
2024-04-27T02:23:11.789+0000 7fd048b88200 -1 mgr[py] Module influx has missing NOTIFY_TYPES member
2024-04-27T02:23:12.082 INFO:journalctl@ceph.mon.a.smithi135.stdout:Apr 27 02:23:11 smithi135 ceph-mon[27229]: from='client.? 172.21.15.135:0/2575609213' entity='client.admin' cmd='[{"prefix": "mgr module enable", "module": "dashboard"}]': finished
2024-04-27T02:23:12.082 INFO:journalctl@ceph.mon.a.smithi135.stdout:Apr 27 02:23:11 smithi135 ceph-mon[27229]: mgrmap e9: y(active, since 18s)
2024-04-27T02:23:12.788 INFO:teuthology.orchestra.run.smithi135.stdout:/usr/bin/ceph: stdout {
2024-04-27T02:23:12.789 INFO:teuthology.orchestra.run.smithi135.stdout:/usr/bin/ceph: stdout "epoch": 9,
2024-04-27T02:23:12.789 INFO:teuthology.orchestra.run.smithi135.stdout:/usr/bin/ceph: stdout "available": true,
2024-04-27T02:23:12.789 INFO:teuthology.orchestra.run.smithi135.stdout:/usr/bin/ceph: stdout "active_name": "y",
2024-04-27T02:23:12.789 INFO:teuthology.orchestra.run.smithi135.stdout:/usr/bin/ceph: stdout "num_standby": 0
2024-04-27T02:23:12.789 INFO:teuthology.orchestra.run.smithi135.stdout:/usr/bin/ceph: stdout }
2024-04-27T02:23:12.789 INFO:teuthology.orchestra.run.smithi135.stdout:/usr/bin/ceph: stderr
2024-04-27T02:23:11.927+0000 7f2bd2560700 1 Processor -- start
2024-04-27T02:23:12.789 INFO:teuthology.orchestra.run.smithi135.stdout:/usr/bin/ceph: stderr
2024-04-27T02:23:11.927+0000 7f2bd2560700 1 -- start start
2024-04-27T02:23:12.789 INFO:teuthology.orchestra.run.smithi135.stdout:/usr/bin/ceph: stderr
2024-04-27T02:23:11.927+0000 7f2bd2560700 1 --2- >> [v2:172.21.15.135:3300/0,v1:172.21.15.135:6789/0] conn(0x7f2bcc105130 0x7f2bcc105550 unknown :-1 s=NONE pgs=0 cs=0 l=0 rev1=0 crypto rx=0 tx=0 comp rx=0 tx=0).connect
2024-04-27T02:23:12.789 INFO:teuthology.orchestra.run.smithi135.stdout:/usr/bin/ceph: stderr
2024-04-27T02:23:11.927+0000 7f2bd2560700 1 -- --> [v2:172.21.15.135:3300/0,v1:172.21.15.135:6789/0] -- mon_getmap magic: 0 -- 0x7f2bcc105b20 con 0x7f2bcc105130
2024-04-27T02:23:12.789 INFO:teuthology.orchestra.run.smithi135.stdout:/usr/bin/ceph: stderr
2024-04-27T02:23:11.927+0000 7f2bcbfff700 1 --2- >> [v2:172.21.15.135:3300/0,v1:172.21.15.135:6789/0] conn(0x7f2bcc105130 0x7f2bcc105550 unknown :-1 s=BANNER_CONNECTING pgs=0 cs=0 l=0 rev1=0 crypto rx=0 tx=0 comp rx=0 tx=0)._handle_peer_banner_payload supported=3 required=0
2024-04-27T02:23:12.789 INFO:teuthology.orchestra.run.smithi135.stdout:/usr/bin/ceph: stderr
2024-04-27T02:23:11.928+0000 7f2bcbfff700 1 --2- >> [v2:172.21.15.135:3300/0,v1:172.21.15.135:6789/0] conn(0x7f2bcc105130 0x7f2bcc105550 unknown :-1 s=HELLO_CONNECTING pgs=0 cs=0 l=0 rev1=1 crypto rx=0 tx=0 comp rx=0 tx=0).handle_hello peer v2:172.21.15.135:3300/0 says I am v2:172.21.15.135:42892/0 (socket says 172.21.15.135:42892)
2024-04-27T02:23:12.789 INFO:teuthology.orchestra.run.smithi135.stdout:/usr/bin/ceph: stderr
2024-04-27T02:23:11.928+0000 7f2bcbfff700 1 -- 172.21.15.135:0/3163409472 learned_addr learned my addr 172.21.15.135:0/3163409472 (peer_addr_for_me v2:172.21.15.135:0/0)
2024-04-27T02:23:12.789 INFO:teuthology.orchestra.run.smithi135.stdout:/usr/bin/ceph: stderr
2024-04-27T02:23:11.928+0000 7f2bcbfff700 1 -- 172.21.15.135:0/3163409472 --> [v2:172.21.15.135:3300/0,v1:172.21.15.135:6789/0] -- mon_subscribe({config=0+,monmap=0+}) -- 0x7f2bcc106330 con 0x7f2bcc105130
2024-04-27T02:23:12.790 INFO:teuthology.orchestra.run.smithi135.stdout:/usr/bin/ceph: stderr
2024-04-27T02:23:11.928+0000 7f2bcbfff700 1 --2- 172.21.15.135:0/3163409472 >> [v2:172.21.15.135:3300/0,v1:172.21.15.135:6789/0] conn(0x7f2bcc105130 0x7f2bcc105550 secure :-1 s=READY pgs=59 cs=0 l=1 rev1=1 crypto rx=0x7f2bbc0098a0 tx=0x7f2bbc009bb0 comp rx=0 tx=0).ready entity=mon.0 client_cookie=a0929afb6fb1ef73 server_cookie=0 in_seq=0 out_seq=0
2024-04-27T02:23:12.790 INFO:teuthology.orchestra.run.smithi135.stdout:/usr/bin/ceph: stderr
2024-04-27T02:23:11.928+0000 7f2bcaffd700 1 -- 172.21.15.135:0/3163409472 <== mon.0 v2:172.21.15.135:3300/0 1 ==== mon_map magic: 0 ==== 205+0+0 (secure 0 0 0) 0x7f2bbc004160 con 0x7f2bcc105130
2024-04-27T02:23:12.790 INFO:teuthology.orchestra.run.smithi135.stdout:/usr/bin/ceph: stderr
2024-04-27T02:23:11.928+0000 7f2bcaffd700 1 -- 172.21.15.135:0/3163409472 <== mon.0 v2:172.21.15.135:3300/0 2 ==== config(26 keys) ==== 1093+0+0 (secure 0 0 0) 0x7f2bbc004300 con 0x7f2bcc105130
2024-04-27T02:23:12.790 INFO:teuthology.orchestra.run.smithi135.stdout:/usr/bin/ceph: stderr
2024-04-27T02:23:11.928+0000 7f2bcaffd700 1 -- 172.21.15.135:0/3163409472 <== mon.0 v2:172.21.15.135:3300/0 3 ==== mon_map magic: 0 ==== 205+0+0 (secure 0 0 0) 0x7f2bbc011a00 con 0x7f2bcc105130
2024-04-27T02:23:12.790 INFO:teuthology.orchestra.run.smithi135.stdout:/usr/bin/ceph: stderr
2024-04-27T02:23:11.929+0000 7f2bd2560700 1 -- 172.21.15.135:0/3163409472 >> [v2:172.21.15.135:3300/0,v1:172.21.15.135:6789/0] conn(0x7f2bcc105130 msgr2=0x7f2bcc105550 secure :-1 s=STATE_CONNECTION_ESTABLISHED l=1).mark_down
2024-04-27T02:23:12.790 INFO:teuthology.orchestra.run.smithi135.stdout:/usr/bin/ceph: stderr
2024-04-27T02:23:11.929+0000 7f2bd2560700 1 --2- 172.21.15.135:0/3163409472 >> [v2:172.21.15.135:3300/0,v1:172.21.15.135:6789/0] conn(0x7f2bcc105130 0x7f2bcc105550 secure :-1 s=READY pgs=59 cs=0 l=1 rev1=1 crypto rx=0x7f2bbc0098a0 tx=0x7f2bbc009bb0 comp rx=0 tx=0).stop
2024-04-27T02:23:12.790 INFO:teuthology.orchestra.run.smithi135.stdout:/usr/bin/ceph: stderr
2024-04-27T02:23:11.929+0000 7f2bd2560700 1 -- 172.21.15.135:0/3163409472 shutdown_connections
2024-04-27T02:23:12.790 INFO:teuthology.orchestra.run.smithi135.stdout:/usr/bin/ceph: stderr
2024-04-27T02:23:11.929+0000 7f2bd2560700 1 --2- 172.21.15.135:0/3163409472 >> [v2:172.21.15.135:3300/0,v1:172.21.15.135:6789/0] conn(0x7f2bcc105130 0x7f2bcc105550 unknown :-1 s=CLOSED pgs=59 cs=0 l=1 rev1=1 crypto rx=0 tx=0 comp rx=0 tx=0).stop
2024-04-27T02:23:12.790 INFO:teuthology.orchestra.run.smithi135.stdout:/usr/bin/ceph: stderr
2024-04-27T02:23:11.929+0000 7f2bd2560700 1 -- 172.21.15.135:0/3163409472 >> 172.21.15.135:0/3163409472 conn(0x7f2bcc1006f0 msgr2=0x7f2bcc102b10 unknown :-1 s=STATE_NONE l=0).mark_down
2024-04-27T02:23:12.790 INFO:teuthology.orchestra.run.smithi135.stdout:/usr/bin/ceph: stderr
2024-04-27T02:23:11.929+0000 7f2bd2560700 1 -- 172.21.15.135:0/3163409472 shutdown_connections
2024-04-27T02:23:12.790 INFO:teuthology.orchestra.run.smithi135.stdout:/usr/bin/ceph: stderr
2024-04-27T02:23:11.929+0000 7f2bd2560700 1 -- 172.21.15.135:0/3163409472 wait complete.
2024-04-27T02:23:12.790 INFO:teuthology.orchestra.run.smithi135.stdout:/usr/bin/ceph: stderr
2024-04-27T02:23:11.930+0000 7f2bd2560700 1 Processor -- start
2024-04-27T02:23:12.790 INFO:teuthology.orchestra.run.smithi135.stdout:/usr/bin/ceph: stderr
2024-04-27T02:23:11.930+0000 7f2bd2560700 1 -- start start
2024-04-27T02:23:12.791 INFO:teuthology.orchestra.run.smithi135.stdout:/usr/bin/ceph: stderr
2024-04-27T02:23:11.930+0000 7f2bd2560700 1 --2- >> [v2:172.21.15.135:3300/0,v1:172.21.15.135:6789/0] conn(0x7f2bcc105130 0x7f2bcc199080 unknown :-1 s=NONE pgs=0 cs=0 l=1 rev1=0 crypto rx=0 tx=0 comp rx=0 tx=0).connect
2024-04-27T02:23:12.791 INFO:teuthology.orchestra.run.smithi135.stdout:/usr/bin/ceph: stderr
2024-04-27T02:23:11.930+0000 7f2bd2560700 1 -- --> [v2:172.21.15.135:3300/0,v1:172.21.15.135:6789/0] -- mon_getmap magic: 0 -- 0x7f2bcc1096e0 con 0x7f2bcc105130
2024-04-27T02:23:12.791 INFO:teuthology.orchestra.run.smithi135.stdout:/usr/bin/ceph: stderr
2024-04-27T02:23:11.930+0000 7f2bcbfff700 1 --2- >> [v2:172.21.15.135:3300/0,v1:172.21.15.135:6789/0] conn(0x7f2bcc105130 0x7f2bcc199080 unknown :-1 s=BANNER_CONNECTING pgs=0 cs=0 l=1 rev1=0 crypto rx=0 tx=0 comp rx=0 tx=0)._handle_peer_banner_payload supported=3 required=0
2024-04-27T02:23:12.791 INFO:teuthology.orchestra.run.smithi135.stdout:/usr/bin/ceph: stderr
2024-04-27T02:23:11.930+0000 7f2bcbfff700 1 --2- >> [v2:172.21.15.135:3300/0,v1:172.21.15.135:6789/0] conn(0x7f2bcc105130 0x7f2bcc199080 unknown :-1 s=HELLO_CONNECTING pgs=0 cs=0 l=1 rev1=1 crypto rx=0 tx=0 comp rx=0 tx=0).handle_hello peer v2:172.21.15.135:3300/0 says I am v2:172.21.15.135:42894/0 (socket says 172.21.15.135:42894)
2024-04-27T02:23:12.791 INFO:teuthology.orchestra.run.smithi135.stdout:/usr/bin/ceph: stderr
2024-04-27T02:23:11.930+0000 7f2bcbfff700 1 -- 172.21.15.135:0/2225099483 learned_addr learned my addr 172.21.15.135:0/2225099483 (peer_addr_for_me v2:172.21.15.135:0/0)
2024-04-27T02:23:12.791 INFO:teuthology.orchestra.run.smithi135.stdout:/usr/bin/ceph: stderr
2024-04-27T02:23:11.930+0000 7f2bcbfff700 1 -- 172.21.15.135:0/2225099483 --> [v2:172.21.15.135:3300/0,v1:172.21.15.135:6789/0] -- mon_subscribe({config=0+,monmap=0+}) -- 0x7f2bcc1995c0 con 0x7f2bcc105130
2024-04-27T02:23:12.791 INFO:teuthology.orchestra.run.smithi135.stdout:/usr/bin/ceph: stderr
2024-04-27T02:23:11.931+0000 7f2bcbfff700 1 --2- 172.21.15.135:0/2225099483 >> [v2:172.21.15.135:3300/0,v1:172.21.15.135:6789/0] conn(0x7f2bcc105130 0x7f2bcc199080 secure :-1 s=READY pgs=60 cs=0 l=1 rev1=1 crypto rx=0x7f2bbc009fb0 tx=0x7f2bbc011ac0 comp rx=0 tx=0).ready entity=mon.0 client_cookie=0 server_cookie=0 in_seq=0 out_seq=0
2024-04-27T02:23:12.791 INFO:teuthology.orchestra.run.smithi135.stdout:/usr/bin/ceph: stderr
2024-04-27T02:23:11.931+0000 7f2bc97fa700 1 -- 172.21.15.135:0/2225099483 <== mon.0 v2:172.21.15.135:3300/0 1 ==== mon_map magic: 0 ==== 205+0+0 (secure 0 0 0) 0x7f2bbc003aa0 con 0x7f2bcc105130
2024-04-27T02:23:12.791 INFO:teuthology.orchestra.run.smithi135.stdout:/usr/bin/ceph: stderr
2024-04-27T02:23:11.931+0000 7f2bc97fa700 1 -- 172.21.15.135:0/2225099483 <== mon.0 v2:172.21.15.135:3300/0 2 ==== config(26 keys) ==== 1093+0+0 (secure 0 0 0) 0x7f2bbc01a8e0 con 0x7f2bcc105130
2024-04-27T02:23:12.791 INFO:teuthology.orchestra.run.smithi135.stdout:/usr/bin/ceph: stderr
2024-04-27T02:23:11.931+0000 7f2bd2560700 1 -- 172.21.15.135:0/2225099483 --> [v2:172.21.15.135:3300/0,v1:172.21.15.135:6789/0] -- mon_subscribe({mgrmap=0+}) -- 0x7f2bcc199850 con 0x7f2bcc105130
2024-04-27T02:23:12.791 INFO:teuthology.orchestra.run.smithi135.stdout:/usr/bin/ceph: stderr
2024-04-27T02:23:11.931+0000 7f2bc97fa700 1 -- 172.21.15.135:0/2225099483 <== mon.0 v2:172.21.15.135:3300/0 3 ==== mon_map magic: 0 ==== 205+0+0 (secure 0 0 0) 0x7f2bbc024930 con 0x7f2bcc105130
2024-04-27T02:23:12.791 INFO:teuthology.orchestra.run.smithi135.stdout:/usr/bin/ceph: stderr
2024-04-27T02:23:11.931+0000 7f2bd2560700 1 -- 172.21.15.135:0/2225099483 --> [v2:172.21.15.135:3300/0,v1:172.21.15.135:6789/0] -- mon_subscribe({osdmap=0}) -- 0x7f2bcc19c540 con 0x7f2bcc105130
2024-04-27T02:23:12.791 INFO:teuthology.orchestra.run.smithi135.stdout:/usr/bin/ceph: stderr
2024-04-27T02:23:11.932+0000 7f2bc97fa700 1 -- 172.21.15.135:0/2225099483 <== mon.0 v2:172.21.15.135:3300/0 4 ==== mgrmap(e 9) ==== 46265+0+0 (secure 0 0 0) 0x7f2bbc022020 con 0x7f2bcc105130
2024-04-27T02:23:12.791 INFO:teuthology.orchestra.run.smithi135.stdout:/usr/bin/ceph: stderr
2024-04-27T02:23:11.932+0000 7f2bd2560700 1 -- 172.21.15.135:0/2225099483 --> [v2:172.21.15.135:3300/0,v1:172.21.15.135:6789/0] -- mon_command({"prefix": "get_command_descriptions"} v 0) -- 0x7f2bcc063890 con 0x7f2bcc105130
2024-04-27T02:23:12.791 INFO:teuthology.orchestra.run.smithi135.stdout:/usr/bin/ceph: stderr
2024-04-27T02:23:11.932+0000 7f2bc97fa700 1 --2- 172.21.15.135:0/2225099483 >> v2:172.21.15.135:6800/548012548 conn(0x7f2bb4039010 0x7f2bb403b4d0 unknown :-1 s=NONE pgs=0 cs=0 l=1 rev1=0 crypto rx=0 tx=0 comp rx=0 tx=0).connect
2024-04-27T02:23:12.791 INFO:teuthology.orchestra.run.smithi135.stdout:/usr/bin/ceph: stderr
2024-04-27T02:23:11.932+0000 7f2bc97fa700 1 -- 172.21.15.135:0/2225099483 <== mon.0 v2:172.21.15.135:3300/0 5 ==== osd_map(2..2 src has 1..2) ==== 897+0+0 (secure 0 0 0) 0x7f2bbc04e390 con 0x7f2bcc105130
2024-04-27T02:23:12.792 INFO:teuthology.orchestra.run.smithi135.stdout:/usr/bin/ceph: stderr
2024-04-27T02:23:11.932+0000 7f2bcb7fe700 1 -- 172.21.15.135:0/2225099483 >> v2:172.21.15.135:6800/548012548 conn(0x7f2bb4039010 msgr2=0x7f2bb403b4d0 unknown :-1 s=STATE_CONNECTING_RE l=1).process reconnect failed to v2:172.21.15.135:6800/548012548
2024-04-27T02:23:12.792 INFO:teuthology.orchestra.run.smithi135.stdout:/usr/bin/ceph: stderr
2024-04-27T02:23:11.932+0000 7f2bcb7fe700 1 --2- 172.21.15.135:0/2225099483 >> v2:172.21.15.135:6800/548012548 conn(0x7f2bb4039010 0x7f2bb403b4d0 unknown :-1 s=START_CONNECT pgs=0 cs=0 l=1 rev1=0 crypto rx=0 tx=0 comp rx=0 tx=0)._fault waiting 0.200000
2024-04-27T02:23:12.792 INFO:teuthology.orchestra.run.smithi135.stdout:/usr/bin/ceph: stderr
2024-04-27T02:23:11.937+0000 7f2bc97fa700 1 -- 172.21.15.135:0/2225099483 <== mon.0 v2:172.21.15.135:3300/0 6 ==== mon_command_ack([{"prefix": "get_command_descriptions"}]=0 v0) ==== 72+0+186147 (secure 0 0 0) 0x7f2bbc00b3e0 con 0x7f2bcc105130
2024-04-27T02:23:12.792 INFO:teuthology.orchestra.run.smithi135.stdout:/usr/bin/ceph: stderr
2024-04-27T02:23:12.133+0000 7f2bcb7fe700 1 -- 172.21.15.135:0/2225099483 >> v2:172.21.15.135:6800/548012548 conn(0x7f2bb4039010 msgr2=0x7f2bb403b4d0 unknown :-1 s=STATE_CONNECTING_RE l=1).process reconnect failed to v2:172.21.15.135:6800/548012548
2024-04-27T02:23:12.792 INFO:teuthology.orchestra.run.smithi135.stdout:/usr/bin/ceph: stderr
2024-04-27T02:23:12.133+0000 7f2bcb7fe700 1 --2- 172.21.15.135:0/2225099483 >> v2:172.21.15.135:6800/548012548 conn(0x7f2bb4039010 0x7f2bb403b4d0 unknown :-1 s=START_CONNECT pgs=0 cs=0 l=1 rev1=0 crypto rx=0 tx=0 comp rx=0 tx=0)._fault waiting 0.400000
2024-04-27T02:23:12.792 INFO:teuthology.orchestra.run.smithi135.stdout:/usr/bin/ceph: stderr
2024-04-27T02:23:12.223+0000 7f2bd2560700 1 -- 172.21.15.135:0/2225099483 --> [v2:172.21.15.135:3300/0,v1:172.21.15.135:6789/0] -- mon_command({"prefix": "mgr stat"} v 0) -- 0x7f2bcc19c8e0 con 0x7f2bcc105130
2024-04-27T02:23:12.792 INFO:teuthology.orchestra.run.smithi135.stdout:/usr/bin/ceph: stderr
2024-04-27T02:23:12.223+0000 7f2bc97fa700 1 -- 172.21.15.135:0/2225099483 <== mon.0 v2:172.21.15.135:3300/0 7 ==== mon_command_ack([{"prefix": "mgr stat"}]=0 v9) ==== 56+0+88 (secure 0 0 0) 0x7f2bbc01ad70 con 0x7f2bcc105130
2024-04-27T02:23:12.792 INFO:teuthology.orchestra.run.smithi135.stdout:/usr/bin/ceph: stderr
2024-04-27T02:23:12.226+0000 7f2bd2560700 1 -- 172.21.15.135:0/2225099483 >> v2:172.21.15.135:6800/548012548 conn(0x7f2bb4039010 msgr2=0x7f2bb403b4d0 unknown :-1 s=STATE_CONNECTING l=1).mark_down
2024-04-27T02:23:12.792 INFO:teuthology.orchestra.run.smithi135.stdout:/usr/bin/ceph: stderr
