2024-04-27T02:22:47.802+0000 7f4ce6ffd700 1 -- 172.21.15.135:0/205976840 <== mon.0 v2:172.21.15.135:3300/0 1 ==== mon_map magic: 0 ==== 205+0+0 (secure 0 0 0) 0x7f4cdc004160 con 0x7f4ce8106cb0
2024-04-27T02:22:53.830 INFO:teuthology.orchestra.run.smithi135.stdout:/usr/bin/ceph: stderr
2024-04-27T02:22:47.802+0000 7f4ce6ffd700 1 -- 172.21.15.135:0/205976840 <== mon.0 v2:172.21.15.135:3300/0 2 ==== config(26 keys) ==== 1062+0+0 (secure 0 0 0) 0x7f4cdc004300 con 0x7f4ce8106cb0
2024-04-27T02:22:53.830 INFO:teuthology.orchestra.run.smithi135.stdout:/usr/bin/ceph: stderr
2024-04-27T02:22:47.802+0000 7f4ce6ffd700 1 -- 172.21.15.135:0/205976840 <== mon.0 v2:172.21.15.135:3300/0 3 ==== mon_map magic: 0 ==== 205+0+0 (secure 0 0 0) 0x7f4cdc011a60 con 0x7f4ce8106cb0
2024-04-27T02:22:53.830 INFO:teuthology.orchestra.run.smithi135.stdout:/usr/bin/ceph: stderr
2024-04-27T02:22:47.803+0000 7f4cee3e6700 1 -- 172.21.15.135:0/205976840 >> [v2:172.21.15.135:3300/0,v1:172.21.15.135:6789/0] conn(0x7f4ce8106cb0 msgr2=0x7f4ce81090a0 secure :-1 s=STATE_CONNECTION_ESTABLISHED l=1).mark_down
2024-04-27T02:22:53.830 INFO:teuthology.orchestra.run.smithi135.stdout:/usr/bin/ceph: stderr
2024-04-27T02:22:47.803+0000 7f4cee3e6700 1 --2- 172.21.15.135:0/205976840 >> [v2:172.21.15.135:3300/0,v1:172.21.15.135:6789/0] conn(0x7f4ce8106cb0 0x7f4ce81090a0 secure :-1 s=READY pgs=28 cs=0 l=1 rev1=1 crypto rx=0x7f4cdc0098a0 tx=0x7f4cdc009bb0 comp rx=0 tx=0).stop
2024-04-27T02:22:53.830 INFO:teuthology.orchestra.run.smithi135.stdout:/usr/bin/ceph: stderr
2024-04-27T02:22:47.803+0000 7f4cee3e6700 1 -- 172.21.15.135:0/205976840 shutdown_connections
2024-04-27T02:22:53.830 INFO:teuthology.orchestra.run.smithi135.stdout:/usr/bin/ceph: stderr
2024-04-27T02:22:47.803+0000 7f4cee3e6700 1 --2- 172.21.15.135:0/205976840 >> [v2:172.21.15.135:3300/0,v1:172.21.15.135:6789/0] conn(0x7f4ce8106cb0 0x7f4ce81090a0 unknown :-1 s=CLOSED pgs=28 cs=0 l=1 rev1=1 crypto rx=0 tx=0 comp rx=0 tx=0).stop
2024-04-27T02:22:53.830 INFO:teuthology.orchestra.run.smithi135.stdout:/usr/bin/ceph: stderr
2024-04-27T02:22:47.803+0000 7f4cee3e6700 1 -- 172.21.15.135:0/205976840 >> 172.21.15.135:0/205976840 conn(0x7f4ce81006a0 msgr2=0x7f4ce8102ac0 unknown :-1 s=STATE_NONE l=0).mark_down
2024-04-27T02:22:53.830 INFO:teuthology.orchestra.run.smithi135.stdout:/usr/bin/ceph: stderr
2024-04-27T02:22:47.803+0000 7f4cee3e6700 1 -- 172.21.15.135:0/205976840 shutdown_connections
2024-04-27T02:22:53.830 INFO:teuthology.orchestra.run.smithi135.stdout:/usr/bin/ceph: stderr
2024-04-27T02:22:47.803+0000 7f4cee3e6700 1 -- 172.21.15.135:0/205976840 wait complete.
2024-04-27T02:22:53.830 INFO:teuthology.orchestra.run.smithi135.stdout:/usr/bin/ceph: stderr
2024-04-27T02:22:47.804+0000 7f4cee3e6700 1 Processor -- start
2024-04-27T02:22:53.830 INFO:teuthology.orchestra.run.smithi135.stdout:/usr/bin/ceph: stderr
2024-04-27T02:22:47.804+0000 7f4cee3e6700 1 -- start start
2024-04-27T02:22:53.830 INFO:teuthology.orchestra.run.smithi135.stdout:/usr/bin/ceph: stderr
2024-04-27T02:22:47.804+0000 7f4cee3e6700 1 --2- >> [v2:172.21.15.135:3300/0,v1:172.21.15.135:6789/0] conn(0x7f4ce8106cb0 0x7f4ce819a150 unknown :-1 s=NONE pgs=0 cs=0 l=1 rev1=0 crypto rx=0 tx=0 comp rx=0 tx=0).connect
2024-04-27T02:22:53.830 INFO:teuthology.orchestra.run.smithi135.stdout:/usr/bin/ceph: stderr
2024-04-27T02:22:47.804+0000 7f4cee3e6700 1 -- --> [v2:172.21.15.135:3300/0,v1:172.21.15.135:6789/0] -- mon_getmap magic: 0 -- 0x7f4ce810a550 con 0x7f4ce8106cb0
2024-04-27T02:22:53.831 INFO:teuthology.orchestra.run.smithi135.stdout:/usr/bin/ceph: stderr
2024-04-27T02:22:47.804+0000 7f4ce7fff700 1 --2- >> [v2:172.21.15.135:3300/0,v1:172.21.15.135:6789/0] conn(0x7f4ce8106cb0 0x7f4ce819a150 unknown :-1 s=BANNER_CONNECTING pgs=0 cs=0 l=1 rev1=0 crypto rx=0 tx=0 comp rx=0 tx=0)._handle_peer_banner_payload supported=3 required=0
2024-04-27T02:22:53.831 INFO:teuthology.orchestra.run.smithi135.stdout:/usr/bin/ceph: stderr
2024-04-27T02:22:47.804+0000 7f4ce7fff700 1 --2- >> [v2:172.21.15.135:3300/0,v1:172.21.15.135:6789/0] conn(0x7f4ce8106cb0 0x7f4ce819a150 unknown :-1 s=HELLO_CONNECTING pgs=0 cs=0 l=1 rev1=1 crypto rx=0 tx=0 comp rx=0 tx=0).handle_hello peer v2:172.21.15.135:3300/0 says I am v2:172.21.15.135:56772/0 (socket says 172.21.15.135:56772)
2024-04-27T02:22:53.831 INFO:teuthology.orchestra.run.smithi135.stdout:/usr/bin/ceph: stderr
2024-04-27T02:22:47.804+0000 7f4ce7fff700 1 -- 172.21.15.135:0/3859692736 learned_addr learned my addr 172.21.15.135:0/3859692736 (peer_addr_for_me v2:172.21.15.135:0/0)
2024-04-27T02:22:53.831 INFO:teuthology.orchestra.run.smithi135.stdout:/usr/bin/ceph: stderr
2024-04-27T02:22:47.804+0000 7f4ce7fff700 1 -- 172.21.15.135:0/3859692736 --> [v2:172.21.15.135:3300/0,v1:172.21.15.135:6789/0] -- mon_subscribe({config=0+,monmap=0+}) -- 0x7f4ce819a690 con 0x7f4ce8106cb0
2024-04-27T02:22:53.831 INFO:teuthology.orchestra.run.smithi135.stdout:/usr/bin/ceph: stderr
2024-04-27T02:22:47.805+0000 7f4ce7fff700 1 --2- 172.21.15.135:0/3859692736 >> [v2:172.21.15.135:3300/0,v1:172.21.15.135:6789/0] conn(0x7f4ce8106cb0 0x7f4ce819a150 secure :-1 s=READY pgs=29 cs=0 l=1 rev1=1 crypto rx=0x7f4cdc009870 tx=0x7f4cdc011ae0 comp rx=0 tx=0).ready entity=mon.0 client_cookie=0 server_cookie=0 in_seq=0 out_seq=0
2024-04-27T02:22:53.831 INFO:teuthology.orchestra.run.smithi135.stdout:/usr/bin/ceph: stderr
2024-04-27T02:22:47.805+0000 7f4ce57fa700 1 -- 172.21.15.135:0/3859692736 <== mon.0 v2:172.21.15.135:3300/0 1 ==== mon_map magic: 0 ==== 205+0+0 (secure 0 0 0) 0x7f4cdc003af0 con 0x7f4ce8106cb0
2024-04-27T02:22:53.831 INFO:teuthology.orchestra.run.smithi135.stdout:/usr/bin/ceph: stderr
2024-04-27T02:22:47.805+0000 7f4ce57fa700 1 -- 172.21.15.135:0/3859692736 <== mon.0 v2:172.21.15.135:3300/0 2 ==== config(26 keys) ==== 1062+0+0 (secure 0 0 0) 0x7f4cdc01a8c0 con 0x7f4ce8106cb0
2024-04-27T02:22:53.831 INFO:teuthology.orchestra.run.smithi135.stdout:/usr/bin/ceph: stderr
2024-04-27T02:22:47.805+0000 7f4cee3e6700 1 -- 172.21.15.135:0/3859692736 --> [v2:172.21.15.135:3300/0,v1:172.21.15.135:6789/0] -- mon_subscribe({mgrmap=0+}) -- 0x7f4ce819a920 con 0x7f4ce8106cb0
2024-04-27T02:22:53.831 INFO:teuthology.orchestra.run.smithi135.stdout:/usr/bin/ceph: stderr
2024-04-27T02:22:47.805+0000 7f4ce57fa700 1 -- 172.21.15.135:0/3859692736 <== mon.0 v2:172.21.15.135:3300/0 3 ==== mon_map magic: 0 ==== 205+0+0 (secure 0 0 0) 0x7f4cdc019960 con 0x7f4ce8106cb0
2024-04-27T02:22:53.831 INFO:teuthology.orchestra.run.smithi135.stdout:/usr/bin/ceph: stderr
2024-04-27T02:22:47.805+0000 7f4cee3e6700 1 -- 172.21.15.135:0/3859692736 --> [v2:172.21.15.135:3300/0,v1:172.21.15.135:6789/0] -- mon_subscribe({osdmap=0}) -- 0x7f4ce819d610 con 0x7f4ce8106cb0
2024-04-27T02:22:53.831 INFO:teuthology.orchestra.run.smithi135.stdout:/usr/bin/ceph: stderr
2024-04-27T02:22:47.806+0000 7f4ce57fa700 1 -- 172.21.15.135:0/3859692736 <== mon.0 v2:172.21.15.135:3300/0 4 ==== mgrmap(e 5) ==== 46252+0+0 (secure 0 0 0) 0x7f4cdc022020 con 0x7f4ce8106cb0
2024-04-27T02:22:53.831 INFO:teuthology.orchestra.run.smithi135.stdout:/usr/bin/ceph: stderr
2024-04-27T02:22:47.806+0000 7f4ce57fa700 1 --2- 172.21.15.135:0/3859692736 >> v2:172.21.15.135:6800/779040301 conn(0x7f4cd0039010 0x7f4cd003b4d0 unknown :-1 s=NONE pgs=0 cs=0 l=1 rev1=0 crypto rx=0 tx=0 comp rx=0 tx=0).connect
2024-04-27T02:22:53.831 INFO:teuthology.orchestra.run.smithi135.stdout:/usr/bin/ceph: stderr
2024-04-27T02:22:47.806+0000 7f4ce57fa700 1 -- 172.21.15.135:0/3859692736 --> v2:172.21.15.135:6800/779040301 -- command(tid 0: {"prefix": "get_command_descriptions"}) -- 0x7f4cd003bba0 con 0x7f4cd0039010
2024-04-27T02:22:53.831 INFO:teuthology.orchestra.run.smithi135.stdout:/usr/bin/ceph: stderr
2024-04-27T02:22:47.806+0000 7f4ce57fa700 1 -- 172.21.15.135:0/3859692736 <== mon.0 v2:172.21.15.135:3300/0 5 ==== osd_map(1..1 src has 1..1) ==== 725+0+0 (secure 0 0 0) 0x7f4cdc04d070 con 0x7f4ce8106cb0
2024-04-27T02:22:53.831 INFO:teuthology.orchestra.run.smithi135.stdout:/usr/bin/ceph: stderr
2024-04-27T02:22:47.806+0000 7f4ce77fe700 1 -- 172.21.15.135:0/3859692736 >> v2:172.21.15.135:6800/779040301 conn(0x7f4cd0039010 msgr2=0x7f4cd003b4d0 unknown :-1 s=STATE_CONNECTING_RE l=1).process reconnect failed to v2:172.21.15.135:6800/779040301
2024-04-27T02:22:53.832 INFO:teuthology.orchestra.run.smithi135.stdout:/usr/bin/ceph: stderr
2024-04-27T02:22:47.806+0000 7f4ce77fe700 1 --2- 172.21.15.135:0/3859692736 >> v2:172.21.15.135:6800/779040301 conn(0x7f4cd0039010 0x7f4cd003b4d0 unknown :-1 s=START_CONNECT pgs=0 cs=0 l=1 rev1=0 crypto rx=0 tx=0 comp rx=0 tx=0)._fault waiting 0.200000
2024-04-27T02:22:53.832 INFO:teuthology.orchestra.run.smithi135.stdout:/usr/bin/ceph: stderr
2024-04-27T02:22:48.007+0000 7f4ce77fe700 1 -- 172.21.15.135:0/3859692736 >> v2:172.21.15.135:6800/779040301 conn(0x7f4cd0039010 msgr2=0x7f4cd003b4d0 unknown :-1 s=STATE_CONNECTING_RE l=1).process reconnect failed to v2:172.21.15.135:6800/779040301
2024-04-27T02:22:53.832 INFO:teuthology.orchestra.run.smithi135.stdout:/usr/bin/ceph: stderr
2024-04-27T02:22:48.007+0000 7f4ce77fe700 1 --2- 172.21.15.135:0/3859692736 >> v2:172.21.15.135:6800/779040301 conn(0x7f4cd0039010 0x7f4cd003b4d0 unknown :-1 s=START_CONNECT pgs=0 cs=0 l=1 rev1=0 crypto rx=0 tx=0 comp rx=0 tx=0)._fault waiting 0.400000
2024-04-27T02:22:53.832 INFO:teuthology.orchestra.run.smithi135.stdout:/usr/bin/ceph: stderr
2024-04-27T02:22:48.408+0000 7f4ce77fe700 1 -- 172.21.15.135:0/3859692736 >> v2:172.21.15.135:6800/779040301 conn(0x7f4cd0039010 msgr2=0x7f4cd003b4d0 unknown :-1 s=STATE_CONNECTING_RE l=1).process reconnect failed to v2:172.21.15.135:6800/779040301
2024-04-27T02:22:53.832 INFO:teuthology.orchestra.run.smithi135.stdout:/usr/bin/ceph: stderr
2024-04-27T02:22:48.408+0000 7f4ce77fe700 1 --2- 172.21.15.135:0/3859692736 >> v2:172.21.15.135:6800/779040301 conn(0x7f4cd0039010 0x7f4cd003b4d0 unknown :-1 s=START_CONNECT pgs=0 cs=0 l=1 rev1=0 crypto rx=0 tx=0 comp rx=0 tx=0)._fault waiting 0.800000
2024-04-27T02:22:53.832 INFO:teuthology.orchestra.run.smithi135.stdout:/usr/bin/ceph: stderr
2024-04-27T02:22:49.209+0000 7f4ce77fe700 1 -- 172.21.15.135:0/3859692736 >> v2:172.21.15.135:6800/779040301 conn(0x7f4cd0039010 msgr2=0x7f4cd003b4d0 unknown :-1 s=STATE_CONNECTING_RE l=1).process reconnect failed to v2:172.21.15.135:6800/779040301
2024-04-27T02:22:53.832 INFO:teuthology.orchestra.run.smithi135.stdout:/usr/bin/ceph: stderr
2024-04-27T02:22:49.209+0000 7f4ce77fe700 1 --2- 172.21.15.135:0/3859692736 >> v2:172.21.15.135:6800/779040301 conn(0x7f4cd0039010 0x7f4cd003b4d0 unknown :-1 s=START_CONNECT pgs=0 cs=0 l=1 rev1=0 crypto rx=0 tx=0 comp rx=0 tx=0)._fault waiting 1.600000
2024-04-27T02:22:53.832 INFO:teuthology.orchestra.run.smithi135.stdout:/usr/bin/ceph: stderr
2024-04-27T02:22:50.810+0000 7f4ce77fe700 1 -- 172.21.15.135:0/3859692736 >> v2:172.21.15.135:6800/779040301 conn(0x7f4cd0039010 msgr2=0x7f4cd003b4d0 unknown :-1 s=STATE_CONNECTING_RE l=1).process reconnect failed to v2:172.21.15.135:6800/779040301
2024-04-27T02:22:53.832 INFO:teuthology.orchestra.run.smithi135.stdout:/usr/bin/ceph: stderr
2024-04-27T02:22:50.810+0000 7f4ce77fe700 1 --2- 172.21.15.135:0/3859692736 >> v2:172.21.15.135:6800/779040301 conn(0x7f4cd0039010 0x7f4cd003b4d0 unknown :-1 s=START_CONNECT pgs=0 cs=0 l=1 rev1=0 crypto rx=0 tx=0 comp rx=0 tx=0)._fault waiting 3.200000
2024-04-27T02:22:53.832 INFO:teuthology.orchestra.run.smithi135.stdout:/usr/bin/ceph: stderr
2024-04-27T02:22:52.266+0000 7f4ce57fa700 1 -- 172.21.15.135:0/3859692736 <== mon.0 v2:172.21.15.135:3300/0 6 ==== mgrmap(e 6) ==== 46054+0+0 (secure 0 0 0) 0x7f4cdc019b00 con 0x7f4ce8106cb0
2024-04-27T02:22:53.832 INFO:teuthology.orchestra.run.smithi135.stdout:/usr/bin/ceph: stderr
2024-04-27T02:22:52.267+0000 7f4ce57fa700 1 -- 172.21.15.135:0/3859692736 >> v2:172.21.15.135:6800/779040301 conn(0x7f4cd0039010 msgr2=0x7f4cd003b4d0 unknown :-1 s=STATE_CONNECTING l=1).mark_down
2024-04-27T02:22:53.832 INFO:teuthology.orchestra.run.smithi135.stdout:/usr/bin/ceph: stderr
2024-04-27T02:22:52.267+0000 7f4ce57fa700 1 --2- 172.21.15.135:0/3859692736 >> v2:172.21.15.135:6800/779040301 conn(0x7f4cd0039010 0x7f4cd003b4d0 unknown :-1 s=START_CONNECT pgs=0 cs=0 l=1 rev1=0 crypto rx=0 tx=0 comp rx=0 tx=0).stop
2024-04-27T02:22:53.832 INFO:teuthology.orchestra.run.smithi135.stdout:/usr/bin/ceph: stderr
2024-04-27T02:22:53.267+0000 7f4ce57fa700 1 -- 172.21.15.135:0/3859692736 <== mon.0 v2:172.21.15.135:3300/0 7 ==== mgrmap(e 7) ==== 46146+0+0 (secure 0 0 0) 0x7f4cdc04eb70 con 0x7f4ce8106cb0
2024-04-27T02:22:53.832 INFO:teuthology.orchestra.run.smithi135.stdout:/usr/bin/ceph: stderr
2024-04-27T02:22:53.268+0000 7f4ce57fa700 1 --2- 172.21.15.135:0/3859692736 >> v2:172.21.15.135:6800/548012548 conn(0x7f4cd003c920 0x7f4cd003ed10 unknown :-1 s=NONE pgs=0 cs=0 l=1 rev1=0 crypto rx=0 tx=0 comp rx=0 tx=0).connect
2024-04-27T02:22:53.832 INFO:teuthology.orchestra.run.smithi135.stdout:/usr/bin/ceph: stderr
2024-04-27T02:22:53.268+0000 7f4ce57fa700 1 -- 172.21.15.135:0/3859692736 --> v2:172.21.15.135:6800/548012548 -- command(tid 0: {"prefix": "get_command_descriptions"}) -- 0x7f4cdc02bc90 con 0x7f4cd003c920
2024-04-27T02:22:53.832 INFO:teuthology.orchestra.run.smithi135.stdout:/usr/bin/ceph: stderr
2024-04-27T02:22:53.268+0000 7f4ce77fe700 1 --2- 172.21.15.135:0/3859692736 >> v2:172.21.15.135:6800/548012548 conn(0x7f4cd003c920 0x7f4cd003ed10 unknown :-1 s=BANNER_CONNECTING pgs=0 cs=0 l=1 rev1=0 crypto rx=0 tx=0 comp rx=0 tx=0)._handle_peer_banner_payload supported=3 required=0
2024-04-27T02:22:53.833 INFO:teuthology.orchestra.run.smithi135.stdout:/usr/bin/ceph: stderr
2024-04-27T02:22:53.269+0000 7f4ce77fe700 1 --2- 172.21.15.135:0/3859692736 >> v2:172.21.15.135:6800/548012548 conn(0x7f4cd003c920 0x7f4cd003ed10 secure :-1 s=READY pgs=1 cs=0 l=1 rev1=1 crypto rx=0x7f4cd8003a10 tx=0x7f4cd80092b0 comp rx=0 tx=0).ready entity=mgr.14120 client_cookie=0 server_cookie=0 in_seq=0 out_seq=0
2024-04-27T02:22:53.833 INFO:teuthology.orchestra.run.smithi135.stdout:/usr/bin/ceph: stderr
2024-04-27T02:22:53.269+0000 7f4ce57fa700 1 -- 172.21.15.135:0/3859692736 <== mgr.14120 v2:172.21.15.135:6800/548012548 1 ==== command_reply(tid 0: 0 ) ==== 8+0+7774 (secure 0 0 0) 0x7f4cdc02bc90 con 0x7f4cd003c920
2024-04-27T02:22:53.833 INFO:teuthology.orchestra.run.smithi135.stdout:/usr/bin/ceph: stderr
2024-04-27T02:22:53.275+0000 7f4cee3e6700 1 -- 172.21.15.135:0/3859692736 --> v2:172.21.15.135:6800/548012548 -- command(tid 1: {"prefix": "mgr_status"}) -- 0x7f4ce8063890 con 0x7f4cd003c920
2024-04-27T02:22:53.833 INFO:teuthology.orchestra.run.smithi135.stdout:/usr/bin/ceph: stderr
2024-04-27T02:22:53.276+0000 7f4ce57fa700 1 -- 172.21.15.135:0/3859692736 <== mgr.14120 v2:172.21.15.135:6800/548012548 2 ==== command_reply(tid 1: 0 ) ==== 8+0+51 (secure 0 0 0) 0x7f4ce8063890 con 0x7f4cd003c920
2024-04-27T02:22:53.833 INFO:teuthology.orchestra.run.smithi135.stdout:/usr/bin/ceph: stderr
2024-04-27T02:22:53.276+0000 7f4cee3e6700 1 -- 172.21.15.135:0/3859692736 >> v2:172.21.15.135:6800/548012548 conn(0x7f4cd003c920 msgr2=0x7f4cd003ed10 secure :-1 s=STATE_CONNECTION_ESTABLISHED l=1).mark_down
2024-04-27T02:22:53.833 INFO:teuthology.orchestra.run.smithi135.stdout:/usr/bin/ceph: stderr
2024-04-27T02:22:53.276+0000 7f4cee3e6700 1 --2- 172.21.15.135:0/3859692736 >> v2:172.21.15.135:6800/548012548 conn(0x7f4cd003c920 0x7f4cd003ed10 secure :-1 s=READY pgs=1 cs=0 l=1 rev1=1 crypto rx=0x7f4cd8003a10 tx=0x7f4cd80092b0 comp rx=0 tx=0).stop
2024-04-27T02:22:53.833 INFO:teuthology.orchestra.run.smithi135.stdout:/usr/bin/ceph: stderr
2024-04-27T02:22:53.276+0000 7f4cee3e6700 1 -- 172.21.15.135:0/3859692736 >> [v2:172.21.15.135:3300/0,v1:172.21.15.135:6789/0] conn(0x7f4ce8106cb0 msgr2=0x7f4ce819a150 secure :-1 s=STATE_CONNECTION_ESTABLISHED l=1).mark_down
2024-04-27T02:22:53.833 INFO:teuthology.orchestra.run.smithi135.stdout:/usr/bin/ceph: stderr
2024-04-27T02:22:53.276+0000 7f4cee3e6700 1 --2- 172.21.15.135:0/3859692736 >> [v2:172.21.15.135:3300/0,v1:172.21.15.135:6789/0] conn(0x7f4ce8106cb0 0x7f4ce819a150 secure :-1 s=READY pgs=29 cs=0 l=1 rev1=1 crypto rx=0x7f4cdc009870 tx=0x7f4cdc011ae0 comp rx=0 tx=0).stop
2024-04-27T02:22:53.833 INFO:teuthology.orchestra.run.smithi135.stdout:/usr/bin/ceph: stderr
2024-04-27T02:22:53.276+0000 7f4cee3e6700 1 -- 172.21.15.135:0/3859692736 shutdown_connections
2024-04-27T02:22:53.833 INFO:teuthology.orchestra.run.smithi135.stdout:/usr/bin/ceph: stderr
2024-04-27T02:22:53.276+0000 7f4cee3e6700 1 --2- 172.21.15.135:0/3859692736 >> [v2:172.21.15.135:3300/0,v1:172.21.15.135:6789/0] conn(0x7f4ce8106cb0 0x7f4ce819a150 unknown :-1 s=CLOSED pgs=29 cs=0 l=1 rev1=1 crypto rx=0 tx=0 comp rx=0 tx=0).stop
2024-04-27T02:22:53.833 INFO:teuthology.orchestra.run.smithi135.stdout:/usr/bin/ceph: stderr
2024-04-27T02:22:53.276+0000 7f4cee3e6700 1 --2- 172.21.15.135:0/3859692736 >> v2:172.21.15.135:6800/548012548 conn(0x7f4cd003c920 0x7f4cd003ed10 unknown :-1 s=CLOSED pgs=1 cs=0 l=1 rev1=1 crypto rx=0 tx=0 comp rx=0 tx=0).stop
2024-04-27T02:22:53.833 INFO:teuthology.orchestra.run.smithi135.stdout:/usr/bin/ceph: stderr
2024-04-27T02:22:53.276+0000 7f4cee3e6700 1 --2- 172.21.15.135:0/3859692736 >> v2:172.21.15.135:6800/779040301 conn(0x7f4cd0039010 0x7f4cd003b4d0 unknown :-1 s=CLOSED pgs=0 cs=0 l=1 rev1=0 crypto rx=0 tx=0 comp rx=0 tx=0).stop
2024-04-27T02:22:53.833 INFO:teuthology.orchestra.run.smithi135.stdout:/usr/bin/ceph: stderr
2024-04-27T02:22:53.276+0000 7f4cee3e6700 1 -- 172.21.15.135:0/3859692736 >> 172.21.15.135:0/3859692736 conn(0x7f4ce81006a0 msgr2=0x7f4ce8101200 unknown :-1 s=STATE_NONE l=0).mark_down
2024-04-27T02:22:53.833 INFO:teuthology.orchestra.run.smithi135.stdout:/usr/bin/ceph: stderr
2024-04-27T02:22:53.276+0000 7f4cee3e6700 1 -- 172.21.15.135:0/3859692736 shutdown_connections
2024-04-27T02:22:53.833 INFO:teuthology.orchestra.run.smithi135.stdout:/usr/bin/ceph: stderr
2024-04-27T02:22:53.276+0000 7f4cee3e6700 1 -- 172.21.15.135:0/3859692736 wait complete.
2024-04-27T02:22:53.834 INFO:teuthology.orchestra.run.smithi135.stdout:mgr epoch 5 is available
2024-04-27T02:22:53.834 INFO:teuthology.orchestra.run.smithi135.stdout:Setting orchestrator backend to cephadm...
2024-04-27T02:22:54.464 INFO:journalctl@ceph.mon.a.smithi135.stdout:Apr 27 02:22:54 smithi135 ceph-mon[27229]: from='client.14124 -' entity='client.admin' cmd=[{"prefix": "get_command_descriptions"}]: dispatch
2024-04-27T02:22:54.464 INFO:journalctl@ceph.mon.a.smithi135.stdout:Apr 27 02:22:54 smithi135 ceph-mon[27229]: from='client.14124 -' entity='client.admin' cmd=[{"prefix": "mgr_status"}]: dispatch
2024-04-27T02:22:54.464 INFO:journalctl@ceph.mon.a.smithi135.stdout:Apr 27 02:22:54 smithi135 ceph-mon[27229]: from='mgr.14120 172.21.15.135:0/147632530' entity='mgr.y'
2024-04-27T02:22:54.464 INFO:journalctl@ceph.mon.a.smithi135.stdout:Apr 27 02:22:54 smithi135 ceph-mon[27229]: from='mgr.14120 172.21.15.135:0/147632530' entity='mgr.y'
2024-04-27T02:22:54.464 INFO:journalctl@ceph.mon.a.smithi135.stdout:Apr 27 02:22:54 smithi135 ceph-mon[27229]: from='mgr.14120 172.21.15.135:0/147632530' entity='mgr.y' cmd=[{"prefix": "config dump", "format": "json"}]: dispatch
2024-04-27T02:22:55.016 INFO:teuthology.orchestra.run.smithi135.stdout:/usr/bin/ceph: stderr
2024-04-27T02:22:54.263+0000 7fcd9919d700 1 Processor -- start
2024-04-27T02:22:55.017 INFO:teuthology.orchestra.run.smithi135.stdout:/usr/bin/ceph: stderr
2024-04-27T02:22:54.263+0000 7fcd9919d700 1 -- start start
2024-04-27T02:22:55.017 INFO:teuthology.orchestra.run.smithi135.stdout:/usr/bin/ceph: stderr
2024-04-27T02:22:54.263+0000 7fcd9919d700 1 --2- >> [v2:172.21.15.135:3300/0,v1:172.21.15.135:6789/0] conn(0x7fcd94106060 0x7fcd94106480 unknown :-1 s=NONE pgs=0 cs=0 l=0 rev1=0 crypto rx=0 tx=0 comp rx=0 tx=0).connect
2024-04-27T02:22:55.017 INFO:teuthology.orchestra.run.smithi135.stdout:/usr/bin/ceph: stderr
2024-04-27T02:22:54.263+0000 7fcd9919d700 1 -- --> [v2:172.21.15.135:3300/0,v1:172.21.15.135:6789/0] -- mon_getmap magic: 0 -- 0x7fcd94106a50 con 0x7fcd94106060
2024-04-27T02:22:55.017 INFO:teuthology.orchestra.run.smithi135.stdout:/usr/bin/ceph: stderr
2024-04-27T02:22:54.263+0000 7fcd93fff700 1 --2- >> [v2:172.21.15.135:3300/0,v1:172.21.15.135:6789/0] conn(0x7fcd94106060 0x7fcd94106480 unknown :-1 s=BANNER_CONNECTING pgs=0 cs=0 l=0 rev1=0 crypto rx=0 tx=0 comp rx=0 tx=0)._handle_peer_banner_payload supported=3 required=0
2024-04-27T02:22:55.017 INFO:teuthology.orchestra.run.smithi135.stdout:/usr/bin/ceph: stderr
2024-04-27T02:22:54.263+0000 7fcd93fff700 1 --2- >> [v2:172.21.15.135:3300/0,v1:172.21.15.135:6789/0] conn(0x7fcd94106060 0x7fcd94106480 unknown :-1 s=HELLO_CONNECTING pgs=0 cs=0 l=0 rev1=1 crypto rx=0 tx=0 comp rx=0 tx=0).handle_hello peer v2:172.21.15.135:3300/0 says I am v2:172.21.15.135:36538/0 (socket says 172.21.15.135:36538)
2024-04-27T02:22:55.017 INFO:teuthology.orchestra.run.smithi135.stdout:/usr/bin/ceph: stderr
2024-04-27T02:22:54.263+0000 7fcd93fff700 1 -- 172.21.15.135:0/2258877611 learned_addr learned my addr 172.21.15.135:0/2258877611 (peer_addr_for_me v2:172.21.15.135:0/0)
2024-04-27T02:22:55.017 INFO:teuthology.orchestra.run.smithi135.stdout:/usr/bin/ceph: stderr
2024-04-27T02:22:54.263+0000 7fcd93fff700 1 -- 172.21.15.135:0/2258877611 --> [v2:172.21.15.135:3300/0,v1:172.21.15.135:6789/0] -- mon_subscribe({config=0+,monmap=0+}) -- 0x7fcd94107260 con 0x7fcd94106060
2024-04-27T02:22:55.017 INFO:teuthology.orchestra.run.smithi135.stdout:/usr/bin/ceph: stderr
2024-04-27T02:22:54.263+0000 7fcd93fff700 1 --2- 172.21.15.135:0/2258877611 >> [v2:172.21.15.135:3300/0,v1:172.21.15.135:6789/0] conn(0x7fcd94106060 0x7fcd94106480 secure :-1 s=READY pgs=37 cs=0 l=1 rev1=1 crypto rx=0x7fcd840098a0 tx=0x7fcd84009bb0 comp rx=0 tx=0).ready entity=mon.0 client_cookie=a33bbee8c1f8dd55 server_cookie=0 in_seq=0 out_seq=0
2024-04-27T02:22:55.017 INFO:teuthology.orchestra.run.smithi135.stdout:/usr/bin/ceph: stderr
2024-04-27T02:22:54.264+0000 7fcd92ffd700 1 -- 172.21.15.135:0/2258877611 <== mon.0 v2:172.21.15.135:3300/0 1 ==== mon_map magic: 0 ==== 205+0+0 (secure 0 0 0) 0x7fcd84004160 con 0x7fcd94106060
2024-04-27T02:22:55.017 INFO:teuthology.orchestra.run.smithi135.stdout:/usr/bin/ceph: stderr
2024-04-27T02:22:54.264+0000 7fcd92ffd700 1 -- 172.21.15.135:0/2258877611 <== mon.0 v2:172.21.15.135:3300/0 2 ==== config(26 keys) ==== 1062+0+0 (secure 0 0 0) 0x7fcd84004300 con 0x7fcd94106060
2024-04-27T02:22:55.017 INFO:teuthology.orchestra.run.smithi135.stdout:/usr/bin/ceph: stderr
2024-04-27T02:22:54.264+0000 7fcd92ffd700 1 -- 172.21.15.135:0/2258877611 <== mon.0 v2:172.21.15.135:3300/0 3 ==== mon_map magic: 0 ==== 205+0+0 (secure 0 0 0) 0x7fcd84011a60 con 0x7fcd94106060
2024-04-27T02:22:55.017 INFO:teuthology.orchestra.run.smithi135.stdout:/usr/bin/ceph: stderr
2024-04-27T02:22:54.264+0000 7fcd9919d700 1 -- 172.21.15.135:0/2258877611 >> [v2:172.21.15.135:3300/0,v1:172.21.15.135:6789/0] conn(0x7fcd94106060 msgr2=0x7fcd94106480 secure :-1 s=STATE_CONNECTION_ESTABLISHED l=1).mark_down
2024-04-27T02:22:55.017 INFO:teuthology.orchestra.run.smithi135.stdout:/usr/bin/ceph: stderr
2024-04-27T02:22:54.264+0000 7fcd9919d700 1 --2- 172.21.15.135:0/2258877611 >> [v2:172.21.15.135:3300/0,v1:172.21.15.135:6789/0] conn(0x7fcd94106060 0x7fcd94106480 secure :-1 s=READY pgs=37 cs=0 l=1 rev1=1 crypto rx=0x7fcd840098a0 tx=0x7fcd84009bb0 comp rx=0 tx=0).stop
2024-04-27T02:22:55.018 INFO:teuthology.orchestra.run.smithi135.stdout:/usr/bin/ceph: stderr
2024-04-27T02:22:54.264+0000 7fcd9919d700 1 -- 172.21.15.135:0/2258877611 shutdown_connections
2024-04-27T02:22:55.018 INFO:teuthology.orchestra.run.smithi135.stdout:/usr/bin/ceph: stderr
2024-04-27T02:22:54.264+0000 7fcd9919d700 1 --2- 172.21.15.135:0/2258877611 >> [v2:172.21.15.135:3300/0,v1:172.21.15.135:6789/0] conn(0x7fcd94106060 0x7fcd94106480 unknown :-1 s=CLOSED pgs=37 cs=0 l=1 rev1=1 crypto rx=0 tx=0 comp rx=0 tx=0).stop
2024-04-27T02:22:55.018 INFO:teuthology.orchestra.run.smithi135.stdout:/usr/bin/ceph: stderr
2024-04-27T02:22:54.264+0000 7fcd9919d700 1 -- 172.21.15.135:0/2258877611 >> 172.21.15.135:0/2258877611 conn(0x7fcd94101600 msgr2=0x7fcd94103a40 unknown :-1 s=STATE_NONE l=0).mark_down
2024-04-27T02:22:55.018 INFO:teuthology.orchestra.run.smithi135.stdout:/usr/bin/ceph: stderr
2024-04-27T02:22:54.264+0000 7fcd9919d700 1 -- 172.21.15.135:0/2258877611 shutdown_connections
2024-04-27T02:22:55.018 INFO:teuthology.orchestra.run.smithi135.stdout:/usr/bin/ceph: stderr
2024-04-27T02:22:54.264+0000 7fcd9919d700 1 -- 172.21.15.135:0/2258877611 wait complete.
2024-04-27T02:22:55.018 INFO:teuthology.orchestra.run.smithi135.stdout:/usr/bin/ceph: stderr
2024-04-27T02:22:54.265+0000 7fcd9919d700 1 Processor -- start
2024-04-27T02:22:55.018 INFO:teuthology.orchestra.run.smithi135.stdout:/usr/bin/ceph: stderr
2024-04-27T02:22:54.265+0000 7fcd9919d700 1 -- start start
2024-04-27T02:22:55.018 INFO:teuthology.orchestra.run.smithi135.stdout:/usr/bin/ceph: stderr
2024-04-27T02:22:54.265+0000 7fcd9919d700 1 --2- >> [v2:172.21.15.135:3300/0,v1:172.21.15.135:6789/0] conn(0x7fcd94106060 0x7fcd94199f00 unknown :-1 s=NONE pgs=0 cs=0 l=1 rev1=0 crypto rx=0 tx=0 comp rx=0 tx=0).connect
2024-04-27T02:22:55.018 INFO:teuthology.orchestra.run.smithi135.stdout:/usr/bin/ceph: stderr
2024-04-27T02:22:54.265+0000 7fcd9919d700 1 -- --> [v2:172.21.15.135:3300/0,v1:172.21.15.135:6789/0] -- mon_getmap magic: 0 -- 0x7fcd9410a610 con 0x7fcd94106060
2024-04-27T02:22:55.018 INFO:teuthology.orchestra.run.smithi135.stdout:/usr/bin/ceph: stderr
2024-04-27T02:22:54.265+0000 7fcd93fff700 1 --2- >> [v2:172.21.15.135:3300/0,v1:172.21.15.135:6789/0] conn(0x7fcd94106060 0x7fcd94199f00 unknown :-1 s=BANNER_CONNECTING pgs=0 cs=0 l=1 rev1=0 crypto rx=0 tx=0 comp rx=0 tx=0)._handle_peer_banner_payload supported=3 required=0
2024-04-27T02:22:55.018 INFO:teuthology.orchestra.run.smithi135.stdout:/usr/bin/ceph: stderr
2024-04-27T02:22:54.265+0000 7fcd93fff700 1 --2- >> [v2:172.21.15.135:3300/0,v1:172.21.15.135:6789/0] conn(0x7fcd94106060 0x7fcd94199f00 unknown :-1 s=HELLO_CONNECTING pgs=0 cs=0 l=1 rev1=1 crypto rx=0 tx=0 comp rx=0 tx=0).handle_hello peer v2:172.21.15.135:3300/0 says I am v2:172.21.15.135:36542/0 (socket says 172.21.15.135:36542)
2024-04-27T02:22:55.018 INFO:teuthology.orchestra.run.smithi135.stdout:/usr/bin/ceph: stderr
2024-04-27T02:22:54.265+0000 7fcd93fff700 1 -- 172.21.15.135:0/3800111208 learned_addr learned my addr 172.21.15.135:0/3800111208 (peer_addr_for_me v2:172.21.15.135:0/0)
2024-04-27T02:22:55.018 INFO:teuthology.orchestra.run.smithi135.stdout:/usr/bin/ceph: stderr
2024-04-27T02:22:54.266+0000 7fcd93fff700 1 -- 172.21.15.135:0/3800111208 --> [v2:172.21.15.135:3300/0,v1:172.21.15.135:6789/0] -- mon_subscribe({config=0+,monmap=0+}) -- 0x7fcd9419a440 con 0x7fcd94106060
2024-04-27T02:22:55.018 INFO:teuthology.orchestra.run.smithi135.stdout:/usr/bin/ceph: stderr
2024-04-27T02:22:54.266+0000 7fcd93fff700 1 --2- 172.21.15.135:0/3800111208 >> [v2:172.21.15.135:3300/0,v1:172.21.15.135:6789/0] conn(0x7fcd94106060 0x7fcd94199f00 secure :-1 s=READY pgs=38 cs=0 l=1 rev1=1 crypto rx=0x7fcd84011700 tx=0x7fcd840046a0 comp rx=0 tx=0).ready entity=mon.0 client_cookie=0 server_cookie=0 in_seq=0 out_seq=0
2024-04-27T02:22:55.019 INFO:teuthology.orchestra.run.smithi135.stdout:/usr/bin/ceph: stderr
2024-04-27T02:22:54.266+0000 7fcd917fa700 1 -- 172.21.15.135:0/3800111208 <== mon.0 v2:172.21.15.135:3300/0 1 ==== mon_map magic: 0 ==== 205+0+0 (secure 0 0 0) 0x7fcd84003b20 con 0x7fcd94106060
2024-04-27T02:22:55.019 INFO:teuthology.orchestra.run.smithi135.stdout:/usr/bin/ceph: stderr
2024-04-27T02:22:54.266+0000 7fcd917fa700 1 -- 172.21.15.135:0/3800111208 <== mon.0 v2:172.21.15.135:3300/0 2 ==== config(26 keys) ==== 1062+0+0 (secure 0 0 0) 0x7fcd8401a8c0 con 0x7fcd94106060
2024-04-27T02:22:55.019 INFO:teuthology.orchestra.run.smithi135.stdout:/usr/bin/ceph: stderr
2024-04-27T02:22:54.266+0000 7fcd9919d700 1 -- 172.21.15.135:0/3800111208 --> [v2:172.21.15.135:3300/0,v1:172.21.15.135:6789/0] -- mon_subscribe({mgrmap=0+}) -- 0x7fcd9419a6d0 con 0x7fcd94106060
2024-04-27T02:22:55.019 INFO:teuthology.orchestra.run.smithi135.stdout:/usr/bin/ceph: stderr
2024-04-27T02:22:54.266+0000 7fcd917fa700 1 -- 172.21.15.135:0/3800111208 <== mon.0 v2:172.21.15.135:3300/0 3 ==== mon_map magic: 0 ==== 205+0+0 (secure 0 0 0) 0x7fcd840249a0 con 0x7fcd94106060
2024-04-27T02:22:55.019 INFO:teuthology.orchestra.run.smithi135.stdout:/usr/bin/ceph: stderr
2024-04-27T02:22:54.266+0000 7fcd9919d700 1 -- 172.21.15.135:0/3800111208 --> [v2:172.21.15.135:3300/0,v1:172.21.15.135:6789/0] -- mon_subscribe({osdmap=0}) -- 0x7fcd9419d3c0 con 0x7fcd94106060
2024-04-27T02:22:55.019 INFO:teuthology.orchestra.run.smithi135.stdout:/usr/bin/ceph: stderr
2024-04-27T02:22:54.267+0000 7fcd917fa700 1 -- 172.21.15.135:0/3800111208 <== mon.0 v2:172.21.15.135:3300/0 4 ==== mgrmap(e 7) ==== 46146+0+0 (secure 0 0 0) 0x7fcd84022020 con 0x7fcd94106060
2024-04-27T02:22:55.019 INFO:teuthology.orchestra.run.smithi135.stdout:/usr/bin/ceph: stderr
2024-04-27T02:22:54.267+0000 7fcd917fa700 1 --2- 172.21.15.135:0/3800111208 >> v2:172.21.15.135:6800/548012548 conn(0x7fcd7c038eb0 0x7fcd7c03b370 unknown :-1 s=NONE pgs=0 cs=0 l=1 rev1=0 crypto rx=0 tx=0 comp rx=0 tx=0).connect
2024-04-27T02:22:55.019 INFO:teuthology.orchestra.run.smithi135.stdout:/usr/bin/ceph: stderr
2024-04-27T02:22:54.267+0000 7fcd917fa700 1 -- 172.21.15.135:0/3800111208 <== mon.0 v2:172.21.15.135:3300/0 5 ==== osd_map(2..2 src has 1..2) ==== 897+0+0 (secure 0 0 0) 0x7fcd8401a430 con 0x7fcd94106060
2024-04-27T02:22:55.019 INFO:teuthology.orchestra.run.smithi135.stdout:/usr/bin/ceph: stderr
2024-04-27T02:22:54.267+0000 7fcd937fe700 1 --2- 172.21.15.135:0/3800111208 >> v2:172.21.15.135:6800/548012548 conn(0x7fcd7c038eb0 0x7fcd7c03b370 unknown :-1 s=BANNER_CONNECTING pgs=0 cs=0 l=1 rev1=0 crypto rx=0 tx=0 comp rx=0 tx=0)._handle_peer_banner_payload supported=3 required=0
2024-04-27T02:22:55.020 INFO:teuthology.orchestra.run.smithi135.stdout:/usr/bin/ceph: stderr
2024-04-27T02:22:54.267+0000 7fcd9919d700 1 -- 172.21.15.135:0/3800111208 --> [v2:172.21.15.135:3300/0,v1:172.21.15.135:6789/0] -- mon_command({"prefix": "get_command_descriptions"} v 0) -- 0x7fcd94063890 con 0x7fcd94106060
2024-04-27T02:22:55.020 INFO:teuthology.orchestra.run.smithi135.stdout:/usr/bin/ceph: stderr
2024-04-27T02:22:54.268+0000 7fcd937fe700 1 --2- 172.21.15.135:0/3800111208 >> v2:172.21.15.135:6800/548012548 conn(0x7fcd7c038eb0 0x7fcd7c03b370 secure :-1 s=READY pgs=7 cs=0 l=1 rev1=1 crypto rx=0x7fcd88006fd0 tx=0x7fcd88006e40 comp rx=0 tx=0).ready entity=mgr.14120 client_cookie=0 server_cookie=0 in_seq=0 out_seq=0
2024-04-27T02:22:55.020 INFO:teuthology.orchestra.run.smithi135.stdout:/usr/bin/ceph: stderr
2024-04-27T02:22:54.272+0000 7fcd917fa700 1 -- 172.21.15.135:0/3800111208 <== mon.0 v2:172.21.15.135:3300/0 6 ==== mon_command_ack([{"prefix": "get_command_descriptions"}]=0 v0) ==== 72+0+186147 (secure 0 0 0) 0x7fcd8407c740 con 0x7fcd94106060
2024-04-27T02:22:55.020 INFO:teuthology.orchestra.run.smithi135.stdout:/usr/bin/ceph: stderr
2024-04-27T02:22:54.461+0000 7fcd917fa700 1 -- 172.21.15.135:0/3800111208 <== mon.0 v2:172.21.15.135:3300/0 7 ==== mgrmap(e 8) ==== 46252+0+0 (secure 0 0 0) 0x7fcd8402d3f0 con 0x7fcd94106060
2024-04-27T02:22:55.020 INFO:teuthology.orchestra.run.smithi135.stdout:/usr/bin/ceph: stderr
2024-04-27T02:22:54.488+0000 7fcd9919d700 1 -- 172.21.15.135:0/3800111208 --> v2:172.21.15.135:6800/548012548 -- mgr_command(tid 0: {"prefix": "orch set backend", "module_name": "cephadm", "target": ["mon-mgr", ""]}) -- 0x7fcd941027d0 con 0x7fcd7c038eb0
2024-04-27T02:22:55.020 INFO:teuthology.orchestra.run.smithi135.stdout:/usr/bin/ceph: stderr
2024-04-27T02:22:54.495+0000 7fcd917fa700 1 -- 172.21.15.135:0/3800111208 <== mgr.14120 v2:172.21.15.135:6800/548012548 1 ==== mgr_command_reply(tid 0: 0 ) ==== 8+0+0 (secure 0 0 0) 0x7fcd941027d0 con 0x7fcd7c038eb0
2024-04-27T02:22:55.020 INFO:teuthology.orchestra.run.smithi135.stdout:/usr/bin/ceph: stderr
2024-04-27T02:22:54.498+0000 7fcd9919d700 1 -- 172.21.15.135:0/3800111208 >> v2:172.21.15.135:6800/548012548 conn(0x7fcd7c038eb0 msgr2=0x7fcd7c03b370 secure :-1 s=STATE_CONNECTION_ESTABLISHED l=1).mark_down
2024-04-27T02:22:55.020 INFO:teuthology.orchestra.run.smithi135.stdout:/usr/bin/ceph: stderr
2024-04-27T02:22:54.498+0000 7fcd9919d700 1 --2- 172.21.15.135:0/3800111208 >> v2:172.21.15.135:6800/548012548 conn(0x7fcd7c038eb0 0x7fcd7c03b370 secure :-1 s=READY pgs=7 cs=0 l=1 rev1=1 crypto rx=0x7fcd88006fd0 tx=0x7fcd88006e40 comp rx=0 tx=0).stop
2024-04-27T02:22:55.020 INFO:teuthology.orchestra.run.smithi135.stdout:/usr/bin/ceph: stderr
2024-04-27T02:22:54.498+0000 7fcd9919d700 1 -- 172.21.15.135:0/3800111208 >> [v2:172.21.15.135:3300/0,v1:172.21.15.135:6789/0] conn(0x7fcd94106060 msgr2=0x7fcd94199f00 secure :-1 s=STATE_CONNECTION_ESTABLISHED l=1).mark_down
2024-04-27T02:22:55.020 INFO:teuthology.orchestra.run.smithi135.stdout:/usr/bin/ceph: stderr
2024-04-27T02:22:54.498+0000 7fcd9919d700 1 --2- 172.21.15.135:0/3800111208 >> [v2:172.21.15.135:3300/0,v1:172.21.15.135:6789/0] conn(0x7fcd94106060 0x7fcd94199f00 secure :-1 s=READY pgs=38 cs=0 l=1 rev1=1 crypto rx=0x7fcd84011700 tx=0x7fcd840046a0 comp rx=0 tx=0).stop
2024-04-27T02:22:55.020 INFO:teuthology.orchestra.run.smithi135.stdout:/usr/bin/ceph: stderr
2024-04-27T02:22:54.498+0000 7fcd9919d700 1 -- 172.21.15.135:0/3800111208 shutdown_connections
2024-04-27T02:22:55.020 INFO:teuthology.orchestra.run.smithi135.stdout:/usr/bin/ceph: stderr
2024-04-27T02:22:54.498+0000 7fcd9919d700 1 --2- 172.21.15.135:0/3800111208 >> v2:172.21.15.135:6800/548012548 conn(0x7fcd7c038eb0 0x7fcd7c03b370 unknown :-1 s=CLOSED pgs=7 cs=0 l=1 rev1=1 crypto rx=0 tx=0 comp rx=0 tx=0).stop
2024-04-27T02:22:55.020 INFO:teuthology.orchestra.run.smithi135.stdout:/usr/bin/ceph: stderr
2024-04-27T02:22:54.498+0000 7fcd9919d700 1 --2- 172.21.15.135:0/3800111208 >> [v2:172.21.15.135:3300/0,v1:172.21.15.135:6789/0] conn(0x7fcd94106060 0x7fcd94199f00 unknown :-1 s=CLOSED pgs=38 cs=0 l=1 rev1=1 crypto rx=0 tx=0 comp rx=0 tx=0).stop
2024-04-27T02:22:55.020 INFO:teuthology.orchestra.run.smithi135.stdout:/usr/bin/ceph: stderr
2024-04-27T02:22:54.498+0000 7fcd9919d700 1 -- 172.21.15.135:0/3800111208 >> 172.21.15.135:0/3800111208 conn(0x7fcd94101600 msgr2=0x7fcd941020c0 unknown :-1 s=STATE_NONE l=0).mark_down
2024-04-27T02:22:55.020 INFO:teuthology.orchestra.run.smithi135.stdout:/usr/bin/ceph: stderr
2024-04-27T02:22:54.498+0000 7fcd9919d700 1 -- 172.21.15.135:0/3800111208 shutdown_connections
2024-04-27T02:22:55.021 INFO:teuthology.orchestra.run.smithi135.stdout:/usr/bin/ceph: stderr
2024-04-27T02:22:54.498+0000 7fcd9919d700 1 -- 172.21.15.135:0/3800111208 wait complete.
2024-04-27T02:22:55.832 INFO:journalctl@ceph.mon.a.smithi135.stdout:Apr 27 02:22:55 smithi135 ceph-mon[27229]: [27/Apr/2024:02:22:54] ENGINE Bus STARTING
2024-04-27T02:22:55.832 INFO:journalctl@ceph.mon.a.smithi135.stdout:Apr 27 02:22:55 smithi135 ceph-mon[27229]: [27/Apr/2024:02:22:54] ENGINE Serving on http://172.21.15.135:8765
2024-04-27T02:22:55.832 INFO:journalctl@ceph.mon.a.smithi135.stdout:Apr 27 02:22:55 smithi135 ceph-mon[27229]: [27/Apr/2024:02:22:54] ENGINE Serving on https://172.21.15.135:7150
2024-04-27T02:22:55.832 INFO:journalctl@ceph.mon.a.smithi135.stdout:Apr 27 02:22:55 smithi135 ceph-mon[27229]: [27/Apr/2024:02:22:54] ENGINE Bus STARTED
2024-04-27T02:22:55.832 INFO:journalctl@ceph.mon.a.smithi135.stdout:Apr 27 02:22:55 smithi135 ceph-mon[27229]: mgrmap e8: y(active, since 2s)
2024-04-27T02:22:55.832 INFO:journalctl@ceph.mon.a.smithi135.stdout:Apr 27 02:22:55 smithi135 ceph-mon[27229]: from='mgr.14120 172.21.15.135:0/147632530' entity='mgr.y'
2024-04-27T02:22:55.832 INFO:journalctl@ceph.mon.a.smithi135.stdout:Apr 27 02:22:55 smithi135 ceph-mon[27229]: from='mgr.14120 172.21.15.135:0/147632530' entity='mgr.y' cmd=[{"prefix": "config dump", "format": "json"}]: dispatch
2024-04-27T02:22:56.180 INFO:teuthology.orchestra.run.smithi135.stdout:/usr/bin/ceph: stdout value unchanged
2024-04-27T02:22:56.180 INFO:teuthology.orchestra.run.smithi135.stdout:/usr/bin/ceph: stderr
2024-04-27T02:22:55.449+0000 7f06209a5700 1 Processor -- start
2024-04-27T02:22:56.180 INFO:teuthology.orchestra.run.smithi135.stdout:/usr/bin/ceph: stderr
2024-04-27T02:22:55.449+0000 7f06209a5700 1 -- start start
2024-04-27T02:22:56.181 INFO:teuthology.orchestra.run.smithi135.stdout:/usr/bin/ceph: stderr
2024-04-27T02:22:55.449+0000 7f06209a5700 1 --2- >> [v2:172.21.15.135:3300/0,v1:172.21.15.135:6789/0] conn(0x7f061c07bfc0 0x7f061c07a420 unknown :-1 s=NONE pgs=0 cs=0 l=0 rev1=0 crypto rx=0 tx=0 comp rx=0 tx=0).connect
2024-04-27T02:22:56.181 INFO:teuthology.orchestra.run.smithi135.stdout:/usr/bin/ceph: stderr
2024-04-27T02:22:55.449+0000 7f06209a5700 1 -- --> [v2:172.21.15.135:3300/0,v1:172.21.15.135:6789/0] -- mon_getmap magic: 0 -- 0x7f061c07a9f0 con 0x7f061c07bfc0
2024-04-27T02:22:56.181 INFO:teuthology.orchestra.run.smithi135.stdout:/usr/bin/ceph: stderr
2024-04-27T02:22:55.449+0000 7f061a59c700 1 --2- >> [v2:172.21.15.135:3300/0,v1:172.21.15.135:6789/0] conn(0x7f061c07bfc0 0x7f061c07a420 unknown :-1 s=BANNER_CONNECTING pgs=0 cs=0 l=0 rev1=0 crypto rx=0 tx=0 comp rx=0 tx=0)._handle_peer_banner_payload supported=3 required=0
2024-04-27T02:22:56.181 INFO:teuthology.orchestra.run.smithi135.stdout:/usr/bin/ceph: stderr
2024-04-27T02:22:55.449+0000 7f061a59c700 1 --2- >> [v2:172.21.15.135:3300/0,v1:172.21.15.135:6789/0] conn(0x7f061c07bfc0 0x7f061c07a420 unknown :-1 s=HELLO_CONNECTING pgs=0 cs=0 l=0 rev1=1 crypto rx=0 tx=0 comp rx=0 tx=0).handle_hello peer v2:172.21.15.135:3300/0 says I am v2:172.21.15.135:36554/0 (socket says 172.21.15.135:36554)
2024-04-27T02:22:56.181 INFO:teuthology.orchestra.run.smithi135.stdout:/usr/bin/ceph: stderr
2024-04-27T02:22:55.449+0000 7f061a59c700 1 -- 172.21.15.135:0/674923429 learned_addr learned my addr 172.21.15.135:0/674923429 (peer_addr_for_me v2:172.21.15.135:0/0)
2024-04-27T02:22:56.181 INFO:teuthology.orchestra.run.smithi135.stdout:/usr/bin/ceph: stderr
2024-04-27T02:22:55.449+0000 7f061a59c700 1 -- 172.21.15.135:0/674923429 --> [v2:172.21.15.135:3300/0,v1:172.21.15.135:6789/0] -- mon_subscribe({config=0+,monmap=0+}) -- 0x7f061c07ab70 con 0x7f061c07bfc0
2024-04-27T02:22:56.181 INFO:teuthology.orchestra.run.smithi135.stdout:/usr/bin/ceph: stderr
2024-04-27T02:22:55.449+0000 7f061a59c700 1 --2- 172.21.15.135:0/674923429 >> [v2:172.21.15.135:3300/0,v1:172.21.15.135:6789/0] conn(0x7f061c07bfc0 0x7f061c07a420 secure :-1 s=READY pgs=39 cs=0 l=1 rev1=1 crypto rx=0x7f060c0098a0 tx=0x7f060c009bb0 comp rx=0 tx=0).ready entity=mon.0 client_cookie=6970356565c4143d server_cookie=0 in_seq=0 out_seq=0
2024-04-27T02:22:56.181 INFO:teuthology.orchestra.run.smithi135.stdout:/usr/bin/ceph: stderr
2024-04-27T02:22:55.450+0000 7f061959a700 1 -- 172.21.15.135:0/674923429 <== mon.0 v2:172.21.15.135:3300/0 1 ==== mon_map magic: 0 ==== 205+0+0 (secure 0 0 0) 0x7f060c004160 con 0x7f061c07bfc0
2024-04-27T02:22:56.181 INFO:teuthology.orchestra.run.smithi135.stdout:/usr/bin/ceph: stderr
2024-04-27T02:22:55.450+0000 7f061959a700 1 -- 172.21.15.135:0/674923429 <== mon.0 v2:172.21.15.135:3300/0 2 ==== config(26 keys) ==== 1062+0+0 (secure 0 0 0) 0x7f060c004300 con 0x7f061c07bfc0
2024-04-27T02:22:56.181 INFO:teuthology.orchestra.run.smithi135.stdout:/usr/bin/ceph: stderr
2024-04-27T02:22:55.450+0000 7f061959a700 1 -- 172.21.15.135:0/674923429 <== mon.0 v2:172.21.15.135:3300/0 3 ==== mon_map magic: 0 ==== 205+0+0 (secure 0 0 0) 0x7f060c011a60 con 0x7f061c07bfc0
2024-04-27T02:22:56.181 INFO:teuthology.orchestra.run.smithi135.stdout:/usr/bin/ceph: stderr
2024-04-27T02:22:55.450+0000 7f06209a5700 1 -- 172.21.15.135:0/674923429 >> [v2:172.21.15.135:3300/0,v1:172.21.15.135:6789/0] conn(0x7f061c07bfc0 msgr2=0x7f061c07a420 secure :-1 s=STATE_CONNECTION_ESTABLISHED l=1).mark_down
2024-04-27T02:22:56.181 INFO:teuthology.orchestra.run.smithi135.stdout:/usr/bin/ceph: stderr
2024-04-27T02:22:55.450+0000 7f06209a5700 1 --2- 172.21.15.135:0/674923429 >> [v2:172.21.15.135:3300/0,v1:172.21.15.135:6789/0] conn(0x7f061c07bfc0 0x7f061c07a420 secure :-1 s=READY pgs=39 cs=0 l=1 rev1=1 crypto rx=0x7f060c0098a0 tx=0x7f060c009bb0 comp rx=0 tx=0).stop
2024-04-27T02:22:56.181 INFO:teuthology.orchestra.run.smithi135.stdout:/usr/bin/ceph: stderr
2024-04-27T02:22:55.450+0000 7f06209a5700 1 -- 172.21.15.135:0/674923429 shutdown_connections
2024-04-27T02:22:56.181 INFO:teuthology.orchestra.run.smithi135.stdout:/usr/bin/ceph: stderr
2024-04-27T02:22:55.450+0000 7f06209a5700 1 --2- 172.21.15.135:0/674923429 >> [v2:172.21.15.135:3300/0,v1:172.21.15.135:6789/0] conn(0x7f061c07bfc0 0x7f061c07a420 unknown :-1 s=CLOSED pgs=39 cs=0 l=1 rev1=1 crypto rx=0 tx=0 comp rx=0 tx=0).stop
2024-04-27T02:22:56.182 INFO:teuthology.orchestra.run.smithi135.stdout:/usr/bin/ceph: stderr
2024-04-27T02:22:55.450+0000 7f06209a5700 1 -- 172.21.15.135:0/674923429 >> 172.21.15.135:0/674923429 conn(0x7f061c1017a0 msgr2=0x7f061c103c00 unknown :-1 s=STATE_NONE l=0).mark_down
2024-04-27T02:22:56.182 INFO:teuthology.orchestra.run.smithi135.stdout:/usr/bin/ceph: stderr
2024-04-27T02:22:55.450+0000 7f06209a5700 1 -- 172.21.15.135:0/674923429 shutdown_connections
2024-04-27T02:22:56.182 INFO:teuthology.orchestra.run.smithi135.stdout:/usr/bin/ceph: stderr
2024-04-27T02:22:55.450+0000 7f06209a5700 1 -- 172.21.15.135:0/674923429 wait complete.
2024-04-27T02:22:56.182 INFO:teuthology.orchestra.run.smithi135.stdout:/usr/bin/ceph: stderr
2024-04-27T02:22:55.451+0000 7f06209a5700 1 Processor -- start
2024-04-27T02:22:56.182 INFO:teuthology.orchestra.run.smithi135.stdout:/usr/bin/ceph: stderr
2024-04-27T02:22:55.451+0000 7f06209a5700 1 -- start start
2024-04-27T02:22:56.182 INFO:teuthology.orchestra.run.smithi135.stdout:/usr/bin/ceph: stderr
2024-04-27T02:22:55.451+0000 7f06209a5700 1 --2- >> [v2:172.21.15.135:3300/0,v1:172.21.15.135:6789/0] conn(0x7f061c07bfc0 0x7f061c19c350 unknown :-1 s=NONE pgs=0 cs=0 l=1 rev1=0 crypto rx=0 tx=0 comp rx=0 tx=0).connect
2024-04-27T02:22:56.182 INFO:teuthology.orchestra.run.smithi135.stdout:/usr/bin/ceph: stderr
2024-04-27T02:22:55.451+0000 7f06209a5700 1 -- --> [v2:172.21.15.135:3300/0,v1:172.21.15.135:6789/0] -- mon_getmap magic: 0 -- 0x7f061c10c7d0 con 0x7f061c07bfc0
2024-04-27T02:22:56.182 INFO:teuthology.orchestra.run.smithi135.stdout:/usr/bin/ceph: stderr
2024-04-27T02:22:55.451+0000 7f061a59c700 1 --2- >> [v2:172.21.15.135:3300/0,v1:172.21.15.135:6789/0] conn(0x7f061c07bfc0 0x7f061c19c350 unknown :-1 s=BANNER_CONNECTING pgs=0 cs=0 l=1 rev1=0 crypto rx=0 tx=0 comp rx=0 tx=0)._handle_peer_banner_payload supported=3 required=0
2024-04-27T02:22:56.182 INFO:teuthology.orchestra.run.smithi135.stdout:/usr/bin/ceph: stderr
2024-04-27T02:22:55.451+0000 7f061a59c700 1 --2- >> [v2:172.21.15.135:3300/0,v1:172.21.15.135:6789/0] conn(0x7f061c07bfc0 0x7f061c19c350 unknown :-1 s=HELLO_CONNECTING pgs=0 cs=0 l=1 rev1=1 crypto rx=0 tx=0 comp rx=0 tx=0).handle_hello peer v2:172.21.15.135:3300/0 says I am v2:172.21.15.135:36556/0 (socket says 172.21.15.135:36556)
2024-04-27T02:22:56.182 INFO:teuthology.orchestra.run.smithi135.stdout:/usr/bin/ceph: stderr
2024-04-27T02:22:55.451+0000 7f061a59c700 1 -- 172.21.15.135:0/3581023181 learned_addr learned my addr 172.21.15.135:0/3581023181 (peer_addr_for_me v2:172.21.15.135:0/0)
2024-04-27T02:22:56.182 INFO:teuthology.orchestra.run.smithi135.stdout:/usr/bin/ceph: stderr
2024-04-27T02:22:55.452+0000 7f061a59c700 1 -- 172.21.15.135:0/3581023181 --> [v2:172.21.15.135:3300/0,v1:172.21.15.135:6789/0] -- mon_subscribe({config=0+,monmap=0+}) -- 0x7f061c19c890 con 0x7f061c07bfc0
2024-04-27T02:22:56.182 INFO:teuthology.orchestra.run.smithi135.stdout:/usr/bin/ceph: stderr
2024-04-27T02:22:55.452+0000 7f061a59c700 1 --2- 172.21.15.135:0/3581023181 >> [v2:172.21.15.135:3300/0,v1:172.21.15.135:6789/0] conn(0x7f061c07bfc0 0x7f061c19c350 secure :-1 s=READY pgs=40 cs=0 l=1 rev1=1 crypto rx=0x7f060c009fb0 tx=0x7f060c011ae0 comp rx=0 tx=0).ready entity=mon.0 client_cookie=0 server_cookie=0 in_seq=0 out_seq=0
2024-04-27T02:22:56.182 INFO:teuthology.orchestra.run.smithi135.stdout:/usr/bin/ceph: stderr
2024-04-27T02:22:55.452+0000 7f060b7fe700 1 -- 172.21.15.135:0/3581023181 <== mon.0 v2:172.21.15.135:3300/0 1 ==== mon_map magic: 0 ==== 205+0+0 (secure 0 0 0) 0x7f060c0039e0 con 0x7f061c07bfc0
2024-04-27T02:22:56.182 INFO:teuthology.orchestra.run.smithi135.stdout:/usr/bin/ceph: stderr
2024-04-27T02:22:55.452+0000 7f060b7fe700 1 -- 172.21.15.135:0/3581023181 <== mon.0 v2:172.21.15.135:3300/0 2 ==== config(26 keys) ==== 1062+0+0 (secure 0 0 0) 0x7f060c01a8c0 con 0x7f061c07bfc0
2024-04-27T02:22:56.182 INFO:teuthology.orchestra.run.smithi135.stdout:/usr/bin/ceph: stderr
2024-04-27T02:22:55.452+0000 7f06209a5700 1 -- 172.21.15.135:0/3581023181 --> [v2:172.21.15.135:3300/0,v1:172.21.15.135:6789/0] -- mon_subscribe({mgrmap=0+}) -- 0x7f061c19cb20 con 0x7f061c07bfc0
2024-04-27T02:22:56.183 INFO:teuthology.orchestra.run.smithi135.stdout:/usr/bin/ceph: stderr
2024-04-27T02:22:55.452+0000 7f060b7fe700 1 -- 172.21.15.135:0/3581023181 <== mon.0 v2:172.21.15.135:3300/0 3 ==== mon_map magic: 0 ==== 205+0+0 (secure 0 0 0) 0x7f060c024800 con 0x7f061c07bfc0
2024-04-27T02:22:56.183 INFO:teuthology.orchestra.run.smithi135.stdout:/usr/bin/ceph: stderr
2024-04-27T02:22:55.452+0000 7f06209a5700 1 -- 172.21.15.135:0/3581023181 --> [v2:172.21.15.135:3300/0,v1:172.21.15.135:6789/0] -- mon_subscribe({osdmap=0}) -- 0x7f061c19f810 con 0x7f061c07bfc0
2024-04-27T02:22:56.183 INFO:teuthology.orchestra.run.smithi135.stdout:/usr/bin/ceph: stderr
2024-04-27T02:22:55.453+0000 7f060b7fe700 1 -- 172.21.15.135:0/3581023181 <== mon.0 v2:172.21.15.135:3300/0 4 ==== mgrmap(e 8) ==== 46252+0+0 (secure 0 0 0) 0x7f060c022020 con 0x7f061c07bfc0
2024-04-27T02:22:56.183 INFO:teuthology.orchestra.run.smithi135.stdout:/usr/bin/ceph: stderr
2024-04-27T02:22:55.453+0000 7f06209a5700 1 -- 172.21.15.135:0/3581023181 --> [v2:172.21.15.135:3300/0,v1:172.21.15.135:6789/0] -- mon_command({"prefix": "get_command_descriptions"} v 0) -- 0x7f061c063890 con 0x7f061c07bfc0
2024-04-27T02:22:56.183 INFO:teuthology.orchestra.run.smithi135.stdout:/usr/bin/ceph: stderr
2024-04-27T02:22:55.453+0000 7f060b7fe700 1 --2- 172.21.15.135:0/3581023181 >> v2:172.21.15.135:6800/548012548 conn(0x7f0604039050 0x7f060403b510 unknown :-1 s=NONE pgs=0 cs=0 l=1 rev1=0 crypto rx=0 tx=0 comp rx=0 tx=0).connect
2024-04-27T02:22:56.183 INFO:teuthology.orchestra.run.smithi135.stdout:/usr/bin/ceph: stderr
2024-04-27T02:22:55.453+0000 7f060b7fe700 1 -- 172.21.15.135:0/3581023181 <== mon.0 v2:172.21.15.135:3300/0 5 ==== osd_map(2..2 src has 1..2) ==== 897+0+0 (secure 0 0 0) 0x7f060c04d320 con 0x7f061c07bfc0
2024-04-27T02:22:56.183 INFO:teuthology.orchestra.run.smithi135.stdout:/usr/bin/ceph: stderr
2024-04-27T02:22:55.453+0000 7f0619d9b700 1 --2- 172.21.15.135:0/3581023181 >> v2:172.21.15.135:6800/548012548 conn(0x7f0604039050 0x7f060403b510 unknown :-1 s=BANNER_CONNECTING pgs=0 cs=0 l=1 rev1=0 crypto rx=0 tx=0 comp rx=0 tx=0)._handle_peer_banner_payload supported=3 required=0
2024-04-27T02:22:56.183 INFO:teuthology.orchestra.run.smithi135.stdout:/usr/bin/ceph: stderr
2024-04-27T02:22:55.453+0000 7f0619d9b700 1 --2- 172.21.15.135:0/3581023181 >> v2:172.21.15.135:6800/548012548 conn(0x7f0604039050 0x7f060403b510 secure :-1 s=READY pgs=8 cs=0 l=1 rev1=1 crypto rx=0x7f0610006fd0 tx=0x7f0610006e40 comp rx=0 tx=0).ready entity=mgr.14120 client_cookie=0 server_cookie=0 in_seq=0 out_seq=0
2024-04-27T02:22:56.183 INFO:teuthology.orchestra.run.smithi135.stdout:/usr/bin/ceph: stderr
2024-04-27T02:22:55.458+0000 7f060b7fe700 1 -- 172.21.15.135:0/3581023181 <== mon.0 v2:172.21.15.135:3300/0 6 ==== mon_command_ack([{"prefix": "get_command_descriptions"}]=0 v0) ==== 72+0+186147 (secure 0 0 0) 0x7f060c00b3e0 con 0x7f061c07bfc0
2024-04-27T02:22:56.183 INFO:teuthology.orchestra.run.smithi135.stdout:/usr/bin/ceph: stderr
2024-04-27T02:22:55.654+0000 7f06209a5700 1 -- 172.21.15.135:0/3581023181 --> v2:172.21.15.135:6800/548012548 -- mgr_command(tid 0: {"prefix": "cephadm set-user", "user": "root", "target": ["mon-mgr", ""]}) -- 0x7f061c1029a0 con 0x7f0604039050
2024-04-27T02:22:56.183 INFO:teuthology.orchestra.run.smithi135.stdout:/usr/bin/ceph: stderr
2024-04-27T02:22:55.655+0000 7f060b7fe700 1 -- 172.21.15.135:0/3581023181 <== mgr.14120 v2:172.21.15.135:6800/548012548 1 ==== mgr_command_reply(tid 0: 0 ) ==== 8+0+16 (secure 0 0 0) 0x7f061c1029a0 con 0x7f0604039050
2024-04-27T02:22:56.183 INFO:teuthology.orchestra.run.smithi135.stdout:/usr/bin/ceph: stderr
2024-04-27T02:22:55.657+0000 7f06209a5700 1 -- 172.21.15.135:0/3581023181 >> v2:172.21.15.135:6800/548012548 conn(0x7f0604039050 msgr2=0x7f060403b510 secure :-1 s=STATE_CONNECTION_ESTABLISHED l=1).mark_down
2024-04-27T02:22:56.183 INFO:teuthology.orchestra.run.smithi135.stdout:/usr/bin/ceph: stderr
2024-04-27T02:22:55.657+0000 7f06209a5700 1 --2- 172.21.15.135:0/3581023181 >> v2:172.21.15.135:6800/548012548 conn(0x7f0604039050 0x7f060403b510 secure :-1 s=READY pgs=8 cs=0 l=1 rev1=1 crypto rx=0x7f0610006fd0 tx=0x7f0610006e40 comp rx=0 tx=0).stop
2024-04-27T02:22:56.183 INFO:teuthology.orchestra.run.smithi135.stdout:/usr/bin/ceph: stderr
2024-04-27T02:22:55.657+0000 7f06209a5700 1 -- 172.21.15.135:0/3581023181 >> [v2:172.21.15.135:3300/0,v1:172.21.15.135:6789/0] conn(0x7f061c07bfc0 msgr2=0x7f061c19c350 secure :-1 s=STATE_CONNECTION_ESTABLISHED l=1).mark_down
2024-04-27T02:22:56.183 INFO:teuthology.orchestra.run.smithi135.stdout:/usr/bin/ceph: stderr
2024-04-27T02:22:55.657+0000 7f06209a5700 1 --2- 172.21.15.135:0/3581023181 >> [v2:172.21.15.135:3300/0,v1:172.21.15.135:6789/0] conn(0x7f061c07bfc0 0x7f061c19c350 secure :-1 s=READY pgs=40 cs=0 l=1 rev1=1 crypto rx=0x7f060c009fb0 tx=0x7f060c011ae0 comp rx=0 tx=0).stop
2024-04-27T02:22:56.184 INFO:teuthology.orchestra.run.smithi135.stdout:/usr/bin/ceph: stderr
