2024-04-27T02:43:19.344 INFO:teuthology.orchestra.run.smithi138.stdout:/usr/bin/ceph: stderr
2024-04-27T02:43:18.184+0000 7fcd30ff9700 1 -- 172.21.15.138:0/2433484028 <== mon.0 v2:172.21.15.138:3300/0 2 ==== config(27 keys) v1 ==== 1042+0+0 (secure 0 0 0) 0x7fcd2801b8c0 con 0x7fcd34107020
2024-04-27T02:43:19.344 INFO:teuthology.orchestra.run.smithi138.stdout:/usr/bin/ceph: stderr
2024-04-27T02:43:18.184+0000 7fcd3a190700 1 -- 172.21.15.138:0/2433484028 --> [v2:172.21.15.138:3300/0,v1:172.21.15.138:6789/0] -- mon_subscribe({mgrmap=0+}) v3 -- 0x7fcd3419aa00 con 0x7fcd34107020
2024-04-27T02:43:19.344 INFO:teuthology.orchestra.run.smithi138.stdout:/usr/bin/ceph: stderr
2024-04-27T02:43:18.184+0000 7fcd30ff9700 1 -- 172.21.15.138:0/2433484028 <== mon.0 v2:172.21.15.138:3300/0 3 ==== mon_map magic: 0 v1 ==== 229+0+0 (secure 0 0 0) 0x7fcd280197e0 con 0x7fcd34107020
2024-04-27T02:43:19.344 INFO:teuthology.orchestra.run.smithi138.stdout:/usr/bin/ceph: stderr
2024-04-27T02:43:18.184+0000 7fcd3a190700 1 -- 172.21.15.138:0/2433484028 --> [v2:172.21.15.138:3300/0,v1:172.21.15.138:6789/0] -- mon_subscribe({osdmap=0}) v3 -- 0x7fcd3419aea0 con 0x7fcd34107020
2024-04-27T02:43:19.344 INFO:teuthology.orchestra.run.smithi138.stdout:/usr/bin/ceph: stderr
2024-04-27T02:43:18.185+0000 7fcd30ff9700 1 -- 172.21.15.138:0/2433484028 <== mon.0 v2:172.21.15.138:3300/0 4 ==== mgrmap(e 8) v1 ==== 45556+0+0 (secure 0 0 0) 0x7fcd280199d0 con 0x7fcd34107020
2024-04-27T02:43:19.345 INFO:teuthology.orchestra.run.smithi138.stdout:/usr/bin/ceph: stderr
2024-04-27T02:43:18.185+0000 7fcd3a190700 1 -- 172.21.15.138:0/2433484028 --> [v2:172.21.15.138:3300/0,v1:172.21.15.138:6789/0] -- mon_command({"prefix": "get_command_descriptions"} v 0) v1 -- 0x7fcd3410a6d0 con 0x7fcd34107020
2024-04-27T02:43:19.345 INFO:teuthology.orchestra.run.smithi138.stdout:/usr/bin/ceph: stderr
2024-04-27T02:43:18.185+0000 7fcd30ff9700 1 --2- 172.21.15.138:0/2433484028 >> [v2:172.21.15.138:6800/4108291300,v1:172.21.15.138:6801/4108291300] conn(0x7fcd1c038770 0x7fcd1c03ac30 unknown :-1 s=NONE pgs=0 cs=0 l=1 rev1=0 crypto rx=0 tx=0 comp rx=0 tx=0).connect
2024-04-27T02:43:19.345 INFO:teuthology.orchestra.run.smithi138.stdout:/usr/bin/ceph: stderr
2024-04-27T02:43:18.185+0000 7fcd30ff9700 1 -- 172.21.15.138:0/2433484028 <== mon.0 v2:172.21.15.138:3300/0 5 ==== osd_map(2..2 src has 1..2) v4 ==== 940+0+0 (secure 0 0 0) 0x7fcd2804c940 con 0x7fcd34107020
2024-04-27T02:43:19.345 INFO:teuthology.orchestra.run.smithi138.stdout:/usr/bin/ceph: stderr
2024-04-27T02:43:18.186+0000 7fcd32ffd700 1 --2- 172.21.15.138:0/2433484028 >> [v2:172.21.15.138:6800/4108291300,v1:172.21.15.138:6801/4108291300] conn(0x7fcd1c038770 0x7fcd1c03ac30 unknown :-1 s=BANNER_CONNECTING pgs=0 cs=0 l=1 rev1=0 crypto rx=0 tx=0 comp rx=0 tx=0)._handle_peer_banner_payload supported=3 required=0
2024-04-27T02:43:19.345 INFO:teuthology.orchestra.run.smithi138.stdout:/usr/bin/ceph: stderr
2024-04-27T02:43:18.186+0000 7fcd32ffd700 1 --2- 172.21.15.138:0/2433484028 >> [v2:172.21.15.138:6800/4108291300,v1:172.21.15.138:6801/4108291300] conn(0x7fcd1c038770 0x7fcd1c03ac30 secure :-1 s=READY pgs=13 cs=0 l=1 rev1=1 crypto rx=0x7fcd24006fd0 tx=0x7fcd24006e40 comp rx=0 tx=0).ready entity=mgr.14120 client_cookie=0 server_cookie=0 in_seq=0 out_seq=0
2024-04-27T02:43:19.345 INFO:teuthology.orchestra.run.smithi138.stdout:/usr/bin/ceph: stderr
2024-04-27T02:43:18.190+0000 7fcd30ff9700 1 -- 172.21.15.138:0/2433484028 <== mon.0 v2:172.21.15.138:3300/0 6 ==== mon_command_ack([{"prefix": "get_command_descriptions"}]=0 v0) v1 ==== 72+0+183351 (secure 0 0 0) 0x7fcd28018db0 con 0x7fcd34107020
2024-04-27T02:43:19.345 INFO:teuthology.orchestra.run.smithi138.stdout:/usr/bin/ceph: stderr
2024-04-27T02:43:18.407+0000 7fcd3a190700 1 -- 172.21.15.138:0/2433484028 --> [v2:172.21.15.138:6800/4108291300,v1:172.21.15.138:6801/4108291300] -- mgr_command(tid 0: {"prefix": "orch apply", "service_type": "mgr", "target": ["mon-mgr", ""]}) v1 -- 0x7fcd34101ce0 con 0x7fcd1c038770
2024-04-27T02:43:19.345 INFO:teuthology.orchestra.run.smithi138.stdout:/usr/bin/ceph: stderr
2024-04-27T02:43:18.412+0000 7fcd30ff9700 1 -- 172.21.15.138:0/2433484028 <== mgr.14120 v2:172.21.15.138:6800/4108291300 1 ==== mgr_command_reply(tid 0: 0 ) v1 ==== 8+0+24 (secure 0 0 0) 0x7fcd34101ce0 con 0x7fcd1c038770
2024-04-27T02:43:19.345 INFO:teuthology.orchestra.run.smithi138.stdout:/usr/bin/ceph: stderr
2024-04-27T02:43:18.414+0000 7fcd3a190700 1 -- 172.21.15.138:0/2433484028 >> [v2:172.21.15.138:6800/4108291300,v1:172.21.15.138:6801/4108291300] conn(0x7fcd1c038770 msgr2=0x7fcd1c03ac30 secure :-1 s=STATE_CONNECTION_ESTABLISHED l=1).mark_down
2024-04-27T02:43:19.345 INFO:teuthology.orchestra.run.smithi138.stdout:/usr/bin/ceph: stderr
2024-04-27T02:43:18.414+0000 7fcd3a190700 1 --2- 172.21.15.138:0/2433484028 >> [v2:172.21.15.138:6800/4108291300,v1:172.21.15.138:6801/4108291300] conn(0x7fcd1c038770 0x7fcd1c03ac30 secure :-1 s=READY pgs=13 cs=0 l=1 rev1=1 crypto rx=0x7fcd24006fd0 tx=0x7fcd24006e40 comp rx=0 tx=0).stop
2024-04-27T02:43:19.345 INFO:teuthology.orchestra.run.smithi138.stdout:/usr/bin/ceph: stderr
2024-04-27T02:43:18.414+0000 7fcd3a190700 1 -- 172.21.15.138:0/2433484028 >> [v2:172.21.15.138:3300/0,v1:172.21.15.138:6789/0] conn(0x7fcd34107020 msgr2=0x7fcd3419a2c0 secure :-1 s=STATE_CONNECTION_ESTABLISHED l=1).mark_down
2024-04-27T02:43:19.345 INFO:teuthology.orchestra.run.smithi138.stdout:/usr/bin/ceph: stderr
2024-04-27T02:43:18.414+0000 7fcd3a190700 1 --2- 172.21.15.138:0/2433484028 >> [v2:172.21.15.138:3300/0,v1:172.21.15.138:6789/0] conn(0x7fcd34107020 0x7fcd3419a2c0 secure :-1 s=READY pgs=50 cs=0 l=1 rev1=1 crypto rx=0x7fcd28011710 tx=0x7fcd280047c0 comp rx=0 tx=0).stop
2024-04-27T02:43:19.345 INFO:teuthology.orchestra.run.smithi138.stdout:/usr/bin/ceph: stderr
2024-04-27T02:43:18.414+0000 7fcd3a190700 1 -- 172.21.15.138:0/2433484028 shutdown_connections
2024-04-27T02:43:19.345 INFO:teuthology.orchestra.run.smithi138.stdout:/usr/bin/ceph: stderr
2024-04-27T02:43:18.414+0000 7fcd3a190700 1 --2- 172.21.15.138:0/2433484028 >> [v2:172.21.15.138:6800/4108291300,v1:172.21.15.138:6801/4108291300] conn(0x7fcd1c038770 0x7fcd1c03ac30 unknown :-1 s=CLOSED pgs=13 cs=0 l=1 rev1=1 crypto rx=0 tx=0 comp rx=0 tx=0).stop
2024-04-27T02:43:19.346 INFO:teuthology.orchestra.run.smithi138.stdout:/usr/bin/ceph: stderr
2024-04-27T02:43:18.414+0000 7fcd3a190700 1 --2- 172.21.15.138:0/2433484028 >> [v2:172.21.15.138:3300/0,v1:172.21.15.138:6789/0] conn(0x7fcd34107020 0x7fcd3419a2c0 unknown :-1 s=CLOSED pgs=50 cs=0 l=1 rev1=1 crypto rx=0 tx=0 comp rx=0 tx=0).stop
2024-04-27T02:43:19.346 INFO:teuthology.orchestra.run.smithi138.stdout:/usr/bin/ceph: stderr
2024-04-27T02:43:18.414+0000 7fcd3a190700 1 -- 172.21.15.138:0/2433484028 >> 172.21.15.138:0/2433484028 conn(0x7fcd34100a50 msgr2=0x7fcd341015d0 unknown :-1 s=STATE_NONE l=0).mark_down
2024-04-27T02:43:19.346 INFO:teuthology.orchestra.run.smithi138.stdout:/usr/bin/ceph: stderr
2024-04-27T02:43:18.414+0000 7fcd3a190700 1 -- 172.21.15.138:0/2433484028 shutdown_connections
2024-04-27T02:43:19.346 INFO:teuthology.orchestra.run.smithi138.stdout:/usr/bin/ceph: stderr
2024-04-27T02:43:18.414+0000 7fcd3a190700 1 -- 172.21.15.138:0/2433484028 wait complete.
2024-04-27T02:43:19.346 INFO:teuthology.orchestra.run.smithi138.stdout:Deploying crash service with default placement...
2024-04-27T02:43:19.598 INFO:journalctl@ceph.mon.smithi138.smithi138.stdout:Apr 27 02:43:19 smithi138 ceph-mon[26637]: from='client.14144 -' entity='client.admin' cmd=[{"prefix": "orch apply", "service_type": "mgr", "target": ["mon-mgr", ""]}]: dispatch
2024-04-27T02:43:19.598 INFO:journalctl@ceph.mon.smithi138.smithi138.stdout:Apr 27 02:43:19 smithi138 ceph-mon[26637]: Saving service mgr spec with placement count:2
2024-04-27T02:43:19.598 INFO:journalctl@ceph.mon.smithi138.smithi138.stdout:Apr 27 02:43:19 smithi138 ceph-mon[26637]: from='mgr.14120 172.21.15.138:0/2988107260' entity='mgr.smithi138.hvlzrc'
2024-04-27T02:43:19.598 INFO:journalctl@ceph.mon.smithi138.smithi138.stdout:Apr 27 02:43:19 smithi138 ceph-mon[26637]: from='mgr.14120 172.21.15.138:0/2988107260' entity='mgr.smithi138.hvlzrc'
2024-04-27T02:43:20.817 INFO:journalctl@ceph.mon.smithi138.smithi138.stdout:Apr 27 02:43:20 smithi138 ceph-mon[26637]: from='mgr.14120 172.21.15.138:0/2988107260' entity='mgr.smithi138.hvlzrc'
2024-04-27T02:43:20.818 INFO:journalctl@ceph.mon.smithi138.smithi138.stdout:Apr 27 02:43:20 smithi138 ceph-mon[26637]: from='mgr.14120 172.21.15.138:0/2988107260' entity='mgr.smithi138.hvlzrc'
2024-04-27T02:43:20.827 INFO:teuthology.orchestra.run.smithi138.stdout:/usr/bin/ceph: stdout Scheduled crash update...
2024-04-27T02:43:20.827 INFO:teuthology.orchestra.run.smithi138.stdout:/usr/bin/ceph: stderr
2024-04-27T02:43:19.827+0000 7f0bc8692700 1 Processor -- start
2024-04-27T02:43:20.827 INFO:teuthology.orchestra.run.smithi138.stdout:/usr/bin/ceph: stderr
2024-04-27T02:43:19.827+0000 7f0bc8692700 1 -- start start
2024-04-27T02:43:20.827 INFO:teuthology.orchestra.run.smithi138.stdout:/usr/bin/ceph: stderr
2024-04-27T02:43:19.827+0000 7f0bc8692700 1 --2- >> [v2:172.21.15.138:3300/0,v1:172.21.15.138:6789/0] conn(0x7f0bc01070a0 0x7f0bc0109490 unknown :-1 s=NONE pgs=0 cs=0 l=0 rev1=0 crypto rx=0 tx=0 comp rx=0 tx=0).connect
2024-04-27T02:43:20.827 INFO:teuthology.orchestra.run.smithi138.stdout:/usr/bin/ceph: stderr
2024-04-27T02:43:19.827+0000 7f0bc8692700 1 -- --> [v2:172.21.15.138:3300/0,v1:172.21.15.138:6789/0] -- mon_getmap magic: 0 v1 -- 0x7f0bc0074730 con 0x7f0bc01070a0
2024-04-27T02:43:20.827 INFO:teuthology.orchestra.run.smithi138.stdout:/usr/bin/ceph: stderr
2024-04-27T02:43:19.828+0000 7f0bc642e700 1 --2- >> [v2:172.21.15.138:3300/0,v1:172.21.15.138:6789/0] conn(0x7f0bc01070a0 0x7f0bc0109490 unknown :-1 s=BANNER_CONNECTING pgs=0 cs=0 l=0 rev1=0 crypto rx=0 tx=0 comp rx=0 tx=0)._handle_peer_banner_payload supported=3 required=0
2024-04-27T02:43:20.827 INFO:teuthology.orchestra.run.smithi138.stdout:/usr/bin/ceph: stderr
2024-04-27T02:43:19.828+0000 7f0bc642e700 1 --2- >> [v2:172.21.15.138:3300/0,v1:172.21.15.138:6789/0] conn(0x7f0bc01070a0 0x7f0bc0109490 unknown :-1 s=HELLO_CONNECTING pgs=0 cs=0 l=0 rev1=1 crypto rx=0 tx=0 comp rx=0 tx=0).handle_hello peer v2:172.21.15.138:3300/0 says I am v2:172.21.15.138:35770/0 (socket says 172.21.15.138:35770)
2024-04-27T02:43:20.827 INFO:teuthology.orchestra.run.smithi138.stdout:/usr/bin/ceph: stderr
2024-04-27T02:43:19.828+0000 7f0bc642e700 1 -- 172.21.15.138:0/3731596074 learned_addr learned my addr 172.21.15.138:0/3731596074 (peer_addr_for_me v2:172.21.15.138:0/0)
2024-04-27T02:43:20.827 INFO:teuthology.orchestra.run.smithi138.stdout:/usr/bin/ceph: stderr
2024-04-27T02:43:19.828+0000 7f0bc642e700 1 -- 172.21.15.138:0/3731596074 --> [v2:172.21.15.138:3300/0,v1:172.21.15.138:6789/0] -- mon_subscribe({config=0+,monmap=0+}) v3 -- 0x7f0bc01099d0 con 0x7f0bc01070a0
2024-04-27T02:43:20.827 INFO:teuthology.orchestra.run.smithi138.stdout:/usr/bin/ceph: stderr
2024-04-27T02:43:19.828+0000 7f0bc642e700 1 --2- 172.21.15.138:0/3731596074 >> [v2:172.21.15.138:3300/0,v1:172.21.15.138:6789/0] conn(0x7f0bc01070a0 0x7f0bc0109490 secure :-1 s=READY pgs=51 cs=0 l=1 rev1=1 crypto rx=0x7f0bbc0098a0 tx=0x7f0bbc009bb0 comp rx=0 tx=0).ready entity=mon.0 client_cookie=d755ebf5b698847b server_cookie=0 in_seq=0 out_seq=0
2024-04-27T02:43:20.827 INFO:teuthology.orchestra.run.smithi138.stdout:/usr/bin/ceph: stderr
2024-04-27T02:43:19.828+0000 7f0bc542c700 1 -- 172.21.15.138:0/3731596074 <== mon.0 v2:172.21.15.138:3300/0 1 ==== mon_map magic: 0 v1 ==== 229+0+0 (secure 0 0 0) 0x7f0bbc004180 con 0x7f0bc01070a0
2024-04-27T02:43:20.827 INFO:teuthology.orchestra.run.smithi138.stdout:/usr/bin/ceph: stderr
2024-04-27T02:43:19.828+0000 7f0bc542c700 1 -- 172.21.15.138:0/3731596074 <== mon.0 v2:172.21.15.138:3300/0 2 ==== config(27 keys) v1 ==== 1109+0+0 (secure 0 0 0) 0x7f0bbc0042e0 con 0x7f0bc01070a0
2024-04-27T02:43:20.828 INFO:teuthology.orchestra.run.smithi138.stdout:/usr/bin/ceph: stderr
2024-04-27T02:43:19.828+0000 7f0bc542c700 1 -- 172.21.15.138:0/3731596074 <== mon.0 v2:172.21.15.138:3300/0 3 ==== mon_map magic: 0 v1 ==== 229+0+0 (secure 0 0 0) 0x7f0bbc011b10 con 0x7f0bc01070a0
2024-04-27T02:43:20.828 INFO:teuthology.orchestra.run.smithi138.stdout:/usr/bin/ceph: stderr
2024-04-27T02:43:19.829+0000 7f0bc8692700 1 -- 172.21.15.138:0/3731596074 >> [v2:172.21.15.138:3300/0,v1:172.21.15.138:6789/0] conn(0x7f0bc01070a0 msgr2=0x7f0bc0109490 secure :-1 s=STATE_CONNECTION_ESTABLISHED l=1).mark_down
2024-04-27T02:43:20.828 INFO:teuthology.orchestra.run.smithi138.stdout:/usr/bin/ceph: stderr
2024-04-27T02:43:19.829+0000 7f0bc8692700 1 --2- 172.21.15.138:0/3731596074 >> [v2:172.21.15.138:3300/0,v1:172.21.15.138:6789/0] conn(0x7f0bc01070a0 0x7f0bc0109490 secure :-1 s=READY pgs=51 cs=0 l=1 rev1=1 crypto rx=0x7f0bbc0098a0 tx=0x7f0bbc009bb0 comp rx=0 tx=0).stop
2024-04-27T02:43:20.828 INFO:teuthology.orchestra.run.smithi138.stdout:/usr/bin/ceph: stderr
2024-04-27T02:43:19.829+0000 7f0bc8692700 1 -- 172.21.15.138:0/3731596074 shutdown_connections
2024-04-27T02:43:20.828 INFO:teuthology.orchestra.run.smithi138.stdout:/usr/bin/ceph: stderr
2024-04-27T02:43:19.829+0000 7f0bc8692700 1 --2- 172.21.15.138:0/3731596074 >> [v2:172.21.15.138:3300/0,v1:172.21.15.138:6789/0] conn(0x7f0bc01070a0 0x7f0bc0109490 unknown :-1 s=CLOSED pgs=51 cs=0 l=1 rev1=1 crypto rx=0 tx=0 comp rx=0 tx=0).stop
2024-04-27T02:43:20.828 INFO:teuthology.orchestra.run.smithi138.stdout:/usr/bin/ceph: stderr
2024-04-27T02:43:19.829+0000 7f0bc8692700 1 -- 172.21.15.138:0/3731596074 >> 172.21.15.138:0/3731596074 conn(0x7f0bc0100a50 msgr2=0x7f0bc0102e90 unknown :-1 s=STATE_NONE l=0).mark_down
2024-04-27T02:43:20.828 INFO:teuthology.orchestra.run.smithi138.stdout:/usr/bin/ceph: stderr
2024-04-27T02:43:19.829+0000 7f0bc8692700 1 -- 172.21.15.138:0/3731596074 shutdown_connections
2024-04-27T02:43:20.828 INFO:teuthology.orchestra.run.smithi138.stdout:/usr/bin/ceph: stderr
2024-04-27T02:43:19.829+0000 7f0bc8692700 1 -- 172.21.15.138:0/3731596074 wait complete.
2024-04-27T02:43:20.828 INFO:teuthology.orchestra.run.smithi138.stdout:/usr/bin/ceph: stderr
2024-04-27T02:43:19.830+0000 7f0bc8692700 1 Processor -- start
2024-04-27T02:43:20.828 INFO:teuthology.orchestra.run.smithi138.stdout:/usr/bin/ceph: stderr
2024-04-27T02:43:19.830+0000 7f0bc8692700 1 -- start start
2024-04-27T02:43:20.828 INFO:teuthology.orchestra.run.smithi138.stdout:/usr/bin/ceph: stderr
2024-04-27T02:43:19.830+0000 7f0bc8692700 1 --2- >> [v2:172.21.15.138:3300/0,v1:172.21.15.138:6789/0] conn(0x7f0bc01070a0 0x7f0bc019a340 unknown :-1 s=NONE pgs=0 cs=0 l=1 rev1=0 crypto rx=0 tx=0 comp rx=0 tx=0).connect
2024-04-27T02:43:20.828 INFO:teuthology.orchestra.run.smithi138.stdout:/usr/bin/ceph: stderr
2024-04-27T02:43:19.830+0000 7f0bc8692700 1 -- --> [v2:172.21.15.138:3300/0,v1:172.21.15.138:6789/0] -- mon_getmap magic: 0 v1 -- 0x7f0bc019a880 con 0x7f0bc01070a0
2024-04-27T02:43:20.828 INFO:teuthology.orchestra.run.smithi138.stdout:/usr/bin/ceph: stderr
2024-04-27T02:43:19.830+0000 7f0bc642e700 1 --2- >> [v2:172.21.15.138:3300/0,v1:172.21.15.138:6789/0] conn(0x7f0bc01070a0 0x7f0bc019a340 unknown :-1 s=BANNER_CONNECTING pgs=0 cs=0 l=1 rev1=0 crypto rx=0 tx=0 comp rx=0 tx=0)._handle_peer_banner_payload supported=3 required=0
2024-04-27T02:43:20.828 INFO:teuthology.orchestra.run.smithi138.stdout:/usr/bin/ceph: stderr
2024-04-27T02:43:19.830+0000 7f0bc642e700 1 --2- >> [v2:172.21.15.138:3300/0,v1:172.21.15.138:6789/0] conn(0x7f0bc01070a0 0x7f0bc019a340 unknown :-1 s=HELLO_CONNECTING pgs=0 cs=0 l=1 rev1=1 crypto rx=0 tx=0 comp rx=0 tx=0).handle_hello peer v2:172.21.15.138:3300/0 says I am v2:172.21.15.138:35780/0 (socket says 172.21.15.138:35780)
2024-04-27T02:43:20.829 INFO:teuthology.orchestra.run.smithi138.stdout:/usr/bin/ceph: stderr
2024-04-27T02:43:19.830+0000 7f0bc642e700 1 -- 172.21.15.138:0/192993798 learned_addr learned my addr 172.21.15.138:0/192993798 (peer_addr_for_me v2:172.21.15.138:0/0)
2024-04-27T02:43:20.829 INFO:teuthology.orchestra.run.smithi138.stdout:/usr/bin/ceph: stderr
2024-04-27T02:43:19.831+0000 7f0bc642e700 1 -- 172.21.15.138:0/192993798 --> [v2:172.21.15.138:3300/0,v1:172.21.15.138:6789/0] -- mon_subscribe({config=0+,monmap=0+}) v3 -- 0x7f0bbc009550 con 0x7f0bc01070a0
2024-04-27T02:43:20.829 INFO:teuthology.orchestra.run.smithi138.stdout:/usr/bin/ceph: stderr
2024-04-27T02:43:19.831+0000 7f0bc642e700 1 --2- 172.21.15.138:0/192993798 >> [v2:172.21.15.138:3300/0,v1:172.21.15.138:6789/0] conn(0x7f0bc01070a0 0x7f0bc019a340 secure :-1 s=READY pgs=52 cs=0 l=1 rev1=1 crypto rx=0x7f0bbc0117b0 tx=0x7f0bbc011890 comp rx=0 tx=0).ready entity=mon.0 client_cookie=0 server_cookie=0 in_seq=0 out_seq=0
2024-04-27T02:43:20.829 INFO:teuthology.orchestra.run.smithi138.stdout:/usr/bin/ceph: stderr
2024-04-27T02:43:19.831+0000 7f0bb77fe700 1 -- 172.21.15.138:0/192993798 <== mon.0 v2:172.21.15.138:3300/0 1 ==== mon_map magic: 0 v1 ==== 229+0+0 (secure 0 0 0) 0x7f0bbc0038b0 con 0x7f0bc01070a0
2024-04-27T02:43:20.829 INFO:teuthology.orchestra.run.smithi138.stdout:/usr/bin/ceph: stderr
2024-04-27T02:43:19.831+0000 7f0bb77fe700 1 -- 172.21.15.138:0/192993798 <== mon.0 v2:172.21.15.138:3300/0 2 ==== config(27 keys) v1 ==== 1109+0+0 (secure 0 0 0) 0x7f0bbc003a10 con 0x7f0bc01070a0
2024-04-27T02:43:20.829 INFO:teuthology.orchestra.run.smithi138.stdout:/usr/bin/ceph: stderr
2024-04-27T02:43:19.831+0000 7f0bb77fe700 1 -- 172.21.15.138:0/192993798 <== mon.0 v2:172.21.15.138:3300/0 3 ==== mon_map magic: 0 v1 ==== 229+0+0 (secure 0 0 0) 0x7f0bbc024780 con 0x7f0bc01070a0
2024-04-27T02:43:20.829 INFO:teuthology.orchestra.run.smithi138.stdout:/usr/bin/ceph: stderr
2024-04-27T02:43:19.831+0000 7f0bc8692700 1 -- 172.21.15.138:0/192993798 --> [v2:172.21.15.138:3300/0,v1:172.21.15.138:6789/0] -- mon_subscribe({mgrmap=0+}) v3 -- 0x7f0bc019aa80 con 0x7f0bc01070a0
2024-04-27T02:43:20.829 INFO:teuthology.orchestra.run.smithi138.stdout:/usr/bin/ceph: stderr
2024-04-27T02:43:19.831+0000 7f0bc8692700 1 -- 172.21.15.138:0/192993798 --> [v2:172.21.15.138:3300/0,v1:172.21.15.138:6789/0] -- mon_subscribe({osdmap=0}) v3 -- 0x7f0bc019af20 con 0x7f0bc01070a0
2024-04-27T02:43:20.829 INFO:teuthology.orchestra.run.smithi138.stdout:/usr/bin/ceph: stderr
2024-04-27T02:43:19.832+0000 7f0bb77fe700 1 -- 172.21.15.138:0/192993798 <== mon.0 v2:172.21.15.138:3300/0 4 ==== mgrmap(e 8) v1 ==== 45556+0+0 (secure 0 0 0) 0x7f0bbc0248e0 con 0x7f0bc01070a0
2024-04-27T02:43:20.829 INFO:teuthology.orchestra.run.smithi138.stdout:/usr/bin/ceph: stderr
2024-04-27T02:43:19.832+0000 7f0bc8692700 1 -- 172.21.15.138:0/192993798 --> [v2:172.21.15.138:3300/0,v1:172.21.15.138:6789/0] -- mon_command({"prefix": "get_command_descriptions"} v 0) v1 -- 0x7f0bc010a710 con 0x7f0bc01070a0
2024-04-27T02:43:20.829 INFO:teuthology.orchestra.run.smithi138.stdout:/usr/bin/ceph: stderr
2024-04-27T02:43:19.832+0000 7f0bb77fe700 1 --2- 172.21.15.138:0/192993798 >> [v2:172.21.15.138:6800/4108291300,v1:172.21.15.138:6801/4108291300] conn(0x7f0bac038770 0x7f0bac03ac30 unknown :-1 s=NONE pgs=0 cs=0 l=1 rev1=0 crypto rx=0 tx=0 comp rx=0 tx=0).connect
2024-04-27T02:43:20.829 INFO:teuthology.orchestra.run.smithi138.stdout:/usr/bin/ceph: stderr
2024-04-27T02:43:19.832+0000 7f0bb77fe700 1 -- 172.21.15.138:0/192993798 <== mon.0 v2:172.21.15.138:3300/0 5 ==== osd_map(2..2 src has 1..2) v4 ==== 940+0+0 (secure 0 0 0) 0x7f0bbc04c770 con 0x7f0bc01070a0
2024-04-27T02:43:20.829 INFO:teuthology.orchestra.run.smithi138.stdout:/usr/bin/ceph: stderr
2024-04-27T02:43:19.832+0000 7f0bc5c2d700 1 --2- 172.21.15.138:0/192993798 >> [v2:172.21.15.138:6800/4108291300,v1:172.21.15.138:6801/4108291300] conn(0x7f0bac038770 0x7f0bac03ac30 unknown :-1 s=BANNER_CONNECTING pgs=0 cs=0 l=1 rev1=0 crypto rx=0 tx=0 comp rx=0 tx=0)._handle_peer_banner_payload supported=3 required=0
2024-04-27T02:43:20.829 INFO:teuthology.orchestra.run.smithi138.stdout:/usr/bin/ceph: stderr
2024-04-27T02:43:19.833+0000 7f0bc5c2d700 1 --2- 172.21.15.138:0/192993798 >> [v2:172.21.15.138:6800/4108291300,v1:172.21.15.138:6801/4108291300] conn(0x7f0bac038770 0x7f0bac03ac30 secure :-1 s=READY pgs=14 cs=0 l=1 rev1=1 crypto rx=0x7f0bb0006fd0 tx=0x7f0bb0006e40 comp rx=0 tx=0).ready entity=mgr.14120 client_cookie=0 server_cookie=0 in_seq=0 out_seq=0
2024-04-27T02:43:20.829 INFO:teuthology.orchestra.run.smithi138.stdout:/usr/bin/ceph: stderr
2024-04-27T02:43:19.837+0000 7f0bb77fe700 1 -- 172.21.15.138:0/192993798 <== mon.0 v2:172.21.15.138:3300/0 6 ==== mon_command_ack([{"prefix": "get_command_descriptions"}]=0 v0) v1 ==== 72+0+183351 (secure 0 0 0) 0x7f0bbc024b90 con 0x7f0bc01070a0
2024-04-27T02:43:20.830 INFO:teuthology.orchestra.run.smithi138.stdout:/usr/bin/ceph: stderr
2024-04-27T02:43:20.092+0000 7f0bc8692700 1 -- 172.21.15.138:0/192993798 --> [v2:172.21.15.138:6800/4108291300,v1:172.21.15.138:6801/4108291300] -- mgr_command(tid 0: {"prefix": "orch apply", "service_type": "crash", "target": ["mon-mgr", ""]}) v1 -- 0x7f0bc0101d30 con 0x7f0bac038770
2024-04-27T02:43:20.830 INFO:teuthology.orchestra.run.smithi138.stdout:/usr/bin/ceph: stderr
2024-04-27T02:43:20.096+0000 7f0bb77fe700 1 -- 172.21.15.138:0/192993798 <== mgr.14120 v2:172.21.15.138:6800/4108291300 1 ==== mgr_command_reply(tid 0: 0 ) v1 ==== 8+0+26 (secure 0 0 0) 0x7f0bc0101d30 con 0x7f0bac038770
2024-04-27T02:43:20.830 INFO:teuthology.orchestra.run.smithi138.stdout:/usr/bin/ceph: stderr
2024-04-27T02:43:20.098+0000 7f0bc8692700 1 -- 172.21.15.138:0/192993798 >> [v2:172.21.15.138:6800/4108291300,v1:172.21.15.138:6801/4108291300] conn(0x7f0bac038770 msgr2=0x7f0bac03ac30 secure :-1 s=STATE_CONNECTION_ESTABLISHED l=1).mark_down
2024-04-27T02:43:20.830 INFO:teuthology.orchestra.run.smithi138.stdout:/usr/bin/ceph: stderr
2024-04-27T02:43:20.098+0000 7f0bc8692700 1 --2- 172.21.15.138:0/192993798 >> [v2:172.21.15.138:6800/4108291300,v1:172.21.15.138:6801/4108291300] conn(0x7f0bac038770 0x7f0bac03ac30 secure :-1 s=READY pgs=14 cs=0 l=1 rev1=1 crypto rx=0x7f0bb0006fd0 tx=0x7f0bb0006e40 comp rx=0 tx=0).stop
2024-04-27T02:43:20.830 INFO:teuthology.orchestra.run.smithi138.stdout:/usr/bin/ceph: stderr
2024-04-27T02:43:20.098+0000 7f0bc8692700 1 -- 172.21.15.138:0/192993798 >> [v2:172.21.15.138:3300/0,v1:172.21.15.138:6789/0] conn(0x7f0bc01070a0 msgr2=0x7f0bc019a340 secure :-1 s=STATE_CONNECTION_ESTABLISHED l=1).mark_down
2024-04-27T02:43:20.830 INFO:teuthology.orchestra.run.smithi138.stdout:/usr/bin/ceph: stderr
2024-04-27T02:43:20.098+0000 7f0bc8692700 1 --2- 172.21.15.138:0/192993798 >> [v2:172.21.15.138:3300/0,v1:172.21.15.138:6789/0] conn(0x7f0bc01070a0 0x7f0bc019a340 secure :-1 s=READY pgs=52 cs=0 l=1 rev1=1 crypto rx=0x7f0bbc0117b0 tx=0x7f0bbc011890 comp rx=0 tx=0).stop
2024-04-27T02:43:20.830 INFO:teuthology.orchestra.run.smithi138.stdout:/usr/bin/ceph: stderr
2024-04-27T02:43:20.098+0000 7f0bc8692700 1 -- 172.21.15.138:0/192993798 shutdown_connections
2024-04-27T02:43:20.830 INFO:teuthology.orchestra.run.smithi138.stdout:/usr/bin/ceph: stderr
2024-04-27T02:43:20.098+0000 7f0bc8692700 1 --2- 172.21.15.138:0/192993798 >> [v2:172.21.15.138:6800/4108291300,v1:172.21.15.138:6801/4108291300] conn(0x7f0bac038770 0x7f0bac03ac30 unknown :-1 s=CLOSED pgs=14 cs=0 l=1 rev1=1 crypto rx=0 tx=0 comp rx=0 tx=0).stop
2024-04-27T02:43:20.830 INFO:teuthology.orchestra.run.smithi138.stdout:/usr/bin/ceph: stderr
2024-04-27T02:43:20.098+0000 7f0bc8692700 1 --2- 172.21.15.138:0/192993798 >> [v2:172.21.15.138:3300/0,v1:172.21.15.138:6789/0] conn(0x7f0bc01070a0 0x7f0bc019a340 unknown :-1 s=CLOSED pgs=52 cs=0 l=1 rev1=1 crypto rx=0 tx=0 comp rx=0 tx=0).stop
2024-04-27T02:43:20.830 INFO:teuthology.orchestra.run.smithi138.stdout:/usr/bin/ceph: stderr
2024-04-27T02:43:20.098+0000 7f0bc8692700 1 -- 172.21.15.138:0/192993798 >> 172.21.15.138:0/192993798 conn(0x7f0bc0100a50 msgr2=0x7f0bc0101620 unknown :-1 s=STATE_NONE l=0).mark_down
2024-04-27T02:43:20.831 INFO:teuthology.orchestra.run.smithi138.stdout:/usr/bin/ceph: stderr
2024-04-27T02:43:20.099+0000 7f0bc8692700 1 -- 172.21.15.138:0/192993798 shutdown_connections
2024-04-27T02:43:20.831 INFO:teuthology.orchestra.run.smithi138.stdout:/usr/bin/ceph: stderr
2024-04-27T02:43:20.099+0000 7f0bc8692700 1 -- 172.21.15.138:0/192993798 wait complete.
2024-04-27T02:43:20.831 INFO:teuthology.orchestra.run.smithi138.stdout:Deploying ceph-exporter service with default placement...
2024-04-27T02:43:21.555 INFO:journalctl@ceph.mon.smithi138.smithi138.stdout:Apr 27 02:43:21 smithi138 ceph-mon[26637]: from='client.14146 -' entity='client.admin' cmd=[{"prefix": "orch apply", "service_type": "crash", "target": ["mon-mgr", ""]}]: dispatch
2024-04-27T02:43:21.555 INFO:journalctl@ceph.mon.smithi138.smithi138.stdout:Apr 27 02:43:21 smithi138 ceph-mon[26637]: Saving service crash spec with placement *
2024-04-27T02:43:21.555 INFO:journalctl@ceph.mon.smithi138.smithi138.stdout:Apr 27 02:43:21 smithi138 ceph-mon[26637]: from='mgr.14120 172.21.15.138:0/2988107260' entity='mgr.smithi138.hvlzrc'
2024-04-27T02:43:22.426 INFO:teuthology.orchestra.run.smithi138.stdout:/usr/bin/ceph: stdout Scheduled ceph-exporter update...
2024-04-27T02:43:22.426 INFO:teuthology.orchestra.run.smithi138.stdout:/usr/bin/ceph: stderr
2024-04-27T02:43:21.601+0000 7f19e4f7d700 1 Processor -- start
2024-04-27T02:43:22.426 INFO:teuthology.orchestra.run.smithi138.stdout:/usr/bin/ceph: stderr
2024-04-27T02:43:21.601+0000 7f19e4f7d700 1 -- start start
2024-04-27T02:43:22.426 INFO:teuthology.orchestra.run.smithi138.stdout:/usr/bin/ceph: stderr
2024-04-27T02:43:21.602+0000 7f19e4f7d700 1 --2- >> [v2:172.21.15.138:3300/0,v1:172.21.15.138:6789/0] conn(0x7f19e01065d0 0x7f19e01069f0 unknown :-1 s=NONE pgs=0 cs=0 l=0 rev1=0 crypto rx=0 tx=0 comp rx=0 tx=0).connect
2024-04-27T02:43:22.426 INFO:teuthology.orchestra.run.smithi138.stdout:/usr/bin/ceph: stderr
2024-04-27T02:43:21.602+0000 7f19e4f7d700 1 -- --> [v2:172.21.15.138:3300/0,v1:172.21.15.138:6789/0] -- mon_getmap magic: 0 v1 -- 0x7f19e0106fc0 con 0x7f19e01065d0
2024-04-27T02:43:22.426 INFO:teuthology.orchestra.run.smithi138.stdout:/usr/bin/ceph: stderr
2024-04-27T02:43:21.602+0000 7f19de59c700 1 --2- >> [v2:172.21.15.138:3300/0,v1:172.21.15.138:6789/0] conn(0x7f19e01065d0 0x7f19e01069f0 unknown :-1 s=BANNER_CONNECTING pgs=0 cs=0 l=0 rev1=0 crypto rx=0 tx=0 comp rx=0 tx=0)._handle_peer_banner_payload supported=3 required=0
2024-04-27T02:43:22.426 INFO:teuthology.orchestra.run.smithi138.stdout:/usr/bin/ceph: stderr
2024-04-27T02:43:21.602+0000 7f19de59c700 1 --2- >> [v2:172.21.15.138:3300/0,v1:172.21.15.138:6789/0] conn(0x7f19e01065d0 0x7f19e01069f0 unknown :-1 s=HELLO_CONNECTING pgs=0 cs=0 l=0 rev1=1 crypto rx=0 tx=0 comp rx=0 tx=0).handle_hello peer v2:172.21.15.138:3300/0 says I am v2:172.21.15.138:35794/0 (socket says 172.21.15.138:35794)
2024-04-27T02:43:22.426 INFO:teuthology.orchestra.run.smithi138.stdout:/usr/bin/ceph: stderr
2024-04-27T02:43:21.602+0000 7f19de59c700 1 -- 172.21.15.138:0/3666082776 learned_addr learned my addr 172.21.15.138:0/3666082776 (peer_addr_for_me v2:172.21.15.138:0/0)
2024-04-27T02:43:22.426 INFO:teuthology.orchestra.run.smithi138.stdout:/usr/bin/ceph: stderr
2024-04-27T02:43:21.602+0000 7f19de59c700 1 -- 172.21.15.138:0/3666082776 --> [v2:172.21.15.138:3300/0,v1:172.21.15.138:6789/0] -- mon_subscribe({config=0+,monmap=0+}) v3 -- 0x7f19e0107780 con 0x7f19e01065d0
2024-04-27T02:43:22.426 INFO:teuthology.orchestra.run.smithi138.stdout:/usr/bin/ceph: stderr
2024-04-27T02:43:21.602+0000 7f19de59c700 1 --2- 172.21.15.138:0/3666082776 >> [v2:172.21.15.138:3300/0,v1:172.21.15.138:6789/0] conn(0x7f19e01065d0 0x7f19e01069f0 secure :-1 s=READY pgs=53 cs=0 l=1 rev1=1 crypto rx=0x7f19d40098a0 tx=0x7f19d4009bb0 comp rx=0 tx=0).ready entity=mon.0 client_cookie=b4118ed2892bc63e server_cookie=0 in_seq=0 out_seq=0
2024-04-27T02:43:22.426 INFO:teuthology.orchestra.run.smithi138.stdout:/usr/bin/ceph: stderr
2024-04-27T02:43:21.603+0000 7f19dd59a700 1 -- 172.21.15.138:0/3666082776 <== mon.0 v2:172.21.15.138:3300/0 1 ==== mon_map magic: 0 v1 ==== 229+0+0 (secure 0 0 0) 0x7f19d4004180 con 0x7f19e01065d0
2024-04-27T02:43:22.427 INFO:teuthology.orchestra.run.smithi138.stdout:/usr/bin/ceph: stderr
2024-04-27T02:43:21.603+0000 7f19dd59a700 1 -- 172.21.15.138:0/3666082776 <== mon.0 v2:172.21.15.138:3300/0 2 ==== config(27 keys) v1 ==== 1109+0+0 (secure 0 0 0) 0x7f19d40042e0 con 0x7f19e01065d0
2024-04-27T02:43:22.427 INFO:teuthology.orchestra.run.smithi138.stdout:/usr/bin/ceph: stderr
2024-04-27T02:43:21.603+0000 7f19dd59a700 1 -- 172.21.15.138:0/3666082776 <== mon.0 v2:172.21.15.138:3300/0 3 ==== mon_map magic: 0 v1 ==== 229+0+0 (secure 0 0 0) 0x7f19d4011b10 con 0x7f19e01065d0
2024-04-27T02:43:22.427 INFO:teuthology.orchestra.run.smithi138.stdout:/usr/bin/ceph: stderr
2024-04-27T02:43:21.603+0000 7f19e4f7d700 1 -- 172.21.15.138:0/3666082776 >> [v2:172.21.15.138:3300/0,v1:172.21.15.138:6789/0] conn(0x7f19e01065d0 msgr2=0x7f19e01069f0 secure :-1 s=STATE_CONNECTION_ESTABLISHED l=1).mark_down
2024-04-27T02:43:22.427 INFO:teuthology.orchestra.run.smithi138.stdout:/usr/bin/ceph: stderr
2024-04-27T02:43:21.603+0000 7f19e4f7d700 1 --2- 172.21.15.138:0/3666082776 >> [v2:172.21.15.138:3300/0,v1:172.21.15.138:6789/0] conn(0x7f19e01065d0 0x7f19e01069f0 secure :-1 s=READY pgs=53 cs=0 l=1 rev1=1 crypto rx=0x7f19d40098a0 tx=0x7f19d4009bb0 comp rx=0 tx=0).stop
2024-04-27T02:43:22.427 INFO:teuthology.orchestra.run.smithi138.stdout:/usr/bin/ceph: stderr
2024-04-27T02:43:21.603+0000 7f19e4f7d700 1 -- 172.21.15.138:0/3666082776 shutdown_connections
2024-04-27T02:43:22.427 INFO:teuthology.orchestra.run.smithi138.stdout:/usr/bin/ceph: stderr
2024-04-27T02:43:21.603+0000 7f19e4f7d700 1 --2- 172.21.15.138:0/3666082776 >> [v2:172.21.15.138:3300/0,v1:172.21.15.138:6789/0] conn(0x7f19e01065d0 0x7f19e01069f0 unknown :-1 s=CLOSED pgs=53 cs=0 l=1 rev1=1 crypto rx=0 tx=0 comp rx=0 tx=0).stop
2024-04-27T02:43:22.427 INFO:teuthology.orchestra.run.smithi138.stdout:/usr/bin/ceph: stderr
2024-04-27T02:43:21.603+0000 7f19e4f7d700 1 -- 172.21.15.138:0/3666082776 >> 172.21.15.138:0/3666082776 conn(0x7f19e0101b50 msgr2=0x7f19e0103fb0 unknown :-1 s=STATE_NONE l=0).mark_down
2024-04-27T02:43:22.427 INFO:teuthology.orchestra.run.smithi138.stdout:/usr/bin/ceph: stderr
2024-04-27T02:43:21.603+0000 7f19e4f7d700 1 -- 172.21.15.138:0/3666082776 shutdown_connections
2024-04-27T02:43:22.427 INFO:teuthology.orchestra.run.smithi138.stdout:/usr/bin/ceph: stderr
2024-04-27T02:43:21.603+0000 7f19e4f7d700 1 -- 172.21.15.138:0/3666082776 wait complete.
2024-04-27T02:43:22.427 INFO:teuthology.orchestra.run.smithi138.stdout:/usr/bin/ceph: stderr
2024-04-27T02:43:21.604+0000 7f19e4f7d700 1 Processor -- start
2024-04-27T02:43:22.427 INFO:teuthology.orchestra.run.smithi138.stdout:/usr/bin/ceph: stderr
2024-04-27T02:43:21.604+0000 7f19e4f7d700 1 -- start start
2024-04-27T02:43:22.427 INFO:teuthology.orchestra.run.smithi138.stdout:/usr/bin/ceph: stderr
2024-04-27T02:43:21.604+0000 7f19e4f7d700 1 --2- >> [v2:172.21.15.138:3300/0,v1:172.21.15.138:6789/0] conn(0x7f19e01065d0 0x7f19e019a350 unknown :-1 s=NONE pgs=0 cs=0 l=1 rev1=0 crypto rx=0 tx=0 comp rx=0 tx=0).connect
2024-04-27T02:43:22.427 INFO:teuthology.orchestra.run.smithi138.stdout:/usr/bin/ceph: stderr
2024-04-27T02:43:21.604+0000 7f19e4f7d700 1 -- --> [v2:172.21.15.138:3300/0,v1:172.21.15.138:6789/0] -- mon_getmap magic: 0 v1 -- 0x7f19e019a890 con 0x7f19e01065d0
2024-04-27T02:43:22.428 INFO:teuthology.orchestra.run.smithi138.stdout:/usr/bin/ceph: stderr
2024-04-27T02:43:21.604+0000 7f19de59c700 1 --2- >> [v2:172.21.15.138:3300/0,v1:172.21.15.138:6789/0] conn(0x7f19e01065d0 0x7f19e019a350 unknown :-1 s=BANNER_CONNECTING pgs=0 cs=0 l=1 rev1=0 crypto rx=0 tx=0 comp rx=0 tx=0)._handle_peer_banner_payload supported=3 required=0
2024-04-27T02:43:22.428 INFO:teuthology.orchestra.run.smithi138.stdout:/usr/bin/ceph: stderr
2024-04-27T02:43:21.604+0000 7f19de59c700 1 --2- >> [v2:172.21.15.138:3300/0,v1:172.21.15.138:6789/0] conn(0x7f19e01065d0 0x7f19e019a350 unknown :-1 s=HELLO_CONNECTING pgs=0 cs=0 l=1 rev1=1 crypto rx=0 tx=0 comp rx=0 tx=0).handle_hello peer v2:172.21.15.138:3300/0 says I am v2:172.21.15.138:35800/0 (socket says 172.21.15.138:35800)
2024-04-27T02:43:22.428 INFO:teuthology.orchestra.run.smithi138.stdout:/usr/bin/ceph: stderr
2024-04-27T02:43:21.604+0000 7f19de59c700 1 -- 172.21.15.138:0/1508280488 learned_addr learned my addr 172.21.15.138:0/1508280488 (peer_addr_for_me v2:172.21.15.138:0/0)
2024-04-27T02:43:22.428 INFO:teuthology.orchestra.run.smithi138.stdout:/usr/bin/ceph: stderr
2024-04-27T02:43:21.605+0000 7f19de59c700 1 -- 172.21.15.138:0/1508280488 --> [v2:172.21.15.138:3300/0,v1:172.21.15.138:6789/0] -- mon_subscribe({config=0+,monmap=0+}) v3 -- 0x7f19d4009550 con 0x7f19e01065d0
2024-04-27T02:43:22.428 INFO:teuthology.orchestra.run.smithi138.stdout:/usr/bin/ceph: stderr
2024-04-27T02:43:21.605+0000 7f19de59c700 1 --2- 172.21.15.138:0/1508280488 >> [v2:172.21.15.138:3300/0,v1:172.21.15.138:6789/0] conn(0x7f19e01065d0 0x7f19e019a350 secure :-1 s=READY pgs=54 cs=0 l=1 rev1=1 crypto rx=0x7f19d40117b0 tx=0x7f19d4011890 comp rx=0 tx=0).ready entity=mon.0 client_cookie=0 server_cookie=0 in_seq=0 out_seq=0
2024-04-27T02:43:22.428 INFO:teuthology.orchestra.run.smithi138.stdout:/usr/bin/ceph: stderr
2024-04-27T02:43:21.605+0000 7f19cf7fe700 1 -- 172.21.15.138:0/1508280488 <== mon.0 v2:172.21.15.138:3300/0 1 ==== mon_map magic: 0 v1 ==== 229+0+0 (secure 0 0 0) 0x7f19d40038b0 con 0x7f19e01065d0
2024-04-27T02:43:22.428 INFO:teuthology.orchestra.run.smithi138.stdout:/usr/bin/ceph: stderr
2024-04-27T02:43:21.605+0000 7f19cf7fe700 1 -- 172.21.15.138:0/1508280488 <== mon.0 v2:172.21.15.138:3300/0 2 ==== config(27 keys) v1 ==== 1109+0+0 (secure 0 0 0) 0x7f19d4003a10 con 0x7f19e01065d0
2024-04-27T02:43:22.428 INFO:teuthology.orchestra.run.smithi138.stdout:/usr/bin/ceph: stderr
2024-04-27T02:43:21.605+0000 7f19e4f7d700 1 -- 172.21.15.138:0/1508280488 --> [v2:172.21.15.138:3300/0,v1:172.21.15.138:6789/0] -- mon_subscribe({mgrmap=0+}) v3 -- 0x7f19e019aa90 con 0x7f19e01065d0
2024-04-27T02:43:22.428 INFO:teuthology.orchestra.run.smithi138.stdout:/usr/bin/ceph: stderr
2024-04-27T02:43:21.605+0000 7f19cf7fe700 1 -- 172.21.15.138:0/1508280488 <== mon.0 v2:172.21.15.138:3300/0 3 ==== mon_map magic: 0 v1 ==== 229+0+0 (secure 0 0 0) 0x7f19d40246e0 con 0x7f19e01065d0
2024-04-27T02:43:22.428 INFO:teuthology.orchestra.run.smithi138.stdout:/usr/bin/ceph: stderr
2024-04-27T02:43:21.605+0000 7f19e4f7d700 1 -- 172.21.15.138:0/1508280488 --> [v2:172.21.15.138:3300/0,v1:172.21.15.138:6789/0] -- mon_subscribe({osdmap=0}) v3 -- 0x7f19e019af30 con 0x7f19e01065d0
2024-04-27T02:43:22.428 INFO:teuthology.orchestra.run.smithi138.stdout:/usr/bin/ceph: stderr
2024-04-27T02:43:21.606+0000 7f19cf7fe700 1 -- 172.21.15.138:0/1508280488 <== mon.0 v2:172.21.15.138:3300/0 4 ==== mgrmap(e 8) v1 ==== 45556+0+0 (secure 0 0 0) 0x7f19d402d3f0 con 0x7f19e01065d0
2024-04-27T02:43:22.428 INFO:teuthology.orchestra.run.smithi138.stdout:/usr/bin/ceph: stderr
2024-04-27T02:43:21.606+0000 7f19cf7fe700 1 --2- 172.21.15.138:0/1508280488 >> [v2:172.21.15.138:6800/4108291300,v1:172.21.15.138:6801/4108291300] conn(0x7f19c8038770 0x7f19c803ac30 unknown :-1 s=NONE pgs=0 cs=0 l=1 rev1=0 crypto rx=0 tx=0 comp rx=0 tx=0).connect
2024-04-27T02:43:22.428 INFO:teuthology.orchestra.run.smithi138.stdout:/usr/bin/ceph: stderr
2024-04-27T02:43:21.606+0000 7f19e4f7d700 1 -- 172.21.15.138:0/1508280488 --> [v2:172.21.15.138:3300/0,v1:172.21.15.138:6789/0] -- mon_command({"prefix": "get_command_descriptions"} v 0) v1 -- 0x7f19e010a9b0 con 0x7f19e01065d0
2024-04-27T02:43:22.428 INFO:teuthology.orchestra.run.smithi138.stdout:/usr/bin/ceph: stderr
2024-04-27T02:43:21.606+0000 7f19ddd9b700 1 --2- 172.21.15.138:0/1508280488 >> [v2:172.21.15.138:6800/4108291300,v1:172.21.15.138:6801/4108291300] conn(0x7f19c8038770 0x7f19c803ac30 unknown :-1 s=BANNER_CONNECTING pgs=0 cs=0 l=1 rev1=0 crypto rx=0 tx=0 comp rx=0 tx=0)._handle_peer_banner_payload supported=3 required=0
2024-04-27T02:43:22.429 INFO:teuthology.orchestra.run.smithi138.stdout:/usr/bin/ceph: stderr
2024-04-27T02:43:21.606+0000 7f19cf7fe700 1 -- 172.21.15.138:0/1508280488 <== mon.0 v2:172.21.15.138:3300/0 5 ==== osd_map(2..2 src has 1..2) v4 ==== 940+0+0 (secure 0 0 0) 0x7f19d404c7f0 con 0x7f19e01065d0
2024-04-27T02:43:22.429 INFO:teuthology.orchestra.run.smithi138.stdout:/usr/bin/ceph: stderr
2024-04-27T02:43:21.607+0000 7f19ddd9b700 1 --2- 172.21.15.138:0/1508280488 >> [v2:172.21.15.138:6800/4108291300,v1:172.21.15.138:6801/4108291300] conn(0x7f19c8038770 0x7f19c803ac30 secure :-1 s=READY pgs=15 cs=0 l=1 rev1=1 crypto rx=0x7f19d0006fd0 tx=0x7f19d0006e40 comp rx=0 tx=0).ready entity=mgr.14120 client_cookie=0 server_cookie=0 in_seq=0 out_seq=0
2024-04-27T02:43:22.429 INFO:teuthology.orchestra.run.smithi138.stdout:/usr/bin/ceph: stderr
2024-04-27T02:43:21.611+0000 7f19cf7fe700 1 -- 172.21.15.138:0/1508280488 <== mon.0 v2:172.21.15.138:3300/0 6 ==== mon_command_ack([{"prefix": "get_command_descriptions"}]=0 v0) v1 ==== 72+0+183351 (secure 0 0 0) 0x7f19d40109d0 con 0x7f19e01065d0
2024-04-27T02:43:22.429 INFO:teuthology.orchestra.run.smithi138.stdout:/usr/bin/ceph: stderr
2024-04-27T02:43:21.847+0000 7f19e4f7d700 1 -- 172.21.15.138:0/1508280488 --> [v2:172.21.15.138:6800/4108291300,v1:172.21.15.138:6801/4108291300] -- mgr_command(tid 0: {"prefix": "orch apply", "service_type": "ceph-exporter", "target": ["mon-mgr", ""]}) v1 -- 0x7f19e0102e40 con 0x7f19c8038770
2024-04-27T02:43:22.429 INFO:teuthology.orchestra.run.smithi138.stdout:/usr/bin/ceph: stderr
2024-04-27T02:43:21.853+0000 7f19cf7fe700 1 -- 172.21.15.138:0/1508280488 <== mgr.14120 v2:172.21.15.138:6800/4108291300 1 ==== mgr_command_reply(tid 0: 0 ) v1 ==== 8+0+34 (secure 0 0 0) 0x7f19e0102e40 con 0x7f19c8038770
2024-04-27T02:43:22.429 INFO:teuthology.orchestra.run.smithi138.stdout:/usr/bin/ceph: stderr
2024-04-27T02:43:21.855+0000 7f19e4f7d700 1 -- 172.21.15.138:0/1508280488 >> [v2:172.21.15.138:6800/4108291300,v1:172.21.15.138:6801/4108291300] conn(0x7f19c8038770 msgr2=0x7f19c803ac30 secure :-1 s=STATE_CONNECTION_ESTABLISHED l=1).mark_down
2024-04-27T02:43:22.429 INFO:teuthology.orchestra.run.smithi138.stdout:/usr/bin/ceph: stderr
2024-04-27T02:43:21.855+0000 7f19e4f7d700 1 --2- 172.21.15.138:0/1508280488 >> [v2:172.21.15.138:6800/4108291300,v1:172.21.15.138:6801/4108291300] conn(0x7f19c8038770 0x7f19c803ac30 secure :-1 s=READY pgs=15 cs=0 l=1 rev1=1 crypto rx=0x7f19d0006fd0 tx=0x7f19d0006e40 comp rx=0 tx=0).stop
2024-04-27T02:43:22.429 INFO:teuthology.orchestra.run.smithi138.stdout:/usr/bin/ceph: stderr
2024-04-27T02:43:21.855+0000 7f19e4f7d700 1 -- 172.21.15.138:0/1508280488 >> [v2:172.21.15.138:3300/0,v1:172.21.15.138:6789/0] conn(0x7f19e01065d0 msgr2=0x7f19e019a350 secure :-1 s=STATE_CONNECTION_ESTABLISHED l=1).mark_down
2024-04-27T02:43:22.429 INFO:teuthology.orchestra.run.smithi138.stdout:/usr/bin/ceph: stderr
2024-04-27T02:43:21.855+0000 7f19e4f7d700 1 --2- 172.21.15.138:0/1508280488 >> [v2:172.21.15.138:3300/0,v1:172.21.15.138:6789/0] conn(0x7f19e01065d0 0x7f19e019a350 secure :-1 s=READY pgs=54 cs=0 l=1 rev1=1 crypto rx=0x7f19d40117b0 tx=0x7f19d4011890 comp rx=0 tx=0).stop
2024-04-27T02:43:22.429 INFO:teuthology.orchestra.run.smithi138.stdout:/usr/bin/ceph: stderr
2024-04-27T02:43:21.855+0000 7f19e4f7d700 1 -- 172.21.15.138:0/1508280488 shutdown_connections
2024-04-27T02:43:22.429 INFO:teuthology.orchestra.run.smithi138.stdout:/usr/bin/ceph: stderr
2024-04-27T02:43:21.855+0000 7f19e4f7d700 1 --2- 172.21.15.138:0/1508280488 >> [v2:172.21.15.138:6800/4108291300,v1:172.21.15.138:6801/4108291300] conn(0x7f19c8038770 0x7f19c803ac30 unknown :-1 s=CLOSED pgs=15 cs=0 l=1 rev1=1 crypto rx=0 tx=0 comp rx=0 tx=0).stop
2024-04-27T02:43:22.429 INFO:teuthology.orchestra.run.smithi138.stdout:/usr/bin/ceph: stderr
2024-04-27T02:43:21.855+0000 7f19e4f7d700 1 --2- 172.21.15.138:0/1508280488 >> [v2:172.21.15.138:3300/0,v1:172.21.15.138:6789/0] conn(0x7f19e01065d0 0x7f19e019a350 unknown :-1 s=CLOSED pgs=54 cs=0 l=1 rev1=1 crypto rx=0 tx=0 comp rx=0 tx=0).stop
2024-04-27T02:43:22.429 INFO:teuthology.orchestra.run.smithi138.stdout:/usr/bin/ceph: stderr
2024-04-27T02:43:21.855+0000 7f19e4f7d700 1 -- 172.21.15.138:0/1508280488 >> 172.21.15.138:0/1508280488 conn(0x7f19e0101b50 msgr2=0x7f19e0102730 unknown :-1 s=STATE_NONE l=0).mark_down
2024-04-27T02:43:22.429 INFO:teuthology.orchestra.run.smithi138.stdout:/usr/bin/ceph: stderr
2024-04-27T02:43:21.855+0000 7f19e4f7d700 1 -- 172.21.15.138:0/1508280488 shutdown_connections
2024-04-27T02:43:22.429 INFO:teuthology.orchestra.run.smithi138.stdout:/usr/bin/ceph: stderr
2024-04-27T02:43:21.855+0000 7f19e4f7d700 1 -- 172.21.15.138:0/1508280488 wait complete.
2024-04-27T02:43:22.430 INFO:teuthology.orchestra.run.smithi138.stdout:Deploying prometheus service with default placement...
2024-04-27T02:43:23.090 INFO:journalctl@ceph.mon.smithi138.smithi138.stdout:Apr 27 02:43:22 smithi138 ceph-mon[26637]: from='client.14148 -' entity='client.admin' cmd=[{"prefix": "orch apply", "service_type": "ceph-exporter", "target": ["mon-mgr", ""]}]: dispatch
2024-04-27T02:43:23.090 INFO:journalctl@ceph.mon.smithi138.smithi138.stdout:Apr 27 02:43:22 smithi138 ceph-mon[26637]: Saving service ceph-exporter spec with placement *
2024-04-27T02:43:23.090 INFO:journalctl@ceph.mon.smithi138.smithi138.stdout:Apr 27 02:43:22 smithi138 ceph-mon[26637]: from='mgr.14120 172.21.15.138:0/2988107260' entity='mgr.smithi138.hvlzrc'
2024-04-27T02:43:23.090 INFO:journalctl@ceph.mon.smithi138.smithi138.stdout:Apr 27 02:43:22 smithi138 ceph-mon[26637]: from='mgr.14120 172.21.15.138:0/2988107260' entity='mgr.smithi138.hvlzrc'
2024-04-27T02:43:24.158 INFO:teuthology.orchestra.run.smithi138.stdout:/usr/bin/ceph: stdout Scheduled prometheus update...
2024-04-27T02:43:24.158 INFO:teuthology.orchestra.run.smithi138.stdout:/usr/bin/ceph: stderr
2024-04-27T02:43:22.889+0000 7f5ddba9f700 1 Processor -- start
2024-04-27T02:43:24.158 INFO:teuthology.orchestra.run.smithi138.stdout:/usr/bin/ceph: stderr
2024-04-27T02:43:22.889+0000 7f5ddba9f700 1 -- start start
2024-04-27T02:43:24.158 INFO:teuthology.orchestra.run.smithi138.stdout:/usr/bin/ceph: stderr
2024-04-27T02:43:22.889+0000 7f5ddba9f700 1 --2- >> [v2:172.21.15.138:3300/0,v1:172.21.15.138:6789/0] conn(0x7f5dd41070a0 0x7f5dd4109490 unknown :-1 s=NONE pgs=0 cs=0 l=0 rev1=0 crypto rx=0 tx=0 comp rx=0 tx=0).connect
2024-04-27T02:43:24.158 INFO:teuthology.orchestra.run.smithi138.stdout:/usr/bin/ceph: stderr
2024-04-27T02:43:22.889+0000 7f5ddba9f700 1 -- --> [v2:172.21.15.138:3300/0,v1:172.21.15.138:6789/0] -- mon_getmap magic: 0 v1 -- 0x7f5dd4074730 con 0x7f5dd41070a0
2024-04-27T02:43:24.158 INFO:teuthology.orchestra.run.smithi138.stdout:/usr/bin/ceph: stderr
2024-04-27T02:43:22.890+0000 7f5dd983b700 1 --2- >> [v2:172.21.15.138:3300/0,v1:172.21.15.138:6789/0] conn(0x7f5dd41070a0 0x7f5dd4109490 unknown :-1 s=BANNER_CONNECTING pgs=0 cs=0 l=0 rev1=0 crypto rx=0 tx=0 comp rx=0 tx=0)._handle_peer_banner_payload supported=3 required=0
2024-04-27T02:43:24.158 INFO:teuthology.orchestra.run.smithi138.stdout:/usr/bin/ceph: stderr
2024-04-27T02:43:22.890+0000 7f5dd983b700 1 --2- >> [v2:172.21.15.138:3300/0,v1:172.21.15.138:6789/0] conn(0x7f5dd41070a0 0x7f5dd4109490 unknown :-1 s=HELLO_CONNECTING pgs=0 cs=0 l=0 rev1=1 crypto rx=0 tx=0 comp rx=0 tx=0).handle_hello peer v2:172.21.15.138:3300/0 says I am v2:172.21.15.138:35808/0 (socket says 172.21.15.138:35808)
2024-04-27T02:43:24.158 INFO:teuthology.orchestra.run.smithi138.stdout:/usr/bin/ceph: stderr
2024-04-27T02:43:22.890+0000 7f5dd983b700 1 -- 172.21.15.138:0/2732221220 learned_addr learned my addr 172.21.15.138:0/2732221220 (peer_addr_for_me v2:172.21.15.138:0/0)
2024-04-27T02:43:24.158 INFO:teuthology.orchestra.run.smithi138.stdout:/usr/bin/ceph: stderr
2024-04-27T02:43:22.890+0000 7f5dd983b700 1 -- 172.21.15.138:0/2732221220 --> [v2:172.21.15.138:3300/0,v1:172.21.15.138:6789/0] -- mon_subscribe({config=0+,monmap=0+}) v3 -- 0x7f5dd41099d0 con 0x7f5dd41070a0
2024-04-27T02:43:24.158 INFO:teuthology.orchestra.run.smithi138.stdout:/usr/bin/ceph: stderr
2024-04-27T02:43:22.890+0000 7f5dd983b700 1 --2- 172.21.15.138:0/2732221220 >> [v2:172.21.15.138:3300/0,v1:172.21.15.138:6789/0] conn(0x7f5dd41070a0 0x7f5dd4109490 secure :-1 s=READY pgs=55 cs=0 l=1 rev1=1 crypto rx=0x7f5dd0009e80 tx=0x7f5dd000b330 comp rx=0 tx=0).ready entity=mon.0 client_cookie=91038209369091e4 server_cookie=0 in_seq=0 out_seq=0
2024-04-27T02:43:24.158 INFO:teuthology.orchestra.run.smithi138.stdout:/usr/bin/ceph: stderr
2024-04-27T02:43:22.890+0000 7f5dd8839700 1 -- 172.21.15.138:0/2732221220 <== mon.0 v2:172.21.15.138:3300/0 1 ==== mon_map magic: 0 v1 ==== 229+0+0 (secure 0 0 0) 0x7f5dd000e070 con 0x7f5dd41070a0
2024-04-27T02:43:24.159 INFO:teuthology.orchestra.run.smithi138.stdout:/usr/bin/ceph: stderr
2024-04-27T02:43:22.890+0000 7f5dd8839700 1 -- 172.21.15.138:0/2732221220 <== mon.0 v2:172.21.15.138:3300/0 2 ==== config(27 keys) v1 ==== 1109+0+0 (secure 0 0 0) 0x7f5dd000b8c0 con 0x7f5dd41070a0
2024-04-27T02:43:24.159 INFO:teuthology.orchestra.run.smithi138.stdout:/usr/bin/ceph: stderr
2024-04-27T02:43:22.890+0000 7f5dd8839700 1 -- 172.21.15.138:0/2732221220 <== mon.0 v2:172.21.15.138:3300/0 3 ==== mon_map magic: 0 v1 ==== 229+0+0 (secure 0 0 0) 0x7f5dd00044d0 con 0x7f5dd41070a0
2024-04-27T02:43:24.159 INFO:teuthology.orchestra.run.smithi138.stdout:/usr/bin/ceph: stderr
2024-04-27T02:43:22.891+0000 7f5ddba9f700 1 -- 172.21.15.138:0/2732221220 >> [v2:172.21.15.138:3300/0,v1:172.21.15.138:6789/0] conn(0x7f5dd41070a0 msgr2=0x7f5dd4109490 secure :-1 s=STATE_CONNECTION_ESTABLISHED l=1).mark_down
2024-04-27T02:43:24.159 INFO:teuthology.orchestra.run.smithi138.stdout:/usr/bin/ceph: stderr
2024-04-27T02:43:22.891+0000 7f5ddba9f700 1 --2- 172.21.15.138:0/2732221220 >> [v2:172.21.15.138:3300/0,v1:172.21.15.138:6789/0] conn(0x7f5dd41070a0 0x7f5dd4109490 secure :-1 s=READY pgs=55 cs=0 l=1 rev1=1 crypto rx=0x7f5dd0009e80 tx=0x7f5dd000b330 comp rx=0 tx=0).stop
2024-04-27T02:43:24.159 INFO:teuthology.orchestra.run.smithi138.stdout:/usr/bin/ceph: stderr
2024-04-27T02:43:22.891+0000 7f5ddba9f700 1 -- 172.21.15.138:0/2732221220 shutdown_connections
2024-04-27T02:43:24.159 INFO:teuthology.orchestra.run.smithi138.stdout:/usr/bin/ceph: stderr
2024-04-27T02:43:22.891+0000 7f5ddba9f700 1 --2- 172.21.15.138:0/2732221220 >> [v2:172.21.15.138:3300/0,v1:172.21.15.138:6789/0] conn(0x7f5dd41070a0 0x7f5dd4109490 unknown :-1 s=CLOSED pgs=55 cs=0 l=1 rev1=1 crypto rx=0 tx=0 comp rx=0 tx=0).stop
2024-04-27T02:43:24.159 INFO:teuthology.orchestra.run.smithi138.stdout:/usr/bin/ceph: stderr
2024-04-27T02:43:22.891+0000 7f5ddba9f700 1 -- 172.21.15.138:0/2732221220 >> 172.21.15.138:0/2732221220 conn(0x7f5dd4100a50 msgr2=0x7f5dd4102e90 unknown :-1 s=STATE_NONE l=0).mark_down
2024-04-27T02:43:24.159 INFO:teuthology.orchestra.run.smithi138.stdout:/usr/bin/ceph: stderr
2024-04-27T02:43:22.891+0000 7f5ddba9f700 1 -- 172.21.15.138:0/2732221220 shutdown_connections
2024-04-27T02:43:24.159 INFO:teuthology.orchestra.run.smithi138.stdout:/usr/bin/ceph: stderr
2024-04-27T02:43:22.891+0000 7f5ddba9f700 1 -- 172.21.15.138:0/2732221220 wait complete.
2024-04-27T02:43:24.159 INFO:teuthology.orchestra.run.smithi138.stdout:/usr/bin/ceph: stderr
2024-04-27T02:43:22.891+0000 7f5ddba9f700 1 Processor -- start
2024-04-27T02:43:24.159 INFO:teuthology.orchestra.run.smithi138.stdout:/usr/bin/ceph: stderr
2024-04-27T02:43:22.891+0000 7f5ddba9f700 1 -- start start
2024-04-27T02:43:24.159 INFO:teuthology.orchestra.run.smithi138.stdout:/usr/bin/ceph: stderr
2024-04-27T02:43:22.891+0000 7f5ddba9f700 1 --2- >> [v2:172.21.15.138:3300/0,v1:172.21.15.138:6789/0] conn(0x7f5dd41070a0 0x7f5dd41068d0 unknown :-1 s=NONE pgs=0 cs=0 l=1 rev1=0 crypto rx=0 tx=0 comp rx=0 tx=0).connect
2024-04-27T02:43:24.159 INFO:teuthology.orchestra.run.smithi138.stdout:/usr/bin/ceph: stderr
2024-04-27T02:43:22.891+0000 7f5ddba9f700 1 -- --> [v2:172.21.15.138:3300/0,v1:172.21.15.138:6789/0] -- mon_getmap magic: 0 v1 -- 0x7f5dd4106e10 con 0x7f5dd41070a0
2024-04-27T02:43:24.159 INFO:teuthology.orchestra.run.smithi138.stdout:/usr/bin/ceph: stderr
2024-04-27T02:43:22.892+0000 7f5dd983b700 1 --2- >> [v2:172.21.15.138:3300/0,v1:172.21.15.138:6789/0] conn(0x7f5dd41070a0 0x7f5dd41068d0 unknown :-1 s=BANNER_CONNECTING pgs=0 cs=0 l=1 rev1=0 crypto rx=0 tx=0 comp rx=0 tx=0)._handle_peer_banner_payload supported=3 required=0
2024-04-27T02:43:24.160 INFO:teuthology.orchestra.run.smithi138.stdout:/usr/bin/ceph: stderr
2024-04-27T02:43:22.892+0000 7f5dd983b700 1 --2- >> [v2:172.21.15.138:3300/0,v1:172.21.15.138:6789/0] conn(0x7f5dd41070a0 0x7f5dd41068d0 unknown :-1 s=HELLO_CONNECTING pgs=0 cs=0 l=1 rev1=1 crypto rx=0 tx=0 comp rx=0 tx=0).handle_hello peer v2:172.21.15.138:3300/0 says I am v2:172.21.15.138:35820/0 (socket says 172.21.15.138:35820)
2024-04-27T02:43:24.160 INFO:teuthology.orchestra.run.smithi138.stdout:/usr/bin/ceph: stderr
2024-04-27T02:43:22.892+0000 7f5dd983b700 1 -- 172.21.15.138:0/1578392149 learned_addr learned my addr 172.21.15.138:0/1578392149 (peer_addr_for_me v2:172.21.15.138:0/0)
2024-04-27T02:43:24.160 INFO:teuthology.orchestra.run.smithi138.stdout:/usr/bin/ceph: stderr
2024-04-27T02:43:22.892+0000 7f5dd983b700 1 -- 172.21.15.138:0/1578392149 --> [v2:172.21.15.138:3300/0,v1:172.21.15.138:6789/0] -- mon_subscribe({config=0+,monmap=0+}) v3 -- 0x7f5dd0009b30 con 0x7f5dd41070a0
2024-04-27T02:43:24.160 INFO:teuthology.orchestra.run.smithi138.stdout:/usr/bin/ceph: stderr
2024-04-27T02:43:22.892+0000 7f5dd983b700 1 --2- 172.21.15.138:0/1578392149 >> [v2:172.21.15.138:3300/0,v1:172.21.15.138:6789/0] conn(0x7f5dd41070a0 0x7f5dd41068d0 secure :-1 s=READY pgs=56 cs=0 l=1 rev1=1 crypto rx=0x7f5dd00072a0 tx=0x7f5dd000bf70 comp rx=0 tx=0).ready entity=mon.0 client_cookie=0 server_cookie=0 in_seq=0 out_seq=0
2024-04-27T02:43:24.160 INFO:teuthology.orchestra.run.smithi138.stdout:/usr/bin/ceph: stderr
