2024-04-27T02:43:22.892+0000 7f5dcaffd700 1 -- 172.21.15.138:0/1578392149 <== mon.0 v2:172.21.15.138:3300/0 1 ==== mon_map magic: 0 v1 ==== 229+0+0 (secure 0 0 0) 0x7f5dd000e040 con 0x7f5dd41070a0
2024-04-27T02:43:24.160 INFO:teuthology.orchestra.run.smithi138.stdout:/usr/bin/ceph: stderr
2024-04-27T02:43:22.892+0000 7f5dcaffd700 1 -- 172.21.15.138:0/1578392149 <== mon.0 v2:172.21.15.138:3300/0 2 ==== config(27 keys) v1 ==== 1109+0+0 (secure 0 0 0) 0x7f5dd0003dc0 con 0x7f5dd41070a0
2024-04-27T02:43:24.160 INFO:teuthology.orchestra.run.smithi138.stdout:/usr/bin/ceph: stderr
2024-04-27T02:43:22.892+0000 7f5ddba9f700 1 -- 172.21.15.138:0/1578392149 --> [v2:172.21.15.138:3300/0,v1:172.21.15.138:6789/0] -- mon_subscribe({mgrmap=0+}) v3 -- 0x7f5dd4105050 con 0x7f5dd41070a0
2024-04-27T02:43:24.160 INFO:teuthology.orchestra.run.smithi138.stdout:/usr/bin/ceph: stderr
2024-04-27T02:43:22.892+0000 7f5dcaffd700 1 -- 172.21.15.138:0/1578392149 <== mon.0 v2:172.21.15.138:3300/0 3 ==== mon_map magic: 0 v1 ==== 229+0+0 (secure 0 0 0) 0x7f5dd0012620 con 0x7f5dd41070a0
2024-04-27T02:43:24.160 INFO:teuthology.orchestra.run.smithi138.stdout:/usr/bin/ceph: stderr
2024-04-27T02:43:22.892+0000 7f5ddba9f700 1 -- 172.21.15.138:0/1578392149 --> [v2:172.21.15.138:3300/0,v1:172.21.15.138:6789/0] -- mon_subscribe({osdmap=0}) v3 -- 0x7f5dd4105550 con 0x7f5dd41070a0
2024-04-27T02:43:24.160 INFO:teuthology.orchestra.run.smithi138.stdout:/usr/bin/ceph: stderr
2024-04-27T02:43:22.893+0000 7f5dcaffd700 1 -- 172.21.15.138:0/1578392149 <== mon.0 v2:172.21.15.138:3300/0 4 ==== mgrmap(e 8) v1 ==== 45556+0+0 (secure 0 0 0) 0x7f5dd0019040 con 0x7f5dd41070a0
2024-04-27T02:43:24.160 INFO:teuthology.orchestra.run.smithi138.stdout:/usr/bin/ceph: stderr
2024-04-27T02:43:22.893+0000 7f5ddba9f700 1 -- 172.21.15.138:0/1578392149 --> [v2:172.21.15.138:3300/0,v1:172.21.15.138:6789/0] -- mon_command({"prefix": "get_command_descriptions"} v 0) v1 -- 0x7f5dd410a710 con 0x7f5dd41070a0
2024-04-27T02:43:24.160 INFO:teuthology.orchestra.run.smithi138.stdout:/usr/bin/ceph: stderr
2024-04-27T02:43:22.893+0000 7f5dcaffd700 1 --2- 172.21.15.138:0/1578392149 >> [v2:172.21.15.138:6800/4108291300,v1:172.21.15.138:6801/4108291300] conn(0x7f5dc00386c0 0x7f5dc003ab80 unknown :-1 s=NONE pgs=0 cs=0 l=1 rev1=0 crypto rx=0 tx=0 comp rx=0 tx=0).connect
2024-04-27T02:43:24.160 INFO:teuthology.orchestra.run.smithi138.stdout:/usr/bin/ceph: stderr
2024-04-27T02:43:22.893+0000 7f5dcaffd700 1 -- 172.21.15.138:0/1578392149 <== mon.0 v2:172.21.15.138:3300/0 5 ==== osd_map(2..2 src has 1..2) v4 ==== 940+0+0 (secure 0 0 0) 0x7f5dd004c470 con 0x7f5dd41070a0
2024-04-27T02:43:24.160 INFO:teuthology.orchestra.run.smithi138.stdout:/usr/bin/ceph: stderr
2024-04-27T02:43:22.894+0000 7f5dd903a700 1 --2- 172.21.15.138:0/1578392149 >> [v2:172.21.15.138:6800/4108291300,v1:172.21.15.138:6801/4108291300] conn(0x7f5dc00386c0 0x7f5dc003ab80 unknown :-1 s=BANNER_CONNECTING pgs=0 cs=0 l=1 rev1=0 crypto rx=0 tx=0 comp rx=0 tx=0)._handle_peer_banner_payload supported=3 required=0
2024-04-27T02:43:24.160 INFO:teuthology.orchestra.run.smithi138.stdout:/usr/bin/ceph: stderr
2024-04-27T02:43:22.894+0000 7f5dd903a700 1 --2- 172.21.15.138:0/1578392149 >> [v2:172.21.15.138:6800/4108291300,v1:172.21.15.138:6801/4108291300] conn(0x7f5dc00386c0 0x7f5dc003ab80 secure :-1 s=READY pgs=16 cs=0 l=1 rev1=1 crypto rx=0x7f5dc4006fd0 tx=0x7f5dc4006e40 comp rx=0 tx=0).ready entity=mgr.14120 client_cookie=0 server_cookie=0 in_seq=0 out_seq=0
2024-04-27T02:43:24.161 INFO:teuthology.orchestra.run.smithi138.stdout:/usr/bin/ceph: stderr
2024-04-27T02:43:22.898+0000 7f5dcaffd700 1 -- 172.21.15.138:0/1578392149 <== mon.0 v2:172.21.15.138:3300/0 6 ==== mon_command_ack([{"prefix": "get_command_descriptions"}]=0 v0) v1 ==== 72+0+183351 (secure 0 0 0) 0x7f5dd002cd40 con 0x7f5dd41070a0
2024-04-27T02:43:24.161 INFO:teuthology.orchestra.run.smithi138.stdout:/usr/bin/ceph: stderr
2024-04-27T02:43:23.109+0000 7f5ddba9f700 1 -- 172.21.15.138:0/1578392149 --> [v2:172.21.15.138:6800/4108291300,v1:172.21.15.138:6801/4108291300] -- mgr_command(tid 0: {"prefix": "orch apply", "service_type": "prometheus", "target": ["mon-mgr", ""]}) v1 -- 0x7f5dd4105ca0 con 0x7f5dc00386c0
2024-04-27T02:43:24.161 INFO:teuthology.orchestra.run.smithi138.stdout:/usr/bin/ceph: stderr
2024-04-27T02:43:23.114+0000 7f5dcaffd700 1 -- 172.21.15.138:0/1578392149 <== mgr.14120 v2:172.21.15.138:6800/4108291300 1 ==== mgr_command_reply(tid 0: 0 ) v1 ==== 8+0+31 (secure 0 0 0) 0x7f5dd4105ca0 con 0x7f5dc00386c0
2024-04-27T02:43:24.161 INFO:teuthology.orchestra.run.smithi138.stdout:/usr/bin/ceph: stderr
2024-04-27T02:43:23.117+0000 7f5ddba9f700 1 -- 172.21.15.138:0/1578392149 >> [v2:172.21.15.138:6800/4108291300,v1:172.21.15.138:6801/4108291300] conn(0x7f5dc00386c0 msgr2=0x7f5dc003ab80 secure :-1 s=STATE_CONNECTION_ESTABLISHED l=1).mark_down
2024-04-27T02:43:24.161 INFO:teuthology.orchestra.run.smithi138.stdout:/usr/bin/ceph: stderr
2024-04-27T02:43:23.117+0000 7f5ddba9f700 1 --2- 172.21.15.138:0/1578392149 >> [v2:172.21.15.138:6800/4108291300,v1:172.21.15.138:6801/4108291300] conn(0x7f5dc00386c0 0x7f5dc003ab80 secure :-1 s=READY pgs=16 cs=0 l=1 rev1=1 crypto rx=0x7f5dc4006fd0 tx=0x7f5dc4006e40 comp rx=0 tx=0).stop
2024-04-27T02:43:24.161 INFO:teuthology.orchestra.run.smithi138.stdout:/usr/bin/ceph: stderr
2024-04-27T02:43:23.117+0000 7f5ddba9f700 1 -- 172.21.15.138:0/1578392149 >> [v2:172.21.15.138:3300/0,v1:172.21.15.138:6789/0] conn(0x7f5dd41070a0 msgr2=0x7f5dd41068d0 secure :-1 s=STATE_CONNECTION_ESTABLISHED l=1).mark_down
2024-04-27T02:43:24.161 INFO:teuthology.orchestra.run.smithi138.stdout:/usr/bin/ceph: stderr
2024-04-27T02:43:23.117+0000 7f5ddba9f700 1 --2- 172.21.15.138:0/1578392149 >> [v2:172.21.15.138:3300/0,v1:172.21.15.138:6789/0] conn(0x7f5dd41070a0 0x7f5dd41068d0 secure :-1 s=READY pgs=56 cs=0 l=1 rev1=1 crypto rx=0x7f5dd00072a0 tx=0x7f5dd000bf70 comp rx=0 tx=0).stop
2024-04-27T02:43:24.161 INFO:teuthology.orchestra.run.smithi138.stdout:/usr/bin/ceph: stderr
2024-04-27T02:43:23.117+0000 7f5ddba9f700 1 -- 172.21.15.138:0/1578392149 shutdown_connections
2024-04-27T02:43:24.161 INFO:teuthology.orchestra.run.smithi138.stdout:/usr/bin/ceph: stderr
2024-04-27T02:43:23.117+0000 7f5ddba9f700 1 --2- 172.21.15.138:0/1578392149 >> [v2:172.21.15.138:6800/4108291300,v1:172.21.15.138:6801/4108291300] conn(0x7f5dc00386c0 0x7f5dc003ab80 unknown :-1 s=CLOSED pgs=16 cs=0 l=1 rev1=1 crypto rx=0 tx=0 comp rx=0 tx=0).stop
2024-04-27T02:43:24.161 INFO:teuthology.orchestra.run.smithi138.stdout:/usr/bin/ceph: stderr
2024-04-27T02:43:23.117+0000 7f5ddba9f700 1 --2- 172.21.15.138:0/1578392149 >> [v2:172.21.15.138:3300/0,v1:172.21.15.138:6789/0] conn(0x7f5dd41070a0 0x7f5dd41068d0 unknown :-1 s=CLOSED pgs=56 cs=0 l=1 rev1=1 crypto rx=0 tx=0 comp rx=0 tx=0).stop
2024-04-27T02:43:24.162 INFO:teuthology.orchestra.run.smithi138.stdout:/usr/bin/ceph: stderr
2024-04-27T02:43:23.117+0000 7f5ddba9f700 1 -- 172.21.15.138:0/1578392149 >> 172.21.15.138:0/1578392149 conn(0x7f5dd4100a50 msgr2=0x7f5dd41015c0 unknown :-1 s=STATE_NONE l=0).mark_down
2024-04-27T02:43:24.162 INFO:teuthology.orchestra.run.smithi138.stdout:/usr/bin/ceph: stderr
2024-04-27T02:43:23.117+0000 7f5ddba9f700 1 -- 172.21.15.138:0/1578392149 shutdown_connections
2024-04-27T02:43:24.162 INFO:teuthology.orchestra.run.smithi138.stdout:/usr/bin/ceph: stderr
2024-04-27T02:43:23.117+0000 7f5ddba9f700 1 -- 172.21.15.138:0/1578392149 wait complete.
2024-04-27T02:43:24.162 INFO:teuthology.orchestra.run.smithi138.stdout:Deploying grafana service with default placement...
2024-04-27T02:43:24.347 INFO:journalctl@ceph.mon.smithi138.smithi138.stdout:Apr 27 02:43:24 smithi138 ceph-mon[26637]: from='client.14150 -' entity='client.admin' cmd=[{"prefix": "orch apply", "service_type": "prometheus", "target": ["mon-mgr", ""]}]: dispatch
2024-04-27T02:43:24.347 INFO:journalctl@ceph.mon.smithi138.smithi138.stdout:Apr 27 02:43:24 smithi138 ceph-mon[26637]: Saving service prometheus spec with placement count:1
2024-04-27T02:43:24.348 INFO:journalctl@ceph.mon.smithi138.smithi138.stdout:Apr 27 02:43:24 smithi138 ceph-mon[26637]: from='mgr.14120 172.21.15.138:0/2988107260' entity='mgr.smithi138.hvlzrc'
2024-04-27T02:43:25.879 INFO:teuthology.orchestra.run.smithi138.stdout:/usr/bin/ceph: stdout Scheduled grafana update...
2024-04-27T02:43:25.879 INFO:teuthology.orchestra.run.smithi138.stdout:/usr/bin/ceph: stderr
2024-04-27T02:43:25.066+0000 7fd6d407f700 1 Processor -- start
2024-04-27T02:43:25.879 INFO:teuthology.orchestra.run.smithi138.stdout:/usr/bin/ceph: stderr
2024-04-27T02:43:25.066+0000 7fd6d407f700 1 -- start start
2024-04-27T02:43:25.879 INFO:teuthology.orchestra.run.smithi138.stdout:/usr/bin/ceph: stderr
2024-04-27T02:43:25.066+0000 7fd6d407f700 1 --2- >> [v2:172.21.15.138:3300/0,v1:172.21.15.138:6789/0] conn(0x7fd6cc1054d0 0x7fd6cc1058f0 unknown :-1 s=NONE pgs=0 cs=0 l=0 rev1=0 crypto rx=0 tx=0 comp rx=0 tx=0).connect
2024-04-27T02:43:25.879 INFO:teuthology.orchestra.run.smithi138.stdout:/usr/bin/ceph: stderr
2024-04-27T02:43:25.066+0000 7fd6d407f700 1 -- --> [v2:172.21.15.138:3300/0,v1:172.21.15.138:6789/0] -- mon_getmap magic: 0 v1 -- 0x7fd6cc105ec0 con 0x7fd6cc1054d0
2024-04-27T02:43:25.879 INFO:teuthology.orchestra.run.smithi138.stdout:/usr/bin/ceph: stderr
2024-04-27T02:43:25.067+0000 7fd6d1e1b700 1 --2- >> [v2:172.21.15.138:3300/0,v1:172.21.15.138:6789/0] conn(0x7fd6cc1054d0 0x7fd6cc1058f0 unknown :-1 s=BANNER_CONNECTING pgs=0 cs=0 l=0 rev1=0 crypto rx=0 tx=0 comp rx=0 tx=0)._handle_peer_banner_payload supported=3 required=0
2024-04-27T02:43:25.879 INFO:teuthology.orchestra.run.smithi138.stdout:/usr/bin/ceph: stderr
2024-04-27T02:43:25.067+0000 7fd6d1e1b700 1 --2- >> [v2:172.21.15.138:3300/0,v1:172.21.15.138:6789/0] conn(0x7fd6cc1054d0 0x7fd6cc1058f0 unknown :-1 s=HELLO_CONNECTING pgs=0 cs=0 l=0 rev1=1 crypto rx=0 tx=0 comp rx=0 tx=0).handle_hello peer v2:172.21.15.138:3300/0 says I am v2:172.21.15.138:35832/0 (socket says 172.21.15.138:35832)
2024-04-27T02:43:25.879 INFO:teuthology.orchestra.run.smithi138.stdout:/usr/bin/ceph: stderr
2024-04-27T02:43:25.067+0000 7fd6d1e1b700 1 -- 172.21.15.138:0/296069931 learned_addr learned my addr 172.21.15.138:0/296069931 (peer_addr_for_me v2:172.21.15.138:0/0)
2024-04-27T02:43:25.879 INFO:teuthology.orchestra.run.smithi138.stdout:/usr/bin/ceph: stderr
2024-04-27T02:43:25.067+0000 7fd6d1e1b700 1 -- 172.21.15.138:0/296069931 --> [v2:172.21.15.138:3300/0,v1:172.21.15.138:6789/0] -- mon_subscribe({config=0+,monmap=0+}) v3 -- 0x7fd6cc1066d0 con 0x7fd6cc1054d0
2024-04-27T02:43:25.879 INFO:teuthology.orchestra.run.smithi138.stdout:/usr/bin/ceph: stderr
2024-04-27T02:43:25.067+0000 7fd6d1e1b700 1 --2- 172.21.15.138:0/296069931 >> [v2:172.21.15.138:3300/0,v1:172.21.15.138:6789/0] conn(0x7fd6cc1054d0 0x7fd6cc1058f0 secure :-1 s=READY pgs=57 cs=0 l=1 rev1=1 crypto rx=0x7fd6c80098a0 tx=0x7fd6c8009bb0 comp rx=0 tx=0).ready entity=mon.0 client_cookie=d160bfcd0820bf84 server_cookie=0 in_seq=0 out_seq=0
2024-04-27T02:43:25.880 INFO:teuthology.orchestra.run.smithi138.stdout:/usr/bin/ceph: stderr
2024-04-27T02:43:25.067+0000 7fd6d0e19700 1 -- 172.21.15.138:0/296069931 <== mon.0 v2:172.21.15.138:3300/0 1 ==== mon_map magic: 0 v1 ==== 229+0+0 (secure 0 0 0) 0x7fd6c8004180 con 0x7fd6cc1054d0
2024-04-27T02:43:25.880 INFO:teuthology.orchestra.run.smithi138.stdout:/usr/bin/ceph: stderr
2024-04-27T02:43:25.067+0000 7fd6d0e19700 1 -- 172.21.15.138:0/296069931 <== mon.0 v2:172.21.15.138:3300/0 2 ==== config(27 keys) v1 ==== 1109+0+0 (secure 0 0 0) 0x7fd6c80042e0 con 0x7fd6cc1054d0
2024-04-27T02:43:25.880 INFO:teuthology.orchestra.run.smithi138.stdout:/usr/bin/ceph: stderr
2024-04-27T02:43:25.067+0000 7fd6d0e19700 1 -- 172.21.15.138:0/296069931 <== mon.0 v2:172.21.15.138:3300/0 3 ==== mon_map magic: 0 v1 ==== 229+0+0 (secure 0 0 0) 0x7fd6c8011b10 con 0x7fd6cc1054d0
2024-04-27T02:43:25.880 INFO:teuthology.orchestra.run.smithi138.stdout:/usr/bin/ceph: stderr
2024-04-27T02:43:25.068+0000 7fd6d407f700 1 -- 172.21.15.138:0/296069931 >> [v2:172.21.15.138:3300/0,v1:172.21.15.138:6789/0] conn(0x7fd6cc1054d0 msgr2=0x7fd6cc1058f0 secure :-1 s=STATE_CONNECTION_ESTABLISHED l=1).mark_down
2024-04-27T02:43:25.880 INFO:teuthology.orchestra.run.smithi138.stdout:/usr/bin/ceph: stderr
2024-04-27T02:43:25.068+0000 7fd6d407f700 1 --2- 172.21.15.138:0/296069931 >> [v2:172.21.15.138:3300/0,v1:172.21.15.138:6789/0] conn(0x7fd6cc1054d0 0x7fd6cc1058f0 secure :-1 s=READY pgs=57 cs=0 l=1 rev1=1 crypto rx=0x7fd6c80098a0 tx=0x7fd6c8009bb0 comp rx=0 tx=0).stop
2024-04-27T02:43:25.880 INFO:teuthology.orchestra.run.smithi138.stdout:/usr/bin/ceph: stderr
2024-04-27T02:43:25.068+0000 7fd6d407f700 1 -- 172.21.15.138:0/296069931 shutdown_connections
2024-04-27T02:43:25.880 INFO:teuthology.orchestra.run.smithi138.stdout:/usr/bin/ceph: stderr
2024-04-27T02:43:25.068+0000 7fd6d407f700 1 --2- 172.21.15.138:0/296069931 >> [v2:172.21.15.138:3300/0,v1:172.21.15.138:6789/0] conn(0x7fd6cc1054d0 0x7fd6cc1058f0 unknown :-1 s=CLOSED pgs=57 cs=0 l=1 rev1=1 crypto rx=0 tx=0 comp rx=0 tx=0).stop
2024-04-27T02:43:25.880 INFO:teuthology.orchestra.run.smithi138.stdout:/usr/bin/ceph: stderr
2024-04-27T02:43:25.068+0000 7fd6d407f700 1 -- 172.21.15.138:0/296069931 >> 172.21.15.138:0/296069931 conn(0x7fd6cc100ab0 msgr2=0x7fd6cc102ed0 unknown :-1 s=STATE_NONE l=0).mark_down
2024-04-27T02:43:25.880 INFO:teuthology.orchestra.run.smithi138.stdout:/usr/bin/ceph: stderr
2024-04-27T02:43:25.068+0000 7fd6d407f700 1 -- 172.21.15.138:0/296069931 shutdown_connections
2024-04-27T02:43:25.880 INFO:teuthology.orchestra.run.smithi138.stdout:/usr/bin/ceph: stderr
2024-04-27T02:43:25.068+0000 7fd6d407f700 1 -- 172.21.15.138:0/296069931 wait complete.
2024-04-27T02:43:25.880 INFO:teuthology.orchestra.run.smithi138.stdout:/usr/bin/ceph: stderr
2024-04-27T02:43:25.069+0000 7fd6d407f700 1 Processor -- start
2024-04-27T02:43:25.880 INFO:teuthology.orchestra.run.smithi138.stdout:/usr/bin/ceph: stderr
2024-04-27T02:43:25.069+0000 7fd6d407f700 1 -- start start
2024-04-27T02:43:25.880 INFO:teuthology.orchestra.run.smithi138.stdout:/usr/bin/ceph: stderr
2024-04-27T02:43:25.069+0000 7fd6d407f700 1 --2- >> [v2:172.21.15.138:3300/0,v1:172.21.15.138:6789/0] conn(0x7fd6cc1054d0 0x7fd6cc190590 unknown :-1 s=NONE pgs=0 cs=0 l=1 rev1=0 crypto rx=0 tx=0 comp rx=0 tx=0).connect
2024-04-27T02:43:25.880 INFO:teuthology.orchestra.run.smithi138.stdout:/usr/bin/ceph: stderr
2024-04-27T02:43:25.069+0000 7fd6d407f700 1 -- --> [v2:172.21.15.138:3300/0,v1:172.21.15.138:6789/0] -- mon_getmap magic: 0 v1 -- 0x7fd6cc190ad0 con 0x7fd6cc1054d0
2024-04-27T02:43:25.880 INFO:teuthology.orchestra.run.smithi138.stdout:/usr/bin/ceph: stderr
2024-04-27T02:43:25.069+0000 7fd6d1e1b700 1 --2- >> [v2:172.21.15.138:3300/0,v1:172.21.15.138:6789/0] conn(0x7fd6cc1054d0 0x7fd6cc190590 unknown :-1 s=BANNER_CONNECTING pgs=0 cs=0 l=1 rev1=0 crypto rx=0 tx=0 comp rx=0 tx=0)._handle_peer_banner_payload supported=3 required=0
2024-04-27T02:43:25.881 INFO:teuthology.orchestra.run.smithi138.stdout:/usr/bin/ceph: stderr
2024-04-27T02:43:25.069+0000 7fd6d1e1b700 1 --2- >> [v2:172.21.15.138:3300/0,v1:172.21.15.138:6789/0] conn(0x7fd6cc1054d0 0x7fd6cc190590 unknown :-1 s=HELLO_CONNECTING pgs=0 cs=0 l=1 rev1=1 crypto rx=0 tx=0 comp rx=0 tx=0).handle_hello peer v2:172.21.15.138:3300/0 says I am v2:172.21.15.138:35844/0 (socket says 172.21.15.138:35844)
2024-04-27T02:43:25.881 INFO:teuthology.orchestra.run.smithi138.stdout:/usr/bin/ceph: stderr
2024-04-27T02:43:25.069+0000 7fd6d1e1b700 1 -- 172.21.15.138:0/2205555367 learned_addr learned my addr 172.21.15.138:0/2205555367 (peer_addr_for_me v2:172.21.15.138:0/0)
2024-04-27T02:43:25.881 INFO:teuthology.orchestra.run.smithi138.stdout:/usr/bin/ceph: stderr
2024-04-27T02:43:25.069+0000 7fd6d1e1b700 1 -- 172.21.15.138:0/2205555367 --> [v2:172.21.15.138:3300/0,v1:172.21.15.138:6789/0] -- mon_subscribe({config=0+,monmap=0+}) v3 -- 0x7fd6c8009550 con 0x7fd6cc1054d0
2024-04-27T02:43:25.881 INFO:teuthology.orchestra.run.smithi138.stdout:/usr/bin/ceph: stderr
2024-04-27T02:43:25.069+0000 7fd6d1e1b700 1 --2- 172.21.15.138:0/2205555367 >> [v2:172.21.15.138:3300/0,v1:172.21.15.138:6789/0] conn(0x7fd6cc1054d0 0x7fd6cc190590 secure :-1 s=READY pgs=58 cs=0 l=1 rev1=1 crypto rx=0x7fd6c8009fb0 tx=0x7fd6c8011890 comp rx=0 tx=0).ready entity=mon.0 client_cookie=0 server_cookie=0 in_seq=0 out_seq=0
2024-04-27T02:43:25.881 INFO:teuthology.orchestra.run.smithi138.stdout:/usr/bin/ceph: stderr
2024-04-27T02:43:25.069+0000 7fd6c2ffd700 1 -- 172.21.15.138:0/2205555367 <== mon.0 v2:172.21.15.138:3300/0 1 ==== mon_map magic: 0 v1 ==== 229+0+0 (secure 0 0 0) 0x7fd6c80038b0 con 0x7fd6cc1054d0
2024-04-27T02:43:25.881 INFO:teuthology.orchestra.run.smithi138.stdout:/usr/bin/ceph: stderr
2024-04-27T02:43:25.069+0000 7fd6c2ffd700 1 -- 172.21.15.138:0/2205555367 <== mon.0 v2:172.21.15.138:3300/0 2 ==== config(27 keys) v1 ==== 1109+0+0 (secure 0 0 0) 0x7fd6c8003a10 con 0x7fd6cc1054d0
2024-04-27T02:43:25.881 INFO:teuthology.orchestra.run.smithi138.stdout:/usr/bin/ceph: stderr
2024-04-27T02:43:25.069+0000 7fd6d407f700 1 -- 172.21.15.138:0/2205555367 --> [v2:172.21.15.138:3300/0,v1:172.21.15.138:6789/0] -- mon_subscribe({mgrmap=0+}) v3 -- 0x7fd6cc18ed10 con 0x7fd6cc1054d0
2024-04-27T02:43:25.881 INFO:teuthology.orchestra.run.smithi138.stdout:/usr/bin/ceph: stderr
2024-04-27T02:43:25.069+0000 7fd6c2ffd700 1 -- 172.21.15.138:0/2205555367 <== mon.0 v2:172.21.15.138:3300/0 3 ==== mon_map magic: 0 v1 ==== 229+0+0 (secure 0 0 0) 0x7fd6c8019770 con 0x7fd6cc1054d0
2024-04-27T02:43:25.881 INFO:teuthology.orchestra.run.smithi138.stdout:/usr/bin/ceph: stderr
2024-04-27T02:43:25.069+0000 7fd6d407f700 1 -- 172.21.15.138:0/2205555367 --> [v2:172.21.15.138:3300/0,v1:172.21.15.138:6789/0] -- mon_subscribe({osdmap=0}) v3 -- 0x7fd6cc18f1b0 con 0x7fd6cc1054d0
2024-04-27T02:43:25.881 INFO:teuthology.orchestra.run.smithi138.stdout:/usr/bin/ceph: stderr
2024-04-27T02:43:25.070+0000 7fd6c2ffd700 1 -- 172.21.15.138:0/2205555367 <== mon.0 v2:172.21.15.138:3300/0 4 ==== mgrmap(e 8) v1 ==== 45556+0+0 (secure 0 0 0) 0x7fd6c80198d0 con 0x7fd6cc1054d0
2024-04-27T02:43:25.881 INFO:teuthology.orchestra.run.smithi138.stdout:/usr/bin/ceph: stderr
2024-04-27T02:43:25.070+0000 7fd6d407f700 1 -- 172.21.15.138:0/2205555367 --> [v2:172.21.15.138:3300/0,v1:172.21.15.138:6789/0] -- mon_command({"prefix": "get_command_descriptions"} v 0) v1 -- 0x7fd6cc062510 con 0x7fd6cc1054d0
2024-04-27T02:43:25.881 INFO:teuthology.orchestra.run.smithi138.stdout:/usr/bin/ceph: stderr
2024-04-27T02:43:25.070+0000 7fd6c2ffd700 1 --2- 172.21.15.138:0/2205555367 >> [v2:172.21.15.138:6800/4108291300,v1:172.21.15.138:6801/4108291300] conn(0x7fd6b8038730 0x7fd6b803abf0 unknown :-1 s=NONE pgs=0 cs=0 l=1 rev1=0 crypto rx=0 tx=0 comp rx=0 tx=0).connect
2024-04-27T02:43:25.881 INFO:teuthology.orchestra.run.smithi138.stdout:/usr/bin/ceph: stderr
2024-04-27T02:43:25.071+0000 7fd6c2ffd700 1 -- 172.21.15.138:0/2205555367 <== mon.0 v2:172.21.15.138:3300/0 5 ==== osd_map(2..2 src has 1..2) v4 ==== 940+0+0 (secure 0 0 0) 0x7fd6c804c860 con 0x7fd6cc1054d0
2024-04-27T02:43:25.881 INFO:teuthology.orchestra.run.smithi138.stdout:/usr/bin/ceph: stderr
2024-04-27T02:43:25.071+0000 7fd6d161a700 1 --2- 172.21.15.138:0/2205555367 >> [v2:172.21.15.138:6800/4108291300,v1:172.21.15.138:6801/4108291300] conn(0x7fd6b8038730 0x7fd6b803abf0 unknown :-1 s=BANNER_CONNECTING pgs=0 cs=0 l=1 rev1=0 crypto rx=0 tx=0 comp rx=0 tx=0)._handle_peer_banner_payload supported=3 required=0
2024-04-27T02:43:25.882 INFO:teuthology.orchestra.run.smithi138.stdout:/usr/bin/ceph: stderr
2024-04-27T02:43:25.071+0000 7fd6d161a700 1 --2- 172.21.15.138:0/2205555367 >> [v2:172.21.15.138:6800/4108291300,v1:172.21.15.138:6801/4108291300] conn(0x7fd6b8038730 0x7fd6b803abf0 secure :-1 s=READY pgs=17 cs=0 l=1 rev1=1 crypto rx=0x7fd6bc006fd0 tx=0x7fd6bc006e40 comp rx=0 tx=0).ready entity=mgr.14120 client_cookie=0 server_cookie=0 in_seq=0 out_seq=0
2024-04-27T02:43:25.882 INFO:teuthology.orchestra.run.smithi138.stdout:/usr/bin/ceph: stderr
2024-04-27T02:43:25.075+0000 7fd6c2ffd700 1 -- 172.21.15.138:0/2205555367 <== mon.0 v2:172.21.15.138:3300/0 6 ==== mon_command_ack([{"prefix": "get_command_descriptions"}]=0 v0) v1 ==== 72+0+183351 (secure 0 0 0) 0x7fd6c8022b40 con 0x7fd6cc1054d0
2024-04-27T02:43:25.882 INFO:teuthology.orchestra.run.smithi138.stdout:/usr/bin/ceph: stderr
2024-04-27T02:43:25.283+0000 7fd6d407f700 1 -- 172.21.15.138:0/2205555367 --> [v2:172.21.15.138:6800/4108291300,v1:172.21.15.138:6801/4108291300] -- mgr_command(tid 0: {"prefix": "orch apply", "service_type": "grafana", "target": ["mon-mgr", ""]}) v1 -- 0x7fd6cc194120 con 0x7fd6b8038730
2024-04-27T02:43:25.882 INFO:teuthology.orchestra.run.smithi138.stdout:/usr/bin/ceph: stderr
2024-04-27T02:43:25.287+0000 7fd6c2ffd700 1 -- 172.21.15.138:0/2205555367 <== mgr.14120 v2:172.21.15.138:6800/4108291300 1 ==== mgr_command_reply(tid 0: 0 ) v1 ==== 8+0+28 (secure 0 0 0) 0x7fd6cc194120 con 0x7fd6b8038730
2024-04-27T02:43:25.882 INFO:teuthology.orchestra.run.smithi138.stdout:/usr/bin/ceph: stderr
2024-04-27T02:43:25.289+0000 7fd6d407f700 1 -- 172.21.15.138:0/2205555367 >> [v2:172.21.15.138:6800/4108291300,v1:172.21.15.138:6801/4108291300] conn(0x7fd6b8038730 msgr2=0x7fd6b803abf0 secure :-1 s=STATE_CONNECTION_ESTABLISHED l=1).mark_down
2024-04-27T02:43:25.882 INFO:teuthology.orchestra.run.smithi138.stdout:/usr/bin/ceph: stderr
2024-04-27T02:43:25.289+0000 7fd6d407f700 1 --2- 172.21.15.138:0/2205555367 >> [v2:172.21.15.138:6800/4108291300,v1:172.21.15.138:6801/4108291300] conn(0x7fd6b8038730 0x7fd6b803abf0 secure :-1 s=READY pgs=17 cs=0 l=1 rev1=1 crypto rx=0x7fd6bc006fd0 tx=0x7fd6bc006e40 comp rx=0 tx=0).stop
2024-04-27T02:43:25.882 INFO:teuthology.orchestra.run.smithi138.stdout:/usr/bin/ceph: stderr
2024-04-27T02:43:25.289+0000 7fd6d407f700 1 -- 172.21.15.138:0/2205555367 >> [v2:172.21.15.138:3300/0,v1:172.21.15.138:6789/0] conn(0x7fd6cc1054d0 msgr2=0x7fd6cc190590 secure :-1 s=STATE_CONNECTION_ESTABLISHED l=1).mark_down
2024-04-27T02:43:25.882 INFO:teuthology.orchestra.run.smithi138.stdout:/usr/bin/ceph: stderr
2024-04-27T02:43:25.289+0000 7fd6d407f700 1 --2- 172.21.15.138:0/2205555367 >> [v2:172.21.15.138:3300/0,v1:172.21.15.138:6789/0] conn(0x7fd6cc1054d0 0x7fd6cc190590 secure :-1 s=READY pgs=58 cs=0 l=1 rev1=1 crypto rx=0x7fd6c8009fb0 tx=0x7fd6c8011890 comp rx=0 tx=0).stop
2024-04-27T02:43:25.882 INFO:teuthology.orchestra.run.smithi138.stdout:/usr/bin/ceph: stderr
2024-04-27T02:43:25.289+0000 7fd6d407f700 1 -- 172.21.15.138:0/2205555367 shutdown_connections
2024-04-27T02:43:25.882 INFO:teuthology.orchestra.run.smithi138.stdout:/usr/bin/ceph: stderr
2024-04-27T02:43:25.289+0000 7fd6d407f700 1 --2- 172.21.15.138:0/2205555367 >> [v2:172.21.15.138:6800/4108291300,v1:172.21.15.138:6801/4108291300] conn(0x7fd6b8038730 0x7fd6b803abf0 unknown :-1 s=CLOSED pgs=17 cs=0 l=1 rev1=1 crypto rx=0 tx=0 comp rx=0 tx=0).stop
2024-04-27T02:43:25.882 INFO:teuthology.orchestra.run.smithi138.stdout:/usr/bin/ceph: stderr
2024-04-27T02:43:25.289+0000 7fd6d407f700 1 --2- 172.21.15.138:0/2205555367 >> [v2:172.21.15.138:3300/0,v1:172.21.15.138:6789/0] conn(0x7fd6cc1054d0 0x7fd6cc190590 unknown :-1 s=CLOSED pgs=58 cs=0 l=1 rev1=1 crypto rx=0 tx=0 comp rx=0 tx=0).stop
2024-04-27T02:43:25.882 INFO:teuthology.orchestra.run.smithi138.stdout:/usr/bin/ceph: stderr
2024-04-27T02:43:25.289+0000 7fd6d407f700 1 -- 172.21.15.138:0/2205555367 >> 172.21.15.138:0/2205555367 conn(0x7fd6cc100ab0 msgr2=0x7fd6cc1019b0 unknown :-1 s=STATE_NONE l=0).mark_down
2024-04-27T02:43:25.882 INFO:teuthology.orchestra.run.smithi138.stdout:/usr/bin/ceph: stderr
2024-04-27T02:43:25.290+0000 7fd6d407f700 1 -- 172.21.15.138:0/2205555367 shutdown_connections
2024-04-27T02:43:25.882 INFO:teuthology.orchestra.run.smithi138.stdout:/usr/bin/ceph: stderr
2024-04-27T02:43:25.290+0000 7fd6d407f700 1 -- 172.21.15.138:0/2205555367 wait complete.
2024-04-27T02:43:25.883 INFO:teuthology.orchestra.run.smithi138.stdout:Deploying node-exporter service with default placement...
2024-04-27T02:43:26.533 INFO:journalctl@ceph.mon.smithi138.smithi138.stdout:Apr 27 02:43:26 smithi138 ceph-mon[26637]: from='client.14152 -' entity='client.admin' cmd=[{"prefix": "orch apply", "service_type": "grafana", "target": ["mon-mgr", ""]}]: dispatch
2024-04-27T02:43:26.533 INFO:journalctl@ceph.mon.smithi138.smithi138.stdout:Apr 27 02:43:26 smithi138 ceph-mon[26637]: Saving service grafana spec with placement count:1
2024-04-27T02:43:26.533 INFO:journalctl@ceph.mon.smithi138.smithi138.stdout:Apr 27 02:43:26 smithi138 ceph-mon[26637]: from='mgr.14120 172.21.15.138:0/2988107260' entity='mgr.smithi138.hvlzrc'
2024-04-27T02:43:26.533 INFO:journalctl@ceph.mon.smithi138.smithi138.stdout:Apr 27 02:43:26 smithi138 ceph-mon[26637]: pgmap v3: 0 pgs: ; 0 B data, 0 B used, 0 B / 0 B avail
2024-04-27T02:43:27.126 INFO:teuthology.orchestra.run.smithi138.stdout:/usr/bin/ceph: stdout Scheduled node-exporter update...
2024-04-27T02:43:27.126 INFO:teuthology.orchestra.run.smithi138.stdout:/usr/bin/ceph: stderr
2024-04-27T02:43:26.335+0000 7f8eba276700 1 Processor -- start
2024-04-27T02:43:27.126 INFO:teuthology.orchestra.run.smithi138.stdout:/usr/bin/ceph: stderr
2024-04-27T02:43:26.335+0000 7f8eba276700 1 -- start start
2024-04-27T02:43:27.126 INFO:teuthology.orchestra.run.smithi138.stdout:/usr/bin/ceph: stderr
2024-04-27T02:43:26.335+0000 7f8eba276700 1 --2- >> [v2:172.21.15.138:3300/0,v1:172.21.15.138:6789/0] conn(0x7f8eb41070b0 0x7f8eb41094a0 unknown :-1 s=NONE pgs=0 cs=0 l=0 rev1=0 crypto rx=0 tx=0 comp rx=0 tx=0).connect
2024-04-27T02:43:27.126 INFO:teuthology.orchestra.run.smithi138.stdout:/usr/bin/ceph: stderr
2024-04-27T02:43:26.335+0000 7f8eba276700 1 -- --> [v2:172.21.15.138:3300/0,v1:172.21.15.138:6789/0] -- mon_getmap magic: 0 v1 -- 0x7f8eb4079e70 con 0x7f8eb41070b0
2024-04-27T02:43:27.126 INFO:teuthology.orchestra.run.smithi138.stdout:/usr/bin/ceph: stderr
2024-04-27T02:43:26.336+0000 7f8eb3fff700 1 --2- >> [v2:172.21.15.138:3300/0,v1:172.21.15.138:6789/0] conn(0x7f8eb41070b0 0x7f8eb41094a0 unknown :-1 s=BANNER_CONNECTING pgs=0 cs=0 l=0 rev1=0 crypto rx=0 tx=0 comp rx=0 tx=0)._handle_peer_banner_payload supported=3 required=0
2024-04-27T02:43:27.127 INFO:teuthology.orchestra.run.smithi138.stdout:/usr/bin/ceph: stderr
2024-04-27T02:43:26.336+0000 7f8eb3fff700 1 --2- >> [v2:172.21.15.138:3300/0,v1:172.21.15.138:6789/0] conn(0x7f8eb41070b0 0x7f8eb41094a0 unknown :-1 s=HELLO_CONNECTING pgs=0 cs=0 l=0 rev1=1 crypto rx=0 tx=0 comp rx=0 tx=0).handle_hello peer v2:172.21.15.138:3300/0 says I am v2:172.21.15.138:59892/0 (socket says 172.21.15.138:59892)
2024-04-27T02:43:27.127 INFO:teuthology.orchestra.run.smithi138.stdout:/usr/bin/ceph: stderr
2024-04-27T02:43:26.336+0000 7f8eb3fff700 1 -- 172.21.15.138:0/4085713882 learned_addr learned my addr 172.21.15.138:0/4085713882 (peer_addr_for_me v2:172.21.15.138:0/0)
2024-04-27T02:43:27.127 INFO:teuthology.orchestra.run.smithi138.stdout:/usr/bin/ceph: stderr
2024-04-27T02:43:26.336+0000 7f8eb3fff700 1 -- 172.21.15.138:0/4085713882 --> [v2:172.21.15.138:3300/0,v1:172.21.15.138:6789/0] -- mon_subscribe({config=0+,monmap=0+}) v3 -- 0x7f8eb41099e0 con 0x7f8eb41070b0
2024-04-27T02:43:27.127 INFO:teuthology.orchestra.run.smithi138.stdout:/usr/bin/ceph: stderr
2024-04-27T02:43:26.336+0000 7f8eb3fff700 1 --2- 172.21.15.138:0/4085713882 >> [v2:172.21.15.138:3300/0,v1:172.21.15.138:6789/0] conn(0x7f8eb41070b0 0x7f8eb41094a0 secure :-1 s=READY pgs=59 cs=0 l=1 rev1=1 crypto rx=0x7f8ea40098a0 tx=0x7f8ea4009bb0 comp rx=0 tx=0).ready entity=mon.0 client_cookie=a9c930e88831d80e server_cookie=0 in_seq=0 out_seq=0
2024-04-27T02:43:27.127 INFO:teuthology.orchestra.run.smithi138.stdout:/usr/bin/ceph: stderr
2024-04-27T02:43:26.336+0000 7f8eb2ffd700 1 -- 172.21.15.138:0/4085713882 <== mon.0 v2:172.21.15.138:3300/0 1 ==== mon_map magic: 0 v1 ==== 229+0+0 (secure 0 0 0) 0x7f8ea4004180 con 0x7f8eb41070b0
2024-04-27T02:43:27.127 INFO:teuthology.orchestra.run.smithi138.stdout:/usr/bin/ceph: stderr
2024-04-27T02:43:26.336+0000 7f8eb2ffd700 1 -- 172.21.15.138:0/4085713882 <== mon.0 v2:172.21.15.138:3300/0 2 ==== config(27 keys) v1 ==== 1109+0+0 (secure 0 0 0) 0x7f8ea40042e0 con 0x7f8eb41070b0
2024-04-27T02:43:27.127 INFO:teuthology.orchestra.run.smithi138.stdout:/usr/bin/ceph: stderr
2024-04-27T02:43:26.336+0000 7f8eb2ffd700 1 -- 172.21.15.138:0/4085713882 <== mon.0 v2:172.21.15.138:3300/0 3 ==== mon_map magic: 0 v1 ==== 229+0+0 (secure 0 0 0) 0x7f8ea4011b10 con 0x7f8eb41070b0
2024-04-27T02:43:27.127 INFO:teuthology.orchestra.run.smithi138.stdout:/usr/bin/ceph: stderr
2024-04-27T02:43:26.337+0000 7f8eba276700 1 -- 172.21.15.138:0/4085713882 >> [v2:172.21.15.138:3300/0,v1:172.21.15.138:6789/0] conn(0x7f8eb41070b0 msgr2=0x7f8eb41094a0 secure :-1 s=STATE_CONNECTION_ESTABLISHED l=1).mark_down
2024-04-27T02:43:27.127 INFO:teuthology.orchestra.run.smithi138.stdout:/usr/bin/ceph: stderr
2024-04-27T02:43:26.337+0000 7f8eba276700 1 --2- 172.21.15.138:0/4085713882 >> [v2:172.21.15.138:3300/0,v1:172.21.15.138:6789/0] conn(0x7f8eb41070b0 0x7f8eb41094a0 secure :-1 s=READY pgs=59 cs=0 l=1 rev1=1 crypto rx=0x7f8ea40098a0 tx=0x7f8ea4009bb0 comp rx=0 tx=0).stop
2024-04-27T02:43:27.127 INFO:teuthology.orchestra.run.smithi138.stdout:/usr/bin/ceph: stderr
2024-04-27T02:43:26.337+0000 7f8eba276700 1 -- 172.21.15.138:0/4085713882 shutdown_connections
2024-04-27T02:43:27.127 INFO:teuthology.orchestra.run.smithi138.stdout:/usr/bin/ceph: stderr
2024-04-27T02:43:26.337+0000 7f8eba276700 1 --2- 172.21.15.138:0/4085713882 >> [v2:172.21.15.138:3300/0,v1:172.21.15.138:6789/0] conn(0x7f8eb41070b0 0x7f8eb41094a0 unknown :-1 s=CLOSED pgs=59 cs=0 l=1 rev1=1 crypto rx=0 tx=0 comp rx=0 tx=0).stop
2024-04-27T02:43:27.127 INFO:teuthology.orchestra.run.smithi138.stdout:/usr/bin/ceph: stderr
2024-04-27T02:43:26.337+0000 7f8eba276700 1 -- 172.21.15.138:0/4085713882 >> 172.21.15.138:0/4085713882 conn(0x7f8eb4100b00 msgr2=0x7f8eb4102f20 unknown :-1 s=STATE_NONE l=0).mark_down
2024-04-27T02:43:27.127 INFO:teuthology.orchestra.run.smithi138.stdout:/usr/bin/ceph: stderr
2024-04-27T02:43:26.337+0000 7f8eba276700 1 -- 172.21.15.138:0/4085713882 shutdown_connections
2024-04-27T02:43:27.127 INFO:teuthology.orchestra.run.smithi138.stdout:/usr/bin/ceph: stderr
2024-04-27T02:43:26.337+0000 7f8eba276700 1 -- 172.21.15.138:0/4085713882 wait complete.
2024-04-27T02:43:27.127 INFO:teuthology.orchestra.run.smithi138.stdout:/usr/bin/ceph: stderr
2024-04-27T02:43:26.338+0000 7f8eba276700 1 Processor -- start
2024-04-27T02:43:27.128 INFO:teuthology.orchestra.run.smithi138.stdout:/usr/bin/ceph: stderr
2024-04-27T02:43:26.338+0000 7f8eba276700 1 -- start start
2024-04-27T02:43:27.128 INFO:teuthology.orchestra.run.smithi138.stdout:/usr/bin/ceph: stderr
2024-04-27T02:43:26.338+0000 7f8eba276700 1 --2- >> [v2:172.21.15.138:3300/0,v1:172.21.15.138:6789/0] conn(0x7f8eb41070b0 0x7f8eb419a2f0 unknown :-1 s=NONE pgs=0 cs=0 l=1 rev1=0 crypto rx=0 tx=0 comp rx=0 tx=0).connect
2024-04-27T02:43:27.128 INFO:teuthology.orchestra.run.smithi138.stdout:/usr/bin/ceph: stderr
2024-04-27T02:43:26.338+0000 7f8eba276700 1 -- --> [v2:172.21.15.138:3300/0,v1:172.21.15.138:6789/0] -- mon_getmap magic: 0 v1 -- 0x7f8eb419a830 con 0x7f8eb41070b0
2024-04-27T02:43:27.128 INFO:teuthology.orchestra.run.smithi138.stdout:/usr/bin/ceph: stderr
2024-04-27T02:43:26.338+0000 7f8eb3fff700 1 --2- >> [v2:172.21.15.138:3300/0,v1:172.21.15.138:6789/0] conn(0x7f8eb41070b0 0x7f8eb419a2f0 unknown :-1 s=BANNER_CONNECTING pgs=0 cs=0 l=1 rev1=0 crypto rx=0 tx=0 comp rx=0 tx=0)._handle_peer_banner_payload supported=3 required=0
2024-04-27T02:43:27.128 INFO:teuthology.orchestra.run.smithi138.stdout:/usr/bin/ceph: stderr
2024-04-27T02:43:26.338+0000 7f8eb3fff700 1 --2- >> [v2:172.21.15.138:3300/0,v1:172.21.15.138:6789/0] conn(0x7f8eb41070b0 0x7f8eb419a2f0 unknown :-1 s=HELLO_CONNECTING pgs=0 cs=0 l=1 rev1=1 crypto rx=0 tx=0 comp rx=0 tx=0).handle_hello peer v2:172.21.15.138:3300/0 says I am v2:172.21.15.138:59896/0 (socket says 172.21.15.138:59896)
2024-04-27T02:43:27.128 INFO:teuthology.orchestra.run.smithi138.stdout:/usr/bin/ceph: stderr
2024-04-27T02:43:26.338+0000 7f8eb3fff700 1 -- 172.21.15.138:0/4066628422 learned_addr learned my addr 172.21.15.138:0/4066628422 (peer_addr_for_me v2:172.21.15.138:0/0)
2024-04-27T02:43:27.128 INFO:teuthology.orchestra.run.smithi138.stdout:/usr/bin/ceph: stderr
2024-04-27T02:43:26.338+0000 7f8eb3fff700 1 -- 172.21.15.138:0/4066628422 --> [v2:172.21.15.138:3300/0,v1:172.21.15.138:6789/0] -- mon_subscribe({config=0+,monmap=0+}) v3 -- 0x7f8ea4009550 con 0x7f8eb41070b0
2024-04-27T02:43:27.128 INFO:teuthology.orchestra.run.smithi138.stdout:/usr/bin/ceph: stderr
2024-04-27T02:43:26.339+0000 7f8eb3fff700 1 --2- 172.21.15.138:0/4066628422 >> [v2:172.21.15.138:3300/0,v1:172.21.15.138:6789/0] conn(0x7f8eb41070b0 0x7f8eb419a2f0 secure :-1 s=READY pgs=60 cs=0 l=1 rev1=1 crypto rx=0x7f8ea4009fb0 tx=0x7f8ea4011890 comp rx=0 tx=0).ready entity=mon.0 client_cookie=0 server_cookie=0 in_seq=0 out_seq=0
2024-04-27T02:43:27.128 INFO:teuthology.orchestra.run.smithi138.stdout:/usr/bin/ceph: stderr
2024-04-27T02:43:26.339+0000 7f8eb17fa700 1 -- 172.21.15.138:0/4066628422 <== mon.0 v2:172.21.15.138:3300/0 1 ==== mon_map magic: 0 v1 ==== 229+0+0 (secure 0 0 0) 0x7f8ea40038b0 con 0x7f8eb41070b0
2024-04-27T02:43:27.128 INFO:teuthology.orchestra.run.smithi138.stdout:/usr/bin/ceph: stderr
2024-04-27T02:43:26.339+0000 7f8eba276700 1 -- 172.21.15.138:0/4066628422 --> [v2:172.21.15.138:3300/0,v1:172.21.15.138:6789/0] -- mon_subscribe({mgrmap=0+}) v3 -- 0x7f8eb419aa30 con 0x7f8eb41070b0
2024-04-27T02:43:27.128 INFO:teuthology.orchestra.run.smithi138.stdout:/usr/bin/ceph: stderr
2024-04-27T02:43:26.339+0000 7f8eb17fa700 1 -- 172.21.15.138:0/4066628422 <== mon.0 v2:172.21.15.138:3300/0 2 ==== config(27 keys) v1 ==== 1109+0+0 (secure 0 0 0) 0x7f8ea4003a10 con 0x7f8eb41070b0
2024-04-27T02:43:27.128 INFO:teuthology.orchestra.run.smithi138.stdout:/usr/bin/ceph: stderr
2024-04-27T02:43:26.339+0000 7f8eb17fa700 1 -- 172.21.15.138:0/4066628422 <== mon.0 v2:172.21.15.138:3300/0 3 ==== mon_map magic: 0 v1 ==== 229+0+0 (secure 0 0 0) 0x7f8ea4019750 con 0x7f8eb41070b0
2024-04-27T02:43:27.128 INFO:teuthology.orchestra.run.smithi138.stdout:/usr/bin/ceph: stderr
2024-04-27T02:43:26.339+0000 7f8eba276700 1 -- 172.21.15.138:0/4066628422 --> [v2:172.21.15.138:3300/0,v1:172.21.15.138:6789/0] -- mon_subscribe({osdmap=0}) v3 -- 0x7f8eb419aed0 con 0x7f8eb41070b0
2024-04-27T02:43:27.128 INFO:teuthology.orchestra.run.smithi138.stdout:/usr/bin/ceph: stderr
2024-04-27T02:43:26.339+0000 7f8eb17fa700 1 -- 172.21.15.138:0/4066628422 <== mon.0 v2:172.21.15.138:3300/0 4 ==== mgrmap(e 8) v1 ==== 45556+0+0 (secure 0 0 0) 0x7f8ea40199c0 con 0x7f8eb41070b0
2024-04-27T02:43:27.128 INFO:teuthology.orchestra.run.smithi138.stdout:/usr/bin/ceph: stderr
2024-04-27T02:43:26.340+0000 7f8eba276700 1 -- 172.21.15.138:0/4066628422 --> [v2:172.21.15.138:3300/0,v1:172.21.15.138:6789/0] -- mon_command({"prefix": "get_command_descriptions"} v 0) v1 -- 0x7f8eb410a770 con 0x7f8eb41070b0
2024-04-27T02:43:27.129 INFO:teuthology.orchestra.run.smithi138.stdout:/usr/bin/ceph: stderr
2024-04-27T02:43:26.340+0000 7f8eb17fa700 1 --2- 172.21.15.138:0/4066628422 >> [v2:172.21.15.138:6800/4108291300,v1:172.21.15.138:6801/4108291300] conn(0x7f8e9c0386e0 0x7f8e9c03aba0 unknown :-1 s=NONE pgs=0 cs=0 l=1 rev1=0 crypto rx=0 tx=0 comp rx=0 tx=0).connect
2024-04-27T02:43:27.129 INFO:teuthology.orchestra.run.smithi138.stdout:/usr/bin/ceph: stderr
2024-04-27T02:43:26.340+0000 7f8eb17fa700 1 -- 172.21.15.138:0/4066628422 <== mon.0 v2:172.21.15.138:3300/0 5 ==== osd_map(2..2 src has 1..2) v4 ==== 940+0+0 (secure 0 0 0) 0x7f8ea404c840 con 0x7f8eb41070b0
2024-04-27T02:43:27.129 INFO:teuthology.orchestra.run.smithi138.stdout:/usr/bin/ceph: stderr
2024-04-27T02:43:26.340+0000 7f8eb37fe700 1 --2- 172.21.15.138:0/4066628422 >> [v2:172.21.15.138:6800/4108291300,v1:172.21.15.138:6801/4108291300] conn(0x7f8e9c0386e0 0x7f8e9c03aba0 unknown :-1 s=BANNER_CONNECTING pgs=0 cs=0 l=1 rev1=0 crypto rx=0 tx=0 comp rx=0 tx=0)._handle_peer_banner_payload supported=3 required=0
2024-04-27T02:43:27.129 INFO:teuthology.orchestra.run.smithi138.stdout:/usr/bin/ceph: stderr
2024-04-27T02:43:26.340+0000 7f8eb37fe700 1 --2- 172.21.15.138:0/4066628422 >> [v2:172.21.15.138:6800/4108291300,v1:172.21.15.138:6801/4108291300] conn(0x7f8e9c0386e0 0x7f8e9c03aba0 secure :-1 s=READY pgs=18 cs=0 l=1 rev1=1 crypto rx=0x7f8ea8006fd0 tx=0x7f8ea8006e40 comp rx=0 tx=0).ready entity=mgr.14120 client_cookie=0 server_cookie=0 in_seq=0 out_seq=0
2024-04-27T02:43:27.129 INFO:teuthology.orchestra.run.smithi138.stdout:/usr/bin/ceph: stderr
2024-04-27T02:43:26.345+0000 7f8eb17fa700 1 -- 172.21.15.138:0/4066628422 <== mon.0 v2:172.21.15.138:3300/0 6 ==== mon_command_ack([{"prefix": "get_command_descriptions"}]=0 v0) v1 ==== 72+0+183351 (secure 0 0 0) 0x7f8ea4022b40 con 0x7f8eb41070b0
2024-04-27T02:43:27.129 INFO:teuthology.orchestra.run.smithi138.stdout:/usr/bin/ceph: stderr
2024-04-27T02:43:26.552+0000 7f8eba276700 1 -- 172.21.15.138:0/4066628422 --> [v2:172.21.15.138:6800/4108291300,v1:172.21.15.138:6801/4108291300] -- mgr_command(tid 0: {"prefix": "orch apply", "service_type": "node-exporter", "target": ["mon-mgr", ""]}) v1 -- 0x7f8eb4101ce0 con 0x7f8e9c0386e0
2024-04-27T02:43:27.129 INFO:teuthology.orchestra.run.smithi138.stdout:/usr/bin/ceph: stderr
2024-04-27T02:43:26.557+0000 7f8eb17fa700 1 -- 172.21.15.138:0/4066628422 <== mgr.14120 v2:172.21.15.138:6800/4108291300 1 ==== mgr_command_reply(tid 0: 0 ) v1 ==== 8+0+34 (secure 0 0 0) 0x7f8eb4101ce0 con 0x7f8e9c0386e0
2024-04-27T02:43:27.129 INFO:teuthology.orchestra.run.smithi138.stdout:/usr/bin/ceph: stderr
2024-04-27T02:43:26.559+0000 7f8eba276700 1 -- 172.21.15.138:0/4066628422 >> [v2:172.21.15.138:6800/4108291300,v1:172.21.15.138:6801/4108291300] conn(0x7f8e9c0386e0 msgr2=0x7f8e9c03aba0 secure :-1 s=STATE_CONNECTION_ESTABLISHED l=1).mark_down
2024-04-27T02:43:27.129 INFO:teuthology.orchestra.run.smithi138.stdout:/usr/bin/ceph: stderr
2024-04-27T02:43:26.559+0000 7f8eba276700 1 --2- 172.21.15.138:0/4066628422 >> [v2:172.21.15.138:6800/4108291300,v1:172.21.15.138:6801/4108291300] conn(0x7f8e9c0386e0 0x7f8e9c03aba0 secure :-1 s=READY pgs=18 cs=0 l=1 rev1=1 crypto rx=0x7f8ea8006fd0 tx=0x7f8ea8006e40 comp rx=0 tx=0).stop
2024-04-27T02:43:27.129 INFO:teuthology.orchestra.run.smithi138.stdout:/usr/bin/ceph: stderr
2024-04-27T02:43:26.559+0000 7f8eba276700 1 -- 172.21.15.138:0/4066628422 >> [v2:172.21.15.138:3300/0,v1:172.21.15.138:6789/0] conn(0x7f8eb41070b0 msgr2=0x7f8eb419a2f0 secure :-1 s=STATE_CONNECTION_ESTABLISHED l=1).mark_down
2024-04-27T02:43:27.129 INFO:teuthology.orchestra.run.smithi138.stdout:/usr/bin/ceph: stderr
2024-04-27T02:43:26.559+0000 7f8eba276700 1 --2- 172.21.15.138:0/4066628422 >> [v2:172.21.15.138:3300/0,v1:172.21.15.138:6789/0] conn(0x7f8eb41070b0 0x7f8eb419a2f0 secure :-1 s=READY pgs=60 cs=0 l=1 rev1=1 crypto rx=0x7f8ea4009fb0 tx=0x7f8ea4011890 comp rx=0 tx=0).stop
2024-04-27T02:43:27.129 INFO:teuthology.orchestra.run.smithi138.stdout:/usr/bin/ceph: stderr
2024-04-27T02:43:26.559+0000 7f8eba276700 1 -- 172.21.15.138:0/4066628422 shutdown_connections
2024-04-27T02:43:27.129 INFO:teuthology.orchestra.run.smithi138.stdout:/usr/bin/ceph: stderr
2024-04-27T02:43:26.559+0000 7f8eba276700 1 --2- 172.21.15.138:0/4066628422 >> [v2:172.21.15.138:6800/4108291300,v1:172.21.15.138:6801/4108291300] conn(0x7f8e9c0386e0 0x7f8e9c03aba0 unknown :-1 s=CLOSED pgs=18 cs=0 l=1 rev1=1 crypto rx=0 tx=0 comp rx=0 tx=0).stop
2024-04-27T02:43:27.129 INFO:teuthology.orchestra.run.smithi138.stdout:/usr/bin/ceph: stderr
2024-04-27T02:43:26.559+0000 7f8eba276700 1 --2- 172.21.15.138:0/4066628422 >> [v2:172.21.15.138:3300/0,v1:172.21.15.138:6789/0] conn(0x7f8eb41070b0 0x7f8eb419a2f0 unknown :-1 s=CLOSED pgs=60 cs=0 l=1 rev1=1 crypto rx=0 tx=0 comp rx=0 tx=0).stop
2024-04-27T02:43:27.130 INFO:teuthology.orchestra.run.smithi138.stdout:/usr/bin/ceph: stderr
2024-04-27T02:43:26.559+0000 7f8eba276700 1 -- 172.21.15.138:0/4066628422 >> 172.21.15.138:0/4066628422 conn(0x7f8eb4100b00 msgr2=0x7f8eb41015d0 unknown :-1 s=STATE_NONE l=0).mark_down
2024-04-27T02:43:27.130 INFO:teuthology.orchestra.run.smithi138.stdout:/usr/bin/ceph: stderr
2024-04-27T02:43:26.559+0000 7f8eba276700 1 -- 172.21.15.138:0/4066628422 shutdown_connections
2024-04-27T02:43:27.130 INFO:teuthology.orchestra.run.smithi138.stdout:/usr/bin/ceph: stderr
2024-04-27T02:43:26.559+0000 7f8eba276700 1 -- 172.21.15.138:0/4066628422 wait complete.
2024-04-27T02:43:27.130 INFO:teuthology.orchestra.run.smithi138.stdout:Deploying alertmanager service with default placement...
2024-04-27T02:43:27.753 INFO:journalctl@ceph.mon.smithi138.smithi138.stdout:Apr 27 02:43:27 smithi138 ceph-mon[26637]: from='client.14154 -' entity='client.admin' cmd=[{"prefix": "orch apply", "service_type": "node-exporter", "target": ["mon-mgr", ""]}]: dispatch
2024-04-27T02:43:27.754 INFO:journalctl@ceph.mon.smithi138.smithi138.stdout:Apr 27 02:43:27 smithi138 ceph-mon[26637]: Saving service node-exporter spec with placement *
2024-04-27T02:43:27.754 INFO:journalctl@ceph.mon.smithi138.smithi138.stdout:Apr 27 02:43:27 smithi138 ceph-mon[26637]: from='mgr.14120 172.21.15.138:0/2988107260' entity='mgr.smithi138.hvlzrc'
2024-04-27T02:43:28.341 INFO:teuthology.orchestra.run.smithi138.stdout:/usr/bin/ceph: stdout Scheduled alertmanager update...
2024-04-27T02:43:28.341 INFO:teuthology.orchestra.run.smithi138.stdout:/usr/bin/ceph: stderr
2024-04-27T02:43:27.555+0000 7f76dd5c3700 1 Processor -- start
2024-04-27T02:43:28.341 INFO:teuthology.orchestra.run.smithi138.stdout:/usr/bin/ceph: stderr
2024-04-27T02:43:27.555+0000 7f76dd5c3700 1 -- start start
2024-04-27T02:43:28.341 INFO:teuthology.orchestra.run.smithi138.stdout:/usr/bin/ceph: stderr
2024-04-27T02:43:27.555+0000 7f76dd5c3700 1 --2- >> [v2:172.21.15.138:3300/0,v1:172.21.15.138:6789/0] conn(0x7f76d81065a0 0x7f76d81069c0 unknown :-1 s=NONE pgs=0 cs=0 l=0 rev1=0 crypto rx=0 tx=0 comp rx=0 tx=0).connect
2024-04-27T02:43:28.341 INFO:teuthology.orchestra.run.smithi138.stdout:/usr/bin/ceph: stderr
2024-04-27T02:43:27.555+0000 7f76dd5c3700 1 -- --> [v2:172.21.15.138:3300/0,v1:172.21.15.138:6789/0] -- mon_getmap magic: 0 v1 -- 0x7f76d8106f90 con 0x7f76d81065a0
2024-04-27T02:43:28.341 INFO:teuthology.orchestra.run.smithi138.stdout:/usr/bin/ceph: stderr
2024-04-27T02:43:27.556+0000 7f76d6ffd700 1 --2- >> [v2:172.21.15.138:3300/0,v1:172.21.15.138:6789/0] conn(0x7f76d81065a0 0x7f76d81069c0 unknown :-1 s=BANNER_CONNECTING pgs=0 cs=0 l=0 rev1=0 crypto rx=0 tx=0 comp rx=0 tx=0)._handle_peer_banner_payload supported=3 required=0
2024-04-27T02:43:28.341 INFO:teuthology.orchestra.run.smithi138.stdout:/usr/bin/ceph: stderr
2024-04-27T02:43:27.556+0000 7f76d6ffd700 1 --2- >> [v2:172.21.15.138:3300/0,v1:172.21.15.138:6789/0] conn(0x7f76d81065a0 0x7f76d81069c0 unknown :-1 s=HELLO_CONNECTING pgs=0 cs=0 l=0 rev1=1 crypto rx=0 tx=0 comp rx=0 tx=0).handle_hello peer v2:172.21.15.138:3300/0 says I am v2:172.21.15.138:59900/0 (socket says 172.21.15.138:59900)
2024-04-27T02:43:28.341 INFO:teuthology.orchestra.run.smithi138.stdout:/usr/bin/ceph: stderr
2024-04-27T02:43:27.556+0000 7f76d6ffd700 1 -- 172.21.15.138:0/1531075955 learned_addr learned my addr 172.21.15.138:0/1531075955 (peer_addr_for_me v2:172.21.15.138:0/0)
2024-04-27T02:43:28.342 INFO:teuthology.orchestra.run.smithi138.stdout:/usr/bin/ceph: stderr
2024-04-27T02:43:27.556+0000 7f76d6ffd700 1 -- 172.21.15.138:0/1531075955 --> [v2:172.21.15.138:3300/0,v1:172.21.15.138:6789/0] -- mon_subscribe({config=0+,monmap=0+}) v3 -- 0x7f76d81077a0 con 0x7f76d81065a0
2024-04-27T02:43:28.342 INFO:teuthology.orchestra.run.smithi138.stdout:/usr/bin/ceph: stderr
2024-04-27T02:43:27.556+0000 7f76d6ffd700 1 --2- 172.21.15.138:0/1531075955 >> [v2:172.21.15.138:3300/0,v1:172.21.15.138:6789/0] conn(0x7f76d81065a0 0x7f76d81069c0 secure :-1 s=READY pgs=61 cs=0 l=1 rev1=1 crypto rx=0x7f76c80098a0 tx=0x7f76c8009bb0 comp rx=0 tx=0).ready entity=mon.0 client_cookie=c113d453f565712c server_cookie=0 in_seq=0 out_seq=0
2024-04-27T02:43:28.342 INFO:teuthology.orchestra.run.smithi138.stdout:/usr/bin/ceph: stderr
2024-04-27T02:43:27.557+0000 7f76d5ffb700 1 -- 172.21.15.138:0/1531075955 <== mon.0 v2:172.21.15.138:3300/0 1 ==== mon_map magic: 0 v1 ==== 229+0+0 (secure 0 0 0) 0x7f76c8004180 con 0x7f76d81065a0
2024-04-27T02:43:28.342 INFO:teuthology.orchestra.run.smithi138.stdout:/usr/bin/ceph: stderr
2024-04-27T02:43:27.557+0000 7f76d5ffb700 1 -- 172.21.15.138:0/1531075955 <== mon.0 v2:172.21.15.138:3300/0 2 ==== config(27 keys) v1 ==== 1109+0+0 (secure 0 0 0) 0x7f76c80042e0 con 0x7f76d81065a0
2024-04-27T02:43:28.342 INFO:teuthology.orchestra.run.smithi138.stdout:/usr/bin/ceph: stderr
2024-04-27T02:43:27.557+0000 7f76d5ffb700 1 -- 172.21.15.138:0/1531075955 <== mon.0 v2:172.21.15.138:3300/0 3 ==== mon_map magic: 0 v1 ==== 229+0+0 (secure 0 0 0) 0x7f76c8011b10 con 0x7f76d81065a0
2024-04-27T02:43:28.342 INFO:teuthology.orchestra.run.smithi138.stdout:/usr/bin/ceph: stderr
2024-04-27T02:43:27.558+0000 7f76dd5c3700 1 -- 172.21.15.138:0/1531075955 >> [v2:172.21.15.138:3300/0,v1:172.21.15.138:6789/0] conn(0x7f76d81065a0 msgr2=0x7f76d81069c0 secure :-1 s=STATE_CONNECTION_ESTABLISHED l=1).mark_down
2024-04-27T02:43:28.342 INFO:teuthology.orchestra.run.smithi138.stdout:/usr/bin/ceph: stderr
2024-04-27T02:43:27.558+0000 7f76dd5c3700 1 --2- 172.21.15.138:0/1531075955 >> [v2:172.21.15.138:3300/0,v1:172.21.15.138:6789/0] conn(0x7f76d81065a0 0x7f76d81069c0 secure :-1 s=READY pgs=61 cs=0 l=1 rev1=1 crypto rx=0x7f76c80098a0 tx=0x7f76c8009bb0 comp rx=0 tx=0).stop
2024-04-27T02:43:28.342 INFO:teuthology.orchestra.run.smithi138.stdout:/usr/bin/ceph: stderr
2024-04-27T02:43:27.558+0000 7f76dd5c3700 1 -- 172.21.15.138:0/1531075955 shutdown_connections
2024-04-27T02:43:28.342 INFO:teuthology.orchestra.run.smithi138.stdout:/usr/bin/ceph: stderr
2024-04-27T02:43:27.558+0000 7f76dd5c3700 1 --2- 172.21.15.138:0/1531075955 >> [v2:172.21.15.138:3300/0,v1:172.21.15.138:6789/0] conn(0x7f76d81065a0 0x7f76d81069c0 unknown :-1 s=CLOSED pgs=61 cs=0 l=1 rev1=1 crypto rx=0 tx=0 comp rx=0 tx=0).stop
2024-04-27T02:43:28.342 INFO:teuthology.orchestra.run.smithi138.stdout:/usr/bin/ceph: stderr
2024-04-27T02:43:27.558+0000 7f76dd5c3700 1 -- 172.21.15.138:0/1531075955 >> 172.21.15.138:0/1531075955 conn(0x7f76d8101ba0 msgr2=0x7f76d8103fc0 unknown :-1 s=STATE_NONE l=0).mark_down
2024-04-27T02:43:28.342 INFO:teuthology.orchestra.run.smithi138.stdout:/usr/bin/ceph: stderr
2024-04-27T02:43:27.558+0000 7f76dd5c3700 1 -- 172.21.15.138:0/1531075955 shutdown_connections
2024-04-27T02:43:28.342 INFO:teuthology.orchestra.run.smithi138.stdout:/usr/bin/ceph: stderr
2024-04-27T02:43:27.558+0000 7f76dd5c3700 1 -- 172.21.15.138:0/1531075955 wait complete.
2024-04-27T02:43:28.343 INFO:teuthology.orchestra.run.smithi138.stdout:/usr/bin/ceph: stderr
2024-04-27T02:43:27.558+0000 7f76dd5c3700 1 Processor -- start
2024-04-27T02:43:28.343 INFO:teuthology.orchestra.run.smithi138.stdout:/usr/bin/ceph: stderr
2024-04-27T02:43:27.559+0000 7f76dd5c3700 1 -- start start
2024-04-27T02:43:28.343 INFO:teuthology.orchestra.run.smithi138.stdout:/usr/bin/ceph: stderr
2024-04-27T02:43:27.559+0000 7f76dd5c3700 1 --2- >> [v2:172.21.15.138:3300/0,v1:172.21.15.138:6789/0] conn(0x7f76d81065a0 0x7f76d819a400 unknown :-1 s=NONE pgs=0 cs=0 l=1 rev1=0 crypto rx=0 tx=0 comp rx=0 tx=0).connect
2024-04-27T02:43:28.343 INFO:teuthology.orchestra.run.smithi138.stdout:/usr/bin/ceph: stderr
2024-04-27T02:43:27.559+0000 7f76dd5c3700 1 -- --> [v2:172.21.15.138:3300/0,v1:172.21.15.138:6789/0] -- mon_getmap magic: 0 v1 -- 0x7f76d819a940 con 0x7f76d81065a0
2024-04-27T02:43:28.343 INFO:teuthology.orchestra.run.smithi138.stdout:/usr/bin/ceph: stderr
2024-04-27T02:43:27.559+0000 7f76d6ffd700 1 --2- >> [v2:172.21.15.138:3300/0,v1:172.21.15.138:6789/0] conn(0x7f76d81065a0 0x7f76d819a400 unknown :-1 s=BANNER_CONNECTING pgs=0 cs=0 l=1 rev1=0 crypto rx=0 tx=0 comp rx=0 tx=0)._handle_peer_banner_payload supported=3 required=0
2024-04-27T02:43:28.343 INFO:teuthology.orchestra.run.smithi138.stdout:/usr/bin/ceph: stderr
2024-04-27T02:43:27.559+0000 7f76d6ffd700 1 --2- >> [v2:172.21.15.138:3300/0,v1:172.21.15.138:6789/0] conn(0x7f76d81065a0 0x7f76d819a400 unknown :-1 s=HELLO_CONNECTING pgs=0 cs=0 l=1 rev1=1 crypto rx=0 tx=0 comp rx=0 tx=0).handle_hello peer v2:172.21.15.138:3300/0 says I am v2:172.21.15.138:59904/0 (socket says 172.21.15.138:59904)
2024-04-27T02:43:28.343 INFO:teuthology.orchestra.run.smithi138.stdout:/usr/bin/ceph: stderr
2024-04-27T02:43:27.559+0000 7f76d6ffd700 1 -- 172.21.15.138:0/3708253239 learned_addr learned my addr 172.21.15.138:0/3708253239 (peer_addr_for_me v2:172.21.15.138:0/0)
2024-04-27T02:43:28.343 INFO:teuthology.orchestra.run.smithi138.stdout:/usr/bin/ceph: stderr
2024-04-27T02:43:27.559+0000 7f76d6ffd700 1 -- 172.21.15.138:0/3708253239 --> [v2:172.21.15.138:3300/0,v1:172.21.15.138:6789/0] -- mon_subscribe({config=0+,monmap=0+}) v3 -- 0x7f76c8009550 con 0x7f76d81065a0
2024-04-27T02:43:28.343 INFO:teuthology.orchestra.run.smithi138.stdout:/usr/bin/ceph: stderr
2024-04-27T02:43:27.559+0000 7f76d6ffd700 1 --2- 172.21.15.138:0/3708253239 >> [v2:172.21.15.138:3300/0,v1:172.21.15.138:6789/0] conn(0x7f76d81065a0 0x7f76d819a400 secure :-1 s=READY pgs=62 cs=0 l=1 rev1=1 crypto rx=0x7f76c8000c00 tx=0x7f76c8011890 comp rx=0 tx=0).ready entity=mon.0 client_cookie=0 server_cookie=0 in_seq=0 out_seq=0
2024-04-27T02:43:28.343 INFO:teuthology.orchestra.run.smithi138.stdout:/usr/bin/ceph: stderr
2024-04-27T02:43:27.560+0000 7f76bffff700 1 -- 172.21.15.138:0/3708253239 <== mon.0 v2:172.21.15.138:3300/0 1 ==== mon_map magic: 0 v1 ==== 229+0+0 (secure 0 0 0) 0x7f76c80038b0 con 0x7f76d81065a0
2024-04-27T02:43:28.343 INFO:teuthology.orchestra.run.smithi138.stdout:/usr/bin/ceph: stderr
