2024-04-27T02:43:45.872 INFO:teuthology.orchestra.run.smithi138.stdout:/usr/bin/ceph: stderr
2024-04-27T02:43:45.320+0000 7fd1bbfe4700 1 -- 172.21.15.138:0/1623393091 shutdown_connections
2024-04-27T02:43:45.872 INFO:teuthology.orchestra.run.smithi138.stdout:/usr/bin/ceph: stderr
2024-04-27T02:43:45.320+0000 7fd1bbfe4700 1 -- 172.21.15.138:0/1623393091 wait complete.
2024-04-27T02:43:45.875 INFO:teuthology.orchestra.run.smithi138.stdout:Non-zero exit code 1 from systemctl is-enabled firewalld.service
2024-04-27T02:43:45.875 INFO:teuthology.orchestra.run.smithi138.stdout:systemctl: stdout disabled
2024-04-27T02:43:45.881 INFO:teuthology.orchestra.run.smithi138.stdout:Non-zero exit code 3 from systemctl is-active firewalld.service
2024-04-27T02:43:45.882 INFO:teuthology.orchestra.run.smithi138.stdout:systemctl: stdout inactive
2024-04-27T02:43:45.882 INFO:teuthology.orchestra.run.smithi138.stdout:firewalld.service is not enabled
2024-04-27T02:43:45.882 INFO:teuthology.orchestra.run.smithi138.stdout:Not possible to open ports <[8443]>. firewalld.service is not available
2024-04-27T02:43:45.883 INFO:teuthology.orchestra.run.smithi138.stdout:Ceph Dashboard is now available at:
2024-04-27T02:43:45.883 INFO:teuthology.orchestra.run.smithi138.stdout:
2024-04-27T02:43:45.883 INFO:teuthology.orchestra.run.smithi138.stdout: URL: https://smithi138:8443/
2024-04-27T02:43:45.883 INFO:teuthology.orchestra.run.smithi138.stdout: User: admin
2024-04-27T02:43:45.883 INFO:teuthology.orchestra.run.smithi138.stdout: Password: vc3w2luc6s
2024-04-27T02:43:45.883 INFO:teuthology.orchestra.run.smithi138.stdout:
2024-04-27T02:43:45.884 INFO:teuthology.orchestra.run.smithi138.stdout:Saving cluster configuration to /var/lib/ceph/a308d3e2-043f-11ef-bc93-c7b262605968/config directory
2024-04-27T02:43:45.884 INFO:teuthology.orchestra.run.smithi138.stdout:Enabling autotune for osd_memory_target
2024-04-27T02:43:46.833 INFO:journalctl@ceph.mon.smithi138.smithi138.stdout:Apr 27 02:43:46 smithi138 ceph-mon[26637]: mgrmap e13: smithi138.hvlzrc(active, since 6s)
2024-04-27T02:43:47.124 INFO:teuthology.orchestra.run.smithi138.stdout:/usr/bin/ceph: stderr
2024-04-27T02:43:46.332+0000 7f73a7e08700 1 Processor -- start
2024-04-27T02:43:47.125 INFO:teuthology.orchestra.run.smithi138.stdout:/usr/bin/ceph: stderr
2024-04-27T02:43:46.333+0000 7f73a7e08700 1 -- start start
2024-04-27T02:43:47.125 INFO:teuthology.orchestra.run.smithi138.stdout:/usr/bin/ceph: stderr
2024-04-27T02:43:46.333+0000 7f73a7e08700 1 --2- >> [v2:172.21.15.138:3300/0,v1:172.21.15.138:6789/0] conn(0x7f73a01070b0 0x7f73a01094a0 unknown :-1 s=NONE pgs=0 cs=0 l=0 rev1=0 crypto rx=0 tx=0 comp rx=0 tx=0).connect
2024-04-27T02:43:47.125 INFO:teuthology.orchestra.run.smithi138.stdout:/usr/bin/ceph: stderr
2024-04-27T02:43:46.333+0000 7f73a7e08700 1 -- --> [v2:172.21.15.138:3300/0,v1:172.21.15.138:6789/0] -- mon_getmap magic: 0 v1 -- 0x7f73a0079e50 con 0x7f73a01070b0
2024-04-27T02:43:47.125 INFO:teuthology.orchestra.run.smithi138.stdout:/usr/bin/ceph: stderr
2024-04-27T02:43:46.333+0000 7f73a5ba4700 1 --2- >> [v2:172.21.15.138:3300/0,v1:172.21.15.138:6789/0] conn(0x7f73a01070b0 0x7f73a01094a0 unknown :-1 s=BANNER_CONNECTING pgs=0 cs=0 l=0 rev1=0 crypto rx=0 tx=0 comp rx=0 tx=0)._handle_peer_banner_payload supported=3 required=0
2024-04-27T02:43:47.125 INFO:teuthology.orchestra.run.smithi138.stdout:/usr/bin/ceph: stderr
2024-04-27T02:43:46.333+0000 7f73a5ba4700 1 --2- >> [v2:172.21.15.138:3300/0,v1:172.21.15.138:6789/0] conn(0x7f73a01070b0 0x7f73a01094a0 unknown :-1 s=HELLO_CONNECTING pgs=0 cs=0 l=0 rev1=1 crypto rx=0 tx=0 comp rx=0 tx=0).handle_hello peer v2:172.21.15.138:3300/0 says I am v2:172.21.15.138:50062/0 (socket says 172.21.15.138:50062)
2024-04-27T02:43:47.125 INFO:teuthology.orchestra.run.smithi138.stdout:/usr/bin/ceph: stderr
2024-04-27T02:43:46.333+0000 7f73a5ba4700 1 -- 172.21.15.138:0/634170487 learned_addr learned my addr 172.21.15.138:0/634170487 (peer_addr_for_me v2:172.21.15.138:0/0)
2024-04-27T02:43:47.125 INFO:teuthology.orchestra.run.smithi138.stdout:/usr/bin/ceph: stderr
2024-04-27T02:43:46.333+0000 7f73a5ba4700 1 -- 172.21.15.138:0/634170487 --> [v2:172.21.15.138:3300/0,v1:172.21.15.138:6789/0] -- mon_subscribe({config=0+,monmap=0+}) v3 -- 0x7f73a01099e0 con 0x7f73a01070b0
2024-04-27T02:43:47.125 INFO:teuthology.orchestra.run.smithi138.stdout:/usr/bin/ceph: stderr
2024-04-27T02:43:46.333+0000 7f73a5ba4700 1 --2- 172.21.15.138:0/634170487 >> [v2:172.21.15.138:3300/0,v1:172.21.15.138:6789/0] conn(0x7f73a01070b0 0x7f73a01094a0 secure :-1 s=READY pgs=88 cs=0 l=1 rev1=1 crypto rx=0x7f73900098a0 tx=0x7f7390009bb0 comp rx=0 tx=0).ready entity=mon.0 client_cookie=b837de5c56f26664 server_cookie=0 in_seq=0 out_seq=0
2024-04-27T02:43:47.125 INFO:teuthology.orchestra.run.smithi138.stdout:/usr/bin/ceph: stderr
2024-04-27T02:43:46.334+0000 7f73a4ba2700 1 -- 172.21.15.138:0/634170487 <== mon.0 v2:172.21.15.138:3300/0 1 ==== mon_map magic: 0 v1 ==== 229+0+0 (secure 0 0 0) 0x7f7390004180 con 0x7f73a01070b0
2024-04-27T02:43:47.125 INFO:teuthology.orchestra.run.smithi138.stdout:/usr/bin/ceph: stderr
2024-04-27T02:43:46.334+0000 7f73a4ba2700 1 -- 172.21.15.138:0/634170487 <== mon.0 v2:172.21.15.138:3300/0 2 ==== config(27 keys) v1 ==== 1109+0+0 (secure 0 0 0) 0x7f73900042e0 con 0x7f73a01070b0
2024-04-27T02:43:47.125 INFO:teuthology.orchestra.run.smithi138.stdout:/usr/bin/ceph: stderr
2024-04-27T02:43:46.334+0000 7f73a4ba2700 1 -- 172.21.15.138:0/634170487 <== mon.0 v2:172.21.15.138:3300/0 3 ==== mon_map magic: 0 v1 ==== 229+0+0 (secure 0 0 0) 0x7f7390011b10 con 0x7f73a01070b0
2024-04-27T02:43:47.125 INFO:teuthology.orchestra.run.smithi138.stdout:/usr/bin/ceph: stderr
2024-04-27T02:43:46.334+0000 7f73a7e08700 1 -- 172.21.15.138:0/634170487 >> [v2:172.21.15.138:3300/0,v1:172.21.15.138:6789/0] conn(0x7f73a01070b0 msgr2=0x7f73a01094a0 secure :-1 s=STATE_CONNECTION_ESTABLISHED l=1).mark_down
2024-04-27T02:43:47.126 INFO:teuthology.orchestra.run.smithi138.stdout:/usr/bin/ceph: stderr
2024-04-27T02:43:46.334+0000 7f73a7e08700 1 --2- 172.21.15.138:0/634170487 >> [v2:172.21.15.138:3300/0,v1:172.21.15.138:6789/0] conn(0x7f73a01070b0 0x7f73a01094a0 secure :-1 s=READY pgs=88 cs=0 l=1 rev1=1 crypto rx=0x7f73900098a0 tx=0x7f7390009bb0 comp rx=0 tx=0).stop
2024-04-27T02:43:47.126 INFO:teuthology.orchestra.run.smithi138.stdout:/usr/bin/ceph: stderr
2024-04-27T02:43:46.334+0000 7f73a7e08700 1 -- 172.21.15.138:0/634170487 shutdown_connections
2024-04-27T02:43:47.126 INFO:teuthology.orchestra.run.smithi138.stdout:/usr/bin/ceph: stderr
2024-04-27T02:43:46.334+0000 7f73a7e08700 1 --2- 172.21.15.138:0/634170487 >> [v2:172.21.15.138:3300/0,v1:172.21.15.138:6789/0] conn(0x7f73a01070b0 0x7f73a01094a0 unknown :-1 s=CLOSED pgs=88 cs=0 l=1 rev1=1 crypto rx=0 tx=0 comp rx=0 tx=0).stop
2024-04-27T02:43:47.126 INFO:teuthology.orchestra.run.smithi138.stdout:/usr/bin/ceph: stderr
2024-04-27T02:43:46.334+0000 7f73a7e08700 1 -- 172.21.15.138:0/634170487 >> 172.21.15.138:0/634170487 conn(0x7f73a0100ae0 msgr2=0x7f73a0102f00 unknown :-1 s=STATE_NONE l=0).mark_down
2024-04-27T02:43:47.126 INFO:teuthology.orchestra.run.smithi138.stdout:/usr/bin/ceph: stderr
2024-04-27T02:43:46.334+0000 7f73a7e08700 1 -- 172.21.15.138:0/634170487 shutdown_connections
2024-04-27T02:43:47.126 INFO:teuthology.orchestra.run.smithi138.stdout:/usr/bin/ceph: stderr
2024-04-27T02:43:46.334+0000 7f73a7e08700 1 -- 172.21.15.138:0/634170487 wait complete.
2024-04-27T02:43:47.126 INFO:teuthology.orchestra.run.smithi138.stdout:/usr/bin/ceph: stderr
2024-04-27T02:43:46.335+0000 7f73a7e08700 1 Processor -- start
2024-04-27T02:43:47.126 INFO:teuthology.orchestra.run.smithi138.stdout:/usr/bin/ceph: stderr
2024-04-27T02:43:46.335+0000 7f73a7e08700 1 -- start start
2024-04-27T02:43:47.126 INFO:teuthology.orchestra.run.smithi138.stdout:/usr/bin/ceph: stderr
2024-04-27T02:43:46.335+0000 7f73a7e08700 1 --2- >> [v2:172.21.15.138:3300/0,v1:172.21.15.138:6789/0] conn(0x7f73a01070b0 0x7f73a019a300 unknown :-1 s=NONE pgs=0 cs=0 l=1 rev1=0 crypto rx=0 tx=0 comp rx=0 tx=0).connect
2024-04-27T02:43:47.126 INFO:teuthology.orchestra.run.smithi138.stdout:/usr/bin/ceph: stderr
2024-04-27T02:43:46.335+0000 7f73a7e08700 1 -- --> [v2:172.21.15.138:3300/0,v1:172.21.15.138:6789/0] -- mon_getmap magic: 0 v1 -- 0x7f73a019a840 con 0x7f73a01070b0
2024-04-27T02:43:47.126 INFO:teuthology.orchestra.run.smithi138.stdout:/usr/bin/ceph: stderr
2024-04-27T02:43:46.335+0000 7f73a5ba4700 1 --2- >> [v2:172.21.15.138:3300/0,v1:172.21.15.138:6789/0] conn(0x7f73a01070b0 0x7f73a019a300 unknown :-1 s=BANNER_CONNECTING pgs=0 cs=0 l=1 rev1=0 crypto rx=0 tx=0 comp rx=0 tx=0)._handle_peer_banner_payload supported=3 required=0
2024-04-27T02:43:47.126 INFO:teuthology.orchestra.run.smithi138.stdout:/usr/bin/ceph: stderr
2024-04-27T02:43:46.335+0000 7f73a5ba4700 1 --2- >> [v2:172.21.15.138:3300/0,v1:172.21.15.138:6789/0] conn(0x7f73a01070b0 0x7f73a019a300 unknown :-1 s=HELLO_CONNECTING pgs=0 cs=0 l=1 rev1=1 crypto rx=0 tx=0 comp rx=0 tx=0).handle_hello peer v2:172.21.15.138:3300/0 says I am v2:172.21.15.138:50072/0 (socket says 172.21.15.138:50072)
2024-04-27T02:43:47.127 INFO:teuthology.orchestra.run.smithi138.stdout:/usr/bin/ceph: stderr
2024-04-27T02:43:46.335+0000 7f73a5ba4700 1 -- 172.21.15.138:0/3913007912 learned_addr learned my addr 172.21.15.138:0/3913007912 (peer_addr_for_me v2:172.21.15.138:0/0)
2024-04-27T02:43:47.127 INFO:teuthology.orchestra.run.smithi138.stdout:/usr/bin/ceph: stderr
2024-04-27T02:43:46.335+0000 7f73a5ba4700 1 -- 172.21.15.138:0/3913007912 --> [v2:172.21.15.138:3300/0,v1:172.21.15.138:6789/0] -- mon_subscribe({config=0+,monmap=0+}) v3 -- 0x7f7390009550 con 0x7f73a01070b0
2024-04-27T02:43:47.127 INFO:teuthology.orchestra.run.smithi138.stdout:/usr/bin/ceph: stderr
2024-04-27T02:43:46.335+0000 7f73a5ba4700 1 --2- 172.21.15.138:0/3913007912 >> [v2:172.21.15.138:3300/0,v1:172.21.15.138:6789/0] conn(0x7f73a01070b0 0x7f73a019a300 secure :-1 s=READY pgs=89 cs=0 l=1 rev1=1 crypto rx=0x7f7390009fb0 tx=0x7f7390011890 comp rx=0 tx=0).ready entity=mon.0 client_cookie=0 server_cookie=0 in_seq=0 out_seq=0
2024-04-27T02:43:47.127 INFO:teuthology.orchestra.run.smithi138.stdout:/usr/bin/ceph: stderr
2024-04-27T02:43:46.336+0000 7f7396ffd700 1 -- 172.21.15.138:0/3913007912 <== mon.0 v2:172.21.15.138:3300/0 1 ==== mon_map magic: 0 v1 ==== 229+0+0 (secure 0 0 0) 0x7f73900038b0 con 0x7f73a01070b0
2024-04-27T02:43:47.127 INFO:teuthology.orchestra.run.smithi138.stdout:/usr/bin/ceph: stderr
2024-04-27T02:43:46.336+0000 7f7396ffd700 1 -- 172.21.15.138:0/3913007912 <== mon.0 v2:172.21.15.138:3300/0 2 ==== config(27 keys) v1 ==== 1109+0+0 (secure 0 0 0) 0x7f7390003a10 con 0x7f73a01070b0
2024-04-27T02:43:47.127 INFO:teuthology.orchestra.run.smithi138.stdout:/usr/bin/ceph: stderr
2024-04-27T02:43:46.336+0000 7f73a7e08700 1 -- 172.21.15.138:0/3913007912 --> [v2:172.21.15.138:3300/0,v1:172.21.15.138:6789/0] -- mon_subscribe({mgrmap=0+}) v3 -- 0x7f73a019aa40 con 0x7f73a01070b0
2024-04-27T02:43:47.127 INFO:teuthology.orchestra.run.smithi138.stdout:/usr/bin/ceph: stderr
2024-04-27T02:43:46.336+0000 7f7396ffd700 1 -- 172.21.15.138:0/3913007912 <== mon.0 v2:172.21.15.138:3300/0 3 ==== mon_map magic: 0 v1 ==== 229+0+0 (secure 0 0 0) 0x7f7390019750 con 0x7f73a01070b0
2024-04-27T02:43:47.127 INFO:teuthology.orchestra.run.smithi138.stdout:/usr/bin/ceph: stderr
2024-04-27T02:43:46.336+0000 7f73a7e08700 1 -- 172.21.15.138:0/3913007912 --> [v2:172.21.15.138:3300/0,v1:172.21.15.138:6789/0] -- mon_subscribe({osdmap=0}) v3 -- 0x7f73a019aee0 con 0x7f73a01070b0
2024-04-27T02:43:47.127 INFO:teuthology.orchestra.run.smithi138.stdout:/usr/bin/ceph: stderr
2024-04-27T02:43:46.336+0000 7f7396ffd700 1 -- 172.21.15.138:0/3913007912 <== mon.0 v2:172.21.15.138:3300/0 4 ==== mgrmap(e 13) v1 ==== 45613+0+0 (secure 0 0 0) 0x7f73900199c0 con 0x7f73a01070b0
2024-04-27T02:43:47.127 INFO:teuthology.orchestra.run.smithi138.stdout:/usr/bin/ceph: stderr
2024-04-27T02:43:46.336+0000 7f73a7e08700 1 -- 172.21.15.138:0/3913007912 --> [v2:172.21.15.138:3300/0,v1:172.21.15.138:6789/0] -- mon_command({"prefix": "get_command_descriptions"} v 0) v1 -- 0x7f73a010a720 con 0x7f73a01070b0
2024-04-27T02:43:47.127 INFO:teuthology.orchestra.run.smithi138.stdout:/usr/bin/ceph: stderr
2024-04-27T02:43:46.337+0000 7f7396ffd700 1 --2- 172.21.15.138:0/3913007912 >> [v2:172.21.15.138:6800/4019218025,v1:172.21.15.138:6801/4019218025] conn(0x7f738c0387d0 0x7f738c03ac90 unknown :-1 s=NONE pgs=0 cs=0 l=1 rev1=0 crypto rx=0 tx=0 comp rx=0 tx=0).connect
2024-04-27T02:43:47.127 INFO:teuthology.orchestra.run.smithi138.stdout:/usr/bin/ceph: stderr
2024-04-27T02:43:46.337+0000 7f7396ffd700 1 -- 172.21.15.138:0/3913007912 <== mon.0 v2:172.21.15.138:3300/0 5 ==== osd_map(3..3 src has 1..3) v4 ==== 1155+0+0 (secure 0 0 0) 0x7f739004cb00 con 0x7f73a01070b0
2024-04-27T02:43:47.127 INFO:teuthology.orchestra.run.smithi138.stdout:/usr/bin/ceph: stderr
2024-04-27T02:43:46.337+0000 7f73a53a3700 1 --2- 172.21.15.138:0/3913007912 >> [v2:172.21.15.138:6800/4019218025,v1:172.21.15.138:6801/4019218025] conn(0x7f738c0387d0 0x7f738c03ac90 unknown :-1 s=BANNER_CONNECTING pgs=0 cs=0 l=1 rev1=0 crypto rx=0 tx=0 comp rx=0 tx=0)._handle_peer_banner_payload supported=3 required=0
2024-04-27T02:43:47.128 INFO:teuthology.orchestra.run.smithi138.stdout:/usr/bin/ceph: stderr
2024-04-27T02:43:46.337+0000 7f73a53a3700 1 --2- 172.21.15.138:0/3913007912 >> [v2:172.21.15.138:6800/4019218025,v1:172.21.15.138:6801/4019218025] conn(0x7f738c0387d0 0x7f738c03ac90 secure :-1 s=READY pgs=10 cs=0 l=1 rev1=1 crypto rx=0x7f739c006fd0 tx=0x7f739c006e40 comp rx=0 tx=0).ready entity=mgr.14164 client_cookie=0 server_cookie=0 in_seq=0 out_seq=0
2024-04-27T02:43:47.128 INFO:teuthology.orchestra.run.smithi138.stdout:/usr/bin/ceph: stderr
2024-04-27T02:43:46.341+0000 7f7396ffd700 1 -- 172.21.15.138:0/3913007912 <== mon.0 v2:172.21.15.138:3300/0 6 ==== mon_command_ack([{"prefix": "get_command_descriptions"}]=0 v0) v1 ==== 72+0+183351 (secure 0 0 0) 0x7f7390022780 con 0x7f73a01070b0
2024-04-27T02:43:47.128 INFO:teuthology.orchestra.run.smithi138.stdout:/usr/bin/ceph: stderr
2024-04-27T02:43:46.537+0000 7f73a7e08700 1 -- 172.21.15.138:0/3913007912 --> [v2:172.21.15.138:3300/0,v1:172.21.15.138:6789/0] -- mon_command([{prefix=config set, name=osd_memory_target_autotune}] v 0) v1 -- 0x7f73a010a960 con 0x7f73a01070b0
2024-04-27T02:43:47.128 INFO:teuthology.orchestra.run.smithi138.stdout:/usr/bin/ceph: stderr
2024-04-27T02:43:46.537+0000 7f7396ffd700 1 -- 172.21.15.138:0/3913007912 <== mon.0 v2:172.21.15.138:3300/0 7 ==== mon_command_ack([{prefix=config set, name=osd_memory_target_autotune}]=0 v8)=0 v8) v1 ==== 127+0+0 (secure 0 0 0) 0x7f7390022780 con 0x7f73a01070b0
2024-04-27T02:43:47.128 INFO:teuthology.orchestra.run.smithi138.stdout:/usr/bin/ceph: stderr
2024-04-27T02:43:46.539+0000 7f73a7e08700 1 -- 172.21.15.138:0/3913007912 >> [v2:172.21.15.138:6800/4019218025,v1:172.21.15.138:6801/4019218025] conn(0x7f738c0387d0 msgr2=0x7f738c03ac90 secure :-1 s=STATE_CONNECTION_ESTABLISHED l=1).mark_down
2024-04-27T02:43:47.128 INFO:teuthology.orchestra.run.smithi138.stdout:/usr/bin/ceph: stderr
2024-04-27T02:43:46.539+0000 7f73a7e08700 1 --2- 172.21.15.138:0/3913007912 >> [v2:172.21.15.138:6800/4019218025,v1:172.21.15.138:6801/4019218025] conn(0x7f738c0387d0 0x7f738c03ac90 secure :-1 s=READY pgs=10 cs=0 l=1 rev1=1 crypto rx=0x7f739c006fd0 tx=0x7f739c006e40 comp rx=0 tx=0).stop
2024-04-27T02:43:47.128 INFO:teuthology.orchestra.run.smithi138.stdout:/usr/bin/ceph: stderr
2024-04-27T02:43:46.539+0000 7f73a7e08700 1 -- 172.21.15.138:0/3913007912 >> [v2:172.21.15.138:3300/0,v1:172.21.15.138:6789/0] conn(0x7f73a01070b0 msgr2=0x7f73a019a300 secure :-1 s=STATE_CONNECTION_ESTABLISHED l=1).mark_down
2024-04-27T02:43:47.128 INFO:teuthology.orchestra.run.smithi138.stdout:/usr/bin/ceph: stderr
2024-04-27T02:43:46.539+0000 7f73a7e08700 1 --2- 172.21.15.138:0/3913007912 >> [v2:172.21.15.138:3300/0,v1:172.21.15.138:6789/0] conn(0x7f73a01070b0 0x7f73a019a300 secure :-1 s=READY pgs=89 cs=0 l=1 rev1=1 crypto rx=0x7f7390009fb0 tx=0x7f7390011890 comp rx=0 tx=0).stop
2024-04-27T02:43:47.128 INFO:teuthology.orchestra.run.smithi138.stdout:/usr/bin/ceph: stderr
2024-04-27T02:43:46.539+0000 7f73a7e08700 1 -- 172.21.15.138:0/3913007912 shutdown_connections
2024-04-27T02:43:47.128 INFO:teuthology.orchestra.run.smithi138.stdout:/usr/bin/ceph: stderr
2024-04-27T02:43:46.539+0000 7f73a7e08700 1 --2- 172.21.15.138:0/3913007912 >> [v2:172.21.15.138:6800/4019218025,v1:172.21.15.138:6801/4019218025] conn(0x7f738c0387d0 0x7f738c03ac90 unknown :-1 s=CLOSED pgs=10 cs=0 l=1 rev1=1 crypto rx=0 tx=0 comp rx=0 tx=0).stop
2024-04-27T02:43:47.128 INFO:teuthology.orchestra.run.smithi138.stdout:/usr/bin/ceph: stderr
2024-04-27T02:43:46.539+0000 7f73a7e08700 1 --2- 172.21.15.138:0/3913007912 >> [v2:172.21.15.138:3300/0,v1:172.21.15.138:6789/0] conn(0x7f73a01070b0 0x7f73a019a300 unknown :-1 s=CLOSED pgs=89 cs=0 l=1 rev1=1 crypto rx=0 tx=0 comp rx=0 tx=0).stop
2024-04-27T02:43:47.128 INFO:teuthology.orchestra.run.smithi138.stdout:/usr/bin/ceph: stderr
2024-04-27T02:43:46.539+0000 7f73a7e08700 1 -- 172.21.15.138:0/3913007912 >> 172.21.15.138:0/3913007912 conn(0x7f73a0100ae0 msgr2=0x7f73a01015d0 unknown :-1 s=STATE_NONE l=0).mark_down
2024-04-27T02:43:47.128 INFO:teuthology.orchestra.run.smithi138.stdout:/usr/bin/ceph: stderr
2024-04-27T02:43:46.540+0000 7f73a7e08700 1 -- 172.21.15.138:0/3913007912 shutdown_connections
2024-04-27T02:43:47.128 INFO:teuthology.orchestra.run.smithi138.stdout:/usr/bin/ceph: stderr
2024-04-27T02:43:46.540+0000 7f73a7e08700 1 -- 172.21.15.138:0/3913007912 wait complete.
2024-04-27T02:43:48.483 INFO:teuthology.orchestra.run.smithi138.stdout:/usr/bin/ceph: stderr
2024-04-27T02:43:47.581+0000 7f3b9ba55700 1 Processor -- start
2024-04-27T02:43:48.483 INFO:teuthology.orchestra.run.smithi138.stdout:/usr/bin/ceph: stderr
2024-04-27T02:43:47.582+0000 7f3b9ba55700 1 -- start start
2024-04-27T02:43:48.483 INFO:teuthology.orchestra.run.smithi138.stdout:/usr/bin/ceph: stderr
2024-04-27T02:43:47.582+0000 7f3b9ba55700 1 --2- >> [v2:172.21.15.138:3300/0,v1:172.21.15.138:6789/0] conn(0x7f3b941054a0 0x7f3b941058c0 unknown :-1 s=NONE pgs=0 cs=0 l=0 rev1=0 crypto rx=0 tx=0 comp rx=0 tx=0).connect
2024-04-27T02:43:48.484 INFO:teuthology.orchestra.run.smithi138.stdout:/usr/bin/ceph: stderr
2024-04-27T02:43:47.582+0000 7f3b9ba55700 1 -- --> [v2:172.21.15.138:3300/0,v1:172.21.15.138:6789/0] -- mon_getmap magic: 0 v1 -- 0x7f3b94105e90 con 0x7f3b941054a0
2024-04-27T02:43:48.484 INFO:teuthology.orchestra.run.smithi138.stdout:/usr/bin/ceph: stderr
2024-04-27T02:43:47.582+0000 7f3b997f1700 1 --2- >> [v2:172.21.15.138:3300/0,v1:172.21.15.138:6789/0] conn(0x7f3b941054a0 0x7f3b941058c0 unknown :-1 s=BANNER_CONNECTING pgs=0 cs=0 l=0 rev1=0 crypto rx=0 tx=0 comp rx=0 tx=0)._handle_peer_banner_payload supported=3 required=0
2024-04-27T02:43:48.484 INFO:teuthology.orchestra.run.smithi138.stdout:/usr/bin/ceph: stderr
2024-04-27T02:43:47.582+0000 7f3b997f1700 1 --2- >> [v2:172.21.15.138:3300/0,v1:172.21.15.138:6789/0] conn(0x7f3b941054a0 0x7f3b941058c0 unknown :-1 s=HELLO_CONNECTING pgs=0 cs=0 l=0 rev1=1 crypto rx=0 tx=0 comp rx=0 tx=0).handle_hello peer v2:172.21.15.138:3300/0 says I am v2:172.21.15.138:50078/0 (socket says 172.21.15.138:50078)
2024-04-27T02:43:48.484 INFO:teuthology.orchestra.run.smithi138.stdout:/usr/bin/ceph: stderr
2024-04-27T02:43:47.582+0000 7f3b997f1700 1 -- 172.21.15.138:0/45149118 learned_addr learned my addr 172.21.15.138:0/45149118 (peer_addr_for_me v2:172.21.15.138:0/0)
2024-04-27T02:43:48.484 INFO:teuthology.orchestra.run.smithi138.stdout:/usr/bin/ceph: stderr
2024-04-27T02:43:47.582+0000 7f3b997f1700 1 -- 172.21.15.138:0/45149118 --> [v2:172.21.15.138:3300/0,v1:172.21.15.138:6789/0] -- mon_subscribe({config=0+,monmap=0+}) v3 -- 0x7f3b941066a0 con 0x7f3b941054a0
2024-04-27T02:43:48.484 INFO:teuthology.orchestra.run.smithi138.stdout:/usr/bin/ceph: stderr
2024-04-27T02:43:47.582+0000 7f3b997f1700 1 --2- 172.21.15.138:0/45149118 >> [v2:172.21.15.138:3300/0,v1:172.21.15.138:6789/0] conn(0x7f3b941054a0 0x7f3b941058c0 secure :-1 s=READY pgs=90 cs=0 l=1 rev1=1 crypto rx=0x7f3b900098a0 tx=0x7f3b90009bb0 comp rx=0 tx=0).ready entity=mon.0 client_cookie=a85c5991ec8a5417 server_cookie=0 in_seq=0 out_seq=0
2024-04-27T02:43:48.484 INFO:teuthology.orchestra.run.smithi138.stdout:/usr/bin/ceph: stderr
2024-04-27T02:43:47.582+0000 7f3b8bfff700 1 -- 172.21.15.138:0/45149118 <== mon.0 v2:172.21.15.138:3300/0 1 ==== mon_map magic: 0 v1 ==== 229+0+0 (secure 0 0 0) 0x7f3b90004180 con 0x7f3b941054a0
2024-04-27T02:43:48.484 INFO:teuthology.orchestra.run.smithi138.stdout:/usr/bin/ceph: stderr
2024-04-27T02:43:47.583+0000 7f3b8bfff700 1 -- 172.21.15.138:0/45149118 <== mon.0 v2:172.21.15.138:3300/0 2 ==== config(27 keys) v1 ==== 1109+0+0 (secure 0 0 0) 0x7f3b900042e0 con 0x7f3b941054a0
2024-04-27T02:43:48.484 INFO:teuthology.orchestra.run.smithi138.stdout:/usr/bin/ceph: stderr
2024-04-27T02:43:47.583+0000 7f3b8bfff700 1 -- 172.21.15.138:0/45149118 <== mon.0 v2:172.21.15.138:3300/0 3 ==== mon_map magic: 0 v1 ==== 229+0+0 (secure 0 0 0) 0x7f3b90011b10 con 0x7f3b941054a0
2024-04-27T02:43:48.484 INFO:teuthology.orchestra.run.smithi138.stdout:/usr/bin/ceph: stderr
2024-04-27T02:43:47.583+0000 7f3b9ba55700 1 -- 172.21.15.138:0/45149118 >> [v2:172.21.15.138:3300/0,v1:172.21.15.138:6789/0] conn(0x7f3b941054a0 msgr2=0x7f3b941058c0 secure :-1 s=STATE_CONNECTION_ESTABLISHED l=1).mark_down
2024-04-27T02:43:48.484 INFO:teuthology.orchestra.run.smithi138.stdout:/usr/bin/ceph: stderr
2024-04-27T02:43:47.583+0000 7f3b9ba55700 1 --2- 172.21.15.138:0/45149118 >> [v2:172.21.15.138:3300/0,v1:172.21.15.138:6789/0] conn(0x7f3b941054a0 0x7f3b941058c0 secure :-1 s=READY pgs=90 cs=0 l=1 rev1=1 crypto rx=0x7f3b900098a0 tx=0x7f3b90009bb0 comp rx=0 tx=0).stop
2024-04-27T02:43:48.484 INFO:teuthology.orchestra.run.smithi138.stdout:/usr/bin/ceph: stderr
2024-04-27T02:43:47.583+0000 7f3b9ba55700 1 -- 172.21.15.138:0/45149118 shutdown_connections
2024-04-27T02:43:48.484 INFO:teuthology.orchestra.run.smithi138.stdout:/usr/bin/ceph: stderr
2024-04-27T02:43:47.583+0000 7f3b9ba55700 1 --2- 172.21.15.138:0/45149118 >> [v2:172.21.15.138:3300/0,v1:172.21.15.138:6789/0] conn(0x7f3b941054a0 0x7f3b941058c0 unknown :-1 s=CLOSED pgs=90 cs=0 l=1 rev1=1 crypto rx=0 tx=0 comp rx=0 tx=0).stop
2024-04-27T02:43:48.484 INFO:teuthology.orchestra.run.smithi138.stdout:/usr/bin/ceph: stderr
2024-04-27T02:43:47.583+0000 7f3b9ba55700 1 -- 172.21.15.138:0/45149118 >> 172.21.15.138:0/45149118 conn(0x7f3b94100a60 msgr2=0x7f3b94102e80 unknown :-1 s=STATE_NONE l=0).mark_down
2024-04-27T02:43:48.485 INFO:teuthology.orchestra.run.smithi138.stdout:/usr/bin/ceph: stderr
2024-04-27T02:43:47.583+0000 7f3b9ba55700 1 -- 172.21.15.138:0/45149118 shutdown_connections
2024-04-27T02:43:48.485 INFO:teuthology.orchestra.run.smithi138.stdout:/usr/bin/ceph: stderr
2024-04-27T02:43:47.583+0000 7f3b9ba55700 1 -- 172.21.15.138:0/45149118 wait complete.
2024-04-27T02:43:48.485 INFO:teuthology.orchestra.run.smithi138.stdout:/usr/bin/ceph: stderr
2024-04-27T02:43:47.584+0000 7f3b9ba55700 1 Processor -- start
2024-04-27T02:43:48.485 INFO:teuthology.orchestra.run.smithi138.stdout:/usr/bin/ceph: stderr
2024-04-27T02:43:47.584+0000 7f3b9ba55700 1 -- start start
2024-04-27T02:43:48.485 INFO:teuthology.orchestra.run.smithi138.stdout:/usr/bin/ceph: stderr
2024-04-27T02:43:47.584+0000 7f3b9ba55700 1 --2- >> [v2:172.21.15.138:3300/0,v1:172.21.15.138:6789/0] conn(0x7f3b941054a0 0x7f3b94190510 unknown :-1 s=NONE pgs=0 cs=0 l=1 rev1=0 crypto rx=0 tx=0 comp rx=0 tx=0).connect
2024-04-27T02:43:48.485 INFO:teuthology.orchestra.run.smithi138.stdout:/usr/bin/ceph: stderr
2024-04-27T02:43:47.584+0000 7f3b9ba55700 1 -- --> [v2:172.21.15.138:3300/0,v1:172.21.15.138:6789/0] -- mon_getmap magic: 0 v1 -- 0x7f3b94190a50 con 0x7f3b941054a0
2024-04-27T02:43:48.485 INFO:teuthology.orchestra.run.smithi138.stdout:/usr/bin/ceph: stderr
2024-04-27T02:43:47.584+0000 7f3b997f1700 1 --2- >> [v2:172.21.15.138:3300/0,v1:172.21.15.138:6789/0] conn(0x7f3b941054a0 0x7f3b94190510 unknown :-1 s=BANNER_CONNECTING pgs=0 cs=0 l=1 rev1=0 crypto rx=0 tx=0 comp rx=0 tx=0)._handle_peer_banner_payload supported=3 required=0
2024-04-27T02:43:48.485 INFO:teuthology.orchestra.run.smithi138.stdout:/usr/bin/ceph: stderr
2024-04-27T02:43:47.584+0000 7f3b997f1700 1 --2- >> [v2:172.21.15.138:3300/0,v1:172.21.15.138:6789/0] conn(0x7f3b941054a0 0x7f3b94190510 unknown :-1 s=HELLO_CONNECTING pgs=0 cs=0 l=1 rev1=1 crypto rx=0 tx=0 comp rx=0 tx=0).handle_hello peer v2:172.21.15.138:3300/0 says I am v2:172.21.15.138:50086/0 (socket says 172.21.15.138:50086)
2024-04-27T02:43:48.485 INFO:teuthology.orchestra.run.smithi138.stdout:/usr/bin/ceph: stderr
2024-04-27T02:43:47.584+0000 7f3b997f1700 1 -- 172.21.15.138:0/209607836 learned_addr learned my addr 172.21.15.138:0/209607836 (peer_addr_for_me v2:172.21.15.138:0/0)
2024-04-27T02:43:48.485 INFO:teuthology.orchestra.run.smithi138.stdout:/usr/bin/ceph: stderr
2024-04-27T02:43:47.584+0000 7f3b997f1700 1 -- 172.21.15.138:0/209607836 --> [v2:172.21.15.138:3300/0,v1:172.21.15.138:6789/0] -- mon_subscribe({config=0+,monmap=0+}) v3 -- 0x7f3b90009550 con 0x7f3b941054a0
2024-04-27T02:43:48.485 INFO:teuthology.orchestra.run.smithi138.stdout:/usr/bin/ceph: stderr
2024-04-27T02:43:47.585+0000 7f3b997f1700 1 --2- 172.21.15.138:0/209607836 >> [v2:172.21.15.138:3300/0,v1:172.21.15.138:6789/0] conn(0x7f3b941054a0 0x7f3b94190510 secure :-1 s=READY pgs=91 cs=0 l=1 rev1=1 crypto rx=0x7f3b90009fb0 tx=0x7f3b90011890 comp rx=0 tx=0).ready entity=mon.0 client_cookie=0 server_cookie=0 in_seq=0 out_seq=0
2024-04-27T02:43:48.485 INFO:teuthology.orchestra.run.smithi138.stdout:/usr/bin/ceph: stderr
2024-04-27T02:43:47.585+0000 7f3b8a7fc700 1 -- 172.21.15.138:0/209607836 <== mon.0 v2:172.21.15.138:3300/0 1 ==== mon_map magic: 0 v1 ==== 229+0+0 (secure 0 0 0) 0x7f3b900038b0 con 0x7f3b941054a0
2024-04-27T02:43:48.485 INFO:teuthology.orchestra.run.smithi138.stdout:/usr/bin/ceph: stderr
2024-04-27T02:43:47.585+0000 7f3b8a7fc700 1 -- 172.21.15.138:0/209607836 <== mon.0 v2:172.21.15.138:3300/0 2 ==== config(27 keys) v1 ==== 1109+0+0 (secure 0 0 0) 0x7f3b90003a10 con 0x7f3b941054a0
2024-04-27T02:43:48.485 INFO:teuthology.orchestra.run.smithi138.stdout:/usr/bin/ceph: stderr
2024-04-27T02:43:47.585+0000 7f3b9ba55700 1 -- 172.21.15.138:0/209607836 --> [v2:172.21.15.138:3300/0,v1:172.21.15.138:6789/0] -- mon_subscribe({mgrmap=0+}) v3 -- 0x7f3b9418ece0 con 0x7f3b941054a0
2024-04-27T02:43:48.486 INFO:teuthology.orchestra.run.smithi138.stdout:/usr/bin/ceph: stderr
2024-04-27T02:43:47.585+0000 7f3b8a7fc700 1 -- 172.21.15.138:0/209607836 <== mon.0 v2:172.21.15.138:3300/0 3 ==== mon_map magic: 0 v1 ==== 229+0+0 (secure 0 0 0) 0x7f3b90019770 con 0x7f3b941054a0
2024-04-27T02:43:48.486 INFO:teuthology.orchestra.run.smithi138.stdout:/usr/bin/ceph: stderr
2024-04-27T02:43:47.585+0000 7f3b9ba55700 1 -- 172.21.15.138:0/209607836 --> [v2:172.21.15.138:3300/0,v1:172.21.15.138:6789/0] -- mon_subscribe({osdmap=0}) v3 -- 0x7f3b9418f180 con 0x7f3b941054a0
2024-04-27T02:43:48.486 INFO:teuthology.orchestra.run.smithi138.stdout:/usr/bin/ceph: stderr
2024-04-27T02:43:47.586+0000 7f3b8a7fc700 1 -- 172.21.15.138:0/209607836 <== mon.0 v2:172.21.15.138:3300/0 4 ==== mgrmap(e 13) v1 ==== 45613+0+0 (secure 0 0 0) 0x7f3b900198d0 con 0x7f3b941054a0
2024-04-27T02:43:48.486 INFO:teuthology.orchestra.run.smithi138.stdout:/usr/bin/ceph: stderr
2024-04-27T02:43:47.586+0000 7f3b9ba55700 1 -- 172.21.15.138:0/209607836 --> [v2:172.21.15.138:3300/0,v1:172.21.15.138:6789/0] -- mon_command({"prefix": "get_command_descriptions"} v 0) v1 -- 0x7f3b94190b90 con 0x7f3b941054a0
2024-04-27T02:43:48.486 INFO:teuthology.orchestra.run.smithi138.stdout:/usr/bin/ceph: stderr
2024-04-27T02:43:47.586+0000 7f3b8a7fc700 1 --2- 172.21.15.138:0/209607836 >> [v2:172.21.15.138:6800/4019218025,v1:172.21.15.138:6801/4019218025] conn(0x7f3b800387d0 0x7f3b8003ac90 unknown :-1 s=NONE pgs=0 cs=0 l=1 rev1=0 crypto rx=0 tx=0 comp rx=0 tx=0).connect
2024-04-27T02:43:48.486 INFO:teuthology.orchestra.run.smithi138.stdout:/usr/bin/ceph: stderr
2024-04-27T02:43:47.586+0000 7f3b8a7fc700 1 -- 172.21.15.138:0/209607836 <== mon.0 v2:172.21.15.138:3300/0 5 ==== osd_map(3..3 src has 1..3) v4 ==== 1155+0+0 (secure 0 0 0) 0x7f3b9004c9e0 con 0x7f3b941054a0
2024-04-27T02:43:48.486 INFO:teuthology.orchestra.run.smithi138.stdout:/usr/bin/ceph: stderr
2024-04-27T02:43:47.586+0000 7f3b98ff0700 1 --2- 172.21.15.138:0/209607836 >> [v2:172.21.15.138:6800/4019218025,v1:172.21.15.138:6801/4019218025] conn(0x7f3b800387d0 0x7f3b8003ac90 unknown :-1 s=BANNER_CONNECTING pgs=0 cs=0 l=1 rev1=0 crypto rx=0 tx=0 comp rx=0 tx=0)._handle_peer_banner_payload supported=3 required=0
2024-04-27T02:43:48.486 INFO:teuthology.orchestra.run.smithi138.stdout:/usr/bin/ceph: stderr
2024-04-27T02:43:47.587+0000 7f3b98ff0700 1 --2- 172.21.15.138:0/209607836 >> [v2:172.21.15.138:6800/4019218025,v1:172.21.15.138:6801/4019218025] conn(0x7f3b800387d0 0x7f3b8003ac90 secure :-1 s=READY pgs=11 cs=0 l=1 rev1=1 crypto rx=0x7f3b84006fd0 tx=0x7f3b84006e40 comp rx=0 tx=0).ready entity=mgr.14164 client_cookie=0 server_cookie=0 in_seq=0 out_seq=0
2024-04-27T02:43:48.486 INFO:teuthology.orchestra.run.smithi138.stdout:/usr/bin/ceph: stderr
2024-04-27T02:43:47.591+0000 7f3b8a7fc700 1 -- 172.21.15.138:0/209607836 <== mon.0 v2:172.21.15.138:3300/0 6 ==== mon_command_ack([{"prefix": "get_command_descriptions"}]=0 v0) v1 ==== 72+0+183351 (secure 0 0 0) 0x7f3b94190b90 con 0x7f3b941054a0
2024-04-27T02:43:48.486 INFO:teuthology.orchestra.run.smithi138.stdout:/usr/bin/ceph: stderr
2024-04-27T02:43:47.906+0000 7f3b9ba55700 1 -- 172.21.15.138:0/209607836 --> [v2:172.21.15.138:3300/0,v1:172.21.15.138:6789/0] -- mon_command([{prefix=config-key set, key=mgr/dashboard/cluster/status}] v 0) v1 -- 0x7f3b94190b90 con 0x7f3b941054a0
2024-04-27T02:43:48.486 INFO:teuthology.orchestra.run.smithi138.stdout:/usr/bin/ceph: stderr
2024-04-27T02:43:47.908+0000 7f3b8a7fc700 1 -- 172.21.15.138:0/209607836 <== mon.0 v2:172.21.15.138:3300/0 7 ==== mon_command_ack([{prefix=config-key set, key=mgr/dashboard/cluster/status}]=0 set mgr/dashboard/cluster/status v34)=0 set mgr/dashboard/cluster/status v34) v1 ==== 153+0+0 (secure 0 0 0) 0x7f3b94190b90 con 0x7f3b941054a0
2024-04-27T02:43:48.486 INFO:teuthology.orchestra.run.smithi138.stdout:/usr/bin/ceph: stderr
2024-04-27T02:43:47.910+0000 7f3b9ba55700 1 -- 172.21.15.138:0/209607836 >> [v2:172.21.15.138:6800/4019218025,v1:172.21.15.138:6801/4019218025] conn(0x7f3b800387d0 msgr2=0x7f3b8003ac90 secure :-1 s=STATE_CONNECTION_ESTABLISHED l=1).mark_down
2024-04-27T02:43:48.486 INFO:teuthology.orchestra.run.smithi138.stdout:/usr/bin/ceph: stderr
2024-04-27T02:43:47.910+0000 7f3b9ba55700 1 --2- 172.21.15.138:0/209607836 >> [v2:172.21.15.138:6800/4019218025,v1:172.21.15.138:6801/4019218025] conn(0x7f3b800387d0 0x7f3b8003ac90 secure :-1 s=READY pgs=11 cs=0 l=1 rev1=1 crypto rx=0x7f3b84006fd0 tx=0x7f3b84006e40 comp rx=0 tx=0).stop
2024-04-27T02:43:48.486 INFO:teuthology.orchestra.run.smithi138.stdout:/usr/bin/ceph: stderr
2024-04-27T02:43:47.910+0000 7f3b9ba55700 1 -- 172.21.15.138:0/209607836 >> [v2:172.21.15.138:3300/0,v1:172.21.15.138:6789/0] conn(0x7f3b941054a0 msgr2=0x7f3b94190510 secure :-1 s=STATE_CONNECTION_ESTABLISHED l=1).mark_down
2024-04-27T02:43:48.487 INFO:teuthology.orchestra.run.smithi138.stdout:/usr/bin/ceph: stderr
2024-04-27T02:43:47.910+0000 7f3b9ba55700 1 --2- 172.21.15.138:0/209607836 >> [v2:172.21.15.138:3300/0,v1:172.21.15.138:6789/0] conn(0x7f3b941054a0 0x7f3b94190510 secure :-1 s=READY pgs=91 cs=0 l=1 rev1=1 crypto rx=0x7f3b90009fb0 tx=0x7f3b90011890 comp rx=0 tx=0).stop
2024-04-27T02:43:48.487 INFO:teuthology.orchestra.run.smithi138.stdout:/usr/bin/ceph: stderr
2024-04-27T02:43:47.910+0000 7f3b9ba55700 1 -- 172.21.15.138:0/209607836 shutdown_connections
2024-04-27T02:43:48.487 INFO:teuthology.orchestra.run.smithi138.stdout:/usr/bin/ceph: stderr
2024-04-27T02:43:47.910+0000 7f3b9ba55700 1 --2- 172.21.15.138:0/209607836 >> [v2:172.21.15.138:6800/4019218025,v1:172.21.15.138:6801/4019218025] conn(0x7f3b800387d0 0x7f3b8003ac90 unknown :-1 s=CLOSED pgs=11 cs=0 l=1 rev1=1 crypto rx=0 tx=0 comp rx=0 tx=0).stop
2024-04-27T02:43:48.487 INFO:teuthology.orchestra.run.smithi138.stdout:/usr/bin/ceph: stderr
2024-04-27T02:43:47.910+0000 7f3b9ba55700 1 --2- 172.21.15.138:0/209607836 >> [v2:172.21.15.138:3300/0,v1:172.21.15.138:6789/0] conn(0x7f3b941054a0 0x7f3b94190510 unknown :-1 s=CLOSED pgs=91 cs=0 l=1 rev1=1 crypto rx=0 tx=0 comp rx=0 tx=0).stop
2024-04-27T02:43:48.487 INFO:teuthology.orchestra.run.smithi138.stdout:/usr/bin/ceph: stderr
2024-04-27T02:43:47.910+0000 7f3b9ba55700 1 -- 172.21.15.138:0/209607836 >> 172.21.15.138:0/209607836 conn(0x7f3b94100a60 msgr2=0x7f3b94101970 unknown :-1 s=STATE_NONE l=0).mark_down
2024-04-27T02:43:48.487 INFO:teuthology.orchestra.run.smithi138.stdout:/usr/bin/ceph: stderr
2024-04-27T02:43:47.910+0000 7f3b9ba55700 1 -- 172.21.15.138:0/209607836 shutdown_connections
2024-04-27T02:43:48.487 INFO:teuthology.orchestra.run.smithi138.stdout:/usr/bin/ceph: stderr
2024-04-27T02:43:47.910+0000 7f3b9ba55700 1 -- 172.21.15.138:0/209607836 wait complete.
2024-04-27T02:43:48.487 INFO:teuthology.orchestra.run.smithi138.stdout:/usr/bin/ceph: stderr set mgr/dashboard/cluster/status
2024-04-27T02:43:48.487 INFO:teuthology.orchestra.run.smithi138.stdout:You can access the Ceph CLI as following in case of multi-cluster or non-default config:
2024-04-27T02:43:48.487 INFO:teuthology.orchestra.run.smithi138.stdout:
2024-04-27T02:43:48.487 INFO:teuthology.orchestra.run.smithi138.stdout: sudo /home/ubuntu/cephtest/cephadm shell --fsid a308d3e2-043f-11ef-bc93-c7b262605968 -c /etc/ceph/ceph.conf -k /etc/ceph/ceph.client.admin.keyring
2024-04-27T02:43:48.487 INFO:teuthology.orchestra.run.smithi138.stdout:
2024-04-27T02:43:48.487 INFO:teuthology.orchestra.run.smithi138.stdout:Or, if you are only running a single cluster on this host:
2024-04-27T02:43:48.487 INFO:teuthology.orchestra.run.smithi138.stdout:
2024-04-27T02:43:48.487 INFO:teuthology.orchestra.run.smithi138.stdout: sudo /home/ubuntu/cephtest/cephadm shell
2024-04-27T02:43:48.488 INFO:teuthology.orchestra.run.smithi138.stdout:
2024-04-27T02:43:48.488 INFO:teuthology.orchestra.run.smithi138.stdout:Please consider enabling telemetry to help improve Ceph:
2024-04-27T02:43:48.488 INFO:teuthology.orchestra.run.smithi138.stdout:
2024-04-27T02:43:48.488 INFO:teuthology.orchestra.run.smithi138.stdout: ceph telemetry on
2024-04-27T02:43:48.488 INFO:teuthology.orchestra.run.smithi138.stdout:
2024-04-27T02:43:48.488 INFO:teuthology.orchestra.run.smithi138.stdout:For more information see:
2024-04-27T02:43:48.488 INFO:teuthology.orchestra.run.smithi138.stdout:
2024-04-27T02:43:48.488 INFO:teuthology.orchestra.run.smithi138.stdout: https://docs.ceph.com/en/latest/mgr/telemetry/
2024-04-27T02:43:48.488 INFO:teuthology.orchestra.run.smithi138.stdout:
2024-04-27T02:43:48.488 INFO:teuthology.orchestra.run.smithi138.stdout:Bootstrap complete.
2024-04-27T02:43:48.510 INFO:tasks.cephadm:Fetching config...
2024-04-27T02:43:48.510 DEBUG:teuthology.orchestra.run.smithi138:> set -ex
2024-04-27T02:43:48.511 DEBUG:teuthology.orchestra.run.smithi138:> dd if=/etc/ceph/ceph.conf of=/dev/stdout
2024-04-27T02:43:48.525 INFO:tasks.cephadm:Fetching client.admin keyring...
2024-04-27T02:43:48.525 DEBUG:teuthology.orchestra.run.smithi138:> set -ex
2024-04-27T02:43:48.526 DEBUG:teuthology.orchestra.run.smithi138:> dd if=/etc/ceph/ceph.client.admin.keyring of=/dev/stdout
2024-04-27T02:43:48.582 INFO:tasks.cephadm:Fetching mon keyring...
2024-04-27T02:43:48.582 DEBUG:teuthology.orchestra.run.smithi138:> set -ex
2024-04-27T02:43:48.582 DEBUG:teuthology.orchestra.run.smithi138:> sudo dd if=/var/lib/ceph/a308d3e2-043f-11ef-bc93-c7b262605968/mon.smithi138/keyring of=/dev/stdout
2024-04-27T02:43:48.647 INFO:tasks.cephadm:Fetching pub ssh key...
2024-04-27T02:43:48.647 DEBUG:teuthology.orchestra.run.smithi138:> set -ex
2024-04-27T02:43:48.647 DEBUG:teuthology.orchestra.run.smithi138:> dd if=/home/ubuntu/cephtest/ceph.pub of=/dev/stdout
2024-04-27T02:43:48.702 INFO:tasks.cephadm:Installing pub ssh key for root users...
2024-04-27T02:43:48.702 DEBUG:teuthology.orchestra.run.smithi138:> sudo install -d -m 0700 /root/.ssh && echo 'ssh-rsa AAAAB3NzaC1yc2EAAAADAQABAAABgQDJnOEPnplzdZYEBlJHgiitxx5FAaPfMJhbGbQ6kTiRcCE4hOTZ1xCTEr4uJDuAyb7sKNRKgc/ui+iJ3zDV6kqSfNGtVH+rXzcUh+d7M9N0m3GNeqAkp32VDpl1mAEUJTvwoP5A3MWXuZZfgU7pCy8OeEbnji5Wz5Crc/w8PrtTz5T9Hjp48Wv/M83lVjt/oECVhqjmlGV3gszJng2YVksk0JU5VVXBelkgUXoEobpvq7QYMqvwufWCr3hKdAnYRoFgBPVb0LqyTLX0qAjzJTbeU0uuzotm6+GaoBrstEgAbA9dJ6ZIqMfISDSmTVC+f4/2IF8ItgKJ+HvFu2FMUM++nvWfJ20rOmSDSueCOzx+eL6+Ja718UX3mlhFUXqj1o3K07JDXC0UFksLmZPuZWQs+3URieuKogvJMEd+Xz5hJ1A76lwUdJkWtgpVg+/mxyxi2QFzk0hIocn4jl3iMGkZPtJn4TJYMeeEaJgu/HLGebDB9LuEPGnMTaSrT7tH9W0= ceph-a308d3e2-043f-11ef-bc93-c7b262605968' | sudo tee -a /root/.ssh/authorized_keys && sudo chmod 0600 /root/.ssh/authorized_keys
2024-04-27T02:43:48.774 INFO:teuthology.orchestra.run.smithi138.stdout:ssh-rsa AAAAB3NzaC1yc2EAAAADAQABAAABgQDJnOEPnplzdZYEBlJHgiitxx5FAaPfMJhbGbQ6kTiRcCE4hOTZ1xCTEr4uJDuAyb7sKNRKgc/ui+iJ3zDV6kqSfNGtVH+rXzcUh+d7M9N0m3GNeqAkp32VDpl1mAEUJTvwoP5A3MWXuZZfgU7pCy8OeEbnji5Wz5Crc/w8PrtTz5T9Hjp48Wv/M83lVjt/oECVhqjmlGV3gszJng2YVksk0JU5VVXBelkgUXoEobpvq7QYMqvwufWCr3hKdAnYRoFgBPVb0LqyTLX0qAjzJTbeU0uuzotm6+GaoBrstEgAbA9dJ6ZIqMfISDSmTVC+f4/2IF8ItgKJ+HvFu2FMUM++nvWfJ20rOmSDSueCOzx+eL6+Ja718UX3mlhFUXqj1o3K07JDXC0UFksLmZPuZWQs+3URieuKogvJMEd+Xz5hJ1A76lwUdJkWtgpVg+/mxyxi2QFzk0hIocn4jl3iMGkZPtJn4TJYMeeEaJgu/HLGebDB9LuEPGnMTaSrT7tH9W0= ceph-a308d3e2-043f-11ef-bc93-c7b262605968
2024-04-27T02:43:48.784 DEBUG:teuthology.orchestra.run.smithi204:> sudo install -d -m 0700 /root/.ssh && echo 'ssh-rsa AAAAB3NzaC1yc2EAAAADAQABAAABgQDJnOEPnplzdZYEBlJHgiitxx5FAaPfMJhbGbQ6kTiRcCE4hOTZ1xCTEr4uJDuAyb7sKNRKgc/ui+iJ3zDV6kqSfNGtVH+rXzcUh+d7M9N0m3GNeqAkp32VDpl1mAEUJTvwoP5A3MWXuZZfgU7pCy8OeEbnji5Wz5Crc/w8PrtTz5T9Hjp48Wv/M83lVjt/oECVhqjmlGV3gszJng2YVksk0JU5VVXBelkgUXoEobpvq7QYMqvwufWCr3hKdAnYRoFgBPVb0LqyTLX0qAjzJTbeU0uuzotm6+GaoBrstEgAbA9dJ6ZIqMfISDSmTVC+f4/2IF8ItgKJ+HvFu2FMUM++nvWfJ20rOmSDSueCOzx+eL6+Ja718UX3mlhFUXqj1o3K07JDXC0UFksLmZPuZWQs+3URieuKogvJMEd+Xz5hJ1A76lwUdJkWtgpVg+/mxyxi2QFzk0hIocn4jl3iMGkZPtJn4TJYMeeEaJgu/HLGebDB9LuEPGnMTaSrT7tH9W0= ceph-a308d3e2-043f-11ef-bc93-c7b262605968' | sudo tee -a /root/.ssh/authorized_keys && sudo chmod 0600 /root/.ssh/authorized_keys
2024-04-27T02:43:48.824 INFO:teuthology.orchestra.run.smithi204.stdout:ssh-rsa AAAAB3NzaC1yc2EAAAADAQABAAABgQDJnOEPnplzdZYEBlJHgiitxx5FAaPfMJhbGbQ6kTiRcCE4hOTZ1xCTEr4uJDuAyb7sKNRKgc/ui+iJ3zDV6kqSfNGtVH+rXzcUh+d7M9N0m3GNeqAkp32VDpl1mAEUJTvwoP5A3MWXuZZfgU7pCy8OeEbnji5Wz5Crc/w8PrtTz5T9Hjp48Wv/M83lVjt/oECVhqjmlGV3gszJng2YVksk0JU5VVXBelkgUXoEobpvq7QYMqvwufWCr3hKdAnYRoFgBPVb0LqyTLX0qAjzJTbeU0uuzotm6+GaoBrstEgAbA9dJ6ZIqMfISDSmTVC+f4/2IF8ItgKJ+HvFu2FMUM++nvWfJ20rOmSDSueCOzx+eL6+Ja718UX3mlhFUXqj1o3K07JDXC0UFksLmZPuZWQs+3URieuKogvJMEd+Xz5hJ1A76lwUdJkWtgpVg+/mxyxi2QFzk0hIocn4jl3iMGkZPtJn4TJYMeeEaJgu/HLGebDB9LuEPGnMTaSrT7tH9W0= ceph-a308d3e2-043f-11ef-bc93-c7b262605968
2024-04-27T02:43:48.836 DEBUG:teuthology.orchestra.run.smithi138:> sudo /home/ubuntu/cephtest/cephadm --image quay.ceph.io/ceph-ci/ceph:reef shell -c /etc/ceph/ceph.conf -k /etc/ceph/ceph.client.admin.keyring --fsid a308d3e2-043f-11ef-bc93-c7b262605968 -- ceph config set mgr mgr/cephadm/allow_ptrace true
2024-04-27T02:43:49.043 INFO:journalctl@ceph.mon.smithi138.smithi138.stdout:Apr 27 02:43:48 smithi138 ceph-mon[26637]: from='client.? 172.21.15.138:0/209607836' entity='client.admin'
2024-04-27T02:43:49.122 INFO:teuthology.orchestra.run.smithi138.stderr:Inferring config /var/lib/ceph/a308d3e2-043f-11ef-bc93-c7b262605968/mon.smithi138/config
2024-04-27T02:43:51.413 INFO:teuthology.orchestra.run.smithi138.stderr:2024-04-27T02:43:51.427+0000 7f73b7724700 1 -- 172.21.15.138:0/351321245 >> [v2:172.21.15.138:3300/0,v1:172.21.15.138:6789/0] conn(0x7f73b00feb60 msgr2=0x7f73b00fef80 secure :-1 s=STATE_CONNECTION_ESTABLISHED l=1).mark_down
2024-04-27T02:43:51.413 INFO:teuthology.orchestra.run.smithi138.stderr:2024-04-27T02:43:51.427+0000 7f73b7724700 1 --2- 172.21.15.138:0/351321245 >> [v2:172.21.15.138:3300/0,v1:172.21.15.138:6789/0] conn(0x7f73b00feb60 0x7f73b00fef80 secure :-1 s=READY pgs=92 cs=0 l=1 rev1=1 crypto rx=0x7f73ac009910 tx=0x7f73ac009c20 comp rx=0 tx=0).stop
2024-04-27T02:43:51.413 INFO:teuthology.orchestra.run.smithi138.stderr:2024-04-27T02:43:51.428+0000 7f73b7724700 1 -- 172.21.15.138:0/351321245 shutdown_connections
2024-04-27T02:43:51.413 INFO:teuthology.orchestra.run.smithi138.stderr:2024-04-27T02:43:51.428+0000 7f73b7724700 1 --2- 172.21.15.138:0/351321245 >> [v2:172.21.15.138:3300/0,v1:172.21.15.138:6789/0] conn(0x7f73b00feb60 0x7f73b00fef80 unknown :-1 s=CLOSED pgs=92 cs=0 l=1 rev1=1 crypto rx=0 tx=0 comp rx=0 tx=0).stop
2024-04-27T02:43:51.413 INFO:teuthology.orchestra.run.smithi138.stderr:2024-04-27T02:43:51.428+0000 7f73b7724700 1 -- 172.21.15.138:0/351321245 >> 172.21.15.138:0/351321245 conn(0x7f73b00fa4a0 msgr2=0x7f73b00fc900 unknown :-1 s=STATE_NONE l=0).mark_down
2024-04-27T02:43:51.413 INFO:teuthology.orchestra.run.smithi138.stderr:2024-04-27T02:43:51.428+0000 7f73b7724700 1 -- 172.21.15.138:0/351321245 shutdown_connections
2024-04-27T02:43:51.413 INFO:teuthology.orchestra.run.smithi138.stderr:2024-04-27T02:43:51.428+0000 7f73b7724700 1 -- 172.21.15.138:0/351321245 wait complete.
2024-04-27T02:43:51.414 INFO:teuthology.orchestra.run.smithi138.stderr:2024-04-27T02:43:51.428+0000 7f73b7724700 1 Processor -- start
2024-04-27T02:43:51.414 INFO:teuthology.orchestra.run.smithi138.stderr:2024-04-27T02:43:51.428+0000 7f73b7724700 1 -- start start
2024-04-27T02:43:51.414 INFO:teuthology.orchestra.run.smithi138.stderr:2024-04-27T02:43:51.428+0000 7f73b7724700 1 --2- >> [v2:172.21.15.138:3300/0,v1:172.21.15.138:6789/0] conn(0x7f73b00feb60 0x7f73b0101370 unknown :-1 s=NONE pgs=0 cs=0 l=1 rev1=0 crypto rx=0 tx=0 comp rx=0 tx=0).connect
2024-04-27T02:43:51.414 INFO:teuthology.orchestra.run.smithi138.stderr:2024-04-27T02:43:51.428+0000 7f73b7724700 1 -- --> [v2:172.21.15.138:3300/0,v1:172.21.15.138:6789/0] -- mon_getmap magic: 0 v1 -- 0x7f73b01018b0 con 0x7f73b00feb60
2024-04-27T02:43:51.414 INFO:teuthology.orchestra.run.smithi138.stderr:2024-04-27T02:43:51.429+0000 7f73b54c0700 1 --2- >> [v2:172.21.15.138:3300/0,v1:172.21.15.138:6789/0] conn(0x7f73b00feb60 0x7f73b0101370 unknown :-1 s=BANNER_CONNECTING pgs=0 cs=0 l=1 rev1=0 crypto rx=0 tx=0 comp rx=0 tx=0)._handle_peer_banner_payload supported=3 required=0
2024-04-27T02:43:51.414 INFO:teuthology.orchestra.run.smithi138.stderr:2024-04-27T02:43:51.429+0000 7f73b54c0700 1 --2- >> [v2:172.21.15.138:3300/0,v1:172.21.15.138:6789/0] conn(0x7f73b00feb60 0x7f73b0101370 unknown :-1 s=HELLO_CONNECTING pgs=0 cs=0 l=1 rev1=1 crypto rx=0 tx=0 comp rx=0 tx=0).handle_hello peer v2:172.21.15.138:3300/0 says I am v2:172.21.15.138:50102/0 (socket says 172.21.15.138:50102)
2024-04-27T02:43:51.414 INFO:teuthology.orchestra.run.smithi138.stderr:2024-04-27T02:43:51.429+0000 7f73b54c0700 1 -- 172.21.15.138:0/3697402721 learned_addr learned my addr 172.21.15.138:0/3697402721 (peer_addr_for_me v2:172.21.15.138:0/0)
2024-04-27T02:43:51.414 INFO:teuthology.orchestra.run.smithi138.stderr:2024-04-27T02:43:51.429+0000 7f73b54c0700 1 -- 172.21.15.138:0/3697402721 --> [v2:172.21.15.138:3300/0,v1:172.21.15.138:6789/0] -- mon_subscribe({config=0+,monmap=0+}) v3 -- 0x7f73ac0095f0 con 0x7f73b00feb60
2024-04-27T02:43:51.414 INFO:teuthology.orchestra.run.smithi138.stderr:2024-04-27T02:43:51.429+0000 7f73b54c0700 1 --2- 172.21.15.138:0/3697402721 >> [v2:172.21.15.138:3300/0,v1:172.21.15.138:6789/0] conn(0x7f73b00feb60 0x7f73b0101370 secure :-1 s=READY pgs=93 cs=0 l=1 rev1=1 crypto rx=0x7f73ac006010 tx=0x7f73ac009f80 comp rx=0 tx=0).ready entity=mon.0 client_cookie=0 server_cookie=0 in_seq=0 out_seq=0
2024-04-27T02:43:51.414 INFO:teuthology.orchestra.run.smithi138.stderr:2024-04-27T02:43:51.429+0000 7f73a67fc700 1 -- 172.21.15.138:0/3697402721 <== mon.0 v2:172.21.15.138:3300/0 1 ==== mon_map magic: 0 v1 ==== 229+0+0 (secure 0 0 0) 0x7f73ac01d070 con 0x7f73b00feb60
2024-04-27T02:43:51.414 INFO:teuthology.orchestra.run.smithi138.stderr:2024-04-27T02:43:51.429+0000 7f73a67fc700 1 -- 172.21.15.138:0/3697402721 <== mon.0 v2:172.21.15.138:3300/0 2 ==== config(27 keys) v1 ==== 1109+0+0 (secure 0 0 0) 0x7f73ac005dc0 con 0x7f73b00feb60
2024-04-27T02:43:51.414 INFO:teuthology.orchestra.run.smithi138.stderr:2024-04-27T02:43:51.429+0000 7f73b7724700 1 -- 172.21.15.138:0/3697402721 --> [v2:172.21.15.138:3300/0,v1:172.21.15.138:6789/0] -- mon_subscribe({mgrmap=0+}) v3 -- 0x7f73b00ffaf0 con 0x7f73b00feb60
2024-04-27T02:43:51.414 INFO:teuthology.orchestra.run.smithi138.stderr:2024-04-27T02:43:51.429+0000 7f73a67fc700 1 -- 172.21.15.138:0/3697402721 <== mon.0 v2:172.21.15.138:3300/0 3 ==== mon_map magic: 0 v1 ==== 229+0+0 (secure 0 0 0) 0x7f73ac022e90 con 0x7f73b00feb60
2024-04-27T02:43:51.415 INFO:teuthology.orchestra.run.smithi138.stderr:2024-04-27T02:43:51.429+0000 7f73b7724700 1 -- 172.21.15.138:0/3697402721 --> [v2:172.21.15.138:3300/0,v1:172.21.15.138:6789/0] -- mon_subscribe({osdmap=0}) v3 -- 0x7f73b00fff90 con 0x7f73b00feb60
2024-04-27T02:43:51.415 INFO:teuthology.orchestra.run.smithi138.stderr:2024-04-27T02:43:51.430+0000 7f73a67fc700 1 -- 172.21.15.138:0/3697402721 <== mon.0 v2:172.21.15.138:3300/0 4 ==== mgrmap(e 13) v1 ==== 45613+0+0 (secure 0 0 0) 0x7f73ac00f4f0 con 0x7f73b00feb60
2024-04-27T02:43:51.415 INFO:teuthology.orchestra.run.smithi138.stderr:2024-04-27T02:43:51.430+0000 7f73b7724700 1 -- 172.21.15.138:0/3697402721 --> [v2:172.21.15.138:3300/0,v1:172.21.15.138:6789/0] -- mon_command({"prefix": "get_command_descriptions"} v 0) v1 -- 0x7f73b01019f0 con 0x7f73b00feb60
2024-04-27T02:43:51.416 INFO:teuthology.orchestra.run.smithi138.stderr:2024-04-27T02:43:51.430+0000 7f73a67fc700 1 --2- 172.21.15.138:0/3697402721 >> [v2:172.21.15.138:6800/4019218025,v1:172.21.15.138:6801/4019218025] conn(0x7f739c038760 0x7f739c03ac20 unknown :-1 s=NONE pgs=0 cs=0 l=1 rev1=0 crypto rx=0 tx=0 comp rx=0 tx=0).connect
2024-04-27T02:43:51.416 INFO:teuthology.orchestra.run.smithi138.stderr:2024-04-27T02:43:51.430+0000 7f73a67fc700 1 -- 172.21.15.138:0/3697402721 <== mon.0 v2:172.21.15.138:3300/0 5 ==== osd_map(3..3 src has 1..3) v4 ==== 1155+0+0 (secure 0 0 0) 0x7f73ac04c880 con 0x7f73b00feb60
2024-04-27T02:43:51.416 INFO:teuthology.orchestra.run.smithi138.stderr:2024-04-27T02:43:51.430+0000 7f73b4cbf700 1 --2- 172.21.15.138:0/3697402721 >> [v2:172.21.15.138:6800/4019218025,v1:172.21.15.138:6801/4019218025] conn(0x7f739c038760 0x7f739c03ac20 unknown :-1 s=BANNER_CONNECTING pgs=0 cs=0 l=1 rev1=0 crypto rx=0 tx=0 comp rx=0 tx=0)._handle_peer_banner_payload supported=3 required=0
2024-04-27T02:43:51.416 INFO:teuthology.orchestra.run.smithi138.stderr:2024-04-27T02:43:51.431+0000 7f73b4cbf700 1 --2- 172.21.15.138:0/3697402721 >> [v2:172.21.15.138:6800/4019218025,v1:172.21.15.138:6801/4019218025] conn(0x7f739c038760 0x7f739c03ac20 secure :-1 s=READY pgs=12 cs=0 l=1 rev1=1 crypto rx=0x7f73a0006fd0 tx=0x7f73a0006e40 comp rx=0 tx=0).ready entity=mgr.14164 client_cookie=0 server_cookie=0 in_seq=0 out_seq=0
2024-04-27T02:43:51.418 INFO:teuthology.orchestra.run.smithi138.stderr:2024-04-27T02:43:51.435+0000 7f73a67fc700 1 -- 172.21.15.138:0/3697402721 <== mon.0 v2:172.21.15.138:3300/0 6 ==== mon_command_ack([{"prefix": "get_command_descriptions"}]=0 v0) v1 ==== 72+0+183351 (secure 0 0 0) 0x7f73ac020b60 con 0x7f73b00feb60
2024-04-27T02:43:51.617 INFO:teuthology.orchestra.run.smithi138.stderr:2024-04-27T02:43:51.633+0000 7f73b7724700 1 -- 172.21.15.138:0/3697402721 --> [v2:172.21.15.138:3300/0,v1:172.21.15.138:6789/0] -- mon_command([{prefix=config set, name=mgr/cephadm/allow_ptrace}] v 0) v1 -- 0x7f73b0106840 con 0x7f73b00feb60
2024-04-27T02:43:51.620 INFO:teuthology.orchestra.run.smithi138.stderr:2024-04-27T02:43:51.636+0000 7f73a67fc700 1 -- 172.21.15.138:0/3697402721 <== mon.0 v2:172.21.15.138:3300/0 7 ==== mon_command_ack([{prefix=config set, name=mgr/cephadm/allow_ptrace}]=0 v9)=0 v9) v1 ==== 125+0+0 (secure 0 0 0) 0x7f73ac027030 con 0x7f73b00feb60
2024-04-27T02:43:51.623 INFO:teuthology.orchestra.run.smithi138.stderr:2024-04-27T02:43:51.638+0000 7f73b7724700 1 -- 172.21.15.138:0/3697402721 >> [v2:172.21.15.138:6800/4019218025,v1:172.21.15.138:6801/4019218025] conn(0x7f739c038760 msgr2=0x7f739c03ac20 secure :-1 s=STATE_CONNECTION_ESTABLISHED l=1).mark_down
2024-04-27T02:43:51.623 INFO:teuthology.orchestra.run.smithi138.stderr:2024-04-27T02:43:51.638+0000 7f73b7724700 1 --2- 172.21.15.138:0/3697402721 >> [v2:172.21.15.138:6800/4019218025,v1:172.21.15.138:6801/4019218025] conn(0x7f739c038760 0x7f739c03ac20 secure :-1 s=READY pgs=12 cs=0 l=1 rev1=1 crypto rx=0x7f73a0006fd0 tx=0x7f73a0006e40 comp rx=0 tx=0).stop
2024-04-27T02:43:51.623 INFO:teuthology.orchestra.run.smithi138.stderr:2024-04-27T02:43:51.638+0000 7f73b7724700 1 -- 172.21.15.138:0/3697402721 >> [v2:172.21.15.138:3300/0,v1:172.21.15.138:6789/0] conn(0x7f73b00feb60 msgr2=0x7f73b0101370 secure :-1 s=STATE_CONNECTION_ESTABLISHED l=1).mark_down
2024-04-27T02:43:51.623 INFO:teuthology.orchestra.run.smithi138.stderr:2024-04-27T02:43:51.638+0000 7f73b7724700 1 --2- 172.21.15.138:0/3697402721 >> [v2:172.21.15.138:3300/0,v1:172.21.15.138:6789/0] conn(0x7f73b00feb60 0x7f73b0101370 secure :-1 s=READY pgs=93 cs=0 l=1 rev1=1 crypto rx=0x7f73ac006010 tx=0x7f73ac009f80 comp rx=0 tx=0).stop
2024-04-27T02:43:51.623 INFO:teuthology.orchestra.run.smithi138.stderr:2024-04-27T02:43:51.639+0000 7f73b7724700 1 -- 172.21.15.138:0/3697402721 shutdown_connections
