2024-04-27T02:49:35.923 INFO:teuthology.orchestra.run.smithi067.stdout:/usr/bin/ceph: stderr
2024-04-27T02:49:34.943+0000 7f4c777fe700 1 -- 172.21.15.67:0/450990553 <== mon.0 v2:172.21.15.67:3300/0 2 ==== config(27 keys) v1 ==== 1044+0+0 (secure 0 0 0) 0x7f4c70010db0 con 0x7f4c80100bf0
2024-04-27T02:49:35.923 INFO:teuthology.orchestra.run.smithi067.stdout:/usr/bin/ceph: stderr
2024-04-27T02:49:34.943+0000 7f4c856b1700 1 -- 172.21.15.67:0/450990553 --> [v2:172.21.15.67:3300/0,v1:172.21.15.67:6789/0] -- mon_subscribe({mgrmap=0+}) v3 -- 0x7f4c80101bd0 con 0x7f4c80100bf0
2024-04-27T02:49:35.924 INFO:teuthology.orchestra.run.smithi067.stdout:/usr/bin/ceph: stderr
2024-04-27T02:49:34.943+0000 7f4c777fe700 1 -- 172.21.15.67:0/450990553 <== mon.0 v2:172.21.15.67:3300/0 3 ==== mon_map magic: 0 v1 ==== 229+0+0 (secure 0 0 0) 0x7f4c7001ad00 con 0x7f4c80100bf0
2024-04-27T02:49:35.924 INFO:teuthology.orchestra.run.smithi067.stdout:/usr/bin/ceph: stderr
2024-04-27T02:49:34.943+0000 7f4c856b1700 1 -- 172.21.15.67:0/450990553 --> [v2:172.21.15.67:3300/0,v1:172.21.15.67:6789/0] -- mon_subscribe({osdmap=0}) v3 -- 0x7f4c801020c0 con 0x7f4c80100bf0
2024-04-27T02:49:35.924 INFO:teuthology.orchestra.run.smithi067.stdout:/usr/bin/ceph: stderr
2024-04-27T02:49:34.944+0000 7f4c777fe700 1 -- 172.21.15.67:0/450990553 <== mon.0 v2:172.21.15.67:3300/0 4 ==== mgrmap(e 8) v1 ==== 43376+0+0 (secure 0 0 0) 0x7f4c700193c0 con 0x7f4c80100bf0
2024-04-27T02:49:35.924 INFO:teuthology.orchestra.run.smithi067.stdout:/usr/bin/ceph: stderr
2024-04-27T02:49:34.944+0000 7f4c856b1700 1 -- 172.21.15.67:0/450990553 --> [v2:172.21.15.67:3300/0,v1:172.21.15.67:6789/0] -- mon_command({"prefix": "get_command_descriptions"} v 0) v1 -- 0x7f4c8004bed0 con 0x7f4c80100bf0
2024-04-27T02:49:35.924 INFO:teuthology.orchestra.run.smithi067.stdout:/usr/bin/ceph: stderr
2024-04-27T02:49:34.944+0000 7f4c777fe700 1 --2- 172.21.15.67:0/450990553 >> [v2:172.21.15.67:6800/280612503,v1:172.21.15.67:6801/280612503] conn(0x7f4c6c036850 0x7f4c6c038d00 unknown :-1 s=NONE pgs=0 cs=0 l=1 rev1=0 crypto rx=0 tx=0 comp rx=0 tx=0).connect
2024-04-27T02:49:35.924 INFO:teuthology.orchestra.run.smithi067.stdout:/usr/bin/ceph: stderr
2024-04-27T02:49:34.944+0000 7f4c777fe700 1 -- 172.21.15.67:0/450990553 <== mon.0 v2:172.21.15.67:3300/0 5 ==== osd_map(2..2 src has 1..2) v4 ==== 936+0+0 (secure 0 0 0) 0x7f4c7004a830 con 0x7f4c80100bf0
2024-04-27T02:49:35.924 INFO:teuthology.orchestra.run.smithi067.stdout:/usr/bin/ceph: stderr
2024-04-27T02:49:34.944+0000 7f4c77fff700 1 --2- 172.21.15.67:0/450990553 >> [v2:172.21.15.67:6800/280612503,v1:172.21.15.67:6801/280612503] conn(0x7f4c6c036850 0x7f4c6c038d00 unknown :-1 s=BANNER_CONNECTING pgs=0 cs=0 l=1 rev1=0 crypto rx=0 tx=0 comp rx=0 tx=0)._handle_peer_banner_payload supported=3 required=0
2024-04-27T02:49:35.924 INFO:teuthology.orchestra.run.smithi067.stdout:/usr/bin/ceph: stderr
2024-04-27T02:49:34.944+0000 7f4c77fff700 1 --2- 172.21.15.67:0/450990553 >> [v2:172.21.15.67:6800/280612503,v1:172.21.15.67:6801/280612503] conn(0x7f4c6c036850 0x7f4c6c038d00 secure :-1 s=READY pgs=13 cs=0 l=1 rev1=1 crypto rx=0x7f4c68009990 tx=0x7f4c68006e40 comp rx=0 tx=0).ready entity=mgr.14116 client_cookie=0 server_cookie=0 in_seq=0 out_seq=0
2024-04-27T02:49:35.924 INFO:teuthology.orchestra.run.smithi067.stdout:/usr/bin/ceph: stderr
2024-04-27T02:49:34.949+0000 7f4c777fe700 1 -- 172.21.15.67:0/450990553 <== mon.0 v2:172.21.15.67:3300/0 6 ==== mon_command_ack([{"prefix": "get_command_descriptions"}]=0 v0) v1 ==== 72+0+176702 (secure 0 0 0) 0x7f4c70022930 con 0x7f4c80100bf0
2024-04-27T02:49:35.924 INFO:teuthology.orchestra.run.smithi067.stdout:/usr/bin/ceph: stderr
2024-04-27T02:49:35.158+0000 7f4c856b1700 1 -- 172.21.15.67:0/450990553 --> [v2:172.21.15.67:6800/280612503,v1:172.21.15.67:6801/280612503] -- mgr_command(tid 0: {"prefix": "orch apply", "service_type": "mgr", "target": ["mon-mgr", ""]}) v1 -- 0x7f4c801024d0 con 0x7f4c6c036850
2024-04-27T02:49:35.924 INFO:teuthology.orchestra.run.smithi067.stdout:/usr/bin/ceph: stderr
2024-04-27T02:49:35.165+0000 7f4c777fe700 1 -- 172.21.15.67:0/450990553 <== mgr.14116 v2:172.21.15.67:6800/280612503 1 ==== mgr_command_reply(tid 0: 0 ) v1 ==== 8+0+24 (secure 0 0 0) 0x7f4c801024d0 con 0x7f4c6c036850
2024-04-27T02:49:35.924 INFO:teuthology.orchestra.run.smithi067.stdout:/usr/bin/ceph: stderr
2024-04-27T02:49:35.167+0000 7f4c856b1700 1 -- 172.21.15.67:0/450990553 >> [v2:172.21.15.67:6800/280612503,v1:172.21.15.67:6801/280612503] conn(0x7f4c6c036850 msgr2=0x7f4c6c038d00 secure :-1 s=STATE_CONNECTION_ESTABLISHED l=1).mark_down
2024-04-27T02:49:35.924 INFO:teuthology.orchestra.run.smithi067.stdout:/usr/bin/ceph: stderr
2024-04-27T02:49:35.167+0000 7f4c856b1700 1 --2- 172.21.15.67:0/450990553 >> [v2:172.21.15.67:6800/280612503,v1:172.21.15.67:6801/280612503] conn(0x7f4c6c036850 0x7f4c6c038d00 secure :-1 s=READY pgs=13 cs=0 l=1 rev1=1 crypto rx=0x7f4c68009990 tx=0x7f4c68006e40 comp rx=0 tx=0).stop
2024-04-27T02:49:35.924 INFO:teuthology.orchestra.run.smithi067.stdout:/usr/bin/ceph: stderr
2024-04-27T02:49:35.167+0000 7f4c856b1700 1 -- 172.21.15.67:0/450990553 >> [v2:172.21.15.67:3300/0,v1:172.21.15.67:6789/0] conn(0x7f4c80100bf0 msgr2=0x7f4c80103620 secure :-1 s=STATE_CONNECTION_ESTABLISHED l=1).mark_down
2024-04-27T02:49:35.925 INFO:teuthology.orchestra.run.smithi067.stdout:/usr/bin/ceph: stderr
2024-04-27T02:49:35.167+0000 7f4c856b1700 1 --2- 172.21.15.67:0/450990553 >> [v2:172.21.15.67:3300/0,v1:172.21.15.67:6789/0] conn(0x7f4c80100bf0 0x7f4c80103620 secure :-1 s=READY pgs=46 cs=0 l=1 rev1=1 crypto rx=0x7f4c70000c00 tx=0x7f4c70009250 comp rx=0 tx=0).stop
2024-04-27T02:49:35.925 INFO:teuthology.orchestra.run.smithi067.stdout:/usr/bin/ceph: stderr
2024-04-27T02:49:35.167+0000 7f4c856b1700 1 -- 172.21.15.67:0/450990553 shutdown_connections
2024-04-27T02:49:35.925 INFO:teuthology.orchestra.run.smithi067.stdout:/usr/bin/ceph: stderr
2024-04-27T02:49:35.167+0000 7f4c856b1700 1 --2- 172.21.15.67:0/450990553 >> [v2:172.21.15.67:6800/280612503,v1:172.21.15.67:6801/280612503] conn(0x7f4c6c036850 0x7f4c6c038d00 unknown :-1 s=CLOSED pgs=13 cs=0 l=1 rev1=1 crypto rx=0 tx=0 comp rx=0 tx=0).stop
2024-04-27T02:49:35.925 INFO:teuthology.orchestra.run.smithi067.stdout:/usr/bin/ceph: stderr
2024-04-27T02:49:35.167+0000 7f4c856b1700 1 --2- 172.21.15.67:0/450990553 >> [v2:172.21.15.67:3300/0,v1:172.21.15.67:6789/0] conn(0x7f4c80100bf0 0x7f4c80103620 unknown :-1 s=CLOSED pgs=46 cs=0 l=1 rev1=1 crypto rx=0 tx=0 comp rx=0 tx=0).stop
2024-04-27T02:49:35.925 INFO:teuthology.orchestra.run.smithi067.stdout:/usr/bin/ceph: stderr
2024-04-27T02:49:35.167+0000 7f4c856b1700 1 -- 172.21.15.67:0/450990553 >> 172.21.15.67:0/450990553 conn(0x7f4c800fc6f0 msgr2=0x7f4c800fd150 unknown :-1 s=STATE_NONE l=0).mark_down
2024-04-27T02:49:35.925 INFO:teuthology.orchestra.run.smithi067.stdout:/usr/bin/ceph: stderr
2024-04-27T02:49:35.168+0000 7f4c856b1700 1 -- 172.21.15.67:0/450990553 shutdown_connections
2024-04-27T02:49:35.925 INFO:teuthology.orchestra.run.smithi067.stdout:/usr/bin/ceph: stderr
2024-04-27T02:49:35.168+0000 7f4c856b1700 1 -- 172.21.15.67:0/450990553 wait complete.
2024-04-27T02:49:35.925 INFO:teuthology.orchestra.run.smithi067.stdout:Deploying crash service with default placement...
2024-04-27T02:49:36.258 INFO:journalctl@ceph.mon.smithi067.smithi067.stdout:Apr 27 02:49:36 smithi067 ceph-mon[26723]: from='client.14140 -' entity='client.admin' cmd=[{"prefix": "orch apply", "service_type": "mgr", "target": ["mon-mgr", ""]}]: dispatch
2024-04-27T02:49:36.258 INFO:journalctl@ceph.mon.smithi067.smithi067.stdout:Apr 27 02:49:36 smithi067 ceph-mon[26723]: Saving service mgr spec with placement count:2
2024-04-27T02:49:36.258 INFO:journalctl@ceph.mon.smithi067.smithi067.stdout:Apr 27 02:49:36 smithi067 ceph-mon[26723]: from='mgr.14116 172.21.15.67:0/1504879375' entity='mgr.smithi067.kuchzw'
2024-04-27T02:49:37.796 INFO:teuthology.orchestra.run.smithi067.stdout:/usr/bin/ceph: stdout Scheduled crash update...
2024-04-27T02:49:37.797 INFO:teuthology.orchestra.run.smithi067.stdout:/usr/bin/ceph: stderr
2024-04-27T02:49:36.998+0000 7fe6416b4700 1 Processor -- start
2024-04-27T02:49:37.797 INFO:teuthology.orchestra.run.smithi067.stdout:/usr/bin/ceph: stderr
2024-04-27T02:49:36.998+0000 7fe6416b4700 1 -- start start
2024-04-27T02:49:37.797 INFO:teuthology.orchestra.run.smithi067.stdout:/usr/bin/ceph: stderr
2024-04-27T02:49:36.998+0000 7fe6416b4700 1 --2- >> [v2:172.21.15.67:3300/0,v1:172.21.15.67:6789/0] conn(0x7fe63c101d60 0x7fe63c102170 unknown :-1 s=NONE pgs=0 cs=0 l=0 rev1=0 crypto rx=0 tx=0 comp rx=0 tx=0).connect
2024-04-27T02:49:37.797 INFO:teuthology.orchestra.run.smithi067.stdout:/usr/bin/ceph: stderr
2024-04-27T02:49:36.998+0000 7fe6416b4700 1 -- --> [v2:172.21.15.67:3300/0,v1:172.21.15.67:6789/0] -- mon_getmap magic: 0 v1 -- 0x7fe63c1026b0 con 0x7fe63c101d60
2024-04-27T02:49:37.797 INFO:teuthology.orchestra.run.smithi067.stdout:/usr/bin/ceph: stderr
2024-04-27T02:49:36.999+0000 7fe63affd700 1 --2- >> [v2:172.21.15.67:3300/0,v1:172.21.15.67:6789/0] conn(0x7fe63c101d60 0x7fe63c102170 unknown :-1 s=BANNER_CONNECTING pgs=0 cs=0 l=0 rev1=0 crypto rx=0 tx=0 comp rx=0 tx=0)._handle_peer_banner_payload supported=3 required=0
2024-04-27T02:49:37.797 INFO:teuthology.orchestra.run.smithi067.stdout:/usr/bin/ceph: stderr
2024-04-27T02:49:36.999+0000 7fe63affd700 1 --2- >> [v2:172.21.15.67:3300/0,v1:172.21.15.67:6789/0] conn(0x7fe63c101d60 0x7fe63c102170 unknown :-1 s=HELLO_CONNECTING pgs=0 cs=0 l=0 rev1=1 crypto rx=0 tx=0 comp rx=0 tx=0).handle_hello peer v2:172.21.15.67:3300/0 says I am v2:172.21.15.67:43862/0 (socket says 172.21.15.67:43862)
2024-04-27T02:49:37.797 INFO:teuthology.orchestra.run.smithi067.stdout:/usr/bin/ceph: stderr
2024-04-27T02:49:36.999+0000 7fe63affd700 1 -- 172.21.15.67:0/2775115805 learned_addr learned my addr 172.21.15.67:0/2775115805 (peer_addr_for_me v2:172.21.15.67:0/0)
2024-04-27T02:49:37.797 INFO:teuthology.orchestra.run.smithi067.stdout:/usr/bin/ceph: stderr
2024-04-27T02:49:36.999+0000 7fe63affd700 1 -- 172.21.15.67:0/2775115805 --> [v2:172.21.15.67:3300/0,v1:172.21.15.67:6789/0] -- mon_subscribe({config=0+,monmap=0+}) v3 -- 0x7fe63c1027f0 con 0x7fe63c101d60
2024-04-27T02:49:37.797 INFO:teuthology.orchestra.run.smithi067.stdout:/usr/bin/ceph: stderr
2024-04-27T02:49:36.999+0000 7fe63affd700 1 --2- 172.21.15.67:0/2775115805 >> [v2:172.21.15.67:3300/0,v1:172.21.15.67:6789/0] conn(0x7fe63c101d60 0x7fe63c102170 secure :-1 s=READY pgs=47 cs=0 l=1 rev1=1 crypto rx=0x7fe6240098e0 tx=0x7fe624009250 comp rx=0 tx=0).ready entity=mon.0 client_cookie=f48c3bcc7326bb98 server_cookie=0 in_seq=0 out_seq=0
2024-04-27T02:49:37.797 INFO:teuthology.orchestra.run.smithi067.stdout:/usr/bin/ceph: stderr
2024-04-27T02:49:37.000+0000 7fe639ffb700 1 -- 172.21.15.67:0/2775115805 <== mon.0 v2:172.21.15.67:3300/0 1 ==== mon_map magic: 0 v1 ==== 229+0+0 (secure 0 0 0) 0x7fe62400b860 con 0x7fe63c101d60
2024-04-27T02:49:37.797 INFO:teuthology.orchestra.run.smithi067.stdout:/usr/bin/ceph: stderr
2024-04-27T02:49:37.000+0000 7fe639ffb700 1 -- 172.21.15.67:0/2775115805 <== mon.0 v2:172.21.15.67:3300/0 2 ==== config(27 keys) v1 ==== 1109+0+0 (secure 0 0 0) 0x7fe62400be90 con 0x7fe63c101d60
2024-04-27T02:49:37.797 INFO:teuthology.orchestra.run.smithi067.stdout:/usr/bin/ceph: stderr
2024-04-27T02:49:37.000+0000 7fe639ffb700 1 -- 172.21.15.67:0/2775115805 <== mon.0 v2:172.21.15.67:3300/0 3 ==== mon_map magic: 0 v1 ==== 229+0+0 (secure 0 0 0) 0x7fe6240103c0 con 0x7fe63c101d60
2024-04-27T02:49:37.797 INFO:teuthology.orchestra.run.smithi067.stdout:/usr/bin/ceph: stderr
2024-04-27T02:49:37.000+0000 7fe6416b4700 1 -- 172.21.15.67:0/2775115805 >> [v2:172.21.15.67:3300/0,v1:172.21.15.67:6789/0] conn(0x7fe63c101d60 msgr2=0x7fe63c102170 secure :-1 s=STATE_CONNECTION_ESTABLISHED l=1).mark_down
2024-04-27T02:49:37.798 INFO:teuthology.orchestra.run.smithi067.stdout:/usr/bin/ceph: stderr
2024-04-27T02:49:37.000+0000 7fe6416b4700 1 --2- 172.21.15.67:0/2775115805 >> [v2:172.21.15.67:3300/0,v1:172.21.15.67:6789/0] conn(0x7fe63c101d60 0x7fe63c102170 secure :-1 s=READY pgs=47 cs=0 l=1 rev1=1 crypto rx=0x7fe6240098e0 tx=0x7fe624009250 comp rx=0 tx=0).stop
2024-04-27T02:49:37.798 INFO:teuthology.orchestra.run.smithi067.stdout:/usr/bin/ceph: stderr
2024-04-27T02:49:37.000+0000 7fe6416b4700 1 -- 172.21.15.67:0/2775115805 shutdown_connections
2024-04-27T02:49:37.798 INFO:teuthology.orchestra.run.smithi067.stdout:/usr/bin/ceph: stderr
2024-04-27T02:49:37.000+0000 7fe6416b4700 1 --2- 172.21.15.67:0/2775115805 >> [v2:172.21.15.67:3300/0,v1:172.21.15.67:6789/0] conn(0x7fe63c101d60 0x7fe63c102170 unknown :-1 s=CLOSED pgs=47 cs=0 l=1 rev1=1 crypto rx=0 tx=0 comp rx=0 tx=0).stop
2024-04-27T02:49:37.798 INFO:teuthology.orchestra.run.smithi067.stdout:/usr/bin/ceph: stderr
2024-04-27T02:49:37.000+0000 7fe6416b4700 1 -- 172.21.15.67:0/2775115805 >> 172.21.15.67:0/2775115805 conn(0x7fe63c0fc6f0 msgr2=0x7fe63c0feb00 unknown :-1 s=STATE_NONE l=0).mark_down
2024-04-27T02:49:37.798 INFO:teuthology.orchestra.run.smithi067.stdout:/usr/bin/ceph: stderr
2024-04-27T02:49:37.000+0000 7fe6416b4700 1 -- 172.21.15.67:0/2775115805 shutdown_connections
2024-04-27T02:49:37.798 INFO:teuthology.orchestra.run.smithi067.stdout:/usr/bin/ceph: stderr
2024-04-27T02:49:37.000+0000 7fe6416b4700 1 -- 172.21.15.67:0/2775115805 wait complete.
2024-04-27T02:49:37.798 INFO:teuthology.orchestra.run.smithi067.stdout:/usr/bin/ceph: stderr
2024-04-27T02:49:37.001+0000 7fe6416b4700 1 Processor -- start
2024-04-27T02:49:37.798 INFO:teuthology.orchestra.run.smithi067.stdout:/usr/bin/ceph: stderr
2024-04-27T02:49:37.001+0000 7fe6416b4700 1 -- start start
2024-04-27T02:49:37.798 INFO:teuthology.orchestra.run.smithi067.stdout:/usr/bin/ceph: stderr
2024-04-27T02:49:37.001+0000 7fe6416b4700 1 --2- >> [v2:172.21.15.67:3300/0,v1:172.21.15.67:6789/0] conn(0x7fe63c101d60 0x7fe63c1137c0 unknown :-1 s=NONE pgs=0 cs=0 l=1 rev1=0 crypto rx=0 tx=0 comp rx=0 tx=0).connect
2024-04-27T02:49:37.798 INFO:teuthology.orchestra.run.smithi067.stdout:/usr/bin/ceph: stderr
2024-04-27T02:49:37.001+0000 7fe6416b4700 1 -- --> [v2:172.21.15.67:3300/0,v1:172.21.15.67:6789/0] -- mon_getmap magic: 0 v1 -- 0x7fe63c113d00 con 0x7fe63c101d60
2024-04-27T02:49:37.798 INFO:teuthology.orchestra.run.smithi067.stdout:/usr/bin/ceph: stderr
2024-04-27T02:49:37.001+0000 7fe63affd700 1 --2- >> [v2:172.21.15.67:3300/0,v1:172.21.15.67:6789/0] conn(0x7fe63c101d60 0x7fe63c1137c0 unknown :-1 s=BANNER_CONNECTING pgs=0 cs=0 l=1 rev1=0 crypto rx=0 tx=0 comp rx=0 tx=0)._handle_peer_banner_payload supported=3 required=0
2024-04-27T02:49:37.798 INFO:teuthology.orchestra.run.smithi067.stdout:/usr/bin/ceph: stderr
2024-04-27T02:49:37.001+0000 7fe63affd700 1 --2- >> [v2:172.21.15.67:3300/0,v1:172.21.15.67:6789/0] conn(0x7fe63c101d60 0x7fe63c1137c0 unknown :-1 s=HELLO_CONNECTING pgs=0 cs=0 l=1 rev1=1 crypto rx=0 tx=0 comp rx=0 tx=0).handle_hello peer v2:172.21.15.67:3300/0 says I am v2:172.21.15.67:43878/0 (socket says 172.21.15.67:43878)
2024-04-27T02:49:37.798 INFO:teuthology.orchestra.run.smithi067.stdout:/usr/bin/ceph: stderr
2024-04-27T02:49:37.001+0000 7fe63affd700 1 -- 172.21.15.67:0/3123178592 learned_addr learned my addr 172.21.15.67:0/3123178592 (peer_addr_for_me v2:172.21.15.67:0/0)
2024-04-27T02:49:37.799 INFO:teuthology.orchestra.run.smithi067.stdout:/usr/bin/ceph: stderr
2024-04-27T02:49:37.001+0000 7fe63affd700 1 -- 172.21.15.67:0/3123178592 --> [v2:172.21.15.67:3300/0,v1:172.21.15.67:6789/0] -- mon_subscribe({config=0+,monmap=0+}) v3 -- 0x7fe6240094f0 con 0x7fe63c101d60
2024-04-27T02:49:37.799 INFO:teuthology.orchestra.run.smithi067.stdout:/usr/bin/ceph: stderr
2024-04-27T02:49:37.002+0000 7fe63affd700 1 --2- 172.21.15.67:0/3123178592 >> [v2:172.21.15.67:3300/0,v1:172.21.15.67:6789/0] conn(0x7fe63c101d60 0x7fe63c1137c0 secure :-1 s=READY pgs=48 cs=0 l=1 rev1=1 crypto rx=0x7fe624011680 tx=0x7fe624009250 comp rx=0 tx=0).ready entity=mon.0 client_cookie=0 server_cookie=0 in_seq=0 out_seq=0
2024-04-27T02:49:37.799 INFO:teuthology.orchestra.run.smithi067.stdout:/usr/bin/ceph: stderr
2024-04-27T02:49:37.002+0000 7fe6337fe700 1 -- 172.21.15.67:0/3123178592 <== mon.0 v2:172.21.15.67:3300/0 1 ==== mon_map magic: 0 v1 ==== 229+0+0 (secure 0 0 0) 0x7fe624010890 con 0x7fe63c101d60
2024-04-27T02:49:37.799 INFO:teuthology.orchestra.run.smithi067.stdout:/usr/bin/ceph: stderr
2024-04-27T02:49:37.002+0000 7fe6337fe700 1 -- 172.21.15.67:0/3123178592 <== mon.0 v2:172.21.15.67:3300/0 2 ==== config(27 keys) v1 ==== 1109+0+0 (secure 0 0 0) 0x7fe624010ec0 con 0x7fe63c101d60
2024-04-27T02:49:37.799 INFO:teuthology.orchestra.run.smithi067.stdout:/usr/bin/ceph: stderr
2024-04-27T02:49:37.002+0000 7fe6416b4700 1 -- 172.21.15.67:0/3123178592 --> [v2:172.21.15.67:3300/0,v1:172.21.15.67:6789/0] -- mon_subscribe({mgrmap=0+}) v3 -- 0x7fe63c113f00 con 0x7fe63c101d60
2024-04-27T02:49:37.799 INFO:teuthology.orchestra.run.smithi067.stdout:/usr/bin/ceph: stderr
2024-04-27T02:49:37.002+0000 7fe6337fe700 1 -- 172.21.15.67:0/3123178592 <== mon.0 v2:172.21.15.67:3300/0 3 ==== mon_map magic: 0 v1 ==== 229+0+0 (secure 0 0 0) 0x7fe6240243f0 con 0x7fe63c101d60
2024-04-27T02:49:37.799 INFO:teuthology.orchestra.run.smithi067.stdout:/usr/bin/ceph: stderr
2024-04-27T02:49:37.002+0000 7fe6416b4700 1 -- 172.21.15.67:0/3123178592 --> [v2:172.21.15.67:3300/0,v1:172.21.15.67:6789/0] -- mon_subscribe({osdmap=0}) v3 -- 0x7fe63c114a70 con 0x7fe63c101d60
2024-04-27T02:49:37.799 INFO:teuthology.orchestra.run.smithi067.stdout:/usr/bin/ceph: stderr
2024-04-27T02:49:37.003+0000 7fe6337fe700 1 -- 172.21.15.67:0/3123178592 <== mon.0 v2:172.21.15.67:3300/0 4 ==== mgrmap(e 8) v1 ==== 43376+0+0 (secure 0 0 0) 0x7fe62402d3f0 con 0x7fe63c101d60
2024-04-27T02:49:37.799 INFO:teuthology.orchestra.run.smithi067.stdout:/usr/bin/ceph: stderr
2024-04-27T02:49:37.003+0000 7fe6337fe700 1 --2- 172.21.15.67:0/3123178592 >> [v2:172.21.15.67:6800/280612503,v1:172.21.15.67:6801/280612503] conn(0x7fe628036890 0x7fe628038d40 unknown :-1 s=NONE pgs=0 cs=0 l=1 rev1=0 crypto rx=0 tx=0 comp rx=0 tx=0).connect
2024-04-27T02:49:37.799 INFO:teuthology.orchestra.run.smithi067.stdout:/usr/bin/ceph: stderr
2024-04-27T02:49:37.003+0000 7fe6337fe700 1 -- 172.21.15.67:0/3123178592 <== mon.0 v2:172.21.15.67:3300/0 5 ==== osd_map(2..2 src has 1..2) v4 ==== 936+0+0 (secure 0 0 0) 0x7fe62404a1e0 con 0x7fe63c101d60
2024-04-27T02:49:37.799 INFO:teuthology.orchestra.run.smithi067.stdout:/usr/bin/ceph: stderr
2024-04-27T02:49:37.003+0000 7fe6416b4700 1 -- 172.21.15.67:0/3123178592 --> [v2:172.21.15.67:3300/0,v1:172.21.15.67:6789/0] -- mon_command({"prefix": "get_command_descriptions"} v 0) v1 -- 0x7fe63c05f5c0 con 0x7fe63c101d60
2024-04-27T02:49:37.799 INFO:teuthology.orchestra.run.smithi067.stdout:/usr/bin/ceph: stderr
2024-04-27T02:49:37.003+0000 7fe63a7fc700 1 --2- 172.21.15.67:0/3123178592 >> [v2:172.21.15.67:6800/280612503,v1:172.21.15.67:6801/280612503] conn(0x7fe628036890 0x7fe628038d40 unknown :-1 s=BANNER_CONNECTING pgs=0 cs=0 l=1 rev1=0 crypto rx=0 tx=0 comp rx=0 tx=0)._handle_peer_banner_payload supported=3 required=0
2024-04-27T02:49:37.799 INFO:teuthology.orchestra.run.smithi067.stdout:/usr/bin/ceph: stderr
2024-04-27T02:49:37.003+0000 7fe63a7fc700 1 --2- 172.21.15.67:0/3123178592 >> [v2:172.21.15.67:6800/280612503,v1:172.21.15.67:6801/280612503] conn(0x7fe628036890 0x7fe628038d40 secure :-1 s=READY pgs=14 cs=0 l=1 rev1=1 crypto rx=0x7fe62c009990 tx=0x7fe62c006e40 comp rx=0 tx=0).ready entity=mgr.14116 client_cookie=0 server_cookie=0 in_seq=0 out_seq=0
2024-04-27T02:49:37.800 INFO:teuthology.orchestra.run.smithi067.stdout:/usr/bin/ceph: stderr
2024-04-27T02:49:37.008+0000 7fe6337fe700 1 -- 172.21.15.67:0/3123178592 <== mon.0 v2:172.21.15.67:3300/0 6 ==== mon_command_ack([{"prefix": "get_command_descriptions"}]=0 v0) v1 ==== 72+0+176702 (secure 0 0 0) 0x7fe62402b8e0 con 0x7fe63c101d60
2024-04-27T02:49:37.800 INFO:teuthology.orchestra.run.smithi067.stdout:/usr/bin/ceph: stderr
2024-04-27T02:49:37.223+0000 7fe6416b4700 1 -- 172.21.15.67:0/3123178592 --> [v2:172.21.15.67:6800/280612503,v1:172.21.15.67:6801/280612503] -- mgr_command(tid 0: {"prefix": "orch apply", "service_type": "crash", "target": ["mon-mgr", ""]}) v1 -- 0x7fe63c115650 con 0x7fe628036890
2024-04-27T02:49:37.800 INFO:teuthology.orchestra.run.smithi067.stdout:/usr/bin/ceph: stderr
2024-04-27T02:49:37.230+0000 7fe6337fe700 1 -- 172.21.15.67:0/3123178592 <== mgr.14116 v2:172.21.15.67:6800/280612503 1 ==== mgr_command_reply(tid 0: 0 ) v1 ==== 8+0+26 (secure 0 0 0) 0x7fe63c115650 con 0x7fe628036890
2024-04-27T02:49:37.800 INFO:teuthology.orchestra.run.smithi067.stdout:/usr/bin/ceph: stderr
2024-04-27T02:49:37.232+0000 7fe6416b4700 1 -- 172.21.15.67:0/3123178592 >> [v2:172.21.15.67:6800/280612503,v1:172.21.15.67:6801/280612503] conn(0x7fe628036890 msgr2=0x7fe628038d40 secure :-1 s=STATE_CONNECTION_ESTABLISHED l=1).mark_down
2024-04-27T02:49:37.800 INFO:teuthology.orchestra.run.smithi067.stdout:/usr/bin/ceph: stderr
2024-04-27T02:49:37.232+0000 7fe6416b4700 1 --2- 172.21.15.67:0/3123178592 >> [v2:172.21.15.67:6800/280612503,v1:172.21.15.67:6801/280612503] conn(0x7fe628036890 0x7fe628038d40 secure :-1 s=READY pgs=14 cs=0 l=1 rev1=1 crypto rx=0x7fe62c009990 tx=0x7fe62c006e40 comp rx=0 tx=0).stop
2024-04-27T02:49:37.800 INFO:teuthology.orchestra.run.smithi067.stdout:/usr/bin/ceph: stderr
2024-04-27T02:49:37.233+0000 7fe6416b4700 1 -- 172.21.15.67:0/3123178592 >> [v2:172.21.15.67:3300/0,v1:172.21.15.67:6789/0] conn(0x7fe63c101d60 msgr2=0x7fe63c1137c0 secure :-1 s=STATE_CONNECTION_ESTABLISHED l=1).mark_down
2024-04-27T02:49:37.800 INFO:teuthology.orchestra.run.smithi067.stdout:/usr/bin/ceph: stderr
2024-04-27T02:49:37.233+0000 7fe6416b4700 1 --2- 172.21.15.67:0/3123178592 >> [v2:172.21.15.67:3300/0,v1:172.21.15.67:6789/0] conn(0x7fe63c101d60 0x7fe63c1137c0 secure :-1 s=READY pgs=48 cs=0 l=1 rev1=1 crypto rx=0x7fe624011680 tx=0x7fe624009250 comp rx=0 tx=0).stop
2024-04-27T02:49:37.800 INFO:teuthology.orchestra.run.smithi067.stdout:/usr/bin/ceph: stderr
2024-04-27T02:49:37.233+0000 7fe6416b4700 1 -- 172.21.15.67:0/3123178592 shutdown_connections
2024-04-27T02:49:37.800 INFO:teuthology.orchestra.run.smithi067.stdout:/usr/bin/ceph: stderr
2024-04-27T02:49:37.233+0000 7fe6416b4700 1 --2- 172.21.15.67:0/3123178592 >> [v2:172.21.15.67:6800/280612503,v1:172.21.15.67:6801/280612503] conn(0x7fe628036890 0x7fe628038d40 unknown :-1 s=CLOSED pgs=14 cs=0 l=1 rev1=1 crypto rx=0 tx=0 comp rx=0 tx=0).stop
2024-04-27T02:49:37.800 INFO:teuthology.orchestra.run.smithi067.stdout:/usr/bin/ceph: stderr
2024-04-27T02:49:37.233+0000 7fe6416b4700 1 --2- 172.21.15.67:0/3123178592 >> [v2:172.21.15.67:3300/0,v1:172.21.15.67:6789/0] conn(0x7fe63c101d60 0x7fe63c1137c0 unknown :-1 s=CLOSED pgs=48 cs=0 l=1 rev1=1 crypto rx=0 tx=0 comp rx=0 tx=0).stop
2024-04-27T02:49:37.800 INFO:teuthology.orchestra.run.smithi067.stdout:/usr/bin/ceph: stderr
2024-04-27T02:49:37.233+0000 7fe6416b4700 1 -- 172.21.15.67:0/3123178592 >> 172.21.15.67:0/3123178592 conn(0x7fe63c0fc6f0 msgr2=0x7fe63c10a580 unknown :-1 s=STATE_NONE l=0).mark_down
2024-04-27T02:49:37.800 INFO:teuthology.orchestra.run.smithi067.stdout:/usr/bin/ceph: stderr
2024-04-27T02:49:37.233+0000 7fe6416b4700 1 -- 172.21.15.67:0/3123178592 shutdown_connections
2024-04-27T02:49:37.800 INFO:teuthology.orchestra.run.smithi067.stdout:/usr/bin/ceph: stderr
2024-04-27T02:49:37.233+0000 7fe6416b4700 1 -- 172.21.15.67:0/3123178592 wait complete.
2024-04-27T02:49:37.801 INFO:teuthology.orchestra.run.smithi067.stdout:Deploying prometheus service with default placement...
2024-04-27T02:49:37.824 INFO:journalctl@ceph.mon.smithi067.smithi067.stdout:Apr 27 02:49:37 smithi067 ceph-mon[26723]: from='mgr.14116 172.21.15.67:0/1504879375' entity='mgr.smithi067.kuchzw'
2024-04-27T02:49:37.824 INFO:journalctl@ceph.mon.smithi067.smithi067.stdout:Apr 27 02:49:37 smithi067 ceph-mon[26723]: from='mgr.14116 172.21.15.67:0/1504879375' entity='mgr.smithi067.kuchzw'
2024-04-27T02:49:37.824 INFO:journalctl@ceph.mon.smithi067.smithi067.stdout:Apr 27 02:49:37 smithi067 ceph-mon[26723]: from='client.14142 -' entity='client.admin' cmd=[{"prefix": "orch apply", "service_type": "crash", "target": ["mon-mgr", ""]}]: dispatch
2024-04-27T02:49:37.824 INFO:journalctl@ceph.mon.smithi067.smithi067.stdout:Apr 27 02:49:37 smithi067 ceph-mon[26723]: Saving service crash spec with placement *
2024-04-27T02:49:37.824 INFO:journalctl@ceph.mon.smithi067.smithi067.stdout:Apr 27 02:49:37 smithi067 ceph-mon[26723]: from='mgr.14116 172.21.15.67:0/1504879375' entity='mgr.smithi067.kuchzw'
2024-04-27T02:49:39.298 INFO:teuthology.orchestra.run.smithi067.stdout:/usr/bin/ceph: stdout Scheduled prometheus update...
2024-04-27T02:49:39.298 INFO:teuthology.orchestra.run.smithi067.stdout:/usr/bin/ceph: stderr
2024-04-27T02:49:38.201+0000 7fbf853ef700 1 Processor -- start
2024-04-27T02:49:39.298 INFO:teuthology.orchestra.run.smithi067.stdout:/usr/bin/ceph: stderr
2024-04-27T02:49:38.201+0000 7fbf853ef700 1 -- start start
2024-04-27T02:49:39.299 INFO:teuthology.orchestra.run.smithi067.stdout:/usr/bin/ceph: stderr
2024-04-27T02:49:38.201+0000 7fbf853ef700 1 --2- >> [v2:172.21.15.67:3300/0,v1:172.21.15.67:6789/0] conn(0x7fbf80102890 0x7fbf80102ca0 unknown :-1 s=NONE pgs=0 cs=0 l=0 rev1=0 crypto rx=0 tx=0 comp rx=0 tx=0).connect
2024-04-27T02:49:39.299 INFO:teuthology.orchestra.run.smithi067.stdout:/usr/bin/ceph: stderr
2024-04-27T02:49:38.201+0000 7fbf853ef700 1 -- --> [v2:172.21.15.67:3300/0,v1:172.21.15.67:6789/0] -- mon_getmap magic: 0 v1 -- 0x7fbf801031e0 con 0x7fbf80102890
2024-04-27T02:49:39.299 INFO:teuthology.orchestra.run.smithi067.stdout:/usr/bin/ceph: stderr
2024-04-27T02:49:38.201+0000 7fbf7effd700 1 --2- >> [v2:172.21.15.67:3300/0,v1:172.21.15.67:6789/0] conn(0x7fbf80102890 0x7fbf80102ca0 unknown :-1 s=BANNER_CONNECTING pgs=0 cs=0 l=0 rev1=0 crypto rx=0 tx=0 comp rx=0 tx=0)._handle_peer_banner_payload supported=3 required=0
2024-04-27T02:49:39.299 INFO:teuthology.orchestra.run.smithi067.stdout:/usr/bin/ceph: stderr
2024-04-27T02:49:38.201+0000 7fbf7effd700 1 --2- >> [v2:172.21.15.67:3300/0,v1:172.21.15.67:6789/0] conn(0x7fbf80102890 0x7fbf80102ca0 unknown :-1 s=HELLO_CONNECTING pgs=0 cs=0 l=0 rev1=1 crypto rx=0 tx=0 comp rx=0 tx=0).handle_hello peer v2:172.21.15.67:3300/0 says I am v2:172.21.15.67:43886/0 (socket says 172.21.15.67:43886)
2024-04-27T02:49:39.299 INFO:teuthology.orchestra.run.smithi067.stdout:/usr/bin/ceph: stderr
2024-04-27T02:49:38.201+0000 7fbf7effd700 1 -- 172.21.15.67:0/3753510171 learned_addr learned my addr 172.21.15.67:0/3753510171 (peer_addr_for_me v2:172.21.15.67:0/0)
2024-04-27T02:49:39.299 INFO:teuthology.orchestra.run.smithi067.stdout:/usr/bin/ceph: stderr
2024-04-27T02:49:38.202+0000 7fbf7effd700 1 -- 172.21.15.67:0/3753510171 --> [v2:172.21.15.67:3300/0,v1:172.21.15.67:6789/0] -- mon_subscribe({config=0+,monmap=0+}) v3 -- 0x7fbf80103320 con 0x7fbf80102890
2024-04-27T02:49:39.299 INFO:teuthology.orchestra.run.smithi067.stdout:/usr/bin/ceph: stderr
2024-04-27T02:49:38.202+0000 7fbf7effd700 1 --2- 172.21.15.67:0/3753510171 >> [v2:172.21.15.67:3300/0,v1:172.21.15.67:6789/0] conn(0x7fbf80102890 0x7fbf80102ca0 secure :-1 s=READY pgs=49 cs=0 l=1 rev1=1 crypto rx=0x7fbf700098e0 tx=0x7fbf70009250 comp rx=0 tx=0).ready entity=mon.0 client_cookie=83cf0a850c3d6c31 server_cookie=0 in_seq=0 out_seq=0
2024-04-27T02:49:39.299 INFO:teuthology.orchestra.run.smithi067.stdout:/usr/bin/ceph: stderr
2024-04-27T02:49:38.202+0000 7fbf7dffb700 1 -- 172.21.15.67:0/3753510171 <== mon.0 v2:172.21.15.67:3300/0 1 ==== mon_map magic: 0 v1 ==== 229+0+0 (secure 0 0 0) 0x7fbf7000b860 con 0x7fbf80102890
2024-04-27T02:49:39.299 INFO:teuthology.orchestra.run.smithi067.stdout:/usr/bin/ceph: stderr
2024-04-27T02:49:38.202+0000 7fbf7dffb700 1 -- 172.21.15.67:0/3753510171 <== mon.0 v2:172.21.15.67:3300/0 2 ==== config(27 keys) v1 ==== 1109+0+0 (secure 0 0 0) 0x7fbf7000be90 con 0x7fbf80102890
2024-04-27T02:49:39.299 INFO:teuthology.orchestra.run.smithi067.stdout:/usr/bin/ceph: stderr
2024-04-27T02:49:38.202+0000 7fbf7dffb700 1 -- 172.21.15.67:0/3753510171 <== mon.0 v2:172.21.15.67:3300/0 3 ==== mon_map magic: 0 v1 ==== 229+0+0 (secure 0 0 0) 0x7fbf700103c0 con 0x7fbf80102890
2024-04-27T02:49:39.299 INFO:teuthology.orchestra.run.smithi067.stdout:/usr/bin/ceph: stderr
2024-04-27T02:49:38.203+0000 7fbf853ef700 1 -- 172.21.15.67:0/3753510171 >> [v2:172.21.15.67:3300/0,v1:172.21.15.67:6789/0] conn(0x7fbf80102890 msgr2=0x7fbf80102ca0 secure :-1 s=STATE_CONNECTION_ESTABLISHED l=1).mark_down
2024-04-27T02:49:39.299 INFO:teuthology.orchestra.run.smithi067.stdout:/usr/bin/ceph: stderr
2024-04-27T02:49:38.203+0000 7fbf853ef700 1 --2- 172.21.15.67:0/3753510171 >> [v2:172.21.15.67:3300/0,v1:172.21.15.67:6789/0] conn(0x7fbf80102890 0x7fbf80102ca0 secure :-1 s=READY pgs=49 cs=0 l=1 rev1=1 crypto rx=0x7fbf700098e0 tx=0x7fbf70009250 comp rx=0 tx=0).stop
2024-04-27T02:49:39.299 INFO:teuthology.orchestra.run.smithi067.stdout:/usr/bin/ceph: stderr
2024-04-27T02:49:38.203+0000 7fbf853ef700 1 -- 172.21.15.67:0/3753510171 shutdown_connections
2024-04-27T02:49:39.299 INFO:teuthology.orchestra.run.smithi067.stdout:/usr/bin/ceph: stderr
2024-04-27T02:49:38.203+0000 7fbf853ef700 1 --2- 172.21.15.67:0/3753510171 >> [v2:172.21.15.67:3300/0,v1:172.21.15.67:6789/0] conn(0x7fbf80102890 0x7fbf80102ca0 unknown :-1 s=CLOSED pgs=49 cs=0 l=1 rev1=1 crypto rx=0 tx=0 comp rx=0 tx=0).stop
2024-04-27T02:49:39.300 INFO:teuthology.orchestra.run.smithi067.stdout:/usr/bin/ceph: stderr
2024-04-27T02:49:38.203+0000 7fbf853ef700 1 -- 172.21.15.67:0/3753510171 >> 172.21.15.67:0/3753510171 conn(0x7fbf800fe050 msgr2=0x7fbf80100460 unknown :-1 s=STATE_NONE l=0).mark_down
2024-04-27T02:49:39.300 INFO:teuthology.orchestra.run.smithi067.stdout:/usr/bin/ceph: stderr
2024-04-27T02:49:38.203+0000 7fbf853ef700 1 -- 172.21.15.67:0/3753510171 shutdown_connections
2024-04-27T02:49:39.300 INFO:teuthology.orchestra.run.smithi067.stdout:/usr/bin/ceph: stderr
2024-04-27T02:49:38.203+0000 7fbf853ef700 1 -- 172.21.15.67:0/3753510171 wait complete.
2024-04-27T02:49:39.300 INFO:teuthology.orchestra.run.smithi067.stdout:/usr/bin/ceph: stderr
2024-04-27T02:49:38.204+0000 7fbf853ef700 1 Processor -- start
2024-04-27T02:49:39.300 INFO:teuthology.orchestra.run.smithi067.stdout:/usr/bin/ceph: stderr
2024-04-27T02:49:38.204+0000 7fbf853ef700 1 -- start start
2024-04-27T02:49:39.300 INFO:teuthology.orchestra.run.smithi067.stdout:/usr/bin/ceph: stderr
2024-04-27T02:49:38.204+0000 7fbf853ef700 1 --2- >> [v2:172.21.15.67:3300/0,v1:172.21.15.67:6789/0] conn(0x7fbf80102890 0x7fbf80078c20 unknown :-1 s=NONE pgs=0 cs=0 l=1 rev1=0 crypto rx=0 tx=0 comp rx=0 tx=0).connect
2024-04-27T02:49:39.300 INFO:teuthology.orchestra.run.smithi067.stdout:/usr/bin/ceph: stderr
2024-04-27T02:49:38.204+0000 7fbf853ef700 1 -- --> [v2:172.21.15.67:3300/0,v1:172.21.15.67:6789/0] -- mon_getmap magic: 0 v1 -- 0x7fbf80079160 con 0x7fbf80102890
2024-04-27T02:49:39.300 INFO:teuthology.orchestra.run.smithi067.stdout:/usr/bin/ceph: stderr
2024-04-27T02:49:38.205+0000 7fbf7effd700 1 --2- >> [v2:172.21.15.67:3300/0,v1:172.21.15.67:6789/0] conn(0x7fbf80102890 0x7fbf80078c20 unknown :-1 s=BANNER_CONNECTING pgs=0 cs=0 l=1 rev1=0 crypto rx=0 tx=0 comp rx=0 tx=0)._handle_peer_banner_payload supported=3 required=0
2024-04-27T02:49:39.300 INFO:teuthology.orchestra.run.smithi067.stdout:/usr/bin/ceph: stderr
2024-04-27T02:49:38.205+0000 7fbf7effd700 1 --2- >> [v2:172.21.15.67:3300/0,v1:172.21.15.67:6789/0] conn(0x7fbf80102890 0x7fbf80078c20 unknown :-1 s=HELLO_CONNECTING pgs=0 cs=0 l=1 rev1=1 crypto rx=0 tx=0 comp rx=0 tx=0).handle_hello peer v2:172.21.15.67:3300/0 says I am v2:172.21.15.67:43890/0 (socket says 172.21.15.67:43890)
2024-04-27T02:49:39.300 INFO:teuthology.orchestra.run.smithi067.stdout:/usr/bin/ceph: stderr
2024-04-27T02:49:38.205+0000 7fbf7effd700 1 -- 172.21.15.67:0/211243624 learned_addr learned my addr 172.21.15.67:0/211243624 (peer_addr_for_me v2:172.21.15.67:0/0)
2024-04-27T02:49:39.300 INFO:teuthology.orchestra.run.smithi067.stdout:/usr/bin/ceph: stderr
2024-04-27T02:49:38.205+0000 7fbf7effd700 1 -- 172.21.15.67:0/211243624 --> [v2:172.21.15.67:3300/0,v1:172.21.15.67:6789/0] -- mon_subscribe({config=0+,monmap=0+}) v3 -- 0x7fbf700094f0 con 0x7fbf80102890
2024-04-27T02:49:39.300 INFO:teuthology.orchestra.run.smithi067.stdout:/usr/bin/ceph: stderr
2024-04-27T02:49:38.205+0000 7fbf7effd700 1 --2- 172.21.15.67:0/211243624 >> [v2:172.21.15.67:3300/0,v1:172.21.15.67:6789/0] conn(0x7fbf80102890 0x7fbf80078c20 secure :-1 s=READY pgs=50 cs=0 l=1 rev1=1 crypto rx=0x7fbf700090b0 tx=0x7fbf70009250 comp rx=0 tx=0).ready entity=mon.0 client_cookie=0 server_cookie=0 in_seq=0 out_seq=0
2024-04-27T02:49:39.300 INFO:teuthology.orchestra.run.smithi067.stdout:/usr/bin/ceph: stderr
2024-04-27T02:49:38.205+0000 7fbf677fe700 1 -- 172.21.15.67:0/211243624 <== mon.0 v2:172.21.15.67:3300/0 1 ==== mon_map magic: 0 v1 ==== 229+0+0 (secure 0 0 0) 0x7fbf70010840 con 0x7fbf80102890
2024-04-27T02:49:39.300 INFO:teuthology.orchestra.run.smithi067.stdout:/usr/bin/ceph: stderr
2024-04-27T02:49:38.205+0000 7fbf677fe700 1 -- 172.21.15.67:0/211243624 <== mon.0 v2:172.21.15.67:3300/0 2 ==== config(27 keys) v1 ==== 1109+0+0 (secure 0 0 0) 0x7fbf70010e70 con 0x7fbf80102890
2024-04-27T02:49:39.300 INFO:teuthology.orchestra.run.smithi067.stdout:/usr/bin/ceph: stderr
2024-04-27T02:49:38.205+0000 7fbf853ef700 1 -- 172.21.15.67:0/211243624 --> [v2:172.21.15.67:3300/0,v1:172.21.15.67:6789/0] -- mon_subscribe({mgrmap=0+}) v3 -- 0x7fbf800771d0 con 0x7fbf80102890
2024-04-27T02:49:39.301 INFO:teuthology.orchestra.run.smithi067.stdout:/usr/bin/ceph: stderr
2024-04-27T02:49:38.205+0000 7fbf677fe700 1 -- 172.21.15.67:0/211243624 <== mon.0 v2:172.21.15.67:3300/0 3 ==== mon_map magic: 0 v1 ==== 229+0+0 (secure 0 0 0) 0x7fbf70024e40 con 0x7fbf80102890
2024-04-27T02:49:39.301 INFO:teuthology.orchestra.run.smithi067.stdout:/usr/bin/ceph: stderr
2024-04-27T02:49:38.205+0000 7fbf853ef700 1 -- 172.21.15.67:0/211243624 --> [v2:172.21.15.67:3300/0,v1:172.21.15.67:6789/0] -- mon_subscribe({osdmap=0}) v3 -- 0x7fbf800776c0 con 0x7fbf80102890
2024-04-27T02:49:39.301 INFO:teuthology.orchestra.run.smithi067.stdout:/usr/bin/ceph: stderr
2024-04-27T02:49:38.206+0000 7fbf677fe700 1 -- 172.21.15.67:0/211243624 <== mon.0 v2:172.21.15.67:3300/0 4 ==== mgrmap(e 8) v1 ==== 43376+0+0 (secure 0 0 0) 0x7fbf7001a510 con 0x7fbf80102890
2024-04-27T02:49:39.301 INFO:teuthology.orchestra.run.smithi067.stdout:/usr/bin/ceph: stderr
2024-04-27T02:49:38.206+0000 7fbf677fe700 1 --2- 172.21.15.67:0/211243624 >> [v2:172.21.15.67:6800/280612503,v1:172.21.15.67:6801/280612503] conn(0x7fbf68036800 0x7fbf68038cb0 unknown :-1 s=NONE pgs=0 cs=0 l=1 rev1=0 crypto rx=0 tx=0 comp rx=0 tx=0).connect
2024-04-27T02:49:39.301 INFO:teuthology.orchestra.run.smithi067.stdout:/usr/bin/ceph: stderr
2024-04-27T02:49:38.206+0000 7fbf677fe700 1 -- 172.21.15.67:0/211243624 <== mon.0 v2:172.21.15.67:3300/0 5 ==== osd_map(2..2 src has 1..2) v4 ==== 936+0+0 (secure 0 0 0) 0x7fbf7004b820 con 0x7fbf80102890
2024-04-27T02:49:39.301 INFO:teuthology.orchestra.run.smithi067.stdout:/usr/bin/ceph: stderr
2024-04-27T02:49:38.207+0000 7fbf7e7fc700 1 --2- 172.21.15.67:0/211243624 >> [v2:172.21.15.67:6800/280612503,v1:172.21.15.67:6801/280612503] conn(0x7fbf68036800 0x7fbf68038cb0 unknown :-1 s=BANNER_CONNECTING pgs=0 cs=0 l=1 rev1=0 crypto rx=0 tx=0 comp rx=0 tx=0)._handle_peer_banner_payload supported=3 required=0
2024-04-27T02:49:39.301 INFO:teuthology.orchestra.run.smithi067.stdout:/usr/bin/ceph: stderr
2024-04-27T02:49:38.207+0000 7fbf853ef700 1 -- 172.21.15.67:0/211243624 --> [v2:172.21.15.67:3300/0,v1:172.21.15.67:6789/0] -- mon_command({"prefix": "get_command_descriptions"} v 0) v1 -- 0x7fbf8004bed0 con 0x7fbf80102890
2024-04-27T02:49:39.301 INFO:teuthology.orchestra.run.smithi067.stdout:/usr/bin/ceph: stderr
2024-04-27T02:49:38.207+0000 7fbf7e7fc700 1 --2- 172.21.15.67:0/211243624 >> [v2:172.21.15.67:6800/280612503,v1:172.21.15.67:6801/280612503] conn(0x7fbf68036800 0x7fbf68038cb0 secure :-1 s=READY pgs=15 cs=0 l=1 rev1=1 crypto rx=0x7fbf74009990 tx=0x7fbf74006e40 comp rx=0 tx=0).ready entity=mgr.14116 client_cookie=0 server_cookie=0 in_seq=0 out_seq=0
2024-04-27T02:49:39.301 INFO:teuthology.orchestra.run.smithi067.stdout:/usr/bin/ceph: stderr
2024-04-27T02:49:38.212+0000 7fbf677fe700 1 -- 172.21.15.67:0/211243624 <== mon.0 v2:172.21.15.67:3300/0 6 ==== mon_command_ack([{"prefix": "get_command_descriptions"}]=0 v0) v1 ==== 72+0+176702 (secure 0 0 0) 0x7fbf70018ba0 con 0x7fbf80102890
2024-04-27T02:49:39.301 INFO:teuthology.orchestra.run.smithi067.stdout:/usr/bin/ceph: stderr
2024-04-27T02:49:38.437+0000 7fbf853ef700 1 -- 172.21.15.67:0/211243624 --> [v2:172.21.15.67:6800/280612503,v1:172.21.15.67:6801/280612503] -- mgr_command(tid 0: {"prefix": "orch apply", "service_type": "prometheus", "target": ["mon-mgr", ""]}) v1 -- 0x7fbf80077d50 con 0x7fbf68036800
2024-04-27T02:49:39.301 INFO:teuthology.orchestra.run.smithi067.stdout:/usr/bin/ceph: stderr
2024-04-27T02:49:38.441+0000 7fbf677fe700 1 -- 172.21.15.67:0/211243624 <== mgr.14116 v2:172.21.15.67:6800/280612503 1 ==== mgr_command_reply(tid 0: 0 ) v1 ==== 8+0+31 (secure 0 0 0) 0x7fbf80077d50 con 0x7fbf68036800
2024-04-27T02:49:39.302 INFO:teuthology.orchestra.run.smithi067.stdout:/usr/bin/ceph: stderr
2024-04-27T02:49:38.443+0000 7fbf853ef700 1 -- 172.21.15.67:0/211243624 >> [v2:172.21.15.67:6800/280612503,v1:172.21.15.67:6801/280612503] conn(0x7fbf68036800 msgr2=0x7fbf68038cb0 secure :-1 s=STATE_CONNECTION_ESTABLISHED l=1).mark_down
2024-04-27T02:49:39.302 INFO:teuthology.orchestra.run.smithi067.stdout:/usr/bin/ceph: stderr
2024-04-27T02:49:38.443+0000 7fbf853ef700 1 --2- 172.21.15.67:0/211243624 >> [v2:172.21.15.67:6800/280612503,v1:172.21.15.67:6801/280612503] conn(0x7fbf68036800 0x7fbf68038cb0 secure :-1 s=READY pgs=15 cs=0 l=1 rev1=1 crypto rx=0x7fbf74009990 tx=0x7fbf74006e40 comp rx=0 tx=0).stop
2024-04-27T02:49:39.302 INFO:teuthology.orchestra.run.smithi067.stdout:/usr/bin/ceph: stderr
2024-04-27T02:49:38.443+0000 7fbf853ef700 1 -- 172.21.15.67:0/211243624 >> [v2:172.21.15.67:3300/0,v1:172.21.15.67:6789/0] conn(0x7fbf80102890 msgr2=0x7fbf80078c20 secure :-1 s=STATE_CONNECTION_ESTABLISHED l=1).mark_down
2024-04-27T02:49:39.302 INFO:teuthology.orchestra.run.smithi067.stdout:/usr/bin/ceph: stderr
2024-04-27T02:49:38.443+0000 7fbf853ef700 1 --2- 172.21.15.67:0/211243624 >> [v2:172.21.15.67:3300/0,v1:172.21.15.67:6789/0] conn(0x7fbf80102890 0x7fbf80078c20 secure :-1 s=READY pgs=50 cs=0 l=1 rev1=1 crypto rx=0x7fbf700090b0 tx=0x7fbf70009250 comp rx=0 tx=0).stop
2024-04-27T02:49:39.302 INFO:teuthology.orchestra.run.smithi067.stdout:/usr/bin/ceph: stderr
2024-04-27T02:49:38.443+0000 7fbf853ef700 1 -- 172.21.15.67:0/211243624 shutdown_connections
2024-04-27T02:49:39.302 INFO:teuthology.orchestra.run.smithi067.stdout:/usr/bin/ceph: stderr
2024-04-27T02:49:38.443+0000 7fbf853ef700 1 --2- 172.21.15.67:0/211243624 >> [v2:172.21.15.67:6800/280612503,v1:172.21.15.67:6801/280612503] conn(0x7fbf68036800 0x7fbf68038cb0 unknown :-1 s=CLOSED pgs=15 cs=0 l=1 rev1=1 crypto rx=0 tx=0 comp rx=0 tx=0).stop
2024-04-27T02:49:39.302 INFO:teuthology.orchestra.run.smithi067.stdout:/usr/bin/ceph: stderr
2024-04-27T02:49:38.443+0000 7fbf853ef700 1 --2- 172.21.15.67:0/211243624 >> [v2:172.21.15.67:3300/0,v1:172.21.15.67:6789/0] conn(0x7fbf80102890 0x7fbf80078c20 unknown :-1 s=CLOSED pgs=50 cs=0 l=1 rev1=1 crypto rx=0 tx=0 comp rx=0 tx=0).stop
2024-04-27T02:49:39.302 INFO:teuthology.orchestra.run.smithi067.stdout:/usr/bin/ceph: stderr
2024-04-27T02:49:38.443+0000 7fbf853ef700 1 -- 172.21.15.67:0/211243624 >> 172.21.15.67:0/211243624 conn(0x7fbf800fe050 msgr2=0x7fbf800feac0 unknown :-1 s=STATE_NONE l=0).mark_down
2024-04-27T02:49:39.302 INFO:teuthology.orchestra.run.smithi067.stdout:/usr/bin/ceph: stderr
2024-04-27T02:49:38.443+0000 7fbf853ef700 1 -- 172.21.15.67:0/211243624 shutdown_connections
2024-04-27T02:49:39.302 INFO:teuthology.orchestra.run.smithi067.stdout:/usr/bin/ceph: stderr
2024-04-27T02:49:38.443+0000 7fbf853ef700 1 -- 172.21.15.67:0/211243624 wait complete.
2024-04-27T02:49:39.302 INFO:teuthology.orchestra.run.smithi067.stdout:Deploying grafana service with default placement...
2024-04-27T02:49:39.544 INFO:journalctl@ceph.mon.smithi067.smithi067.stdout:Apr 27 02:49:39 smithi067 ceph-mon[26723]: from='client.14144 -' entity='client.admin' cmd=[{"prefix": "orch apply", "service_type": "prometheus", "target": ["mon-mgr", ""]}]: dispatch
2024-04-27T02:49:39.544 INFO:journalctl@ceph.mon.smithi067.smithi067.stdout:Apr 27 02:49:39 smithi067 ceph-mon[26723]: Saving service prometheus spec with placement count:1
2024-04-27T02:49:39.544 INFO:journalctl@ceph.mon.smithi067.smithi067.stdout:Apr 27 02:49:39 smithi067 ceph-mon[26723]: from='mgr.14116 172.21.15.67:0/1504879375' entity='mgr.smithi067.kuchzw'
2024-04-27T02:49:40.924 INFO:teuthology.orchestra.run.smithi067.stdout:/usr/bin/ceph: stdout Scheduled grafana update...
2024-04-27T02:49:40.925 INFO:teuthology.orchestra.run.smithi067.stdout:/usr/bin/ceph: stderr
2024-04-27T02:49:40.064+0000 7f7cd68ae700 1 Processor -- start
2024-04-27T02:49:40.925 INFO:teuthology.orchestra.run.smithi067.stdout:/usr/bin/ceph: stderr
2024-04-27T02:49:40.064+0000 7f7cd68ae700 1 -- start start
2024-04-27T02:49:40.925 INFO:teuthology.orchestra.run.smithi067.stdout:/usr/bin/ceph: stderr
2024-04-27T02:49:40.064+0000 7f7cd68ae700 1 --2- >> [v2:172.21.15.67:3300/0,v1:172.21.15.67:6789/0] conn(0x7f7cd0102810 0x7f7cd0102c20 unknown :-1 s=NONE pgs=0 cs=0 l=0 rev1=0 crypto rx=0 tx=0 comp rx=0 tx=0).connect
2024-04-27T02:49:40.925 INFO:teuthology.orchestra.run.smithi067.stdout:/usr/bin/ceph: stderr
2024-04-27T02:49:40.064+0000 7f7cd68ae700 1 -- --> [v2:172.21.15.67:3300/0,v1:172.21.15.67:6789/0] -- mon_getmap magic: 0 v1 -- 0x7f7cd0103160 con 0x7f7cd0102810
2024-04-27T02:49:40.925 INFO:teuthology.orchestra.run.smithi067.stdout:/usr/bin/ceph: stderr
2024-04-27T02:49:40.064+0000 7f7ccffff700 1 --2- >> [v2:172.21.15.67:3300/0,v1:172.21.15.67:6789/0] conn(0x7f7cd0102810 0x7f7cd0102c20 unknown :-1 s=BANNER_CONNECTING pgs=0 cs=0 l=0 rev1=0 crypto rx=0 tx=0 comp rx=0 tx=0)._handle_peer_banner_payload supported=3 required=0
2024-04-27T02:49:40.925 INFO:teuthology.orchestra.run.smithi067.stdout:/usr/bin/ceph: stderr
2024-04-27T02:49:40.064+0000 7f7ccffff700 1 --2- >> [v2:172.21.15.67:3300/0,v1:172.21.15.67:6789/0] conn(0x7f7cd0102810 0x7f7cd0102c20 unknown :-1 s=HELLO_CONNECTING pgs=0 cs=0 l=0 rev1=1 crypto rx=0 tx=0 comp rx=0 tx=0).handle_hello peer v2:172.21.15.67:3300/0 says I am v2:172.21.15.67:43900/0 (socket says 172.21.15.67:43900)
2024-04-27T02:49:40.926 INFO:teuthology.orchestra.run.smithi067.stdout:/usr/bin/ceph: stderr
2024-04-27T02:49:40.064+0000 7f7ccffff700 1 -- 172.21.15.67:0/1324119618 learned_addr learned my addr 172.21.15.67:0/1324119618 (peer_addr_for_me v2:172.21.15.67:0/0)
2024-04-27T02:49:40.926 INFO:teuthology.orchestra.run.smithi067.stdout:/usr/bin/ceph: stderr
2024-04-27T02:49:40.065+0000 7f7ccffff700 1 -- 172.21.15.67:0/1324119618 --> [v2:172.21.15.67:3300/0,v1:172.21.15.67:6789/0] -- mon_subscribe({config=0+,monmap=0+}) v3 -- 0x7f7cd01032a0 con 0x7f7cd0102810
2024-04-27T02:49:40.926 INFO:teuthology.orchestra.run.smithi067.stdout:/usr/bin/ceph: stderr
2024-04-27T02:49:40.065+0000 7f7ccffff700 1 --2- 172.21.15.67:0/1324119618 >> [v2:172.21.15.67:3300/0,v1:172.21.15.67:6789/0] conn(0x7f7cd0102810 0x7f7cd0102c20 secure :-1 s=READY pgs=51 cs=0 l=1 rev1=1 crypto rx=0x7f7cc00098e0 tx=0x7f7cc0009250 comp rx=0 tx=0).ready entity=mon.0 client_cookie=947605b24f0a60ed server_cookie=0 in_seq=0 out_seq=0
2024-04-27T02:49:40.926 INFO:teuthology.orchestra.run.smithi067.stdout:/usr/bin/ceph: stderr
2024-04-27T02:49:40.065+0000 7f7cceffd700 1 -- 172.21.15.67:0/1324119618 <== mon.0 v2:172.21.15.67:3300/0 1 ==== mon_map magic: 0 v1 ==== 229+0+0 (secure 0 0 0) 0x7f7cc000b860 con 0x7f7cd0102810
2024-04-27T02:49:40.926 INFO:teuthology.orchestra.run.smithi067.stdout:/usr/bin/ceph: stderr
2024-04-27T02:49:40.065+0000 7f7cceffd700 1 -- 172.21.15.67:0/1324119618 <== mon.0 v2:172.21.15.67:3300/0 2 ==== config(27 keys) v1 ==== 1109+0+0 (secure 0 0 0) 0x7f7cc000be90 con 0x7f7cd0102810
2024-04-27T02:49:40.926 INFO:teuthology.orchestra.run.smithi067.stdout:/usr/bin/ceph: stderr
2024-04-27T02:49:40.065+0000 7f7cceffd700 1 -- 172.21.15.67:0/1324119618 <== mon.0 v2:172.21.15.67:3300/0 3 ==== mon_map magic: 0 v1 ==== 229+0+0 (secure 0 0 0) 0x7f7cc00103c0 con 0x7f7cd0102810
2024-04-27T02:49:40.927 INFO:teuthology.orchestra.run.smithi067.stdout:/usr/bin/ceph: stderr
2024-04-27T02:49:40.065+0000 7f7cd68ae700 1 -- 172.21.15.67:0/1324119618 >> [v2:172.21.15.67:3300/0,v1:172.21.15.67:6789/0] conn(0x7f7cd0102810 msgr2=0x7f7cd0102c20 secure :-1 s=STATE_CONNECTION_ESTABLISHED l=1).mark_down
2024-04-27T02:49:40.927 INFO:teuthology.orchestra.run.smithi067.stdout:/usr/bin/ceph: stderr
2024-04-27T02:49:40.065+0000 7f7cd68ae700 1 --2- 172.21.15.67:0/1324119618 >> [v2:172.21.15.67:3300/0,v1:172.21.15.67:6789/0] conn(0x7f7cd0102810 0x7f7cd0102c20 secure :-1 s=READY pgs=51 cs=0 l=1 rev1=1 crypto rx=0x7f7cc00098e0 tx=0x7f7cc0009250 comp rx=0 tx=0).stop
2024-04-27T02:49:40.927 INFO:teuthology.orchestra.run.smithi067.stdout:/usr/bin/ceph: stderr
2024-04-27T02:49:40.066+0000 7f7cd68ae700 1 -- 172.21.15.67:0/1324119618 shutdown_connections
2024-04-27T02:49:40.927 INFO:teuthology.orchestra.run.smithi067.stdout:/usr/bin/ceph: stderr
2024-04-27T02:49:40.066+0000 7f7cd68ae700 1 --2- 172.21.15.67:0/1324119618 >> [v2:172.21.15.67:3300/0,v1:172.21.15.67:6789/0] conn(0x7f7cd0102810 0x7f7cd0102c20 unknown :-1 s=CLOSED pgs=51 cs=0 l=1 rev1=1 crypto rx=0 tx=0 comp rx=0 tx=0).stop
2024-04-27T02:49:40.927 INFO:teuthology.orchestra.run.smithi067.stdout:/usr/bin/ceph: stderr
2024-04-27T02:49:40.066+0000 7f7cd68ae700 1 -- 172.21.15.67:0/1324119618 >> 172.21.15.67:0/1324119618 conn(0x7f7cd00fdfd0 msgr2=0x7f7cd01003e0 unknown :-1 s=STATE_NONE l=0).mark_down
2024-04-27T02:49:40.927 INFO:teuthology.orchestra.run.smithi067.stdout:/usr/bin/ceph: stderr
2024-04-27T02:49:40.066+0000 7f7cd68ae700 1 -- 172.21.15.67:0/1324119618 shutdown_connections
2024-04-27T02:49:40.927 INFO:teuthology.orchestra.run.smithi067.stdout:/usr/bin/ceph: stderr
2024-04-27T02:49:40.066+0000 7f7cd68ae700 1 -- 172.21.15.67:0/1324119618 wait complete.
2024-04-27T02:49:40.927 INFO:teuthology.orchestra.run.smithi067.stdout:/usr/bin/ceph: stderr
2024-04-27T02:49:40.066+0000 7f7cd68ae700 1 Processor -- start
2024-04-27T02:49:40.927 INFO:teuthology.orchestra.run.smithi067.stdout:/usr/bin/ceph: stderr
2024-04-27T02:49:40.066+0000 7f7cd68ae700 1 -- start start
2024-04-27T02:49:40.928 INFO:teuthology.orchestra.run.smithi067.stdout:/usr/bin/ceph: stderr
2024-04-27T02:49:40.067+0000 7f7cd68ae700 1 --2- >> [v2:172.21.15.67:3300/0,v1:172.21.15.67:6789/0] conn(0x7f7cd0102810 0x7f7cd01116c0 unknown :-1 s=NONE pgs=0 cs=0 l=1 rev1=0 crypto rx=0 tx=0 comp rx=0 tx=0).connect
2024-04-27T02:49:40.928 INFO:teuthology.orchestra.run.smithi067.stdout:/usr/bin/ceph: stderr
2024-04-27T02:49:40.067+0000 7f7cd68ae700 1 -- --> [v2:172.21.15.67:3300/0,v1:172.21.15.67:6789/0] -- mon_getmap magic: 0 v1 -- 0x7f7cd0111c00 con 0x7f7cd0102810
2024-04-27T02:49:40.928 INFO:teuthology.orchestra.run.smithi067.stdout:/usr/bin/ceph: stderr
2024-04-27T02:49:40.067+0000 7f7ccffff700 1 --2- >> [v2:172.21.15.67:3300/0,v1:172.21.15.67:6789/0] conn(0x7f7cd0102810 0x7f7cd01116c0 unknown :-1 s=BANNER_CONNECTING pgs=0 cs=0 l=1 rev1=0 crypto rx=0 tx=0 comp rx=0 tx=0)._handle_peer_banner_payload supported=3 required=0
2024-04-27T02:49:40.928 INFO:teuthology.orchestra.run.smithi067.stdout:/usr/bin/ceph: stderr
2024-04-27T02:49:40.067+0000 7f7ccffff700 1 --2- >> [v2:172.21.15.67:3300/0,v1:172.21.15.67:6789/0] conn(0x7f7cd0102810 0x7f7cd01116c0 unknown :-1 s=HELLO_CONNECTING pgs=0 cs=0 l=1 rev1=1 crypto rx=0 tx=0 comp rx=0 tx=0).handle_hello peer v2:172.21.15.67:3300/0 says I am v2:172.21.15.67:43916/0 (socket says 172.21.15.67:43916)
2024-04-27T02:49:40.928 INFO:teuthology.orchestra.run.smithi067.stdout:/usr/bin/ceph: stderr
2024-04-27T02:49:40.067+0000 7f7ccffff700 1 -- 172.21.15.67:0/3877555982 learned_addr learned my addr 172.21.15.67:0/3877555982 (peer_addr_for_me v2:172.21.15.67:0/0)
2024-04-27T02:49:40.928 INFO:teuthology.orchestra.run.smithi067.stdout:/usr/bin/ceph: stderr
2024-04-27T02:49:40.067+0000 7f7ccffff700 1 -- 172.21.15.67:0/3877555982 --> [v2:172.21.15.67:3300/0,v1:172.21.15.67:6789/0] -- mon_subscribe({config=0+,monmap=0+}) v3 -- 0x7f7cc00094f0 con 0x7f7cd0102810
2024-04-27T02:49:40.928 INFO:teuthology.orchestra.run.smithi067.stdout:/usr/bin/ceph: stderr
2024-04-27T02:49:40.067+0000 7f7ccffff700 1 --2- 172.21.15.67:0/3877555982 >> [v2:172.21.15.67:3300/0,v1:172.21.15.67:6789/0] conn(0x7f7cd0102810 0x7f7cd01116c0 secure :-1 s=READY pgs=52 cs=0 l=1 rev1=1 crypto rx=0x7f7cc0011c10 tx=0x7f7cc0009250 comp rx=0 tx=0).ready entity=mon.0 client_cookie=0 server_cookie=0 in_seq=0 out_seq=0
2024-04-27T02:49:40.928 INFO:teuthology.orchestra.run.smithi067.stdout:/usr/bin/ceph: stderr
2024-04-27T02:49:40.067+0000 7f7cccff9700 1 -- 172.21.15.67:0/3877555982 <== mon.0 v2:172.21.15.67:3300/0 1 ==== mon_map magic: 0 v1 ==== 229+0+0 (secure 0 0 0) 0x7f7cc0010890 con 0x7f7cd0102810
2024-04-27T02:49:40.928 INFO:teuthology.orchestra.run.smithi067.stdout:/usr/bin/ceph: stderr
2024-04-27T02:49:40.067+0000 7f7cccff9700 1 -- 172.21.15.67:0/3877555982 <== mon.0 v2:172.21.15.67:3300/0 2 ==== config(27 keys) v1 ==== 1109+0+0 (secure 0 0 0) 0x7f7cc0010ec0 con 0x7f7cd0102810
2024-04-27T02:49:40.928 INFO:teuthology.orchestra.run.smithi067.stdout:/usr/bin/ceph: stderr
2024-04-27T02:49:40.067+0000 7f7cd68ae700 1 -- 172.21.15.67:0/3877555982 --> [v2:172.21.15.67:3300/0,v1:172.21.15.67:6789/0] -- mon_subscribe({mgrmap=0+}) v3 -- 0x7f7cd0111e00 con 0x7f7cd0102810
