2024-04-27T02:49:13.683+0000 7fa99659c700 1 --2- >> [v2:172.21.15.67:3300/0,v1:172.21.15.67:6789/0] conn(0x7fa998101740 0x7fa998101b50 unknown :-1 s=HELLO_CONNECTING pgs=0 cs=0 l=0 rev1=1 crypto rx=0 tx=0 comp rx=0 tx=0).handle_hello peer v2:172.21.15.67:3300/0 says I am v2:172.21.15.67:47414/0 (socket says 172.21.15.67:47414)
2024-04-27T02:49:14.536 INFO:teuthology.orchestra.run.smithi067.stdout:/usr/bin/ceph: stderr
2024-04-27T02:49:13.683+0000 7fa99659c700 1 -- 172.21.15.67:0/872041296 learned_addr learned my addr 172.21.15.67:0/872041296 (peer_addr_for_me v2:172.21.15.67:0/0)
2024-04-27T02:49:14.536 INFO:teuthology.orchestra.run.smithi067.stdout:/usr/bin/ceph: stderr
2024-04-27T02:49:13.683+0000 7fa99659c700 1 -- 172.21.15.67:0/872041296 --> [v2:172.21.15.67:3300/0,v1:172.21.15.67:6789/0] -- mon_subscribe({config=0+,monmap=0+}) v3 -- 0x7fa9981021d0 con 0x7fa998101740
2024-04-27T02:49:14.536 INFO:teuthology.orchestra.run.smithi067.stdout:/usr/bin/ceph: stderr
2024-04-27T02:49:13.683+0000 7fa99659c700 1 --2- 172.21.15.67:0/872041296 >> [v2:172.21.15.67:3300/0,v1:172.21.15.67:6789/0] conn(0x7fa998101740 0x7fa998101b50 secure :-1 s=READY pgs=14 cs=0 l=1 rev1=1 crypto rx=0x7fa9800098e0 tx=0x7fa980009250 comp rx=0 tx=0).ready entity=mon.0 client_cookie=66e7a82fca089e07 server_cookie=0 in_seq=0 out_seq=0
2024-04-27T02:49:14.536 INFO:teuthology.orchestra.run.smithi067.stdout:/usr/bin/ceph: stderr
2024-04-27T02:49:13.683+0000 7fa99559a700 1 -- 172.21.15.67:0/872041296 <== mon.0 v2:172.21.15.67:3300/0 1 ==== mon_map magic: 0 v1 ==== 229+0+0 (secure 0 0 0) 0x7fa98000b860 con 0x7fa998101740
2024-04-27T02:49:14.536 INFO:teuthology.orchestra.run.smithi067.stdout:/usr/bin/ceph: stderr
2024-04-27T02:49:13.684+0000 7fa99559a700 1 -- 172.21.15.67:0/872041296 <== mon.0 v2:172.21.15.67:3300/0 2 ==== config(27 keys) v1 ==== 1044+0+0 (secure 0 0 0) 0x7fa98000be50 con 0x7fa998101740
2024-04-27T02:49:14.536 INFO:teuthology.orchestra.run.smithi067.stdout:/usr/bin/ceph: stderr
2024-04-27T02:49:13.684+0000 7fa99559a700 1 -- 172.21.15.67:0/872041296 <== mon.0 v2:172.21.15.67:3300/0 3 ==== mon_map magic: 0 v1 ==== 229+0+0 (secure 0 0 0) 0x7fa980010380 con 0x7fa998101740
2024-04-27T02:49:14.536 INFO:teuthology.orchestra.run.smithi067.stdout:/usr/bin/ceph: stderr
2024-04-27T02:49:13.684+0000 7fa99c895700 1 -- 172.21.15.67:0/872041296 >> [v2:172.21.15.67:3300/0,v1:172.21.15.67:6789/0] conn(0x7fa998101740 msgr2=0x7fa998101b50 secure :-1 s=STATE_CONNECTION_ESTABLISHED l=1).mark_down
2024-04-27T02:49:14.536 INFO:teuthology.orchestra.run.smithi067.stdout:/usr/bin/ceph: stderr
2024-04-27T02:49:13.684+0000 7fa99c895700 1 --2- 172.21.15.67:0/872041296 >> [v2:172.21.15.67:3300/0,v1:172.21.15.67:6789/0] conn(0x7fa998101740 0x7fa998101b50 secure :-1 s=READY pgs=14 cs=0 l=1 rev1=1 crypto rx=0x7fa9800098e0 tx=0x7fa980009250 comp rx=0 tx=0).stop
2024-04-27T02:49:14.536 INFO:teuthology.orchestra.run.smithi067.stdout:/usr/bin/ceph: stderr
2024-04-27T02:49:13.684+0000 7fa99c895700 1 -- 172.21.15.67:0/872041296 shutdown_connections
2024-04-27T02:49:14.536 INFO:teuthology.orchestra.run.smithi067.stdout:/usr/bin/ceph: stderr
2024-04-27T02:49:13.684+0000 7fa99c895700 1 --2- 172.21.15.67:0/872041296 >> [v2:172.21.15.67:3300/0,v1:172.21.15.67:6789/0] conn(0x7fa998101740 0x7fa998101b50 unknown :-1 s=CLOSED pgs=14 cs=0 l=1 rev1=1 crypto rx=0 tx=0 comp rx=0 tx=0).stop
2024-04-27T02:49:14.536 INFO:teuthology.orchestra.run.smithi067.stdout:/usr/bin/ceph: stderr
2024-04-27T02:49:13.684+0000 7fa99c895700 1 -- 172.21.15.67:0/872041296 >> 172.21.15.67:0/872041296 conn(0x7fa9980fcec0 msgr2=0x7fa9980ff2d0 unknown :-1 s=STATE_NONE l=0).mark_down
2024-04-27T02:49:14.537 INFO:teuthology.orchestra.run.smithi067.stdout:/usr/bin/ceph: stderr
2024-04-27T02:49:13.684+0000 7fa99c895700 1 -- 172.21.15.67:0/872041296 shutdown_connections
2024-04-27T02:49:14.537 INFO:teuthology.orchestra.run.smithi067.stdout:/usr/bin/ceph: stderr
2024-04-27T02:49:13.684+0000 7fa99c895700 1 -- 172.21.15.67:0/872041296 wait complete.
2024-04-27T02:49:14.537 INFO:teuthology.orchestra.run.smithi067.stdout:/usr/bin/ceph: stderr
2024-04-27T02:49:13.685+0000 7fa99c895700 1 Processor -- start
2024-04-27T02:49:14.537 INFO:teuthology.orchestra.run.smithi067.stdout:/usr/bin/ceph: stderr
2024-04-27T02:49:13.685+0000 7fa99c895700 1 -- start start
2024-04-27T02:49:14.537 INFO:teuthology.orchestra.run.smithi067.stdout:/usr/bin/ceph: stderr
2024-04-27T02:49:13.685+0000 7fa99c895700 1 --2- >> [v2:172.21.15.67:3300/0,v1:172.21.15.67:6789/0] conn(0x7fa998101740 0x7fa9981115b0 unknown :-1 s=NONE pgs=0 cs=0 l=1 rev1=0 crypto rx=0 tx=0 comp rx=0 tx=0).connect
2024-04-27T02:49:14.537 INFO:teuthology.orchestra.run.smithi067.stdout:/usr/bin/ceph: stderr
2024-04-27T02:49:13.685+0000 7fa99c895700 1 -- --> [v2:172.21.15.67:3300/0,v1:172.21.15.67:6789/0] -- mon_getmap magic: 0 v1 -- 0x7fa998111af0 con 0x7fa998101740
2024-04-27T02:49:14.537 INFO:teuthology.orchestra.run.smithi067.stdout:/usr/bin/ceph: stderr
2024-04-27T02:49:13.685+0000 7fa99659c700 1 --2- >> [v2:172.21.15.67:3300/0,v1:172.21.15.67:6789/0] conn(0x7fa998101740 0x7fa9981115b0 unknown :-1 s=BANNER_CONNECTING pgs=0 cs=0 l=1 rev1=0 crypto rx=0 tx=0 comp rx=0 tx=0)._handle_peer_banner_payload supported=3 required=0
2024-04-27T02:49:14.537 INFO:teuthology.orchestra.run.smithi067.stdout:/usr/bin/ceph: stderr
2024-04-27T02:49:13.685+0000 7fa99659c700 1 --2- >> [v2:172.21.15.67:3300/0,v1:172.21.15.67:6789/0] conn(0x7fa998101740 0x7fa9981115b0 unknown :-1 s=HELLO_CONNECTING pgs=0 cs=0 l=1 rev1=1 crypto rx=0 tx=0 comp rx=0 tx=0).handle_hello peer v2:172.21.15.67:3300/0 says I am v2:172.21.15.67:47426/0 (socket says 172.21.15.67:47426)
2024-04-27T02:49:14.537 INFO:teuthology.orchestra.run.smithi067.stdout:/usr/bin/ceph: stderr
2024-04-27T02:49:13.685+0000 7fa99659c700 1 -- 172.21.15.67:0/1306926676 learned_addr learned my addr 172.21.15.67:0/1306926676 (peer_addr_for_me v2:172.21.15.67:0/0)
2024-04-27T02:49:14.537 INFO:teuthology.orchestra.run.smithi067.stdout:/usr/bin/ceph: stderr
2024-04-27T02:49:13.686+0000 7fa99659c700 1 -- 172.21.15.67:0/1306926676 --> [v2:172.21.15.67:3300/0,v1:172.21.15.67:6789/0] -- mon_subscribe({config=0+,monmap=0+}) v3 -- 0x7fa9800094f0 con 0x7fa998101740
2024-04-27T02:49:14.537 INFO:teuthology.orchestra.run.smithi067.stdout:/usr/bin/ceph: stderr
2024-04-27T02:49:13.686+0000 7fa99659c700 1 --2- 172.21.15.67:0/1306926676 >> [v2:172.21.15.67:3300/0,v1:172.21.15.67:6789/0] conn(0x7fa998101740 0x7fa9981115b0 secure :-1 s=READY pgs=15 cs=0 l=1 rev1=1 crypto rx=0x7fa98000b440 tx=0x7fa980009250 comp rx=0 tx=0).ready entity=mon.0 client_cookie=0 server_cookie=0 in_seq=0 out_seq=0
2024-04-27T02:49:14.537 INFO:teuthology.orchestra.run.smithi067.stdout:/usr/bin/ceph: stderr
2024-04-27T02:49:13.686+0000 7fa98effd700 1 -- 172.21.15.67:0/1306926676 <== mon.0 v2:172.21.15.67:3300/0 1 ==== mon_map magic: 0 v1 ==== 229+0+0 (secure 0 0 0) 0x7fa980010760 con 0x7fa998101740
2024-04-27T02:49:14.537 INFO:teuthology.orchestra.run.smithi067.stdout:/usr/bin/ceph: stderr
2024-04-27T02:49:13.686+0000 7fa98effd700 1 -- 172.21.15.67:0/1306926676 <== mon.0 v2:172.21.15.67:3300/0 2 ==== config(27 keys) v1 ==== 1044+0+0 (secure 0 0 0) 0x7fa980010d50 con 0x7fa998101740
2024-04-27T02:49:14.537 INFO:teuthology.orchestra.run.smithi067.stdout:/usr/bin/ceph: stderr
2024-04-27T02:49:13.686+0000 7fa99c895700 1 -- 172.21.15.67:0/1306926676 --> [v2:172.21.15.67:3300/0,v1:172.21.15.67:6789/0] -- mon_subscribe({mgrmap=0+}) v3 -- 0x7fa998111cf0 con 0x7fa998101740
2024-04-27T02:49:14.538 INFO:teuthology.orchestra.run.smithi067.stdout:/usr/bin/ceph: stderr
2024-04-27T02:49:13.686+0000 7fa98effd700 1 -- 172.21.15.67:0/1306926676 <== mon.0 v2:172.21.15.67:3300/0 3 ==== mon_map magic: 0 v1 ==== 229+0+0 (secure 0 0 0) 0x7fa98001ae20 con 0x7fa998101740
2024-04-27T02:49:14.538 INFO:teuthology.orchestra.run.smithi067.stdout:/usr/bin/ceph: stderr
2024-04-27T02:49:13.686+0000 7fa99c895700 1 -- 172.21.15.67:0/1306926676 --> [v2:172.21.15.67:3300/0,v1:172.21.15.67:6789/0] -- mon_subscribe({osdmap=0}) v3 -- 0x7fa998112860 con 0x7fa998101740
2024-04-27T02:49:14.538 INFO:teuthology.orchestra.run.smithi067.stdout:/usr/bin/ceph: stderr
2024-04-27T02:49:13.687+0000 7fa98effd700 1 -- 172.21.15.67:0/1306926676 <== mon.0 v2:172.21.15.67:3300/0 4 ==== mgrmap(e 4) v1 ==== 43365+0+0 (secure 0 0 0) 0x7fa98002e440 con 0x7fa998101740
2024-04-27T02:49:14.538 INFO:teuthology.orchestra.run.smithi067.stdout:/usr/bin/ceph: stderr
2024-04-27T02:49:13.687+0000 7fa98effd700 1 --2- 172.21.15.67:0/1306926676 >> [v2:172.21.15.67:6800/4122863714,v1:172.21.15.67:6801/4122863714] conn(0x7fa984036850 0x7fa984038d00 unknown :-1 s=NONE pgs=0 cs=0 l=1 rev1=0 crypto rx=0 tx=0 comp rx=0 tx=0).connect
2024-04-27T02:49:14.538 INFO:teuthology.orchestra.run.smithi067.stdout:/usr/bin/ceph: stderr
2024-04-27T02:49:13.687+0000 7fa98effd700 1 -- 172.21.15.67:0/1306926676 <== mon.0 v2:172.21.15.67:3300/0 5 ==== osd_map(1..1 src has 1..1) v4 ==== 721+0+0 (secure 0 0 0) 0x7fa98004a530 con 0x7fa998101740
2024-04-27T02:49:14.538 INFO:teuthology.orchestra.run.smithi067.stdout:/usr/bin/ceph: stderr
2024-04-27T02:49:13.687+0000 7fa995d9b700 1 --2- 172.21.15.67:0/1306926676 >> [v2:172.21.15.67:6800/4122863714,v1:172.21.15.67:6801/4122863714] conn(0x7fa984036850 0x7fa984038d00 unknown :-1 s=BANNER_CONNECTING pgs=0 cs=0 l=1 rev1=0 crypto rx=0 tx=0 comp rx=0 tx=0)._handle_peer_banner_payload supported=3 required=0
2024-04-27T02:49:14.538 INFO:teuthology.orchestra.run.smithi067.stdout:/usr/bin/ceph: stderr
2024-04-27T02:49:13.687+0000 7fa99c895700 1 -- 172.21.15.67:0/1306926676 --> [v2:172.21.15.67:3300/0,v1:172.21.15.67:6789/0] -- mon_command({"prefix": "get_command_descriptions"} v 0) v1 -- 0x7fa99805f5c0 con 0x7fa998101740
2024-04-27T02:49:14.538 INFO:teuthology.orchestra.run.smithi067.stdout:/usr/bin/ceph: stderr
2024-04-27T02:49:13.688+0000 7fa995d9b700 1 --2- 172.21.15.67:0/1306926676 >> [v2:172.21.15.67:6800/4122863714,v1:172.21.15.67:6801/4122863714] conn(0x7fa984036850 0x7fa984038d00 secure :-1 s=READY pgs=6 cs=0 l=1 rev1=1 crypto rx=0x7fa988009990 tx=0x7fa988006e40 comp rx=0 tx=0).ready entity=mgr.14100 client_cookie=0 server_cookie=0 in_seq=0 out_seq=0
2024-04-27T02:49:14.538 INFO:teuthology.orchestra.run.smithi067.stdout:/usr/bin/ceph: stderr
2024-04-27T02:49:13.692+0000 7fa98effd700 1 -- 172.21.15.67:0/1306926676 <== mon.0 v2:172.21.15.67:3300/0 6 ==== mon_command_ack([{"prefix": "get_command_descriptions"}]=0 v0) v1 ==== 72+0+176702 (secure 0 0 0) 0x7fa980018940 con 0x7fa998101740
2024-04-27T02:49:14.538 INFO:teuthology.orchestra.run.smithi067.stdout:/usr/bin/ceph: stderr
2024-04-27T02:49:13.969+0000 7fa99c895700 1 -- 172.21.15.67:0/1306926676 --> [v2:172.21.15.67:3300/0,v1:172.21.15.67:6789/0] -- mon_command({"prefix": "status", "format": "json-pretty"} v 0) v1 -- 0x7fa998113270 con 0x7fa998101740
2024-04-27T02:49:14.538 INFO:teuthology.orchestra.run.smithi067.stdout:/usr/bin/ceph: stderr
2024-04-27T02:49:13.970+0000 7fa98effd700 1 -- 172.21.15.67:0/1306926676 <== mon.0 v2:172.21.15.67:3300/0 7 ==== mon_command_ack([{"prefix": "status", "format": "json-pretty"}]=0 v0) v1 ==== 79+0+1248 (secure 0 0 0) 0x7fa980018350 con 0x7fa998101740
2024-04-27T02:49:14.538 INFO:teuthology.orchestra.run.smithi067.stdout:/usr/bin/ceph: stderr
2024-04-27T02:49:13.972+0000 7fa99c895700 1 -- 172.21.15.67:0/1306926676 >> [v2:172.21.15.67:6800/4122863714,v1:172.21.15.67:6801/4122863714] conn(0x7fa984036850 msgr2=0x7fa984038d00 secure :-1 s=STATE_CONNECTION_ESTABLISHED l=1).mark_down
2024-04-27T02:49:14.539 INFO:teuthology.orchestra.run.smithi067.stdout:/usr/bin/ceph: stderr
2024-04-27T02:49:13.972+0000 7fa99c895700 1 --2- 172.21.15.67:0/1306926676 >> [v2:172.21.15.67:6800/4122863714,v1:172.21.15.67:6801/4122863714] conn(0x7fa984036850 0x7fa984038d00 secure :-1 s=READY pgs=6 cs=0 l=1 rev1=1 crypto rx=0x7fa988009990 tx=0x7fa988006e40 comp rx=0 tx=0).stop
2024-04-27T02:49:14.539 INFO:teuthology.orchestra.run.smithi067.stdout:/usr/bin/ceph: stderr
2024-04-27T02:49:13.972+0000 7fa99c895700 1 -- 172.21.15.67:0/1306926676 >> [v2:172.21.15.67:3300/0,v1:172.21.15.67:6789/0] conn(0x7fa998101740 msgr2=0x7fa9981115b0 secure :-1 s=STATE_CONNECTION_ESTABLISHED l=1).mark_down
2024-04-27T02:49:14.539 INFO:teuthology.orchestra.run.smithi067.stdout:/usr/bin/ceph: stderr
2024-04-27T02:49:13.972+0000 7fa99c895700 1 --2- 172.21.15.67:0/1306926676 >> [v2:172.21.15.67:3300/0,v1:172.21.15.67:6789/0] conn(0x7fa998101740 0x7fa9981115b0 secure :-1 s=READY pgs=15 cs=0 l=1 rev1=1 crypto rx=0x7fa98000b440 tx=0x7fa980009250 comp rx=0 tx=0).stop
2024-04-27T02:49:14.539 INFO:teuthology.orchestra.run.smithi067.stdout:/usr/bin/ceph: stderr
2024-04-27T02:49:13.972+0000 7fa99c895700 1 -- 172.21.15.67:0/1306926676 shutdown_connections
2024-04-27T02:49:14.539 INFO:teuthology.orchestra.run.smithi067.stdout:/usr/bin/ceph: stderr
2024-04-27T02:49:13.972+0000 7fa99c895700 1 --2- 172.21.15.67:0/1306926676 >> [v2:172.21.15.67:6800/4122863714,v1:172.21.15.67:6801/4122863714] conn(0x7fa984036850 0x7fa984038d00 unknown :-1 s=CLOSED pgs=6 cs=0 l=1 rev1=1 crypto rx=0 tx=0 comp rx=0 tx=0).stop
2024-04-27T02:49:14.539 INFO:teuthology.orchestra.run.smithi067.stdout:/usr/bin/ceph: stderr
2024-04-27T02:49:13.972+0000 7fa99c895700 1 --2- 172.21.15.67:0/1306926676 >> [v2:172.21.15.67:3300/0,v1:172.21.15.67:6789/0] conn(0x7fa998101740 0x7fa9981115b0 unknown :-1 s=CLOSED pgs=15 cs=0 l=1 rev1=1 crypto rx=0 tx=0 comp rx=0 tx=0).stop
2024-04-27T02:49:14.539 INFO:teuthology.orchestra.run.smithi067.stdout:/usr/bin/ceph: stderr
2024-04-27T02:49:13.972+0000 7fa99c895700 1 -- 172.21.15.67:0/1306926676 >> 172.21.15.67:0/1306926676 conn(0x7fa9980fcec0 msgr2=0x7fa9980fdce0 unknown :-1 s=STATE_NONE l=0).mark_down
2024-04-27T02:49:14.539 INFO:teuthology.orchestra.run.smithi067.stdout:/usr/bin/ceph: stderr
2024-04-27T02:49:13.973+0000 7fa99c895700 1 -- 172.21.15.67:0/1306926676 shutdown_connections
2024-04-27T02:49:14.539 INFO:teuthology.orchestra.run.smithi067.stdout:/usr/bin/ceph: stderr
2024-04-27T02:49:13.973+0000 7fa99c895700 1 -- 172.21.15.67:0/1306926676 wait complete.
2024-04-27T02:49:14.539 INFO:teuthology.orchestra.run.smithi067.stdout:mgr is available
2024-04-27T02:49:15.454 INFO:journalctl@ceph.mon.smithi067.smithi067.stdout:Apr 27 02:49:15 smithi067 ceph-mon[26723]: from='client.? 172.21.15.67:0/784341970' entity='client.admin' cmd=[{"prefix": "config assimilate-conf"}]: dispatch
2024-04-27T02:49:15.689 INFO:teuthology.orchestra.run.smithi067.stdout:/usr/bin/ceph: stdout
2024-04-27T02:49:15.689 INFO:teuthology.orchestra.run.smithi067.stdout:/usr/bin/ceph: stdout [global]
2024-04-27T02:49:15.689 INFO:teuthology.orchestra.run.smithi067.stdout:/usr/bin/ceph: stdout fsid = 87b7627e-0440-11ef-bc93-c7b262605968
2024-04-27T02:49:15.689 INFO:teuthology.orchestra.run.smithi067.stdout:/usr/bin/ceph: stdout mon_osd_allow_pg_remap = true
2024-04-27T02:49:15.689 INFO:teuthology.orchestra.run.smithi067.stdout:/usr/bin/ceph: stdout mon_osd_allow_primary_affinity = true
2024-04-27T02:49:15.690 INFO:teuthology.orchestra.run.smithi067.stdout:/usr/bin/ceph: stdout mon_warn_on_no_sortbitwise = false
2024-04-27T02:49:15.690 INFO:teuthology.orchestra.run.smithi067.stdout:/usr/bin/ceph: stdout osd_crush_chooseleaf_type = 0
2024-04-27T02:49:15.690 INFO:teuthology.orchestra.run.smithi067.stdout:/usr/bin/ceph: stdout
2024-04-27T02:49:15.690 INFO:teuthology.orchestra.run.smithi067.stdout:/usr/bin/ceph: stdout [mgr]
2024-04-27T02:49:15.690 INFO:teuthology.orchestra.run.smithi067.stdout:/usr/bin/ceph: stdout mgr/telemetry/nag = false
2024-04-27T02:49:15.690 INFO:teuthology.orchestra.run.smithi067.stdout:/usr/bin/ceph: stdout
2024-04-27T02:49:15.690 INFO:teuthology.orchestra.run.smithi067.stdout:/usr/bin/ceph: stdout [osd]
2024-04-27T02:49:15.690 INFO:teuthology.orchestra.run.smithi067.stdout:/usr/bin/ceph: stdout mon_osd_backfillfull_ratio = 0.85
2024-04-27T02:49:15.690 INFO:teuthology.orchestra.run.smithi067.stdout:/usr/bin/ceph: stdout mon_osd_full_ratio = 0.9
2024-04-27T02:49:15.690 INFO:teuthology.orchestra.run.smithi067.stdout:/usr/bin/ceph: stdout mon_osd_nearfull_ratio = 0.8
2024-04-27T02:49:15.690 INFO:teuthology.orchestra.run.smithi067.stdout:/usr/bin/ceph: stdout osd_map_max_advance = 10
2024-04-27T02:49:15.690 INFO:teuthology.orchestra.run.smithi067.stdout:/usr/bin/ceph: stdout osd_sloppy_crc = true
2024-04-27T02:49:15.690 INFO:teuthology.orchestra.run.smithi067.stdout:/usr/bin/ceph: stderr
2024-04-27T02:49:14.969+0000 7fcf79694700 1 Processor -- start
2024-04-27T02:49:15.690 INFO:teuthology.orchestra.run.smithi067.stdout:/usr/bin/ceph: stderr
2024-04-27T02:49:14.969+0000 7fcf79694700 1 -- start start
2024-04-27T02:49:15.691 INFO:teuthology.orchestra.run.smithi067.stdout:/usr/bin/ceph: stderr
2024-04-27T02:49:14.969+0000 7fcf79694700 1 --2- >> [v2:172.21.15.67:3300/0,v1:172.21.15.67:6789/0] conn(0x7fcf74102880 0x7fcf74102c90 unknown :-1 s=NONE pgs=0 cs=0 l=0 rev1=0 crypto rx=0 tx=0 comp rx=0 tx=0).connect
2024-04-27T02:49:15.691 INFO:teuthology.orchestra.run.smithi067.stdout:/usr/bin/ceph: stderr
2024-04-27T02:49:14.969+0000 7fcf79694700 1 -- --> [v2:172.21.15.67:3300/0,v1:172.21.15.67:6789/0] -- mon_getmap magic: 0 v1 -- 0x7fcf741031d0 con 0x7fcf74102880
2024-04-27T02:49:15.691 INFO:teuthology.orchestra.run.smithi067.stdout:/usr/bin/ceph: stderr
2024-04-27T02:49:14.969+0000 7fcf72ffd700 1 --2- >> [v2:172.21.15.67:3300/0,v1:172.21.15.67:6789/0] conn(0x7fcf74102880 0x7fcf74102c90 unknown :-1 s=BANNER_CONNECTING pgs=0 cs=0 l=0 rev1=0 crypto rx=0 tx=0 comp rx=0 tx=0)._handle_peer_banner_payload supported=3 required=0
2024-04-27T02:49:15.691 INFO:teuthology.orchestra.run.smithi067.stdout:/usr/bin/ceph: stderr
2024-04-27T02:49:14.969+0000 7fcf72ffd700 1 --2- >> [v2:172.21.15.67:3300/0,v1:172.21.15.67:6789/0] conn(0x7fcf74102880 0x7fcf74102c90 unknown :-1 s=HELLO_CONNECTING pgs=0 cs=0 l=0 rev1=1 crypto rx=0 tx=0 comp rx=0 tx=0).handle_hello peer v2:172.21.15.67:3300/0 says I am v2:172.21.15.67:47432/0 (socket says 172.21.15.67:47432)
2024-04-27T02:49:15.691 INFO:teuthology.orchestra.run.smithi067.stdout:/usr/bin/ceph: stderr
2024-04-27T02:49:14.969+0000 7fcf72ffd700 1 -- 172.21.15.67:0/1301626720 learned_addr learned my addr 172.21.15.67:0/1301626720 (peer_addr_for_me v2:172.21.15.67:0/0)
2024-04-27T02:49:15.691 INFO:teuthology.orchestra.run.smithi067.stdout:/usr/bin/ceph: stderr
2024-04-27T02:49:14.970+0000 7fcf72ffd700 1 -- 172.21.15.67:0/1301626720 --> [v2:172.21.15.67:3300/0,v1:172.21.15.67:6789/0] -- mon_subscribe({config=0+,monmap=0+}) v3 -- 0x7fcf74103310 con 0x7fcf74102880
2024-04-27T02:49:15.691 INFO:teuthology.orchestra.run.smithi067.stdout:/usr/bin/ceph: stderr
2024-04-27T02:49:14.970+0000 7fcf72ffd700 1 --2- 172.21.15.67:0/1301626720 >> [v2:172.21.15.67:3300/0,v1:172.21.15.67:6789/0] conn(0x7fcf74102880 0x7fcf74102c90 secure :-1 s=READY pgs=16 cs=0 l=1 rev1=1 crypto rx=0x7fcf6c0098e0 tx=0x7fcf6c009250 comp rx=0 tx=0).ready entity=mon.0 client_cookie=c021c31a509c0915 server_cookie=0 in_seq=0 out_seq=0
2024-04-27T02:49:15.691 INFO:teuthology.orchestra.run.smithi067.stdout:/usr/bin/ceph: stderr
2024-04-27T02:49:14.970+0000 7fcf71ffb700 1 -- 172.21.15.67:0/1301626720 <== mon.0 v2:172.21.15.67:3300/0 1 ==== mon_map magic: 0 v1 ==== 229+0+0 (secure 0 0 0) 0x7fcf6c00b860 con 0x7fcf74102880
2024-04-27T02:49:15.691 INFO:teuthology.orchestra.run.smithi067.stdout:/usr/bin/ceph: stderr
2024-04-27T02:49:14.970+0000 7fcf71ffb700 1 -- 172.21.15.67:0/1301626720 <== mon.0 v2:172.21.15.67:3300/0 2 ==== config(27 keys) v1 ==== 1044+0+0 (secure 0 0 0) 0x7fcf6c00be50 con 0x7fcf74102880
2024-04-27T02:49:15.691 INFO:teuthology.orchestra.run.smithi067.stdout:/usr/bin/ceph: stderr
2024-04-27T02:49:14.970+0000 7fcf71ffb700 1 -- 172.21.15.67:0/1301626720 <== mon.0 v2:172.21.15.67:3300/0 3 ==== mon_map magic: 0 v1 ==== 229+0+0 (secure 0 0 0) 0x7fcf6c010380 con 0x7fcf74102880
2024-04-27T02:49:15.691 INFO:teuthology.orchestra.run.smithi067.stdout:/usr/bin/ceph: stderr
2024-04-27T02:49:14.971+0000 7fcf79694700 1 -- 172.21.15.67:0/1301626720 >> [v2:172.21.15.67:3300/0,v1:172.21.15.67:6789/0] conn(0x7fcf74102880 msgr2=0x7fcf74102c90 secure :-1 s=STATE_CONNECTION_ESTABLISHED l=1).mark_down
2024-04-27T02:49:15.692 INFO:teuthology.orchestra.run.smithi067.stdout:/usr/bin/ceph: stderr
2024-04-27T02:49:14.971+0000 7fcf79694700 1 --2- 172.21.15.67:0/1301626720 >> [v2:172.21.15.67:3300/0,v1:172.21.15.67:6789/0] conn(0x7fcf74102880 0x7fcf74102c90 secure :-1 s=READY pgs=16 cs=0 l=1 rev1=1 crypto rx=0x7fcf6c0098e0 tx=0x7fcf6c009250 comp rx=0 tx=0).stop
2024-04-27T02:49:15.692 INFO:teuthology.orchestra.run.smithi067.stdout:/usr/bin/ceph: stderr
2024-04-27T02:49:14.971+0000 7fcf79694700 1 -- 172.21.15.67:0/1301626720 shutdown_connections
2024-04-27T02:49:15.692 INFO:teuthology.orchestra.run.smithi067.stdout:/usr/bin/ceph: stderr
2024-04-27T02:49:14.971+0000 7fcf79694700 1 --2- 172.21.15.67:0/1301626720 >> [v2:172.21.15.67:3300/0,v1:172.21.15.67:6789/0] conn(0x7fcf74102880 0x7fcf74102c90 unknown :-1 s=CLOSED pgs=16 cs=0 l=1 rev1=1 crypto rx=0 tx=0 comp rx=0 tx=0).stop
2024-04-27T02:49:15.692 INFO:teuthology.orchestra.run.smithi067.stdout:/usr/bin/ceph: stderr
2024-04-27T02:49:14.971+0000 7fcf79694700 1 -- 172.21.15.67:0/1301626720 >> 172.21.15.67:0/1301626720 conn(0x7fcf740fe060 msgr2=0x7fcf74100470 unknown :-1 s=STATE_NONE l=0).mark_down
2024-04-27T02:49:15.692 INFO:teuthology.orchestra.run.smithi067.stdout:/usr/bin/ceph: stderr
2024-04-27T02:49:14.971+0000 7fcf79694700 1 -- 172.21.15.67:0/1301626720 shutdown_connections
2024-04-27T02:49:15.692 INFO:teuthology.orchestra.run.smithi067.stdout:/usr/bin/ceph: stderr
2024-04-27T02:49:14.971+0000 7fcf79694700 1 -- 172.21.15.67:0/1301626720 wait complete.
2024-04-27T02:49:15.692 INFO:teuthology.orchestra.run.smithi067.stdout:/usr/bin/ceph: stderr
2024-04-27T02:49:14.971+0000 7fcf79694700 1 Processor -- start
2024-04-27T02:49:15.692 INFO:teuthology.orchestra.run.smithi067.stdout:/usr/bin/ceph: stderr
2024-04-27T02:49:14.971+0000 7fcf79694700 1 -- start start
2024-04-27T02:49:15.692 INFO:teuthology.orchestra.run.smithi067.stdout:/usr/bin/ceph: stderr
2024-04-27T02:49:14.972+0000 7fcf79694700 1 --2- >> [v2:172.21.15.67:3300/0,v1:172.21.15.67:6789/0] conn(0x7fcf74102880 0x7fcf741115f0 unknown :-1 s=NONE pgs=0 cs=0 l=1 rev1=0 crypto rx=0 tx=0 comp rx=0 tx=0).connect
2024-04-27T02:49:15.692 INFO:teuthology.orchestra.run.smithi067.stdout:/usr/bin/ceph: stderr
2024-04-27T02:49:14.972+0000 7fcf79694700 1 -- --> [v2:172.21.15.67:3300/0,v1:172.21.15.67:6789/0] -- mon_getmap magic: 0 v1 -- 0x7fcf74111b30 con 0x7fcf74102880
2024-04-27T02:49:15.692 INFO:teuthology.orchestra.run.smithi067.stdout:/usr/bin/ceph: stderr
2024-04-27T02:49:14.972+0000 7fcf72ffd700 1 --2- >> [v2:172.21.15.67:3300/0,v1:172.21.15.67:6789/0] conn(0x7fcf74102880 0x7fcf741115f0 unknown :-1 s=BANNER_CONNECTING pgs=0 cs=0 l=1 rev1=0 crypto rx=0 tx=0 comp rx=0 tx=0)._handle_peer_banner_payload supported=3 required=0
2024-04-27T02:49:15.692 INFO:teuthology.orchestra.run.smithi067.stdout:/usr/bin/ceph: stderr
2024-04-27T02:49:14.972+0000 7fcf72ffd700 1 --2- >> [v2:172.21.15.67:3300/0,v1:172.21.15.67:6789/0] conn(0x7fcf74102880 0x7fcf741115f0 unknown :-1 s=HELLO_CONNECTING pgs=0 cs=0 l=1 rev1=1 crypto rx=0 tx=0 comp rx=0 tx=0).handle_hello peer v2:172.21.15.67:3300/0 says I am v2:172.21.15.67:47446/0 (socket says 172.21.15.67:47446)
2024-04-27T02:49:15.693 INFO:teuthology.orchestra.run.smithi067.stdout:/usr/bin/ceph: stderr
2024-04-27T02:49:14.972+0000 7fcf72ffd700 1 -- 172.21.15.67:0/784341970 learned_addr learned my addr 172.21.15.67:0/784341970 (peer_addr_for_me v2:172.21.15.67:0/0)
2024-04-27T02:49:15.693 INFO:teuthology.orchestra.run.smithi067.stdout:/usr/bin/ceph: stderr
2024-04-27T02:49:14.972+0000 7fcf72ffd700 1 -- 172.21.15.67:0/784341970 --> [v2:172.21.15.67:3300/0,v1:172.21.15.67:6789/0] -- mon_subscribe({config=0+,monmap=0+}) v3 -- 0x7fcf6c0094f0 con 0x7fcf74102880
2024-04-27T02:49:15.693 INFO:teuthology.orchestra.run.smithi067.stdout:/usr/bin/ceph: stderr
2024-04-27T02:49:14.972+0000 7fcf72ffd700 1 --2- 172.21.15.67:0/784341970 >> [v2:172.21.15.67:3300/0,v1:172.21.15.67:6789/0] conn(0x7fcf74102880 0x7fcf741115f0 secure :-1 s=READY pgs=17 cs=0 l=1 rev1=1 crypto rx=0x7fcf6c000c00 tx=0x7fcf6c009250 comp rx=0 tx=0).ready entity=mon.0 client_cookie=0 server_cookie=0 in_seq=0 out_seq=0
2024-04-27T02:49:15.693 INFO:teuthology.orchestra.run.smithi067.stdout:/usr/bin/ceph: stderr
2024-04-27T02:49:14.972+0000 7fcf6b7fe700 1 -- 172.21.15.67:0/784341970 <== mon.0 v2:172.21.15.67:3300/0 1 ==== mon_map magic: 0 v1 ==== 229+0+0 (secure 0 0 0) 0x7fcf6c0107c0 con 0x7fcf74102880
2024-04-27T02:49:15.693 INFO:teuthology.orchestra.run.smithi067.stdout:/usr/bin/ceph: stderr
2024-04-27T02:49:14.972+0000 7fcf79694700 1 -- 172.21.15.67:0/784341970 --> [v2:172.21.15.67:3300/0,v1:172.21.15.67:6789/0] -- mon_subscribe({mgrmap=0+}) v3 -- 0x7fcf74111d30 con 0x7fcf74102880
2024-04-27T02:49:15.693 INFO:teuthology.orchestra.run.smithi067.stdout:/usr/bin/ceph: stderr
2024-04-27T02:49:14.972+0000 7fcf6b7fe700 1 -- 172.21.15.67:0/784341970 <== mon.0 v2:172.21.15.67:3300/0 2 ==== config(27 keys) v1 ==== 1044+0+0 (secure 0 0 0) 0x7fcf6c010db0 con 0x7fcf74102880
2024-04-27T02:49:15.693 INFO:teuthology.orchestra.run.smithi067.stdout:/usr/bin/ceph: stderr
2024-04-27T02:49:14.972+0000 7fcf6b7fe700 1 -- 172.21.15.67:0/784341970 <== mon.0 v2:172.21.15.67:3300/0 3 ==== mon_map magic: 0 v1 ==== 229+0+0 (secure 0 0 0) 0x7fcf6c01ad00 con 0x7fcf74102880
2024-04-27T02:49:15.693 INFO:teuthology.orchestra.run.smithi067.stdout:/usr/bin/ceph: stderr
2024-04-27T02:49:14.972+0000 7fcf79694700 1 -- 172.21.15.67:0/784341970 --> [v2:172.21.15.67:3300/0,v1:172.21.15.67:6789/0] -- mon_subscribe({osdmap=0}) v3 -- 0x7fcf741128a0 con 0x7fcf74102880
2024-04-27T02:49:15.693 INFO:teuthology.orchestra.run.smithi067.stdout:/usr/bin/ceph: stderr
2024-04-27T02:49:14.973+0000 7fcf6b7fe700 1 -- 172.21.15.67:0/784341970 <== mon.0 v2:172.21.15.67:3300/0 4 ==== mgrmap(e 4) v1 ==== 43365+0+0 (secure 0 0 0) 0x7fcf6c0193c0 con 0x7fcf74102880
2024-04-27T02:49:15.693 INFO:teuthology.orchestra.run.smithi067.stdout:/usr/bin/ceph: stderr
2024-04-27T02:49:14.973+0000 7fcf79694700 1 -- 172.21.15.67:0/784341970 --> [v2:172.21.15.67:3300/0,v1:172.21.15.67:6789/0] -- mon_command({"prefix": "get_command_descriptions"} v 0) v1 -- 0x7fcf7405f5c0 con 0x7fcf74102880
2024-04-27T02:49:15.693 INFO:teuthology.orchestra.run.smithi067.stdout:/usr/bin/ceph: stderr
2024-04-27T02:49:14.973+0000 7fcf6b7fe700 1 --2- 172.21.15.67:0/784341970 >> [v2:172.21.15.67:6800/4122863714,v1:172.21.15.67:6801/4122863714] conn(0x7fcf60036800 0x7fcf60038cb0 unknown :-1 s=NONE pgs=0 cs=0 l=1 rev1=0 crypto rx=0 tx=0 comp rx=0 tx=0).connect
2024-04-27T02:49:15.693 INFO:teuthology.orchestra.run.smithi067.stdout:/usr/bin/ceph: stderr
2024-04-27T02:49:14.973+0000 7fcf6b7fe700 1 -- 172.21.15.67:0/784341970 <== mon.0 v2:172.21.15.67:3300/0 5 ==== osd_map(1..1 src has 1..1) v4 ==== 721+0+0 (secure 0 0 0) 0x7fcf6c04a5f0 con 0x7fcf74102880
2024-04-27T02:49:15.693 INFO:teuthology.orchestra.run.smithi067.stdout:/usr/bin/ceph: stderr
2024-04-27T02:49:14.974+0000 7fcf727fc700 1 --2- 172.21.15.67:0/784341970 >> [v2:172.21.15.67:6800/4122863714,v1:172.21.15.67:6801/4122863714] conn(0x7fcf60036800 0x7fcf60038cb0 unknown :-1 s=BANNER_CONNECTING pgs=0 cs=0 l=1 rev1=0 crypto rx=0 tx=0 comp rx=0 tx=0)._handle_peer_banner_payload supported=3 required=0
2024-04-27T02:49:15.694 INFO:teuthology.orchestra.run.smithi067.stdout:/usr/bin/ceph: stderr
2024-04-27T02:49:14.974+0000 7fcf727fc700 1 --2- 172.21.15.67:0/784341970 >> [v2:172.21.15.67:6800/4122863714,v1:172.21.15.67:6801/4122863714] conn(0x7fcf60036800 0x7fcf60038cb0 secure :-1 s=READY pgs=7 cs=0 l=1 rev1=1 crypto rx=0x7fcf5c009990 tx=0x7fcf5c006e40 comp rx=0 tx=0).ready entity=mgr.14100 client_cookie=0 server_cookie=0 in_seq=0 out_seq=0
2024-04-27T02:49:15.694 INFO:teuthology.orchestra.run.smithi067.stdout:/usr/bin/ceph: stderr
2024-04-27T02:49:14.978+0000 7fcf6b7fe700 1 -- 172.21.15.67:0/784341970 <== mon.0 v2:172.21.15.67:3300/0 6 ==== mon_command_ack([{"prefix": "get_command_descriptions"}]=0 v0) v1 ==== 72+0+176702 (secure 0 0 0) 0x7fcf6c019670 con 0x7fcf74102880
2024-04-27T02:49:15.694 INFO:teuthology.orchestra.run.smithi067.stdout:/usr/bin/ceph: stderr
2024-04-27T02:49:15.171+0000 7fcf79694700 1 -- 172.21.15.67:0/784341970 --> [v2:172.21.15.67:3300/0,v1:172.21.15.67:6789/0] -- mon_command({"prefix": "config assimilate-conf"} v 0) v1 -- 0x7fcf7404bed0 con 0x7fcf74102880
2024-04-27T02:49:15.694 INFO:teuthology.orchestra.run.smithi067.stdout:/usr/bin/ceph: stderr
2024-04-27T02:49:15.172+0000 7fcf6b7fe700 1 -- 172.21.15.67:0/784341970 <== mon.0 v2:172.21.15.67:3300/0 7 ==== mon_command_ack([{"prefix": "config assimilate-conf"}]=0 v3) v1 ==== 70+0+373 (secure 0 0 0) 0x7fcf6c023d90 con 0x7fcf74102880
2024-04-27T02:49:15.694 INFO:teuthology.orchestra.run.smithi067.stdout:/usr/bin/ceph: stderr
2024-04-27T02:49:15.174+0000 7fcf79694700 1 -- 172.21.15.67:0/784341970 >> [v2:172.21.15.67:6800/4122863714,v1:172.21.15.67:6801/4122863714] conn(0x7fcf60036800 msgr2=0x7fcf60038cb0 secure :-1 s=STATE_CONNECTION_ESTABLISHED l=1).mark_down
2024-04-27T02:49:15.694 INFO:teuthology.orchestra.run.smithi067.stdout:/usr/bin/ceph: stderr
2024-04-27T02:49:15.174+0000 7fcf79694700 1 --2- 172.21.15.67:0/784341970 >> [v2:172.21.15.67:6800/4122863714,v1:172.21.15.67:6801/4122863714] conn(0x7fcf60036800 0x7fcf60038cb0 secure :-1 s=READY pgs=7 cs=0 l=1 rev1=1 crypto rx=0x7fcf5c009990 tx=0x7fcf5c006e40 comp rx=0 tx=0).stop
2024-04-27T02:49:15.694 INFO:teuthology.orchestra.run.smithi067.stdout:/usr/bin/ceph: stderr
2024-04-27T02:49:15.175+0000 7fcf79694700 1 -- 172.21.15.67:0/784341970 >> [v2:172.21.15.67:3300/0,v1:172.21.15.67:6789/0] conn(0x7fcf74102880 msgr2=0x7fcf741115f0 secure :-1 s=STATE_CONNECTION_ESTABLISHED l=1).mark_down
2024-04-27T02:49:15.694 INFO:teuthology.orchestra.run.smithi067.stdout:/usr/bin/ceph: stderr
2024-04-27T02:49:15.175+0000 7fcf79694700 1 --2- 172.21.15.67:0/784341970 >> [v2:172.21.15.67:3300/0,v1:172.21.15.67:6789/0] conn(0x7fcf74102880 0x7fcf741115f0 secure :-1 s=READY pgs=17 cs=0 l=1 rev1=1 crypto rx=0x7fcf6c000c00 tx=0x7fcf6c009250 comp rx=0 tx=0).stop
2024-04-27T02:49:15.694 INFO:teuthology.orchestra.run.smithi067.stdout:/usr/bin/ceph: stderr
2024-04-27T02:49:15.175+0000 7fcf79694700 1 -- 172.21.15.67:0/784341970 shutdown_connections
2024-04-27T02:49:15.694 INFO:teuthology.orchestra.run.smithi067.stdout:/usr/bin/ceph: stderr
2024-04-27T02:49:15.175+0000 7fcf79694700 1 --2- 172.21.15.67:0/784341970 >> [v2:172.21.15.67:6800/4122863714,v1:172.21.15.67:6801/4122863714] conn(0x7fcf60036800 0x7fcf60038cb0 unknown :-1 s=CLOSED pgs=7 cs=0 l=1 rev1=1 crypto rx=0 tx=0 comp rx=0 tx=0).stop
2024-04-27T02:49:15.694 INFO:teuthology.orchestra.run.smithi067.stdout:/usr/bin/ceph: stderr
2024-04-27T02:49:15.175+0000 7fcf79694700 1 --2- 172.21.15.67:0/784341970 >> [v2:172.21.15.67:3300/0,v1:172.21.15.67:6789/0] conn(0x7fcf74102880 0x7fcf741115f0 unknown :-1 s=CLOSED pgs=17 cs=0 l=1 rev1=1 crypto rx=0 tx=0 comp rx=0 tx=0).stop
2024-04-27T02:49:15.694 INFO:teuthology.orchestra.run.smithi067.stdout:/usr/bin/ceph: stderr
2024-04-27T02:49:15.175+0000 7fcf79694700 1 -- 172.21.15.67:0/784341970 >> 172.21.15.67:0/784341970 conn(0x7fcf740fe060 msgr2=0x7fcf740feaf0 unknown :-1 s=STATE_NONE l=0).mark_down
2024-04-27T02:49:15.694 INFO:teuthology.orchestra.run.smithi067.stdout:/usr/bin/ceph: stderr
2024-04-27T02:49:15.175+0000 7fcf79694700 1 -- 172.21.15.67:0/784341970 shutdown_connections
2024-04-27T02:49:15.695 INFO:teuthology.orchestra.run.smithi067.stdout:/usr/bin/ceph: stderr
2024-04-27T02:49:15.175+0000 7fcf79694700 1 -- 172.21.15.67:0/784341970 wait complete.
2024-04-27T02:49:15.695 INFO:teuthology.orchestra.run.smithi067.stdout:Enabling cephadm module...
2024-04-27T02:49:16.592 INFO:journalctl@ceph.mon.smithi067.smithi067.stdout:Apr 27 02:49:16 smithi067 ceph-mon[26723]: from='client.? 172.21.15.67:0/2438406733' entity='client.admin' cmd=[{"prefix": "mgr module enable", "module": "cephadm"}]: dispatch
2024-04-27T02:49:17.573 INFO:journalctl@ceph.mon.smithi067.smithi067.stdout:Apr 27 02:49:17 smithi067 ceph-mon[26723]: from='client.? 172.21.15.67:0/2438406733' entity='client.admin' cmd='[{"prefix": "mgr module enable", "module": "cephadm"}]': finished
2024-04-27T02:49:17.574 INFO:journalctl@ceph.mon.smithi067.smithi067.stdout:Apr 27 02:49:17 smithi067 ceph-mon[26723]: mgrmap e5: smithi067.kuchzw(active, since 8s)
2024-04-27T02:49:18.031 INFO:teuthology.orchestra.run.smithi067.stdout:/usr/bin/ceph: stderr
2024-04-27T02:49:16.077+0000 7f7ce0874700 1 Processor -- start
2024-04-27T02:49:18.032 INFO:teuthology.orchestra.run.smithi067.stdout:/usr/bin/ceph: stderr
2024-04-27T02:49:16.077+0000 7f7ce0874700 1 -- start start
2024-04-27T02:49:18.032 INFO:teuthology.orchestra.run.smithi067.stdout:/usr/bin/ceph: stderr
2024-04-27T02:49:16.077+0000 7f7ce0874700 1 --2- >> [v2:172.21.15.67:3300/0,v1:172.21.15.67:6789/0] conn(0x7f7cdc102880 0x7f7cdc102c90 unknown :-1 s=NONE pgs=0 cs=0 l=0 rev1=0 crypto rx=0 tx=0 comp rx=0 tx=0).connect
2024-04-27T02:49:18.032 INFO:teuthology.orchestra.run.smithi067.stdout:/usr/bin/ceph: stderr
2024-04-27T02:49:16.077+0000 7f7ce0874700 1 -- --> [v2:172.21.15.67:3300/0,v1:172.21.15.67:6789/0] -- mon_getmap magic: 0 v1 -- 0x7f7cdc1031d0 con 0x7f7cdc102880
2024-04-27T02:49:18.032 INFO:teuthology.orchestra.run.smithi067.stdout:/usr/bin/ceph: stderr
2024-04-27T02:49:16.077+0000 7f7cda59c700 1 --2- >> [v2:172.21.15.67:3300/0,v1:172.21.15.67:6789/0] conn(0x7f7cdc102880 0x7f7cdc102c90 unknown :-1 s=BANNER_CONNECTING pgs=0 cs=0 l=0 rev1=0 crypto rx=0 tx=0 comp rx=0 tx=0)._handle_peer_banner_payload supported=3 required=0
2024-04-27T02:49:18.032 INFO:teuthology.orchestra.run.smithi067.stdout:/usr/bin/ceph: stderr
2024-04-27T02:49:16.077+0000 7f7cda59c700 1 --2- >> [v2:172.21.15.67:3300/0,v1:172.21.15.67:6789/0] conn(0x7f7cdc102880 0x7f7cdc102c90 unknown :-1 s=HELLO_CONNECTING pgs=0 cs=0 l=0 rev1=1 crypto rx=0 tx=0 comp rx=0 tx=0).handle_hello peer v2:172.21.15.67:3300/0 says I am v2:172.21.15.67:47456/0 (socket says 172.21.15.67:47456)
2024-04-27T02:49:18.032 INFO:teuthology.orchestra.run.smithi067.stdout:/usr/bin/ceph: stderr
2024-04-27T02:49:16.077+0000 7f7cda59c700 1 -- 172.21.15.67:0/2362136191 learned_addr learned my addr 172.21.15.67:0/2362136191 (peer_addr_for_me v2:172.21.15.67:0/0)
2024-04-27T02:49:18.032 INFO:teuthology.orchestra.run.smithi067.stdout:/usr/bin/ceph: stderr
2024-04-27T02:49:16.077+0000 7f7cda59c700 1 -- 172.21.15.67:0/2362136191 --> [v2:172.21.15.67:3300/0,v1:172.21.15.67:6789/0] -- mon_subscribe({config=0+,monmap=0+}) v3 -- 0x7f7cdc103310 con 0x7f7cdc102880
2024-04-27T02:49:18.032 INFO:teuthology.orchestra.run.smithi067.stdout:/usr/bin/ceph: stderr
2024-04-27T02:49:16.078+0000 7f7cda59c700 1 --2- 172.21.15.67:0/2362136191 >> [v2:172.21.15.67:3300/0,v1:172.21.15.67:6789/0] conn(0x7f7cdc102880 0x7f7cdc102c90 secure :-1 s=READY pgs=18 cs=0 l=1 rev1=1 crypto rx=0x7f7ccc0098e0 tx=0x7f7ccc009250 comp rx=0 tx=0).ready entity=mon.0 client_cookie=c2061fab37fcfff0 server_cookie=0 in_seq=0 out_seq=0
2024-04-27T02:49:18.032 INFO:teuthology.orchestra.run.smithi067.stdout:/usr/bin/ceph: stderr
2024-04-27T02:49:16.078+0000 7f7cd959a700 1 -- 172.21.15.67:0/2362136191 <== mon.0 v2:172.21.15.67:3300/0 1 ==== mon_map magic: 0 v1 ==== 229+0+0 (secure 0 0 0) 0x7f7ccc00b860 con 0x7f7cdc102880
2024-04-27T02:49:18.032 INFO:teuthology.orchestra.run.smithi067.stdout:/usr/bin/ceph: stderr
2024-04-27T02:49:16.078+0000 7f7cd959a700 1 -- 172.21.15.67:0/2362136191 <== mon.0 v2:172.21.15.67:3300/0 2 ==== config(27 keys) v1 ==== 1044+0+0 (secure 0 0 0) 0x7f7ccc00be50 con 0x7f7cdc102880
2024-04-27T02:49:18.032 INFO:teuthology.orchestra.run.smithi067.stdout:/usr/bin/ceph: stderr
2024-04-27T02:49:16.078+0000 7f7cd959a700 1 -- 172.21.15.67:0/2362136191 <== mon.0 v2:172.21.15.67:3300/0 3 ==== mon_map magic: 0 v1 ==== 229+0+0 (secure 0 0 0) 0x7f7ccc010380 con 0x7f7cdc102880
2024-04-27T02:49:18.032 INFO:teuthology.orchestra.run.smithi067.stdout:/usr/bin/ceph: stderr
2024-04-27T02:49:16.078+0000 7f7ce0874700 1 -- 172.21.15.67:0/2362136191 >> [v2:172.21.15.67:3300/0,v1:172.21.15.67:6789/0] conn(0x7f7cdc102880 msgr2=0x7f7cdc102c90 secure :-1 s=STATE_CONNECTION_ESTABLISHED l=1).mark_down
2024-04-27T02:49:18.032 INFO:teuthology.orchestra.run.smithi067.stdout:/usr/bin/ceph: stderr
2024-04-27T02:49:16.078+0000 7f7ce0874700 1 --2- 172.21.15.67:0/2362136191 >> [v2:172.21.15.67:3300/0,v1:172.21.15.67:6789/0] conn(0x7f7cdc102880 0x7f7cdc102c90 secure :-1 s=READY pgs=18 cs=0 l=1 rev1=1 crypto rx=0x7f7ccc0098e0 tx=0x7f7ccc009250 comp rx=0 tx=0).stop
2024-04-27T02:49:18.032 INFO:teuthology.orchestra.run.smithi067.stdout:/usr/bin/ceph: stderr
2024-04-27T02:49:16.079+0000 7f7ce0874700 1 -- 172.21.15.67:0/2362136191 shutdown_connections
2024-04-27T02:49:18.033 INFO:teuthology.orchestra.run.smithi067.stdout:/usr/bin/ceph: stderr
2024-04-27T02:49:16.079+0000 7f7ce0874700 1 --2- 172.21.15.67:0/2362136191 >> [v2:172.21.15.67:3300/0,v1:172.21.15.67:6789/0] conn(0x7f7cdc102880 0x7f7cdc102c90 unknown :-1 s=CLOSED pgs=18 cs=0 l=1 rev1=1 crypto rx=0 tx=0 comp rx=0 tx=0).stop
2024-04-27T02:49:18.033 INFO:teuthology.orchestra.run.smithi067.stdout:/usr/bin/ceph: stderr
2024-04-27T02:49:16.079+0000 7f7ce0874700 1 -- 172.21.15.67:0/2362136191 >> 172.21.15.67:0/2362136191 conn(0x7f7cdc0fe060 msgr2=0x7f7cdc100470 unknown :-1 s=STATE_NONE l=0).mark_down
2024-04-27T02:49:18.033 INFO:teuthology.orchestra.run.smithi067.stdout:/usr/bin/ceph: stderr
2024-04-27T02:49:16.079+0000 7f7ce0874700 1 -- 172.21.15.67:0/2362136191 shutdown_connections
2024-04-27T02:49:18.033 INFO:teuthology.orchestra.run.smithi067.stdout:/usr/bin/ceph: stderr
2024-04-27T02:49:16.079+0000 7f7ce0874700 1 -- 172.21.15.67:0/2362136191 wait complete.
2024-04-27T02:49:18.033 INFO:teuthology.orchestra.run.smithi067.stdout:/usr/bin/ceph: stderr
2024-04-27T02:49:16.079+0000 7f7ce0874700 1 Processor -- start
2024-04-27T02:49:18.033 INFO:teuthology.orchestra.run.smithi067.stdout:/usr/bin/ceph: stderr
2024-04-27T02:49:16.079+0000 7f7ce0874700 1 -- start start
2024-04-27T02:49:18.033 INFO:teuthology.orchestra.run.smithi067.stdout:/usr/bin/ceph: stderr
2024-04-27T02:49:16.079+0000 7f7ce0874700 1 --2- >> [v2:172.21.15.67:3300/0,v1:172.21.15.67:6789/0] conn(0x7f7cdc102880 0x7f7cdc078c20 unknown :-1 s=NONE pgs=0 cs=0 l=1 rev1=0 crypto rx=0 tx=0 comp rx=0 tx=0).connect
2024-04-27T02:49:18.033 INFO:teuthology.orchestra.run.smithi067.stdout:/usr/bin/ceph: stderr
2024-04-27T02:49:16.079+0000 7f7ce0874700 1 -- --> [v2:172.21.15.67:3300/0,v1:172.21.15.67:6789/0] -- mon_getmap magic: 0 v1 -- 0x7f7cdc079160 con 0x7f7cdc102880
2024-04-27T02:49:18.033 INFO:teuthology.orchestra.run.smithi067.stdout:/usr/bin/ceph: stderr
2024-04-27T02:49:16.080+0000 7f7cda59c700 1 --2- >> [v2:172.21.15.67:3300/0,v1:172.21.15.67:6789/0] conn(0x7f7cdc102880 0x7f7cdc078c20 unknown :-1 s=BANNER_CONNECTING pgs=0 cs=0 l=1 rev1=0 crypto rx=0 tx=0 comp rx=0 tx=0)._handle_peer_banner_payload supported=3 required=0
2024-04-27T02:49:18.033 INFO:teuthology.orchestra.run.smithi067.stdout:/usr/bin/ceph: stderr
2024-04-27T02:49:16.080+0000 7f7cda59c700 1 --2- >> [v2:172.21.15.67:3300/0,v1:172.21.15.67:6789/0] conn(0x7f7cdc102880 0x7f7cdc078c20 unknown :-1 s=HELLO_CONNECTING pgs=0 cs=0 l=1 rev1=1 crypto rx=0 tx=0 comp rx=0 tx=0).handle_hello peer v2:172.21.15.67:3300/0 says I am v2:172.21.15.67:47464/0 (socket says 172.21.15.67:47464)
2024-04-27T02:49:18.033 INFO:teuthology.orchestra.run.smithi067.stdout:/usr/bin/ceph: stderr
2024-04-27T02:49:16.080+0000 7f7cda59c700 1 -- 172.21.15.67:0/2438406733 learned_addr learned my addr 172.21.15.67:0/2438406733 (peer_addr_for_me v2:172.21.15.67:0/0)
2024-04-27T02:49:18.033 INFO:teuthology.orchestra.run.smithi067.stdout:/usr/bin/ceph: stderr
2024-04-27T02:49:16.080+0000 7f7cda59c700 1 -- 172.21.15.67:0/2438406733 --> [v2:172.21.15.67:3300/0,v1:172.21.15.67:6789/0] -- mon_subscribe({config=0+,monmap=0+}) v3 -- 0x7f7ccc0094f0 con 0x7f7cdc102880
2024-04-27T02:49:18.033 INFO:teuthology.orchestra.run.smithi067.stdout:/usr/bin/ceph: stderr
2024-04-27T02:49:16.080+0000 7f7cda59c700 1 --2- 172.21.15.67:0/2438406733 >> [v2:172.21.15.67:3300/0,v1:172.21.15.67:6789/0] conn(0x7f7cdc102880 0x7f7cdc078c20 secure :-1 s=READY pgs=19 cs=0 l=1 rev1=1 crypto rx=0x7f7ccc000c00 tx=0x7f7ccc009250 comp rx=0 tx=0).ready entity=mon.0 client_cookie=0 server_cookie=0 in_seq=0 out_seq=0
2024-04-27T02:49:18.033 INFO:teuthology.orchestra.run.smithi067.stdout:/usr/bin/ceph: stderr
2024-04-27T02:49:16.080+0000 7f7ccaffd700 1 -- 172.21.15.67:0/2438406733 <== mon.0 v2:172.21.15.67:3300/0 1 ==== mon_map magic: 0 v1 ==== 229+0+0 (secure 0 0 0) 0x7f7ccc0107c0 con 0x7f7cdc102880
2024-04-27T02:49:18.034 INFO:teuthology.orchestra.run.smithi067.stdout:/usr/bin/ceph: stderr
2024-04-27T02:49:16.080+0000 7f7ccaffd700 1 -- 172.21.15.67:0/2438406733 <== mon.0 v2:172.21.15.67:3300/0 2 ==== config(27 keys) v1 ==== 1044+0+0 (secure 0 0 0) 0x7f7ccc010db0 con 0x7f7cdc102880
2024-04-27T02:49:18.034 INFO:teuthology.orchestra.run.smithi067.stdout:/usr/bin/ceph: stderr
2024-04-27T02:49:16.080+0000 7f7ce0874700 1 -- 172.21.15.67:0/2438406733 --> [v2:172.21.15.67:3300/0,v1:172.21.15.67:6789/0] -- mon_subscribe({mgrmap=0+}) v3 -- 0x7f7cdc0771d0 con 0x7f7cdc102880
2024-04-27T02:49:18.034 INFO:teuthology.orchestra.run.smithi067.stdout:/usr/bin/ceph: stderr
2024-04-27T02:49:16.080+0000 7f7ccaffd700 1 -- 172.21.15.67:0/2438406733 <== mon.0 v2:172.21.15.67:3300/0 3 ==== mon_map magic: 0 v1 ==== 229+0+0 (secure 0 0 0) 0x7f7ccc01ad00 con 0x7f7cdc102880
2024-04-27T02:49:18.034 INFO:teuthology.orchestra.run.smithi067.stdout:/usr/bin/ceph: stderr
2024-04-27T02:49:16.080+0000 7f7ce0874700 1 -- 172.21.15.67:0/2438406733 --> [v2:172.21.15.67:3300/0,v1:172.21.15.67:6789/0] -- mon_subscribe({osdmap=0}) v3 -- 0x7f7cdc0776c0 con 0x7f7cdc102880
2024-04-27T02:49:18.034 INFO:teuthology.orchestra.run.smithi067.stdout:/usr/bin/ceph: stderr
2024-04-27T02:49:16.081+0000 7f7ccaffd700 1 -- 172.21.15.67:0/2438406733 <== mon.0 v2:172.21.15.67:3300/0 4 ==== mgrmap(e 4) v1 ==== 43365+0+0 (secure 0 0 0) 0x7f7ccc010920 con 0x7f7cdc102880
2024-04-27T02:49:18.034 INFO:teuthology.orchestra.run.smithi067.stdout:/usr/bin/ceph: stderr
2024-04-27T02:49:16.081+0000 7f7ccaffd700 1 --2- 172.21.15.67:0/2438406733 >> [v2:172.21.15.67:6800/4122863714,v1:172.21.15.67:6801/4122863714] conn(0x7f7cc4036800 0x7f7cc4038cb0 unknown :-1 s=NONE pgs=0 cs=0 l=1 rev1=0 crypto rx=0 tx=0 comp rx=0 tx=0).connect
2024-04-27T02:49:18.034 INFO:teuthology.orchestra.run.smithi067.stdout:/usr/bin/ceph: stderr
2024-04-27T02:49:16.081+0000 7f7ccaffd700 1 -- 172.21.15.67:0/2438406733 <== mon.0 v2:172.21.15.67:3300/0 5 ==== osd_map(1..1 src has 1..1) v4 ==== 721+0+0 (secure 0 0 0) 0x7f7ccc04a5e0 con 0x7f7cdc102880
2024-04-27T02:49:18.034 INFO:teuthology.orchestra.run.smithi067.stdout:/usr/bin/ceph: stderr
2024-04-27T02:49:16.081+0000 7f7ce0874700 1 -- 172.21.15.67:0/2438406733 --> [v2:172.21.15.67:3300/0,v1:172.21.15.67:6789/0] -- mon_command({"prefix": "get_command_descriptions"} v 0) v1 -- 0x7f7cdc04bed0 con 0x7f7cdc102880
2024-04-27T02:49:18.034 INFO:teuthology.orchestra.run.smithi067.stdout:/usr/bin/ceph: stderr
2024-04-27T02:49:16.081+0000 7f7cd9d9b700 1 --2- 172.21.15.67:0/2438406733 >> [v2:172.21.15.67:6800/4122863714,v1:172.21.15.67:6801/4122863714] conn(0x7f7cc4036800 0x7f7cc4038cb0 unknown :-1 s=BANNER_CONNECTING pgs=0 cs=0 l=1 rev1=0 crypto rx=0 tx=0 comp rx=0 tx=0)._handle_peer_banner_payload supported=3 required=0
2024-04-27T02:49:18.034 INFO:teuthology.orchestra.run.smithi067.stdout:/usr/bin/ceph: stderr
2024-04-27T02:49:16.082+0000 7f7cd9d9b700 1 --2- 172.21.15.67:0/2438406733 >> [v2:172.21.15.67:6800/4122863714,v1:172.21.15.67:6801/4122863714] conn(0x7f7cc4036800 0x7f7cc4038cb0 secure :-1 s=READY pgs=8 cs=0 l=1 rev1=1 crypto rx=0x7f7cd0009990 tx=0x7f7cd0006e40 comp rx=0 tx=0).ready entity=mgr.14100 client_cookie=0 server_cookie=0 in_seq=0 out_seq=0
2024-04-27T02:49:18.034 INFO:teuthology.orchestra.run.smithi067.stdout:/usr/bin/ceph: stderr
2024-04-27T02:49:16.086+0000 7f7ccaffd700 1 -- 172.21.15.67:0/2438406733 <== mon.0 v2:172.21.15.67:3300/0 6 ==== mon_command_ack([{"prefix": "get_command_descriptions"}]=0 v0) v1 ==== 72+0+176702 (secure 0 0 0) 0x7f7ccc010bd0 con 0x7f7cdc102880
2024-04-27T02:49:18.034 INFO:teuthology.orchestra.run.smithi067.stdout:/usr/bin/ceph: stderr
2024-04-27T02:49:16.335+0000 7f7ce0874700 1 -- 172.21.15.67:0/2438406733 --> [v2:172.21.15.67:3300/0,v1:172.21.15.67:6789/0] -- mon_command({"prefix": "mgr module enable", "module": "cephadm"} v 0) v1 -- 0x7f7cdc104650 con 0x7f7cdc102880
2024-04-27T02:49:18.034 INFO:teuthology.orchestra.run.smithi067.stdout:/usr/bin/ceph: stderr
2024-04-27T02:49:16.388+0000 7f7ccaffd700 1 -- 172.21.15.67:0/2438406733 <== mon.0 v2:172.21.15.67:3300/0 7 ==== mgrmap(e 5) v1 ==== 43376+0+0 (secure 0 0 0) 0x7f7ccc01a530 con 0x7f7cdc102880
2024-04-27T02:49:18.035 INFO:teuthology.orchestra.run.smithi067.stdout:/usr/bin/ceph: stderr
2024-04-27T02:49:16.389+0000 7f7ccaffd700 1 -- 172.21.15.67:0/2438406733 <== mon.0 v2:172.21.15.67:3300/0 8 ==== mon_command_ack([{"prefix": "mgr module enable", "module": "cephadm"}]=0 v5) v1 ==== 86+0+0 (secure 0 0 0) 0x7f7ccc023810 con 0x7f7cdc102880
2024-04-27T02:49:18.035 INFO:teuthology.orchestra.run.smithi067.stdout:/usr/bin/ceph: stderr
2024-04-27T02:49:16.391+0000 7f7ce0874700 1 -- 172.21.15.67:0/2438406733 >> [v2:172.21.15.67:6800/4122863714,v1:172.21.15.67:6801/4122863714] conn(0x7f7cc4036800 msgr2=0x7f7cc4038cb0 secure :-1 s=STATE_CONNECTION_ESTABLISHED l=1).mark_down
2024-04-27T02:49:18.035 INFO:teuthology.orchestra.run.smithi067.stdout:/usr/bin/ceph: stderr
2024-04-27T02:49:16.391+0000 7f7ce0874700 1 --2- 172.21.15.67:0/2438406733 >> [v2:172.21.15.67:6800/4122863714,v1:172.21.15.67:6801/4122863714] conn(0x7f7cc4036800 0x7f7cc4038cb0 secure :-1 s=READY pgs=8 cs=0 l=1 rev1=1 crypto rx=0x7f7cd0009990 tx=0x7f7cd0006e40 comp rx=0 tx=0).stop
2024-04-27T02:49:18.035 INFO:teuthology.orchestra.run.smithi067.stdout:/usr/bin/ceph: stderr
2024-04-27T02:49:16.391+0000 7f7ce0874700 1 -- 172.21.15.67:0/2438406733 >> [v2:172.21.15.67:3300/0,v1:172.21.15.67:6789/0] conn(0x7f7cdc102880 msgr2=0x7f7cdc078c20 secure :-1 s=STATE_CONNECTION_ESTABLISHED l=1).mark_down
2024-04-27T02:49:18.035 INFO:teuthology.orchestra.run.smithi067.stdout:/usr/bin/ceph: stderr
2024-04-27T02:49:16.391+0000 7f7ce0874700 1 --2- 172.21.15.67:0/2438406733 >> [v2:172.21.15.67:3300/0,v1:172.21.15.67:6789/0] conn(0x7f7cdc102880 0x7f7cdc078c20 secure :-1 s=READY pgs=19 cs=0 l=1 rev1=1 crypto rx=0x7f7ccc000c00 tx=0x7f7ccc009250 comp rx=0 tx=0).stop
2024-04-27T02:49:18.035 INFO:teuthology.orchestra.run.smithi067.stdout:/usr/bin/ceph: stderr
2024-04-27T02:49:16.391+0000 7f7ce0874700 1 -- 172.21.15.67:0/2438406733 shutdown_connections
2024-04-27T02:49:18.035 INFO:teuthology.orchestra.run.smithi067.stdout:/usr/bin/ceph: stderr
2024-04-27T02:49:16.391+0000 7f7ce0874700 1 --2- 172.21.15.67:0/2438406733 >> [v2:172.21.15.67:6800/4122863714,v1:172.21.15.67:6801/4122863714] conn(0x7f7cc4036800 0x7f7cc4038cb0 unknown :-1 s=CLOSED pgs=8 cs=0 l=1 rev1=1 crypto rx=0 tx=0 comp rx=0 tx=0).stop
2024-04-27T02:49:18.035 INFO:teuthology.orchestra.run.smithi067.stdout:/usr/bin/ceph: stderr
2024-04-27T02:49:16.391+0000 7f7ce0874700 1 --2- 172.21.15.67:0/2438406733 >> [v2:172.21.15.67:3300/0,v1:172.21.15.67:6789/0] conn(0x7f7cdc102880 0x7f7cdc078c20 unknown :-1 s=CLOSED pgs=19 cs=0 l=1 rev1=1 crypto rx=0 tx=0 comp rx=0 tx=0).stop
2024-04-27T02:49:18.035 INFO:teuthology.orchestra.run.smithi067.stdout:/usr/bin/ceph: stderr
2024-04-27T02:49:16.391+0000 7f7ce0874700 1 -- 172.21.15.67:0/2438406733 >> 172.21.15.67:0/2438406733 conn(0x7f7cdc0fe060 msgr2=0x7f7cdc0feaf0 unknown :-1 s=STATE_NONE l=0).mark_down
2024-04-27T02:49:18.035 INFO:teuthology.orchestra.run.smithi067.stdout:/usr/bin/ceph: stderr
2024-04-27T02:49:16.391+0000 7f7ce0874700 1 -- 172.21.15.67:0/2438406733 shutdown_connections
2024-04-27T02:49:18.035 INFO:teuthology.orchestra.run.smithi067.stdout:/usr/bin/ceph: stderr
2024-04-27T02:49:16.391+0000 7f7ce0874700 1 -- 172.21.15.67:0/2438406733 wait complete.
2024-04-27T02:49:19.046 INFO:journalctl@ceph.mon.smithi067.smithi067.stdout:Apr 27 02:49:18 smithi067 ceph-mon[26723]: from='client.? 172.21.15.67:0/799782811' entity='client.admin' cmd=[{"prefix": "mgr stat"}]: dispatch
2024-04-27T02:49:19.339 INFO:teuthology.orchestra.run.smithi067.stdout:/usr/bin/ceph: stdout {
2024-04-27T02:49:19.340 INFO:teuthology.orchestra.run.smithi067.stdout:/usr/bin/ceph: stdout "epoch": 5,
2024-04-27T02:49:19.340 INFO:teuthology.orchestra.run.smithi067.stdout:/usr/bin/ceph: stdout "available": true,
2024-04-27T02:49:19.340 INFO:teuthology.orchestra.run.smithi067.stdout:/usr/bin/ceph: stdout "active_name": "smithi067.kuchzw",
2024-04-27T02:49:19.340 INFO:teuthology.orchestra.run.smithi067.stdout:/usr/bin/ceph: stdout "num_standby": 0
2024-04-27T02:49:19.340 INFO:teuthology.orchestra.run.smithi067.stdout:/usr/bin/ceph: stdout }
2024-04-27T02:49:19.340 INFO:teuthology.orchestra.run.smithi067.stdout:/usr/bin/ceph: stderr
2024-04-27T02:49:18.431+0000 7f77a03b2700 1 Processor -- start
2024-04-27T02:49:19.340 INFO:teuthology.orchestra.run.smithi067.stdout:/usr/bin/ceph: stderr
2024-04-27T02:49:18.431+0000 7f77a03b2700 1 -- start start
2024-04-27T02:49:19.340 INFO:teuthology.orchestra.run.smithi067.stdout:/usr/bin/ceph: stderr
2024-04-27T02:49:18.432+0000 7f77a03b2700 1 --2- >> [v2:172.21.15.67:3300/0,v1:172.21.15.67:6789/0] conn(0x7f7798102de0 0x7f77981031f0 unknown :-1 s=NONE pgs=0 cs=0 l=0 rev1=0 crypto rx=0 tx=0 comp rx=0 tx=0).connect
2024-04-27T02:49:19.340 INFO:teuthology.orchestra.run.smithi067.stdout:/usr/bin/ceph: stderr
