2024-04-27T03:54:55.350+0000 7ff29dd9b700 1 --2- 172.21.15.46:0/132118996 >> [v2:172.21.15.46:6800/333567692,v1:172.21.15.46:6801/333567692] conn(0x7ff28c0386e0 0x7ff28c03aba0 secure :-1 s=READY pgs=14 cs=0 l=1 rev1=1 crypto rx=0x7ff288006fd0 tx=0x7ff288006e40 comp rx=0 tx=0).ready entity=mgr.14118 client_cookie=0 server_cookie=0 in_seq=0 out_seq=0
2024-04-27T03:54:56.148 INFO:teuthology.orchestra.run.smithi046.stdout:/usr/bin/ceph: stderr
2024-04-27T03:54:55.354+0000 7ff2977fe700 1 -- 172.21.15.46:0/132118996 <== mon.0 v2:172.21.15.46:3300/0 6 ==== mon_command_ack([{"prefix": "get_command_descriptions"}]=0 v0) v1 ==== 72+0+183351 (secure 0 0 0) 0x7ff290022720 con 0x7ff2a0107020
2024-04-27T03:54:56.149 INFO:teuthology.orchestra.run.smithi046.stdout:/usr/bin/ceph: stderr
2024-04-27T03:54:55.578+0000 7ff2a4b91700 1 -- 172.21.15.46:0/132118996 --> [v2:172.21.15.46:6800/333567692,v1:172.21.15.46:6801/333567692] -- mgr_command(tid 0: {"prefix": "orch apply", "service_type": "crash", "target": ["mon-mgr", ""]}) v1 -- 0x7ff2a0105c60 con 0x7ff28c0386e0
2024-04-27T03:54:56.149 INFO:teuthology.orchestra.run.smithi046.stdout:/usr/bin/ceph: stderr
2024-04-27T03:54:55.582+0000 7ff2977fe700 1 -- 172.21.15.46:0/132118996 <== mgr.14118 v2:172.21.15.46:6800/333567692 1 ==== mgr_command_reply(tid 0: 0 ) v1 ==== 8+0+26 (secure 0 0 0) 0x7ff2a0105c60 con 0x7ff28c0386e0
2024-04-27T03:54:56.149 INFO:teuthology.orchestra.run.smithi046.stdout:/usr/bin/ceph: stderr
2024-04-27T03:54:55.584+0000 7ff2a4b91700 1 -- 172.21.15.46:0/132118996 >> [v2:172.21.15.46:6800/333567692,v1:172.21.15.46:6801/333567692] conn(0x7ff28c0386e0 msgr2=0x7ff28c03aba0 secure :-1 s=STATE_CONNECTION_ESTABLISHED l=1).mark_down
2024-04-27T03:54:56.149 INFO:teuthology.orchestra.run.smithi046.stdout:/usr/bin/ceph: stderr
2024-04-27T03:54:55.584+0000 7ff2a4b91700 1 --2- 172.21.15.46:0/132118996 >> [v2:172.21.15.46:6800/333567692,v1:172.21.15.46:6801/333567692] conn(0x7ff28c0386e0 0x7ff28c03aba0 secure :-1 s=READY pgs=14 cs=0 l=1 rev1=1 crypto rx=0x7ff288006fd0 tx=0x7ff288006e40 comp rx=0 tx=0).stop
2024-04-27T03:54:56.149 INFO:teuthology.orchestra.run.smithi046.stdout:/usr/bin/ceph: stderr
2024-04-27T03:54:55.584+0000 7ff2a4b91700 1 -- 172.21.15.46:0/132118996 >> [v2:172.21.15.46:3300/0,v1:172.21.15.46:6789/0] conn(0x7ff2a0107020 msgr2=0x7ff2a0106850 secure :-1 s=STATE_CONNECTION_ESTABLISHED l=1).mark_down
2024-04-27T03:54:56.149 INFO:teuthology.orchestra.run.smithi046.stdout:/usr/bin/ceph: stderr
2024-04-27T03:54:55.584+0000 7ff2a4b91700 1 --2- 172.21.15.46:0/132118996 >> [v2:172.21.15.46:3300/0,v1:172.21.15.46:6789/0] conn(0x7ff2a0107020 0x7ff2a0106850 secure :-1 s=READY pgs=50 cs=0 l=1 rev1=1 crypto rx=0x7ff290009fb0 tx=0x7ff290011890 comp rx=0 tx=0).stop
2024-04-27T03:54:56.149 INFO:teuthology.orchestra.run.smithi046.stdout:/usr/bin/ceph: stderr
2024-04-27T03:54:55.584+0000 7ff2a4b91700 1 -- 172.21.15.46:0/132118996 shutdown_connections
2024-04-27T03:54:56.149 INFO:teuthology.orchestra.run.smithi046.stdout:/usr/bin/ceph: stderr
2024-04-27T03:54:55.584+0000 7ff2a4b91700 1 --2- 172.21.15.46:0/132118996 >> [v2:172.21.15.46:6800/333567692,v1:172.21.15.46:6801/333567692] conn(0x7ff28c0386e0 0x7ff28c03aba0 unknown :-1 s=CLOSED pgs=14 cs=0 l=1 rev1=1 crypto rx=0 tx=0 comp rx=0 tx=0).stop
2024-04-27T03:54:56.149 INFO:teuthology.orchestra.run.smithi046.stdout:/usr/bin/ceph: stderr
2024-04-27T03:54:55.584+0000 7ff2a4b91700 1 --2- 172.21.15.46:0/132118996 >> [v2:172.21.15.46:3300/0,v1:172.21.15.46:6789/0] conn(0x7ff2a0107020 0x7ff2a0106850 unknown :-1 s=CLOSED pgs=50 cs=0 l=1 rev1=1 crypto rx=0 tx=0 comp rx=0 tx=0).stop
2024-04-27T03:54:56.149 INFO:teuthology.orchestra.run.smithi046.stdout:/usr/bin/ceph: stderr
2024-04-27T03:54:55.585+0000 7ff2a4b91700 1 -- 172.21.15.46:0/132118996 >> 172.21.15.46:0/132118996 conn(0x7ff2a0100a50 msgr2=0x7ff2a01015d0 unknown :-1 s=STATE_NONE l=0).mark_down
2024-04-27T03:54:56.149 INFO:teuthology.orchestra.run.smithi046.stdout:/usr/bin/ceph: stderr
2024-04-27T03:54:55.585+0000 7ff2a4b91700 1 -- 172.21.15.46:0/132118996 shutdown_connections
2024-04-27T03:54:56.149 INFO:teuthology.orchestra.run.smithi046.stdout:/usr/bin/ceph: stderr
2024-04-27T03:54:55.585+0000 7ff2a4b91700 1 -- 172.21.15.46:0/132118996 wait complete.
2024-04-27T03:54:56.149 INFO:teuthology.orchestra.run.smithi046.stdout:Deploying ceph-exporter service with default placement...
2024-04-27T03:54:56.925 INFO:journalctl@ceph.mon.smithi046.smithi046.stdout:Apr 27 03:54:56 smithi046 ceph-mon[26899]: from='client.14144 -' entity='client.admin' cmd=[{"prefix": "orch apply", "service_type": "crash", "target": ["mon-mgr", ""]}]: dispatch
2024-04-27T03:54:56.926 INFO:journalctl@ceph.mon.smithi046.smithi046.stdout:Apr 27 03:54:56 smithi046 ceph-mon[26899]: Saving service crash spec with placement *
2024-04-27T03:54:56.926 INFO:journalctl@ceph.mon.smithi046.smithi046.stdout:Apr 27 03:54:56 smithi046 ceph-mon[26899]: from='mgr.14118 172.21.15.46:0/1303213767' entity='mgr.smithi046.qrfdvr'
2024-04-27T03:54:58.167 INFO:teuthology.orchestra.run.smithi046.stdout:/usr/bin/ceph: stdout Scheduled ceph-exporter update...
2024-04-27T03:54:58.167 INFO:teuthology.orchestra.run.smithi046.stdout:/usr/bin/ceph: stderr
2024-04-27T03:54:57.205+0000 7f8140dc7700 1 Processor -- start
2024-04-27T03:54:58.167 INFO:teuthology.orchestra.run.smithi046.stdout:/usr/bin/ceph: stderr
2024-04-27T03:54:57.205+0000 7f8140dc7700 1 -- start start
2024-04-27T03:54:58.167 INFO:teuthology.orchestra.run.smithi046.stdout:/usr/bin/ceph: stderr
2024-04-27T03:54:57.205+0000 7f8140dc7700 1 --2- >> [v2:172.21.15.46:3300/0,v1:172.21.15.46:6789/0] conn(0x7f813c1065c0 0x7f813c1069e0 unknown :-1 s=NONE pgs=0 cs=0 l=0 rev1=0 crypto rx=0 tx=0 comp rx=0 tx=0).connect
2024-04-27T03:54:58.167 INFO:teuthology.orchestra.run.smithi046.stdout:/usr/bin/ceph: stderr
2024-04-27T03:54:57.205+0000 7f8140dc7700 1 -- --> [v2:172.21.15.46:3300/0,v1:172.21.15.46:6789/0] -- mon_getmap magic: 0 v1 -- 0x7f813c106fb0 con 0x7f813c1065c0
2024-04-27T03:54:58.167 INFO:teuthology.orchestra.run.smithi046.stdout:/usr/bin/ceph: stderr
2024-04-27T03:54:57.206+0000 7f813a59c700 1 --2- >> [v2:172.21.15.46:3300/0,v1:172.21.15.46:6789/0] conn(0x7f813c1065c0 0x7f813c1069e0 unknown :-1 s=BANNER_CONNECTING pgs=0 cs=0 l=0 rev1=0 crypto rx=0 tx=0 comp rx=0 tx=0)._handle_peer_banner_payload supported=3 required=0
2024-04-27T03:54:58.167 INFO:teuthology.orchestra.run.smithi046.stdout:/usr/bin/ceph: stderr
2024-04-27T03:54:57.206+0000 7f813a59c700 1 --2- >> [v2:172.21.15.46:3300/0,v1:172.21.15.46:6789/0] conn(0x7f813c1065c0 0x7f813c1069e0 unknown :-1 s=HELLO_CONNECTING pgs=0 cs=0 l=0 rev1=1 crypto rx=0 tx=0 comp rx=0 tx=0).handle_hello peer v2:172.21.15.46:3300/0 says I am v2:172.21.15.46:38294/0 (socket says 172.21.15.46:38294)
2024-04-27T03:54:58.167 INFO:teuthology.orchestra.run.smithi046.stdout:/usr/bin/ceph: stderr
2024-04-27T03:54:57.206+0000 7f813a59c700 1 -- 172.21.15.46:0/3588854957 learned_addr learned my addr 172.21.15.46:0/3588854957 (peer_addr_for_me v2:172.21.15.46:0/0)
2024-04-27T03:54:58.168 INFO:teuthology.orchestra.run.smithi046.stdout:/usr/bin/ceph: stderr
2024-04-27T03:54:57.206+0000 7f813a59c700 1 -- 172.21.15.46:0/3588854957 --> [v2:172.21.15.46:3300/0,v1:172.21.15.46:6789/0] -- mon_subscribe({config=0+,monmap=0+}) v3 -- 0x7f813c1077c0 con 0x7f813c1065c0
2024-04-27T03:54:58.168 INFO:teuthology.orchestra.run.smithi046.stdout:/usr/bin/ceph: stderr
2024-04-27T03:54:57.206+0000 7f813a59c700 1 --2- 172.21.15.46:0/3588854957 >> [v2:172.21.15.46:3300/0,v1:172.21.15.46:6789/0] conn(0x7f813c1065c0 0x7f813c1069e0 secure :-1 s=READY pgs=51 cs=0 l=1 rev1=1 crypto rx=0x7f812c0098a0 tx=0x7f812c009bb0 comp rx=0 tx=0).ready entity=mon.0 client_cookie=5a076760500ba657 server_cookie=0 in_seq=0 out_seq=0
2024-04-27T03:54:58.168 INFO:teuthology.orchestra.run.smithi046.stdout:/usr/bin/ceph: stderr
2024-04-27T03:54:57.206+0000 7f813959a700 1 -- 172.21.15.46:0/3588854957 <== mon.0 v2:172.21.15.46:3300/0 1 ==== mon_map magic: 0 v1 ==== 229+0+0 (secure 0 0 0) 0x7f812c004180 con 0x7f813c1065c0
2024-04-27T03:54:58.168 INFO:teuthology.orchestra.run.smithi046.stdout:/usr/bin/ceph: stderr
2024-04-27T03:54:57.206+0000 7f813959a700 1 -- 172.21.15.46:0/3588854957 <== mon.0 v2:172.21.15.46:3300/0 2 ==== config(27 keys) v1 ==== 1109+0+0 (secure 0 0 0) 0x7f812c0042e0 con 0x7f813c1065c0
2024-04-27T03:54:58.168 INFO:teuthology.orchestra.run.smithi046.stdout:/usr/bin/ceph: stderr
2024-04-27T03:54:57.206+0000 7f813959a700 1 -- 172.21.15.46:0/3588854957 <== mon.0 v2:172.21.15.46:3300/0 3 ==== mon_map magic: 0 v1 ==== 229+0+0 (secure 0 0 0) 0x7f812c011b10 con 0x7f813c1065c0
2024-04-27T03:54:58.168 INFO:teuthology.orchestra.run.smithi046.stdout:/usr/bin/ceph: stderr
2024-04-27T03:54:57.207+0000 7f8140dc7700 1 -- 172.21.15.46:0/3588854957 >> [v2:172.21.15.46:3300/0,v1:172.21.15.46:6789/0] conn(0x7f813c1065c0 msgr2=0x7f813c1069e0 secure :-1 s=STATE_CONNECTION_ESTABLISHED l=1).mark_down
2024-04-27T03:54:58.168 INFO:teuthology.orchestra.run.smithi046.stdout:/usr/bin/ceph: stderr
2024-04-27T03:54:57.207+0000 7f8140dc7700 1 --2- 172.21.15.46:0/3588854957 >> [v2:172.21.15.46:3300/0,v1:172.21.15.46:6789/0] conn(0x7f813c1065c0 0x7f813c1069e0 secure :-1 s=READY pgs=51 cs=0 l=1 rev1=1 crypto rx=0x7f812c0098a0 tx=0x7f812c009bb0 comp rx=0 tx=0).stop
2024-04-27T03:54:58.168 INFO:teuthology.orchestra.run.smithi046.stdout:/usr/bin/ceph: stderr
2024-04-27T03:54:57.207+0000 7f8140dc7700 1 -- 172.21.15.46:0/3588854957 shutdown_connections
2024-04-27T03:54:58.168 INFO:teuthology.orchestra.run.smithi046.stdout:/usr/bin/ceph: stderr
2024-04-27T03:54:57.207+0000 7f8140dc7700 1 --2- 172.21.15.46:0/3588854957 >> [v2:172.21.15.46:3300/0,v1:172.21.15.46:6789/0] conn(0x7f813c1065c0 0x7f813c1069e0 unknown :-1 s=CLOSED pgs=51 cs=0 l=1 rev1=1 crypto rx=0 tx=0 comp rx=0 tx=0).stop
2024-04-27T03:54:58.168 INFO:teuthology.orchestra.run.smithi046.stdout:/usr/bin/ceph: stderr
2024-04-27T03:54:57.207+0000 7f8140dc7700 1 -- 172.21.15.46:0/3588854957 >> 172.21.15.46:0/3588854957 conn(0x7f813c101be0 msgr2=0x7f813c104000 unknown :-1 s=STATE_NONE l=0).mark_down
2024-04-27T03:54:58.168 INFO:teuthology.orchestra.run.smithi046.stdout:/usr/bin/ceph: stderr
2024-04-27T03:54:57.207+0000 7f8140dc7700 1 -- 172.21.15.46:0/3588854957 shutdown_connections
2024-04-27T03:54:58.168 INFO:teuthology.orchestra.run.smithi046.stdout:/usr/bin/ceph: stderr
2024-04-27T03:54:57.207+0000 7f8140dc7700 1 -- 172.21.15.46:0/3588854957 wait complete.
2024-04-27T03:54:58.168 INFO:teuthology.orchestra.run.smithi046.stdout:/usr/bin/ceph: stderr
2024-04-27T03:54:57.208+0000 7f8140dc7700 1 Processor -- start
2024-04-27T03:54:58.168 INFO:teuthology.orchestra.run.smithi046.stdout:/usr/bin/ceph: stderr
2024-04-27T03:54:57.208+0000 7f8140dc7700 1 -- start start
2024-04-27T03:54:58.169 INFO:teuthology.orchestra.run.smithi046.stdout:/usr/bin/ceph: stderr
2024-04-27T03:54:57.208+0000 7f8140dc7700 1 --2- >> [v2:172.21.15.46:3300/0,v1:172.21.15.46:6789/0] conn(0x7f813c1065c0 0x7f813c19a330 unknown :-1 s=NONE pgs=0 cs=0 l=1 rev1=0 crypto rx=0 tx=0 comp rx=0 tx=0).connect
2024-04-27T03:54:58.169 INFO:teuthology.orchestra.run.smithi046.stdout:/usr/bin/ceph: stderr
2024-04-27T03:54:57.208+0000 7f8140dc7700 1 -- --> [v2:172.21.15.46:3300/0,v1:172.21.15.46:6789/0] -- mon_getmap magic: 0 v1 -- 0x7f813c19a870 con 0x7f813c1065c0
2024-04-27T03:54:58.169 INFO:teuthology.orchestra.run.smithi046.stdout:/usr/bin/ceph: stderr
2024-04-27T03:54:57.208+0000 7f813a59c700 1 --2- >> [v2:172.21.15.46:3300/0,v1:172.21.15.46:6789/0] conn(0x7f813c1065c0 0x7f813c19a330 unknown :-1 s=BANNER_CONNECTING pgs=0 cs=0 l=1 rev1=0 crypto rx=0 tx=0 comp rx=0 tx=0)._handle_peer_banner_payload supported=3 required=0
2024-04-27T03:54:58.169 INFO:teuthology.orchestra.run.smithi046.stdout:/usr/bin/ceph: stderr
2024-04-27T03:54:57.209+0000 7f813a59c700 1 --2- >> [v2:172.21.15.46:3300/0,v1:172.21.15.46:6789/0] conn(0x7f813c1065c0 0x7f813c19a330 unknown :-1 s=HELLO_CONNECTING pgs=0 cs=0 l=1 rev1=1 crypto rx=0 tx=0 comp rx=0 tx=0).handle_hello peer v2:172.21.15.46:3300/0 says I am v2:172.21.15.46:38304/0 (socket says 172.21.15.46:38304)
2024-04-27T03:54:58.169 INFO:teuthology.orchestra.run.smithi046.stdout:/usr/bin/ceph: stderr
2024-04-27T03:54:57.209+0000 7f813a59c700 1 -- 172.21.15.46:0/3830184362 learned_addr learned my addr 172.21.15.46:0/3830184362 (peer_addr_for_me v2:172.21.15.46:0/0)
2024-04-27T03:54:58.169 INFO:teuthology.orchestra.run.smithi046.stdout:/usr/bin/ceph: stderr
2024-04-27T03:54:57.209+0000 7f813a59c700 1 -- 172.21.15.46:0/3830184362 --> [v2:172.21.15.46:3300/0,v1:172.21.15.46:6789/0] -- mon_subscribe({config=0+,monmap=0+}) v3 -- 0x7f812c009550 con 0x7f813c1065c0
2024-04-27T03:54:58.169 INFO:teuthology.orchestra.run.smithi046.stdout:/usr/bin/ceph: stderr
2024-04-27T03:54:57.209+0000 7f813a59c700 1 --2- 172.21.15.46:0/3830184362 >> [v2:172.21.15.46:3300/0,v1:172.21.15.46:6789/0] conn(0x7f813c1065c0 0x7f813c19a330 secure :-1 s=READY pgs=52 cs=0 l=1 rev1=1 crypto rx=0x7f812c0117b0 tx=0x7f812c011890 comp rx=0 tx=0).ready entity=mon.0 client_cookie=0 server_cookie=0 in_seq=0 out_seq=0
2024-04-27T03:54:58.169 INFO:teuthology.orchestra.run.smithi046.stdout:/usr/bin/ceph: stderr
2024-04-27T03:54:57.209+0000 7f812b7fe700 1 -- 172.21.15.46:0/3830184362 <== mon.0 v2:172.21.15.46:3300/0 1 ==== mon_map magic: 0 v1 ==== 229+0+0 (secure 0 0 0) 0x7f812c0038b0 con 0x7f813c1065c0
2024-04-27T03:54:58.169 INFO:teuthology.orchestra.run.smithi046.stdout:/usr/bin/ceph: stderr
2024-04-27T03:54:57.209+0000 7f812b7fe700 1 -- 172.21.15.46:0/3830184362 <== mon.0 v2:172.21.15.46:3300/0 2 ==== config(27 keys) v1 ==== 1109+0+0 (secure 0 0 0) 0x7f812c003a10 con 0x7f813c1065c0
2024-04-27T03:54:58.169 INFO:teuthology.orchestra.run.smithi046.stdout:/usr/bin/ceph: stderr
2024-04-27T03:54:57.209+0000 7f8140dc7700 1 -- 172.21.15.46:0/3830184362 --> [v2:172.21.15.46:3300/0,v1:172.21.15.46:6789/0] -- mon_subscribe({mgrmap=0+}) v3 -- 0x7f813c19aa70 con 0x7f813c1065c0
2024-04-27T03:54:58.169 INFO:teuthology.orchestra.run.smithi046.stdout:/usr/bin/ceph: stderr
2024-04-27T03:54:57.209+0000 7f812b7fe700 1 -- 172.21.15.46:0/3830184362 <== mon.0 v2:172.21.15.46:3300/0 3 ==== mon_map magic: 0 v1 ==== 229+0+0 (secure 0 0 0) 0x7f812c0246e0 con 0x7f813c1065c0
2024-04-27T03:54:58.169 INFO:teuthology.orchestra.run.smithi046.stdout:/usr/bin/ceph: stderr
2024-04-27T03:54:57.209+0000 7f8140dc7700 1 -- 172.21.15.46:0/3830184362 --> [v2:172.21.15.46:3300/0,v1:172.21.15.46:6789/0] -- mon_subscribe({osdmap=0}) v3 -- 0x7f813c19af10 con 0x7f813c1065c0
2024-04-27T03:54:58.169 INFO:teuthology.orchestra.run.smithi046.stdout:/usr/bin/ceph: stderr
2024-04-27T03:54:57.210+0000 7f812b7fe700 1 -- 172.21.15.46:0/3830184362 <== mon.0 v2:172.21.15.46:3300/0 4 ==== mgrmap(e 8) v1 ==== 45556+0+0 (secure 0 0 0) 0x7f812c02d3f0 con 0x7f813c1065c0
2024-04-27T03:54:58.170 INFO:teuthology.orchestra.run.smithi046.stdout:/usr/bin/ceph: stderr
2024-04-27T03:54:57.210+0000 7f812b7fe700 1 --2- 172.21.15.46:0/3830184362 >> [v2:172.21.15.46:6800/333567692,v1:172.21.15.46:6801/333567692] conn(0x7f8124038770 0x7f812403ac30 unknown :-1 s=NONE pgs=0 cs=0 l=1 rev1=0 crypto rx=0 tx=0 comp rx=0 tx=0).connect
2024-04-27T03:54:58.170 INFO:teuthology.orchestra.run.smithi046.stdout:/usr/bin/ceph: stderr
2024-04-27T03:54:57.210+0000 7f812b7fe700 1 -- 172.21.15.46:0/3830184362 <== mon.0 v2:172.21.15.46:3300/0 5 ==== osd_map(2..2 src has 1..2) v4 ==== 940+0+0 (secure 0 0 0) 0x7f812c04c800 con 0x7f813c1065c0
2024-04-27T03:54:58.170 INFO:teuthology.orchestra.run.smithi046.stdout:/usr/bin/ceph: stderr
2024-04-27T03:54:57.210+0000 7f8140dc7700 1 -- 172.21.15.46:0/3830184362 --> [v2:172.21.15.46:3300/0,v1:172.21.15.46:6789/0] -- mon_command({"prefix": "get_command_descriptions"} v 0) v1 -- 0x7f813c062510 con 0x7f813c1065c0
2024-04-27T03:54:58.170 INFO:teuthology.orchestra.run.smithi046.stdout:/usr/bin/ceph: stderr
2024-04-27T03:54:57.210+0000 7f8139d9b700 1 --2- 172.21.15.46:0/3830184362 >> [v2:172.21.15.46:6800/333567692,v1:172.21.15.46:6801/333567692] conn(0x7f8124038770 0x7f812403ac30 unknown :-1 s=BANNER_CONNECTING pgs=0 cs=0 l=1 rev1=0 crypto rx=0 tx=0 comp rx=0 tx=0)._handle_peer_banner_payload supported=3 required=0
2024-04-27T03:54:58.170 INFO:teuthology.orchestra.run.smithi046.stdout:/usr/bin/ceph: stderr
2024-04-27T03:54:57.211+0000 7f8139d9b700 1 --2- 172.21.15.46:0/3830184362 >> [v2:172.21.15.46:6800/333567692,v1:172.21.15.46:6801/333567692] conn(0x7f8124038770 0x7f812403ac30 secure :-1 s=READY pgs=15 cs=0 l=1 rev1=1 crypto rx=0x7f8130006fd0 tx=0x7f8130006e40 comp rx=0 tx=0).ready entity=mgr.14118 client_cookie=0 server_cookie=0 in_seq=0 out_seq=0
2024-04-27T03:54:58.170 INFO:teuthology.orchestra.run.smithi046.stdout:/usr/bin/ceph: stderr
2024-04-27T03:54:57.215+0000 7f812b7fe700 1 -- 172.21.15.46:0/3830184362 <== mon.0 v2:172.21.15.46:3300/0 6 ==== mon_command_ack([{"prefix": "get_command_descriptions"}]=0 v0) v1 ==== 72+0+183351 (secure 0 0 0) 0x7f812c02d6f0 con 0x7f813c1065c0
2024-04-27T03:54:58.170 INFO:teuthology.orchestra.run.smithi046.stdout:/usr/bin/ceph: stderr
2024-04-27T03:54:57.434+0000 7f8140dc7700 1 -- 172.21.15.46:0/3830184362 --> [v2:172.21.15.46:6800/333567692,v1:172.21.15.46:6801/333567692] -- mgr_command(tid 0: {"prefix": "orch apply", "service_type": "ceph-exporter", "target": ["mon-mgr", ""]}) v1 -- 0x7f813c19d7a0 con 0x7f8124038770
2024-04-27T03:54:58.170 INFO:teuthology.orchestra.run.smithi046.stdout:/usr/bin/ceph: stderr
2024-04-27T03:54:57.439+0000 7f812b7fe700 1 -- 172.21.15.46:0/3830184362 <== mgr.14118 v2:172.21.15.46:6800/333567692 1 ==== mgr_command_reply(tid 0: 0 ) v1 ==== 8+0+34 (secure 0 0 0) 0x7f813c19d7a0 con 0x7f8124038770
2024-04-27T03:54:58.170 INFO:teuthology.orchestra.run.smithi046.stdout:/usr/bin/ceph: stderr
2024-04-27T03:54:57.441+0000 7f8140dc7700 1 -- 172.21.15.46:0/3830184362 >> [v2:172.21.15.46:6800/333567692,v1:172.21.15.46:6801/333567692] conn(0x7f8124038770 msgr2=0x7f812403ac30 secure :-1 s=STATE_CONNECTION_ESTABLISHED l=1).mark_down
2024-04-27T03:54:58.170 INFO:teuthology.orchestra.run.smithi046.stdout:/usr/bin/ceph: stderr
2024-04-27T03:54:57.441+0000 7f8140dc7700 1 --2- 172.21.15.46:0/3830184362 >> [v2:172.21.15.46:6800/333567692,v1:172.21.15.46:6801/333567692] conn(0x7f8124038770 0x7f812403ac30 secure :-1 s=READY pgs=15 cs=0 l=1 rev1=1 crypto rx=0x7f8130006fd0 tx=0x7f8130006e40 comp rx=0 tx=0).stop
2024-04-27T03:54:58.170 INFO:teuthology.orchestra.run.smithi046.stdout:/usr/bin/ceph: stderr
2024-04-27T03:54:57.441+0000 7f8140dc7700 1 -- 172.21.15.46:0/3830184362 >> [v2:172.21.15.46:3300/0,v1:172.21.15.46:6789/0] conn(0x7f813c1065c0 msgr2=0x7f813c19a330 secure :-1 s=STATE_CONNECTION_ESTABLISHED l=1).mark_down
2024-04-27T03:54:58.170 INFO:teuthology.orchestra.run.smithi046.stdout:/usr/bin/ceph: stderr
2024-04-27T03:54:57.441+0000 7f8140dc7700 1 --2- 172.21.15.46:0/3830184362 >> [v2:172.21.15.46:3300/0,v1:172.21.15.46:6789/0] conn(0x7f813c1065c0 0x7f813c19a330 secure :-1 s=READY pgs=52 cs=0 l=1 rev1=1 crypto rx=0x7f812c0117b0 tx=0x7f812c011890 comp rx=0 tx=0).stop
2024-04-27T03:54:58.170 INFO:teuthology.orchestra.run.smithi046.stdout:/usr/bin/ceph: stderr
2024-04-27T03:54:57.441+0000 7f8140dc7700 1 -- 172.21.15.46:0/3830184362 shutdown_connections
2024-04-27T03:54:58.171 INFO:teuthology.orchestra.run.smithi046.stdout:/usr/bin/ceph: stderr
2024-04-27T03:54:57.441+0000 7f8140dc7700 1 --2- 172.21.15.46:0/3830184362 >> [v2:172.21.15.46:6800/333567692,v1:172.21.15.46:6801/333567692] conn(0x7f8124038770 0x7f812403ac30 unknown :-1 s=CLOSED pgs=15 cs=0 l=1 rev1=1 crypto rx=0 tx=0 comp rx=0 tx=0).stop
2024-04-27T03:54:58.171 INFO:teuthology.orchestra.run.smithi046.stdout:/usr/bin/ceph: stderr
2024-04-27T03:54:57.441+0000 7f8140dc7700 1 --2- 172.21.15.46:0/3830184362 >> [v2:172.21.15.46:3300/0,v1:172.21.15.46:6789/0] conn(0x7f813c1065c0 0x7f813c19a330 unknown :-1 s=CLOSED pgs=52 cs=0 l=1 rev1=1 crypto rx=0 tx=0 comp rx=0 tx=0).stop
2024-04-27T03:54:58.171 INFO:teuthology.orchestra.run.smithi046.stdout:/usr/bin/ceph: stderr
2024-04-27T03:54:57.441+0000 7f8140dc7700 1 -- 172.21.15.46:0/3830184362 >> 172.21.15.46:0/3830184362 conn(0x7f813c101be0 msgr2=0x7f813c102760 unknown :-1 s=STATE_NONE l=0).mark_down
2024-04-27T03:54:58.171 INFO:teuthology.orchestra.run.smithi046.stdout:/usr/bin/ceph: stderr
2024-04-27T03:54:57.442+0000 7f8140dc7700 1 -- 172.21.15.46:0/3830184362 shutdown_connections
2024-04-27T03:54:58.171 INFO:teuthology.orchestra.run.smithi046.stdout:/usr/bin/ceph: stderr
2024-04-27T03:54:57.442+0000 7f8140dc7700 1 -- 172.21.15.46:0/3830184362 wait complete.
2024-04-27T03:54:58.171 INFO:teuthology.orchestra.run.smithi046.stdout:Deploying prometheus service with default placement...
2024-04-27T03:54:58.561 INFO:journalctl@ceph.mon.smithi046.smithi046.stdout:Apr 27 03:54:58 smithi046 ceph-mon[26899]: from='client.14146 -' entity='client.admin' cmd=[{"prefix": "orch apply", "service_type": "ceph-exporter", "target": ["mon-mgr", ""]}]: dispatch
2024-04-27T03:54:58.561 INFO:journalctl@ceph.mon.smithi046.smithi046.stdout:Apr 27 03:54:58 smithi046 ceph-mon[26899]: Saving service ceph-exporter spec with placement *
2024-04-27T03:54:58.561 INFO:journalctl@ceph.mon.smithi046.smithi046.stdout:Apr 27 03:54:58 smithi046 ceph-mon[26899]: from='mgr.14118 172.21.15.46:0/1303213767' entity='mgr.smithi046.qrfdvr'
2024-04-27T03:54:59.339 INFO:teuthology.orchestra.run.smithi046.stdout:/usr/bin/ceph: stdout Scheduled prometheus update...
2024-04-27T03:54:59.339 INFO:teuthology.orchestra.run.smithi046.stdout:/usr/bin/ceph: stderr
2024-04-27T03:54:58.585+0000 7fa884a44700 1 Processor -- start
2024-04-27T03:54:59.340 INFO:teuthology.orchestra.run.smithi046.stdout:/usr/bin/ceph: stderr
2024-04-27T03:54:58.585+0000 7fa884a44700 1 -- start start
2024-04-27T03:54:59.340 INFO:teuthology.orchestra.run.smithi046.stdout:/usr/bin/ceph: stderr
2024-04-27T03:54:58.585+0000 7fa884a44700 1 --2- >> [v2:172.21.15.46:3300/0,v1:172.21.15.46:6789/0] conn(0x7fa880108800 0x7fa880108c20 unknown :-1 s=NONE pgs=0 cs=0 l=0 rev1=0 crypto rx=0 tx=0 comp rx=0 tx=0).connect
2024-04-27T03:54:59.340 INFO:teuthology.orchestra.run.smithi046.stdout:/usr/bin/ceph: stderr
2024-04-27T03:54:58.585+0000 7fa884a44700 1 -- --> [v2:172.21.15.46:3300/0,v1:172.21.15.46:6789/0] -- mon_getmap magic: 0 v1 -- 0x7fa8801091f0 con 0x7fa880108800
2024-04-27T03:54:59.340 INFO:teuthology.orchestra.run.smithi046.stdout:/usr/bin/ceph: stderr
2024-04-27T03:54:58.585+0000 7fa87e59c700 1 --2- >> [v2:172.21.15.46:3300/0,v1:172.21.15.46:6789/0] conn(0x7fa880108800 0x7fa880108c20 unknown :-1 s=BANNER_CONNECTING pgs=0 cs=0 l=0 rev1=0 crypto rx=0 tx=0 comp rx=0 tx=0)._handle_peer_banner_payload supported=3 required=0
2024-04-27T03:54:59.340 INFO:teuthology.orchestra.run.smithi046.stdout:/usr/bin/ceph: stderr
2024-04-27T03:54:58.585+0000 7fa87e59c700 1 --2- >> [v2:172.21.15.46:3300/0,v1:172.21.15.46:6789/0] conn(0x7fa880108800 0x7fa880108c20 unknown :-1 s=HELLO_CONNECTING pgs=0 cs=0 l=0 rev1=1 crypto rx=0 tx=0 comp rx=0 tx=0).handle_hello peer v2:172.21.15.46:3300/0 says I am v2:172.21.15.46:38318/0 (socket says 172.21.15.46:38318)
2024-04-27T03:54:59.340 INFO:teuthology.orchestra.run.smithi046.stdout:/usr/bin/ceph: stderr
2024-04-27T03:54:58.585+0000 7fa87e59c700 1 -- 172.21.15.46:0/558751301 learned_addr learned my addr 172.21.15.46:0/558751301 (peer_addr_for_me v2:172.21.15.46:0/0)
2024-04-27T03:54:59.340 INFO:teuthology.orchestra.run.smithi046.stdout:/usr/bin/ceph: stderr
2024-04-27T03:54:58.586+0000 7fa87e59c700 1 -- 172.21.15.46:0/558751301 --> [v2:172.21.15.46:3300/0,v1:172.21.15.46:6789/0] -- mon_subscribe({config=0+,monmap=0+}) v3 -- 0x7fa8801099b0 con 0x7fa880108800
2024-04-27T03:54:59.340 INFO:teuthology.orchestra.run.smithi046.stdout:/usr/bin/ceph: stderr
2024-04-27T03:54:58.586+0000 7fa87e59c700 1 --2- 172.21.15.46:0/558751301 >> [v2:172.21.15.46:3300/0,v1:172.21.15.46:6789/0] conn(0x7fa880108800 0x7fa880108c20 secure :-1 s=READY pgs=53 cs=0 l=1 rev1=1 crypto rx=0x7fa8700098a0 tx=0x7fa870009bb0 comp rx=0 tx=0).ready entity=mon.0 client_cookie=88c690a6a56d5b78 server_cookie=0 in_seq=0 out_seq=0
2024-04-27T03:54:59.340 INFO:teuthology.orchestra.run.smithi046.stdout:/usr/bin/ceph: stderr
2024-04-27T03:54:58.586+0000 7fa87d59a700 1 -- 172.21.15.46:0/558751301 <== mon.0 v2:172.21.15.46:3300/0 1 ==== mon_map magic: 0 v1 ==== 229+0+0 (secure 0 0 0) 0x7fa870004180 con 0x7fa880108800
2024-04-27T03:54:59.340 INFO:teuthology.orchestra.run.smithi046.stdout:/usr/bin/ceph: stderr
2024-04-27T03:54:58.586+0000 7fa87d59a700 1 -- 172.21.15.46:0/558751301 <== mon.0 v2:172.21.15.46:3300/0 2 ==== config(27 keys) v1 ==== 1109+0+0 (secure 0 0 0) 0x7fa8700042e0 con 0x7fa880108800
2024-04-27T03:54:59.340 INFO:teuthology.orchestra.run.smithi046.stdout:/usr/bin/ceph: stderr
2024-04-27T03:54:58.586+0000 7fa87d59a700 1 -- 172.21.15.46:0/558751301 <== mon.0 v2:172.21.15.46:3300/0 3 ==== mon_map magic: 0 v1 ==== 229+0+0 (secure 0 0 0) 0x7fa870011b10 con 0x7fa880108800
2024-04-27T03:54:59.340 INFO:teuthology.orchestra.run.smithi046.stdout:/usr/bin/ceph: stderr
2024-04-27T03:54:58.586+0000 7fa884a44700 1 -- 172.21.15.46:0/558751301 >> [v2:172.21.15.46:3300/0,v1:172.21.15.46:6789/0] conn(0x7fa880108800 msgr2=0x7fa880108c20 secure :-1 s=STATE_CONNECTION_ESTABLISHED l=1).mark_down
2024-04-27T03:54:59.340 INFO:teuthology.orchestra.run.smithi046.stdout:/usr/bin/ceph: stderr
2024-04-27T03:54:58.586+0000 7fa884a44700 1 --2- 172.21.15.46:0/558751301 >> [v2:172.21.15.46:3300/0,v1:172.21.15.46:6789/0] conn(0x7fa880108800 0x7fa880108c20 secure :-1 s=READY pgs=53 cs=0 l=1 rev1=1 crypto rx=0x7fa8700098a0 tx=0x7fa870009bb0 comp rx=0 tx=0).stop
2024-04-27T03:54:59.341 INFO:teuthology.orchestra.run.smithi046.stdout:/usr/bin/ceph: stderr
2024-04-27T03:54:58.587+0000 7fa884a44700 1 -- 172.21.15.46:0/558751301 shutdown_connections
2024-04-27T03:54:59.341 INFO:teuthology.orchestra.run.smithi046.stdout:/usr/bin/ceph: stderr
2024-04-27T03:54:58.587+0000 7fa884a44700 1 --2- 172.21.15.46:0/558751301 >> [v2:172.21.15.46:3300/0,v1:172.21.15.46:6789/0] conn(0x7fa880108800 0x7fa880108c20 unknown :-1 s=CLOSED pgs=53 cs=0 l=1 rev1=1 crypto rx=0 tx=0 comp rx=0 tx=0).stop
2024-04-27T03:54:59.341 INFO:teuthology.orchestra.run.smithi046.stdout:/usr/bin/ceph: stderr
2024-04-27T03:54:58.587+0000 7fa884a44700 1 -- 172.21.15.46:0/558751301 >> 172.21.15.46:0/558751301 conn(0x7fa88007bd90 msgr2=0x7fa8801064f0 unknown :-1 s=STATE_NONE l=0).mark_down
2024-04-27T03:54:59.341 INFO:teuthology.orchestra.run.smithi046.stdout:/usr/bin/ceph: stderr
2024-04-27T03:54:58.587+0000 7fa884a44700 1 -- 172.21.15.46:0/558751301 shutdown_connections
2024-04-27T03:54:59.341 INFO:teuthology.orchestra.run.smithi046.stdout:/usr/bin/ceph: stderr
2024-04-27T03:54:58.587+0000 7fa884a44700 1 -- 172.21.15.46:0/558751301 wait complete.
2024-04-27T03:54:59.341 INFO:teuthology.orchestra.run.smithi046.stdout:/usr/bin/ceph: stderr
2024-04-27T03:54:58.587+0000 7fa884a44700 1 Processor -- start
2024-04-27T03:54:59.341 INFO:teuthology.orchestra.run.smithi046.stdout:/usr/bin/ceph: stderr
2024-04-27T03:54:58.587+0000 7fa884a44700 1 -- start start
2024-04-27T03:54:59.341 INFO:teuthology.orchestra.run.smithi046.stdout:/usr/bin/ceph: stderr
2024-04-27T03:54:58.588+0000 7fa884a44700 1 --2- >> [v2:172.21.15.46:3300/0,v1:172.21.15.46:6789/0] conn(0x7fa880108800 0x7fa88019c560 unknown :-1 s=NONE pgs=0 cs=0 l=1 rev1=0 crypto rx=0 tx=0 comp rx=0 tx=0).connect
2024-04-27T03:54:59.341 INFO:teuthology.orchestra.run.smithi046.stdout:/usr/bin/ceph: stderr
2024-04-27T03:54:58.588+0000 7fa884a44700 1 -- --> [v2:172.21.15.46:3300/0,v1:172.21.15.46:6789/0] -- mon_getmap magic: 0 v1 -- 0x7fa88019caa0 con 0x7fa880108800
2024-04-27T03:54:59.341 INFO:teuthology.orchestra.run.smithi046.stdout:/usr/bin/ceph: stderr
2024-04-27T03:54:58.588+0000 7fa87e59c700 1 --2- >> [v2:172.21.15.46:3300/0,v1:172.21.15.46:6789/0] conn(0x7fa880108800 0x7fa88019c560 unknown :-1 s=BANNER_CONNECTING pgs=0 cs=0 l=1 rev1=0 crypto rx=0 tx=0 comp rx=0 tx=0)._handle_peer_banner_payload supported=3 required=0
2024-04-27T03:54:59.341 INFO:teuthology.orchestra.run.smithi046.stdout:/usr/bin/ceph: stderr
2024-04-27T03:54:58.588+0000 7fa87e59c700 1 --2- >> [v2:172.21.15.46:3300/0,v1:172.21.15.46:6789/0] conn(0x7fa880108800 0x7fa88019c560 unknown :-1 s=HELLO_CONNECTING pgs=0 cs=0 l=1 rev1=1 crypto rx=0 tx=0 comp rx=0 tx=0).handle_hello peer v2:172.21.15.46:3300/0 says I am v2:172.21.15.46:38330/0 (socket says 172.21.15.46:38330)
2024-04-27T03:54:59.341 INFO:teuthology.orchestra.run.smithi046.stdout:/usr/bin/ceph: stderr
2024-04-27T03:54:58.588+0000 7fa87e59c700 1 -- 172.21.15.46:0/2760304753 learned_addr learned my addr 172.21.15.46:0/2760304753 (peer_addr_for_me v2:172.21.15.46:0/0)
2024-04-27T03:54:59.341 INFO:teuthology.orchestra.run.smithi046.stdout:/usr/bin/ceph: stderr
2024-04-27T03:54:58.588+0000 7fa87e59c700 1 -- 172.21.15.46:0/2760304753 --> [v2:172.21.15.46:3300/0,v1:172.21.15.46:6789/0] -- mon_subscribe({config=0+,monmap=0+}) v3 -- 0x7fa870009550 con 0x7fa880108800
2024-04-27T03:54:59.342 INFO:teuthology.orchestra.run.smithi046.stdout:/usr/bin/ceph: stderr
2024-04-27T03:54:58.588+0000 7fa87e59c700 1 --2- 172.21.15.46:0/2760304753 >> [v2:172.21.15.46:3300/0,v1:172.21.15.46:6789/0] conn(0x7fa880108800 0x7fa88019c560 secure :-1 s=READY pgs=54 cs=0 l=1 rev1=1 crypto rx=0x7fa8700117b0 tx=0x7fa870011890 comp rx=0 tx=0).ready entity=mon.0 client_cookie=0 server_cookie=0 in_seq=0 out_seq=0
2024-04-27T03:54:59.342 INFO:teuthology.orchestra.run.smithi046.stdout:/usr/bin/ceph: stderr
2024-04-27T03:54:58.588+0000 7fa86f7fe700 1 -- 172.21.15.46:0/2760304753 <== mon.0 v2:172.21.15.46:3300/0 1 ==== mon_map magic: 0 v1 ==== 229+0+0 (secure 0 0 0) 0x7fa8700038b0 con 0x7fa880108800
2024-04-27T03:54:59.342 INFO:teuthology.orchestra.run.smithi046.stdout:/usr/bin/ceph: stderr
2024-04-27T03:54:58.588+0000 7fa86f7fe700 1 -- 172.21.15.46:0/2760304753 <== mon.0 v2:172.21.15.46:3300/0 2 ==== config(27 keys) v1 ==== 1109+0+0 (secure 0 0 0) 0x7fa870003a10 con 0x7fa880108800
2024-04-27T03:54:59.342 INFO:teuthology.orchestra.run.smithi046.stdout:/usr/bin/ceph: stderr
2024-04-27T03:54:58.588+0000 7fa884a44700 1 -- 172.21.15.46:0/2760304753 --> [v2:172.21.15.46:3300/0,v1:172.21.15.46:6789/0] -- mon_subscribe({mgrmap=0+}) v3 -- 0x7fa88019cca0 con 0x7fa880108800
2024-04-27T03:54:59.342 INFO:teuthology.orchestra.run.smithi046.stdout:/usr/bin/ceph: stderr
2024-04-27T03:54:58.588+0000 7fa86f7fe700 1 -- 172.21.15.46:0/2760304753 <== mon.0 v2:172.21.15.46:3300/0 3 ==== mon_map magic: 0 v1 ==== 229+0+0 (secure 0 0 0) 0x7fa8700246e0 con 0x7fa880108800
2024-04-27T03:54:59.342 INFO:teuthology.orchestra.run.smithi046.stdout:/usr/bin/ceph: stderr
2024-04-27T03:54:58.589+0000 7fa884a44700 1 -- 172.21.15.46:0/2760304753 --> [v2:172.21.15.46:3300/0,v1:172.21.15.46:6789/0] -- mon_subscribe({osdmap=0}) v3 -- 0x7fa88019d140 con 0x7fa880108800
2024-04-27T03:54:59.342 INFO:teuthology.orchestra.run.smithi046.stdout:/usr/bin/ceph: stderr
2024-04-27T03:54:58.589+0000 7fa86f7fe700 1 -- 172.21.15.46:0/2760304753 <== mon.0 v2:172.21.15.46:3300/0 4 ==== mgrmap(e 8) v1 ==== 45556+0+0 (secure 0 0 0) 0x7fa87002d3f0 con 0x7fa880108800
2024-04-27T03:54:59.342 INFO:teuthology.orchestra.run.smithi046.stdout:/usr/bin/ceph: stderr
2024-04-27T03:54:58.589+0000 7fa884a44700 1 -- 172.21.15.46:0/2760304753 --> [v2:172.21.15.46:3300/0,v1:172.21.15.46:6789/0] -- mon_command({"prefix": "get_command_descriptions"} v 0) v1 -- 0x7fa88010cbe0 con 0x7fa880108800
2024-04-27T03:54:59.342 INFO:teuthology.orchestra.run.smithi046.stdout:/usr/bin/ceph: stderr
2024-04-27T03:54:58.590+0000 7fa86f7fe700 1 --2- 172.21.15.46:0/2760304753 >> [v2:172.21.15.46:6800/333567692,v1:172.21.15.46:6801/333567692] conn(0x7fa868038720 0x7fa86803abe0 unknown :-1 s=NONE pgs=0 cs=0 l=1 rev1=0 crypto rx=0 tx=0 comp rx=0 tx=0).connect
2024-04-27T03:54:59.342 INFO:teuthology.orchestra.run.smithi046.stdout:/usr/bin/ceph: stderr
2024-04-27T03:54:58.590+0000 7fa86f7fe700 1 -- 172.21.15.46:0/2760304753 <== mon.0 v2:172.21.15.46:3300/0 5 ==== osd_map(2..2 src has 1..2) v4 ==== 940+0+0 (secure 0 0 0) 0x7fa87004caa0 con 0x7fa880108800
2024-04-27T03:54:59.342 INFO:teuthology.orchestra.run.smithi046.stdout:/usr/bin/ceph: stderr
2024-04-27T03:54:58.590+0000 7fa87dd9b700 1 --2- 172.21.15.46:0/2760304753 >> [v2:172.21.15.46:6800/333567692,v1:172.21.15.46:6801/333567692] conn(0x7fa868038720 0x7fa86803abe0 unknown :-1 s=BANNER_CONNECTING pgs=0 cs=0 l=1 rev1=0 crypto rx=0 tx=0 comp rx=0 tx=0)._handle_peer_banner_payload supported=3 required=0
2024-04-27T03:54:59.342 INFO:teuthology.orchestra.run.smithi046.stdout:/usr/bin/ceph: stderr
2024-04-27T03:54:58.590+0000 7fa87dd9b700 1 --2- 172.21.15.46:0/2760304753 >> [v2:172.21.15.46:6800/333567692,v1:172.21.15.46:6801/333567692] conn(0x7fa868038720 0x7fa86803abe0 secure :-1 s=READY pgs=16 cs=0 l=1 rev1=1 crypto rx=0x7fa874006fd0 tx=0x7fa874006e40 comp rx=0 tx=0).ready entity=mgr.14118 client_cookie=0 server_cookie=0 in_seq=0 out_seq=0
2024-04-27T03:54:59.342 INFO:teuthology.orchestra.run.smithi046.stdout:/usr/bin/ceph: stderr
2024-04-27T03:54:58.595+0000 7fa86f7fe700 1 -- 172.21.15.46:0/2760304753 <== mon.0 v2:172.21.15.46:3300/0 6 ==== mon_command_ack([{"prefix": "get_command_descriptions"}]=0 v0) v1 ==== 72+0+183351 (secure 0 0 0) 0x7fa870010970 con 0x7fa880108800
2024-04-27T03:54:59.343 INFO:teuthology.orchestra.run.smithi046.stdout:/usr/bin/ceph: stderr
2024-04-27T03:54:58.810+0000 7fa884a44700 1 -- 172.21.15.46:0/2760304753 --> [v2:172.21.15.46:6800/333567692,v1:172.21.15.46:6801/333567692] -- mgr_command(tid 0: {"prefix": "orch apply", "service_type": "prometheus", "target": ["mon-mgr", ""]}) v1 -- 0x7fa88019f980 con 0x7fa868038720
2024-04-27T03:54:59.343 INFO:teuthology.orchestra.run.smithi046.stdout:/usr/bin/ceph: stderr
2024-04-27T03:54:58.815+0000 7fa86f7fe700 1 -- 172.21.15.46:0/2760304753 <== mgr.14118 v2:172.21.15.46:6800/333567692 1 ==== mgr_command_reply(tid 0: 0 ) v1 ==== 8+0+31 (secure 0 0 0) 0x7fa88019f980 con 0x7fa868038720
2024-04-27T03:54:59.343 INFO:teuthology.orchestra.run.smithi046.stdout:/usr/bin/ceph: stderr
2024-04-27T03:54:58.816+0000 7fa884a44700 1 -- 172.21.15.46:0/2760304753 >> [v2:172.21.15.46:6800/333567692,v1:172.21.15.46:6801/333567692] conn(0x7fa868038720 msgr2=0x7fa86803abe0 secure :-1 s=STATE_CONNECTION_ESTABLISHED l=1).mark_down
2024-04-27T03:54:59.343 INFO:teuthology.orchestra.run.smithi046.stdout:/usr/bin/ceph: stderr
2024-04-27T03:54:58.816+0000 7fa884a44700 1 --2- 172.21.15.46:0/2760304753 >> [v2:172.21.15.46:6800/333567692,v1:172.21.15.46:6801/333567692] conn(0x7fa868038720 0x7fa86803abe0 secure :-1 s=READY pgs=16 cs=0 l=1 rev1=1 crypto rx=0x7fa874006fd0 tx=0x7fa874006e40 comp rx=0 tx=0).stop
2024-04-27T03:54:59.343 INFO:teuthology.orchestra.run.smithi046.stdout:/usr/bin/ceph: stderr
2024-04-27T03:54:58.817+0000 7fa884a44700 1 -- 172.21.15.46:0/2760304753 >> [v2:172.21.15.46:3300/0,v1:172.21.15.46:6789/0] conn(0x7fa880108800 msgr2=0x7fa88019c560 secure :-1 s=STATE_CONNECTION_ESTABLISHED l=1).mark_down
2024-04-27T03:54:59.343 INFO:teuthology.orchestra.run.smithi046.stdout:/usr/bin/ceph: stderr
2024-04-27T03:54:58.817+0000 7fa884a44700 1 --2- 172.21.15.46:0/2760304753 >> [v2:172.21.15.46:3300/0,v1:172.21.15.46:6789/0] conn(0x7fa880108800 0x7fa88019c560 secure :-1 s=READY pgs=54 cs=0 l=1 rev1=1 crypto rx=0x7fa8700117b0 tx=0x7fa870011890 comp rx=0 tx=0).stop
2024-04-27T03:54:59.343 INFO:teuthology.orchestra.run.smithi046.stdout:/usr/bin/ceph: stderr
2024-04-27T03:54:58.817+0000 7fa884a44700 1 -- 172.21.15.46:0/2760304753 shutdown_connections
2024-04-27T03:54:59.343 INFO:teuthology.orchestra.run.smithi046.stdout:/usr/bin/ceph: stderr
2024-04-27T03:54:58.817+0000 7fa884a44700 1 --2- 172.21.15.46:0/2760304753 >> [v2:172.21.15.46:6800/333567692,v1:172.21.15.46:6801/333567692] conn(0x7fa868038720 0x7fa86803abe0 unknown :-1 s=CLOSED pgs=16 cs=0 l=1 rev1=1 crypto rx=0 tx=0 comp rx=0 tx=0).stop
2024-04-27T03:54:59.343 INFO:teuthology.orchestra.run.smithi046.stdout:/usr/bin/ceph: stderr
2024-04-27T03:54:58.817+0000 7fa884a44700 1 --2- 172.21.15.46:0/2760304753 >> [v2:172.21.15.46:3300/0,v1:172.21.15.46:6789/0] conn(0x7fa880108800 0x7fa88019c560 unknown :-1 s=CLOSED pgs=54 cs=0 l=1 rev1=1 crypto rx=0 tx=0 comp rx=0 tx=0).stop
2024-04-27T03:54:59.343 INFO:teuthology.orchestra.run.smithi046.stdout:/usr/bin/ceph: stderr
2024-04-27T03:54:58.817+0000 7fa884a44700 1 -- 172.21.15.46:0/2760304753 >> 172.21.15.46:0/2760304753 conn(0x7fa88007bd90 msgr2=0x7fa880105c90 unknown :-1 s=STATE_NONE l=0).mark_down
2024-04-27T03:54:59.343 INFO:teuthology.orchestra.run.smithi046.stdout:/usr/bin/ceph: stderr
2024-04-27T03:54:58.817+0000 7fa884a44700 1 -- 172.21.15.46:0/2760304753 shutdown_connections
2024-04-27T03:54:59.343 INFO:teuthology.orchestra.run.smithi046.stdout:/usr/bin/ceph: stderr
2024-04-27T03:54:58.817+0000 7fa884a44700 1 -- 172.21.15.46:0/2760304753 wait complete.
2024-04-27T03:54:59.343 INFO:teuthology.orchestra.run.smithi046.stdout:Deploying grafana service with default placement...
2024-04-27T03:54:59.977 INFO:journalctl@ceph.mon.smithi046.smithi046.stdout:Apr 27 03:54:59 smithi046 ceph-mon[26899]: from='client.14148 -' entity='client.admin' cmd=[{"prefix": "orch apply", "service_type": "prometheus", "target": ["mon-mgr", ""]}]: dispatch
2024-04-27T03:54:59.977 INFO:journalctl@ceph.mon.smithi046.smithi046.stdout:Apr 27 03:54:59 smithi046 ceph-mon[26899]: Saving service prometheus spec with placement count:1
2024-04-27T03:54:59.977 INFO:journalctl@ceph.mon.smithi046.smithi046.stdout:Apr 27 03:54:59 smithi046 ceph-mon[26899]: from='mgr.14118 172.21.15.46:0/1303213767' entity='mgr.smithi046.qrfdvr'
2024-04-27T03:55:00.563 INFO:teuthology.orchestra.run.smithi046.stdout:/usr/bin/ceph: stdout Scheduled grafana update...
2024-04-27T03:55:00.563 INFO:teuthology.orchestra.run.smithi046.stdout:/usr/bin/ceph: stderr
2024-04-27T03:54:59.744+0000 7f68c9b49700 1 Processor -- start
2024-04-27T03:55:00.563 INFO:teuthology.orchestra.run.smithi046.stdout:/usr/bin/ceph: stderr
2024-04-27T03:54:59.744+0000 7f68c9b49700 1 -- start start
2024-04-27T03:55:00.563 INFO:teuthology.orchestra.run.smithi046.stdout:/usr/bin/ceph: stderr
2024-04-27T03:54:59.744+0000 7f68c9b49700 1 --2- >> [v2:172.21.15.46:3300/0,v1:172.21.15.46:6789/0] conn(0x7f68c41065e0 0x7f68c4106a00 unknown :-1 s=NONE pgs=0 cs=0 l=0 rev1=0 crypto rx=0 tx=0 comp rx=0 tx=0).connect
2024-04-27T03:55:00.563 INFO:teuthology.orchestra.run.smithi046.stdout:/usr/bin/ceph: stderr
2024-04-27T03:54:59.744+0000 7f68c9b49700 1 -- --> [v2:172.21.15.46:3300/0,v1:172.21.15.46:6789/0] -- mon_getmap magic: 0 v1 -- 0x7f68c4106fd0 con 0x7f68c41065e0
2024-04-27T03:55:00.563 INFO:teuthology.orchestra.run.smithi046.stdout:/usr/bin/ceph: stderr
2024-04-27T03:54:59.745+0000 7f68c37fe700 1 --2- >> [v2:172.21.15.46:3300/0,v1:172.21.15.46:6789/0] conn(0x7f68c41065e0 0x7f68c4106a00 unknown :-1 s=BANNER_CONNECTING pgs=0 cs=0 l=0 rev1=0 crypto rx=0 tx=0 comp rx=0 tx=0)._handle_peer_banner_payload supported=3 required=0
2024-04-27T03:55:00.563 INFO:teuthology.orchestra.run.smithi046.stdout:/usr/bin/ceph: stderr
2024-04-27T03:54:59.745+0000 7f68c37fe700 1 --2- >> [v2:172.21.15.46:3300/0,v1:172.21.15.46:6789/0] conn(0x7f68c41065e0 0x7f68c4106a00 unknown :-1 s=HELLO_CONNECTING pgs=0 cs=0 l=0 rev1=1 crypto rx=0 tx=0 comp rx=0 tx=0).handle_hello peer v2:172.21.15.46:3300/0 says I am v2:172.21.15.46:38336/0 (socket says 172.21.15.46:38336)
2024-04-27T03:55:00.563 INFO:teuthology.orchestra.run.smithi046.stdout:/usr/bin/ceph: stderr
2024-04-27T03:54:59.745+0000 7f68c37fe700 1 -- 172.21.15.46:0/675843176 learned_addr learned my addr 172.21.15.46:0/675843176 (peer_addr_for_me v2:172.21.15.46:0/0)
2024-04-27T03:55:00.564 INFO:teuthology.orchestra.run.smithi046.stdout:/usr/bin/ceph: stderr
2024-04-27T03:54:59.745+0000 7f68c37fe700 1 -- 172.21.15.46:0/675843176 --> [v2:172.21.15.46:3300/0,v1:172.21.15.46:6789/0] -- mon_subscribe({config=0+,monmap=0+}) v3 -- 0x7f68c4107790 con 0x7f68c41065e0
2024-04-27T03:55:00.564 INFO:teuthology.orchestra.run.smithi046.stdout:/usr/bin/ceph: stderr
2024-04-27T03:54:59.745+0000 7f68c37fe700 1 --2- 172.21.15.46:0/675843176 >> [v2:172.21.15.46:3300/0,v1:172.21.15.46:6789/0] conn(0x7f68c41065e0 0x7f68c4106a00 secure :-1 s=READY pgs=55 cs=0 l=1 rev1=1 crypto rx=0x7f68b80098a0 tx=0x7f68b8009bb0 comp rx=0 tx=0).ready entity=mon.0 client_cookie=582dd0f1ef2b9d00 server_cookie=0 in_seq=0 out_seq=0
2024-04-27T03:55:00.564 INFO:teuthology.orchestra.run.smithi046.stdout:/usr/bin/ceph: stderr
2024-04-27T03:54:59.745+0000 7f68c27fc700 1 -- 172.21.15.46:0/675843176 <== mon.0 v2:172.21.15.46:3300/0 1 ==== mon_map magic: 0 v1 ==== 229+0+0 (secure 0 0 0) 0x7f68b8004180 con 0x7f68c41065e0
2024-04-27T03:55:00.564 INFO:teuthology.orchestra.run.smithi046.stdout:/usr/bin/ceph: stderr
2024-04-27T03:54:59.745+0000 7f68c27fc700 1 -- 172.21.15.46:0/675843176 <== mon.0 v2:172.21.15.46:3300/0 2 ==== config(27 keys) v1 ==== 1109+0+0 (secure 0 0 0) 0x7f68b80042e0 con 0x7f68c41065e0
2024-04-27T03:55:00.564 INFO:teuthology.orchestra.run.smithi046.stdout:/usr/bin/ceph: stderr
2024-04-27T03:54:59.745+0000 7f68c27fc700 1 -- 172.21.15.46:0/675843176 <== mon.0 v2:172.21.15.46:3300/0 3 ==== mon_map magic: 0 v1 ==== 229+0+0 (secure 0 0 0) 0x7f68b8011b10 con 0x7f68c41065e0
2024-04-27T03:55:00.564 INFO:teuthology.orchestra.run.smithi046.stdout:/usr/bin/ceph: stderr
2024-04-27T03:54:59.746+0000 7f68c9b49700 1 -- 172.21.15.46:0/675843176 >> [v2:172.21.15.46:3300/0,v1:172.21.15.46:6789/0] conn(0x7f68c41065e0 msgr2=0x7f68c4106a00 secure :-1 s=STATE_CONNECTION_ESTABLISHED l=1).mark_down
2024-04-27T03:55:00.564 INFO:teuthology.orchestra.run.smithi046.stdout:/usr/bin/ceph: stderr
2024-04-27T03:54:59.746+0000 7f68c9b49700 1 --2- 172.21.15.46:0/675843176 >> [v2:172.21.15.46:3300/0,v1:172.21.15.46:6789/0] conn(0x7f68c41065e0 0x7f68c4106a00 secure :-1 s=READY pgs=55 cs=0 l=1 rev1=1 crypto rx=0x7f68b80098a0 tx=0x7f68b8009bb0 comp rx=0 tx=0).stop
2024-04-27T03:55:00.564 INFO:teuthology.orchestra.run.smithi046.stdout:/usr/bin/ceph: stderr
2024-04-27T03:54:59.746+0000 7f68c9b49700 1 -- 172.21.15.46:0/675843176 shutdown_connections
2024-04-27T03:55:00.564 INFO:teuthology.orchestra.run.smithi046.stdout:/usr/bin/ceph: stderr
2024-04-27T03:54:59.746+0000 7f68c9b49700 1 --2- 172.21.15.46:0/675843176 >> [v2:172.21.15.46:3300/0,v1:172.21.15.46:6789/0] conn(0x7f68c41065e0 0x7f68c4106a00 unknown :-1 s=CLOSED pgs=55 cs=0 l=1 rev1=1 crypto rx=0 tx=0 comp rx=0 tx=0).stop
2024-04-27T03:55:00.564 INFO:teuthology.orchestra.run.smithi046.stdout:/usr/bin/ceph: stderr
2024-04-27T03:54:59.746+0000 7f68c9b49700 1 -- 172.21.15.46:0/675843176 >> 172.21.15.46:0/675843176 conn(0x7f68c4101b80 msgr2=0x7f68c4103fc0 unknown :-1 s=STATE_NONE l=0).mark_down
2024-04-27T03:55:00.564 INFO:teuthology.orchestra.run.smithi046.stdout:/usr/bin/ceph: stderr
2024-04-27T03:54:59.746+0000 7f68c9b49700 1 -- 172.21.15.46:0/675843176 shutdown_connections
2024-04-27T03:55:00.564 INFO:teuthology.orchestra.run.smithi046.stdout:/usr/bin/ceph: stderr
2024-04-27T03:54:59.746+0000 7f68c9b49700 1 -- 172.21.15.46:0/675843176 wait complete.
2024-04-27T03:55:00.564 INFO:teuthology.orchestra.run.smithi046.stdout:/usr/bin/ceph: stderr
2024-04-27T03:54:59.747+0000 7f68c9b49700 1 Processor -- start
2024-04-27T03:55:00.565 INFO:teuthology.orchestra.run.smithi046.stdout:/usr/bin/ceph: stderr
2024-04-27T03:54:59.747+0000 7f68c9b49700 1 -- start start
2024-04-27T03:55:00.565 INFO:teuthology.orchestra.run.smithi046.stdout:/usr/bin/ceph: stderr
2024-04-27T03:54:59.747+0000 7f68c9b49700 1 --2- >> [v2:172.21.15.46:3300/0,v1:172.21.15.46:6789/0] conn(0x7f68c41065e0 0x7f68c419a340 unknown :-1 s=NONE pgs=0 cs=0 l=1 rev1=0 crypto rx=0 tx=0 comp rx=0 tx=0).connect
2024-04-27T03:55:00.565 INFO:teuthology.orchestra.run.smithi046.stdout:/usr/bin/ceph: stderr
2024-04-27T03:54:59.747+0000 7f68c9b49700 1 -- --> [v2:172.21.15.46:3300/0,v1:172.21.15.46:6789/0] -- mon_getmap magic: 0 v1 -- 0x7f68c419a880 con 0x7f68c41065e0
2024-04-27T03:55:00.565 INFO:teuthology.orchestra.run.smithi046.stdout:/usr/bin/ceph: stderr
2024-04-27T03:54:59.748+0000 7f68c37fe700 1 --2- >> [v2:172.21.15.46:3300/0,v1:172.21.15.46:6789/0] conn(0x7f68c41065e0 0x7f68c419a340 unknown :-1 s=BANNER_CONNECTING pgs=0 cs=0 l=1 rev1=0 crypto rx=0 tx=0 comp rx=0 tx=0)._handle_peer_banner_payload supported=3 required=0
2024-04-27T03:55:00.565 INFO:teuthology.orchestra.run.smithi046.stdout:/usr/bin/ceph: stderr
2024-04-27T03:54:59.748+0000 7f68c37fe700 1 --2- >> [v2:172.21.15.46:3300/0,v1:172.21.15.46:6789/0] conn(0x7f68c41065e0 0x7f68c419a340 unknown :-1 s=HELLO_CONNECTING pgs=0 cs=0 l=1 rev1=1 crypto rx=0 tx=0 comp rx=0 tx=0).handle_hello peer v2:172.21.15.46:3300/0 says I am v2:172.21.15.46:38340/0 (socket says 172.21.15.46:38340)
2024-04-27T03:55:00.565 INFO:teuthology.orchestra.run.smithi046.stdout:/usr/bin/ceph: stderr
2024-04-27T03:54:59.748+0000 7f68c37fe700 1 -- 172.21.15.46:0/2883308492 learned_addr learned my addr 172.21.15.46:0/2883308492 (peer_addr_for_me v2:172.21.15.46:0/0)
2024-04-27T03:55:00.565 INFO:teuthology.orchestra.run.smithi046.stdout:/usr/bin/ceph: stderr
2024-04-27T03:54:59.748+0000 7f68c37fe700 1 -- 172.21.15.46:0/2883308492 --> [v2:172.21.15.46:3300/0,v1:172.21.15.46:6789/0] -- mon_subscribe({config=0+,monmap=0+}) v3 -- 0x7f68b8009550 con 0x7f68c41065e0
2024-04-27T03:55:00.565 INFO:teuthology.orchestra.run.smithi046.stdout:/usr/bin/ceph: stderr
2024-04-27T03:54:59.748+0000 7f68c37fe700 1 --2- 172.21.15.46:0/2883308492 >> [v2:172.21.15.46:3300/0,v1:172.21.15.46:6789/0] conn(0x7f68c41065e0 0x7f68c419a340 secure :-1 s=READY pgs=56 cs=0 l=1 rev1=1 crypto rx=0x7f68b8009fb0 tx=0x7f68b8011890 comp rx=0 tx=0).ready entity=mon.0 client_cookie=0 server_cookie=0 in_seq=0 out_seq=0
2024-04-27T03:55:00.565 INFO:teuthology.orchestra.run.smithi046.stdout:/usr/bin/ceph: stderr
2024-04-27T03:54:59.748+0000 7f68c0ff9700 1 -- 172.21.15.46:0/2883308492 <== mon.0 v2:172.21.15.46:3300/0 1 ==== mon_map magic: 0 v1 ==== 229+0+0 (secure 0 0 0) 0x7f68b80038b0 con 0x7f68c41065e0
2024-04-27T03:55:00.565 INFO:teuthology.orchestra.run.smithi046.stdout:/usr/bin/ceph: stderr
2024-04-27T03:54:59.748+0000 7f68c0ff9700 1 -- 172.21.15.46:0/2883308492 <== mon.0 v2:172.21.15.46:3300/0 2 ==== config(27 keys) v1 ==== 1109+0+0 (secure 0 0 0) 0x7f68b8003a10 con 0x7f68c41065e0
2024-04-27T03:55:00.565 INFO:teuthology.orchestra.run.smithi046.stdout:/usr/bin/ceph: stderr
2024-04-27T03:54:59.748+0000 7f68c9b49700 1 -- 172.21.15.46:0/2883308492 --> [v2:172.21.15.46:3300/0,v1:172.21.15.46:6789/0] -- mon_subscribe({mgrmap=0+}) v3 -- 0x7f68c419aa80 con 0x7f68c41065e0
2024-04-27T03:55:00.565 INFO:teuthology.orchestra.run.smithi046.stdout:/usr/bin/ceph: stderr
2024-04-27T03:54:59.748+0000 7f68c0ff9700 1 -- 172.21.15.46:0/2883308492 <== mon.0 v2:172.21.15.46:3300/0 3 ==== mon_map magic: 0 v1 ==== 229+0+0 (secure 0 0 0) 0x7f68b8019770 con 0x7f68c41065e0
2024-04-27T03:55:00.565 INFO:teuthology.orchestra.run.smithi046.stdout:/usr/bin/ceph: stderr
2024-04-27T03:54:59.748+0000 7f68c9b49700 1 -- 172.21.15.46:0/2883308492 --> [v2:172.21.15.46:3300/0,v1:172.21.15.46:6789/0] -- mon_subscribe({osdmap=0}) v3 -- 0x7f68c419af20 con 0x7f68c41065e0
2024-04-27T03:55:00.566 INFO:teuthology.orchestra.run.smithi046.stdout:/usr/bin/ceph: stderr
2024-04-27T03:54:59.749+0000 7f68c0ff9700 1 -- 172.21.15.46:0/2883308492 <== mon.0 v2:172.21.15.46:3300/0 4 ==== mgrmap(e 8) v1 ==== 45556+0+0 (secure 0 0 0) 0x7f68b80198d0 con 0x7f68c41065e0
2024-04-27T03:55:00.566 INFO:teuthology.orchestra.run.smithi046.stdout:/usr/bin/ceph: stderr
2024-04-27T03:54:59.749+0000 7f68c0ff9700 1 --2- 172.21.15.46:0/2883308492 >> [v2:172.21.15.46:6800/333567692,v1:172.21.15.46:6801/333567692] conn(0x7f68ac0386e0 0x7f68ac03aba0 unknown :-1 s=NONE pgs=0 cs=0 l=1 rev1=0 crypto rx=0 tx=0 comp rx=0 tx=0).connect
2024-04-27T03:55:00.566 INFO:teuthology.orchestra.run.smithi046.stdout:/usr/bin/ceph: stderr
2024-04-27T03:54:59.749+0000 7f68c0ff9700 1 -- 172.21.15.46:0/2883308492 <== mon.0 v2:172.21.15.46:3300/0 5 ==== osd_map(2..2 src has 1..2) v4 ==== 940+0+0 (secure 0 0 0) 0x7f68b804c7d0 con 0x7f68c41065e0
2024-04-27T03:55:00.566 INFO:teuthology.orchestra.run.smithi046.stdout:/usr/bin/ceph: stderr
2024-04-27T03:54:59.750+0000 7f68c2ffd700 1 --2- 172.21.15.46:0/2883308492 >> [v2:172.21.15.46:6800/333567692,v1:172.21.15.46:6801/333567692] conn(0x7f68ac0386e0 0x7f68ac03aba0 unknown :-1 s=BANNER_CONNECTING pgs=0 cs=0 l=1 rev1=0 crypto rx=0 tx=0 comp rx=0 tx=0)._handle_peer_banner_payload supported=3 required=0
2024-04-27T03:55:00.566 INFO:teuthology.orchestra.run.smithi046.stdout:/usr/bin/ceph: stderr
2024-04-27T03:54:59.750+0000 7f68c9b49700 1 -- 172.21.15.46:0/2883308492 --> [v2:172.21.15.46:3300/0,v1:172.21.15.46:6789/0] -- mon_command({"prefix": "get_command_descriptions"} v 0) v1 -- 0x7f68c4062510 con 0x7f68c41065e0
2024-04-27T03:55:00.566 INFO:teuthology.orchestra.run.smithi046.stdout:/usr/bin/ceph: stderr
2024-04-27T03:54:59.750+0000 7f68c2ffd700 1 --2- 172.21.15.46:0/2883308492 >> [v2:172.21.15.46:6800/333567692,v1:172.21.15.46:6801/333567692] conn(0x7f68ac0386e0 0x7f68ac03aba0 secure :-1 s=READY pgs=17 cs=0 l=1 rev1=1 crypto rx=0x7f68b4006fd0 tx=0x7f68b4006e40 comp rx=0 tx=0).ready entity=mgr.14118 client_cookie=0 server_cookie=0 in_seq=0 out_seq=0
2024-04-27T03:55:00.566 INFO:teuthology.orchestra.run.smithi046.stdout:/usr/bin/ceph: stderr
2024-04-27T03:54:59.755+0000 7f68c0ff9700 1 -- 172.21.15.46:0/2883308492 <== mon.0 v2:172.21.15.46:3300/0 6 ==== mon_command_ack([{"prefix": "get_command_descriptions"}]=0 v0) v1 ==== 72+0+183351 (secure 0 0 0) 0x7f68b8022d50 con 0x7f68c41065e0
2024-04-27T03:55:00.566 INFO:teuthology.orchestra.run.smithi046.stdout:/usr/bin/ceph: stderr
