2024-04-27T03:54:43.901+0000 7fadb77fe700 1 --2- 172.21.15.46:0/1359410299 >> [v2:172.21.15.46:6800/333567692,v1:172.21.15.46:6801/333567692] conn(0x7fada0038720 0x7fada003abe0 unknown :-1 s=BANNER_CONNECTING pgs=0 cs=0 l=1 rev1=0 crypto rx=0 tx=0 comp rx=0 tx=0)._handle_peer_banner_payload supported=3 required=0
2024-04-27T03:54:44.648 INFO:teuthology.orchestra.run.smithi046.stdout:/usr/bin/ceph: stderr
2024-04-27T03:54:43.901+0000 7fadb77fe700 1 --2- 172.21.15.46:0/1359410299 >> [v2:172.21.15.46:6800/333567692,v1:172.21.15.46:6801/333567692] conn(0x7fada0038720 0x7fada003abe0 secure :-1 s=READY pgs=8 cs=0 l=1 rev1=1 crypto rx=0x7fadac006fd0 tx=0x7fadac006e40 comp rx=0 tx=0).ready entity=mgr.14118 client_cookie=0 server_cookie=0 in_seq=0 out_seq=0
2024-04-27T03:54:44.648 INFO:teuthology.orchestra.run.smithi046.stdout:/usr/bin/ceph: stderr
2024-04-27T03:54:43.906+0000 7fadb57fa700 1 -- 172.21.15.46:0/1359410299 <== mon.0 v2:172.21.15.46:3300/0 6 ==== mon_command_ack([{"prefix": "get_command_descriptions"}]=0 v0) v1 ==== 72+0+183351 (secure 0 0 0) 0x7fada8018530 con 0x7fadb81065c0
2024-04-27T03:54:44.649 INFO:teuthology.orchestra.run.smithi046.stdout:/usr/bin/ceph: stderr
2024-04-27T03:54:44.108+0000 7fadbe978700 1 -- 172.21.15.46:0/1359410299 --> [v2:172.21.15.46:6800/333567692,v1:172.21.15.46:6801/333567692] -- mgr_command(tid 0: {"prefix": "cephadm set-user", "user": "root", "target": ["mon-mgr", ""]}) v1 -- 0x7fadb8102e50 con 0x7fada0038720
2024-04-27T03:54:44.649 INFO:teuthology.orchestra.run.smithi046.stdout:/usr/bin/ceph: stderr
2024-04-27T03:54:44.109+0000 7fadb57fa700 1 -- 172.21.15.46:0/1359410299 <== mgr.14118 v2:172.21.15.46:6800/333567692 1 ==== mgr_command_reply(tid 0: 0 ) v1 ==== 8+0+16 (secure 0 0 0) 0x7fadb8102e50 con 0x7fada0038720
2024-04-27T03:54:44.649 INFO:teuthology.orchestra.run.smithi046.stdout:/usr/bin/ceph: stderr
2024-04-27T03:54:44.111+0000 7fadbe978700 1 -- 172.21.15.46:0/1359410299 >> [v2:172.21.15.46:6800/333567692,v1:172.21.15.46:6801/333567692] conn(0x7fada0038720 msgr2=0x7fada003abe0 secure :-1 s=STATE_CONNECTION_ESTABLISHED l=1).mark_down
2024-04-27T03:54:44.649 INFO:teuthology.orchestra.run.smithi046.stdout:/usr/bin/ceph: stderr
2024-04-27T03:54:44.111+0000 7fadbe978700 1 --2- 172.21.15.46:0/1359410299 >> [v2:172.21.15.46:6800/333567692,v1:172.21.15.46:6801/333567692] conn(0x7fada0038720 0x7fada003abe0 secure :-1 s=READY pgs=8 cs=0 l=1 rev1=1 crypto rx=0x7fadac006fd0 tx=0x7fadac006e40 comp rx=0 tx=0).stop
2024-04-27T03:54:44.649 INFO:teuthology.orchestra.run.smithi046.stdout:/usr/bin/ceph: stderr
2024-04-27T03:54:44.111+0000 7fadbe978700 1 -- 172.21.15.46:0/1359410299 >> [v2:172.21.15.46:3300/0,v1:172.21.15.46:6789/0] conn(0x7fadb81065c0 msgr2=0x7fadb819a2f0 secure :-1 s=STATE_CONNECTION_ESTABLISHED l=1).mark_down
2024-04-27T03:54:44.649 INFO:teuthology.orchestra.run.smithi046.stdout:/usr/bin/ceph: stderr
2024-04-27T03:54:44.111+0000 7fadbe978700 1 --2- 172.21.15.46:0/1359410299 >> [v2:172.21.15.46:3300/0,v1:172.21.15.46:6789/0] conn(0x7fadb81065c0 0x7fadb819a2f0 secure :-1 s=READY pgs=38 cs=0 l=1 rev1=1 crypto rx=0x7fada8011710 tx=0x7fada80047c0 comp rx=0 tx=0).stop
2024-04-27T03:54:44.649 INFO:teuthology.orchestra.run.smithi046.stdout:/usr/bin/ceph: stderr
2024-04-27T03:54:44.111+0000 7fadbe978700 1 -- 172.21.15.46:0/1359410299 shutdown_connections
2024-04-27T03:54:44.649 INFO:teuthology.orchestra.run.smithi046.stdout:/usr/bin/ceph: stderr
2024-04-27T03:54:44.111+0000 7fadbe978700 1 --2- 172.21.15.46:0/1359410299 >> [v2:172.21.15.46:6800/333567692,v1:172.21.15.46:6801/333567692] conn(0x7fada0038720 0x7fada003abe0 unknown :-1 s=CLOSED pgs=8 cs=0 l=1 rev1=1 crypto rx=0 tx=0 comp rx=0 tx=0).stop
2024-04-27T03:54:44.649 INFO:teuthology.orchestra.run.smithi046.stdout:/usr/bin/ceph: stderr
2024-04-27T03:54:44.111+0000 7fadbe978700 1 --2- 172.21.15.46:0/1359410299 >> [v2:172.21.15.46:3300/0,v1:172.21.15.46:6789/0] conn(0x7fadb81065c0 0x7fadb819a2f0 unknown :-1 s=CLOSED pgs=38 cs=0 l=1 rev1=1 crypto rx=0 tx=0 comp rx=0 tx=0).stop
2024-04-27T03:54:44.649 INFO:teuthology.orchestra.run.smithi046.stdout:/usr/bin/ceph: stderr
2024-04-27T03:54:44.111+0000 7fadbe978700 1 -- 172.21.15.46:0/1359410299 >> 172.21.15.46:0/1359410299 conn(0x7fadb8101be0 msgr2=0x7fadb8102740 unknown :-1 s=STATE_NONE l=0).mark_down
2024-04-27T03:54:44.649 INFO:teuthology.orchestra.run.smithi046.stdout:/usr/bin/ceph: stderr
2024-04-27T03:54:44.111+0000 7fadbe978700 1 -- 172.21.15.46:0/1359410299 shutdown_connections
2024-04-27T03:54:44.649 INFO:teuthology.orchestra.run.smithi046.stdout:/usr/bin/ceph: stderr
2024-04-27T03:54:44.111+0000 7fadbe978700 1 -- 172.21.15.46:0/1359410299 wait complete.
2024-04-27T03:54:44.650 INFO:teuthology.orchestra.run.smithi046.stdout:Generating ssh key...
2024-04-27T03:54:45.080 INFO:journalctl@ceph.mon.smithi046.smithi046.stdout:Apr 27 03:54:44 smithi046 ceph-mon[26899]: from='client.14132 -' entity='client.admin' cmd=[{"prefix": "cephadm set-user", "user": "root", "target": ["mon-mgr", ""]}]: dispatch
2024-04-27T03:54:46.125 INFO:teuthology.orchestra.run.smithi046.stdout:/usr/bin/ceph: stderr
2024-04-27T03:54:45.113+0000 7fa219b71700 1 Processor -- start
2024-04-27T03:54:46.126 INFO:teuthology.orchestra.run.smithi046.stdout:/usr/bin/ceph: stderr
2024-04-27T03:54:45.113+0000 7fa219b71700 1 -- start start
2024-04-27T03:54:46.126 INFO:teuthology.orchestra.run.smithi046.stdout:/usr/bin/ceph: stderr
2024-04-27T03:54:45.113+0000 7fa219b71700 1 --2- >> [v2:172.21.15.46:3300/0,v1:172.21.15.46:6789/0] conn(0x7fa214108800 0x7fa214108c20 unknown :-1 s=NONE pgs=0 cs=0 l=0 rev1=0 crypto rx=0 tx=0 comp rx=0 tx=0).connect
2024-04-27T03:54:46.126 INFO:teuthology.orchestra.run.smithi046.stdout:/usr/bin/ceph: stderr
2024-04-27T03:54:45.113+0000 7fa219b71700 1 -- --> [v2:172.21.15.46:3300/0,v1:172.21.15.46:6789/0] -- mon_getmap magic: 0 v1 -- 0x7fa2141091f0 con 0x7fa214108800
2024-04-27T03:54:46.126 INFO:teuthology.orchestra.run.smithi046.stdout:/usr/bin/ceph: stderr
2024-04-27T03:54:45.113+0000 7fa2137fe700 1 --2- >> [v2:172.21.15.46:3300/0,v1:172.21.15.46:6789/0] conn(0x7fa214108800 0x7fa214108c20 unknown :-1 s=BANNER_CONNECTING pgs=0 cs=0 l=0 rev1=0 crypto rx=0 tx=0 comp rx=0 tx=0)._handle_peer_banner_payload supported=3 required=0
2024-04-27T03:54:46.126 INFO:teuthology.orchestra.run.smithi046.stdout:/usr/bin/ceph: stderr
2024-04-27T03:54:45.113+0000 7fa2137fe700 1 --2- >> [v2:172.21.15.46:3300/0,v1:172.21.15.46:6789/0] conn(0x7fa214108800 0x7fa214108c20 unknown :-1 s=HELLO_CONNECTING pgs=0 cs=0 l=0 rev1=1 crypto rx=0 tx=0 comp rx=0 tx=0).handle_hello peer v2:172.21.15.46:3300/0 says I am v2:172.21.15.46:34606/0 (socket says 172.21.15.46:34606)
2024-04-27T03:54:46.126 INFO:teuthology.orchestra.run.smithi046.stdout:/usr/bin/ceph: stderr
2024-04-27T03:54:45.113+0000 7fa2137fe700 1 -- 172.21.15.46:0/3629799762 learned_addr learned my addr 172.21.15.46:0/3629799762 (peer_addr_for_me v2:172.21.15.46:0/0)
2024-04-27T03:54:46.126 INFO:teuthology.orchestra.run.smithi046.stdout:/usr/bin/ceph: stderr
2024-04-27T03:54:45.114+0000 7fa2137fe700 1 -- 172.21.15.46:0/3629799762 --> [v2:172.21.15.46:3300/0,v1:172.21.15.46:6789/0] -- mon_subscribe({config=0+,monmap=0+}) v3 -- 0x7fa2141099b0 con 0x7fa214108800
2024-04-27T03:54:46.126 INFO:teuthology.orchestra.run.smithi046.stdout:/usr/bin/ceph: stderr
2024-04-27T03:54:45.114+0000 7fa2137fe700 1 --2- 172.21.15.46:0/3629799762 >> [v2:172.21.15.46:3300/0,v1:172.21.15.46:6789/0] conn(0x7fa214108800 0x7fa214108c20 secure :-1 s=READY pgs=39 cs=0 l=1 rev1=1 crypto rx=0x7fa204009e80 tx=0x7fa20400b330 comp rx=0 tx=0).ready entity=mon.0 client_cookie=d173413205b0d5c9 server_cookie=0 in_seq=0 out_seq=0
2024-04-27T03:54:46.126 INFO:teuthology.orchestra.run.smithi046.stdout:/usr/bin/ceph: stderr
2024-04-27T03:54:45.114+0000 7fa2127fc700 1 -- 172.21.15.46:0/3629799762 <== mon.0 v2:172.21.15.46:3300/0 1 ==== mon_map magic: 0 v1 ==== 229+0+0 (secure 0 0 0) 0x7fa20400e070 con 0x7fa214108800
2024-04-27T03:54:46.126 INFO:teuthology.orchestra.run.smithi046.stdout:/usr/bin/ceph: stderr
2024-04-27T03:54:45.114+0000 7fa2127fc700 1 -- 172.21.15.46:0/3629799762 <== mon.0 v2:172.21.15.46:3300/0 2 ==== config(27 keys) v1 ==== 1042+0+0 (secure 0 0 0) 0x7fa20400b8c0 con 0x7fa214108800
2024-04-27T03:54:46.127 INFO:teuthology.orchestra.run.smithi046.stdout:/usr/bin/ceph: stderr
2024-04-27T03:54:45.114+0000 7fa2127fc700 1 -- 172.21.15.46:0/3629799762 <== mon.0 v2:172.21.15.46:3300/0 3 ==== mon_map magic: 0 v1 ==== 229+0+0 (secure 0 0 0) 0x7fa204004440 con 0x7fa214108800
2024-04-27T03:54:46.127 INFO:teuthology.orchestra.run.smithi046.stdout:/usr/bin/ceph: stderr
2024-04-27T03:54:45.115+0000 7fa219b71700 1 -- 172.21.15.46:0/3629799762 >> [v2:172.21.15.46:3300/0,v1:172.21.15.46:6789/0] conn(0x7fa214108800 msgr2=0x7fa214108c20 secure :-1 s=STATE_CONNECTION_ESTABLISHED l=1).mark_down
2024-04-27T03:54:46.127 INFO:teuthology.orchestra.run.smithi046.stdout:/usr/bin/ceph: stderr
2024-04-27T03:54:45.115+0000 7fa219b71700 1 --2- 172.21.15.46:0/3629799762 >> [v2:172.21.15.46:3300/0,v1:172.21.15.46:6789/0] conn(0x7fa214108800 0x7fa214108c20 secure :-1 s=READY pgs=39 cs=0 l=1 rev1=1 crypto rx=0x7fa204009e80 tx=0x7fa20400b330 comp rx=0 tx=0).stop
2024-04-27T03:54:46.127 INFO:teuthology.orchestra.run.smithi046.stdout:/usr/bin/ceph: stderr
2024-04-27T03:54:45.115+0000 7fa219b71700 1 -- 172.21.15.46:0/3629799762 shutdown_connections
2024-04-27T03:54:46.127 INFO:teuthology.orchestra.run.smithi046.stdout:/usr/bin/ceph: stderr
2024-04-27T03:54:45.115+0000 7fa219b71700 1 --2- 172.21.15.46:0/3629799762 >> [v2:172.21.15.46:3300/0,v1:172.21.15.46:6789/0] conn(0x7fa214108800 0x7fa214108c20 unknown :-1 s=CLOSED pgs=39 cs=0 l=1 rev1=1 crypto rx=0 tx=0 comp rx=0 tx=0).stop
2024-04-27T03:54:46.127 INFO:teuthology.orchestra.run.smithi046.stdout:/usr/bin/ceph: stderr
2024-04-27T03:54:45.115+0000 7fa219b71700 1 -- 172.21.15.46:0/3629799762 >> 172.21.15.46:0/3629799762 conn(0x7fa21407bd90 msgr2=0x7fa2141064f0 unknown :-1 s=STATE_NONE l=0).mark_down
2024-04-27T03:54:46.127 INFO:teuthology.orchestra.run.smithi046.stdout:/usr/bin/ceph: stderr
2024-04-27T03:54:45.115+0000 7fa219b71700 1 -- 172.21.15.46:0/3629799762 shutdown_connections
2024-04-27T03:54:46.127 INFO:teuthology.orchestra.run.smithi046.stdout:/usr/bin/ceph: stderr
2024-04-27T03:54:45.115+0000 7fa219b71700 1 -- 172.21.15.46:0/3629799762 wait complete.
2024-04-27T03:54:46.127 INFO:teuthology.orchestra.run.smithi046.stdout:/usr/bin/ceph: stderr
2024-04-27T03:54:45.115+0000 7fa219b71700 1 Processor -- start
2024-04-27T03:54:46.127 INFO:teuthology.orchestra.run.smithi046.stdout:/usr/bin/ceph: stderr
2024-04-27T03:54:45.116+0000 7fa219b71700 1 -- start start
2024-04-27T03:54:46.127 INFO:teuthology.orchestra.run.smithi046.stdout:/usr/bin/ceph: stderr
2024-04-27T03:54:45.116+0000 7fa219b71700 1 --2- >> [v2:172.21.15.46:3300/0,v1:172.21.15.46:6789/0] conn(0x7fa214108800 0x7fa21419c480 unknown :-1 s=NONE pgs=0 cs=0 l=1 rev1=0 crypto rx=0 tx=0 comp rx=0 tx=0).connect
2024-04-27T03:54:46.127 INFO:teuthology.orchestra.run.smithi046.stdout:/usr/bin/ceph: stderr
2024-04-27T03:54:45.116+0000 7fa219b71700 1 -- --> [v2:172.21.15.46:3300/0,v1:172.21.15.46:6789/0] -- mon_getmap magic: 0 v1 -- 0x7fa21419c9c0 con 0x7fa214108800
2024-04-27T03:54:46.127 INFO:teuthology.orchestra.run.smithi046.stdout:/usr/bin/ceph: stderr
2024-04-27T03:54:45.116+0000 7fa2137fe700 1 --2- >> [v2:172.21.15.46:3300/0,v1:172.21.15.46:6789/0] conn(0x7fa214108800 0x7fa21419c480 unknown :-1 s=BANNER_CONNECTING pgs=0 cs=0 l=1 rev1=0 crypto rx=0 tx=0 comp rx=0 tx=0)._handle_peer_banner_payload supported=3 required=0
2024-04-27T03:54:46.128 INFO:teuthology.orchestra.run.smithi046.stdout:/usr/bin/ceph: stderr
2024-04-27T03:54:45.116+0000 7fa2137fe700 1 --2- >> [v2:172.21.15.46:3300/0,v1:172.21.15.46:6789/0] conn(0x7fa214108800 0x7fa21419c480 unknown :-1 s=HELLO_CONNECTING pgs=0 cs=0 l=1 rev1=1 crypto rx=0 tx=0 comp rx=0 tx=0).handle_hello peer v2:172.21.15.46:3300/0 says I am v2:172.21.15.46:34620/0 (socket says 172.21.15.46:34620)
2024-04-27T03:54:46.128 INFO:teuthology.orchestra.run.smithi046.stdout:/usr/bin/ceph: stderr
2024-04-27T03:54:45.116+0000 7fa2137fe700 1 -- 172.21.15.46:0/1341366279 learned_addr learned my addr 172.21.15.46:0/1341366279 (peer_addr_for_me v2:172.21.15.46:0/0)
2024-04-27T03:54:46.128 INFO:teuthology.orchestra.run.smithi046.stdout:/usr/bin/ceph: stderr
2024-04-27T03:54:45.116+0000 7fa2137fe700 1 -- 172.21.15.46:0/1341366279 --> [v2:172.21.15.46:3300/0,v1:172.21.15.46:6789/0] -- mon_subscribe({config=0+,monmap=0+}) v3 -- 0x7fa204009b30 con 0x7fa214108800
2024-04-27T03:54:46.128 INFO:teuthology.orchestra.run.smithi046.stdout:/usr/bin/ceph: stderr
2024-04-27T03:54:45.116+0000 7fa2137fe700 1 --2- 172.21.15.46:0/1341366279 >> [v2:172.21.15.46:3300/0,v1:172.21.15.46:6789/0] conn(0x7fa214108800 0x7fa21419c480 secure :-1 s=READY pgs=40 cs=0 l=1 rev1=1 crypto rx=0x7fa204003c30 tx=0x7fa204003d10 comp rx=0 tx=0).ready entity=mon.0 client_cookie=0 server_cookie=0 in_seq=0 out_seq=0
2024-04-27T03:54:46.128 INFO:teuthology.orchestra.run.smithi046.stdout:/usr/bin/ceph: stderr
2024-04-27T03:54:45.116+0000 7fa210ff9700 1 -- 172.21.15.46:0/1341366279 <== mon.0 v2:172.21.15.46:3300/0 1 ==== mon_map magic: 0 v1 ==== 229+0+0 (secure 0 0 0) 0x7fa20400e040 con 0x7fa214108800
2024-04-27T03:54:46.128 INFO:teuthology.orchestra.run.smithi046.stdout:/usr/bin/ceph: stderr
2024-04-27T03:54:45.116+0000 7fa210ff9700 1 -- 172.21.15.46:0/1341366279 <== mon.0 v2:172.21.15.46:3300/0 2 ==== config(27 keys) v1 ==== 1042+0+0 (secure 0 0 0) 0x7fa20400bc40 con 0x7fa214108800
2024-04-27T03:54:46.128 INFO:teuthology.orchestra.run.smithi046.stdout:/usr/bin/ceph: stderr
2024-04-27T03:54:45.116+0000 7fa219b71700 1 -- 172.21.15.46:0/1341366279 --> [v2:172.21.15.46:3300/0,v1:172.21.15.46:6789/0] -- mon_subscribe({mgrmap=0+}) v3 -- 0x7fa21419cbc0 con 0x7fa214108800
2024-04-27T03:54:46.128 INFO:teuthology.orchestra.run.smithi046.stdout:/usr/bin/ceph: stderr
2024-04-27T03:54:45.116+0000 7fa210ff9700 1 -- 172.21.15.46:0/1341366279 <== mon.0 v2:172.21.15.46:3300/0 3 ==== mon_map magic: 0 v1 ==== 229+0+0 (secure 0 0 0) 0x7fa204012750 con 0x7fa214108800
2024-04-27T03:54:46.128 INFO:teuthology.orchestra.run.smithi046.stdout:/usr/bin/ceph: stderr
2024-04-27T03:54:45.117+0000 7fa219b71700 1 -- 172.21.15.46:0/1341366279 --> [v2:172.21.15.46:3300/0,v1:172.21.15.46:6789/0] -- mon_subscribe({osdmap=0}) v3 -- 0x7fa21419d0c0 con 0x7fa214108800
2024-04-27T03:54:46.128 INFO:teuthology.orchestra.run.smithi046.stdout:/usr/bin/ceph: stderr
2024-04-27T03:54:45.117+0000 7fa210ff9700 1 -- 172.21.15.46:0/1341366279 <== mon.0 v2:172.21.15.46:3300/0 4 ==== mgrmap(e 8) v1 ==== 45556+0+0 (secure 0 0 0) 0x7fa204019040 con 0x7fa214108800
2024-04-27T03:54:46.128 INFO:teuthology.orchestra.run.smithi046.stdout:/usr/bin/ceph: stderr
2024-04-27T03:54:45.118+0000 7fa219b71700 1 -- 172.21.15.46:0/1341366279 --> [v2:172.21.15.46:3300/0,v1:172.21.15.46:6789/0] -- mon_command({"prefix": "get_command_descriptions"} v 0) v1 -- 0x7fa21410cbe0 con 0x7fa214108800
2024-04-27T03:54:46.128 INFO:teuthology.orchestra.run.smithi046.stdout:/usr/bin/ceph: stderr
2024-04-27T03:54:45.118+0000 7fa210ff9700 1 --2- 172.21.15.46:0/1341366279 >> [v2:172.21.15.46:6800/333567692,v1:172.21.15.46:6801/333567692] conn(0x7fa2000386e0 0x7fa20003aba0 unknown :-1 s=NONE pgs=0 cs=0 l=1 rev1=0 crypto rx=0 tx=0 comp rx=0 tx=0).connect
2024-04-27T03:54:46.128 INFO:teuthology.orchestra.run.smithi046.stdout:/usr/bin/ceph: stderr
2024-04-27T03:54:45.118+0000 7fa210ff9700 1 -- 172.21.15.46:0/1341366279 <== mon.0 v2:172.21.15.46:3300/0 5 ==== osd_map(2..2 src has 1..2) v4 ==== 940+0+0 (secure 0 0 0) 0x7fa20404c1d0 con 0x7fa214108800
2024-04-27T03:54:46.129 INFO:teuthology.orchestra.run.smithi046.stdout:/usr/bin/ceph: stderr
2024-04-27T03:54:45.118+0000 7fa212ffd700 1 --2- 172.21.15.46:0/1341366279 >> [v2:172.21.15.46:6800/333567692,v1:172.21.15.46:6801/333567692] conn(0x7fa2000386e0 0x7fa20003aba0 unknown :-1 s=BANNER_CONNECTING pgs=0 cs=0 l=1 rev1=0 crypto rx=0 tx=0 comp rx=0 tx=0)._handle_peer_banner_payload supported=3 required=0
2024-04-27T03:54:46.129 INFO:teuthology.orchestra.run.smithi046.stdout:/usr/bin/ceph: stderr
2024-04-27T03:54:45.118+0000 7fa212ffd700 1 --2- 172.21.15.46:0/1341366279 >> [v2:172.21.15.46:6800/333567692,v1:172.21.15.46:6801/333567692] conn(0x7fa2000386e0 0x7fa20003aba0 secure :-1 s=READY pgs=9 cs=0 l=1 rev1=1 crypto rx=0x7fa1fc006fd0 tx=0x7fa1fc006e40 comp rx=0 tx=0).ready entity=mgr.14118 client_cookie=0 server_cookie=0 in_seq=0 out_seq=0
2024-04-27T03:54:46.129 INFO:teuthology.orchestra.run.smithi046.stdout:/usr/bin/ceph: stderr
2024-04-27T03:54:45.123+0000 7fa210ff9700 1 -- 172.21.15.46:0/1341366279 <== mon.0 v2:172.21.15.46:3300/0 6 ==== mon_command_ack([{"prefix": "get_command_descriptions"}]=0 v0) v1 ==== 72+0+183351 (secure 0 0 0) 0x7fa204012a10 con 0x7fa214108800
2024-04-27T03:54:46.129 INFO:teuthology.orchestra.run.smithi046.stdout:/usr/bin/ceph: stderr
2024-04-27T03:54:45.328+0000 7fa219b71700 1 -- 172.21.15.46:0/1341366279 --> [v2:172.21.15.46:6800/333567692,v1:172.21.15.46:6801/333567692] -- mgr_command(tid 0: {"prefix": "cephadm generate-key", "target": ["mon-mgr", ""]}) v1 -- 0x7fa2141062f0 con 0x7fa2000386e0
2024-04-27T03:54:46.129 INFO:teuthology.orchestra.run.smithi046.stdout:/usr/bin/ceph: stderr
2024-04-27T03:54:45.576+0000 7fa210ff9700 1 -- 172.21.15.46:0/1341366279 <== mgr.14118 v2:172.21.15.46:6800/333567692 1 ==== mgr_command_reply(tid 0: 0 ) v1 ==== 8+0+0 (secure 0 0 0) 0x7fa2141062f0 con 0x7fa2000386e0
2024-04-27T03:54:46.129 INFO:teuthology.orchestra.run.smithi046.stdout:/usr/bin/ceph: stderr
2024-04-27T03:54:45.578+0000 7fa219b71700 1 -- 172.21.15.46:0/1341366279 >> [v2:172.21.15.46:6800/333567692,v1:172.21.15.46:6801/333567692] conn(0x7fa2000386e0 msgr2=0x7fa20003aba0 secure :-1 s=STATE_CONNECTION_ESTABLISHED l=1).mark_down
2024-04-27T03:54:46.129 INFO:teuthology.orchestra.run.smithi046.stdout:/usr/bin/ceph: stderr
2024-04-27T03:54:45.578+0000 7fa219b71700 1 --2- 172.21.15.46:0/1341366279 >> [v2:172.21.15.46:6800/333567692,v1:172.21.15.46:6801/333567692] conn(0x7fa2000386e0 0x7fa20003aba0 secure :-1 s=READY pgs=9 cs=0 l=1 rev1=1 crypto rx=0x7fa1fc006fd0 tx=0x7fa1fc006e40 comp rx=0 tx=0).stop
2024-04-27T03:54:46.129 INFO:teuthology.orchestra.run.smithi046.stdout:/usr/bin/ceph: stderr
2024-04-27T03:54:45.578+0000 7fa219b71700 1 -- 172.21.15.46:0/1341366279 >> [v2:172.21.15.46:3300/0,v1:172.21.15.46:6789/0] conn(0x7fa214108800 msgr2=0x7fa21419c480 secure :-1 s=STATE_CONNECTION_ESTABLISHED l=1).mark_down
2024-04-27T03:54:46.129 INFO:teuthology.orchestra.run.smithi046.stdout:/usr/bin/ceph: stderr
2024-04-27T03:54:45.578+0000 7fa219b71700 1 --2- 172.21.15.46:0/1341366279 >> [v2:172.21.15.46:3300/0,v1:172.21.15.46:6789/0] conn(0x7fa214108800 0x7fa21419c480 secure :-1 s=READY pgs=40 cs=0 l=1 rev1=1 crypto rx=0x7fa204003c30 tx=0x7fa204003d10 comp rx=0 tx=0).stop
2024-04-27T03:54:46.129 INFO:teuthology.orchestra.run.smithi046.stdout:/usr/bin/ceph: stderr
2024-04-27T03:54:45.578+0000 7fa219b71700 1 -- 172.21.15.46:0/1341366279 shutdown_connections
2024-04-27T03:54:46.129 INFO:teuthology.orchestra.run.smithi046.stdout:/usr/bin/ceph: stderr
2024-04-27T03:54:45.578+0000 7fa219b71700 1 --2- 172.21.15.46:0/1341366279 >> [v2:172.21.15.46:6800/333567692,v1:172.21.15.46:6801/333567692] conn(0x7fa2000386e0 0x7fa20003aba0 unknown :-1 s=CLOSED pgs=9 cs=0 l=1 rev1=1 crypto rx=0 tx=0 comp rx=0 tx=0).stop
2024-04-27T03:54:46.129 INFO:teuthology.orchestra.run.smithi046.stdout:/usr/bin/ceph: stderr
2024-04-27T03:54:45.578+0000 7fa219b71700 1 --2- 172.21.15.46:0/1341366279 >> [v2:172.21.15.46:3300/0,v1:172.21.15.46:6789/0] conn(0x7fa214108800 0x7fa21419c480 unknown :-1 s=CLOSED pgs=40 cs=0 l=1 rev1=1 crypto rx=0 tx=0 comp rx=0 tx=0).stop
2024-04-27T03:54:46.129 INFO:teuthology.orchestra.run.smithi046.stdout:/usr/bin/ceph: stderr
2024-04-27T03:54:45.578+0000 7fa219b71700 1 -- 172.21.15.46:0/1341366279 >> 172.21.15.46:0/1341366279 conn(0x7fa21407bd90 msgr2=0x7fa214105be0 unknown :-1 s=STATE_NONE l=0).mark_down
2024-04-27T03:54:46.130 INFO:teuthology.orchestra.run.smithi046.stdout:/usr/bin/ceph: stderr
2024-04-27T03:54:45.578+0000 7fa219b71700 1 -- 172.21.15.46:0/1341366279 shutdown_connections
2024-04-27T03:54:46.130 INFO:teuthology.orchestra.run.smithi046.stdout:/usr/bin/ceph: stderr
2024-04-27T03:54:45.578+0000 7fa219b71700 1 -- 172.21.15.46:0/1341366279 wait complete.
2024-04-27T03:54:46.758 INFO:journalctl@ceph.mon.smithi046.smithi046.stdout:Apr 27 03:54:46 smithi046 ceph-mon[26899]: from='client.14134 -' entity='client.admin' cmd=[{"prefix": "cephadm generate-key", "target": ["mon-mgr", ""]}]: dispatch
2024-04-27T03:54:46.759 INFO:journalctl@ceph.mon.smithi046.smithi046.stdout:Apr 27 03:54:46 smithi046 ceph-mon[26899]: Generating ssh key...
2024-04-27T03:54:46.759 INFO:journalctl@ceph.mon.smithi046.smithi046.stdout:Apr 27 03:54:46 smithi046 ceph-mon[26899]: from='mgr.14118 172.21.15.46:0/1303213767' entity='mgr.smithi046.qrfdvr'
2024-04-27T03:54:46.759 INFO:journalctl@ceph.mon.smithi046.smithi046.stdout:Apr 27 03:54:46 smithi046 ceph-mon[26899]: from='mgr.14118 172.21.15.46:0/1303213767' entity='mgr.smithi046.qrfdvr'
2024-04-27T03:54:47.275 INFO:teuthology.orchestra.run.smithi046.stdout:/usr/bin/ceph: stdout ssh-rsa AAAAB3NzaC1yc2EAAAADAQABAAABgQCweCM9Acgf13VvpFVvlKocoNJjU3vbp+GUML+rGDel6vYoVSAquz08wg/kdr7Mqr+5MQ2k7tdZ3515qvjm+JXC6DAq8gj0TV9igHR+sNSCCGqNSr14AOqiEbmCkGIeP0bOUnoUqipcvqXXozZ1Ed7hFxVxcwODpSX9qaqhuyV+ZsQhGT8mboHSqpcgnS2z/HBIh7Srd3UaY0d1p/bAETk8K+aymS/zS6wtbNA5YM9jfBIaQ1tnYcPii30jC7BFg6UxRtg5j+sfTAf3b67jBm7n51YRLA1ZL/y4cu2qpzYRoN6u0dCSmOzdbBiFylTKSj0IOvrhmGSqNZ30hfGMuHEAGQuQ13S79eUaP9n0ssqFDcUXp3z3rqvFXNzymxP41i94Wc61bc0sYvqC863l6ixgBXTR3cDXD6vMz0y/dlwhHvo5z9yqEerxwRdt0+fmgkpZITSAVU3cEBYIOd3JJOBuzEU/MKKsa/n1g7ZLyYKsWDqhRUCUHp8WAZ7PLiO6Dz8= ceph-b1d3a2d0-0449-11ef-bc93-c7b262605968
2024-04-27T03:54:47.275 INFO:teuthology.orchestra.run.smithi046.stdout:/usr/bin/ceph: stderr
2024-04-27T03:54:46.528+0000 7f3679042700 1 Processor -- start
2024-04-27T03:54:47.275 INFO:teuthology.orchestra.run.smithi046.stdout:/usr/bin/ceph: stderr
2024-04-27T03:54:46.528+0000 7f3679042700 1 -- start start
2024-04-27T03:54:47.276 INFO:teuthology.orchestra.run.smithi046.stdout:/usr/bin/ceph: stderr
2024-04-27T03:54:46.528+0000 7f3679042700 1 --2- >> [v2:172.21.15.46:3300/0,v1:172.21.15.46:6789/0] conn(0x7f36741065c0 0x7f36741069e0 unknown :-1 s=NONE pgs=0 cs=0 l=0 rev1=0 crypto rx=0 tx=0 comp rx=0 tx=0).connect
2024-04-27T03:54:47.276 INFO:teuthology.orchestra.run.smithi046.stdout:/usr/bin/ceph: stderr
2024-04-27T03:54:46.528+0000 7f3679042700 1 -- --> [v2:172.21.15.46:3300/0,v1:172.21.15.46:6789/0] -- mon_getmap magic: 0 v1 -- 0x7f3674106fb0 con 0x7f36741065c0
2024-04-27T03:54:47.276 INFO:teuthology.orchestra.run.smithi046.stdout:/usr/bin/ceph: stderr
2024-04-27T03:54:46.528+0000 7f3672d9d700 1 --2- >> [v2:172.21.15.46:3300/0,v1:172.21.15.46:6789/0] conn(0x7f36741065c0 0x7f36741069e0 unknown :-1 s=BANNER_CONNECTING pgs=0 cs=0 l=0 rev1=0 crypto rx=0 tx=0 comp rx=0 tx=0)._handle_peer_banner_payload supported=3 required=0
2024-04-27T03:54:47.276 INFO:teuthology.orchestra.run.smithi046.stdout:/usr/bin/ceph: stderr
2024-04-27T03:54:46.528+0000 7f3672d9d700 1 --2- >> [v2:172.21.15.46:3300/0,v1:172.21.15.46:6789/0] conn(0x7f36741065c0 0x7f36741069e0 unknown :-1 s=HELLO_CONNECTING pgs=0 cs=0 l=0 rev1=1 crypto rx=0 tx=0 comp rx=0 tx=0).handle_hello peer v2:172.21.15.46:3300/0 says I am v2:172.21.15.46:34622/0 (socket says 172.21.15.46:34622)
2024-04-27T03:54:47.276 INFO:teuthology.orchestra.run.smithi046.stdout:/usr/bin/ceph: stderr
2024-04-27T03:54:46.528+0000 7f3672d9d700 1 -- 172.21.15.46:0/3345760651 learned_addr learned my addr 172.21.15.46:0/3345760651 (peer_addr_for_me v2:172.21.15.46:0/0)
2024-04-27T03:54:47.276 INFO:teuthology.orchestra.run.smithi046.stdout:/usr/bin/ceph: stderr
2024-04-27T03:54:46.528+0000 7f3672d9d700 1 -- 172.21.15.46:0/3345760651 --> [v2:172.21.15.46:3300/0,v1:172.21.15.46:6789/0] -- mon_subscribe({config=0+,monmap=0+}) v3 -- 0x7f36741077c0 con 0x7f36741065c0
2024-04-27T03:54:47.276 INFO:teuthology.orchestra.run.smithi046.stdout:/usr/bin/ceph: stderr
2024-04-27T03:54:46.529+0000 7f3672d9d700 1 --2- 172.21.15.46:0/3345760651 >> [v2:172.21.15.46:3300/0,v1:172.21.15.46:6789/0] conn(0x7f36741065c0 0x7f36741069e0 secure :-1 s=READY pgs=41 cs=0 l=1 rev1=1 crypto rx=0x7f36640098a0 tx=0x7f3664009bb0 comp rx=0 tx=0).ready entity=mon.0 client_cookie=2aecc4f7113c03ba server_cookie=0 in_seq=0 out_seq=0
2024-04-27T03:54:47.276 INFO:teuthology.orchestra.run.smithi046.stdout:/usr/bin/ceph: stderr
2024-04-27T03:54:46.529+0000 7f3671d9b700 1 -- 172.21.15.46:0/3345760651 <== mon.0 v2:172.21.15.46:3300/0 1 ==== mon_map magic: 0 v1 ==== 229+0+0 (secure 0 0 0) 0x7f3664004180 con 0x7f36741065c0
2024-04-27T03:54:47.276 INFO:teuthology.orchestra.run.smithi046.stdout:/usr/bin/ceph: stderr
2024-04-27T03:54:46.529+0000 7f3671d9b700 1 -- 172.21.15.46:0/3345760651 <== mon.0 v2:172.21.15.46:3300/0 2 ==== config(27 keys) v1 ==== 1042+0+0 (secure 0 0 0) 0x7f36640042e0 con 0x7f36741065c0
2024-04-27T03:54:47.276 INFO:teuthology.orchestra.run.smithi046.stdout:/usr/bin/ceph: stderr
2024-04-27T03:54:46.529+0000 7f3671d9b700 1 -- 172.21.15.46:0/3345760651 <== mon.0 v2:172.21.15.46:3300/0 3 ==== mon_map magic: 0 v1 ==== 229+0+0 (secure 0 0 0) 0x7f3664011a70 con 0x7f36741065c0
2024-04-27T03:54:47.276 INFO:teuthology.orchestra.run.smithi046.stdout:/usr/bin/ceph: stderr
2024-04-27T03:54:46.529+0000 7f3679042700 1 -- 172.21.15.46:0/3345760651 >> [v2:172.21.15.46:3300/0,v1:172.21.15.46:6789/0] conn(0x7f36741065c0 msgr2=0x7f36741069e0 secure :-1 s=STATE_CONNECTION_ESTABLISHED l=1).mark_down
2024-04-27T03:54:47.277 INFO:teuthology.orchestra.run.smithi046.stdout:/usr/bin/ceph: stderr
2024-04-27T03:54:46.529+0000 7f3679042700 1 --2- 172.21.15.46:0/3345760651 >> [v2:172.21.15.46:3300/0,v1:172.21.15.46:6789/0] conn(0x7f36741065c0 0x7f36741069e0 secure :-1 s=READY pgs=41 cs=0 l=1 rev1=1 crypto rx=0x7f36640098a0 tx=0x7f3664009bb0 comp rx=0 tx=0).stop
2024-04-27T03:54:47.277 INFO:teuthology.orchestra.run.smithi046.stdout:/usr/bin/ceph: stderr
2024-04-27T03:54:46.529+0000 7f3679042700 1 -- 172.21.15.46:0/3345760651 shutdown_connections
2024-04-27T03:54:47.277 INFO:teuthology.orchestra.run.smithi046.stdout:/usr/bin/ceph: stderr
2024-04-27T03:54:46.529+0000 7f3679042700 1 --2- 172.21.15.46:0/3345760651 >> [v2:172.21.15.46:3300/0,v1:172.21.15.46:6789/0] conn(0x7f36741065c0 0x7f36741069e0 unknown :-1 s=CLOSED pgs=41 cs=0 l=1 rev1=1 crypto rx=0 tx=0 comp rx=0 tx=0).stop
2024-04-27T03:54:47.277 INFO:teuthology.orchestra.run.smithi046.stdout:/usr/bin/ceph: stderr
2024-04-27T03:54:46.529+0000 7f3679042700 1 -- 172.21.15.46:0/3345760651 >> 172.21.15.46:0/3345760651 conn(0x7f3674101be0 msgr2=0x7f3674104000 unknown :-1 s=STATE_NONE l=0).mark_down
2024-04-27T03:54:47.277 INFO:teuthology.orchestra.run.smithi046.stdout:/usr/bin/ceph: stderr
2024-04-27T03:54:46.529+0000 7f3679042700 1 -- 172.21.15.46:0/3345760651 shutdown_connections
2024-04-27T03:54:47.277 INFO:teuthology.orchestra.run.smithi046.stdout:/usr/bin/ceph: stderr
2024-04-27T03:54:46.529+0000 7f3679042700 1 -- 172.21.15.46:0/3345760651 wait complete.
2024-04-27T03:54:47.277 INFO:teuthology.orchestra.run.smithi046.stdout:/usr/bin/ceph: stderr
2024-04-27T03:54:46.530+0000 7f3679042700 1 Processor -- start
2024-04-27T03:54:47.277 INFO:teuthology.orchestra.run.smithi046.stdout:/usr/bin/ceph: stderr
2024-04-27T03:54:46.530+0000 7f3679042700 1 -- start start
2024-04-27T03:54:47.277 INFO:teuthology.orchestra.run.smithi046.stdout:/usr/bin/ceph: stderr
2024-04-27T03:54:46.530+0000 7f3679042700 1 --2- >> [v2:172.21.15.46:3300/0,v1:172.21.15.46:6789/0] conn(0x7f36741065c0 0x7f367419a2f0 unknown :-1 s=NONE pgs=0 cs=0 l=1 rev1=0 crypto rx=0 tx=0 comp rx=0 tx=0).connect
2024-04-27T03:54:47.277 INFO:teuthology.orchestra.run.smithi046.stdout:/usr/bin/ceph: stderr
2024-04-27T03:54:46.530+0000 7f3679042700 1 -- --> [v2:172.21.15.46:3300/0,v1:172.21.15.46:6789/0] -- mon_getmap magic: 0 v1 -- 0x7f367419a830 con 0x7f36741065c0
2024-04-27T03:54:47.277 INFO:teuthology.orchestra.run.smithi046.stdout:/usr/bin/ceph: stderr
2024-04-27T03:54:46.531+0000 7f3672d9d700 1 --2- >> [v2:172.21.15.46:3300/0,v1:172.21.15.46:6789/0] conn(0x7f36741065c0 0x7f367419a2f0 unknown :-1 s=BANNER_CONNECTING pgs=0 cs=0 l=1 rev1=0 crypto rx=0 tx=0 comp rx=0 tx=0)._handle_peer_banner_payload supported=3 required=0
2024-04-27T03:54:47.277 INFO:teuthology.orchestra.run.smithi046.stdout:/usr/bin/ceph: stderr
2024-04-27T03:54:46.531+0000 7f3672d9d700 1 --2- >> [v2:172.21.15.46:3300/0,v1:172.21.15.46:6789/0] conn(0x7f36741065c0 0x7f367419a2f0 unknown :-1 s=HELLO_CONNECTING pgs=0 cs=0 l=1 rev1=1 crypto rx=0 tx=0 comp rx=0 tx=0).handle_hello peer v2:172.21.15.46:3300/0 says I am v2:172.21.15.46:34638/0 (socket says 172.21.15.46:34638)
2024-04-27T03:54:47.278 INFO:teuthology.orchestra.run.smithi046.stdout:/usr/bin/ceph: stderr
2024-04-27T03:54:46.531+0000 7f3672d9d700 1 -- 172.21.15.46:0/462076723 learned_addr learned my addr 172.21.15.46:0/462076723 (peer_addr_for_me v2:172.21.15.46:0/0)
2024-04-27T03:54:47.278 INFO:teuthology.orchestra.run.smithi046.stdout:/usr/bin/ceph: stderr
2024-04-27T03:54:46.531+0000 7f3672d9d700 1 -- 172.21.15.46:0/462076723 --> [v2:172.21.15.46:3300/0,v1:172.21.15.46:6789/0] -- mon_subscribe({config=0+,monmap=0+}) v3 -- 0x7f3664009550 con 0x7f36741065c0
2024-04-27T03:54:47.278 INFO:teuthology.orchestra.run.smithi046.stdout:/usr/bin/ceph: stderr
2024-04-27T03:54:46.531+0000 7f3672d9d700 1 --2- 172.21.15.46:0/462076723 >> [v2:172.21.15.46:3300/0,v1:172.21.15.46:6789/0] conn(0x7f36741065c0 0x7f367419a2f0 secure :-1 s=READY pgs=42 cs=0 l=1 rev1=1 crypto rx=0x7f3664011710 tx=0x7f36640047c0 comp rx=0 tx=0).ready entity=mon.0 client_cookie=0 server_cookie=0 in_seq=0 out_seq=0
2024-04-27T03:54:47.278 INFO:teuthology.orchestra.run.smithi046.stdout:/usr/bin/ceph: stderr
2024-04-27T03:54:46.531+0000 7f365bfff700 1 -- 172.21.15.46:0/462076723 <== mon.0 v2:172.21.15.46:3300/0 1 ==== mon_map magic: 0 v1 ==== 229+0+0 (secure 0 0 0) 0x7f3664003b10 con 0x7f36741065c0
2024-04-27T03:54:47.278 INFO:teuthology.orchestra.run.smithi046.stdout:/usr/bin/ceph: stderr
2024-04-27T03:54:46.531+0000 7f3679042700 1 -- 172.21.15.46:0/462076723 --> [v2:172.21.15.46:3300/0,v1:172.21.15.46:6789/0] -- mon_subscribe({mgrmap=0+}) v3 -- 0x7f367419aa30 con 0x7f36741065c0
2024-04-27T03:54:47.278 INFO:teuthology.orchestra.run.smithi046.stdout:/usr/bin/ceph: stderr
2024-04-27T03:54:46.531+0000 7f365bfff700 1 -- 172.21.15.46:0/462076723 <== mon.0 v2:172.21.15.46:3300/0 2 ==== config(27 keys) v1 ==== 1042+0+0 (secure 0 0 0) 0x7f366401b8c0 con 0x7f36741065c0
2024-04-27T03:54:47.278 INFO:teuthology.orchestra.run.smithi046.stdout:/usr/bin/ceph: stderr
2024-04-27T03:54:46.531+0000 7f365bfff700 1 -- 172.21.15.46:0/462076723 <== mon.0 v2:172.21.15.46:3300/0 3 ==== mon_map magic: 0 v1 ==== 229+0+0 (secure 0 0 0) 0x7f3664019770 con 0x7f36741065c0
2024-04-27T03:54:47.278 INFO:teuthology.orchestra.run.smithi046.stdout:/usr/bin/ceph: stderr
2024-04-27T03:54:46.531+0000 7f3679042700 1 -- 172.21.15.46:0/462076723 --> [v2:172.21.15.46:3300/0,v1:172.21.15.46:6789/0] -- mon_subscribe({osdmap=0}) v3 -- 0x7f367419aed0 con 0x7f36741065c0
2024-04-27T03:54:47.278 INFO:teuthology.orchestra.run.smithi046.stdout:/usr/bin/ceph: stderr
2024-04-27T03:54:46.532+0000 7f365bfff700 1 -- 172.21.15.46:0/462076723 <== mon.0 v2:172.21.15.46:3300/0 4 ==== mgrmap(e 8) v1 ==== 45556+0+0 (secure 0 0 0) 0x7f36640199f0 con 0x7f36741065c0
2024-04-27T03:54:47.278 INFO:teuthology.orchestra.run.smithi046.stdout:/usr/bin/ceph: stderr
2024-04-27T03:54:46.532+0000 7f3679042700 1 -- 172.21.15.46:0/462076723 --> [v2:172.21.15.46:3300/0,v1:172.21.15.46:6789/0] -- mon_command({"prefix": "get_command_descriptions"} v 0) v1 -- 0x7f367410a9f0 con 0x7f36741065c0
2024-04-27T03:54:47.279 INFO:teuthology.orchestra.run.smithi046.stdout:/usr/bin/ceph: stderr
2024-04-27T03:54:46.532+0000 7f365bfff700 1 --2- 172.21.15.46:0/462076723 >> [v2:172.21.15.46:6800/333567692,v1:172.21.15.46:6801/333567692] conn(0x7f365c038720 0x7f365c03abe0 unknown :-1 s=NONE pgs=0 cs=0 l=1 rev1=0 crypto rx=0 tx=0 comp rx=0 tx=0).connect
2024-04-27T03:54:47.279 INFO:teuthology.orchestra.run.smithi046.stdout:/usr/bin/ceph: stderr
2024-04-27T03:54:46.532+0000 7f365bfff700 1 -- 172.21.15.46:0/462076723 <== mon.0 v2:172.21.15.46:3300/0 5 ==== osd_map(2..2 src has 1..2) v4 ==== 940+0+0 (secure 0 0 0) 0x7f366404c9e0 con 0x7f36741065c0
2024-04-27T03:54:47.279 INFO:teuthology.orchestra.run.smithi046.stdout:/usr/bin/ceph: stderr
2024-04-27T03:54:46.532+0000 7f367259c700 1 --2- 172.21.15.46:0/462076723 >> [v2:172.21.15.46:6800/333567692,v1:172.21.15.46:6801/333567692] conn(0x7f365c038720 0x7f365c03abe0 unknown :-1 s=BANNER_CONNECTING pgs=0 cs=0 l=1 rev1=0 crypto rx=0 tx=0 comp rx=0 tx=0)._handle_peer_banner_payload supported=3 required=0
2024-04-27T03:54:47.279 INFO:teuthology.orchestra.run.smithi046.stdout:/usr/bin/ceph: stderr
2024-04-27T03:54:46.533+0000 7f367259c700 1 --2- 172.21.15.46:0/462076723 >> [v2:172.21.15.46:6800/333567692,v1:172.21.15.46:6801/333567692] conn(0x7f365c038720 0x7f365c03abe0 secure :-1 s=READY pgs=10 cs=0 l=1 rev1=1 crypto rx=0x7f3668006fd0 tx=0x7f3668006e40 comp rx=0 tx=0).ready entity=mgr.14118 client_cookie=0 server_cookie=0 in_seq=0 out_seq=0
2024-04-27T03:54:47.279 INFO:teuthology.orchestra.run.smithi046.stdout:/usr/bin/ceph: stderr
2024-04-27T03:54:46.537+0000 7f365bfff700 1 -- 172.21.15.46:0/462076723 <== mon.0 v2:172.21.15.46:3300/0 6 ==== mon_command_ack([{"prefix": "get_command_descriptions"}]=0 v0) v1 ==== 72+0+183351 (secure 0 0 0) 0x7f36640189a0 con 0x7f36741065c0
2024-04-27T03:54:47.279 INFO:teuthology.orchestra.run.smithi046.stdout:/usr/bin/ceph: stderr
2024-04-27T03:54:46.742+0000 7f3679042700 1 -- 172.21.15.46:0/462076723 --> [v2:172.21.15.46:6800/333567692,v1:172.21.15.46:6801/333567692] -- mgr_command(tid 0: {"prefix": "cephadm get-pub-key", "target": ["mon-mgr", ""]}) v1 -- 0x7f367419d7c0 con 0x7f365c038720
2024-04-27T03:54:47.279 INFO:teuthology.orchestra.run.smithi046.stdout:/usr/bin/ceph: stderr
2024-04-27T03:54:46.742+0000 7f365bfff700 1 -- 172.21.15.46:0/462076723 <== mgr.14118 v2:172.21.15.46:6800/333567692 1 ==== mgr_command_reply(tid 0: 0 ) v1 ==== 8+0+595 (secure 0 0 0) 0x7f367419d7c0 con 0x7f365c038720
2024-04-27T03:54:47.279 INFO:teuthology.orchestra.run.smithi046.stdout:/usr/bin/ceph: stderr
2024-04-27T03:54:46.744+0000 7f3679042700 1 -- 172.21.15.46:0/462076723 >> [v2:172.21.15.46:6800/333567692,v1:172.21.15.46:6801/333567692] conn(0x7f365c038720 msgr2=0x7f365c03abe0 secure :-1 s=STATE_CONNECTION_ESTABLISHED l=1).mark_down
2024-04-27T03:54:47.279 INFO:teuthology.orchestra.run.smithi046.stdout:/usr/bin/ceph: stderr
2024-04-27T03:54:46.744+0000 7f3679042700 1 --2- 172.21.15.46:0/462076723 >> [v2:172.21.15.46:6800/333567692,v1:172.21.15.46:6801/333567692] conn(0x7f365c038720 0x7f365c03abe0 secure :-1 s=READY pgs=10 cs=0 l=1 rev1=1 crypto rx=0x7f3668006fd0 tx=0x7f3668006e40 comp rx=0 tx=0).stop
2024-04-27T03:54:47.279 INFO:teuthology.orchestra.run.smithi046.stdout:/usr/bin/ceph: stderr
2024-04-27T03:54:46.744+0000 7f3679042700 1 -- 172.21.15.46:0/462076723 >> [v2:172.21.15.46:3300/0,v1:172.21.15.46:6789/0] conn(0x7f36741065c0 msgr2=0x7f367419a2f0 secure :-1 s=STATE_CONNECTION_ESTABLISHED l=1).mark_down
2024-04-27T03:54:47.279 INFO:teuthology.orchestra.run.smithi046.stdout:/usr/bin/ceph: stderr
2024-04-27T03:54:46.744+0000 7f3679042700 1 --2- 172.21.15.46:0/462076723 >> [v2:172.21.15.46:3300/0,v1:172.21.15.46:6789/0] conn(0x7f36741065c0 0x7f367419a2f0 secure :-1 s=READY pgs=42 cs=0 l=1 rev1=1 crypto rx=0x7f3664011710 tx=0x7f36640047c0 comp rx=0 tx=0).stop
2024-04-27T03:54:47.279 INFO:teuthology.orchestra.run.smithi046.stdout:/usr/bin/ceph: stderr
2024-04-27T03:54:46.744+0000 7f3679042700 1 -- 172.21.15.46:0/462076723 shutdown_connections
2024-04-27T03:54:47.279 INFO:teuthology.orchestra.run.smithi046.stdout:/usr/bin/ceph: stderr
2024-04-27T03:54:46.744+0000 7f3679042700 1 --2- 172.21.15.46:0/462076723 >> [v2:172.21.15.46:6800/333567692,v1:172.21.15.46:6801/333567692] conn(0x7f365c038720 0x7f365c03abe0 unknown :-1 s=CLOSED pgs=10 cs=0 l=1 rev1=1 crypto rx=0 tx=0 comp rx=0 tx=0).stop
2024-04-27T03:54:47.280 INFO:teuthology.orchestra.run.smithi046.stdout:/usr/bin/ceph: stderr
2024-04-27T03:54:46.744+0000 7f3679042700 1 --2- 172.21.15.46:0/462076723 >> [v2:172.21.15.46:3300/0,v1:172.21.15.46:6789/0] conn(0x7f36741065c0 0x7f367419a2f0 unknown :-1 s=CLOSED pgs=42 cs=0 l=1 rev1=1 crypto rx=0 tx=0 comp rx=0 tx=0).stop
2024-04-27T03:54:47.280 INFO:teuthology.orchestra.run.smithi046.stdout:/usr/bin/ceph: stderr
2024-04-27T03:54:46.745+0000 7f3679042700 1 -- 172.21.15.46:0/462076723 >> 172.21.15.46:0/462076723 conn(0x7f3674101be0 msgr2=0x7f3674102740 unknown :-1 s=STATE_NONE l=0).mark_down
2024-04-27T03:54:47.280 INFO:teuthology.orchestra.run.smithi046.stdout:/usr/bin/ceph: stderr
2024-04-27T03:54:46.745+0000 7f3679042700 1 -- 172.21.15.46:0/462076723 shutdown_connections
2024-04-27T03:54:47.280 INFO:teuthology.orchestra.run.smithi046.stdout:/usr/bin/ceph: stderr
2024-04-27T03:54:46.745+0000 7f3679042700 1 -- 172.21.15.46:0/462076723 wait complete.
2024-04-27T03:54:47.280 INFO:teuthology.orchestra.run.smithi046.stdout:Wrote public SSH key to /home/ubuntu/cephtest/ceph.pub
2024-04-27T03:54:47.280 INFO:teuthology.orchestra.run.smithi046.stdout:Adding key to root@localhost authorized_keys...
2024-04-27T03:54:47.280 INFO:teuthology.orchestra.run.smithi046.stdout:Adding host smithi046...
2024-04-27T03:54:47.894 INFO:journalctl@ceph.mon.smithi046.smithi046.stdout:Apr 27 03:54:47 smithi046 ceph-mon[26899]: from='client.14136 -' entity='client.admin' cmd=[{"prefix": "cephadm get-pub-key", "target": ["mon-mgr", ""]}]: dispatch
2024-04-27T03:54:48.786 INFO:journalctl@ceph.mon.smithi046.smithi046.stdout:Apr 27 03:54:48 smithi046 ceph-mon[26899]: from='client.14138 -' entity='client.admin' cmd=[{"prefix": "orch host add", "hostname": "smithi046", "addr": "172.21.15.46", "target": ["mon-mgr", ""]}]: dispatch
2024-04-27T03:54:48.786 INFO:journalctl@ceph.mon.smithi046.smithi046.stdout:Apr 27 03:54:48 smithi046 ceph-mon[26899]: Deploying cephadm binary to smithi046
2024-04-27T03:54:50.949 INFO:teuthology.orchestra.run.smithi046.stdout:/usr/bin/ceph: stdout Added host 'smithi046' with addr '172.21.15.46'
2024-04-27T03:54:50.949 INFO:teuthology.orchestra.run.smithi046.stdout:/usr/bin/ceph: stderr
2024-04-27T03:54:47.674+0000 7fafdd564700 1 Processor -- start
2024-04-27T03:54:50.949 INFO:teuthology.orchestra.run.smithi046.stdout:/usr/bin/ceph: stderr
2024-04-27T03:54:47.674+0000 7fafdd564700 1 -- start start
2024-04-27T03:54:50.949 INFO:teuthology.orchestra.run.smithi046.stdout:/usr/bin/ceph: stderr
2024-04-27T03:54:47.674+0000 7fafdd564700 1 --2- >> [v2:172.21.15.46:3300/0,v1:172.21.15.46:6789/0] conn(0x7fafd81070c0 0x7fafd81094b0 unknown :-1 s=NONE pgs=0 cs=0 l=0 rev1=0 crypto rx=0 tx=0 comp rx=0 tx=0).connect
2024-04-27T03:54:50.949 INFO:teuthology.orchestra.run.smithi046.stdout:/usr/bin/ceph: stderr
2024-04-27T03:54:47.674+0000 7fafdd564700 1 -- --> [v2:172.21.15.46:3300/0,v1:172.21.15.46:6789/0] -- mon_getmap magic: 0 v1 -- 0x7fafd8079e50 con 0x7fafd81070c0
2024-04-27T03:54:50.949 INFO:teuthology.orchestra.run.smithi046.stdout:/usr/bin/ceph: stderr
2024-04-27T03:54:47.674+0000 7fafd6ffd700 1 --2- >> [v2:172.21.15.46:3300/0,v1:172.21.15.46:6789/0] conn(0x7fafd81070c0 0x7fafd81094b0 unknown :-1 s=BANNER_CONNECTING pgs=0 cs=0 l=0 rev1=0 crypto rx=0 tx=0 comp rx=0 tx=0)._handle_peer_banner_payload supported=3 required=0
2024-04-27T03:54:50.949 INFO:teuthology.orchestra.run.smithi046.stdout:/usr/bin/ceph: stderr
2024-04-27T03:54:47.674+0000 7fafd6ffd700 1 --2- >> [v2:172.21.15.46:3300/0,v1:172.21.15.46:6789/0] conn(0x7fafd81070c0 0x7fafd81094b0 unknown :-1 s=HELLO_CONNECTING pgs=0 cs=0 l=0 rev1=1 crypto rx=0 tx=0 comp rx=0 tx=0).handle_hello peer v2:172.21.15.46:3300/0 says I am v2:172.21.15.46:34646/0 (socket says 172.21.15.46:34646)
2024-04-27T03:54:50.949 INFO:teuthology.orchestra.run.smithi046.stdout:/usr/bin/ceph: stderr
2024-04-27T03:54:47.674+0000 7fafd6ffd700 1 -- 172.21.15.46:0/588948109 learned_addr learned my addr 172.21.15.46:0/588948109 (peer_addr_for_me v2:172.21.15.46:0/0)
2024-04-27T03:54:50.949 INFO:teuthology.orchestra.run.smithi046.stdout:/usr/bin/ceph: stderr
2024-04-27T03:54:47.674+0000 7fafd6ffd700 1 -- 172.21.15.46:0/588948109 --> [v2:172.21.15.46:3300/0,v1:172.21.15.46:6789/0] -- mon_subscribe({config=0+,monmap=0+}) v3 -- 0x7fafd81099f0 con 0x7fafd81070c0
2024-04-27T03:54:50.949 INFO:teuthology.orchestra.run.smithi046.stdout:/usr/bin/ceph: stderr
2024-04-27T03:54:47.675+0000 7fafd6ffd700 1 --2- 172.21.15.46:0/588948109 >> [v2:172.21.15.46:3300/0,v1:172.21.15.46:6789/0] conn(0x7fafd81070c0 0x7fafd81094b0 secure :-1 s=READY pgs=43 cs=0 l=1 rev1=1 crypto rx=0x7fafc80098a0 tx=0x7fafc8009bb0 comp rx=0 tx=0).ready entity=mon.0 client_cookie=5d22f9bbd1e9d12 server_cookie=0 in_seq=0 out_seq=0
2024-04-27T03:54:50.950 INFO:teuthology.orchestra.run.smithi046.stdout:/usr/bin/ceph: stderr
2024-04-27T03:54:47.675+0000 7fafd5ffb700 1 -- 172.21.15.46:0/588948109 <== mon.0 v2:172.21.15.46:3300/0 1 ==== mon_map magic: 0 v1 ==== 229+0+0 (secure 0 0 0) 0x7fafc8004180 con 0x7fafd81070c0
2024-04-27T03:54:50.950 INFO:teuthology.orchestra.run.smithi046.stdout:/usr/bin/ceph: stderr
2024-04-27T03:54:47.675+0000 7fafd5ffb700 1 -- 172.21.15.46:0/588948109 <== mon.0 v2:172.21.15.46:3300/0 2 ==== config(27 keys) v1 ==== 1042+0+0 (secure 0 0 0) 0x7fafc80042e0 con 0x7fafd81070c0
2024-04-27T03:54:50.950 INFO:teuthology.orchestra.run.smithi046.stdout:/usr/bin/ceph: stderr
2024-04-27T03:54:47.675+0000 7fafd5ffb700 1 -- 172.21.15.46:0/588948109 <== mon.0 v2:172.21.15.46:3300/0 3 ==== mon_map magic: 0 v1 ==== 229+0+0 (secure 0 0 0) 0x7fafc8011a70 con 0x7fafd81070c0
2024-04-27T03:54:50.950 INFO:teuthology.orchestra.run.smithi046.stdout:/usr/bin/ceph: stderr
2024-04-27T03:54:47.675+0000 7fafdd564700 1 -- 172.21.15.46:0/588948109 >> [v2:172.21.15.46:3300/0,v1:172.21.15.46:6789/0] conn(0x7fafd81070c0 msgr2=0x7fafd81094b0 secure :-1 s=STATE_CONNECTION_ESTABLISHED l=1).mark_down
2024-04-27T03:54:50.950 INFO:teuthology.orchestra.run.smithi046.stdout:/usr/bin/ceph: stderr
2024-04-27T03:54:47.675+0000 7fafdd564700 1 --2- 172.21.15.46:0/588948109 >> [v2:172.21.15.46:3300/0,v1:172.21.15.46:6789/0] conn(0x7fafd81070c0 0x7fafd81094b0 secure :-1 s=READY pgs=43 cs=0 l=1 rev1=1 crypto rx=0x7fafc80098a0 tx=0x7fafc8009bb0 comp rx=0 tx=0).stop
2024-04-27T03:54:50.950 INFO:teuthology.orchestra.run.smithi046.stdout:/usr/bin/ceph: stderr
2024-04-27T03:54:47.675+0000 7fafdd564700 1 -- 172.21.15.46:0/588948109 shutdown_connections
2024-04-27T03:54:50.950 INFO:teuthology.orchestra.run.smithi046.stdout:/usr/bin/ceph: stderr
2024-04-27T03:54:47.675+0000 7fafdd564700 1 --2- 172.21.15.46:0/588948109 >> [v2:172.21.15.46:3300/0,v1:172.21.15.46:6789/0] conn(0x7fafd81070c0 0x7fafd81094b0 unknown :-1 s=CLOSED pgs=43 cs=0 l=1 rev1=1 crypto rx=0 tx=0 comp rx=0 tx=0).stop
2024-04-27T03:54:50.950 INFO:teuthology.orchestra.run.smithi046.stdout:/usr/bin/ceph: stderr
2024-04-27T03:54:47.675+0000 7fafdd564700 1 -- 172.21.15.46:0/588948109 >> 172.21.15.46:0/588948109 conn(0x7fafd8100af0 msgr2=0x7fafd8102f10 unknown :-1 s=STATE_NONE l=0).mark_down
2024-04-27T03:54:50.950 INFO:teuthology.orchestra.run.smithi046.stdout:/usr/bin/ceph: stderr
2024-04-27T03:54:47.675+0000 7fafdd564700 1 -- 172.21.15.46:0/588948109 shutdown_connections
2024-04-27T03:54:50.950 INFO:teuthology.orchestra.run.smithi046.stdout:/usr/bin/ceph: stderr
2024-04-27T03:54:47.675+0000 7fafdd564700 1 -- 172.21.15.46:0/588948109 wait complete.
2024-04-27T03:54:50.951 INFO:teuthology.orchestra.run.smithi046.stdout:/usr/bin/ceph: stderr
2024-04-27T03:54:47.676+0000 7fafdd564700 1 Processor -- start
2024-04-27T03:54:50.951 INFO:teuthology.orchestra.run.smithi046.stdout:/usr/bin/ceph: stderr
2024-04-27T03:54:47.676+0000 7fafdd564700 1 -- start start
2024-04-27T03:54:50.951 INFO:teuthology.orchestra.run.smithi046.stdout:/usr/bin/ceph: stderr
2024-04-27T03:54:47.676+0000 7fafdd564700 1 --2- >> [v2:172.21.15.46:3300/0,v1:172.21.15.46:6789/0] conn(0x7fafd81070c0 0x7fafd819c510 unknown :-1 s=NONE pgs=0 cs=0 l=1 rev1=0 crypto rx=0 tx=0 comp rx=0 tx=0).connect
2024-04-27T03:54:50.951 INFO:teuthology.orchestra.run.smithi046.stdout:/usr/bin/ceph: stderr
2024-04-27T03:54:47.676+0000 7fafdd564700 1 -- --> [v2:172.21.15.46:3300/0,v1:172.21.15.46:6789/0] -- mon_getmap magic: 0 v1 -- 0x7fafd819ca50 con 0x7fafd81070c0
2024-04-27T03:54:50.951 INFO:teuthology.orchestra.run.smithi046.stdout:/usr/bin/ceph: stderr
2024-04-27T03:54:47.677+0000 7fafd6ffd700 1 --2- >> [v2:172.21.15.46:3300/0,v1:172.21.15.46:6789/0] conn(0x7fafd81070c0 0x7fafd819c510 unknown :-1 s=BANNER_CONNECTING pgs=0 cs=0 l=1 rev1=0 crypto rx=0 tx=0 comp rx=0 tx=0)._handle_peer_banner_payload supported=3 required=0
2024-04-27T03:54:50.951 INFO:teuthology.orchestra.run.smithi046.stdout:/usr/bin/ceph: stderr
2024-04-27T03:54:47.677+0000 7fafd6ffd700 1 --2- >> [v2:172.21.15.46:3300/0,v1:172.21.15.46:6789/0] conn(0x7fafd81070c0 0x7fafd819c510 unknown :-1 s=HELLO_CONNECTING pgs=0 cs=0 l=1 rev1=1 crypto rx=0 tx=0 comp rx=0 tx=0).handle_hello peer v2:172.21.15.46:3300/0 says I am v2:172.21.15.46:34652/0 (socket says 172.21.15.46:34652)
2024-04-27T03:54:50.951 INFO:teuthology.orchestra.run.smithi046.stdout:/usr/bin/ceph: stderr
2024-04-27T03:54:47.677+0000 7fafd6ffd700 1 -- 172.21.15.46:0/2316331791 learned_addr learned my addr 172.21.15.46:0/2316331791 (peer_addr_for_me v2:172.21.15.46:0/0)
2024-04-27T03:54:50.951 INFO:teuthology.orchestra.run.smithi046.stdout:/usr/bin/ceph: stderr
2024-04-27T03:54:47.677+0000 7fafd6ffd700 1 -- 172.21.15.46:0/2316331791 --> [v2:172.21.15.46:3300/0,v1:172.21.15.46:6789/0] -- mon_subscribe({config=0+,monmap=0+}) v3 -- 0x7fafc8009550 con 0x7fafd81070c0
2024-04-27T03:54:50.951 INFO:teuthology.orchestra.run.smithi046.stdout:/usr/bin/ceph: stderr
2024-04-27T03:54:47.677+0000 7fafd6ffd700 1 --2- 172.21.15.46:0/2316331791 >> [v2:172.21.15.46:3300/0,v1:172.21.15.46:6789/0] conn(0x7fafd81070c0 0x7fafd819c510 secure :-1 s=READY pgs=44 cs=0 l=1 rev1=1 crypto rx=0x7fafc8011710 tx=0x7fafc80047c0 comp rx=0 tx=0).ready entity=mon.0 client_cookie=0 server_cookie=0 in_seq=0 out_seq=0
2024-04-27T03:54:50.951 INFO:teuthology.orchestra.run.smithi046.stdout:/usr/bin/ceph: stderr
2024-04-27T03:54:47.677+0000 7fafbffff700 1 -- 172.21.15.46:0/2316331791 <== mon.0 v2:172.21.15.46:3300/0 1 ==== mon_map magic: 0 v1 ==== 229+0+0 (secure 0 0 0) 0x7fafc8003b10 con 0x7fafd81070c0
2024-04-27T03:54:50.951 INFO:teuthology.orchestra.run.smithi046.stdout:/usr/bin/ceph: stderr
2024-04-27T03:54:47.677+0000 7fafbffff700 1 -- 172.21.15.46:0/2316331791 <== mon.0 v2:172.21.15.46:3300/0 2 ==== config(27 keys) v1 ==== 1042+0+0 (secure 0 0 0) 0x7fafc801b8c0 con 0x7fafd81070c0
2024-04-27T03:54:50.951 INFO:teuthology.orchestra.run.smithi046.stdout:/usr/bin/ceph: stderr
2024-04-27T03:54:47.677+0000 7fafdd564700 1 -- 172.21.15.46:0/2316331791 --> [v2:172.21.15.46:3300/0,v1:172.21.15.46:6789/0] -- mon_subscribe({mgrmap=0+}) v3 -- 0x7fafd819cc50 con 0x7fafd81070c0
2024-04-27T03:54:50.951 INFO:teuthology.orchestra.run.smithi046.stdout:/usr/bin/ceph: stderr
2024-04-27T03:54:47.677+0000 7fafbffff700 1 -- 172.21.15.46:0/2316331791 <== mon.0 v2:172.21.15.46:3300/0 3 ==== mon_map magic: 0 v1 ==== 229+0+0 (secure 0 0 0) 0x7fafc80197e0 con 0x7fafd81070c0
2024-04-27T03:54:50.952 INFO:teuthology.orchestra.run.smithi046.stdout:/usr/bin/ceph: stderr
2024-04-27T03:54:47.677+0000 7fafdd564700 1 -- 172.21.15.46:0/2316331791 --> [v2:172.21.15.46:3300/0,v1:172.21.15.46:6789/0] -- mon_subscribe({osdmap=0}) v3 -- 0x7fafd819d0f0 con 0x7fafd81070c0
2024-04-27T03:54:50.952 INFO:teuthology.orchestra.run.smithi046.stdout:/usr/bin/ceph: stderr
2024-04-27T03:54:47.678+0000 7fafbffff700 1 -- 172.21.15.46:0/2316331791 <== mon.0 v2:172.21.15.46:3300/0 4 ==== mgrmap(e 8) v1 ==== 45556+0+0 (secure 0 0 0) 0x7fafc80199d0 con 0x7fafd81070c0
2024-04-27T03:54:50.952 INFO:teuthology.orchestra.run.smithi046.stdout:/usr/bin/ceph: stderr
2024-04-27T03:54:47.678+0000 7fafdd564700 1 -- 172.21.15.46:0/2316331791 --> [v2:172.21.15.46:3300/0,v1:172.21.15.46:6789/0] -- mon_command({"prefix": "get_command_descriptions"} v 0) v1 -- 0x7fafd810a710 con 0x7fafd81070c0
2024-04-27T03:54:50.952 INFO:teuthology.orchestra.run.smithi046.stdout:/usr/bin/ceph: stderr
2024-04-27T03:54:47.678+0000 7fafbffff700 1 --2- 172.21.15.46:0/2316331791 >> [v2:172.21.15.46:6800/333567692,v1:172.21.15.46:6801/333567692] conn(0x7fafc0038770 0x7fafc003ac30 unknown :-1 s=NONE pgs=0 cs=0 l=1 rev1=0 crypto rx=0 tx=0 comp rx=0 tx=0).connect
2024-04-27T03:54:50.952 INFO:teuthology.orchestra.run.smithi046.stdout:/usr/bin/ceph: stderr
2024-04-27T03:54:47.678+0000 7fafbffff700 1 -- 172.21.15.46:0/2316331791 <== mon.0 v2:172.21.15.46:3300/0 5 ==== osd_map(2..2 src has 1..2) v4 ==== 940+0+0 (secure 0 0 0) 0x7fafc804ca70 con 0x7fafd81070c0
2024-04-27T03:54:50.952 INFO:teuthology.orchestra.run.smithi046.stdout:/usr/bin/ceph: stderr
2024-04-27T03:54:47.679+0000 7fafd67fc700 1 --2- 172.21.15.46:0/2316331791 >> [v2:172.21.15.46:6800/333567692,v1:172.21.15.46:6801/333567692] conn(0x7fafc0038770 0x7fafc003ac30 unknown :-1 s=BANNER_CONNECTING pgs=0 cs=0 l=1 rev1=0 crypto rx=0 tx=0 comp rx=0 tx=0)._handle_peer_banner_payload supported=3 required=0
2024-04-27T03:54:50.952 INFO:teuthology.orchestra.run.smithi046.stdout:/usr/bin/ceph: stderr
