2024-04-27T03:54:59.973+0000 7f68c9b49700 1 -- 172.21.15.46:0/2883308492 --> [v2:172.21.15.46:6800/333567692,v1:172.21.15.46:6801/333567692] -- mgr_command(tid 0: {"prefix": "orch apply", "service_type": "grafana", "target": ["mon-mgr", ""]}) v1 -- 0x7f68c4102df0 con 0x7f68ac0386e0
2024-04-27T03:55:00.566 INFO:teuthology.orchestra.run.smithi046.stdout:/usr/bin/ceph: stderr
2024-04-27T03:54:59.979+0000 7f68c0ff9700 1 -- 172.21.15.46:0/2883308492 <== mgr.14118 v2:172.21.15.46:6800/333567692 1 ==== mgr_command_reply(tid 0: 0 ) v1 ==== 8+0+28 (secure 0 0 0) 0x7f68c4102df0 con 0x7f68ac0386e0
2024-04-27T03:55:00.566 INFO:teuthology.orchestra.run.smithi046.stdout:/usr/bin/ceph: stderr
2024-04-27T03:54:59.981+0000 7f68c9b49700 1 -- 172.21.15.46:0/2883308492 >> [v2:172.21.15.46:6800/333567692,v1:172.21.15.46:6801/333567692] conn(0x7f68ac0386e0 msgr2=0x7f68ac03aba0 secure :-1 s=STATE_CONNECTION_ESTABLISHED l=1).mark_down
2024-04-27T03:55:00.566 INFO:teuthology.orchestra.run.smithi046.stdout:/usr/bin/ceph: stderr
2024-04-27T03:54:59.981+0000 7f68c9b49700 1 --2- 172.21.15.46:0/2883308492 >> [v2:172.21.15.46:6800/333567692,v1:172.21.15.46:6801/333567692] conn(0x7f68ac0386e0 0x7f68ac03aba0 secure :-1 s=READY pgs=17 cs=0 l=1 rev1=1 crypto rx=0x7f68b4006fd0 tx=0x7f68b4006e40 comp rx=0 tx=0).stop
2024-04-27T03:55:00.566 INFO:teuthology.orchestra.run.smithi046.stdout:/usr/bin/ceph: stderr
2024-04-27T03:54:59.981+0000 7f68c9b49700 1 -- 172.21.15.46:0/2883308492 >> [v2:172.21.15.46:3300/0,v1:172.21.15.46:6789/0] conn(0x7f68c41065e0 msgr2=0x7f68c419a340 secure :-1 s=STATE_CONNECTION_ESTABLISHED l=1).mark_down
2024-04-27T03:55:00.566 INFO:teuthology.orchestra.run.smithi046.stdout:/usr/bin/ceph: stderr
2024-04-27T03:54:59.981+0000 7f68c9b49700 1 --2- 172.21.15.46:0/2883308492 >> [v2:172.21.15.46:3300/0,v1:172.21.15.46:6789/0] conn(0x7f68c41065e0 0x7f68c419a340 secure :-1 s=READY pgs=56 cs=0 l=1 rev1=1 crypto rx=0x7f68b8009fb0 tx=0x7f68b8011890 comp rx=0 tx=0).stop
2024-04-27T03:55:00.567 INFO:teuthology.orchestra.run.smithi046.stdout:/usr/bin/ceph: stderr
2024-04-27T03:54:59.981+0000 7f68c9b49700 1 -- 172.21.15.46:0/2883308492 shutdown_connections
2024-04-27T03:55:00.567 INFO:teuthology.orchestra.run.smithi046.stdout:/usr/bin/ceph: stderr
2024-04-27T03:54:59.981+0000 7f68c9b49700 1 --2- 172.21.15.46:0/2883308492 >> [v2:172.21.15.46:6800/333567692,v1:172.21.15.46:6801/333567692] conn(0x7f68ac0386e0 0x7f68ac03aba0 unknown :-1 s=CLOSED pgs=17 cs=0 l=1 rev1=1 crypto rx=0 tx=0 comp rx=0 tx=0).stop
2024-04-27T03:55:00.567 INFO:teuthology.orchestra.run.smithi046.stdout:/usr/bin/ceph: stderr
2024-04-27T03:54:59.981+0000 7f68c9b49700 1 --2- 172.21.15.46:0/2883308492 >> [v2:172.21.15.46:3300/0,v1:172.21.15.46:6789/0] conn(0x7f68c41065e0 0x7f68c419a340 unknown :-1 s=CLOSED pgs=56 cs=0 l=1 rev1=1 crypto rx=0 tx=0 comp rx=0 tx=0).stop
2024-04-27T03:55:00.567 INFO:teuthology.orchestra.run.smithi046.stdout:/usr/bin/ceph: stderr
2024-04-27T03:54:59.981+0000 7f68c9b49700 1 -- 172.21.15.46:0/2883308492 >> 172.21.15.46:0/2883308492 conn(0x7f68c4101b80 msgr2=0x7f68c41026e0 unknown :-1 s=STATE_NONE l=0).mark_down
2024-04-27T03:55:00.567 INFO:teuthology.orchestra.run.smithi046.stdout:/usr/bin/ceph: stderr
2024-04-27T03:54:59.981+0000 7f68c9b49700 1 -- 172.21.15.46:0/2883308492 shutdown_connections
2024-04-27T03:55:00.567 INFO:teuthology.orchestra.run.smithi046.stdout:/usr/bin/ceph: stderr
2024-04-27T03:54:59.981+0000 7f68c9b49700 1 -- 172.21.15.46:0/2883308492 wait complete.
2024-04-27T03:55:00.567 INFO:teuthology.orchestra.run.smithi046.stdout:Deploying node-exporter service with default placement...
2024-04-27T03:55:01.175 INFO:journalctl@ceph.mon.smithi046.smithi046.stdout:Apr 27 03:55:00 smithi046 ceph-mon[26899]: from='client.14150 -' entity='client.admin' cmd=[{"prefix": "orch apply", "service_type": "grafana", "target": ["mon-mgr", ""]}]: dispatch
2024-04-27T03:55:01.175 INFO:journalctl@ceph.mon.smithi046.smithi046.stdout:Apr 27 03:55:00 smithi046 ceph-mon[26899]: Saving service grafana spec with placement count:1
2024-04-27T03:55:01.175 INFO:journalctl@ceph.mon.smithi046.smithi046.stdout:Apr 27 03:55:00 smithi046 ceph-mon[26899]: from='mgr.14118 172.21.15.46:0/1303213767' entity='mgr.smithi046.qrfdvr'
2024-04-27T03:55:01.836 INFO:teuthology.orchestra.run.smithi046.stdout:/usr/bin/ceph: stdout Scheduled node-exporter update...
2024-04-27T03:55:01.836 INFO:teuthology.orchestra.run.smithi046.stdout:/usr/bin/ceph: stderr
2024-04-27T03:55:01.050+0000 7f0b5fffd700 1 Processor -- start
2024-04-27T03:55:01.837 INFO:teuthology.orchestra.run.smithi046.stdout:/usr/bin/ceph: stderr
2024-04-27T03:55:01.050+0000 7f0b5fffd700 1 -- start start
2024-04-27T03:55:01.837 INFO:teuthology.orchestra.run.smithi046.stdout:/usr/bin/ceph: stderr
2024-04-27T03:55:01.050+0000 7f0b5fffd700 1 --2- >> [v2:172.21.15.46:3300/0,v1:172.21.15.46:6789/0] conn(0x7f0b581065f0 0x7f0b58106a10 unknown :-1 s=NONE pgs=0 cs=0 l=0 rev1=0 crypto rx=0 tx=0 comp rx=0 tx=0).connect
2024-04-27T03:55:01.837 INFO:teuthology.orchestra.run.smithi046.stdout:/usr/bin/ceph: stderr
2024-04-27T03:55:01.050+0000 7f0b5fffd700 1 -- --> [v2:172.21.15.46:3300/0,v1:172.21.15.46:6789/0] -- mon_getmap magic: 0 v1 -- 0x7f0b58106fe0 con 0x7f0b581065f0
2024-04-27T03:55:01.837 INFO:teuthology.orchestra.run.smithi046.stdout:/usr/bin/ceph: stderr
2024-04-27T03:55:01.051+0000 7f0b5dd99700 1 --2- >> [v2:172.21.15.46:3300/0,v1:172.21.15.46:6789/0] conn(0x7f0b581065f0 0x7f0b58106a10 unknown :-1 s=BANNER_CONNECTING pgs=0 cs=0 l=0 rev1=0 crypto rx=0 tx=0 comp rx=0 tx=0)._handle_peer_banner_payload supported=3 required=0
2024-04-27T03:55:01.837 INFO:teuthology.orchestra.run.smithi046.stdout:/usr/bin/ceph: stderr
2024-04-27T03:55:01.051+0000 7f0b5dd99700 1 --2- >> [v2:172.21.15.46:3300/0,v1:172.21.15.46:6789/0] conn(0x7f0b581065f0 0x7f0b58106a10 unknown :-1 s=HELLO_CONNECTING pgs=0 cs=0 l=0 rev1=1 crypto rx=0 tx=0 comp rx=0 tx=0).handle_hello peer v2:172.21.15.46:3300/0 says I am v2:172.21.15.46:55238/0 (socket says 172.21.15.46:55238)
2024-04-27T03:55:01.837 INFO:teuthology.orchestra.run.smithi046.stdout:/usr/bin/ceph: stderr
2024-04-27T03:55:01.051+0000 7f0b5dd99700 1 -- 172.21.15.46:0/3289995888 learned_addr learned my addr 172.21.15.46:0/3289995888 (peer_addr_for_me v2:172.21.15.46:0/0)
2024-04-27T03:55:01.837 INFO:teuthology.orchestra.run.smithi046.stdout:/usr/bin/ceph: stderr
2024-04-27T03:55:01.051+0000 7f0b5dd99700 1 -- 172.21.15.46:0/3289995888 --> [v2:172.21.15.46:3300/0,v1:172.21.15.46:6789/0] -- mon_subscribe({config=0+,monmap=0+}) v3 -- 0x7f0b581077a0 con 0x7f0b581065f0
2024-04-27T03:55:01.837 INFO:teuthology.orchestra.run.smithi046.stdout:/usr/bin/ceph: stderr
2024-04-27T03:55:01.051+0000 7f0b5dd99700 1 --2- 172.21.15.46:0/3289995888 >> [v2:172.21.15.46:3300/0,v1:172.21.15.46:6789/0] conn(0x7f0b581065f0 0x7f0b58106a10 secure :-1 s=READY pgs=57 cs=0 l=1 rev1=1 crypto rx=0x7f0b50009e80 tx=0x7f0b5000b330 comp rx=0 tx=0).ready entity=mon.0 client_cookie=40daa3e3a1121362 server_cookie=0 in_seq=0 out_seq=0
2024-04-27T03:55:01.837 INFO:teuthology.orchestra.run.smithi046.stdout:/usr/bin/ceph: stderr
2024-04-27T03:55:01.051+0000 7f0b5cd97700 1 -- 172.21.15.46:0/3289995888 <== mon.0 v2:172.21.15.46:3300/0 1 ==== mon_map magic: 0 v1 ==== 229+0+0 (secure 0 0 0) 0x7f0b5000e070 con 0x7f0b581065f0
2024-04-27T03:55:01.837 INFO:teuthology.orchestra.run.smithi046.stdout:/usr/bin/ceph: stderr
2024-04-27T03:55:01.051+0000 7f0b5cd97700 1 -- 172.21.15.46:0/3289995888 <== mon.0 v2:172.21.15.46:3300/0 2 ==== config(27 keys) v1 ==== 1109+0+0 (secure 0 0 0) 0x7f0b5000b8c0 con 0x7f0b581065f0
2024-04-27T03:55:01.837 INFO:teuthology.orchestra.run.smithi046.stdout:/usr/bin/ceph: stderr
2024-04-27T03:55:01.051+0000 7f0b5cd97700 1 -- 172.21.15.46:0/3289995888 <== mon.0 v2:172.21.15.46:3300/0 3 ==== mon_map magic: 0 v1 ==== 229+0+0 (secure 0 0 0) 0x7f0b500044d0 con 0x7f0b581065f0
2024-04-27T03:55:01.837 INFO:teuthology.orchestra.run.smithi046.stdout:/usr/bin/ceph: stderr
2024-04-27T03:55:01.052+0000 7f0b5fffd700 1 -- 172.21.15.46:0/3289995888 >> [v2:172.21.15.46:3300/0,v1:172.21.15.46:6789/0] conn(0x7f0b581065f0 msgr2=0x7f0b58106a10 secure :-1 s=STATE_CONNECTION_ESTABLISHED l=1).mark_down
2024-04-27T03:55:01.837 INFO:teuthology.orchestra.run.smithi046.stdout:/usr/bin/ceph: stderr
2024-04-27T03:55:01.052+0000 7f0b5fffd700 1 --2- 172.21.15.46:0/3289995888 >> [v2:172.21.15.46:3300/0,v1:172.21.15.46:6789/0] conn(0x7f0b581065f0 0x7f0b58106a10 secure :-1 s=READY pgs=57 cs=0 l=1 rev1=1 crypto rx=0x7f0b50009e80 tx=0x7f0b5000b330 comp rx=0 tx=0).stop
2024-04-27T03:55:01.837 INFO:teuthology.orchestra.run.smithi046.stdout:/usr/bin/ceph: stderr
2024-04-27T03:55:01.052+0000 7f0b5fffd700 1 -- 172.21.15.46:0/3289995888 shutdown_connections
2024-04-27T03:55:01.838 INFO:teuthology.orchestra.run.smithi046.stdout:/usr/bin/ceph: stderr
2024-04-27T03:55:01.052+0000 7f0b5fffd700 1 --2- 172.21.15.46:0/3289995888 >> [v2:172.21.15.46:3300/0,v1:172.21.15.46:6789/0] conn(0x7f0b581065f0 0x7f0b58106a10 unknown :-1 s=CLOSED pgs=57 cs=0 l=1 rev1=1 crypto rx=0 tx=0 comp rx=0 tx=0).stop
2024-04-27T03:55:01.838 INFO:teuthology.orchestra.run.smithi046.stdout:/usr/bin/ceph: stderr
2024-04-27T03:55:01.052+0000 7f0b5fffd700 1 -- 172.21.15.46:0/3289995888 >> 172.21.15.46:0/3289995888 conn(0x7f0b58101b50 msgr2=0x7f0b58103fd0 unknown :-1 s=STATE_NONE l=0).mark_down
2024-04-27T03:55:01.838 INFO:teuthology.orchestra.run.smithi046.stdout:/usr/bin/ceph: stderr
2024-04-27T03:55:01.052+0000 7f0b5fffd700 1 -- 172.21.15.46:0/3289995888 shutdown_connections
2024-04-27T03:55:01.838 INFO:teuthology.orchestra.run.smithi046.stdout:/usr/bin/ceph: stderr
2024-04-27T03:55:01.052+0000 7f0b5fffd700 1 -- 172.21.15.46:0/3289995888 wait complete.
2024-04-27T03:55:01.838 INFO:teuthology.orchestra.run.smithi046.stdout:/usr/bin/ceph: stderr
2024-04-27T03:55:01.053+0000 7f0b5fffd700 1 Processor -- start
2024-04-27T03:55:01.838 INFO:teuthology.orchestra.run.smithi046.stdout:/usr/bin/ceph: stderr
2024-04-27T03:55:01.053+0000 7f0b5fffd700 1 -- start start
2024-04-27T03:55:01.838 INFO:teuthology.orchestra.run.smithi046.stdout:/usr/bin/ceph: stderr
2024-04-27T03:55:01.053+0000 7f0b5fffd700 1 --2- >> [v2:172.21.15.46:3300/0,v1:172.21.15.46:6789/0] conn(0x7f0b581065f0 0x7f0b5819a350 unknown :-1 s=NONE pgs=0 cs=0 l=1 rev1=0 crypto rx=0 tx=0 comp rx=0 tx=0).connect
2024-04-27T03:55:01.838 INFO:teuthology.orchestra.run.smithi046.stdout:/usr/bin/ceph: stderr
2024-04-27T03:55:01.053+0000 7f0b5fffd700 1 -- --> [v2:172.21.15.46:3300/0,v1:172.21.15.46:6789/0] -- mon_getmap magic: 0 v1 -- 0x7f0b5819a890 con 0x7f0b581065f0
2024-04-27T03:55:01.838 INFO:teuthology.orchestra.run.smithi046.stdout:/usr/bin/ceph: stderr
2024-04-27T03:55:01.053+0000 7f0b5dd99700 1 --2- >> [v2:172.21.15.46:3300/0,v1:172.21.15.46:6789/0] conn(0x7f0b581065f0 0x7f0b5819a350 unknown :-1 s=BANNER_CONNECTING pgs=0 cs=0 l=1 rev1=0 crypto rx=0 tx=0 comp rx=0 tx=0)._handle_peer_banner_payload supported=3 required=0
2024-04-27T03:55:01.838 INFO:teuthology.orchestra.run.smithi046.stdout:/usr/bin/ceph: stderr
2024-04-27T03:55:01.053+0000 7f0b5dd99700 1 --2- >> [v2:172.21.15.46:3300/0,v1:172.21.15.46:6789/0] conn(0x7f0b581065f0 0x7f0b5819a350 unknown :-1 s=HELLO_CONNECTING pgs=0 cs=0 l=1 rev1=1 crypto rx=0 tx=0 comp rx=0 tx=0).handle_hello peer v2:172.21.15.46:3300/0 says I am v2:172.21.15.46:55250/0 (socket says 172.21.15.46:55250)
2024-04-27T03:55:01.838 INFO:teuthology.orchestra.run.smithi046.stdout:/usr/bin/ceph: stderr
2024-04-27T03:55:01.053+0000 7f0b5dd99700 1 -- 172.21.15.46:0/1992289039 learned_addr learned my addr 172.21.15.46:0/1992289039 (peer_addr_for_me v2:172.21.15.46:0/0)
2024-04-27T03:55:01.838 INFO:teuthology.orchestra.run.smithi046.stdout:/usr/bin/ceph: stderr
2024-04-27T03:55:01.053+0000 7f0b5dd99700 1 -- 172.21.15.46:0/1992289039 --> [v2:172.21.15.46:3300/0,v1:172.21.15.46:6789/0] -- mon_subscribe({config=0+,monmap=0+}) v3 -- 0x7f0b50009b30 con 0x7f0b581065f0
2024-04-27T03:55:01.839 INFO:teuthology.orchestra.run.smithi046.stdout:/usr/bin/ceph: stderr
2024-04-27T03:55:01.053+0000 7f0b5dd99700 1 --2- 172.21.15.46:0/1992289039 >> [v2:172.21.15.46:3300/0,v1:172.21.15.46:6789/0] conn(0x7f0b581065f0 0x7f0b5819a350 secure :-1 s=READY pgs=58 cs=0 l=1 rev1=1 crypto rx=0x7f0b50000f80 tx=0x7f0b5000bcf0 comp rx=0 tx=0).ready entity=mon.0 client_cookie=0 server_cookie=0 in_seq=0 out_seq=0
2024-04-27T03:55:01.839 INFO:teuthology.orchestra.run.smithi046.stdout:/usr/bin/ceph: stderr
2024-04-27T03:55:01.053+0000 7f0b56ffd700 1 -- 172.21.15.46:0/1992289039 <== mon.0 v2:172.21.15.46:3300/0 1 ==== mon_map magic: 0 v1 ==== 229+0+0 (secure 0 0 0) 0x7f0b5000e040 con 0x7f0b581065f0
2024-04-27T03:55:01.839 INFO:teuthology.orchestra.run.smithi046.stdout:/usr/bin/ceph: stderr
2024-04-27T03:55:01.054+0000 7f0b5fffd700 1 -- 172.21.15.46:0/1992289039 --> [v2:172.21.15.46:3300/0,v1:172.21.15.46:6789/0] -- mon_subscribe({mgrmap=0+}) v3 -- 0x7f0b5819aa90 con 0x7f0b581065f0
2024-04-27T03:55:01.839 INFO:teuthology.orchestra.run.smithi046.stdout:/usr/bin/ceph: stderr
2024-04-27T03:55:01.054+0000 7f0b56ffd700 1 -- 172.21.15.46:0/1992289039 <== mon.0 v2:172.21.15.46:3300/0 2 ==== config(27 keys) v1 ==== 1109+0+0 (secure 0 0 0) 0x7f0b50003c30 con 0x7f0b581065f0
2024-04-27T03:55:01.839 INFO:teuthology.orchestra.run.smithi046.stdout:/usr/bin/ceph: stderr
2024-04-27T03:55:01.054+0000 7f0b56ffd700 1 -- 172.21.15.46:0/1992289039 <== mon.0 v2:172.21.15.46:3300/0 3 ==== mon_map magic: 0 v1 ==== 229+0+0 (secure 0 0 0) 0x7f0b500125e0 con 0x7f0b581065f0
2024-04-27T03:55:01.839 INFO:teuthology.orchestra.run.smithi046.stdout:/usr/bin/ceph: stderr
2024-04-27T03:55:01.054+0000 7f0b5fffd700 1 -- 172.21.15.46:0/1992289039 --> [v2:172.21.15.46:3300/0,v1:172.21.15.46:6789/0] -- mon_subscribe({osdmap=0}) v3 -- 0x7f0b5819af90 con 0x7f0b581065f0
2024-04-27T03:55:01.839 INFO:teuthology.orchestra.run.smithi046.stdout:/usr/bin/ceph: stderr
2024-04-27T03:55:01.054+0000 7f0b56ffd700 1 -- 172.21.15.46:0/1992289039 <== mon.0 v2:172.21.15.46:3300/0 4 ==== mgrmap(e 8) v1 ==== 45556+0+0 (secure 0 0 0) 0x7f0b50019040 con 0x7f0b581065f0
2024-04-27T03:55:01.839 INFO:teuthology.orchestra.run.smithi046.stdout:/usr/bin/ceph: stderr
2024-04-27T03:55:01.054+0000 7f0b5fffd700 1 -- 172.21.15.46:0/1992289039 --> [v2:172.21.15.46:3300/0,v1:172.21.15.46:6789/0] -- mon_command({"prefix": "get_command_descriptions"} v 0) v1 -- 0x7f0b58062510 con 0x7f0b581065f0
2024-04-27T03:55:01.839 INFO:teuthology.orchestra.run.smithi046.stdout:/usr/bin/ceph: stderr
2024-04-27T03:55:01.055+0000 7f0b56ffd700 1 --2- 172.21.15.46:0/1992289039 >> [v2:172.21.15.46:6800/333567692,v1:172.21.15.46:6801/333567692] conn(0x7f0b40038720 0x7f0b4003abe0 unknown :-1 s=NONE pgs=0 cs=0 l=1 rev1=0 crypto rx=0 tx=0 comp rx=0 tx=0).connect
2024-04-27T03:55:01.839 INFO:teuthology.orchestra.run.smithi046.stdout:/usr/bin/ceph: stderr
2024-04-27T03:55:01.055+0000 7f0b56ffd700 1 -- 172.21.15.46:0/1992289039 <== mon.0 v2:172.21.15.46:3300/0 5 ==== osd_map(2..2 src has 1..2) v4 ==== 940+0+0 (secure 0 0 0) 0x7f0b5004c2c0 con 0x7f0b581065f0
2024-04-27T03:55:01.839 INFO:teuthology.orchestra.run.smithi046.stdout:/usr/bin/ceph: stderr
2024-04-27T03:55:01.055+0000 7f0b5d598700 1 --2- 172.21.15.46:0/1992289039 >> [v2:172.21.15.46:6800/333567692,v1:172.21.15.46:6801/333567692] conn(0x7f0b40038720 0x7f0b4003abe0 unknown :-1 s=BANNER_CONNECTING pgs=0 cs=0 l=1 rev1=0 crypto rx=0 tx=0 comp rx=0 tx=0)._handle_peer_banner_payload supported=3 required=0
2024-04-27T03:55:01.839 INFO:teuthology.orchestra.run.smithi046.stdout:/usr/bin/ceph: stderr
2024-04-27T03:55:01.055+0000 7f0b5d598700 1 --2- 172.21.15.46:0/1992289039 >> [v2:172.21.15.46:6800/333567692,v1:172.21.15.46:6801/333567692] conn(0x7f0b40038720 0x7f0b4003abe0 secure :-1 s=READY pgs=18 cs=0 l=1 rev1=1 crypto rx=0x7f0b4c006fd0 tx=0x7f0b4c006e40 comp rx=0 tx=0).ready entity=mgr.14118 client_cookie=0 server_cookie=0 in_seq=0 out_seq=0
2024-04-27T03:55:01.840 INFO:teuthology.orchestra.run.smithi046.stdout:/usr/bin/ceph: stderr
2024-04-27T03:55:01.059+0000 7f0b56ffd700 1 -- 172.21.15.46:0/1992289039 <== mon.0 v2:172.21.15.46:3300/0 6 ==== mon_command_ack([{"prefix": "get_command_descriptions"}]=0 v0) v1 ==== 72+0+183351 (secure 0 0 0) 0x7f0b5002cb40 con 0x7f0b581065f0
2024-04-27T03:55:01.840 INFO:teuthology.orchestra.run.smithi046.stdout:/usr/bin/ceph: stderr
2024-04-27T03:55:01.274+0000 7f0b5fffd700 1 -- 172.21.15.46:0/1992289039 --> [v2:172.21.15.46:6800/333567692,v1:172.21.15.46:6801/333567692] -- mgr_command(tid 0: {"prefix": "orch apply", "service_type": "node-exporter", "target": ["mon-mgr", ""]}) v1 -- 0x7f0b5810a980 con 0x7f0b40038720
2024-04-27T03:55:01.840 INFO:teuthology.orchestra.run.smithi046.stdout:/usr/bin/ceph: stderr
2024-04-27T03:55:01.279+0000 7f0b56ffd700 1 -- 172.21.15.46:0/1992289039 <== mgr.14118 v2:172.21.15.46:6800/333567692 1 ==== mgr_command_reply(tid 0: 0 ) v1 ==== 8+0+34 (secure 0 0 0) 0x7f0b5810a980 con 0x7f0b40038720
2024-04-27T03:55:01.840 INFO:teuthology.orchestra.run.smithi046.stdout:/usr/bin/ceph: stderr
2024-04-27T03:55:01.281+0000 7f0b5fffd700 1 -- 172.21.15.46:0/1992289039 >> [v2:172.21.15.46:6800/333567692,v1:172.21.15.46:6801/333567692] conn(0x7f0b40038720 msgr2=0x7f0b4003abe0 secure :-1 s=STATE_CONNECTION_ESTABLISHED l=1).mark_down
2024-04-27T03:55:01.840 INFO:teuthology.orchestra.run.smithi046.stdout:/usr/bin/ceph: stderr
2024-04-27T03:55:01.281+0000 7f0b5fffd700 1 --2- 172.21.15.46:0/1992289039 >> [v2:172.21.15.46:6800/333567692,v1:172.21.15.46:6801/333567692] conn(0x7f0b40038720 0x7f0b4003abe0 secure :-1 s=READY pgs=18 cs=0 l=1 rev1=1 crypto rx=0x7f0b4c006fd0 tx=0x7f0b4c006e40 comp rx=0 tx=0).stop
2024-04-27T03:55:01.840 INFO:teuthology.orchestra.run.smithi046.stdout:/usr/bin/ceph: stderr
2024-04-27T03:55:01.281+0000 7f0b5fffd700 1 -- 172.21.15.46:0/1992289039 >> [v2:172.21.15.46:3300/0,v1:172.21.15.46:6789/0] conn(0x7f0b581065f0 msgr2=0x7f0b5819a350 secure :-1 s=STATE_CONNECTION_ESTABLISHED l=1).mark_down
2024-04-27T03:55:01.840 INFO:teuthology.orchestra.run.smithi046.stdout:/usr/bin/ceph: stderr
2024-04-27T03:55:01.281+0000 7f0b5fffd700 1 --2- 172.21.15.46:0/1992289039 >> [v2:172.21.15.46:3300/0,v1:172.21.15.46:6789/0] conn(0x7f0b581065f0 0x7f0b5819a350 secure :-1 s=READY pgs=58 cs=0 l=1 rev1=1 crypto rx=0x7f0b50000f80 tx=0x7f0b5000bcf0 comp rx=0 tx=0).stop
2024-04-27T03:55:01.840 INFO:teuthology.orchestra.run.smithi046.stdout:/usr/bin/ceph: stderr
2024-04-27T03:55:01.281+0000 7f0b5fffd700 1 -- 172.21.15.46:0/1992289039 shutdown_connections
2024-04-27T03:55:01.840 INFO:teuthology.orchestra.run.smithi046.stdout:/usr/bin/ceph: stderr
2024-04-27T03:55:01.281+0000 7f0b5fffd700 1 --2- 172.21.15.46:0/1992289039 >> [v2:172.21.15.46:6800/333567692,v1:172.21.15.46:6801/333567692] conn(0x7f0b40038720 0x7f0b4003abe0 unknown :-1 s=CLOSED pgs=18 cs=0 l=1 rev1=1 crypto rx=0 tx=0 comp rx=0 tx=0).stop
2024-04-27T03:55:01.840 INFO:teuthology.orchestra.run.smithi046.stdout:/usr/bin/ceph: stderr
2024-04-27T03:55:01.281+0000 7f0b5fffd700 1 --2- 172.21.15.46:0/1992289039 >> [v2:172.21.15.46:3300/0,v1:172.21.15.46:6789/0] conn(0x7f0b581065f0 0x7f0b5819a350 unknown :-1 s=CLOSED pgs=58 cs=0 l=1 rev1=1 crypto rx=0 tx=0 comp rx=0 tx=0).stop
2024-04-27T03:55:01.840 INFO:teuthology.orchestra.run.smithi046.stdout:/usr/bin/ceph: stderr
2024-04-27T03:55:01.281+0000 7f0b5fffd700 1 -- 172.21.15.46:0/1992289039 >> 172.21.15.46:0/1992289039 conn(0x7f0b58101b50 msgr2=0x7f0b58102770 unknown :-1 s=STATE_NONE l=0).mark_down
2024-04-27T03:55:01.841 INFO:teuthology.orchestra.run.smithi046.stdout:/usr/bin/ceph: stderr
2024-04-27T03:55:01.281+0000 7f0b5fffd700 1 -- 172.21.15.46:0/1992289039 shutdown_connections
2024-04-27T03:55:01.841 INFO:teuthology.orchestra.run.smithi046.stdout:/usr/bin/ceph: stderr
2024-04-27T03:55:01.281+0000 7f0b5fffd700 1 -- 172.21.15.46:0/1992289039 wait complete.
2024-04-27T03:55:01.841 INFO:teuthology.orchestra.run.smithi046.stdout:Deploying alertmanager service with default placement...
2024-04-27T03:55:02.425 INFO:journalctl@ceph.mon.smithi046.smithi046.stdout:Apr 27 03:55:02 smithi046 ceph-mon[26899]: pgmap v3: 0 pgs: ; 0 B data, 0 B used, 0 B / 0 B avail
2024-04-27T03:55:02.425 INFO:journalctl@ceph.mon.smithi046.smithi046.stdout:Apr 27 03:55:02 smithi046 ceph-mon[26899]: from='client.14152 -' entity='client.admin' cmd=[{"prefix": "orch apply", "service_type": "node-exporter", "target": ["mon-mgr", ""]}]: dispatch
2024-04-27T03:55:02.425 INFO:journalctl@ceph.mon.smithi046.smithi046.stdout:Apr 27 03:55:02 smithi046 ceph-mon[26899]: Saving service node-exporter spec with placement *
2024-04-27T03:55:02.425 INFO:journalctl@ceph.mon.smithi046.smithi046.stdout:Apr 27 03:55:02 smithi046 ceph-mon[26899]: from='mgr.14118 172.21.15.46:0/1303213767' entity='mgr.smithi046.qrfdvr'
2024-04-27T03:55:03.110 INFO:teuthology.orchestra.run.smithi046.stdout:/usr/bin/ceph: stdout Scheduled alertmanager update...
2024-04-27T03:55:03.110 INFO:teuthology.orchestra.run.smithi046.stdout:/usr/bin/ceph: stderr
2024-04-27T03:55:02.282+0000 7ff6387f9700 1 Processor -- start
2024-04-27T03:55:03.110 INFO:teuthology.orchestra.run.smithi046.stdout:/usr/bin/ceph: stderr
2024-04-27T03:55:02.282+0000 7ff6387f9700 1 -- start start
2024-04-27T03:55:03.110 INFO:teuthology.orchestra.run.smithi046.stdout:/usr/bin/ceph: stderr
2024-04-27T03:55:02.282+0000 7ff6387f9700 1 --2- >> [v2:172.21.15.46:3300/0,v1:172.21.15.46:6789/0] conn(0x7ff630107020 0x7ff630109410 unknown :-1 s=NONE pgs=0 cs=0 l=0 rev1=0 crypto rx=0 tx=0 comp rx=0 tx=0).connect
2024-04-27T03:55:03.110 INFO:teuthology.orchestra.run.smithi046.stdout:/usr/bin/ceph: stderr
2024-04-27T03:55:02.282+0000 7ff6387f9700 1 -- --> [v2:172.21.15.46:3300/0,v1:172.21.15.46:6789/0] -- mon_getmap magic: 0 v1 -- 0x7ff630079ed0 con 0x7ff630107020
2024-04-27T03:55:03.111 INFO:teuthology.orchestra.run.smithi046.stdout:/usr/bin/ceph: stderr
2024-04-27T03:55:02.282+0000 7ff636595700 1 --2- >> [v2:172.21.15.46:3300/0,v1:172.21.15.46:6789/0] conn(0x7ff630107020 0x7ff630109410 unknown :-1 s=BANNER_CONNECTING pgs=0 cs=0 l=0 rev1=0 crypto rx=0 tx=0 comp rx=0 tx=0)._handle_peer_banner_payload supported=3 required=0
2024-04-27T03:55:03.111 INFO:teuthology.orchestra.run.smithi046.stdout:/usr/bin/ceph: stderr
2024-04-27T03:55:02.282+0000 7ff636595700 1 --2- >> [v2:172.21.15.46:3300/0,v1:172.21.15.46:6789/0] conn(0x7ff630107020 0x7ff630109410 unknown :-1 s=HELLO_CONNECTING pgs=0 cs=0 l=0 rev1=1 crypto rx=0 tx=0 comp rx=0 tx=0).handle_hello peer v2:172.21.15.46:3300/0 says I am v2:172.21.15.46:55258/0 (socket says 172.21.15.46:55258)
2024-04-27T03:55:03.111 INFO:teuthology.orchestra.run.smithi046.stdout:/usr/bin/ceph: stderr
2024-04-27T03:55:02.282+0000 7ff636595700 1 -- 172.21.15.46:0/3366695655 learned_addr learned my addr 172.21.15.46:0/3366695655 (peer_addr_for_me v2:172.21.15.46:0/0)
2024-04-27T03:55:03.111 INFO:teuthology.orchestra.run.smithi046.stdout:/usr/bin/ceph: stderr
2024-04-27T03:55:02.283+0000 7ff636595700 1 -- 172.21.15.46:0/3366695655 --> [v2:172.21.15.46:3300/0,v1:172.21.15.46:6789/0] -- mon_subscribe({config=0+,monmap=0+}) v3 -- 0x7ff630109950 con 0x7ff630107020
2024-04-27T03:55:03.111 INFO:teuthology.orchestra.run.smithi046.stdout:/usr/bin/ceph: stderr
2024-04-27T03:55:02.283+0000 7ff636595700 1 --2- 172.21.15.46:0/3366695655 >> [v2:172.21.15.46:3300/0,v1:172.21.15.46:6789/0] conn(0x7ff630107020 0x7ff630109410 secure :-1 s=READY pgs=59 cs=0 l=1 rev1=1 crypto rx=0x7ff6200098a0 tx=0x7ff620009bb0 comp rx=0 tx=0).ready entity=mon.0 client_cookie=40b3c400b144329c server_cookie=0 in_seq=0 out_seq=0
2024-04-27T03:55:03.111 INFO:teuthology.orchestra.run.smithi046.stdout:/usr/bin/ceph: stderr
2024-04-27T03:55:02.283+0000 7ff635593700 1 -- 172.21.15.46:0/3366695655 <== mon.0 v2:172.21.15.46:3300/0 1 ==== mon_map magic: 0 v1 ==== 229+0+0 (secure 0 0 0) 0x7ff620004180 con 0x7ff630107020
2024-04-27T03:55:03.111 INFO:teuthology.orchestra.run.smithi046.stdout:/usr/bin/ceph: stderr
2024-04-27T03:55:02.283+0000 7ff635593700 1 -- 172.21.15.46:0/3366695655 <== mon.0 v2:172.21.15.46:3300/0 2 ==== config(27 keys) v1 ==== 1109+0+0 (secure 0 0 0) 0x7ff6200042e0 con 0x7ff630107020
2024-04-27T03:55:03.111 INFO:teuthology.orchestra.run.smithi046.stdout:/usr/bin/ceph: stderr
2024-04-27T03:55:02.283+0000 7ff635593700 1 -- 172.21.15.46:0/3366695655 <== mon.0 v2:172.21.15.46:3300/0 3 ==== mon_map magic: 0 v1 ==== 229+0+0 (secure 0 0 0) 0x7ff620011b10 con 0x7ff630107020
2024-04-27T03:55:03.111 INFO:teuthology.orchestra.run.smithi046.stdout:/usr/bin/ceph: stderr
2024-04-27T03:55:02.284+0000 7ff6387f9700 1 -- 172.21.15.46:0/3366695655 >> [v2:172.21.15.46:3300/0,v1:172.21.15.46:6789/0] conn(0x7ff630107020 msgr2=0x7ff630109410 secure :-1 s=STATE_CONNECTION_ESTABLISHED l=1).mark_down
2024-04-27T03:55:03.111 INFO:teuthology.orchestra.run.smithi046.stdout:/usr/bin/ceph: stderr
2024-04-27T03:55:02.284+0000 7ff6387f9700 1 --2- 172.21.15.46:0/3366695655 >> [v2:172.21.15.46:3300/0,v1:172.21.15.46:6789/0] conn(0x7ff630107020 0x7ff630109410 secure :-1 s=READY pgs=59 cs=0 l=1 rev1=1 crypto rx=0x7ff6200098a0 tx=0x7ff620009bb0 comp rx=0 tx=0).stop
2024-04-27T03:55:03.111 INFO:teuthology.orchestra.run.smithi046.stdout:/usr/bin/ceph: stderr
2024-04-27T03:55:02.284+0000 7ff6387f9700 1 -- 172.21.15.46:0/3366695655 shutdown_connections
2024-04-27T03:55:03.111 INFO:teuthology.orchestra.run.smithi046.stdout:/usr/bin/ceph: stderr
2024-04-27T03:55:02.284+0000 7ff6387f9700 1 --2- 172.21.15.46:0/3366695655 >> [v2:172.21.15.46:3300/0,v1:172.21.15.46:6789/0] conn(0x7ff630107020 0x7ff630109410 unknown :-1 s=CLOSED pgs=59 cs=0 l=1 rev1=1 crypto rx=0 tx=0 comp rx=0 tx=0).stop
2024-04-27T03:55:03.112 INFO:teuthology.orchestra.run.smithi046.stdout:/usr/bin/ceph: stderr
2024-04-27T03:55:02.284+0000 7ff6387f9700 1 -- 172.21.15.46:0/3366695655 >> 172.21.15.46:0/3366695655 conn(0x7ff630100ab0 msgr2=0x7ff630102ed0 unknown :-1 s=STATE_NONE l=0).mark_down
2024-04-27T03:55:03.112 INFO:teuthology.orchestra.run.smithi046.stdout:/usr/bin/ceph: stderr
2024-04-27T03:55:02.284+0000 7ff6387f9700 1 -- 172.21.15.46:0/3366695655 shutdown_connections
2024-04-27T03:55:03.112 INFO:teuthology.orchestra.run.smithi046.stdout:/usr/bin/ceph: stderr
2024-04-27T03:55:02.284+0000 7ff6387f9700 1 -- 172.21.15.46:0/3366695655 wait complete.
2024-04-27T03:55:03.112 INFO:teuthology.orchestra.run.smithi046.stdout:/usr/bin/ceph: stderr
2024-04-27T03:55:02.284+0000 7ff6387f9700 1 Processor -- start
2024-04-27T03:55:03.112 INFO:teuthology.orchestra.run.smithi046.stdout:/usr/bin/ceph: stderr
2024-04-27T03:55:02.285+0000 7ff6387f9700 1 -- start start
2024-04-27T03:55:03.112 INFO:teuthology.orchestra.run.smithi046.stdout:/usr/bin/ceph: stderr
2024-04-27T03:55:02.285+0000 7ff6387f9700 1 --2- >> [v2:172.21.15.46:3300/0,v1:172.21.15.46:6789/0] conn(0x7ff630107020 0x7ff63019c520 unknown :-1 s=NONE pgs=0 cs=0 l=1 rev1=0 crypto rx=0 tx=0 comp rx=0 tx=0).connect
2024-04-27T03:55:03.112 INFO:teuthology.orchestra.run.smithi046.stdout:/usr/bin/ceph: stderr
2024-04-27T03:55:02.285+0000 7ff6387f9700 1 -- --> [v2:172.21.15.46:3300/0,v1:172.21.15.46:6789/0] -- mon_getmap magic: 0 v1 -- 0x7ff63019ca60 con 0x7ff630107020
2024-04-27T03:55:03.112 INFO:teuthology.orchestra.run.smithi046.stdout:/usr/bin/ceph: stderr
2024-04-27T03:55:02.285+0000 7ff636595700 1 --2- >> [v2:172.21.15.46:3300/0,v1:172.21.15.46:6789/0] conn(0x7ff630107020 0x7ff63019c520 unknown :-1 s=BANNER_CONNECTING pgs=0 cs=0 l=1 rev1=0 crypto rx=0 tx=0 comp rx=0 tx=0)._handle_peer_banner_payload supported=3 required=0
2024-04-27T03:55:03.112 INFO:teuthology.orchestra.run.smithi046.stdout:/usr/bin/ceph: stderr
2024-04-27T03:55:02.285+0000 7ff636595700 1 --2- >> [v2:172.21.15.46:3300/0,v1:172.21.15.46:6789/0] conn(0x7ff630107020 0x7ff63019c520 unknown :-1 s=HELLO_CONNECTING pgs=0 cs=0 l=1 rev1=1 crypto rx=0 tx=0 comp rx=0 tx=0).handle_hello peer v2:172.21.15.46:3300/0 says I am v2:172.21.15.46:55270/0 (socket says 172.21.15.46:55270)
2024-04-27T03:55:03.112 INFO:teuthology.orchestra.run.smithi046.stdout:/usr/bin/ceph: stderr
2024-04-27T03:55:02.285+0000 7ff636595700 1 -- 172.21.15.46:0/3487719743 learned_addr learned my addr 172.21.15.46:0/3487719743 (peer_addr_for_me v2:172.21.15.46:0/0)
2024-04-27T03:55:03.112 INFO:teuthology.orchestra.run.smithi046.stdout:/usr/bin/ceph: stderr
2024-04-27T03:55:02.285+0000 7ff636595700 1 -- 172.21.15.46:0/3487719743 --> [v2:172.21.15.46:3300/0,v1:172.21.15.46:6789/0] -- mon_subscribe({config=0+,monmap=0+}) v3 -- 0x7ff620009550 con 0x7ff630107020
2024-04-27T03:55:03.113 INFO:teuthology.orchestra.run.smithi046.stdout:/usr/bin/ceph: stderr
2024-04-27T03:55:02.285+0000 7ff636595700 1 --2- 172.21.15.46:0/3487719743 >> [v2:172.21.15.46:3300/0,v1:172.21.15.46:6789/0] conn(0x7ff630107020 0x7ff63019c520 secure :-1 s=READY pgs=60 cs=0 l=1 rev1=1 crypto rx=0x7ff6200117b0 tx=0x7ff620011890 comp rx=0 tx=0).ready entity=mon.0 client_cookie=0 server_cookie=0 in_seq=0 out_seq=0
2024-04-27T03:55:03.113 INFO:teuthology.orchestra.run.smithi046.stdout:/usr/bin/ceph: stderr
2024-04-27T03:55:02.285+0000 7ff6277fe700 1 -- 172.21.15.46:0/3487719743 <== mon.0 v2:172.21.15.46:3300/0 1 ==== mon_map magic: 0 v1 ==== 229+0+0 (secure 0 0 0) 0x7ff6200038b0 con 0x7ff630107020
2024-04-27T03:55:03.113 INFO:teuthology.orchestra.run.smithi046.stdout:/usr/bin/ceph: stderr
2024-04-27T03:55:02.285+0000 7ff6277fe700 1 -- 172.21.15.46:0/3487719743 <== mon.0 v2:172.21.15.46:3300/0 2 ==== config(27 keys) v1 ==== 1109+0+0 (secure 0 0 0) 0x7ff620003a10 con 0x7ff630107020
2024-04-27T03:55:03.113 INFO:teuthology.orchestra.run.smithi046.stdout:/usr/bin/ceph: stderr
2024-04-27T03:55:02.285+0000 7ff6387f9700 1 -- 172.21.15.46:0/3487719743 --> [v2:172.21.15.46:3300/0,v1:172.21.15.46:6789/0] -- mon_subscribe({mgrmap=0+}) v3 -- 0x7ff63019cc60 con 0x7ff630107020
2024-04-27T03:55:03.113 INFO:teuthology.orchestra.run.smithi046.stdout:/usr/bin/ceph: stderr
2024-04-27T03:55:02.286+0000 7ff6277fe700 1 -- 172.21.15.46:0/3487719743 <== mon.0 v2:172.21.15.46:3300/0 3 ==== mon_map magic: 0 v1 ==== 229+0+0 (secure 0 0 0) 0x7ff620024780 con 0x7ff630107020
2024-04-27T03:55:03.113 INFO:teuthology.orchestra.run.smithi046.stdout:/usr/bin/ceph: stderr
2024-04-27T03:55:02.286+0000 7ff6387f9700 1 -- 172.21.15.46:0/3487719743 --> [v2:172.21.15.46:3300/0,v1:172.21.15.46:6789/0] -- mon_subscribe({osdmap=0}) v3 -- 0x7ff63019d100 con 0x7ff630107020
2024-04-27T03:55:03.113 INFO:teuthology.orchestra.run.smithi046.stdout:/usr/bin/ceph: stderr
2024-04-27T03:55:02.286+0000 7ff6277fe700 1 -- 172.21.15.46:0/3487719743 <== mon.0 v2:172.21.15.46:3300/0 4 ==== mgrmap(e 8) v1 ==== 45556+0+0 (secure 0 0 0) 0x7ff6200249c0 con 0x7ff630107020
2024-04-27T03:55:03.113 INFO:teuthology.orchestra.run.smithi046.stdout:/usr/bin/ceph: stderr
2024-04-27T03:55:02.286+0000 7ff6277fe700 1 --2- 172.21.15.46:0/3487719743 >> [v2:172.21.15.46:6800/333567692,v1:172.21.15.46:6801/333567692] conn(0x7ff61c038770 0x7ff61c03ac30 unknown :-1 s=NONE pgs=0 cs=0 l=1 rev1=0 crypto rx=0 tx=0 comp rx=0 tx=0).connect
2024-04-27T03:55:03.113 INFO:teuthology.orchestra.run.smithi046.stdout:/usr/bin/ceph: stderr
2024-04-27T03:55:02.286+0000 7ff6387f9700 1 -- 172.21.15.46:0/3487719743 --> [v2:172.21.15.46:3300/0,v1:172.21.15.46:6789/0] -- mon_command({"prefix": "get_command_descriptions"} v 0) v1 -- 0x7ff63010a740 con 0x7ff630107020
2024-04-27T03:55:03.113 INFO:teuthology.orchestra.run.smithi046.stdout:/usr/bin/ceph: stderr
2024-04-27T03:55:02.287+0000 7ff6277fe700 1 -- 172.21.15.46:0/3487719743 <== mon.0 v2:172.21.15.46:3300/0 5 ==== osd_map(2..2 src has 1..2) v4 ==== 940+0+0 (secure 0 0 0) 0x7ff62004c9d0 con 0x7ff630107020
2024-04-27T03:55:03.113 INFO:teuthology.orchestra.run.smithi046.stdout:/usr/bin/ceph: stderr
2024-04-27T03:55:02.287+0000 7ff635d94700 1 --2- 172.21.15.46:0/3487719743 >> [v2:172.21.15.46:6800/333567692,v1:172.21.15.46:6801/333567692] conn(0x7ff61c038770 0x7ff61c03ac30 unknown :-1 s=BANNER_CONNECTING pgs=0 cs=0 l=1 rev1=0 crypto rx=0 tx=0 comp rx=0 tx=0)._handle_peer_banner_payload supported=3 required=0
2024-04-27T03:55:03.114 INFO:teuthology.orchestra.run.smithi046.stdout:/usr/bin/ceph: stderr
2024-04-27T03:55:02.287+0000 7ff635d94700 1 --2- 172.21.15.46:0/3487719743 >> [v2:172.21.15.46:6800/333567692,v1:172.21.15.46:6801/333567692] conn(0x7ff61c038770 0x7ff61c03ac30 secure :-1 s=READY pgs=19 cs=0 l=1 rev1=1 crypto rx=0x7ff62c006fd0 tx=0x7ff62c006e40 comp rx=0 tx=0).ready entity=mgr.14118 client_cookie=0 server_cookie=0 in_seq=0 out_seq=0
2024-04-27T03:55:03.114 INFO:teuthology.orchestra.run.smithi046.stdout:/usr/bin/ceph: stderr
2024-04-27T03:55:02.291+0000 7ff6277fe700 1 -- 172.21.15.46:0/3487719743 <== mon.0 v2:172.21.15.46:3300/0 6 ==== mon_command_ack([{"prefix": "get_command_descriptions"}]=0 v0) v1 ==== 72+0+183351 (secure 0 0 0) 0x7ff620024c70 con 0x7ff630107020
2024-04-27T03:55:03.114 INFO:teuthology.orchestra.run.smithi046.stdout:/usr/bin/ceph: stderr
2024-04-27T03:55:02.509+0000 7ff6387f9700 1 -- 172.21.15.46:0/3487719743 --> [v2:172.21.15.46:6800/333567692,v1:172.21.15.46:6801/333567692] -- mgr_command(tid 0: {"prefix": "orch apply", "service_type": "alertmanager", "target": ["mon-mgr", ""]}) v1 -- 0x7ff630101c40 con 0x7ff61c038770
2024-04-27T03:55:03.114 INFO:teuthology.orchestra.run.smithi046.stdout:/usr/bin/ceph: stderr
2024-04-27T03:55:02.514+0000 7ff6277fe700 1 -- 172.21.15.46:0/3487719743 <== mgr.14118 v2:172.21.15.46:6800/333567692 1 ==== mgr_command_reply(tid 0: 0 ) v1 ==== 8+0+33 (secure 0 0 0) 0x7ff630101c40 con 0x7ff61c038770
2024-04-27T03:55:03.114 INFO:teuthology.orchestra.run.smithi046.stdout:/usr/bin/ceph: stderr
2024-04-27T03:55:02.516+0000 7ff6387f9700 1 -- 172.21.15.46:0/3487719743 >> [v2:172.21.15.46:6800/333567692,v1:172.21.15.46:6801/333567692] conn(0x7ff61c038770 msgr2=0x7ff61c03ac30 secure :-1 s=STATE_CONNECTION_ESTABLISHED l=1).mark_down
2024-04-27T03:55:03.114 INFO:teuthology.orchestra.run.smithi046.stdout:/usr/bin/ceph: stderr
2024-04-27T03:55:02.516+0000 7ff6387f9700 1 --2- 172.21.15.46:0/3487719743 >> [v2:172.21.15.46:6800/333567692,v1:172.21.15.46:6801/333567692] conn(0x7ff61c038770 0x7ff61c03ac30 secure :-1 s=READY pgs=19 cs=0 l=1 rev1=1 crypto rx=0x7ff62c006fd0 tx=0x7ff62c006e40 comp rx=0 tx=0).stop
2024-04-27T03:55:03.114 INFO:teuthology.orchestra.run.smithi046.stdout:/usr/bin/ceph: stderr
2024-04-27T03:55:02.516+0000 7ff6387f9700 1 -- 172.21.15.46:0/3487719743 >> [v2:172.21.15.46:3300/0,v1:172.21.15.46:6789/0] conn(0x7ff630107020 msgr2=0x7ff63019c520 secure :-1 s=STATE_CONNECTION_ESTABLISHED l=1).mark_down
2024-04-27T03:55:03.114 INFO:teuthology.orchestra.run.smithi046.stdout:/usr/bin/ceph: stderr
2024-04-27T03:55:02.516+0000 7ff6387f9700 1 --2- 172.21.15.46:0/3487719743 >> [v2:172.21.15.46:3300/0,v1:172.21.15.46:6789/0] conn(0x7ff630107020 0x7ff63019c520 secure :-1 s=READY pgs=60 cs=0 l=1 rev1=1 crypto rx=0x7ff6200117b0 tx=0x7ff620011890 comp rx=0 tx=0).stop
2024-04-27T03:55:03.114 INFO:teuthology.orchestra.run.smithi046.stdout:/usr/bin/ceph: stderr
2024-04-27T03:55:02.516+0000 7ff6387f9700 1 -- 172.21.15.46:0/3487719743 shutdown_connections
2024-04-27T03:55:03.114 INFO:teuthology.orchestra.run.smithi046.stdout:/usr/bin/ceph: stderr
2024-04-27T03:55:02.516+0000 7ff6387f9700 1 --2- 172.21.15.46:0/3487719743 >> [v2:172.21.15.46:6800/333567692,v1:172.21.15.46:6801/333567692] conn(0x7ff61c038770 0x7ff61c03ac30 unknown :-1 s=CLOSED pgs=19 cs=0 l=1 rev1=1 crypto rx=0 tx=0 comp rx=0 tx=0).stop
2024-04-27T03:55:03.114 INFO:teuthology.orchestra.run.smithi046.stdout:/usr/bin/ceph: stderr
2024-04-27T03:55:02.516+0000 7ff6387f9700 1 --2- 172.21.15.46:0/3487719743 >> [v2:172.21.15.46:3300/0,v1:172.21.15.46:6789/0] conn(0x7ff630107020 0x7ff63019c520 unknown :-1 s=CLOSED pgs=60 cs=0 l=1 rev1=1 crypto rx=0 tx=0 comp rx=0 tx=0).stop
2024-04-27T03:55:03.114 INFO:teuthology.orchestra.run.smithi046.stdout:/usr/bin/ceph: stderr
2024-04-27T03:55:02.516+0000 7ff6387f9700 1 -- 172.21.15.46:0/3487719743 >> 172.21.15.46:0/3487719743 conn(0x7ff630100ab0 msgr2=0x7ff630101530 unknown :-1 s=STATE_NONE l=0).mark_down
2024-04-27T03:55:03.114 INFO:teuthology.orchestra.run.smithi046.stdout:/usr/bin/ceph: stderr
2024-04-27T03:55:02.516+0000 7ff6387f9700 1 -- 172.21.15.46:0/3487719743 shutdown_connections
2024-04-27T03:55:03.115 INFO:teuthology.orchestra.run.smithi046.stdout:/usr/bin/ceph: stderr
2024-04-27T03:55:02.516+0000 7ff6387f9700 1 -- 172.21.15.46:0/3487719743 wait complete.
2024-04-27T03:55:03.675 INFO:journalctl@ceph.mon.smithi046.smithi046.stdout:Apr 27 03:55:03 smithi046 ceph-mon[26899]: from='client.14154 -' entity='client.admin' cmd=[{"prefix": "orch apply", "service_type": "alertmanager", "target": ["mon-mgr", ""]}]: dispatch
2024-04-27T03:55:03.675 INFO:journalctl@ceph.mon.smithi046.smithi046.stdout:Apr 27 03:55:03 smithi046 ceph-mon[26899]: Saving service alertmanager spec with placement count:1
2024-04-27T03:55:03.676 INFO:journalctl@ceph.mon.smithi046.smithi046.stdout:Apr 27 03:55:03 smithi046 ceph-mon[26899]: from='mgr.14118 172.21.15.46:0/1303213767' entity='mgr.smithi046.qrfdvr'
2024-04-27T03:55:04.250 INFO:teuthology.orchestra.run.smithi046.stdout:/usr/bin/ceph: stderr
2024-04-27T03:55:03.527+0000 7f21a6e54700 1 Processor -- start
2024-04-27T03:55:04.250 INFO:teuthology.orchestra.run.smithi046.stdout:/usr/bin/ceph: stderr
2024-04-27T03:55:03.527+0000 7f21a6e54700 1 -- start start
2024-04-27T03:55:04.250 INFO:teuthology.orchestra.run.smithi046.stdout:/usr/bin/ceph: stderr
2024-04-27T03:55:03.527+0000 7f21a6e54700 1 --2- >> [v2:172.21.15.46:3300/0,v1:172.21.15.46:6789/0] conn(0x7f21a007bec0 0x7f21a007a320 unknown :-1 s=NONE pgs=0 cs=0 l=0 rev1=0 crypto rx=0 tx=0 comp rx=0 tx=0).connect
2024-04-27T03:55:04.250 INFO:teuthology.orchestra.run.smithi046.stdout:/usr/bin/ceph: stderr
2024-04-27T03:55:03.527+0000 7f21a6e54700 1 -- --> [v2:172.21.15.46:3300/0,v1:172.21.15.46:6789/0] -- mon_getmap magic: 0 v1 -- 0x7f21a007a8f0 con 0x7f21a007bec0
2024-04-27T03:55:04.250 INFO:teuthology.orchestra.run.smithi046.stdout:/usr/bin/ceph: stderr
2024-04-27T03:55:03.528+0000 7f21a4bf0700 1 --2- >> [v2:172.21.15.46:3300/0,v1:172.21.15.46:6789/0] conn(0x7f21a007bec0 0x7f21a007a320 unknown :-1 s=BANNER_CONNECTING pgs=0 cs=0 l=0 rev1=0 crypto rx=0 tx=0 comp rx=0 tx=0)._handle_peer_banner_payload supported=3 required=0
2024-04-27T03:55:04.251 INFO:teuthology.orchestra.run.smithi046.stdout:/usr/bin/ceph: stderr
2024-04-27T03:55:03.528+0000 7f21a4bf0700 1 --2- >> [v2:172.21.15.46:3300/0,v1:172.21.15.46:6789/0] conn(0x7f21a007bec0 0x7f21a007a320 unknown :-1 s=HELLO_CONNECTING pgs=0 cs=0 l=0 rev1=1 crypto rx=0 tx=0 comp rx=0 tx=0).handle_hello peer v2:172.21.15.46:3300/0 says I am v2:172.21.15.46:55280/0 (socket says 172.21.15.46:55280)
2024-04-27T03:55:04.251 INFO:teuthology.orchestra.run.smithi046.stdout:/usr/bin/ceph: stderr
2024-04-27T03:55:03.528+0000 7f21a4bf0700 1 -- 172.21.15.46:0/3427872433 learned_addr learned my addr 172.21.15.46:0/3427872433 (peer_addr_for_me v2:172.21.15.46:0/0)
2024-04-27T03:55:04.251 INFO:teuthology.orchestra.run.smithi046.stdout:/usr/bin/ceph: stderr
2024-04-27T03:55:03.528+0000 7f21a4bf0700 1 -- 172.21.15.46:0/3427872433 --> [v2:172.21.15.46:3300/0,v1:172.21.15.46:6789/0] -- mon_subscribe({config=0+,monmap=0+}) v3 -- 0x7f21a007aa30 con 0x7f21a007bec0
2024-04-27T03:55:04.251 INFO:teuthology.orchestra.run.smithi046.stdout:/usr/bin/ceph: stderr
2024-04-27T03:55:03.528+0000 7f21a4bf0700 1 --2- 172.21.15.46:0/3427872433 >> [v2:172.21.15.46:3300/0,v1:172.21.15.46:6789/0] conn(0x7f21a007bec0 0x7f21a007a320 secure :-1 s=READY pgs=61 cs=0 l=1 rev1=1 crypto rx=0x7f21940098a0 tx=0x7f2194009bb0 comp rx=0 tx=0).ready entity=mon.0 client_cookie=dcf9271d5f0cda2e server_cookie=0 in_seq=0 out_seq=0
2024-04-27T03:55:04.251 INFO:teuthology.orchestra.run.smithi046.stdout:/usr/bin/ceph: stderr
2024-04-27T03:55:03.528+0000 7f219f7fe700 1 -- 172.21.15.46:0/3427872433 <== mon.0 v2:172.21.15.46:3300/0 1 ==== mon_map magic: 0 v1 ==== 229+0+0 (secure 0 0 0) 0x7f2194004180 con 0x7f21a007bec0
2024-04-27T03:55:04.251 INFO:teuthology.orchestra.run.smithi046.stdout:/usr/bin/ceph: stderr
2024-04-27T03:55:03.528+0000 7f219f7fe700 1 -- 172.21.15.46:0/3427872433 <== mon.0 v2:172.21.15.46:3300/0 2 ==== config(27 keys) v1 ==== 1109+0+0 (secure 0 0 0) 0x7f21940042e0 con 0x7f21a007bec0
2024-04-27T03:55:04.251 INFO:teuthology.orchestra.run.smithi046.stdout:/usr/bin/ceph: stderr
2024-04-27T03:55:03.528+0000 7f219f7fe700 1 -- 172.21.15.46:0/3427872433 <== mon.0 v2:172.21.15.46:3300/0 3 ==== mon_map magic: 0 v1 ==== 229+0+0 (secure 0 0 0) 0x7f2194011b10 con 0x7f21a007bec0
2024-04-27T03:55:04.251 INFO:teuthology.orchestra.run.smithi046.stdout:/usr/bin/ceph: stderr
2024-04-27T03:55:03.529+0000 7f21a6e54700 1 -- 172.21.15.46:0/3427872433 >> [v2:172.21.15.46:3300/0,v1:172.21.15.46:6789/0] conn(0x7f21a007bec0 msgr2=0x7f21a007a320 secure :-1 s=STATE_CONNECTION_ESTABLISHED l=1).mark_down
2024-04-27T03:55:04.251 INFO:teuthology.orchestra.run.smithi046.stdout:/usr/bin/ceph: stderr
2024-04-27T03:55:03.529+0000 7f21a6e54700 1 --2- 172.21.15.46:0/3427872433 >> [v2:172.21.15.46:3300/0,v1:172.21.15.46:6789/0] conn(0x7f21a007bec0 0x7f21a007a320 secure :-1 s=READY pgs=61 cs=0 l=1 rev1=1 crypto rx=0x7f21940098a0 tx=0x7f2194009bb0 comp rx=0 tx=0).stop
2024-04-27T03:55:04.251 INFO:teuthology.orchestra.run.smithi046.stdout:/usr/bin/ceph: stderr
2024-04-27T03:55:03.529+0000 7f21a6e54700 1 -- 172.21.15.46:0/3427872433 shutdown_connections
2024-04-27T03:55:04.251 INFO:teuthology.orchestra.run.smithi046.stdout:/usr/bin/ceph: stderr
2024-04-27T03:55:03.529+0000 7f21a6e54700 1 --2- 172.21.15.46:0/3427872433 >> [v2:172.21.15.46:3300/0,v1:172.21.15.46:6789/0] conn(0x7f21a007bec0 0x7f21a007a320 unknown :-1 s=CLOSED pgs=61 cs=0 l=1 rev1=1 crypto rx=0 tx=0 comp rx=0 tx=0).stop
2024-04-27T03:55:04.252 INFO:teuthology.orchestra.run.smithi046.stdout:/usr/bin/ceph: stderr
2024-04-27T03:55:03.529+0000 7f21a6e54700 1 -- 172.21.15.46:0/3427872433 >> 172.21.15.46:0/3427872433 conn(0x7f21a0101be0 msgr2=0x7f21a0104000 unknown :-1 s=STATE_NONE l=0).mark_down
2024-04-27T03:55:04.252 INFO:teuthology.orchestra.run.smithi046.stdout:/usr/bin/ceph: stderr
2024-04-27T03:55:03.529+0000 7f21a6e54700 1 -- 172.21.15.46:0/3427872433 shutdown_connections
2024-04-27T03:55:04.252 INFO:teuthology.orchestra.run.smithi046.stdout:/usr/bin/ceph: stderr
2024-04-27T03:55:03.529+0000 7f21a6e54700 1 -- 172.21.15.46:0/3427872433 wait complete.
2024-04-27T03:55:04.252 INFO:teuthology.orchestra.run.smithi046.stdout:/usr/bin/ceph: stderr
2024-04-27T03:55:03.530+0000 7f21a6e54700 1 Processor -- start
2024-04-27T03:55:04.252 INFO:teuthology.orchestra.run.smithi046.stdout:/usr/bin/ceph: stderr
2024-04-27T03:55:03.530+0000 7f21a6e54700 1 -- start start
2024-04-27T03:55:04.252 INFO:teuthology.orchestra.run.smithi046.stdout:/usr/bin/ceph: stderr
2024-04-27T03:55:03.530+0000 7f21a6e54700 1 --2- >> [v2:172.21.15.46:3300/0,v1:172.21.15.46:6789/0] conn(0x7f21a007bec0 0x7f21a019c570 unknown :-1 s=NONE pgs=0 cs=0 l=1 rev1=0 crypto rx=0 tx=0 comp rx=0 tx=0).connect
2024-04-27T03:55:04.252 INFO:teuthology.orchestra.run.smithi046.stdout:/usr/bin/ceph: stderr
2024-04-27T03:55:03.530+0000 7f21a6e54700 1 -- --> [v2:172.21.15.46:3300/0,v1:172.21.15.46:6789/0] -- mon_getmap magic: 0 v1 -- 0x7f21a019cab0 con 0x7f21a007bec0
2024-04-27T03:55:04.252 INFO:teuthology.orchestra.run.smithi046.stdout:/usr/bin/ceph: stderr
2024-04-27T03:55:03.530+0000 7f21a4bf0700 1 --2- >> [v2:172.21.15.46:3300/0,v1:172.21.15.46:6789/0] conn(0x7f21a007bec0 0x7f21a019c570 unknown :-1 s=BANNER_CONNECTING pgs=0 cs=0 l=1 rev1=0 crypto rx=0 tx=0 comp rx=0 tx=0)._handle_peer_banner_payload supported=3 required=0
2024-04-27T03:55:04.252 INFO:teuthology.orchestra.run.smithi046.stdout:/usr/bin/ceph: stderr
2024-04-27T03:55:03.530+0000 7f21a4bf0700 1 --2- >> [v2:172.21.15.46:3300/0,v1:172.21.15.46:6789/0] conn(0x7f21a007bec0 0x7f21a019c570 unknown :-1 s=HELLO_CONNECTING pgs=0 cs=0 l=1 rev1=1 crypto rx=0 tx=0 comp rx=0 tx=0).handle_hello peer v2:172.21.15.46:3300/0 says I am v2:172.21.15.46:55282/0 (socket says 172.21.15.46:55282)
2024-04-27T03:55:04.252 INFO:teuthology.orchestra.run.smithi046.stdout:/usr/bin/ceph: stderr
2024-04-27T03:55:03.530+0000 7f21a4bf0700 1 -- 172.21.15.46:0/1291433261 learned_addr learned my addr 172.21.15.46:0/1291433261 (peer_addr_for_me v2:172.21.15.46:0/0)
2024-04-27T03:55:04.252 INFO:teuthology.orchestra.run.smithi046.stdout:/usr/bin/ceph: stderr
2024-04-27T03:55:03.530+0000 7f21a4bf0700 1 -- 172.21.15.46:0/1291433261 --> [v2:172.21.15.46:3300/0,v1:172.21.15.46:6789/0] -- mon_subscribe({config=0+,monmap=0+}) v3 -- 0x7f2194009550 con 0x7f21a007bec0
2024-04-27T03:55:04.252 INFO:teuthology.orchestra.run.smithi046.stdout:/usr/bin/ceph: stderr
2024-04-27T03:55:03.531+0000 7f21a4bf0700 1 --2- 172.21.15.46:0/1291433261 >> [v2:172.21.15.46:3300/0,v1:172.21.15.46:6789/0] conn(0x7f21a007bec0 0x7f21a019c570 secure :-1 s=READY pgs=62 cs=0 l=1 rev1=1 crypto rx=0x7f21940117b0 tx=0x7f2194011890 comp rx=0 tx=0).ready entity=mon.0 client_cookie=0 server_cookie=0 in_seq=0 out_seq=0
2024-04-27T03:55:04.253 INFO:teuthology.orchestra.run.smithi046.stdout:/usr/bin/ceph: stderr
2024-04-27T03:55:03.531+0000 7f219dffb700 1 -- 172.21.15.46:0/1291433261 <== mon.0 v2:172.21.15.46:3300/0 1 ==== mon_map magic: 0 v1 ==== 229+0+0 (secure 0 0 0) 0x7f21940038b0 con 0x7f21a007bec0
2024-04-27T03:55:04.253 INFO:teuthology.orchestra.run.smithi046.stdout:/usr/bin/ceph: stderr
2024-04-27T03:55:03.531+0000 7f21a6e54700 1 -- 172.21.15.46:0/1291433261 --> [v2:172.21.15.46:3300/0,v1:172.21.15.46:6789/0] -- mon_subscribe({mgrmap=0+}) v3 -- 0x7f21a019ccb0 con 0x7f21a007bec0
2024-04-27T03:55:04.253 INFO:teuthology.orchestra.run.smithi046.stdout:/usr/bin/ceph: stderr
2024-04-27T03:55:03.531+0000 7f219dffb700 1 -- 172.21.15.46:0/1291433261 <== mon.0 v2:172.21.15.46:3300/0 2 ==== config(27 keys) v1 ==== 1109+0+0 (secure 0 0 0) 0x7f2194003a10 con 0x7f21a007bec0
2024-04-27T03:55:04.253 INFO:teuthology.orchestra.run.smithi046.stdout:/usr/bin/ceph: stderr
2024-04-27T03:55:03.531+0000 7f219dffb700 1 -- 172.21.15.46:0/1291433261 <== mon.0 v2:172.21.15.46:3300/0 3 ==== mon_map magic: 0 v1 ==== 229+0+0 (secure 0 0 0) 0x7f21940246e0 con 0x7f21a007bec0
2024-04-27T03:55:04.253 INFO:teuthology.orchestra.run.smithi046.stdout:/usr/bin/ceph: stderr
2024-04-27T03:55:03.531+0000 7f21a6e54700 1 -- 172.21.15.46:0/1291433261 --> [v2:172.21.15.46:3300/0,v1:172.21.15.46:6789/0] -- mon_subscribe({osdmap=0}) v3 -- 0x7f21a019d150 con 0x7f21a007bec0
2024-04-27T03:55:04.253 INFO:teuthology.orchestra.run.smithi046.stdout:/usr/bin/ceph: stderr
2024-04-27T03:55:03.532+0000 7f219dffb700 1 -- 172.21.15.46:0/1291433261 <== mon.0 v2:172.21.15.46:3300/0 4 ==== mgrmap(e 8) v1 ==== 45556+0+0 (secure 0 0 0) 0x7f219402d3f0 con 0x7f21a007bec0
2024-04-27T03:55:04.253 INFO:teuthology.orchestra.run.smithi046.stdout:/usr/bin/ceph: stderr
2024-04-27T03:55:03.532+0000 7f21a6e54700 1 -- 172.21.15.46:0/1291433261 --> [v2:172.21.15.46:3300/0,v1:172.21.15.46:6789/0] -- mon_command({"prefix": "get_command_descriptions"} v 0) v1 -- 0x7f21a010c980 con 0x7f21a007bec0
2024-04-27T03:55:04.253 INFO:teuthology.orchestra.run.smithi046.stdout:/usr/bin/ceph: stderr
2024-04-27T03:55:03.532+0000 7f219dffb700 1 --2- 172.21.15.46:0/1291433261 >> [v2:172.21.15.46:6800/333567692,v1:172.21.15.46:6801/333567692] conn(0x7f2190038720 0x7f219003abe0 unknown :-1 s=NONE pgs=0 cs=0 l=1 rev1=0 crypto rx=0 tx=0 comp rx=0 tx=0).connect
2024-04-27T03:55:04.253 INFO:teuthology.orchestra.run.smithi046.stdout:/usr/bin/ceph: stderr
2024-04-27T03:55:03.532+0000 7f219dffb700 1 -- 172.21.15.46:0/1291433261 <== mon.0 v2:172.21.15.46:3300/0 5 ==== osd_map(2..2 src has 1..2) v4 ==== 940+0+0 (secure 0 0 0) 0x7f219404c9f0 con 0x7f21a007bec0
2024-04-27T03:55:04.253 INFO:teuthology.orchestra.run.smithi046.stdout:/usr/bin/ceph: stderr
2024-04-27T03:55:03.532+0000 7f219ffff700 1 --2- 172.21.15.46:0/1291433261 >> [v2:172.21.15.46:6800/333567692,v1:172.21.15.46:6801/333567692] conn(0x7f2190038720 0x7f219003abe0 unknown :-1 s=BANNER_CONNECTING pgs=0 cs=0 l=1 rev1=0 crypto rx=0 tx=0 comp rx=0 tx=0)._handle_peer_banner_payload supported=3 required=0
2024-04-27T03:55:04.253 INFO:teuthology.orchestra.run.smithi046.stdout:/usr/bin/ceph: stderr
2024-04-27T03:55:03.533+0000 7f219ffff700 1 --2- 172.21.15.46:0/1291433261 >> [v2:172.21.15.46:6800/333567692,v1:172.21.15.46:6801/333567692] conn(0x7f2190038720 0x7f219003abe0 secure :-1 s=READY pgs=20 cs=0 l=1 rev1=1 crypto rx=0x7f218c006fd0 tx=0x7f218c006e40 comp rx=0 tx=0).ready entity=mgr.14118 client_cookie=0 server_cookie=0 in_seq=0 out_seq=0
2024-04-27T03:55:04.253 INFO:teuthology.orchestra.run.smithi046.stdout:/usr/bin/ceph: stderr
2024-04-27T03:55:03.537+0000 7f219dffb700 1 -- 172.21.15.46:0/1291433261 <== mon.0 v2:172.21.15.46:3300/0 6 ==== mon_command_ack([{"prefix": "get_command_descriptions"}]=0 v0) v1 ==== 72+0+183351 (secure 0 0 0) 0x7f2194018c90 con 0x7f21a007bec0
2024-04-27T03:55:04.254 INFO:teuthology.orchestra.run.smithi046.stdout:/usr/bin/ceph: stderr
2024-04-27T03:55:03.739+0000 7f21a6e54700 1 -- 172.21.15.46:0/1291433261 --> [v2:172.21.15.46:3300/0,v1:172.21.15.46:6789/0] -- mon_command([{prefix=config set, name=mgr/cephadm/container_init}] v 0) v1 -- 0x7f21a010cbc0 con 0x7f21a007bec0
2024-04-27T03:55:04.254 INFO:teuthology.orchestra.run.smithi046.stdout:/usr/bin/ceph: stderr
2024-04-27T03:55:03.742+0000 7f219dffb700 1 -- 172.21.15.46:0/1291433261 <== mon.0 v2:172.21.15.46:3300/0 7 ==== mon_command_ack([{prefix=config set, name=mgr/cephadm/container_init}]=0 v7)=0 v7) v1 ==== 142+0+0 (secure 0 0 0) 0x7f2194018ab0 con 0x7f21a007bec0
2024-04-27T03:55:04.254 INFO:teuthology.orchestra.run.smithi046.stdout:/usr/bin/ceph: stderr
2024-04-27T03:55:03.745+0000 7f21a6e54700 1 -- 172.21.15.46:0/1291433261 >> [v2:172.21.15.46:6800/333567692,v1:172.21.15.46:6801/333567692] conn(0x7f2190038720 msgr2=0x7f219003abe0 secure :-1 s=STATE_CONNECTION_ESTABLISHED l=1).mark_down
