2024-04-27T04:01:03.017 INFO:teuthology.orchestra.run.smithi162.stdout:/usr/bin/ceph: stderr
2024-04-27T04:01:02.267+0000 7fcb6be5d700 1 -- --> [v2:172.21.15.162:3300/0,v1:172.21.15.162:6789/0] -- mon_getmap magic: 0 v1 -- 0x7fcb64103210 con 0x7fcb641028c0
2024-04-27T04:01:03.017 INFO:teuthology.orchestra.run.smithi162.stdout:/usr/bin/ceph: stderr
2024-04-27T04:01:02.267+0000 7fcb69bf9700 1 --2- >> [v2:172.21.15.162:3300/0,v1:172.21.15.162:6789/0] conn(0x7fcb641028c0 0x7fcb64102cd0 unknown :-1 s=BANNER_CONNECTING pgs=0 cs=0 l=0 rev1=0 crypto rx=0 tx=0 comp rx=0 tx=0)._handle_peer_banner_payload supported=3 required=0
2024-04-27T04:01:03.017 INFO:teuthology.orchestra.run.smithi162.stdout:/usr/bin/ceph: stderr
2024-04-27T04:01:02.267+0000 7fcb69bf9700 1 --2- >> [v2:172.21.15.162:3300/0,v1:172.21.15.162:6789/0] conn(0x7fcb641028c0 0x7fcb64102cd0 unknown :-1 s=HELLO_CONNECTING pgs=0 cs=0 l=0 rev1=1 crypto rx=0 tx=0 comp rx=0 tx=0).handle_hello peer v2:172.21.15.162:3300/0 says I am v2:172.21.15.162:38034/0 (socket says 172.21.15.162:38034)
2024-04-27T04:01:03.017 INFO:teuthology.orchestra.run.smithi162.stdout:/usr/bin/ceph: stderr
2024-04-27T04:01:02.267+0000 7fcb69bf9700 1 -- 172.21.15.162:0/2162633321 learned_addr learned my addr 172.21.15.162:0/2162633321 (peer_addr_for_me v2:172.21.15.162:0/0)
2024-04-27T04:01:03.017 INFO:teuthology.orchestra.run.smithi162.stdout:/usr/bin/ceph: stderr
2024-04-27T04:01:02.267+0000 7fcb69bf9700 1 -- 172.21.15.162:0/2162633321 --> [v2:172.21.15.162:3300/0,v1:172.21.15.162:6789/0] -- mon_subscribe({config=0+,monmap=0+}) v3 -- 0x7fcb64103350 con 0x7fcb641028c0
2024-04-27T04:01:03.017 INFO:teuthology.orchestra.run.smithi162.stdout:/usr/bin/ceph: stderr
2024-04-27T04:01:02.267+0000 7fcb69bf9700 1 --2- 172.21.15.162:0/2162633321 >> [v2:172.21.15.162:3300/0,v1:172.21.15.162:6789/0] conn(0x7fcb641028c0 0x7fcb64102cd0 secure :-1 s=READY pgs=63 cs=0 l=1 rev1=1 crypto rx=0x7fcb60009e50 tx=0x7fcb60009840 comp rx=0 tx=0).ready entity=mon.0 client_cookie=ca76afd0c249e3ef server_cookie=0 in_seq=0 out_seq=0
2024-04-27T04:01:03.017 INFO:teuthology.orchestra.run.smithi162.stdout:/usr/bin/ceph: stderr
2024-04-27T04:01:02.267+0000 7fcb68bf7700 1 -- 172.21.15.162:0/2162633321 <== mon.0 v2:172.21.15.162:3300/0 1 ==== mon_map magic: 0 v1 ==== 229+0+0 (secure 0 0 0) 0x7fcb600092e0 con 0x7fcb641028c0
2024-04-27T04:01:03.018 INFO:teuthology.orchestra.run.smithi162.stdout:/usr/bin/ceph: stderr
2024-04-27T04:01:02.267+0000 7fcb68bf7700 1 -- 172.21.15.162:0/2162633321 <== mon.0 v2:172.21.15.162:3300/0 2 ==== config(27 keys) v1 ==== 1109+0+0 (secure 0 0 0) 0x7fcb60012430 con 0x7fcb641028c0
2024-04-27T04:01:03.018 INFO:teuthology.orchestra.run.smithi162.stdout:/usr/bin/ceph: stderr
2024-04-27T04:01:02.267+0000 7fcb68bf7700 1 -- 172.21.15.162:0/2162633321 <== mon.0 v2:172.21.15.162:3300/0 3 ==== mon_map magic: 0 v1 ==== 229+0+0 (secure 0 0 0) 0x7fcb600075a0 con 0x7fcb641028c0
2024-04-27T04:01:03.018 INFO:teuthology.orchestra.run.smithi162.stdout:/usr/bin/ceph: stderr
2024-04-27T04:01:02.268+0000 7fcb6be5d700 1 -- 172.21.15.162:0/2162633321 >> [v2:172.21.15.162:3300/0,v1:172.21.15.162:6789/0] conn(0x7fcb641028c0 msgr2=0x7fcb64102cd0 secure :-1 s=STATE_CONNECTION_ESTABLISHED l=1).mark_down
2024-04-27T04:01:03.018 INFO:teuthology.orchestra.run.smithi162.stdout:/usr/bin/ceph: stderr
2024-04-27T04:01:02.268+0000 7fcb6be5d700 1 --2- 172.21.15.162:0/2162633321 >> [v2:172.21.15.162:3300/0,v1:172.21.15.162:6789/0] conn(0x7fcb641028c0 0x7fcb64102cd0 secure :-1 s=READY pgs=63 cs=0 l=1 rev1=1 crypto rx=0x7fcb60009e50 tx=0x7fcb60009840 comp rx=0 tx=0).stop
2024-04-27T04:01:03.018 INFO:teuthology.orchestra.run.smithi162.stdout:/usr/bin/ceph: stderr
2024-04-27T04:01:02.268+0000 7fcb6be5d700 1 -- 172.21.15.162:0/2162633321 shutdown_connections
2024-04-27T04:01:03.018 INFO:teuthology.orchestra.run.smithi162.stdout:/usr/bin/ceph: stderr
2024-04-27T04:01:02.268+0000 7fcb6be5d700 1 --2- 172.21.15.162:0/2162633321 >> [v2:172.21.15.162:3300/0,v1:172.21.15.162:6789/0] conn(0x7fcb641028c0 0x7fcb64102cd0 unknown :-1 s=CLOSED pgs=63 cs=0 l=1 rev1=1 crypto rx=0 tx=0 comp rx=0 tx=0).stop
2024-04-27T04:01:03.018 INFO:teuthology.orchestra.run.smithi162.stdout:/usr/bin/ceph: stderr
2024-04-27T04:01:02.268+0000 7fcb6be5d700 1 -- 172.21.15.162:0/2162633321 >> 172.21.15.162:0/2162633321 conn(0x7fcb640fe060 msgr2=0x7fcb64100470 unknown :-1 s=STATE_NONE l=0).mark_down
2024-04-27T04:01:03.018 INFO:teuthology.orchestra.run.smithi162.stdout:/usr/bin/ceph: stderr
2024-04-27T04:01:02.268+0000 7fcb6be5d700 1 -- 172.21.15.162:0/2162633321 shutdown_connections
2024-04-27T04:01:03.018 INFO:teuthology.orchestra.run.smithi162.stdout:/usr/bin/ceph: stderr
2024-04-27T04:01:02.268+0000 7fcb6be5d700 1 -- 172.21.15.162:0/2162633321 wait complete.
2024-04-27T04:01:03.018 INFO:teuthology.orchestra.run.smithi162.stdout:/usr/bin/ceph: stderr
2024-04-27T04:01:02.269+0000 7fcb6be5d700 1 Processor -- start
2024-04-27T04:01:03.018 INFO:teuthology.orchestra.run.smithi162.stdout:/usr/bin/ceph: stderr
2024-04-27T04:01:02.269+0000 7fcb6be5d700 1 -- start start
2024-04-27T04:01:03.018 INFO:teuthology.orchestra.run.smithi162.stdout:/usr/bin/ceph: stderr
2024-04-27T04:01:02.269+0000 7fcb6be5d700 1 --2- >> [v2:172.21.15.162:3300/0,v1:172.21.15.162:6789/0] conn(0x7fcb641028c0 0x7fcb64077b10 unknown :-1 s=NONE pgs=0 cs=0 l=1 rev1=0 crypto rx=0 tx=0 comp rx=0 tx=0).connect
2024-04-27T04:01:03.018 INFO:teuthology.orchestra.run.smithi162.stdout:/usr/bin/ceph: stderr
2024-04-27T04:01:02.269+0000 7fcb6be5d700 1 -- --> [v2:172.21.15.162:3300/0,v1:172.21.15.162:6789/0] -- mon_getmap magic: 0 v1 -- 0x7fcb64078050 con 0x7fcb641028c0
2024-04-27T04:01:03.018 INFO:teuthology.orchestra.run.smithi162.stdout:/usr/bin/ceph: stderr
2024-04-27T04:01:02.269+0000 7fcb69bf9700 1 --2- >> [v2:172.21.15.162:3300/0,v1:172.21.15.162:6789/0] conn(0x7fcb641028c0 0x7fcb64077b10 unknown :-1 s=BANNER_CONNECTING pgs=0 cs=0 l=1 rev1=0 crypto rx=0 tx=0 comp rx=0 tx=0)._handle_peer_banner_payload supported=3 required=0
2024-04-27T04:01:03.019 INFO:teuthology.orchestra.run.smithi162.stdout:/usr/bin/ceph: stderr
2024-04-27T04:01:02.269+0000 7fcb69bf9700 1 --2- >> [v2:172.21.15.162:3300/0,v1:172.21.15.162:6789/0] conn(0x7fcb641028c0 0x7fcb64077b10 unknown :-1 s=HELLO_CONNECTING pgs=0 cs=0 l=1 rev1=1 crypto rx=0 tx=0 comp rx=0 tx=0).handle_hello peer v2:172.21.15.162:3300/0 says I am v2:172.21.15.162:38038/0 (socket says 172.21.15.162:38038)
2024-04-27T04:01:03.019 INFO:teuthology.orchestra.run.smithi162.stdout:/usr/bin/ceph: stderr
2024-04-27T04:01:02.269+0000 7fcb69bf9700 1 -- 172.21.15.162:0/1367952659 learned_addr learned my addr 172.21.15.162:0/1367952659 (peer_addr_for_me v2:172.21.15.162:0/0)
2024-04-27T04:01:03.019 INFO:teuthology.orchestra.run.smithi162.stdout:/usr/bin/ceph: stderr
2024-04-27T04:01:02.269+0000 7fcb69bf9700 1 -- 172.21.15.162:0/1367952659 --> [v2:172.21.15.162:3300/0,v1:172.21.15.162:6789/0] -- mon_subscribe({config=0+,monmap=0+}) v3 -- 0x7fcb60009ae0 con 0x7fcb641028c0
2024-04-27T04:01:03.019 INFO:teuthology.orchestra.run.smithi162.stdout:/usr/bin/ceph: stderr
2024-04-27T04:01:02.269+0000 7fcb69bf9700 1 --2- 172.21.15.162:0/1367952659 >> [v2:172.21.15.162:3300/0,v1:172.21.15.162:6789/0] conn(0x7fcb641028c0 0x7fcb64077b10 secure :-1 s=READY pgs=64 cs=0 l=1 rev1=1 crypto rx=0x7fcb60012de0 tx=0x7fcb60009840 comp rx=0 tx=0).ready entity=mon.0 client_cookie=0 server_cookie=0 in_seq=0 out_seq=0
2024-04-27T04:01:03.019 INFO:teuthology.orchestra.run.smithi162.stdout:/usr/bin/ceph: stderr
2024-04-27T04:01:02.269+0000 7fcb5a7fc700 1 -- 172.21.15.162:0/1367952659 <== mon.0 v2:172.21.15.162:3300/0 1 ==== mon_map magic: 0 v1 ==== 229+0+0 (secure 0 0 0) 0x7fcb600092e0 con 0x7fcb641028c0
2024-04-27T04:01:03.019 INFO:teuthology.orchestra.run.smithi162.stdout:/usr/bin/ceph: stderr
2024-04-27T04:01:02.269+0000 7fcb5a7fc700 1 -- 172.21.15.162:0/1367952659 <== mon.0 v2:172.21.15.162:3300/0 2 ==== config(27 keys) v1 ==== 1109+0+0 (secure 0 0 0) 0x7fcb60007d30 con 0x7fcb641028c0
2024-04-27T04:01:03.019 INFO:teuthology.orchestra.run.smithi162.stdout:/usr/bin/ceph: stderr
2024-04-27T04:01:02.269+0000 7fcb6be5d700 1 -- 172.21.15.162:0/1367952659 --> [v2:172.21.15.162:3300/0,v1:172.21.15.162:6789/0] -- mon_subscribe({mgrmap=0+}) v3 -- 0x7fcb640760c0 con 0x7fcb641028c0
2024-04-27T04:01:03.019 INFO:teuthology.orchestra.run.smithi162.stdout:/usr/bin/ceph: stderr
2024-04-27T04:01:02.270+0000 7fcb5a7fc700 1 -- 172.21.15.162:0/1367952659 <== mon.0 v2:172.21.15.162:3300/0 3 ==== mon_map magic: 0 v1 ==== 229+0+0 (secure 0 0 0) 0x7fcb60025880 con 0x7fcb641028c0
2024-04-27T04:01:03.019 INFO:teuthology.orchestra.run.smithi162.stdout:/usr/bin/ceph: stderr
2024-04-27T04:01:02.270+0000 7fcb6be5d700 1 -- 172.21.15.162:0/1367952659 --> [v2:172.21.15.162:3300/0,v1:172.21.15.162:6789/0] -- mon_subscribe({osdmap=0}) v3 -- 0x7fcb640765b0 con 0x7fcb641028c0
2024-04-27T04:01:03.019 INFO:teuthology.orchestra.run.smithi162.stdout:/usr/bin/ceph: stderr
2024-04-27T04:01:02.270+0000 7fcb5a7fc700 1 -- 172.21.15.162:0/1367952659 <== mon.0 v2:172.21.15.162:3300/0 4 ==== mgrmap(e 8) v1 ==== 43376+0+0 (secure 0 0 0) 0x7fcb60019050 con 0x7fcb641028c0
2024-04-27T04:01:03.019 INFO:teuthology.orchestra.run.smithi162.stdout:/usr/bin/ceph: stderr
2024-04-27T04:01:02.270+0000 7fcb5a7fc700 1 --2- 172.21.15.162:0/1367952659 >> [v2:172.21.15.162:6800/8067198,v1:172.21.15.162:6801/8067198] conn(0x7fcb500368a0 0x7fcb50038d50 unknown :-1 s=NONE pgs=0 cs=0 l=1 rev1=0 crypto rx=0 tx=0 comp rx=0 tx=0).connect
2024-04-27T04:01:03.019 INFO:teuthology.orchestra.run.smithi162.stdout:/usr/bin/ceph: stderr
2024-04-27T04:01:02.270+0000 7fcb5a7fc700 1 -- 172.21.15.162:0/1367952659 <== mon.0 v2:172.21.15.162:3300/0 5 ==== osd_map(2..2 src has 1..2) v4 ==== 936+0+0 (secure 0 0 0) 0x7fcb6004a0d0 con 0x7fcb641028c0
2024-04-27T04:01:03.019 INFO:teuthology.orchestra.run.smithi162.stdout:/usr/bin/ceph: stderr
2024-04-27T04:01:02.271+0000 7fcb693f8700 1 --2- 172.21.15.162:0/1367952659 >> [v2:172.21.15.162:6800/8067198,v1:172.21.15.162:6801/8067198] conn(0x7fcb500368a0 0x7fcb50038d50 unknown :-1 s=BANNER_CONNECTING pgs=0 cs=0 l=1 rev1=0 crypto rx=0 tx=0 comp rx=0 tx=0)._handle_peer_banner_payload supported=3 required=0
2024-04-27T04:01:03.019 INFO:teuthology.orchestra.run.smithi162.stdout:/usr/bin/ceph: stderr
2024-04-27T04:01:02.271+0000 7fcb6be5d700 1 -- 172.21.15.162:0/1367952659 --> [v2:172.21.15.162:3300/0,v1:172.21.15.162:6789/0] -- mon_command({"prefix": "get_command_descriptions"} v 0) v1 -- 0x7fcb6404bed0 con 0x7fcb641028c0
2024-04-27T04:01:03.020 INFO:teuthology.orchestra.run.smithi162.stdout:/usr/bin/ceph: stderr
2024-04-27T04:01:02.271+0000 7fcb693f8700 1 --2- 172.21.15.162:0/1367952659 >> [v2:172.21.15.162:6800/8067198,v1:172.21.15.162:6801/8067198] conn(0x7fcb500368a0 0x7fcb50038d50 secure :-1 s=READY pgs=20 cs=0 l=1 rev1=1 crypto rx=0x7fcb54009990 tx=0x7fcb54006e40 comp rx=0 tx=0).ready entity=mgr.14120 client_cookie=0 server_cookie=0 in_seq=0 out_seq=0
2024-04-27T04:01:03.020 INFO:teuthology.orchestra.run.smithi162.stdout:/usr/bin/ceph: stderr
2024-04-27T04:01:02.275+0000 7fcb5a7fc700 1 -- 172.21.15.162:0/1367952659 <== mon.0 v2:172.21.15.162:3300/0 6 ==== mon_command_ack([{"prefix": "get_command_descriptions"}]=0 v0) v1 ==== 72+0+176702 (secure 0 0 0) 0x7fcb60020020 con 0x7fcb641028c0
2024-04-27T04:01:03.020 INFO:teuthology.orchestra.run.smithi162.stdout:/usr/bin/ceph: stderr
2024-04-27T04:01:02.462+0000 7fcb6be5d700 1 -- 172.21.15.162:0/1367952659 --> [v2:172.21.15.162:3300/0,v1:172.21.15.162:6789/0] -- mon_command([{prefix=config set, name=mgr/dashboard/ssl_server_port}] v 0) v1 -- 0x7fcb64104610 con 0x7fcb641028c0
2024-04-27T04:01:03.020 INFO:teuthology.orchestra.run.smithi162.stdout:/usr/bin/ceph: stderr
2024-04-27T04:01:02.468+0000 7fcb5a7fc700 1 -- 172.21.15.162:0/1367952659 <== mon.0 v2:172.21.15.162:3300/0 7 ==== mon_command_ack([{prefix=config set, name=mgr/dashboard/ssl_server_port}]=0 v8)=0 v8) v1 ==== 130+0+0 (secure 0 0 0) 0x7fcb60017070 con 0x7fcb641028c0
2024-04-27T04:01:03.020 INFO:teuthology.orchestra.run.smithi162.stdout:/usr/bin/ceph: stderr
2024-04-27T04:01:02.470+0000 7fcb6be5d700 1 -- 172.21.15.162:0/1367952659 >> [v2:172.21.15.162:6800/8067198,v1:172.21.15.162:6801/8067198] conn(0x7fcb500368a0 msgr2=0x7fcb50038d50 secure :-1 s=STATE_CONNECTION_ESTABLISHED l=1).mark_down
2024-04-27T04:01:03.020 INFO:teuthology.orchestra.run.smithi162.stdout:/usr/bin/ceph: stderr
2024-04-27T04:01:02.470+0000 7fcb6be5d700 1 --2- 172.21.15.162:0/1367952659 >> [v2:172.21.15.162:6800/8067198,v1:172.21.15.162:6801/8067198] conn(0x7fcb500368a0 0x7fcb50038d50 secure :-1 s=READY pgs=20 cs=0 l=1 rev1=1 crypto rx=0x7fcb54009990 tx=0x7fcb54006e40 comp rx=0 tx=0).stop
2024-04-27T04:01:03.020 INFO:teuthology.orchestra.run.smithi162.stdout:/usr/bin/ceph: stderr
2024-04-27T04:01:02.471+0000 7fcb6be5d700 1 -- 172.21.15.162:0/1367952659 >> [v2:172.21.15.162:3300/0,v1:172.21.15.162:6789/0] conn(0x7fcb641028c0 msgr2=0x7fcb64077b10 secure :-1 s=STATE_CONNECTION_ESTABLISHED l=1).mark_down
2024-04-27T04:01:03.020 INFO:teuthology.orchestra.run.smithi162.stdout:/usr/bin/ceph: stderr
2024-04-27T04:01:02.471+0000 7fcb6be5d700 1 --2- 172.21.15.162:0/1367952659 >> [v2:172.21.15.162:3300/0,v1:172.21.15.162:6789/0] conn(0x7fcb641028c0 0x7fcb64077b10 secure :-1 s=READY pgs=64 cs=0 l=1 rev1=1 crypto rx=0x7fcb60012de0 tx=0x7fcb60009840 comp rx=0 tx=0).stop
2024-04-27T04:01:03.020 INFO:teuthology.orchestra.run.smithi162.stdout:/usr/bin/ceph: stderr
2024-04-27T04:01:02.471+0000 7fcb6be5d700 1 -- 172.21.15.162:0/1367952659 shutdown_connections
2024-04-27T04:01:03.020 INFO:teuthology.orchestra.run.smithi162.stdout:/usr/bin/ceph: stderr
2024-04-27T04:01:02.471+0000 7fcb6be5d700 1 --2- 172.21.15.162:0/1367952659 >> [v2:172.21.15.162:6800/8067198,v1:172.21.15.162:6801/8067198] conn(0x7fcb500368a0 0x7fcb50038d50 unknown :-1 s=CLOSED pgs=20 cs=0 l=1 rev1=1 crypto rx=0 tx=0 comp rx=0 tx=0).stop
2024-04-27T04:01:03.020 INFO:teuthology.orchestra.run.smithi162.stdout:/usr/bin/ceph: stderr
2024-04-27T04:01:02.471+0000 7fcb6be5d700 1 --2- 172.21.15.162:0/1367952659 >> [v2:172.21.15.162:3300/0,v1:172.21.15.162:6789/0] conn(0x7fcb641028c0 0x7fcb64077b10 unknown :-1 s=CLOSED pgs=64 cs=0 l=1 rev1=1 crypto rx=0 tx=0 comp rx=0 tx=0).stop
2024-04-27T04:01:03.020 INFO:teuthology.orchestra.run.smithi162.stdout:/usr/bin/ceph: stderr
2024-04-27T04:01:02.471+0000 7fcb6be5d700 1 -- 172.21.15.162:0/1367952659 >> 172.21.15.162:0/1367952659 conn(0x7fcb640fe060 msgr2=0x7fcb640fec00 unknown :-1 s=STATE_NONE l=0).mark_down
2024-04-27T04:01:03.020 INFO:teuthology.orchestra.run.smithi162.stdout:/usr/bin/ceph: stderr
2024-04-27T04:01:02.471+0000 7fcb6be5d700 1 -- 172.21.15.162:0/1367952659 shutdown_connections
2024-04-27T04:01:03.020 INFO:teuthology.orchestra.run.smithi162.stdout:/usr/bin/ceph: stderr
2024-04-27T04:01:02.471+0000 7fcb6be5d700 1 -- 172.21.15.162:0/1367952659 wait complete.
2024-04-27T04:01:03.020 INFO:teuthology.orchestra.run.smithi162.stdout:Enabling the dashboard module...
2024-04-27T04:01:03.674 INFO:journalctl@ceph.mon.smithi162.smithi162.stdout:Apr 27 04:01:03 smithi162 ceph-mon[26841]: from='client.? 172.21.15.162:0/1367952659' entity='client.admin'
2024-04-27T04:01:03.674 INFO:journalctl@ceph.mon.smithi162.smithi162.stdout:Apr 27 04:01:03 smithi162 ceph-mon[26841]: pgmap v4: 0 pgs: ; 0 B data, 0 B used, 0 B / 0 B avail
2024-04-27T04:01:04.812 INFO:journalctl@ceph.mon.smithi162.smithi162.stdout:Apr 27 04:01:04 smithi162 ceph-mon[26841]: from='client.? 172.21.15.162:0/1513512022' entity='client.admin' cmd=[{"prefix": "mgr module enable", "module": "dashboard"}]: dispatch
2024-04-27T04:01:05.140 INFO:teuthology.orchestra.run.smithi162.stdout:/usr/bin/ceph: stderr
2024-04-27T04:01:03.424+0000 7f0492685700 1 Processor -- start
2024-04-27T04:01:05.141 INFO:teuthology.orchestra.run.smithi162.stdout:/usr/bin/ceph: stderr
2024-04-27T04:01:03.425+0000 7f0492685700 1 -- start start
2024-04-27T04:01:05.141 INFO:teuthology.orchestra.run.smithi162.stdout:/usr/bin/ceph: stderr
2024-04-27T04:01:03.425+0000 7f0492685700 1 --2- >> [v2:172.21.15.162:3300/0,v1:172.21.15.162:6789/0] conn(0x7f048c102880 0x7f048c102c90 unknown :-1 s=NONE pgs=0 cs=0 l=0 rev1=0 crypto rx=0 tx=0 comp rx=0 tx=0).connect
2024-04-27T04:01:05.141 INFO:teuthology.orchestra.run.smithi162.stdout:/usr/bin/ceph: stderr
2024-04-27T04:01:03.425+0000 7f0492685700 1 -- --> [v2:172.21.15.162:3300/0,v1:172.21.15.162:6789/0] -- mon_getmap magic: 0 v1 -- 0x7f048c1031d0 con 0x7f048c102880
2024-04-27T04:01:05.141 INFO:teuthology.orchestra.run.smithi162.stdout:/usr/bin/ceph: stderr
2024-04-27T04:01:03.425+0000 7f048bfff700 1 --2- >> [v2:172.21.15.162:3300/0,v1:172.21.15.162:6789/0] conn(0x7f048c102880 0x7f048c102c90 unknown :-1 s=BANNER_CONNECTING pgs=0 cs=0 l=0 rev1=0 crypto rx=0 tx=0 comp rx=0 tx=0)._handle_peer_banner_payload supported=3 required=0
2024-04-27T04:01:05.141 INFO:teuthology.orchestra.run.smithi162.stdout:/usr/bin/ceph: stderr
2024-04-27T04:01:03.425+0000 7f048bfff700 1 --2- >> [v2:172.21.15.162:3300/0,v1:172.21.15.162:6789/0] conn(0x7f048c102880 0x7f048c102c90 unknown :-1 s=HELLO_CONNECTING pgs=0 cs=0 l=0 rev1=1 crypto rx=0 tx=0 comp rx=0 tx=0).handle_hello peer v2:172.21.15.162:3300/0 says I am v2:172.21.15.162:38048/0 (socket says 172.21.15.162:38048)
2024-04-27T04:01:05.141 INFO:teuthology.orchestra.run.smithi162.stdout:/usr/bin/ceph: stderr
2024-04-27T04:01:03.425+0000 7f048bfff700 1 -- 172.21.15.162:0/1871207871 learned_addr learned my addr 172.21.15.162:0/1871207871 (peer_addr_for_me v2:172.21.15.162:0/0)
2024-04-27T04:01:05.141 INFO:teuthology.orchestra.run.smithi162.stdout:/usr/bin/ceph: stderr
2024-04-27T04:01:03.425+0000 7f048bfff700 1 -- 172.21.15.162:0/1871207871 --> [v2:172.21.15.162:3300/0,v1:172.21.15.162:6789/0] -- mon_subscribe({config=0+,monmap=0+}) v3 -- 0x7f048c103310 con 0x7f048c102880
2024-04-27T04:01:05.141 INFO:teuthology.orchestra.run.smithi162.stdout:/usr/bin/ceph: stderr
2024-04-27T04:01:03.425+0000 7f048bfff700 1 --2- 172.21.15.162:0/1871207871 >> [v2:172.21.15.162:3300/0,v1:172.21.15.162:6789/0] conn(0x7f048c102880 0x7f048c102c90 secure :-1 s=READY pgs=65 cs=0 l=1 rev1=1 crypto rx=0x7f047c0098e0 tx=0x7f047c009250 comp rx=0 tx=0).ready entity=mon.0 client_cookie=31155a729d75723e server_cookie=0 in_seq=0 out_seq=0
2024-04-27T04:01:05.141 INFO:teuthology.orchestra.run.smithi162.stdout:/usr/bin/ceph: stderr
2024-04-27T04:01:03.426+0000 7f048affd700 1 -- 172.21.15.162:0/1871207871 <== mon.0 v2:172.21.15.162:3300/0 1 ==== mon_map magic: 0 v1 ==== 229+0+0 (secure 0 0 0) 0x7f047c00b860 con 0x7f048c102880
2024-04-27T04:01:05.141 INFO:teuthology.orchestra.run.smithi162.stdout:/usr/bin/ceph: stderr
2024-04-27T04:01:03.426+0000 7f048affd700 1 -- 172.21.15.162:0/1871207871 <== mon.0 v2:172.21.15.162:3300/0 2 ==== config(27 keys) v1 ==== 1109+0+0 (secure 0 0 0) 0x7f047c00be90 con 0x7f048c102880
2024-04-27T04:01:05.141 INFO:teuthology.orchestra.run.smithi162.stdout:/usr/bin/ceph: stderr
2024-04-27T04:01:03.426+0000 7f048affd700 1 -- 172.21.15.162:0/1871207871 <== mon.0 v2:172.21.15.162:3300/0 3 ==== mon_map magic: 0 v1 ==== 229+0+0 (secure 0 0 0) 0x7f047c0103c0 con 0x7f048c102880
2024-04-27T04:01:05.141 INFO:teuthology.orchestra.run.smithi162.stdout:/usr/bin/ceph: stderr
2024-04-27T04:01:03.426+0000 7f0492685700 1 -- 172.21.15.162:0/1871207871 >> [v2:172.21.15.162:3300/0,v1:172.21.15.162:6789/0] conn(0x7f048c102880 msgr2=0x7f048c102c90 secure :-1 s=STATE_CONNECTION_ESTABLISHED l=1).mark_down
2024-04-27T04:01:05.142 INFO:teuthology.orchestra.run.smithi162.stdout:/usr/bin/ceph: stderr
2024-04-27T04:01:03.426+0000 7f0492685700 1 --2- 172.21.15.162:0/1871207871 >> [v2:172.21.15.162:3300/0,v1:172.21.15.162:6789/0] conn(0x7f048c102880 0x7f048c102c90 secure :-1 s=READY pgs=65 cs=0 l=1 rev1=1 crypto rx=0x7f047c0098e0 tx=0x7f047c009250 comp rx=0 tx=0).stop
2024-04-27T04:01:05.142 INFO:teuthology.orchestra.run.smithi162.stdout:/usr/bin/ceph: stderr
2024-04-27T04:01:03.426+0000 7f0492685700 1 -- 172.21.15.162:0/1871207871 shutdown_connections
2024-04-27T04:01:05.142 INFO:teuthology.orchestra.run.smithi162.stdout:/usr/bin/ceph: stderr
2024-04-27T04:01:03.426+0000 7f0492685700 1 --2- 172.21.15.162:0/1871207871 >> [v2:172.21.15.162:3300/0,v1:172.21.15.162:6789/0] conn(0x7f048c102880 0x7f048c102c90 unknown :-1 s=CLOSED pgs=65 cs=0 l=1 rev1=1 crypto rx=0 tx=0 comp rx=0 tx=0).stop
2024-04-27T04:01:05.142 INFO:teuthology.orchestra.run.smithi162.stdout:/usr/bin/ceph: stderr
2024-04-27T04:01:03.426+0000 7f0492685700 1 -- 172.21.15.162:0/1871207871 >> 172.21.15.162:0/1871207871 conn(0x7f048c0fe060 msgr2=0x7f048c100470 unknown :-1 s=STATE_NONE l=0).mark_down
2024-04-27T04:01:05.142 INFO:teuthology.orchestra.run.smithi162.stdout:/usr/bin/ceph: stderr
2024-04-27T04:01:03.426+0000 7f0492685700 1 -- 172.21.15.162:0/1871207871 shutdown_connections
2024-04-27T04:01:05.142 INFO:teuthology.orchestra.run.smithi162.stdout:/usr/bin/ceph: stderr
2024-04-27T04:01:03.426+0000 7f0492685700 1 -- 172.21.15.162:0/1871207871 wait complete.
2024-04-27T04:01:05.142 INFO:teuthology.orchestra.run.smithi162.stdout:/usr/bin/ceph: stderr
2024-04-27T04:01:03.427+0000 7f0492685700 1 Processor -- start
2024-04-27T04:01:05.142 INFO:teuthology.orchestra.run.smithi162.stdout:/usr/bin/ceph: stderr
2024-04-27T04:01:03.427+0000 7f0492685700 1 -- start start
2024-04-27T04:01:05.142 INFO:teuthology.orchestra.run.smithi162.stdout:/usr/bin/ceph: stderr
2024-04-27T04:01:03.427+0000 7f0492685700 1 --2- >> [v2:172.21.15.162:3300/0,v1:172.21.15.162:6789/0] conn(0x7f048c102880 0x7f048c078c20 unknown :-1 s=NONE pgs=0 cs=0 l=1 rev1=0 crypto rx=0 tx=0 comp rx=0 tx=0).connect
2024-04-27T04:01:05.142 INFO:teuthology.orchestra.run.smithi162.stdout:/usr/bin/ceph: stderr
2024-04-27T04:01:03.427+0000 7f0492685700 1 -- --> [v2:172.21.15.162:3300/0,v1:172.21.15.162:6789/0] -- mon_getmap magic: 0 v1 -- 0x7f048c079160 con 0x7f048c102880
2024-04-27T04:01:05.142 INFO:teuthology.orchestra.run.smithi162.stdout:/usr/bin/ceph: stderr
2024-04-27T04:01:03.427+0000 7f048bfff700 1 --2- >> [v2:172.21.15.162:3300/0,v1:172.21.15.162:6789/0] conn(0x7f048c102880 0x7f048c078c20 unknown :-1 s=BANNER_CONNECTING pgs=0 cs=0 l=1 rev1=0 crypto rx=0 tx=0 comp rx=0 tx=0)._handle_peer_banner_payload supported=3 required=0
2024-04-27T04:01:05.142 INFO:teuthology.orchestra.run.smithi162.stdout:/usr/bin/ceph: stderr
2024-04-27T04:01:03.427+0000 7f048bfff700 1 --2- >> [v2:172.21.15.162:3300/0,v1:172.21.15.162:6789/0] conn(0x7f048c102880 0x7f048c078c20 unknown :-1 s=HELLO_CONNECTING pgs=0 cs=0 l=1 rev1=1 crypto rx=0 tx=0 comp rx=0 tx=0).handle_hello peer v2:172.21.15.162:3300/0 says I am v2:172.21.15.162:38056/0 (socket says 172.21.15.162:38056)
2024-04-27T04:01:05.142 INFO:teuthology.orchestra.run.smithi162.stdout:/usr/bin/ceph: stderr
2024-04-27T04:01:03.427+0000 7f048bfff700 1 -- 172.21.15.162:0/1513512022 learned_addr learned my addr 172.21.15.162:0/1513512022 (peer_addr_for_me v2:172.21.15.162:0/0)
2024-04-27T04:01:05.143 INFO:teuthology.orchestra.run.smithi162.stdout:/usr/bin/ceph: stderr
2024-04-27T04:01:03.427+0000 7f048bfff700 1 -- 172.21.15.162:0/1513512022 --> [v2:172.21.15.162:3300/0,v1:172.21.15.162:6789/0] -- mon_subscribe({config=0+,monmap=0+}) v3 -- 0x7f047c0094f0 con 0x7f048c102880
2024-04-27T04:01:05.143 INFO:teuthology.orchestra.run.smithi162.stdout:/usr/bin/ceph: stderr
2024-04-27T04:01:03.428+0000 7f048bfff700 1 --2- 172.21.15.162:0/1513512022 >> [v2:172.21.15.162:3300/0,v1:172.21.15.162:6789/0] conn(0x7f048c102880 0x7f048c078c20 secure :-1 s=READY pgs=66 cs=0 l=1 rev1=1 crypto rx=0x7f047c0090b0 tx=0x7f047c009250 comp rx=0 tx=0).ready entity=mon.0 client_cookie=0 server_cookie=0 in_seq=0 out_seq=0
2024-04-27T04:01:05.143 INFO:teuthology.orchestra.run.smithi162.stdout:/usr/bin/ceph: stderr
2024-04-27T04:01:03.428+0000 7f0488ff9700 1 -- 172.21.15.162:0/1513512022 <== mon.0 v2:172.21.15.162:3300/0 1 ==== mon_map magic: 0 v1 ==== 229+0+0 (secure 0 0 0) 0x7f047c010840 con 0x7f048c102880
2024-04-27T04:01:05.143 INFO:teuthology.orchestra.run.smithi162.stdout:/usr/bin/ceph: stderr
2024-04-27T04:01:03.428+0000 7f0488ff9700 1 -- 172.21.15.162:0/1513512022 <== mon.0 v2:172.21.15.162:3300/0 2 ==== config(27 keys) v1 ==== 1109+0+0 (secure 0 0 0) 0x7f047c010e70 con 0x7f048c102880
2024-04-27T04:01:05.143 INFO:teuthology.orchestra.run.smithi162.stdout:/usr/bin/ceph: stderr
2024-04-27T04:01:03.428+0000 7f0492685700 1 -- 172.21.15.162:0/1513512022 --> [v2:172.21.15.162:3300/0,v1:172.21.15.162:6789/0] -- mon_subscribe({mgrmap=0+}) v3 -- 0x7f048c0771d0 con 0x7f048c102880
2024-04-27T04:01:05.143 INFO:teuthology.orchestra.run.smithi162.stdout:/usr/bin/ceph: stderr
2024-04-27T04:01:03.428+0000 7f0488ff9700 1 -- 172.21.15.162:0/1513512022 <== mon.0 v2:172.21.15.162:3300/0 3 ==== mon_map magic: 0 v1 ==== 229+0+0 (secure 0 0 0) 0x7f047c024e40 con 0x7f048c102880
2024-04-27T04:01:05.143 INFO:teuthology.orchestra.run.smithi162.stdout:/usr/bin/ceph: stderr
2024-04-27T04:01:03.428+0000 7f0492685700 1 -- 172.21.15.162:0/1513512022 --> [v2:172.21.15.162:3300/0,v1:172.21.15.162:6789/0] -- mon_subscribe({osdmap=0}) v3 -- 0x7f048c0776c0 con 0x7f048c102880
2024-04-27T04:01:05.143 INFO:teuthology.orchestra.run.smithi162.stdout:/usr/bin/ceph: stderr
2024-04-27T04:01:03.429+0000 7f0488ff9700 1 -- 172.21.15.162:0/1513512022 <== mon.0 v2:172.21.15.162:3300/0 4 ==== mgrmap(e 8) v1 ==== 43376+0+0 (secure 0 0 0) 0x7f047c01a4c0 con 0x7f048c102880
2024-04-27T04:01:05.143 INFO:teuthology.orchestra.run.smithi162.stdout:/usr/bin/ceph: stderr
2024-04-27T04:01:03.429+0000 7f0492685700 1 -- 172.21.15.162:0/1513512022 --> [v2:172.21.15.162:3300/0,v1:172.21.15.162:6789/0] -- mon_command({"prefix": "get_command_descriptions"} v 0) v1 -- 0x7f048c04bed0 con 0x7f048c102880
2024-04-27T04:01:05.143 INFO:teuthology.orchestra.run.smithi162.stdout:/usr/bin/ceph: stderr
2024-04-27T04:01:03.429+0000 7f0488ff9700 1 --2- 172.21.15.162:0/1513512022 >> [v2:172.21.15.162:6800/8067198,v1:172.21.15.162:6801/8067198] conn(0x7f0478036850 0x7f0478038d00 unknown :-1 s=NONE pgs=0 cs=0 l=1 rev1=0 crypto rx=0 tx=0 comp rx=0 tx=0).connect
2024-04-27T04:01:05.143 INFO:teuthology.orchestra.run.smithi162.stdout:/usr/bin/ceph: stderr
2024-04-27T04:01:03.429+0000 7f0488ff9700 1 -- 172.21.15.162:0/1513512022 <== mon.0 v2:172.21.15.162:3300/0 5 ==== osd_map(2..2 src has 1..2) v4 ==== 936+0+0 (secure 0 0 0) 0x7f047c04a7b0 con 0x7f048c102880
2024-04-27T04:01:05.143 INFO:teuthology.orchestra.run.smithi162.stdout:/usr/bin/ceph: stderr
2024-04-27T04:01:03.429+0000 7f048b7fe700 1 --2- 172.21.15.162:0/1513512022 >> [v2:172.21.15.162:6800/8067198,v1:172.21.15.162:6801/8067198] conn(0x7f0478036850 0x7f0478038d00 unknown :-1 s=BANNER_CONNECTING pgs=0 cs=0 l=1 rev1=0 crypto rx=0 tx=0 comp rx=0 tx=0)._handle_peer_banner_payload supported=3 required=0
2024-04-27T04:01:05.143 INFO:teuthology.orchestra.run.smithi162.stdout:/usr/bin/ceph: stderr
2024-04-27T04:01:03.430+0000 7f048b7fe700 1 --2- 172.21.15.162:0/1513512022 >> [v2:172.21.15.162:6800/8067198,v1:172.21.15.162:6801/8067198] conn(0x7f0478036850 0x7f0478038d00 secure :-1 s=READY pgs=21 cs=0 l=1 rev1=1 crypto rx=0x7f0474009990 tx=0x7f0474006e40 comp rx=0 tx=0).ready entity=mgr.14120 client_cookie=0 server_cookie=0 in_seq=0 out_seq=0
2024-04-27T04:01:05.144 INFO:teuthology.orchestra.run.smithi162.stdout:/usr/bin/ceph: stderr
2024-04-27T04:01:03.434+0000 7f0488ff9700 1 -- 172.21.15.162:0/1513512022 <== mon.0 v2:172.21.15.162:3300/0 6 ==== mon_command_ack([{"prefix": "get_command_descriptions"}]=0 v0) v1 ==== 72+0+176702 (secure 0 0 0) 0x7f047c018940 con 0x7f048c102880
2024-04-27T04:01:05.144 INFO:teuthology.orchestra.run.smithi162.stdout:/usr/bin/ceph: stderr
2024-04-27T04:01:03.674+0000 7f0492685700 1 -- 172.21.15.162:0/1513512022 --> [v2:172.21.15.162:3300/0,v1:172.21.15.162:6789/0] -- mon_command({"prefix": "mgr module enable", "module": "dashboard"} v 0) v1 -- 0x7f048c104620 con 0x7f048c102880
2024-04-27T04:01:05.144 INFO:teuthology.orchestra.run.smithi162.stdout:/usr/bin/ceph: stderr
2024-04-27T04:01:04.477+0000 7f0488ff9700 1 -- 172.21.15.162:0/1513512022 <== mon.0 v2:172.21.15.162:3300/0 7 ==== mgrmap(e 9) v1 ==== 43389+0+0 (secure 0 0 0) 0x7f047c024430 con 0x7f048c102880
2024-04-27T04:01:05.144 INFO:teuthology.orchestra.run.smithi162.stdout:/usr/bin/ceph: stderr
2024-04-27T04:01:04.479+0000 7f0488ff9700 1 -- 172.21.15.162:0/1513512022 <== mon.0 v2:172.21.15.162:3300/0 8 ==== mon_command_ack([{"prefix": "mgr module enable", "module": "dashboard"}]=0 v9) v1 ==== 88+0+0 (secure 0 0 0) 0x7f047c02d580 con 0x7f048c102880
2024-04-27T04:01:05.144 INFO:teuthology.orchestra.run.smithi162.stdout:/usr/bin/ceph: stderr
2024-04-27T04:01:04.481+0000 7f0492685700 1 -- 172.21.15.162:0/1513512022 >> [v2:172.21.15.162:6800/8067198,v1:172.21.15.162:6801/8067198] conn(0x7f0478036850 msgr2=0x7f0478038d00 secure :-1 s=STATE_CONNECTION_ESTABLISHED l=1).mark_down
2024-04-27T04:01:05.144 INFO:teuthology.orchestra.run.smithi162.stdout:/usr/bin/ceph: stderr
2024-04-27T04:01:04.481+0000 7f0492685700 1 --2- 172.21.15.162:0/1513512022 >> [v2:172.21.15.162:6800/8067198,v1:172.21.15.162:6801/8067198] conn(0x7f0478036850 0x7f0478038d00 secure :-1 s=READY pgs=21 cs=0 l=1 rev1=1 crypto rx=0x7f0474009990 tx=0x7f0474006e40 comp rx=0 tx=0).stop
2024-04-27T04:01:05.144 INFO:teuthology.orchestra.run.smithi162.stdout:/usr/bin/ceph: stderr
2024-04-27T04:01:04.481+0000 7f0492685700 1 -- 172.21.15.162:0/1513512022 >> [v2:172.21.15.162:3300/0,v1:172.21.15.162:6789/0] conn(0x7f048c102880 msgr2=0x7f048c078c20 secure :-1 s=STATE_CONNECTION_ESTABLISHED l=1).mark_down
2024-04-27T04:01:05.144 INFO:teuthology.orchestra.run.smithi162.stdout:/usr/bin/ceph: stderr
2024-04-27T04:01:04.481+0000 7f0492685700 1 --2- 172.21.15.162:0/1513512022 >> [v2:172.21.15.162:3300/0,v1:172.21.15.162:6789/0] conn(0x7f048c102880 0x7f048c078c20 secure :-1 s=READY pgs=66 cs=0 l=1 rev1=1 crypto rx=0x7f047c0090b0 tx=0x7f047c009250 comp rx=0 tx=0).stop
2024-04-27T04:01:05.144 INFO:teuthology.orchestra.run.smithi162.stdout:/usr/bin/ceph: stderr
2024-04-27T04:01:04.481+0000 7f0492685700 1 -- 172.21.15.162:0/1513512022 shutdown_connections
2024-04-27T04:01:05.144 INFO:teuthology.orchestra.run.smithi162.stdout:/usr/bin/ceph: stderr
2024-04-27T04:01:04.481+0000 7f0492685700 1 --2- 172.21.15.162:0/1513512022 >> [v2:172.21.15.162:6800/8067198,v1:172.21.15.162:6801/8067198] conn(0x7f0478036850 0x7f0478038d00 unknown :-1 s=CLOSED pgs=21 cs=0 l=1 rev1=1 crypto rx=0 tx=0 comp rx=0 tx=0).stop
2024-04-27T04:01:05.144 INFO:teuthology.orchestra.run.smithi162.stdout:/usr/bin/ceph: stderr
2024-04-27T04:01:04.481+0000 7f0492685700 1 --2- 172.21.15.162:0/1513512022 >> [v2:172.21.15.162:3300/0,v1:172.21.15.162:6789/0] conn(0x7f048c102880 0x7f048c078c20 unknown :-1 s=CLOSED pgs=66 cs=0 l=1 rev1=1 crypto rx=0 tx=0 comp rx=0 tx=0).stop
2024-04-27T04:01:05.144 INFO:teuthology.orchestra.run.smithi162.stdout:/usr/bin/ceph: stderr
2024-04-27T04:01:04.481+0000 7f0492685700 1 -- 172.21.15.162:0/1513512022 >> 172.21.15.162:0/1513512022 conn(0x7f048c0fe060 msgr2=0x7f048c0feb40 unknown :-1 s=STATE_NONE l=0).mark_down
2024-04-27T04:01:05.144 INFO:teuthology.orchestra.run.smithi162.stdout:/usr/bin/ceph: stderr
2024-04-27T04:01:04.482+0000 7f0492685700 1 -- 172.21.15.162:0/1513512022 shutdown_connections
2024-04-27T04:01:05.144 INFO:teuthology.orchestra.run.smithi162.stdout:/usr/bin/ceph: stderr
2024-04-27T04:01:04.482+0000 7f0492685700 1 -- 172.21.15.162:0/1513512022 wait complete.
2024-04-27T04:01:05.732 INFO:journalctl@ceph.mon.smithi162.smithi162.stdout:Apr 27 04:01:05 smithi162 ceph-mon[26841]: from='client.? 172.21.15.162:0/1513512022' entity='client.admin' cmd='[{"prefix": "mgr module enable", "module": "dashboard"}]': finished
2024-04-27T04:01:05.732 INFO:journalctl@ceph.mon.smithi162.smithi162.stdout:Apr 27 04:01:05 smithi162 ceph-mon[26841]: mgrmap e9: smithi162.oennfn(active, since 23s)
2024-04-27T04:01:06.390 INFO:teuthology.orchestra.run.smithi162.stdout:/usr/bin/ceph: stdout {
2024-04-27T04:01:06.390 INFO:teuthology.orchestra.run.smithi162.stdout:/usr/bin/ceph: stdout "epoch": 9,
2024-04-27T04:01:06.390 INFO:teuthology.orchestra.run.smithi162.stdout:/usr/bin/ceph: stdout "available": true,
2024-04-27T04:01:06.390 INFO:teuthology.orchestra.run.smithi162.stdout:/usr/bin/ceph: stdout "active_name": "smithi162.oennfn",
2024-04-27T04:01:06.390 INFO:teuthology.orchestra.run.smithi162.stdout:/usr/bin/ceph: stdout "num_standby": 0
2024-04-27T04:01:06.390 INFO:teuthology.orchestra.run.smithi162.stdout:/usr/bin/ceph: stdout }
2024-04-27T04:01:06.391 INFO:teuthology.orchestra.run.smithi162.stdout:/usr/bin/ceph: stderr
2024-04-27T04:01:05.526+0000 7febfa433700 1 Processor -- start
2024-04-27T04:01:06.391 INFO:teuthology.orchestra.run.smithi162.stdout:/usr/bin/ceph: stderr
2024-04-27T04:01:05.526+0000 7febfa433700 1 -- start start
2024-04-27T04:01:06.391 INFO:teuthology.orchestra.run.smithi162.stdout:/usr/bin/ceph: stderr
2024-04-27T04:01:05.526+0000 7febfa433700 1 --2- >> [v2:172.21.15.162:3300/0,v1:172.21.15.162:6789/0] conn(0x7febf41028d0 0x7febf4102ce0 unknown :-1 s=NONE pgs=0 cs=0 l=0 rev1=0 crypto rx=0 tx=0 comp rx=0 tx=0).connect
2024-04-27T04:01:06.391 INFO:teuthology.orchestra.run.smithi162.stdout:/usr/bin/ceph: stderr
2024-04-27T04:01:05.526+0000 7febfa433700 1 -- --> [v2:172.21.15.162:3300/0,v1:172.21.15.162:6789/0] -- mon_getmap magic: 0 v1 -- 0x7febf4103220 con 0x7febf41028d0
2024-04-27T04:01:06.391 INFO:teuthology.orchestra.run.smithi162.stdout:/usr/bin/ceph: stderr
2024-04-27T04:01:05.526+0000 7febf3fff700 1 --2- >> [v2:172.21.15.162:3300/0,v1:172.21.15.162:6789/0] conn(0x7febf41028d0 0x7febf4102ce0 unknown :-1 s=BANNER_CONNECTING pgs=0 cs=0 l=0 rev1=0 crypto rx=0 tx=0 comp rx=0 tx=0)._handle_peer_banner_payload supported=3 required=0
2024-04-27T04:01:06.391 INFO:teuthology.orchestra.run.smithi162.stdout:/usr/bin/ceph: stderr
2024-04-27T04:01:05.526+0000 7febf3fff700 1 --2- >> [v2:172.21.15.162:3300/0,v1:172.21.15.162:6789/0] conn(0x7febf41028d0 0x7febf4102ce0 unknown :-1 s=HELLO_CONNECTING pgs=0 cs=0 l=0 rev1=1 crypto rx=0 tx=0 comp rx=0 tx=0).handle_hello peer v2:172.21.15.162:3300/0 says I am v2:172.21.15.162:57270/0 (socket says 172.21.15.162:57270)
2024-04-27T04:01:06.391 INFO:teuthology.orchestra.run.smithi162.stdout:/usr/bin/ceph: stderr
2024-04-27T04:01:05.526+0000 7febf3fff700 1 -- 172.21.15.162:0/3302015176 learned_addr learned my addr 172.21.15.162:0/3302015176 (peer_addr_for_me v2:172.21.15.162:0/0)
2024-04-27T04:01:06.391 INFO:teuthology.orchestra.run.smithi162.stdout:/usr/bin/ceph: stderr
2024-04-27T04:01:05.527+0000 7febf3fff700 1 -- 172.21.15.162:0/3302015176 --> [v2:172.21.15.162:3300/0,v1:172.21.15.162:6789/0] -- mon_subscribe({config=0+,monmap=0+}) v3 -- 0x7febf4103360 con 0x7febf41028d0
2024-04-27T04:01:06.391 INFO:teuthology.orchestra.run.smithi162.stdout:/usr/bin/ceph: stderr
2024-04-27T04:01:05.527+0000 7febf3fff700 1 --2- 172.21.15.162:0/3302015176 >> [v2:172.21.15.162:3300/0,v1:172.21.15.162:6789/0] conn(0x7febf41028d0 0x7febf4102ce0 secure :-1 s=READY pgs=69 cs=0 l=1 rev1=1 crypto rx=0x7febe40098e0 tx=0x7febe4009250 comp rx=0 tx=0).ready entity=mon.0 client_cookie=d0a04f5056f08542 server_cookie=0 in_seq=0 out_seq=0
2024-04-27T04:01:06.391 INFO:teuthology.orchestra.run.smithi162.stdout:/usr/bin/ceph: stderr
2024-04-27T04:01:05.527+0000 7febf2ffd700 1 -- 172.21.15.162:0/3302015176 <== mon.0 v2:172.21.15.162:3300/0 1 ==== mon_map magic: 0 v1 ==== 229+0+0 (secure 0 0 0) 0x7febe400b860 con 0x7febf41028d0
2024-04-27T04:01:06.391 INFO:teuthology.orchestra.run.smithi162.stdout:/usr/bin/ceph: stderr
2024-04-27T04:01:05.527+0000 7febf2ffd700 1 -- 172.21.15.162:0/3302015176 <== mon.0 v2:172.21.15.162:3300/0 2 ==== config(27 keys) v1 ==== 1109+0+0 (secure 0 0 0) 0x7febe400be90 con 0x7febf41028d0
2024-04-27T04:01:06.391 INFO:teuthology.orchestra.run.smithi162.stdout:/usr/bin/ceph: stderr
2024-04-27T04:01:05.527+0000 7febf2ffd700 1 -- 172.21.15.162:0/3302015176 <== mon.0 v2:172.21.15.162:3300/0 3 ==== mon_map magic: 0 v1 ==== 229+0+0 (secure 0 0 0) 0x7febe40103c0 con 0x7febf41028d0
2024-04-27T04:01:06.391 INFO:teuthology.orchestra.run.smithi162.stdout:/usr/bin/ceph: stderr
2024-04-27T04:01:05.527+0000 7febfa433700 1 -- 172.21.15.162:0/3302015176 >> [v2:172.21.15.162:3300/0,v1:172.21.15.162:6789/0] conn(0x7febf41028d0 msgr2=0x7febf4102ce0 secure :-1 s=STATE_CONNECTION_ESTABLISHED l=1).mark_down
2024-04-27T04:01:06.391 INFO:teuthology.orchestra.run.smithi162.stdout:/usr/bin/ceph: stderr
2024-04-27T04:01:05.528+0000 7febfa433700 1 --2- 172.21.15.162:0/3302015176 >> [v2:172.21.15.162:3300/0,v1:172.21.15.162:6789/0] conn(0x7febf41028d0 0x7febf4102ce0 secure :-1 s=READY pgs=69 cs=0 l=1 rev1=1 crypto rx=0x7febe40098e0 tx=0x7febe4009250 comp rx=0 tx=0).stop
2024-04-27T04:01:06.392 INFO:teuthology.orchestra.run.smithi162.stdout:/usr/bin/ceph: stderr
2024-04-27T04:01:05.528+0000 7febfa433700 1 -- 172.21.15.162:0/3302015176 shutdown_connections
2024-04-27T04:01:06.392 INFO:teuthology.orchestra.run.smithi162.stdout:/usr/bin/ceph: stderr
2024-04-27T04:01:05.528+0000 7febfa433700 1 --2- 172.21.15.162:0/3302015176 >> [v2:172.21.15.162:3300/0,v1:172.21.15.162:6789/0] conn(0x7febf41028d0 0x7febf4102ce0 unknown :-1 s=CLOSED pgs=69 cs=0 l=1 rev1=1 crypto rx=0 tx=0 comp rx=0 tx=0).stop
2024-04-27T04:01:06.392 INFO:teuthology.orchestra.run.smithi162.stdout:/usr/bin/ceph: stderr
2024-04-27T04:01:05.528+0000 7febfa433700 1 -- 172.21.15.162:0/3302015176 >> 172.21.15.162:0/3302015176 conn(0x7febf40fe090 msgr2=0x7febf41004a0 unknown :-1 s=STATE_NONE l=0).mark_down
2024-04-27T04:01:06.392 INFO:teuthology.orchestra.run.smithi162.stdout:/usr/bin/ceph: stderr
2024-04-27T04:01:05.528+0000 7febfa433700 1 -- 172.21.15.162:0/3302015176 shutdown_connections
2024-04-27T04:01:06.392 INFO:teuthology.orchestra.run.smithi162.stdout:/usr/bin/ceph: stderr
2024-04-27T04:01:05.528+0000 7febfa433700 1 -- 172.21.15.162:0/3302015176 wait complete.
2024-04-27T04:01:06.392 INFO:teuthology.orchestra.run.smithi162.stdout:/usr/bin/ceph: stderr
2024-04-27T04:01:05.528+0000 7febfa433700 1 Processor -- start
2024-04-27T04:01:06.392 INFO:teuthology.orchestra.run.smithi162.stdout:/usr/bin/ceph: stderr
2024-04-27T04:01:05.528+0000 7febfa433700 1 -- start start
2024-04-27T04:01:06.392 INFO:teuthology.orchestra.run.smithi162.stdout:/usr/bin/ceph: stderr
2024-04-27T04:01:05.529+0000 7febfa433700 1 --2- >> [v2:172.21.15.162:3300/0,v1:172.21.15.162:6789/0] conn(0x7febf41028d0 0x7febf4078c20 unknown :-1 s=NONE pgs=0 cs=0 l=1 rev1=0 crypto rx=0 tx=0 comp rx=0 tx=0).connect
2024-04-27T04:01:06.392 INFO:teuthology.orchestra.run.smithi162.stdout:/usr/bin/ceph: stderr
2024-04-27T04:01:05.529+0000 7febfa433700 1 -- --> [v2:172.21.15.162:3300/0,v1:172.21.15.162:6789/0] -- mon_getmap magic: 0 v1 -- 0x7febf4079160 con 0x7febf41028d0
2024-04-27T04:01:06.392 INFO:teuthology.orchestra.run.smithi162.stdout:/usr/bin/ceph: stderr
2024-04-27T04:01:05.529+0000 7febf3fff700 1 --2- >> [v2:172.21.15.162:3300/0,v1:172.21.15.162:6789/0] conn(0x7febf41028d0 0x7febf4078c20 unknown :-1 s=BANNER_CONNECTING pgs=0 cs=0 l=1 rev1=0 crypto rx=0 tx=0 comp rx=0 tx=0)._handle_peer_banner_payload supported=3 required=0
2024-04-27T04:01:06.392 INFO:teuthology.orchestra.run.smithi162.stdout:/usr/bin/ceph: stderr
2024-04-27T04:01:05.529+0000 7febf3fff700 1 --2- >> [v2:172.21.15.162:3300/0,v1:172.21.15.162:6789/0] conn(0x7febf41028d0 0x7febf4078c20 unknown :-1 s=HELLO_CONNECTING pgs=0 cs=0 l=1 rev1=1 crypto rx=0 tx=0 comp rx=0 tx=0).handle_hello peer v2:172.21.15.162:3300/0 says I am v2:172.21.15.162:57286/0 (socket says 172.21.15.162:57286)
2024-04-27T04:01:06.392 INFO:teuthology.orchestra.run.smithi162.stdout:/usr/bin/ceph: stderr
2024-04-27T04:01:05.529+0000 7febf3fff700 1 -- 172.21.15.162:0/951676078 learned_addr learned my addr 172.21.15.162:0/951676078 (peer_addr_for_me v2:172.21.15.162:0/0)
2024-04-27T04:01:06.392 INFO:teuthology.orchestra.run.smithi162.stdout:/usr/bin/ceph: stderr
2024-04-27T04:01:05.529+0000 7febf3fff700 1 -- 172.21.15.162:0/951676078 --> [v2:172.21.15.162:3300/0,v1:172.21.15.162:6789/0] -- mon_subscribe({config=0+,monmap=0+}) v3 -- 0x7febe40094f0 con 0x7febf41028d0
2024-04-27T04:01:06.392 INFO:teuthology.orchestra.run.smithi162.stdout:/usr/bin/ceph: stderr
2024-04-27T04:01:05.529+0000 7febf3fff700 1 --2- 172.21.15.162:0/951676078 >> [v2:172.21.15.162:3300/0,v1:172.21.15.162:6789/0] conn(0x7febf41028d0 0x7febf4078c20 secure :-1 s=READY pgs=70 cs=0 l=1 rev1=1 crypto rx=0x7febe4011680 tx=0x7febe4009250 comp rx=0 tx=0).ready entity=mon.0 client_cookie=0 server_cookie=0 in_seq=0 out_seq=0
2024-04-27T04:01:06.393 INFO:teuthology.orchestra.run.smithi162.stdout:/usr/bin/ceph: stderr
2024-04-27T04:01:05.529+0000 7febf0ff9700 1 -- 172.21.15.162:0/951676078 <== mon.0 v2:172.21.15.162:3300/0 1 ==== mon_map magic: 0 v1 ==== 229+0+0 (secure 0 0 0) 0x7febe4010890 con 0x7febf41028d0
2024-04-27T04:01:06.393 INFO:teuthology.orchestra.run.smithi162.stdout:/usr/bin/ceph: stderr
2024-04-27T04:01:05.529+0000 7febf0ff9700 1 -- 172.21.15.162:0/951676078 <== mon.0 v2:172.21.15.162:3300/0 2 ==== config(27 keys) v1 ==== 1109+0+0 (secure 0 0 0) 0x7febe4010ec0 con 0x7febf41028d0
2024-04-27T04:01:06.393 INFO:teuthology.orchestra.run.smithi162.stdout:/usr/bin/ceph: stderr
2024-04-27T04:01:05.529+0000 7febfa433700 1 -- 172.21.15.162:0/951676078 --> [v2:172.21.15.162:3300/0,v1:172.21.15.162:6789/0] -- mon_subscribe({mgrmap=0+}) v3 -- 0x7febf40771d0 con 0x7febf41028d0
2024-04-27T04:01:06.393 INFO:teuthology.orchestra.run.smithi162.stdout:/usr/bin/ceph: stderr
2024-04-27T04:01:05.529+0000 7febf0ff9700 1 -- 172.21.15.162:0/951676078 <== mon.0 v2:172.21.15.162:3300/0 3 ==== mon_map magic: 0 v1 ==== 229+0+0 (secure 0 0 0) 0x7febe40243f0 con 0x7febf41028d0
2024-04-27T04:01:06.393 INFO:teuthology.orchestra.run.smithi162.stdout:/usr/bin/ceph: stderr
2024-04-27T04:01:05.530+0000 7febfa433700 1 -- 172.21.15.162:0/951676078 --> [v2:172.21.15.162:3300/0,v1:172.21.15.162:6789/0] -- mon_subscribe({osdmap=0}) v3 -- 0x7febf40776c0 con 0x7febf41028d0
2024-04-27T04:01:06.393 INFO:teuthology.orchestra.run.smithi162.stdout:/usr/bin/ceph: stderr
2024-04-27T04:01:05.530+0000 7febf0ff9700 1 -- 172.21.15.162:0/951676078 <== mon.0 v2:172.21.15.162:3300/0 4 ==== mgrmap(e 9) v1 ==== 43389+0+0 (secure 0 0 0) 0x7febe402d3f0 con 0x7febf41028d0
2024-04-27T04:01:06.393 INFO:teuthology.orchestra.run.smithi162.stdout:/usr/bin/ceph: stderr
2024-04-27T04:01:05.530+0000 7febf0ff9700 1 --2- 172.21.15.162:0/951676078 >> [v2:172.21.15.162:6800/8067198,v1:172.21.15.162:6801/8067198] conn(0x7febdc0368a0 0x7febdc038d50 unknown :-1 s=NONE pgs=0 cs=0 l=1 rev1=0 crypto rx=0 tx=0 comp rx=0 tx=0).connect
2024-04-27T04:01:06.393 INFO:teuthology.orchestra.run.smithi162.stdout:/usr/bin/ceph: stderr
2024-04-27T04:01:05.531+0000 7febf0ff9700 1 -- 172.21.15.162:0/951676078 <== mon.0 v2:172.21.15.162:3300/0 5 ==== osd_map(2..2 src has 1..2) v4 ==== 936+0+0 (secure 0 0 0) 0x7febe404a2d0 con 0x7febf41028d0
2024-04-27T04:01:06.393 INFO:teuthology.orchestra.run.smithi162.stdout:/usr/bin/ceph: stderr
2024-04-27T04:01:05.531+0000 7febf37fe700 1 -- 172.21.15.162:0/951676078 >> [v2:172.21.15.162:6800/8067198,v1:172.21.15.162:6801/8067198] conn(0x7febdc0368a0 msgr2=0x7febdc038d50 unknown :-1 s=STATE_CONNECTING_RE l=1).process reconnect failed to v2:172.21.15.162:6800/8067198
2024-04-27T04:01:06.393 INFO:teuthology.orchestra.run.smithi162.stdout:/usr/bin/ceph: stderr
2024-04-27T04:01:05.531+0000 7febf37fe700 1 --2- 172.21.15.162:0/951676078 >> [v2:172.21.15.162:6800/8067198,v1:172.21.15.162:6801/8067198] conn(0x7febdc0368a0 0x7febdc038d50 unknown :-1 s=START_CONNECT pgs=0 cs=0 l=1 rev1=0 crypto rx=0 tx=0 comp rx=0 tx=0)._fault waiting 0.200000
2024-04-27T04:01:06.393 INFO:teuthology.orchestra.run.smithi162.stdout:/usr/bin/ceph: stderr
2024-04-27T04:01:05.531+0000 7febfa433700 1 -- 172.21.15.162:0/951676078 --> [v2:172.21.15.162:3300/0,v1:172.21.15.162:6789/0] -- mon_command({"prefix": "get_command_descriptions"} v 0) v1 -- 0x7febf404bed0 con 0x7febf41028d0
2024-04-27T04:01:06.393 INFO:teuthology.orchestra.run.smithi162.stdout:/usr/bin/ceph: stderr
2024-04-27T04:01:05.535+0000 7febf0ff9700 1 -- 172.21.15.162:0/951676078 <== mon.0 v2:172.21.15.162:3300/0 6 ==== mon_command_ack([{"prefix": "get_command_descriptions"}]=0 v0) v1 ==== 72+0+176702 (secure 0 0 0) 0x7febe402b8e0 con 0x7febf41028d0
2024-04-27T04:01:06.393 INFO:teuthology.orchestra.run.smithi162.stdout:/usr/bin/ceph: stderr
2024-04-27T04:01:05.732+0000 7febf37fe700 1 -- 172.21.15.162:0/951676078 >> [v2:172.21.15.162:6800/8067198,v1:172.21.15.162:6801/8067198] conn(0x7febdc0368a0 msgr2=0x7febdc038d50 unknown :-1 s=STATE_CONNECTING_RE l=1).process reconnect failed to v2:172.21.15.162:6800/8067198
2024-04-27T04:01:06.394 INFO:teuthology.orchestra.run.smithi162.stdout:/usr/bin/ceph: stderr
2024-04-27T04:01:05.732+0000 7febf37fe700 1 --2- 172.21.15.162:0/951676078 >> [v2:172.21.15.162:6800/8067198,v1:172.21.15.162:6801/8067198] conn(0x7febdc0368a0 0x7febdc038d50 unknown :-1 s=START_CONNECT pgs=0 cs=0 l=1 rev1=0 crypto rx=0 tx=0 comp rx=0 tx=0)._fault waiting 0.400000
2024-04-27T04:01:06.394 INFO:teuthology.orchestra.run.smithi162.stdout:/usr/bin/ceph: stderr
2024-04-27T04:01:05.848+0000 7febfa433700 1 -- 172.21.15.162:0/951676078 --> [v2:172.21.15.162:3300/0,v1:172.21.15.162:6789/0] -- mon_command({"prefix": "mgr stat"} v 0) v1 -- 0x7febf4077b40 con 0x7febf41028d0
2024-04-27T04:01:06.394 INFO:teuthology.orchestra.run.smithi162.stdout:/usr/bin/ceph: stderr
2024-04-27T04:01:05.848+0000 7febf0ff9700 1 -- 172.21.15.162:0/951676078 <== mon.0 v2:172.21.15.162:3300/0 7 ==== mon_command_ack([{"prefix": "mgr stat"}]=0 v9) v1 ==== 56+0+103 (secure 0 0 0) 0x7febe402c350 con 0x7febf41028d0
2024-04-27T04:01:06.394 INFO:teuthology.orchestra.run.smithi162.stdout:/usr/bin/ceph: stderr
2024-04-27T04:01:05.850+0000 7febfa433700 1 -- 172.21.15.162:0/951676078 >> [v2:172.21.15.162:6800/8067198,v1:172.21.15.162:6801/8067198] conn(0x7febdc0368a0 msgr2=0x7febdc038d50 unknown :-1 s=STATE_CONNECTING l=1).mark_down
2024-04-27T04:01:06.394 INFO:teuthology.orchestra.run.smithi162.stdout:/usr/bin/ceph: stderr
2024-04-27T04:01:05.850+0000 7febfa433700 1 --2- 172.21.15.162:0/951676078 >> [v2:172.21.15.162:6800/8067198,v1:172.21.15.162:6801/8067198] conn(0x7febdc0368a0 0x7febdc038d50 unknown :-1 s=START_CONNECT pgs=0 cs=0 l=1 rev1=0 crypto rx=0 tx=0 comp rx=0 tx=0).stop
2024-04-27T04:01:06.394 INFO:teuthology.orchestra.run.smithi162.stdout:/usr/bin/ceph: stderr
2024-04-27T04:01:05.850+0000 7febfa433700 1 -- 172.21.15.162:0/951676078 >> [v2:172.21.15.162:3300/0,v1:172.21.15.162:6789/0] conn(0x7febf41028d0 msgr2=0x7febf4078c20 secure :-1 s=STATE_CONNECTION_ESTABLISHED l=1).mark_down
2024-04-27T04:01:06.394 INFO:teuthology.orchestra.run.smithi162.stdout:/usr/bin/ceph: stderr
2024-04-27T04:01:05.850+0000 7febfa433700 1 --2- 172.21.15.162:0/951676078 >> [v2:172.21.15.162:3300/0,v1:172.21.15.162:6789/0] conn(0x7febf41028d0 0x7febf4078c20 secure :-1 s=READY pgs=70 cs=0 l=1 rev1=1 crypto rx=0x7febe4011680 tx=0x7febe4009250 comp rx=0 tx=0).stop
2024-04-27T04:01:06.394 INFO:teuthology.orchestra.run.smithi162.stdout:/usr/bin/ceph: stderr
2024-04-27T04:01:05.850+0000 7febfa433700 1 -- 172.21.15.162:0/951676078 shutdown_connections
2024-04-27T04:01:06.394 INFO:teuthology.orchestra.run.smithi162.stdout:/usr/bin/ceph: stderr
2024-04-27T04:01:05.850+0000 7febfa433700 1 --2- 172.21.15.162:0/951676078 >> [v2:172.21.15.162:6800/8067198,v1:172.21.15.162:6801/8067198] conn(0x7febdc0368a0 0x7febdc038d50 unknown :-1 s=CLOSED pgs=0 cs=0 l=1 rev1=0 crypto rx=0 tx=0 comp rx=0 tx=0).stop
2024-04-27T04:01:06.394 INFO:teuthology.orchestra.run.smithi162.stdout:/usr/bin/ceph: stderr
2024-04-27T04:01:05.850+0000 7febfa433700 1 --2- 172.21.15.162:0/951676078 >> [v2:172.21.15.162:3300/0,v1:172.21.15.162:6789/0] conn(0x7febf41028d0 0x7febf4078c20 unknown :-1 s=CLOSED pgs=70 cs=0 l=1 rev1=1 crypto rx=0 tx=0 comp rx=0 tx=0).stop
2024-04-27T04:01:06.394 INFO:teuthology.orchestra.run.smithi162.stdout:/usr/bin/ceph: stderr
2024-04-27T04:01:05.850+0000 7febfa433700 1 -- 172.21.15.162:0/951676078 >> 172.21.15.162:0/951676078 conn(0x7febf40fe090 msgr2=0x7febf40feb00 unknown :-1 s=STATE_NONE l=0).mark_down
2024-04-27T04:01:06.394 INFO:teuthology.orchestra.run.smithi162.stdout:/usr/bin/ceph: stderr
2024-04-27T04:01:05.851+0000 7febfa433700 1 -- 172.21.15.162:0/951676078 shutdown_connections
2024-04-27T04:01:06.394 INFO:teuthology.orchestra.run.smithi162.stdout:/usr/bin/ceph: stderr
2024-04-27T04:01:05.851+0000 7febfa433700 1 -- 172.21.15.162:0/951676078 wait complete.
2024-04-27T04:01:06.394 INFO:teuthology.orchestra.run.smithi162.stdout:Waiting for the mgr to restart...
2024-04-27T04:01:06.395 INFO:teuthology.orchestra.run.smithi162.stdout:Waiting for mgr epoch 9...
2024-04-27T04:01:06.808 INFO:journalctl@ceph.mon.smithi162.smithi162.stdout:Apr 27 04:01:06 smithi162 ceph-mon[26841]: from='client.? 172.21.15.162:0/951676078' entity='client.admin' cmd=[{"prefix": "mgr stat"}]: dispatch
2024-04-27T04:01:11.083 INFO:journalctl@ceph.mon.smithi162.smithi162.stdout:Apr 27 04:01:11 smithi162 ceph-mon[26841]: Active manager daemon smithi162.oennfn restarted
2024-04-27T04:01:11.084 INFO:journalctl@ceph.mon.smithi162.smithi162.stdout:Apr 27 04:01:11 smithi162 ceph-mon[26841]: Activating manager daemon smithi162.oennfn
2024-04-27T04:01:11.084 INFO:journalctl@ceph.mon.smithi162.smithi162.stdout:Apr 27 04:01:11 smithi162 ceph-mon[26841]: osdmap e3: 0 total, 0 up, 0 in
2024-04-27T04:01:11.084 INFO:journalctl@ceph.mon.smithi162.smithi162.stdout:Apr 27 04:01:11 smithi162 ceph-mon[26841]: mgrmap e10: smithi162.oennfn(active, starting, since 0.00328642s)
