2024-04-27T04:09:32.229+0000 7f6f19ffb700 1 -- 172.21.15.88:0/1704569027 <== mgr.14120 v2:172.21.15.88:6800/3824892681 1 ==== mgr_command_reply(tid 0: 0 ) v1 ==== 8+0+24 (secure 0 0 0) 0x7f6f24077d40 con 0x7f6f10036850
2024-04-27T04:09:32.866 INFO:teuthology.orchestra.run.smithi088.stdout:/usr/bin/ceph: stderr
2024-04-27T04:09:32.231+0000 7f6f2b866700 1 -- 172.21.15.88:0/1704569027 >> [v2:172.21.15.88:6800/3824892681,v1:172.21.15.88:6801/3824892681] conn(0x7f6f10036850 msgr2=0x7f6f10038d00 secure :-1 s=STATE_CONNECTION_ESTABLISHED l=1).mark_down
2024-04-27T04:09:32.866 INFO:teuthology.orchestra.run.smithi088.stdout:/usr/bin/ceph: stderr
2024-04-27T04:09:32.231+0000 7f6f2b866700 1 --2- 172.21.15.88:0/1704569027 >> [v2:172.21.15.88:6800/3824892681,v1:172.21.15.88:6801/3824892681] conn(0x7f6f10036850 0x7f6f10038d00 secure :-1 s=READY pgs=13 cs=0 l=1 rev1=1 crypto rx=0x7f6f14009990 tx=0x7f6f14006e40 comp rx=0 tx=0).stop
2024-04-27T04:09:32.866 INFO:teuthology.orchestra.run.smithi088.stdout:/usr/bin/ceph: stderr
2024-04-27T04:09:32.231+0000 7f6f2b866700 1 -- 172.21.15.88:0/1704569027 >> [v2:172.21.15.88:3300/0,v1:172.21.15.88:6789/0] conn(0x7f6f24102850 msgr2=0x7f6f24078c20 secure :-1 s=STATE_CONNECTION_ESTABLISHED l=1).mark_down
2024-04-27T04:09:32.866 INFO:teuthology.orchestra.run.smithi088.stdout:/usr/bin/ceph: stderr
2024-04-27T04:09:32.231+0000 7f6f2b866700 1 --2- 172.21.15.88:0/1704569027 >> [v2:172.21.15.88:3300/0,v1:172.21.15.88:6789/0] conn(0x7f6f24102850 0x7f6f24078c20 secure :-1 s=READY pgs=50 cs=0 l=1 rev1=1 crypto rx=0x7f6f20009fd0 tx=0x7f6f20009840 comp rx=0 tx=0).stop
2024-04-27T04:09:32.866 INFO:teuthology.orchestra.run.smithi088.stdout:/usr/bin/ceph: stderr
2024-04-27T04:09:32.231+0000 7f6f2b866700 1 -- 172.21.15.88:0/1704569027 shutdown_connections
2024-04-27T04:09:32.866 INFO:teuthology.orchestra.run.smithi088.stdout:/usr/bin/ceph: stderr
2024-04-27T04:09:32.231+0000 7f6f2b866700 1 --2- 172.21.15.88:0/1704569027 >> [v2:172.21.15.88:6800/3824892681,v1:172.21.15.88:6801/3824892681] conn(0x7f6f10036850 0x7f6f10038d00 unknown :-1 s=CLOSED pgs=13 cs=0 l=1 rev1=1 crypto rx=0 tx=0 comp rx=0 tx=0).stop
2024-04-27T04:09:32.867 INFO:teuthology.orchestra.run.smithi088.stdout:/usr/bin/ceph: stderr
2024-04-27T04:09:32.231+0000 7f6f2b866700 1 --2- 172.21.15.88:0/1704569027 >> [v2:172.21.15.88:3300/0,v1:172.21.15.88:6789/0] conn(0x7f6f24102850 0x7f6f24078c20 unknown :-1 s=CLOSED pgs=50 cs=0 l=1 rev1=1 crypto rx=0 tx=0 comp rx=0 tx=0).stop
2024-04-27T04:09:32.867 INFO:teuthology.orchestra.run.smithi088.stdout:/usr/bin/ceph: stderr
2024-04-27T04:09:32.231+0000 7f6f2b866700 1 -- 172.21.15.88:0/1704569027 >> 172.21.15.88:0/1704569027 conn(0x7f6f240fe010 msgr2=0x7f6f240feaa0 unknown :-1 s=STATE_NONE l=0).mark_down
2024-04-27T04:09:32.867 INFO:teuthology.orchestra.run.smithi088.stdout:/usr/bin/ceph: stderr
2024-04-27T04:09:32.231+0000 7f6f2b866700 1 -- 172.21.15.88:0/1704569027 shutdown_connections
2024-04-27T04:09:32.867 INFO:teuthology.orchestra.run.smithi088.stdout:/usr/bin/ceph: stderr
2024-04-27T04:09:32.231+0000 7f6f2b866700 1 -- 172.21.15.88:0/1704569027 wait complete.
2024-04-27T04:09:32.867 INFO:teuthology.orchestra.run.smithi088.stdout:Deploying crash service with default placement...
2024-04-27T04:09:33.191 INFO:journalctl@ceph.mon.smithi088.smithi088.stdout:Apr 27 04:09:33 smithi088 ceph-mon[26585]: from='mgr.14120 172.21.15.88:0/1110810917' entity='mgr.smithi088.qlwwsq'
2024-04-27T04:09:33.191 INFO:journalctl@ceph.mon.smithi088.smithi088.stdout:Apr 27 04:09:33 smithi088 ceph-mon[26585]: from='client.14144 -' entity='client.admin' cmd=[{"prefix": "orch apply", "service_type": "mgr", "target": ["mon-mgr", ""]}]: dispatch
2024-04-27T04:09:33.191 INFO:journalctl@ceph.mon.smithi088.smithi088.stdout:Apr 27 04:09:33 smithi088 ceph-mon[26585]: Saving service mgr spec with placement count:2
2024-04-27T04:09:33.191 INFO:journalctl@ceph.mon.smithi088.smithi088.stdout:Apr 27 04:09:33 smithi088 ceph-mon[26585]: from='mgr.14120 172.21.15.88:0/1110810917' entity='mgr.smithi088.qlwwsq'
2024-04-27T04:09:34.572 INFO:journalctl@ceph.mon.smithi088.smithi088.stdout:Apr 27 04:09:34 smithi088 ceph-mon[26585]: from='client.14146 -' entity='client.admin' cmd=[{"prefix": "orch apply", "service_type": "crash", "target": ["mon-mgr", ""]}]: dispatch
2024-04-27T04:09:34.572 INFO:journalctl@ceph.mon.smithi088.smithi088.stdout:Apr 27 04:09:34 smithi088 ceph-mon[26585]: Saving service crash spec with placement *
2024-04-27T04:09:34.572 INFO:journalctl@ceph.mon.smithi088.smithi088.stdout:Apr 27 04:09:34 smithi088 ceph-mon[26585]: from='mgr.14120 172.21.15.88:0/1110810917' entity='mgr.smithi088.qlwwsq'
2024-04-27T04:09:34.572 INFO:journalctl@ceph.mon.smithi088.smithi088.stdout:Apr 27 04:09:34 smithi088 ceph-mon[26585]: from='mgr.14120 172.21.15.88:0/1110810917' entity='mgr.smithi088.qlwwsq'
2024-04-27T04:09:34.622 INFO:teuthology.orchestra.run.smithi088.stdout:/usr/bin/ceph: stdout Scheduled crash update...
2024-04-27T04:09:34.623 INFO:teuthology.orchestra.run.smithi088.stdout:/usr/bin/ceph: stderr
2024-04-27T04:09:33.289+0000 7ff6cdf65700 1 Processor -- start
2024-04-27T04:09:34.623 INFO:teuthology.orchestra.run.smithi088.stdout:/usr/bin/ceph: stderr
2024-04-27T04:09:33.289+0000 7ff6cdf65700 1 -- start start
2024-04-27T04:09:34.623 INFO:teuthology.orchestra.run.smithi088.stdout:/usr/bin/ceph: stderr
2024-04-27T04:09:33.289+0000 7ff6cdf65700 1 --2- >> [v2:172.21.15.88:3300/0,v1:172.21.15.88:6789/0] conn(0x7ff6c8101750 0x7ff6c8101b60 unknown :-1 s=NONE pgs=0 cs=0 l=0 rev1=0 crypto rx=0 tx=0 comp rx=0 tx=0).connect
2024-04-27T04:09:34.623 INFO:teuthology.orchestra.run.smithi088.stdout:/usr/bin/ceph: stderr
2024-04-27T04:09:33.289+0000 7ff6cdf65700 1 -- --> [v2:172.21.15.88:3300/0,v1:172.21.15.88:6789/0] -- mon_getmap magic: 0 v1 -- 0x7ff6c81020a0 con 0x7ff6c8101750
2024-04-27T04:09:34.623 INFO:teuthology.orchestra.run.smithi088.stdout:/usr/bin/ceph: stderr
2024-04-27T04:09:33.289+0000 7ff6c77fe700 1 --2- >> [v2:172.21.15.88:3300/0,v1:172.21.15.88:6789/0] conn(0x7ff6c8101750 0x7ff6c8101b60 unknown :-1 s=BANNER_CONNECTING pgs=0 cs=0 l=0 rev1=0 crypto rx=0 tx=0 comp rx=0 tx=0)._handle_peer_banner_payload supported=3 required=0
2024-04-27T04:09:34.623 INFO:teuthology.orchestra.run.smithi088.stdout:/usr/bin/ceph: stderr
2024-04-27T04:09:33.289+0000 7ff6c77fe700 1 --2- >> [v2:172.21.15.88:3300/0,v1:172.21.15.88:6789/0] conn(0x7ff6c8101750 0x7ff6c8101b60 unknown :-1 s=HELLO_CONNECTING pgs=0 cs=0 l=0 rev1=1 crypto rx=0 tx=0 comp rx=0 tx=0).handle_hello peer v2:172.21.15.88:3300/0 says I am v2:172.21.15.88:54166/0 (socket says 172.21.15.88:54166)
2024-04-27T04:09:34.623 INFO:teuthology.orchestra.run.smithi088.stdout:/usr/bin/ceph: stderr
2024-04-27T04:09:33.289+0000 7ff6c77fe700 1 -- 172.21.15.88:0/3948729387 learned_addr learned my addr 172.21.15.88:0/3948729387 (peer_addr_for_me v2:172.21.15.88:0/0)
2024-04-27T04:09:34.623 INFO:teuthology.orchestra.run.smithi088.stdout:/usr/bin/ceph: stderr
2024-04-27T04:09:33.290+0000 7ff6c77fe700 1 -- 172.21.15.88:0/3948729387 --> [v2:172.21.15.88:3300/0,v1:172.21.15.88:6789/0] -- mon_subscribe({config=0+,monmap=0+}) v3 -- 0x7ff6c81021e0 con 0x7ff6c8101750
2024-04-27T04:09:34.623 INFO:teuthology.orchestra.run.smithi088.stdout:/usr/bin/ceph: stderr
2024-04-27T04:09:33.290+0000 7ff6c77fe700 1 --2- 172.21.15.88:0/3948729387 >> [v2:172.21.15.88:3300/0,v1:172.21.15.88:6789/0] conn(0x7ff6c8101750 0x7ff6c8101b60 secure :-1 s=READY pgs=51 cs=0 l=1 rev1=1 crypto rx=0x7ff6b800bb80 tx=0x7ff6b800b4f0 comp rx=0 tx=0).ready entity=mon.0 client_cookie=cbe7943e71d03736 server_cookie=0 in_seq=0 out_seq=0
2024-04-27T04:09:34.623 INFO:teuthology.orchestra.run.smithi088.stdout:/usr/bin/ceph: stderr
2024-04-27T04:09:33.290+0000 7ff6c67fc700 1 -- 172.21.15.88:0/3948729387 <== mon.0 v2:172.21.15.88:3300/0 1 ==== mon_map magic: 0 v1 ==== 229+0+0 (secure 0 0 0) 0x7ff6b800dd00 con 0x7ff6c8101750
2024-04-27T04:09:34.623 INFO:teuthology.orchestra.run.smithi088.stdout:/usr/bin/ceph: stderr
2024-04-27T04:09:33.290+0000 7ff6c67fc700 1 -- 172.21.15.88:0/3948729387 <== mon.0 v2:172.21.15.88:3300/0 2 ==== config(27 keys) v1 ==== 1109+0+0 (secure 0 0 0) 0x7ff6b800de60 con 0x7ff6c8101750
2024-04-27T04:09:34.624 INFO:teuthology.orchestra.run.smithi088.stdout:/usr/bin/ceph: stderr
2024-04-27T04:09:33.290+0000 7ff6c67fc700 1 -- 172.21.15.88:0/3948729387 <== mon.0 v2:172.21.15.88:3300/0 3 ==== mon_map magic: 0 v1 ==== 229+0+0 (secure 0 0 0) 0x7ff6b8018920 con 0x7ff6c8101750
2024-04-27T04:09:34.624 INFO:teuthology.orchestra.run.smithi088.stdout:/usr/bin/ceph: stderr
2024-04-27T04:09:33.290+0000 7ff6cdf65700 1 -- 172.21.15.88:0/3948729387 >> [v2:172.21.15.88:3300/0,v1:172.21.15.88:6789/0] conn(0x7ff6c8101750 msgr2=0x7ff6c8101b60 secure :-1 s=STATE_CONNECTION_ESTABLISHED l=1).mark_down
2024-04-27T04:09:34.624 INFO:teuthology.orchestra.run.smithi088.stdout:/usr/bin/ceph: stderr
2024-04-27T04:09:33.290+0000 7ff6cdf65700 1 --2- 172.21.15.88:0/3948729387 >> [v2:172.21.15.88:3300/0,v1:172.21.15.88:6789/0] conn(0x7ff6c8101750 0x7ff6c8101b60 secure :-1 s=READY pgs=51 cs=0 l=1 rev1=1 crypto rx=0x7ff6b800bb80 tx=0x7ff6b800b4f0 comp rx=0 tx=0).stop
2024-04-27T04:09:34.624 INFO:teuthology.orchestra.run.smithi088.stdout:/usr/bin/ceph: stderr
2024-04-27T04:09:33.290+0000 7ff6cdf65700 1 -- 172.21.15.88:0/3948729387 shutdown_connections
2024-04-27T04:09:34.624 INFO:teuthology.orchestra.run.smithi088.stdout:/usr/bin/ceph: stderr
2024-04-27T04:09:33.290+0000 7ff6cdf65700 1 --2- 172.21.15.88:0/3948729387 >> [v2:172.21.15.88:3300/0,v1:172.21.15.88:6789/0] conn(0x7ff6c8101750 0x7ff6c8101b60 unknown :-1 s=CLOSED pgs=51 cs=0 l=1 rev1=1 crypto rx=0 tx=0 comp rx=0 tx=0).stop
2024-04-27T04:09:34.624 INFO:teuthology.orchestra.run.smithi088.stdout:/usr/bin/ceph: stderr
2024-04-27T04:09:33.290+0000 7ff6cdf65700 1 -- 172.21.15.88:0/3948729387 >> 172.21.15.88:0/3948729387 conn(0x7ff6c80fcef0 msgr2=0x7ff6c80ff300 unknown :-1 s=STATE_NONE l=0).mark_down
2024-04-27T04:09:34.624 INFO:teuthology.orchestra.run.smithi088.stdout:/usr/bin/ceph: stderr
2024-04-27T04:09:33.290+0000 7ff6cdf65700 1 -- 172.21.15.88:0/3948729387 shutdown_connections
2024-04-27T04:09:34.624 INFO:teuthology.orchestra.run.smithi088.stdout:/usr/bin/ceph: stderr
2024-04-27T04:09:33.291+0000 7ff6cdf65700 1 -- 172.21.15.88:0/3948729387 wait complete.
2024-04-27T04:09:34.624 INFO:teuthology.orchestra.run.smithi088.stdout:/usr/bin/ceph: stderr
2024-04-27T04:09:33.291+0000 7ff6cdf65700 1 Processor -- start
2024-04-27T04:09:34.624 INFO:teuthology.orchestra.run.smithi088.stdout:/usr/bin/ceph: stderr
2024-04-27T04:09:33.291+0000 7ff6cdf65700 1 -- start start
2024-04-27T04:09:34.624 INFO:teuthology.orchestra.run.smithi088.stdout:/usr/bin/ceph: stderr
2024-04-27T04:09:33.291+0000 7ff6cdf65700 1 --2- >> [v2:172.21.15.88:3300/0,v1:172.21.15.88:6789/0] conn(0x7ff6c8101750 0x7ff6c81137c0 unknown :-1 s=NONE pgs=0 cs=0 l=1 rev1=0 crypto rx=0 tx=0 comp rx=0 tx=0).connect
2024-04-27T04:09:34.624 INFO:teuthology.orchestra.run.smithi088.stdout:/usr/bin/ceph: stderr
2024-04-27T04:09:33.291+0000 7ff6cdf65700 1 -- --> [v2:172.21.15.88:3300/0,v1:172.21.15.88:6789/0] -- mon_getmap magic: 0 v1 -- 0x7ff6c8113d00 con 0x7ff6c8101750
2024-04-27T04:09:34.624 INFO:teuthology.orchestra.run.smithi088.stdout:/usr/bin/ceph: stderr
2024-04-27T04:09:33.291+0000 7ff6c77fe700 1 --2- >> [v2:172.21.15.88:3300/0,v1:172.21.15.88:6789/0] conn(0x7ff6c8101750 0x7ff6c81137c0 unknown :-1 s=BANNER_CONNECTING pgs=0 cs=0 l=1 rev1=0 crypto rx=0 tx=0 comp rx=0 tx=0)._handle_peer_banner_payload supported=3 required=0
2024-04-27T04:09:34.624 INFO:teuthology.orchestra.run.smithi088.stdout:/usr/bin/ceph: stderr
2024-04-27T04:09:33.291+0000 7ff6c77fe700 1 --2- >> [v2:172.21.15.88:3300/0,v1:172.21.15.88:6789/0] conn(0x7ff6c8101750 0x7ff6c81137c0 unknown :-1 s=HELLO_CONNECTING pgs=0 cs=0 l=1 rev1=1 crypto rx=0 tx=0 comp rx=0 tx=0).handle_hello peer v2:172.21.15.88:3300/0 says I am v2:172.21.15.88:54180/0 (socket says 172.21.15.88:54180)
2024-04-27T04:09:34.625 INFO:teuthology.orchestra.run.smithi088.stdout:/usr/bin/ceph: stderr
2024-04-27T04:09:33.291+0000 7ff6c77fe700 1 -- 172.21.15.88:0/984224160 learned_addr learned my addr 172.21.15.88:0/984224160 (peer_addr_for_me v2:172.21.15.88:0/0)
2024-04-27T04:09:34.625 INFO:teuthology.orchestra.run.smithi088.stdout:/usr/bin/ceph: stderr
2024-04-27T04:09:33.292+0000 7ff6c77fe700 1 -- 172.21.15.88:0/984224160 --> [v2:172.21.15.88:3300/0,v1:172.21.15.88:6789/0] -- mon_subscribe({config=0+,monmap=0+}) v3 -- 0x7ff6b800b790 con 0x7ff6c8101750
2024-04-27T04:09:34.625 INFO:teuthology.orchestra.run.smithi088.stdout:/usr/bin/ceph: stderr
2024-04-27T04:09:33.292+0000 7ff6c77fe700 1 --2- 172.21.15.88:0/984224160 >> [v2:172.21.15.88:3300/0,v1:172.21.15.88:6789/0] conn(0x7ff6c8101750 0x7ff6c81137c0 secure :-1 s=READY pgs=52 cs=0 l=1 rev1=1 crypto rx=0x7ff6b80106a0 tx=0x7ff6b800b4f0 comp rx=0 tx=0).ready entity=mon.0 client_cookie=0 server_cookie=0 in_seq=0 out_seq=0
2024-04-27T04:09:34.625 INFO:teuthology.orchestra.run.smithi088.stdout:/usr/bin/ceph: stderr
2024-04-27T04:09:33.292+0000 7ff6affff700 1 -- 172.21.15.88:0/984224160 <== mon.0 v2:172.21.15.88:3300/0 1 ==== mon_map magic: 0 v1 ==== 229+0+0 (secure 0 0 0) 0x7ff6b8018e90 con 0x7ff6c8101750
2024-04-27T04:09:34.625 INFO:teuthology.orchestra.run.smithi088.stdout:/usr/bin/ceph: stderr
2024-04-27T04:09:33.292+0000 7ff6affff700 1 -- 172.21.15.88:0/984224160 <== mon.0 v2:172.21.15.88:3300/0 2 ==== config(27 keys) v1 ==== 1109+0+0 (secure 0 0 0) 0x7ff6b8010c30 con 0x7ff6c8101750
2024-04-27T04:09:34.625 INFO:teuthology.orchestra.run.smithi088.stdout:/usr/bin/ceph: stderr
2024-04-27T04:09:33.292+0000 7ff6cdf65700 1 -- 172.21.15.88:0/984224160 --> [v2:172.21.15.88:3300/0,v1:172.21.15.88:6789/0] -- mon_subscribe({mgrmap=0+}) v3 -- 0x7ff6c8113f00 con 0x7ff6c8101750
2024-04-27T04:09:34.625 INFO:teuthology.orchestra.run.smithi088.stdout:/usr/bin/ceph: stderr
2024-04-27T04:09:33.292+0000 7ff6affff700 1 -- 172.21.15.88:0/984224160 <== mon.0 v2:172.21.15.88:3300/0 3 ==== mon_map magic: 0 v1 ==== 229+0+0 (secure 0 0 0) 0x7ff6b8021530 con 0x7ff6c8101750
2024-04-27T04:09:34.625 INFO:teuthology.orchestra.run.smithi088.stdout:/usr/bin/ceph: stderr
2024-04-27T04:09:33.292+0000 7ff6cdf65700 1 -- 172.21.15.88:0/984224160 --> [v2:172.21.15.88:3300/0,v1:172.21.15.88:6789/0] -- mon_subscribe({osdmap=0}) v3 -- 0x7ff6c8114a70 con 0x7ff6c8101750
2024-04-27T04:09:34.625 INFO:teuthology.orchestra.run.smithi088.stdout:/usr/bin/ceph: stderr
2024-04-27T04:09:33.293+0000 7ff6affff700 1 -- 172.21.15.88:0/984224160 <== mon.0 v2:172.21.15.88:3300/0 4 ==== mgrmap(e 8) v1 ==== 43376+0+0 (secure 0 0 0) 0x7ff6b8021720 con 0x7ff6c8101750
2024-04-27T04:09:34.625 INFO:teuthology.orchestra.run.smithi088.stdout:/usr/bin/ceph: stderr
2024-04-27T04:09:33.293+0000 7ff6cdf65700 1 -- 172.21.15.88:0/984224160 --> [v2:172.21.15.88:3300/0,v1:172.21.15.88:6789/0] -- mon_command({"prefix": "get_command_descriptions"} v 0) v1 -- 0x7ff6c805f5c0 con 0x7ff6c8101750
2024-04-27T04:09:34.625 INFO:teuthology.orchestra.run.smithi088.stdout:/usr/bin/ceph: stderr
2024-04-27T04:09:33.293+0000 7ff6affff700 1 --2- 172.21.15.88:0/984224160 >> [v2:172.21.15.88:6800/3824892681,v1:172.21.15.88:6801/3824892681] conn(0x7ff6b0036850 0x7ff6b0038d00 unknown :-1 s=NONE pgs=0 cs=0 l=1 rev1=0 crypto rx=0 tx=0 comp rx=0 tx=0).connect
2024-04-27T04:09:34.625 INFO:teuthology.orchestra.run.smithi088.stdout:/usr/bin/ceph: stderr
2024-04-27T04:09:33.293+0000 7ff6affff700 1 -- 172.21.15.88:0/984224160 <== mon.0 v2:172.21.15.88:3300/0 5 ==== osd_map(2..2 src has 1..2) v4 ==== 936+0+0 (secure 0 0 0) 0x7ff6b8014070 con 0x7ff6c8101750
2024-04-27T04:09:34.625 INFO:teuthology.orchestra.run.smithi088.stdout:/usr/bin/ceph: stderr
2024-04-27T04:09:33.293+0000 7ff6c6ffd700 1 --2- 172.21.15.88:0/984224160 >> [v2:172.21.15.88:6800/3824892681,v1:172.21.15.88:6801/3824892681] conn(0x7ff6b0036850 0x7ff6b0038d00 unknown :-1 s=BANNER_CONNECTING pgs=0 cs=0 l=1 rev1=0 crypto rx=0 tx=0 comp rx=0 tx=0)._handle_peer_banner_payload supported=3 required=0
2024-04-27T04:09:34.625 INFO:teuthology.orchestra.run.smithi088.stdout:/usr/bin/ceph: stderr
2024-04-27T04:09:33.293+0000 7ff6c6ffd700 1 --2- 172.21.15.88:0/984224160 >> [v2:172.21.15.88:6800/3824892681,v1:172.21.15.88:6801/3824892681] conn(0x7ff6b0036850 0x7ff6b0038d00 secure :-1 s=READY pgs=14 cs=0 l=1 rev1=1 crypto rx=0x7ff6bc009990 tx=0x7ff6bc006e40 comp rx=0 tx=0).ready entity=mgr.14120 client_cookie=0 server_cookie=0 in_seq=0 out_seq=0
2024-04-27T04:09:34.625 INFO:teuthology.orchestra.run.smithi088.stdout:/usr/bin/ceph: stderr
2024-04-27T04:09:33.298+0000 7ff6affff700 1 -- 172.21.15.88:0/984224160 <== mon.0 v2:172.21.15.88:3300/0 6 ==== mon_command_ack([{"prefix": "get_command_descriptions"}]=0 v0) v1 ==== 72+0+176702 (secure 0 0 0) 0x7ff6b800e950 con 0x7ff6c8101750
2024-04-27T04:09:34.626 INFO:teuthology.orchestra.run.smithi088.stdout:/usr/bin/ceph: stderr
2024-04-27T04:09:33.514+0000 7ff6cdf65700 1 -- 172.21.15.88:0/984224160 --> [v2:172.21.15.88:6800/3824892681,v1:172.21.15.88:6801/3824892681] -- mgr_command(tid 0: {"prefix": "orch apply", "service_type": "crash", "target": ["mon-mgr", ""]}) v1 -- 0x7ff6c8114e20 con 0x7ff6b0036850
2024-04-27T04:09:34.626 INFO:teuthology.orchestra.run.smithi088.stdout:/usr/bin/ceph: stderr
2024-04-27T04:09:33.518+0000 7ff6affff700 1 -- 172.21.15.88:0/984224160 <== mgr.14120 v2:172.21.15.88:6800/3824892681 1 ==== mgr_command_reply(tid 0: 0 ) v1 ==== 8+0+26 (secure 0 0 0) 0x7ff6c8114e20 con 0x7ff6b0036850
2024-04-27T04:09:34.626 INFO:teuthology.orchestra.run.smithi088.stdout:/usr/bin/ceph: stderr
2024-04-27T04:09:33.520+0000 7ff6cdf65700 1 -- 172.21.15.88:0/984224160 >> [v2:172.21.15.88:6800/3824892681,v1:172.21.15.88:6801/3824892681] conn(0x7ff6b0036850 msgr2=0x7ff6b0038d00 secure :-1 s=STATE_CONNECTION_ESTABLISHED l=1).mark_down
2024-04-27T04:09:34.626 INFO:teuthology.orchestra.run.smithi088.stdout:/usr/bin/ceph: stderr
2024-04-27T04:09:33.520+0000 7ff6cdf65700 1 --2- 172.21.15.88:0/984224160 >> [v2:172.21.15.88:6800/3824892681,v1:172.21.15.88:6801/3824892681] conn(0x7ff6b0036850 0x7ff6b0038d00 secure :-1 s=READY pgs=14 cs=0 l=1 rev1=1 crypto rx=0x7ff6bc009990 tx=0x7ff6bc006e40 comp rx=0 tx=0).stop
2024-04-27T04:09:34.626 INFO:teuthology.orchestra.run.smithi088.stdout:/usr/bin/ceph: stderr
2024-04-27T04:09:33.520+0000 7ff6cdf65700 1 -- 172.21.15.88:0/984224160 >> [v2:172.21.15.88:3300/0,v1:172.21.15.88:6789/0] conn(0x7ff6c8101750 msgr2=0x7ff6c81137c0 secure :-1 s=STATE_CONNECTION_ESTABLISHED l=1).mark_down
2024-04-27T04:09:34.626 INFO:teuthology.orchestra.run.smithi088.stdout:/usr/bin/ceph: stderr
2024-04-27T04:09:33.520+0000 7ff6cdf65700 1 --2- 172.21.15.88:0/984224160 >> [v2:172.21.15.88:3300/0,v1:172.21.15.88:6789/0] conn(0x7ff6c8101750 0x7ff6c81137c0 secure :-1 s=READY pgs=52 cs=0 l=1 rev1=1 crypto rx=0x7ff6b80106a0 tx=0x7ff6b800b4f0 comp rx=0 tx=0).stop
2024-04-27T04:09:34.626 INFO:teuthology.orchestra.run.smithi088.stdout:/usr/bin/ceph: stderr
2024-04-27T04:09:33.520+0000 7ff6cdf65700 1 -- 172.21.15.88:0/984224160 shutdown_connections
2024-04-27T04:09:34.626 INFO:teuthology.orchestra.run.smithi088.stdout:/usr/bin/ceph: stderr
2024-04-27T04:09:33.520+0000 7ff6cdf65700 1 --2- 172.21.15.88:0/984224160 >> [v2:172.21.15.88:6800/3824892681,v1:172.21.15.88:6801/3824892681] conn(0x7ff6b0036850 0x7ff6b0038d00 unknown :-1 s=CLOSED pgs=14 cs=0 l=1 rev1=1 crypto rx=0 tx=0 comp rx=0 tx=0).stop
2024-04-27T04:09:34.626 INFO:teuthology.orchestra.run.smithi088.stdout:/usr/bin/ceph: stderr
2024-04-27T04:09:33.520+0000 7ff6cdf65700 1 --2- 172.21.15.88:0/984224160 >> [v2:172.21.15.88:3300/0,v1:172.21.15.88:6789/0] conn(0x7ff6c8101750 0x7ff6c81137c0 unknown :-1 s=CLOSED pgs=52 cs=0 l=1 rev1=1 crypto rx=0 tx=0 comp rx=0 tx=0).stop
2024-04-27T04:09:34.626 INFO:teuthology.orchestra.run.smithi088.stdout:/usr/bin/ceph: stderr
2024-04-27T04:09:33.520+0000 7ff6cdf65700 1 -- 172.21.15.88:0/984224160 >> 172.21.15.88:0/984224160 conn(0x7ff6c80fcef0 msgr2=0x7ff6c8105be0 unknown :-1 s=STATE_NONE l=0).mark_down
2024-04-27T04:09:34.626 INFO:teuthology.orchestra.run.smithi088.stdout:/usr/bin/ceph: stderr
2024-04-27T04:09:33.520+0000 7ff6cdf65700 1 -- 172.21.15.88:0/984224160 shutdown_connections
2024-04-27T04:09:34.626 INFO:teuthology.orchestra.run.smithi088.stdout:/usr/bin/ceph: stderr
2024-04-27T04:09:33.521+0000 7ff6cdf65700 1 -- 172.21.15.88:0/984224160 wait complete.
2024-04-27T04:09:34.626 INFO:teuthology.orchestra.run.smithi088.stdout:Deploying prometheus service with default placement...
2024-04-27T04:09:35.982 INFO:teuthology.orchestra.run.smithi088.stdout:/usr/bin/ceph: stdout Scheduled prometheus update...
2024-04-27T04:09:35.982 INFO:teuthology.orchestra.run.smithi088.stdout:/usr/bin/ceph: stderr
2024-04-27T04:09:35.090+0000 7f3ffecb8700 1 Processor -- start
2024-04-27T04:09:35.982 INFO:teuthology.orchestra.run.smithi088.stdout:/usr/bin/ceph: stderr
2024-04-27T04:09:35.090+0000 7f3ffecb8700 1 -- start start
2024-04-27T04:09:35.982 INFO:teuthology.orchestra.run.smithi088.stdout:/usr/bin/ceph: stderr
2024-04-27T04:09:35.090+0000 7f3ffecb8700 1 --2- >> [v2:172.21.15.88:3300/0,v1:172.21.15.88:6789/0] conn(0x7f3ff8101750 0x7f3ff8101b60 unknown :-1 s=NONE pgs=0 cs=0 l=0 rev1=0 crypto rx=0 tx=0 comp rx=0 tx=0).connect
2024-04-27T04:09:35.982 INFO:teuthology.orchestra.run.smithi088.stdout:/usr/bin/ceph: stderr
2024-04-27T04:09:35.090+0000 7f3ffecb8700 1 -- --> [v2:172.21.15.88:3300/0,v1:172.21.15.88:6789/0] -- mon_getmap magic: 0 v1 -- 0x7f3ff81020a0 con 0x7f3ff8101750
2024-04-27T04:09:35.982 INFO:teuthology.orchestra.run.smithi088.stdout:/usr/bin/ceph: stderr
2024-04-27T04:09:35.090+0000 7f3ffca54700 1 --2- >> [v2:172.21.15.88:3300/0,v1:172.21.15.88:6789/0] conn(0x7f3ff8101750 0x7f3ff8101b60 unknown :-1 s=BANNER_CONNECTING pgs=0 cs=0 l=0 rev1=0 crypto rx=0 tx=0 comp rx=0 tx=0)._handle_peer_banner_payload supported=3 required=0
2024-04-27T04:09:35.982 INFO:teuthology.orchestra.run.smithi088.stdout:/usr/bin/ceph: stderr
2024-04-27T04:09:35.090+0000 7f3ffca54700 1 --2- >> [v2:172.21.15.88:3300/0,v1:172.21.15.88:6789/0] conn(0x7f3ff8101750 0x7f3ff8101b60 unknown :-1 s=HELLO_CONNECTING pgs=0 cs=0 l=0 rev1=1 crypto rx=0 tx=0 comp rx=0 tx=0).handle_hello peer v2:172.21.15.88:3300/0 says I am v2:172.21.15.88:54194/0 (socket says 172.21.15.88:54194)
2024-04-27T04:09:35.982 INFO:teuthology.orchestra.run.smithi088.stdout:/usr/bin/ceph: stderr
2024-04-27T04:09:35.090+0000 7f3ffca54700 1 -- 172.21.15.88:0/2415476099 learned_addr learned my addr 172.21.15.88:0/2415476099 (peer_addr_for_me v2:172.21.15.88:0/0)
2024-04-27T04:09:35.983 INFO:teuthology.orchestra.run.smithi088.stdout:/usr/bin/ceph: stderr
2024-04-27T04:09:35.091+0000 7f3ffca54700 1 -- 172.21.15.88:0/2415476099 --> [v2:172.21.15.88:3300/0,v1:172.21.15.88:6789/0] -- mon_subscribe({config=0+,monmap=0+}) v3 -- 0x7f3ff81021e0 con 0x7f3ff8101750
2024-04-27T04:09:35.983 INFO:teuthology.orchestra.run.smithi088.stdout:/usr/bin/ceph: stderr
2024-04-27T04:09:35.091+0000 7f3ffca54700 1 --2- 172.21.15.88:0/2415476099 >> [v2:172.21.15.88:3300/0,v1:172.21.15.88:6789/0] conn(0x7f3ff8101750 0x7f3ff8101b60 secure :-1 s=READY pgs=53 cs=0 l=1 rev1=1 crypto rx=0x7f3fec0098e0 tx=0x7f3fec009250 comp rx=0 tx=0).ready entity=mon.0 client_cookie=b84b1f30b6afe165 server_cookie=0 in_seq=0 out_seq=0
2024-04-27T04:09:35.983 INFO:teuthology.orchestra.run.smithi088.stdout:/usr/bin/ceph: stderr
2024-04-27T04:09:35.091+0000 7f3ff77fe700 1 -- 172.21.15.88:0/2415476099 <== mon.0 v2:172.21.15.88:3300/0 1 ==== mon_map magic: 0 v1 ==== 229+0+0 (secure 0 0 0) 0x7f3fec00b860 con 0x7f3ff8101750
2024-04-27T04:09:35.983 INFO:teuthology.orchestra.run.smithi088.stdout:/usr/bin/ceph: stderr
2024-04-27T04:09:35.091+0000 7f3ff77fe700 1 -- 172.21.15.88:0/2415476099 <== mon.0 v2:172.21.15.88:3300/0 2 ==== config(27 keys) v1 ==== 1109+0+0 (secure 0 0 0) 0x7f3fec00be90 con 0x7f3ff8101750
2024-04-27T04:09:35.983 INFO:teuthology.orchestra.run.smithi088.stdout:/usr/bin/ceph: stderr
2024-04-27T04:09:35.091+0000 7f3ff77fe700 1 -- 172.21.15.88:0/2415476099 <== mon.0 v2:172.21.15.88:3300/0 3 ==== mon_map magic: 0 v1 ==== 229+0+0 (secure 0 0 0) 0x7f3fec0103c0 con 0x7f3ff8101750
2024-04-27T04:09:35.983 INFO:teuthology.orchestra.run.smithi088.stdout:/usr/bin/ceph: stderr
2024-04-27T04:09:35.091+0000 7f3ffecb8700 1 -- 172.21.15.88:0/2415476099 >> [v2:172.21.15.88:3300/0,v1:172.21.15.88:6789/0] conn(0x7f3ff8101750 msgr2=0x7f3ff8101b60 secure :-1 s=STATE_CONNECTION_ESTABLISHED l=1).mark_down
2024-04-27T04:09:35.983 INFO:teuthology.orchestra.run.smithi088.stdout:/usr/bin/ceph: stderr
2024-04-27T04:09:35.091+0000 7f3ffecb8700 1 --2- 172.21.15.88:0/2415476099 >> [v2:172.21.15.88:3300/0,v1:172.21.15.88:6789/0] conn(0x7f3ff8101750 0x7f3ff8101b60 secure :-1 s=READY pgs=53 cs=0 l=1 rev1=1 crypto rx=0x7f3fec0098e0 tx=0x7f3fec009250 comp rx=0 tx=0).stop
2024-04-27T04:09:35.983 INFO:teuthology.orchestra.run.smithi088.stdout:/usr/bin/ceph: stderr
2024-04-27T04:09:35.091+0000 7f3ffecb8700 1 -- 172.21.15.88:0/2415476099 shutdown_connections
2024-04-27T04:09:35.984 INFO:teuthology.orchestra.run.smithi088.stdout:/usr/bin/ceph: stderr
2024-04-27T04:09:35.091+0000 7f3ffecb8700 1 --2- 172.21.15.88:0/2415476099 >> [v2:172.21.15.88:3300/0,v1:172.21.15.88:6789/0] conn(0x7f3ff8101750 0x7f3ff8101b60 unknown :-1 s=CLOSED pgs=53 cs=0 l=1 rev1=1 crypto rx=0 tx=0 comp rx=0 tx=0).stop
2024-04-27T04:09:35.984 INFO:teuthology.orchestra.run.smithi088.stdout:/usr/bin/ceph: stderr
2024-04-27T04:09:35.091+0000 7f3ffecb8700 1 -- 172.21.15.88:0/2415476099 >> 172.21.15.88:0/2415476099 conn(0x7f3ff80fcef0 msgr2=0x7f3ff80ff300 unknown :-1 s=STATE_NONE l=0).mark_down
2024-04-27T04:09:35.984 INFO:teuthology.orchestra.run.smithi088.stdout:/usr/bin/ceph: stderr
2024-04-27T04:09:35.092+0000 7f3ffecb8700 1 -- 172.21.15.88:0/2415476099 shutdown_connections
2024-04-27T04:09:35.984 INFO:teuthology.orchestra.run.smithi088.stdout:/usr/bin/ceph: stderr
2024-04-27T04:09:35.092+0000 7f3ffecb8700 1 -- 172.21.15.88:0/2415476099 wait complete.
2024-04-27T04:09:35.984 INFO:teuthology.orchestra.run.smithi088.stdout:/usr/bin/ceph: stderr
2024-04-27T04:09:35.092+0000 7f3ffecb8700 1 Processor -- start
2024-04-27T04:09:35.984 INFO:teuthology.orchestra.run.smithi088.stdout:/usr/bin/ceph: stderr
2024-04-27T04:09:35.092+0000 7f3ffecb8700 1 -- start start
2024-04-27T04:09:35.985 INFO:teuthology.orchestra.run.smithi088.stdout:/usr/bin/ceph: stderr
2024-04-27T04:09:35.092+0000 7f3ffecb8700 1 --2- >> [v2:172.21.15.88:3300/0,v1:172.21.15.88:6789/0] conn(0x7f3ff8101750 0x7f3ff8111600 unknown :-1 s=NONE pgs=0 cs=0 l=1 rev1=0 crypto rx=0 tx=0 comp rx=0 tx=0).connect
2024-04-27T04:09:35.985 INFO:teuthology.orchestra.run.smithi088.stdout:/usr/bin/ceph: stderr
2024-04-27T04:09:35.092+0000 7f3ffecb8700 1 -- --> [v2:172.21.15.88:3300/0,v1:172.21.15.88:6789/0] -- mon_getmap magic: 0 v1 -- 0x7f3ff8111b40 con 0x7f3ff8101750
2024-04-27T04:09:35.985 INFO:teuthology.orchestra.run.smithi088.stdout:/usr/bin/ceph: stderr
2024-04-27T04:09:35.093+0000 7f3ffca54700 1 --2- >> [v2:172.21.15.88:3300/0,v1:172.21.15.88:6789/0] conn(0x7f3ff8101750 0x7f3ff8111600 unknown :-1 s=BANNER_CONNECTING pgs=0 cs=0 l=1 rev1=0 crypto rx=0 tx=0 comp rx=0 tx=0)._handle_peer_banner_payload supported=3 required=0
2024-04-27T04:09:35.985 INFO:teuthology.orchestra.run.smithi088.stdout:/usr/bin/ceph: stderr
2024-04-27T04:09:35.093+0000 7f3ffca54700 1 --2- >> [v2:172.21.15.88:3300/0,v1:172.21.15.88:6789/0] conn(0x7f3ff8101750 0x7f3ff8111600 unknown :-1 s=HELLO_CONNECTING pgs=0 cs=0 l=1 rev1=1 crypto rx=0 tx=0 comp rx=0 tx=0).handle_hello peer v2:172.21.15.88:3300/0 says I am v2:172.21.15.88:54204/0 (socket says 172.21.15.88:54204)
2024-04-27T04:09:35.985 INFO:teuthology.orchestra.run.smithi088.stdout:/usr/bin/ceph: stderr
2024-04-27T04:09:35.093+0000 7f3ffca54700 1 -- 172.21.15.88:0/3233391065 learned_addr learned my addr 172.21.15.88:0/3233391065 (peer_addr_for_me v2:172.21.15.88:0/0)
2024-04-27T04:09:35.985 INFO:teuthology.orchestra.run.smithi088.stdout:/usr/bin/ceph: stderr
2024-04-27T04:09:35.093+0000 7f3ffca54700 1 -- 172.21.15.88:0/3233391065 --> [v2:172.21.15.88:3300/0,v1:172.21.15.88:6789/0] -- mon_subscribe({config=0+,monmap=0+}) v3 -- 0x7f3fec0094f0 con 0x7f3ff8101750
2024-04-27T04:09:35.986 INFO:teuthology.orchestra.run.smithi088.stdout:/usr/bin/ceph: stderr
2024-04-27T04:09:35.093+0000 7f3ffca54700 1 --2- 172.21.15.88:0/3233391065 >> [v2:172.21.15.88:3300/0,v1:172.21.15.88:6789/0] conn(0x7f3ff8101750 0x7f3ff8111600 secure :-1 s=READY pgs=54 cs=0 l=1 rev1=1 crypto rx=0x7f3fec0090b0 tx=0x7f3fec009250 comp rx=0 tx=0).ready entity=mon.0 client_cookie=0 server_cookie=0 in_seq=0 out_seq=0
2024-04-27T04:09:35.986 INFO:teuthology.orchestra.run.smithi088.stdout:/usr/bin/ceph: stderr
2024-04-27T04:09:35.093+0000 7f3ff57fa700 1 -- 172.21.15.88:0/3233391065 <== mon.0 v2:172.21.15.88:3300/0 1 ==== mon_map magic: 0 v1 ==== 229+0+0 (secure 0 0 0) 0x7f3fec010840 con 0x7f3ff8101750
2024-04-27T04:09:35.986 INFO:teuthology.orchestra.run.smithi088.stdout:/usr/bin/ceph: stderr
2024-04-27T04:09:35.093+0000 7f3ff57fa700 1 -- 172.21.15.88:0/3233391065 <== mon.0 v2:172.21.15.88:3300/0 2 ==== config(27 keys) v1 ==== 1109+0+0 (secure 0 0 0) 0x7f3fec010e70 con 0x7f3ff8101750
2024-04-27T04:09:35.986 INFO:teuthology.orchestra.run.smithi088.stdout:/usr/bin/ceph: stderr
2024-04-27T04:09:35.093+0000 7f3ffecb8700 1 -- 172.21.15.88:0/3233391065 --> [v2:172.21.15.88:3300/0,v1:172.21.15.88:6789/0] -- mon_subscribe({mgrmap=0+}) v3 -- 0x7f3ff8111d40 con 0x7f3ff8101750
2024-04-27T04:09:35.986 INFO:teuthology.orchestra.run.smithi088.stdout:/usr/bin/ceph: stderr
2024-04-27T04:09:35.093+0000 7f3ff57fa700 1 -- 172.21.15.88:0/3233391065 <== mon.0 v2:172.21.15.88:3300/0 3 ==== mon_map magic: 0 v1 ==== 229+0+0 (secure 0 0 0) 0x7f3fec024e40 con 0x7f3ff8101750
2024-04-27T04:09:35.986 INFO:teuthology.orchestra.run.smithi088.stdout:/usr/bin/ceph: stderr
2024-04-27T04:09:35.093+0000 7f3ffecb8700 1 -- 172.21.15.88:0/3233391065 --> [v2:172.21.15.88:3300/0,v1:172.21.15.88:6789/0] -- mon_subscribe({osdmap=0}) v3 -- 0x7f3ff81128b0 con 0x7f3ff8101750
2024-04-27T04:09:35.986 INFO:teuthology.orchestra.run.smithi088.stdout:/usr/bin/ceph: stderr
2024-04-27T04:09:35.094+0000 7f3ff57fa700 1 -- 172.21.15.88:0/3233391065 <== mon.0 v2:172.21.15.88:3300/0 4 ==== mgrmap(e 8) v1 ==== 43376+0+0 (secure 0 0 0) 0x7f3fec01a4c0 con 0x7f3ff8101750
2024-04-27T04:09:35.987 INFO:teuthology.orchestra.run.smithi088.stdout:/usr/bin/ceph: stderr
2024-04-27T04:09:35.094+0000 7f3ffecb8700 1 -- 172.21.15.88:0/3233391065 --> [v2:172.21.15.88:3300/0,v1:172.21.15.88:6789/0] -- mon_command({"prefix": "get_command_descriptions"} v 0) v1 -- 0x7f3ff805f5c0 con 0x7f3ff8101750
2024-04-27T04:09:35.987 INFO:teuthology.orchestra.run.smithi088.stdout:/usr/bin/ceph: stderr
2024-04-27T04:09:35.094+0000 7f3ff57fa700 1 --2- 172.21.15.88:0/3233391065 >> [v2:172.21.15.88:6800/3824892681,v1:172.21.15.88:6801/3824892681] conn(0x7f3fe8036850 0x7f3fe8038d00 unknown :-1 s=NONE pgs=0 cs=0 l=1 rev1=0 crypto rx=0 tx=0 comp rx=0 tx=0).connect
2024-04-27T04:09:35.987 INFO:teuthology.orchestra.run.smithi088.stdout:/usr/bin/ceph: stderr
2024-04-27T04:09:35.094+0000 7f3ff57fa700 1 -- 172.21.15.88:0/3233391065 <== mon.0 v2:172.21.15.88:3300/0 5 ==== osd_map(2..2 src has 1..2) v4 ==== 936+0+0 (secure 0 0 0) 0x7f3fec04a780 con 0x7f3ff8101750
2024-04-27T04:09:35.987 INFO:teuthology.orchestra.run.smithi088.stdout:/usr/bin/ceph: stderr
2024-04-27T04:09:35.094+0000 7f3ff7fff700 1 --2- 172.21.15.88:0/3233391065 >> [v2:172.21.15.88:6800/3824892681,v1:172.21.15.88:6801/3824892681] conn(0x7f3fe8036850 0x7f3fe8038d00 unknown :-1 s=BANNER_CONNECTING pgs=0 cs=0 l=1 rev1=0 crypto rx=0 tx=0 comp rx=0 tx=0)._handle_peer_banner_payload supported=3 required=0
2024-04-27T04:09:35.987 INFO:teuthology.orchestra.run.smithi088.stdout:/usr/bin/ceph: stderr
2024-04-27T04:09:35.095+0000 7f3ff7fff700 1 --2- 172.21.15.88:0/3233391065 >> [v2:172.21.15.88:6800/3824892681,v1:172.21.15.88:6801/3824892681] conn(0x7f3fe8036850 0x7f3fe8038d00 secure :-1 s=READY pgs=15 cs=0 l=1 rev1=1 crypto rx=0x7f3fe4009990 tx=0x7f3fe4006e40 comp rx=0 tx=0).ready entity=mgr.14120 client_cookie=0 server_cookie=0 in_seq=0 out_seq=0
2024-04-27T04:09:35.987 INFO:teuthology.orchestra.run.smithi088.stdout:/usr/bin/ceph: stderr
2024-04-27T04:09:35.100+0000 7f3ff57fa700 1 -- 172.21.15.88:0/3233391065 <== mon.0 v2:172.21.15.88:3300/0 6 ==== mon_command_ack([{"prefix": "get_command_descriptions"}]=0 v0) v1 ==== 72+0+176702 (secure 0 0 0) 0x7f3fec018710 con 0x7f3ff8101750
2024-04-27T04:09:35.987 INFO:teuthology.orchestra.run.smithi088.stdout:/usr/bin/ceph: stderr
2024-04-27T04:09:35.308+0000 7f3ffecb8700 1 -- 172.21.15.88:0/3233391065 --> [v2:172.21.15.88:6800/3824892681,v1:172.21.15.88:6801/3824892681] -- mgr_command(tid 0: {"prefix": "orch apply", "service_type": "prometheus", "target": ["mon-mgr", ""]}) v1 -- 0x7f3ff8113490 con 0x7f3fe8036850
2024-04-27T04:09:35.987 INFO:teuthology.orchestra.run.smithi088.stdout:/usr/bin/ceph: stderr
2024-04-27T04:09:35.313+0000 7f3ff57fa700 1 -- 172.21.15.88:0/3233391065 <== mgr.14120 v2:172.21.15.88:6800/3824892681 1 ==== mgr_command_reply(tid 0: 0 ) v1 ==== 8+0+31 (secure 0 0 0) 0x7f3ff8113490 con 0x7f3fe8036850
2024-04-27T04:09:35.988 INFO:teuthology.orchestra.run.smithi088.stdout:/usr/bin/ceph: stderr
2024-04-27T04:09:35.315+0000 7f3ffecb8700 1 -- 172.21.15.88:0/3233391065 >> [v2:172.21.15.88:6800/3824892681,v1:172.21.15.88:6801/3824892681] conn(0x7f3fe8036850 msgr2=0x7f3fe8038d00 secure :-1 s=STATE_CONNECTION_ESTABLISHED l=1).mark_down
2024-04-27T04:09:35.988 INFO:teuthology.orchestra.run.smithi088.stdout:/usr/bin/ceph: stderr
2024-04-27T04:09:35.315+0000 7f3ffecb8700 1 --2- 172.21.15.88:0/3233391065 >> [v2:172.21.15.88:6800/3824892681,v1:172.21.15.88:6801/3824892681] conn(0x7f3fe8036850 0x7f3fe8038d00 secure :-1 s=READY pgs=15 cs=0 l=1 rev1=1 crypto rx=0x7f3fe4009990 tx=0x7f3fe4006e40 comp rx=0 tx=0).stop
2024-04-27T04:09:35.988 INFO:teuthology.orchestra.run.smithi088.stdout:/usr/bin/ceph: stderr
2024-04-27T04:09:35.315+0000 7f3ffecb8700 1 -- 172.21.15.88:0/3233391065 >> [v2:172.21.15.88:3300/0,v1:172.21.15.88:6789/0] conn(0x7f3ff8101750 msgr2=0x7f3ff8111600 secure :-1 s=STATE_CONNECTION_ESTABLISHED l=1).mark_down
2024-04-27T04:09:35.988 INFO:teuthology.orchestra.run.smithi088.stdout:/usr/bin/ceph: stderr
2024-04-27T04:09:35.315+0000 7f3ffecb8700 1 --2- 172.21.15.88:0/3233391065 >> [v2:172.21.15.88:3300/0,v1:172.21.15.88:6789/0] conn(0x7f3ff8101750 0x7f3ff8111600 secure :-1 s=READY pgs=54 cs=0 l=1 rev1=1 crypto rx=0x7f3fec0090b0 tx=0x7f3fec009250 comp rx=0 tx=0).stop
2024-04-27T04:09:35.988 INFO:teuthology.orchestra.run.smithi088.stdout:/usr/bin/ceph: stderr
2024-04-27T04:09:35.315+0000 7f3ffecb8700 1 -- 172.21.15.88:0/3233391065 shutdown_connections
2024-04-27T04:09:35.988 INFO:teuthology.orchestra.run.smithi088.stdout:/usr/bin/ceph: stderr
2024-04-27T04:09:35.315+0000 7f3ffecb8700 1 --2- 172.21.15.88:0/3233391065 >> [v2:172.21.15.88:6800/3824892681,v1:172.21.15.88:6801/3824892681] conn(0x7f3fe8036850 0x7f3fe8038d00 unknown :-1 s=CLOSED pgs=15 cs=0 l=1 rev1=1 crypto rx=0 tx=0 comp rx=0 tx=0).stop
2024-04-27T04:09:35.988 INFO:teuthology.orchestra.run.smithi088.stdout:/usr/bin/ceph: stderr
2024-04-27T04:09:35.315+0000 7f3ffecb8700 1 --2- 172.21.15.88:0/3233391065 >> [v2:172.21.15.88:3300/0,v1:172.21.15.88:6789/0] conn(0x7f3ff8101750 0x7f3ff8111600 unknown :-1 s=CLOSED pgs=54 cs=0 l=1 rev1=1 crypto rx=0 tx=0 comp rx=0 tx=0).stop
2024-04-27T04:09:35.989 INFO:teuthology.orchestra.run.smithi088.stdout:/usr/bin/ceph: stderr
2024-04-27T04:09:35.315+0000 7f3ffecb8700 1 -- 172.21.15.88:0/3233391065 >> 172.21.15.88:0/3233391065 conn(0x7f3ff80fcef0 msgr2=0x7f3ff80fdd60 unknown :-1 s=STATE_NONE l=0).mark_down
2024-04-27T04:09:35.989 INFO:teuthology.orchestra.run.smithi088.stdout:/usr/bin/ceph: stderr
2024-04-27T04:09:35.315+0000 7f3ffecb8700 1 -- 172.21.15.88:0/3233391065 shutdown_connections
2024-04-27T04:09:35.989 INFO:teuthology.orchestra.run.smithi088.stdout:/usr/bin/ceph: stderr
2024-04-27T04:09:35.315+0000 7f3ffecb8700 1 -- 172.21.15.88:0/3233391065 wait complete.
2024-04-27T04:09:35.989 INFO:teuthology.orchestra.run.smithi088.stdout:Deploying grafana service with default placement...
2024-04-27T04:09:36.291 INFO:journalctl@ceph.mon.smithi088.smithi088.stdout:Apr 27 04:09:36 smithi088 ceph-mon[26585]: from='mgr.14120 172.21.15.88:0/1110810917' entity='mgr.smithi088.qlwwsq'
2024-04-27T04:09:36.291 INFO:journalctl@ceph.mon.smithi088.smithi088.stdout:Apr 27 04:09:36 smithi088 ceph-mon[26585]: from='client.14148 -' entity='client.admin' cmd=[{"prefix": "orch apply", "service_type": "prometheus", "target": ["mon-mgr", ""]}]: dispatch
2024-04-27T04:09:36.291 INFO:journalctl@ceph.mon.smithi088.smithi088.stdout:Apr 27 04:09:36 smithi088 ceph-mon[26585]: Saving service prometheus spec with placement count:1
2024-04-27T04:09:36.291 INFO:journalctl@ceph.mon.smithi088.smithi088.stdout:Apr 27 04:09:36 smithi088 ceph-mon[26585]: from='mgr.14120 172.21.15.88:0/1110810917' entity='mgr.smithi088.qlwwsq'
2024-04-27T04:09:37.321 INFO:teuthology.orchestra.run.smithi088.stdout:/usr/bin/ceph: stdout Scheduled grafana update...
2024-04-27T04:09:37.321 INFO:teuthology.orchestra.run.smithi088.stdout:/usr/bin/ceph: stderr
2024-04-27T04:09:36.400+0000 7fce99a49700 1 Processor -- start
2024-04-27T04:09:37.321 INFO:teuthology.orchestra.run.smithi088.stdout:/usr/bin/ceph: stderr
2024-04-27T04:09:36.400+0000 7fce99a49700 1 -- start start
2024-04-27T04:09:37.321 INFO:teuthology.orchestra.run.smithi088.stdout:/usr/bin/ceph: stderr
2024-04-27T04:09:36.400+0000 7fce99a49700 1 --2- >> [v2:172.21.15.88:3300/0,v1:172.21.15.88:6789/0] conn(0x7fce94101750 0x7fce94101b60 unknown :-1 s=NONE pgs=0 cs=0 l=0 rev1=0 crypto rx=0 tx=0 comp rx=0 tx=0).connect
2024-04-27T04:09:37.321 INFO:teuthology.orchestra.run.smithi088.stdout:/usr/bin/ceph: stderr
2024-04-27T04:09:36.400+0000 7fce99a49700 1 -- --> [v2:172.21.15.88:3300/0,v1:172.21.15.88:6789/0] -- mon_getmap magic: 0 v1 -- 0x7fce941020a0 con 0x7fce94101750
2024-04-27T04:09:37.321 INFO:teuthology.orchestra.run.smithi088.stdout:/usr/bin/ceph: stderr
2024-04-27T04:09:36.400+0000 7fce92ffd700 1 --2- >> [v2:172.21.15.88:3300/0,v1:172.21.15.88:6789/0] conn(0x7fce94101750 0x7fce94101b60 unknown :-1 s=BANNER_CONNECTING pgs=0 cs=0 l=0 rev1=0 crypto rx=0 tx=0 comp rx=0 tx=0)._handle_peer_banner_payload supported=3 required=0
2024-04-27T04:09:37.321 INFO:teuthology.orchestra.run.smithi088.stdout:/usr/bin/ceph: stderr
2024-04-27T04:09:36.400+0000 7fce92ffd700 1 --2- >> [v2:172.21.15.88:3300/0,v1:172.21.15.88:6789/0] conn(0x7fce94101750 0x7fce94101b60 unknown :-1 s=HELLO_CONNECTING pgs=0 cs=0 l=0 rev1=1 crypto rx=0 tx=0 comp rx=0 tx=0).handle_hello peer v2:172.21.15.88:3300/0 says I am v2:172.21.15.88:54208/0 (socket says 172.21.15.88:54208)
2024-04-27T04:09:37.321 INFO:teuthology.orchestra.run.smithi088.stdout:/usr/bin/ceph: stderr
2024-04-27T04:09:36.400+0000 7fce92ffd700 1 -- 172.21.15.88:0/1485962782 learned_addr learned my addr 172.21.15.88:0/1485962782 (peer_addr_for_me v2:172.21.15.88:0/0)
2024-04-27T04:09:37.321 INFO:teuthology.orchestra.run.smithi088.stdout:/usr/bin/ceph: stderr
2024-04-27T04:09:36.401+0000 7fce92ffd700 1 -- 172.21.15.88:0/1485962782 --> [v2:172.21.15.88:3300/0,v1:172.21.15.88:6789/0] -- mon_subscribe({config=0+,monmap=0+}) v3 -- 0x7fce941021e0 con 0x7fce94101750
2024-04-27T04:09:37.322 INFO:teuthology.orchestra.run.smithi088.stdout:/usr/bin/ceph: stderr
2024-04-27T04:09:36.401+0000 7fce92ffd700 1 --2- 172.21.15.88:0/1485962782 >> [v2:172.21.15.88:3300/0,v1:172.21.15.88:6789/0] conn(0x7fce94101750 0x7fce94101b60 secure :-1 s=READY pgs=55 cs=0 l=1 rev1=1 crypto rx=0x7fce840098e0 tx=0x7fce84009250 comp rx=0 tx=0).ready entity=mon.0 client_cookie=307478511b3cef6a server_cookie=0 in_seq=0 out_seq=0
2024-04-27T04:09:37.322 INFO:teuthology.orchestra.run.smithi088.stdout:/usr/bin/ceph: stderr
2024-04-27T04:09:36.401+0000 7fce91ffb700 1 -- 172.21.15.88:0/1485962782 <== mon.0 v2:172.21.15.88:3300/0 1 ==== mon_map magic: 0 v1 ==== 229+0+0 (secure 0 0 0) 0x7fce8400b860 con 0x7fce94101750
2024-04-27T04:09:37.322 INFO:teuthology.orchestra.run.smithi088.stdout:/usr/bin/ceph: stderr
2024-04-27T04:09:36.401+0000 7fce91ffb700 1 -- 172.21.15.88:0/1485962782 <== mon.0 v2:172.21.15.88:3300/0 2 ==== config(27 keys) v1 ==== 1109+0+0 (secure 0 0 0) 0x7fce8400be90 con 0x7fce94101750
2024-04-27T04:09:37.322 INFO:teuthology.orchestra.run.smithi088.stdout:/usr/bin/ceph: stderr
2024-04-27T04:09:36.401+0000 7fce91ffb700 1 -- 172.21.15.88:0/1485962782 <== mon.0 v2:172.21.15.88:3300/0 3 ==== mon_map magic: 0 v1 ==== 229+0+0 (secure 0 0 0) 0x7fce840103c0 con 0x7fce94101750
2024-04-27T04:09:37.322 INFO:teuthology.orchestra.run.smithi088.stdout:/usr/bin/ceph: stderr
2024-04-27T04:09:36.402+0000 7fce99a49700 1 -- 172.21.15.88:0/1485962782 >> [v2:172.21.15.88:3300/0,v1:172.21.15.88:6789/0] conn(0x7fce94101750 msgr2=0x7fce94101b60 secure :-1 s=STATE_CONNECTION_ESTABLISHED l=1).mark_down
2024-04-27T04:09:37.322 INFO:teuthology.orchestra.run.smithi088.stdout:/usr/bin/ceph: stderr
2024-04-27T04:09:36.402+0000 7fce99a49700 1 --2- 172.21.15.88:0/1485962782 >> [v2:172.21.15.88:3300/0,v1:172.21.15.88:6789/0] conn(0x7fce94101750 0x7fce94101b60 secure :-1 s=READY pgs=55 cs=0 l=1 rev1=1 crypto rx=0x7fce840098e0 tx=0x7fce84009250 comp rx=0 tx=0).stop
2024-04-27T04:09:37.322 INFO:teuthology.orchestra.run.smithi088.stdout:/usr/bin/ceph: stderr
2024-04-27T04:09:36.402+0000 7fce99a49700 1 -- 172.21.15.88:0/1485962782 shutdown_connections
2024-04-27T04:09:37.322 INFO:teuthology.orchestra.run.smithi088.stdout:/usr/bin/ceph: stderr
2024-04-27T04:09:36.402+0000 7fce99a49700 1 --2- 172.21.15.88:0/1485962782 >> [v2:172.21.15.88:3300/0,v1:172.21.15.88:6789/0] conn(0x7fce94101750 0x7fce94101b60 unknown :-1 s=CLOSED pgs=55 cs=0 l=1 rev1=1 crypto rx=0 tx=0 comp rx=0 tx=0).stop
2024-04-27T04:09:37.322 INFO:teuthology.orchestra.run.smithi088.stdout:/usr/bin/ceph: stderr
2024-04-27T04:09:36.402+0000 7fce99a49700 1 -- 172.21.15.88:0/1485962782 >> 172.21.15.88:0/1485962782 conn(0x7fce940fcef0 msgr2=0x7fce940ff300 unknown :-1 s=STATE_NONE l=0).mark_down
2024-04-27T04:09:37.322 INFO:teuthology.orchestra.run.smithi088.stdout:/usr/bin/ceph: stderr
2024-04-27T04:09:36.402+0000 7fce99a49700 1 -- 172.21.15.88:0/1485962782 shutdown_connections
2024-04-27T04:09:37.322 INFO:teuthology.orchestra.run.smithi088.stdout:/usr/bin/ceph: stderr
2024-04-27T04:09:36.402+0000 7fce99a49700 1 -- 172.21.15.88:0/1485962782 wait complete.
2024-04-27T04:09:37.322 INFO:teuthology.orchestra.run.smithi088.stdout:/usr/bin/ceph: stderr
2024-04-27T04:09:36.402+0000 7fce99a49700 1 Processor -- start
2024-04-27T04:09:37.322 INFO:teuthology.orchestra.run.smithi088.stdout:/usr/bin/ceph: stderr
2024-04-27T04:09:36.402+0000 7fce99a49700 1 -- start start
2024-04-27T04:09:37.323 INFO:teuthology.orchestra.run.smithi088.stdout:/usr/bin/ceph: stderr
2024-04-27T04:09:36.403+0000 7fce99a49700 1 --2- >> [v2:172.21.15.88:3300/0,v1:172.21.15.88:6789/0] conn(0x7fce94101750 0x7fce94110510 unknown :-1 s=NONE pgs=0 cs=0 l=1 rev1=0 crypto rx=0 tx=0 comp rx=0 tx=0).connect
2024-04-27T04:09:37.323 INFO:teuthology.orchestra.run.smithi088.stdout:/usr/bin/ceph: stderr
2024-04-27T04:09:36.403+0000 7fce99a49700 1 -- --> [v2:172.21.15.88:3300/0,v1:172.21.15.88:6789/0] -- mon_getmap magic: 0 v1 -- 0x7fce94110a50 con 0x7fce94101750
2024-04-27T04:09:37.323 INFO:teuthology.orchestra.run.smithi088.stdout:/usr/bin/ceph: stderr
2024-04-27T04:09:36.403+0000 7fce92ffd700 1 --2- >> [v2:172.21.15.88:3300/0,v1:172.21.15.88:6789/0] conn(0x7fce94101750 0x7fce94110510 unknown :-1 s=BANNER_CONNECTING pgs=0 cs=0 l=1 rev1=0 crypto rx=0 tx=0 comp rx=0 tx=0)._handle_peer_banner_payload supported=3 required=0
2024-04-27T04:09:37.323 INFO:teuthology.orchestra.run.smithi088.stdout:/usr/bin/ceph: stderr
2024-04-27T04:09:36.403+0000 7fce92ffd700 1 --2- >> [v2:172.21.15.88:3300/0,v1:172.21.15.88:6789/0] conn(0x7fce94101750 0x7fce94110510 unknown :-1 s=HELLO_CONNECTING pgs=0 cs=0 l=1 rev1=1 crypto rx=0 tx=0 comp rx=0 tx=0).handle_hello peer v2:172.21.15.88:3300/0 says I am v2:172.21.15.88:54210/0 (socket says 172.21.15.88:54210)
2024-04-27T04:09:37.323 INFO:teuthology.orchestra.run.smithi088.stdout:/usr/bin/ceph: stderr
2024-04-27T04:09:36.403+0000 7fce92ffd700 1 -- 172.21.15.88:0/2853701024 learned_addr learned my addr 172.21.15.88:0/2853701024 (peer_addr_for_me v2:172.21.15.88:0/0)
2024-04-27T04:09:37.323 INFO:teuthology.orchestra.run.smithi088.stdout:/usr/bin/ceph: stderr
2024-04-27T04:09:36.403+0000 7fce92ffd700 1 -- 172.21.15.88:0/2853701024 --> [v2:172.21.15.88:3300/0,v1:172.21.15.88:6789/0] -- mon_subscribe({config=0+,monmap=0+}) v3 -- 0x7fce840094f0 con 0x7fce94101750
2024-04-27T04:09:37.323 INFO:teuthology.orchestra.run.smithi088.stdout:/usr/bin/ceph: stderr
2024-04-27T04:09:36.403+0000 7fce92ffd700 1 --2- 172.21.15.88:0/2853701024 >> [v2:172.21.15.88:3300/0,v1:172.21.15.88:6789/0] conn(0x7fce94101750 0x7fce94110510 secure :-1 s=READY pgs=56 cs=0 l=1 rev1=1 crypto rx=0x7fce84011680 tx=0x7fce84009250 comp rx=0 tx=0).ready entity=mon.0 client_cookie=0 server_cookie=0 in_seq=0 out_seq=0
2024-04-27T04:09:37.323 INFO:teuthology.orchestra.run.smithi088.stdout:/usr/bin/ceph: stderr
2024-04-27T04:09:36.403+0000 7fce7b7fe700 1 -- 172.21.15.88:0/2853701024 <== mon.0 v2:172.21.15.88:3300/0 1 ==== mon_map magic: 0 v1 ==== 229+0+0 (secure 0 0 0) 0x7fce84010890 con 0x7fce94101750
2024-04-27T04:09:37.323 INFO:teuthology.orchestra.run.smithi088.stdout:/usr/bin/ceph: stderr
2024-04-27T04:09:36.403+0000 7fce7b7fe700 1 -- 172.21.15.88:0/2853701024 <== mon.0 v2:172.21.15.88:3300/0 2 ==== config(27 keys) v1 ==== 1109+0+0 (secure 0 0 0) 0x7fce84010ec0 con 0x7fce94101750
2024-04-27T04:09:37.323 INFO:teuthology.orchestra.run.smithi088.stdout:/usr/bin/ceph: stderr
2024-04-27T04:09:36.403+0000 7fce99a49700 1 -- 172.21.15.88:0/2853701024 --> [v2:172.21.15.88:3300/0,v1:172.21.15.88:6789/0] -- mon_subscribe({mgrmap=0+}) v3 -- 0x7fce94110c50 con 0x7fce94101750
2024-04-27T04:09:37.323 INFO:teuthology.orchestra.run.smithi088.stdout:/usr/bin/ceph: stderr
2024-04-27T04:09:36.403+0000 7fce7b7fe700 1 -- 172.21.15.88:0/2853701024 <== mon.0 v2:172.21.15.88:3300/0 3 ==== mon_map magic: 0 v1 ==== 229+0+0 (secure 0 0 0) 0x7fce840243f0 con 0x7fce94101750
2024-04-27T04:09:37.323 INFO:teuthology.orchestra.run.smithi088.stdout:/usr/bin/ceph: stderr
2024-04-27T04:09:36.403+0000 7fce99a49700 1 -- 172.21.15.88:0/2853701024 --> [v2:172.21.15.88:3300/0,v1:172.21.15.88:6789/0] -- mon_subscribe({osdmap=0}) v3 -- 0x7fce941117c0 con 0x7fce94101750
2024-04-27T04:09:37.323 INFO:teuthology.orchestra.run.smithi088.stdout:/usr/bin/ceph: stderr
2024-04-27T04:09:36.404+0000 7fce7b7fe700 1 -- 172.21.15.88:0/2853701024 <== mon.0 v2:172.21.15.88:3300/0 4 ==== mgrmap(e 8) v1 ==== 43376+0+0 (secure 0 0 0) 0x7fce8402d3f0 con 0x7fce94101750
2024-04-27T04:09:37.323 INFO:teuthology.orchestra.run.smithi088.stdout:/usr/bin/ceph: stderr
2024-04-27T04:09:36.404+0000 7fce99a49700 1 -- 172.21.15.88:0/2853701024 --> [v2:172.21.15.88:3300/0,v1:172.21.15.88:6789/0] -- mon_command({"prefix": "get_command_descriptions"} v 0) v1 -- 0x7fce9405f5c0 con 0x7fce94101750
2024-04-27T04:09:37.323 INFO:teuthology.orchestra.run.smithi088.stdout:/usr/bin/ceph: stderr
2024-04-27T04:09:36.404+0000 7fce7b7fe700 1 --2- 172.21.15.88:0/2853701024 >> [v2:172.21.15.88:6800/3824892681,v1:172.21.15.88:6801/3824892681] conn(0x7fce7c0368a0 0x7fce7c038d50 unknown :-1 s=NONE pgs=0 cs=0 l=1 rev1=0 crypto rx=0 tx=0 comp rx=0 tx=0).connect
2024-04-27T04:09:37.324 INFO:teuthology.orchestra.run.smithi088.stdout:/usr/bin/ceph: stderr
2024-04-27T04:09:36.404+0000 7fce7b7fe700 1 -- 172.21.15.88:0/2853701024 <== mon.0 v2:172.21.15.88:3300/0 5 ==== osd_map(2..2 src has 1..2) v4 ==== 936+0+0 (secure 0 0 0) 0x7fce8404a1d0 con 0x7fce94101750
2024-04-27T04:09:37.324 INFO:teuthology.orchestra.run.smithi088.stdout:/usr/bin/ceph: stderr
2024-04-27T04:09:36.404+0000 7fce927fc700 1 --2- 172.21.15.88:0/2853701024 >> [v2:172.21.15.88:6800/3824892681,v1:172.21.15.88:6801/3824892681] conn(0x7fce7c0368a0 0x7fce7c038d50 unknown :-1 s=BANNER_CONNECTING pgs=0 cs=0 l=1 rev1=0 crypto rx=0 tx=0 comp rx=0 tx=0)._handle_peer_banner_payload supported=3 required=0
2024-04-27T04:09:37.324 INFO:teuthology.orchestra.run.smithi088.stdout:/usr/bin/ceph: stderr
2024-04-27T04:09:36.405+0000 7fce927fc700 1 --2- 172.21.15.88:0/2853701024 >> [v2:172.21.15.88:6800/3824892681,v1:172.21.15.88:6801/3824892681] conn(0x7fce7c0368a0 0x7fce7c038d50 secure :-1 s=READY pgs=16 cs=0 l=1 rev1=1 crypto rx=0x7fce88009990 tx=0x7fce88006e40 comp rx=0 tx=0).ready entity=mgr.14120 client_cookie=0 server_cookie=0 in_seq=0 out_seq=0
2024-04-27T04:09:37.324 INFO:teuthology.orchestra.run.smithi088.stdout:/usr/bin/ceph: stderr
2024-04-27T04:09:36.409+0000 7fce7b7fe700 1 -- 172.21.15.88:0/2853701024 <== mon.0 v2:172.21.15.88:3300/0 6 ==== mon_command_ack([{"prefix": "get_command_descriptions"}]=0 v0) v1 ==== 72+0+176702 (secure 0 0 0) 0x7fce8402b8e0 con 0x7fce94101750
2024-04-27T04:09:37.324 INFO:teuthology.orchestra.run.smithi088.stdout:/usr/bin/ceph: stderr
2024-04-27T04:09:36.616+0000 7fce99a49700 1 -- 172.21.15.88:0/2853701024 --> [v2:172.21.15.88:6800/3824892681,v1:172.21.15.88:6801/3824892681] -- mgr_command(tid 0: {"prefix": "orch apply", "service_type": "grafana", "target": ["mon-mgr", ""]}) v1 -- 0x7fce940fe0e0 con 0x7fce7c0368a0
2024-04-27T04:09:37.324 INFO:teuthology.orchestra.run.smithi088.stdout:/usr/bin/ceph: stderr
2024-04-27T04:09:36.620+0000 7fce7b7fe700 1 -- 172.21.15.88:0/2853701024 <== mgr.14120 v2:172.21.15.88:6800/3824892681 1 ==== mgr_command_reply(tid 0: 0 ) v1 ==== 8+0+28 (secure 0 0 0) 0x7fce940fe0e0 con 0x7fce7c0368a0
2024-04-27T04:09:37.324 INFO:teuthology.orchestra.run.smithi088.stdout:/usr/bin/ceph: stderr
