2024-04-27T04:09:22.560 INFO:teuthology.orchestra.run.smithi088.stdout:/usr/bin/ceph: stderr
2024-04-27T04:09:21.752+0000 7f9c148f4700 1 --2- 172.21.15.88:0/4221113658 >> [v2:172.21.15.88:6800/3824892681,v1:172.21.15.88:6801/3824892681] conn(0x7f9bfc036770 0x7f9bfc038c20 unknown :-1 s=BANNER_CONNECTING pgs=0 cs=0 l=1 rev1=0 crypto rx=0 tx=0 comp rx=0 tx=0)._handle_peer_banner_payload supported=3 required=0
2024-04-27T04:09:22.560 INFO:teuthology.orchestra.run.smithi088.stdout:/usr/bin/ceph: stderr
2024-04-27T04:09:21.753+0000 7f9c148f4700 1 --2- 172.21.15.88:0/4221113658 >> [v2:172.21.15.88:6800/3824892681,v1:172.21.15.88:6801/3824892681] conn(0x7f9bfc036770 0x7f9bfc038c20 secure :-1 s=READY pgs=7 cs=0 l=1 rev1=1 crypto rx=0x7f9c00009990 tx=0x7f9c00006e40 comp rx=0 tx=0).ready entity=mgr.14120 client_cookie=0 server_cookie=0 in_seq=0 out_seq=0
2024-04-27T04:09:22.560 INFO:teuthology.orchestra.run.smithi088.stdout:/usr/bin/ceph: stderr
2024-04-27T04:09:21.757+0000 7f9c05ffb700 1 -- 172.21.15.88:0/4221113658 <== mon.0 v2:172.21.15.88:3300/0 6 ==== mon_command_ack([{"prefix": "get_command_descriptions"}]=0 v0) v1 ==== 72+0+176702 (secure 0 0 0) 0x7f9c0c018350 con 0x7f9c10102880
2024-04-27T04:09:22.560 INFO:teuthology.orchestra.run.smithi088.stdout:/usr/bin/ceph: stderr
2024-04-27T04:09:21.955+0000 7f9c17359700 1 -- 172.21.15.88:0/4221113658 --> [v2:172.21.15.88:6800/3824892681,v1:172.21.15.88:6801/3824892681] -- mgr_command(tid 0: {"prefix": "orch set backend", "module_name": "cephadm", "target": ["mon-mgr", ""]}) v1 -- 0x7f9c100ff200 con 0x7f9bfc036770
2024-04-27T04:09:22.560 INFO:teuthology.orchestra.run.smithi088.stdout:/usr/bin/ceph: stderr
2024-04-27T04:09:21.964+0000 7f9c05ffb700 1 -- 172.21.15.88:0/4221113658 <== mgr.14120 v2:172.21.15.88:6800/3824892681 1 ==== mgr_command_reply(tid 0: 0 ) v1 ==== 8+0+0 (secure 0 0 0) 0x7f9c100ff200 con 0x7f9bfc036770
2024-04-27T04:09:22.560 INFO:teuthology.orchestra.run.smithi088.stdout:/usr/bin/ceph: stderr
2024-04-27T04:09:21.966+0000 7f9c17359700 1 -- 172.21.15.88:0/4221113658 >> [v2:172.21.15.88:6800/3824892681,v1:172.21.15.88:6801/3824892681] conn(0x7f9bfc036770 msgr2=0x7f9bfc038c20 secure :-1 s=STATE_CONNECTION_ESTABLISHED l=1).mark_down
2024-04-27T04:09:22.560 INFO:teuthology.orchestra.run.smithi088.stdout:/usr/bin/ceph: stderr
2024-04-27T04:09:21.966+0000 7f9c17359700 1 --2- 172.21.15.88:0/4221113658 >> [v2:172.21.15.88:6800/3824892681,v1:172.21.15.88:6801/3824892681] conn(0x7f9bfc036770 0x7f9bfc038c20 secure :-1 s=READY pgs=7 cs=0 l=1 rev1=1 crypto rx=0x7f9c00009990 tx=0x7f9c00006e40 comp rx=0 tx=0).stop
2024-04-27T04:09:22.560 INFO:teuthology.orchestra.run.smithi088.stdout:/usr/bin/ceph: stderr
2024-04-27T04:09:21.966+0000 7f9c17359700 1 -- 172.21.15.88:0/4221113658 >> [v2:172.21.15.88:3300/0,v1:172.21.15.88:6789/0] conn(0x7f9c10102880 msgr2=0x7f9c101115f0 secure :-1 s=STATE_CONNECTION_ESTABLISHED l=1).mark_down
2024-04-27T04:09:22.560 INFO:teuthology.orchestra.run.smithi088.stdout:/usr/bin/ceph: stderr
2024-04-27T04:09:21.966+0000 7f9c17359700 1 --2- 172.21.15.88:0/4221113658 >> [v2:172.21.15.88:3300/0,v1:172.21.15.88:6789/0] conn(0x7f9c10102880 0x7f9c101115f0 secure :-1 s=READY pgs=38 cs=0 l=1 rev1=1 crypto rx=0x7f9c0c00b440 tx=0x7f9c0c009250 comp rx=0 tx=0).stop
2024-04-27T04:09:22.560 INFO:teuthology.orchestra.run.smithi088.stdout:/usr/bin/ceph: stderr
2024-04-27T04:09:21.966+0000 7f9c17359700 1 -- 172.21.15.88:0/4221113658 shutdown_connections
2024-04-27T04:09:22.560 INFO:teuthology.orchestra.run.smithi088.stdout:/usr/bin/ceph: stderr
2024-04-27T04:09:21.966+0000 7f9c17359700 1 --2- 172.21.15.88:0/4221113658 >> [v2:172.21.15.88:6800/3824892681,v1:172.21.15.88:6801/3824892681] conn(0x7f9bfc036770 0x7f9bfc038c20 unknown :-1 s=CLOSED pgs=7 cs=0 l=1 rev1=1 crypto rx=0 tx=0 comp rx=0 tx=0).stop
2024-04-27T04:09:22.560 INFO:teuthology.orchestra.run.smithi088.stdout:/usr/bin/ceph: stderr
2024-04-27T04:09:21.966+0000 7f9c17359700 1 --2- 172.21.15.88:0/4221113658 >> [v2:172.21.15.88:3300/0,v1:172.21.15.88:6789/0] conn(0x7f9c10102880 0x7f9c101115f0 unknown :-1 s=CLOSED pgs=38 cs=0 l=1 rev1=1 crypto rx=0 tx=0 comp rx=0 tx=0).stop
2024-04-27T04:09:22.561 INFO:teuthology.orchestra.run.smithi088.stdout:/usr/bin/ceph: stderr
2024-04-27T04:09:21.966+0000 7f9c17359700 1 -- 172.21.15.88:0/4221113658 >> 172.21.15.88:0/4221113658 conn(0x7f9c100fe060 msgr2=0x7f9c100feaf0 unknown :-1 s=STATE_NONE l=0).mark_down
2024-04-27T04:09:22.561 INFO:teuthology.orchestra.run.smithi088.stdout:/usr/bin/ceph: stderr
2024-04-27T04:09:21.966+0000 7f9c17359700 1 -- 172.21.15.88:0/4221113658 shutdown_connections
2024-04-27T04:09:22.561 INFO:teuthology.orchestra.run.smithi088.stdout:/usr/bin/ceph: stderr
2024-04-27T04:09:21.966+0000 7f9c17359700 1 -- 172.21.15.88:0/4221113658 wait complete.
2024-04-27T04:09:23.170 INFO:journalctl@ceph.mon.smithi088.smithi088.stdout:Apr 27 04:09:23 smithi088 ceph-mon[26585]: from='client.14132 -' entity='client.admin' cmd=[{"prefix": "orch set backend", "module_name": "cephadm", "target": ["mon-mgr", ""]}]: dispatch
2024-04-27T04:09:23.170 INFO:journalctl@ceph.mon.smithi088.smithi088.stdout:Apr 27 04:09:23 smithi088 ceph-mon[26585]: mgrmap e8: smithi088.qlwwsq(active, since 2s)
2024-04-27T04:09:23.730 INFO:teuthology.orchestra.run.smithi088.stdout:/usr/bin/ceph: stdout value unchanged
2024-04-27T04:09:23.730 INFO:teuthology.orchestra.run.smithi088.stdout:/usr/bin/ceph: stderr
2024-04-27T04:09:22.974+0000 7fdf618ed700 1 Processor -- start
2024-04-27T04:09:23.730 INFO:teuthology.orchestra.run.smithi088.stdout:/usr/bin/ceph: stderr
2024-04-27T04:09:22.974+0000 7fdf618ed700 1 -- start start
2024-04-27T04:09:23.730 INFO:teuthology.orchestra.run.smithi088.stdout:/usr/bin/ceph: stderr
2024-04-27T04:09:22.974+0000 7fdf618ed700 1 --2- >> [v2:172.21.15.88:3300/0,v1:172.21.15.88:6789/0] conn(0x7fdf5c078d40 0x7fdf5c077250 unknown :-1 s=NONE pgs=0 cs=0 l=0 rev1=0 crypto rx=0 tx=0 comp rx=0 tx=0).connect
2024-04-27T04:09:23.731 INFO:teuthology.orchestra.run.smithi088.stdout:/usr/bin/ceph: stderr
2024-04-27T04:09:22.974+0000 7fdf618ed700 1 -- --> [v2:172.21.15.88:3300/0,v1:172.21.15.88:6789/0] -- mon_getmap magic: 0 v1 -- 0x7fdf5c079150 con 0x7fdf5c078d40
2024-04-27T04:09:23.731 INFO:teuthology.orchestra.run.smithi088.stdout:/usr/bin/ceph: stderr
2024-04-27T04:09:22.975+0000 7fdf5affd700 1 --2- >> [v2:172.21.15.88:3300/0,v1:172.21.15.88:6789/0] conn(0x7fdf5c078d40 0x7fdf5c077250 unknown :-1 s=BANNER_CONNECTING pgs=0 cs=0 l=0 rev1=0 crypto rx=0 tx=0 comp rx=0 tx=0)._handle_peer_banner_payload supported=3 required=0
2024-04-27T04:09:23.731 INFO:teuthology.orchestra.run.smithi088.stdout:/usr/bin/ceph: stderr
2024-04-27T04:09:22.975+0000 7fdf5affd700 1 --2- >> [v2:172.21.15.88:3300/0,v1:172.21.15.88:6789/0] conn(0x7fdf5c078d40 0x7fdf5c077250 unknown :-1 s=HELLO_CONNECTING pgs=0 cs=0 l=0 rev1=1 crypto rx=0 tx=0 comp rx=0 tx=0).handle_hello peer v2:172.21.15.88:3300/0 says I am v2:172.21.15.88:58024/0 (socket says 172.21.15.88:58024)
2024-04-27T04:09:23.731 INFO:teuthology.orchestra.run.smithi088.stdout:/usr/bin/ceph: stderr
2024-04-27T04:09:22.975+0000 7fdf5affd700 1 -- 172.21.15.88:0/2984126139 learned_addr learned my addr 172.21.15.88:0/2984126139 (peer_addr_for_me v2:172.21.15.88:0/0)
2024-04-27T04:09:23.731 INFO:teuthology.orchestra.run.smithi088.stdout:/usr/bin/ceph: stderr
2024-04-27T04:09:22.975+0000 7fdf5affd700 1 -- 172.21.15.88:0/2984126139 --> [v2:172.21.15.88:3300/0,v1:172.21.15.88:6789/0] -- mon_subscribe({config=0+,monmap=0+}) v3 -- 0x7fdf5c077790 con 0x7fdf5c078d40
2024-04-27T04:09:23.731 INFO:teuthology.orchestra.run.smithi088.stdout:/usr/bin/ceph: stderr
2024-04-27T04:09:22.975+0000 7fdf5affd700 1 --2- 172.21.15.88:0/2984126139 >> [v2:172.21.15.88:3300/0,v1:172.21.15.88:6789/0] conn(0x7fdf5c078d40 0x7fdf5c077250 secure :-1 s=READY pgs=39 cs=0 l=1 rev1=1 crypto rx=0x7fdf440098e0 tx=0x7fdf44009250 comp rx=0 tx=0).ready entity=mon.0 client_cookie=23e3f77387864a00 server_cookie=0 in_seq=0 out_seq=0
2024-04-27T04:09:23.731 INFO:teuthology.orchestra.run.smithi088.stdout:/usr/bin/ceph: stderr
2024-04-27T04:09:22.975+0000 7fdf59ffb700 1 -- 172.21.15.88:0/2984126139 <== mon.0 v2:172.21.15.88:3300/0 1 ==== mon_map magic: 0 v1 ==== 229+0+0 (secure 0 0 0) 0x7fdf4400b860 con 0x7fdf5c078d40
2024-04-27T04:09:23.731 INFO:teuthology.orchestra.run.smithi088.stdout:/usr/bin/ceph: stderr
2024-04-27T04:09:22.975+0000 7fdf59ffb700 1 -- 172.21.15.88:0/2984126139 <== mon.0 v2:172.21.15.88:3300/0 2 ==== config(27 keys) v1 ==== 1044+0+0 (secure 0 0 0) 0x7fdf4400be50 con 0x7fdf5c078d40
2024-04-27T04:09:23.731 INFO:teuthology.orchestra.run.smithi088.stdout:/usr/bin/ceph: stderr
2024-04-27T04:09:22.975+0000 7fdf59ffb700 1 -- 172.21.15.88:0/2984126139 <== mon.0 v2:172.21.15.88:3300/0 3 ==== mon_map magic: 0 v1 ==== 229+0+0 (secure 0 0 0) 0x7fdf44010380 con 0x7fdf5c078d40
2024-04-27T04:09:23.731 INFO:teuthology.orchestra.run.smithi088.stdout:/usr/bin/ceph: stderr
2024-04-27T04:09:22.976+0000 7fdf618ed700 1 -- 172.21.15.88:0/2984126139 >> [v2:172.21.15.88:3300/0,v1:172.21.15.88:6789/0] conn(0x7fdf5c078d40 msgr2=0x7fdf5c077250 secure :-1 s=STATE_CONNECTION_ESTABLISHED l=1).mark_down
2024-04-27T04:09:23.731 INFO:teuthology.orchestra.run.smithi088.stdout:/usr/bin/ceph: stderr
2024-04-27T04:09:22.976+0000 7fdf618ed700 1 --2- 172.21.15.88:0/2984126139 >> [v2:172.21.15.88:3300/0,v1:172.21.15.88:6789/0] conn(0x7fdf5c078d40 0x7fdf5c077250 secure :-1 s=READY pgs=39 cs=0 l=1 rev1=1 crypto rx=0x7fdf440098e0 tx=0x7fdf44009250 comp rx=0 tx=0).stop
2024-04-27T04:09:23.731 INFO:teuthology.orchestra.run.smithi088.stdout:/usr/bin/ceph: stderr
2024-04-27T04:09:22.976+0000 7fdf618ed700 1 -- 172.21.15.88:0/2984126139 shutdown_connections
2024-04-27T04:09:23.732 INFO:teuthology.orchestra.run.smithi088.stdout:/usr/bin/ceph: stderr
2024-04-27T04:09:22.976+0000 7fdf618ed700 1 --2- 172.21.15.88:0/2984126139 >> [v2:172.21.15.88:3300/0,v1:172.21.15.88:6789/0] conn(0x7fdf5c078d40 0x7fdf5c077250 unknown :-1 s=CLOSED pgs=39 cs=0 l=1 rev1=1 crypto rx=0 tx=0 comp rx=0 tx=0).stop
2024-04-27T04:09:23.732 INFO:teuthology.orchestra.run.smithi088.stdout:/usr/bin/ceph: stderr
2024-04-27T04:09:22.976+0000 7fdf618ed700 1 -- 172.21.15.88:0/2984126139 >> 172.21.15.88:0/2984126139 conn(0x7fdf5c0fdfd0 msgr2=0x7fdf5c1003e0 unknown :-1 s=STATE_NONE l=0).mark_down
2024-04-27T04:09:23.732 INFO:teuthology.orchestra.run.smithi088.stdout:/usr/bin/ceph: stderr
2024-04-27T04:09:22.976+0000 7fdf618ed700 1 -- 172.21.15.88:0/2984126139 shutdown_connections
2024-04-27T04:09:23.732 INFO:teuthology.orchestra.run.smithi088.stdout:/usr/bin/ceph: stderr
2024-04-27T04:09:22.976+0000 7fdf618ed700 1 -- 172.21.15.88:0/2984126139 wait complete.
2024-04-27T04:09:23.732 INFO:teuthology.orchestra.run.smithi088.stdout:/usr/bin/ceph: stderr
2024-04-27T04:09:22.977+0000 7fdf618ed700 1 Processor -- start
2024-04-27T04:09:23.732 INFO:teuthology.orchestra.run.smithi088.stdout:/usr/bin/ceph: stderr
2024-04-27T04:09:22.977+0000 7fdf618ed700 1 -- start start
2024-04-27T04:09:23.732 INFO:teuthology.orchestra.run.smithi088.stdout:/usr/bin/ceph: stderr
2024-04-27T04:09:22.977+0000 7fdf618ed700 1 --2- >> [v2:172.21.15.88:3300/0,v1:172.21.15.88:6789/0] conn(0x7fdf5c078d40 0x7fdf5c113870 unknown :-1 s=NONE pgs=0 cs=0 l=1 rev1=0 crypto rx=0 tx=0 comp rx=0 tx=0).connect
2024-04-27T04:09:23.732 INFO:teuthology.orchestra.run.smithi088.stdout:/usr/bin/ceph: stderr
2024-04-27T04:09:22.977+0000 7fdf618ed700 1 -- --> [v2:172.21.15.88:3300/0,v1:172.21.15.88:6789/0] -- mon_getmap magic: 0 v1 -- 0x7fdf5c113db0 con 0x7fdf5c078d40
2024-04-27T04:09:23.732 INFO:teuthology.orchestra.run.smithi088.stdout:/usr/bin/ceph: stderr
2024-04-27T04:09:22.977+0000 7fdf5affd700 1 --2- >> [v2:172.21.15.88:3300/0,v1:172.21.15.88:6789/0] conn(0x7fdf5c078d40 0x7fdf5c113870 unknown :-1 s=BANNER_CONNECTING pgs=0 cs=0 l=1 rev1=0 crypto rx=0 tx=0 comp rx=0 tx=0)._handle_peer_banner_payload supported=3 required=0
2024-04-27T04:09:23.732 INFO:teuthology.orchestra.run.smithi088.stdout:/usr/bin/ceph: stderr
2024-04-27T04:09:22.977+0000 7fdf5affd700 1 --2- >> [v2:172.21.15.88:3300/0,v1:172.21.15.88:6789/0] conn(0x7fdf5c078d40 0x7fdf5c113870 unknown :-1 s=HELLO_CONNECTING pgs=0 cs=0 l=1 rev1=1 crypto rx=0 tx=0 comp rx=0 tx=0).handle_hello peer v2:172.21.15.88:3300/0 says I am v2:172.21.15.88:58032/0 (socket says 172.21.15.88:58032)
2024-04-27T04:09:23.732 INFO:teuthology.orchestra.run.smithi088.stdout:/usr/bin/ceph: stderr
2024-04-27T04:09:22.977+0000 7fdf5affd700 1 -- 172.21.15.88:0/2997104804 learned_addr learned my addr 172.21.15.88:0/2997104804 (peer_addr_for_me v2:172.21.15.88:0/0)
2024-04-27T04:09:23.732 INFO:teuthology.orchestra.run.smithi088.stdout:/usr/bin/ceph: stderr
2024-04-27T04:09:22.977+0000 7fdf5affd700 1 -- 172.21.15.88:0/2997104804 --> [v2:172.21.15.88:3300/0,v1:172.21.15.88:6789/0] -- mon_subscribe({config=0+,monmap=0+}) v3 -- 0x7fdf440094f0 con 0x7fdf5c078d40
2024-04-27T04:09:23.733 INFO:teuthology.orchestra.run.smithi088.stdout:/usr/bin/ceph: stderr
2024-04-27T04:09:22.977+0000 7fdf5affd700 1 --2- 172.21.15.88:0/2997104804 >> [v2:172.21.15.88:3300/0,v1:172.21.15.88:6789/0] conn(0x7fdf5c078d40 0x7fdf5c113870 secure :-1 s=READY pgs=40 cs=0 l=1 rev1=1 crypto rx=0x7fdf440090b0 tx=0x7fdf44009250 comp rx=0 tx=0).ready entity=mon.0 client_cookie=0 server_cookie=0 in_seq=0 out_seq=0
2024-04-27T04:09:23.733 INFO:teuthology.orchestra.run.smithi088.stdout:/usr/bin/ceph: stderr
2024-04-27T04:09:22.977+0000 7fdf537fe700 1 -- 172.21.15.88:0/2997104804 <== mon.0 v2:172.21.15.88:3300/0 1 ==== mon_map magic: 0 v1 ==== 229+0+0 (secure 0 0 0) 0x7fdf44010760 con 0x7fdf5c078d40
2024-04-27T04:09:23.733 INFO:teuthology.orchestra.run.smithi088.stdout:/usr/bin/ceph: stderr
2024-04-27T04:09:22.977+0000 7fdf618ed700 1 -- 172.21.15.88:0/2997104804 --> [v2:172.21.15.88:3300/0,v1:172.21.15.88:6789/0] -- mon_subscribe({mgrmap=0+}) v3 -- 0x7fdf5c113fb0 con 0x7fdf5c078d40
2024-04-27T04:09:23.733 INFO:teuthology.orchestra.run.smithi088.stdout:/usr/bin/ceph: stderr
2024-04-27T04:09:22.977+0000 7fdf537fe700 1 -- 172.21.15.88:0/2997104804 <== mon.0 v2:172.21.15.88:3300/0 2 ==== config(27 keys) v1 ==== 1044+0+0 (secure 0 0 0) 0x7fdf44010d50 con 0x7fdf5c078d40
2024-04-27T04:09:23.733 INFO:teuthology.orchestra.run.smithi088.stdout:/usr/bin/ceph: stderr
2024-04-27T04:09:22.977+0000 7fdf537fe700 1 -- 172.21.15.88:0/2997104804 <== mon.0 v2:172.21.15.88:3300/0 3 ==== mon_map magic: 0 v1 ==== 229+0+0 (secure 0 0 0) 0x7fdf4401ace0 con 0x7fdf5c078d40
2024-04-27T04:09:23.733 INFO:teuthology.orchestra.run.smithi088.stdout:/usr/bin/ceph: stderr
2024-04-27T04:09:22.977+0000 7fdf618ed700 1 -- 172.21.15.88:0/2997104804 --> [v2:172.21.15.88:3300/0,v1:172.21.15.88:6789/0] -- mon_subscribe({osdmap=0}) v3 -- 0x7fdf5c114b20 con 0x7fdf5c078d40
2024-04-27T04:09:23.733 INFO:teuthology.orchestra.run.smithi088.stdout:/usr/bin/ceph: stderr
2024-04-27T04:09:22.978+0000 7fdf537fe700 1 -- 172.21.15.88:0/2997104804 <== mon.0 v2:172.21.15.88:3300/0 4 ==== mgrmap(e 8) v1 ==== 43376+0+0 (secure 0 0 0) 0x7fdf4402d3f0 con 0x7fdf5c078d40
2024-04-27T04:09:23.733 INFO:teuthology.orchestra.run.smithi088.stdout:/usr/bin/ceph: stderr
2024-04-27T04:09:22.978+0000 7fdf537fe700 1 --2- 172.21.15.88:0/2997104804 >> [v2:172.21.15.88:6800/3824892681,v1:172.21.15.88:6801/3824892681] conn(0x7fdf48036850 0x7fdf48038d00 unknown :-1 s=NONE pgs=0 cs=0 l=1 rev1=0 crypto rx=0 tx=0 comp rx=0 tx=0).connect
2024-04-27T04:09:23.733 INFO:teuthology.orchestra.run.smithi088.stdout:/usr/bin/ceph: stderr
2024-04-27T04:09:22.978+0000 7fdf618ed700 1 -- 172.21.15.88:0/2997104804 --> [v2:172.21.15.88:3300/0,v1:172.21.15.88:6789/0] -- mon_command({"prefix": "get_command_descriptions"} v 0) v1 -- 0x7fdf5c05f5c0 con 0x7fdf5c078d40
2024-04-27T04:09:23.733 INFO:teuthology.orchestra.run.smithi088.stdout:/usr/bin/ceph: stderr
2024-04-27T04:09:22.978+0000 7fdf537fe700 1 -- 172.21.15.88:0/2997104804 <== mon.0 v2:172.21.15.88:3300/0 5 ==== osd_map(2..2 src has 1..2) v4 ==== 936+0+0 (secure 0 0 0) 0x7fdf4404b100 con 0x7fdf5c078d40
2024-04-27T04:09:23.733 INFO:teuthology.orchestra.run.smithi088.stdout:/usr/bin/ceph: stderr
2024-04-27T04:09:22.978+0000 7fdf5a7fc700 1 --2- 172.21.15.88:0/2997104804 >> [v2:172.21.15.88:6800/3824892681,v1:172.21.15.88:6801/3824892681] conn(0x7fdf48036850 0x7fdf48038d00 unknown :-1 s=BANNER_CONNECTING pgs=0 cs=0 l=1 rev1=0 crypto rx=0 tx=0 comp rx=0 tx=0)._handle_peer_banner_payload supported=3 required=0
2024-04-27T04:09:23.733 INFO:teuthology.orchestra.run.smithi088.stdout:/usr/bin/ceph: stderr
2024-04-27T04:09:22.979+0000 7fdf5a7fc700 1 --2- 172.21.15.88:0/2997104804 >> [v2:172.21.15.88:6800/3824892681,v1:172.21.15.88:6801/3824892681] conn(0x7fdf48036850 0x7fdf48038d00 secure :-1 s=READY pgs=8 cs=0 l=1 rev1=1 crypto rx=0x7fdf4c009990 tx=0x7fdf4c006e40 comp rx=0 tx=0).ready entity=mgr.14120 client_cookie=0 server_cookie=0 in_seq=0 out_seq=0
2024-04-27T04:09:23.733 INFO:teuthology.orchestra.run.smithi088.stdout:/usr/bin/ceph: stderr
2024-04-27T04:09:22.983+0000 7fdf537fe700 1 -- 172.21.15.88:0/2997104804 <== mon.0 v2:172.21.15.88:3300/0 6 ==== mon_command_ack([{"prefix": "get_command_descriptions"}]=0 v0) v1 ==== 72+0+176702 (secure 0 0 0) 0x7fdf4402b8e0 con 0x7fdf5c078d40
2024-04-27T04:09:23.734 INFO:teuthology.orchestra.run.smithi088.stdout:/usr/bin/ceph: stderr
2024-04-27T04:09:23.171+0000 7fdf618ed700 1 -- 172.21.15.88:0/2997104804 --> [v2:172.21.15.88:6800/3824892681,v1:172.21.15.88:6801/3824892681] -- mgr_command(tid 0: {"prefix": "cephadm set-user", "user": "root", "target": ["mon-mgr", ""]}) v1 -- 0x7fdf5c0ff230 con 0x7fdf48036850
2024-04-27T04:09:23.734 INFO:teuthology.orchestra.run.smithi088.stdout:/usr/bin/ceph: stderr
2024-04-27T04:09:23.172+0000 7fdf537fe700 1 -- 172.21.15.88:0/2997104804 <== mgr.14120 v2:172.21.15.88:6800/3824892681 1 ==== mgr_command_reply(tid 0: 0 ) v1 ==== 8+0+16 (secure 0 0 0) 0x7fdf5c0ff230 con 0x7fdf48036850
2024-04-27T04:09:23.734 INFO:teuthology.orchestra.run.smithi088.stdout:/usr/bin/ceph: stderr
2024-04-27T04:09:23.173+0000 7fdf618ed700 1 -- 172.21.15.88:0/2997104804 >> [v2:172.21.15.88:6800/3824892681,v1:172.21.15.88:6801/3824892681] conn(0x7fdf48036850 msgr2=0x7fdf48038d00 secure :-1 s=STATE_CONNECTION_ESTABLISHED l=1).mark_down
2024-04-27T04:09:23.734 INFO:teuthology.orchestra.run.smithi088.stdout:/usr/bin/ceph: stderr
2024-04-27T04:09:23.173+0000 7fdf618ed700 1 --2- 172.21.15.88:0/2997104804 >> [v2:172.21.15.88:6800/3824892681,v1:172.21.15.88:6801/3824892681] conn(0x7fdf48036850 0x7fdf48038d00 secure :-1 s=READY pgs=8 cs=0 l=1 rev1=1 crypto rx=0x7fdf4c009990 tx=0x7fdf4c006e40 comp rx=0 tx=0).stop
2024-04-27T04:09:23.734 INFO:teuthology.orchestra.run.smithi088.stdout:/usr/bin/ceph: stderr
2024-04-27T04:09:23.173+0000 7fdf618ed700 1 -- 172.21.15.88:0/2997104804 >> [v2:172.21.15.88:3300/0,v1:172.21.15.88:6789/0] conn(0x7fdf5c078d40 msgr2=0x7fdf5c113870 secure :-1 s=STATE_CONNECTION_ESTABLISHED l=1).mark_down
2024-04-27T04:09:23.734 INFO:teuthology.orchestra.run.smithi088.stdout:/usr/bin/ceph: stderr
2024-04-27T04:09:23.173+0000 7fdf618ed700 1 --2- 172.21.15.88:0/2997104804 >> [v2:172.21.15.88:3300/0,v1:172.21.15.88:6789/0] conn(0x7fdf5c078d40 0x7fdf5c113870 secure :-1 s=READY pgs=40 cs=0 l=1 rev1=1 crypto rx=0x7fdf440090b0 tx=0x7fdf44009250 comp rx=0 tx=0).stop
2024-04-27T04:09:23.734 INFO:teuthology.orchestra.run.smithi088.stdout:/usr/bin/ceph: stderr
2024-04-27T04:09:23.174+0000 7fdf618ed700 1 -- 172.21.15.88:0/2997104804 shutdown_connections
2024-04-27T04:09:23.734 INFO:teuthology.orchestra.run.smithi088.stdout:/usr/bin/ceph: stderr
2024-04-27T04:09:23.174+0000 7fdf618ed700 1 --2- 172.21.15.88:0/2997104804 >> [v2:172.21.15.88:6800/3824892681,v1:172.21.15.88:6801/3824892681] conn(0x7fdf48036850 0x7fdf48038d00 unknown :-1 s=CLOSED pgs=8 cs=0 l=1 rev1=1 crypto rx=0 tx=0 comp rx=0 tx=0).stop
2024-04-27T04:09:23.734 INFO:teuthology.orchestra.run.smithi088.stdout:/usr/bin/ceph: stderr
2024-04-27T04:09:23.174+0000 7fdf618ed700 1 --2- 172.21.15.88:0/2997104804 >> [v2:172.21.15.88:3300/0,v1:172.21.15.88:6789/0] conn(0x7fdf5c078d40 0x7fdf5c113870 unknown :-1 s=CLOSED pgs=40 cs=0 l=1 rev1=1 crypto rx=0 tx=0 comp rx=0 tx=0).stop
2024-04-27T04:09:23.734 INFO:teuthology.orchestra.run.smithi088.stdout:/usr/bin/ceph: stderr
2024-04-27T04:09:23.174+0000 7fdf618ed700 1 -- 172.21.15.88:0/2997104804 >> 172.21.15.88:0/2997104804 conn(0x7fdf5c0fdfd0 msgr2=0x7fdf5c0feb20 unknown :-1 s=STATE_NONE l=0).mark_down
2024-04-27T04:09:23.734 INFO:teuthology.orchestra.run.smithi088.stdout:/usr/bin/ceph: stderr
2024-04-27T04:09:23.174+0000 7fdf618ed700 1 -- 172.21.15.88:0/2997104804 shutdown_connections
2024-04-27T04:09:23.735 INFO:teuthology.orchestra.run.smithi088.stdout:/usr/bin/ceph: stderr
2024-04-27T04:09:23.174+0000 7fdf618ed700 1 -- 172.21.15.88:0/2997104804 wait complete.
2024-04-27T04:09:23.735 INFO:teuthology.orchestra.run.smithi088.stdout:Generating ssh key...
2024-04-27T04:09:24.322 INFO:journalctl@ceph.mon.smithi088.smithi088.stdout:Apr 27 04:09:24 smithi088 ceph-mon[26585]: from='client.14134 -' entity='client.admin' cmd=[{"prefix": "cephadm set-user", "user": "root", "target": ["mon-mgr", ""]}]: dispatch
2024-04-27T04:09:25.122 INFO:teuthology.orchestra.run.smithi088.stdout:/usr/bin/ceph: stderr
2024-04-27T04:09:24.167+0000 7ff336f26700 1 Processor -- start
2024-04-27T04:09:25.123 INFO:teuthology.orchestra.run.smithi088.stdout:/usr/bin/ceph: stderr
2024-04-27T04:09:24.167+0000 7ff336f26700 1 -- start start
2024-04-27T04:09:25.129 INFO:teuthology.orchestra.run.smithi088.stdout:/usr/bin/ceph: stderr
2024-04-27T04:09:24.167+0000 7ff336f26700 1 --2- >> [v2:172.21.15.88:3300/0,v1:172.21.15.88:6789/0] conn(0x7ff330102880 0x7ff330102c90 unknown :-1 s=NONE pgs=0 cs=0 l=0 rev1=0 crypto rx=0 tx=0 comp rx=0 tx=0).connect
2024-04-27T04:09:25.129 INFO:teuthology.orchestra.run.smithi088.stdout:/usr/bin/ceph: stderr
2024-04-27T04:09:24.167+0000 7ff336f26700 1 -- --> [v2:172.21.15.88:3300/0,v1:172.21.15.88:6789/0] -- mon_getmap magic: 0 v1 -- 0x7ff3301031d0 con 0x7ff330102880
2024-04-27T04:09:25.129 INFO:teuthology.orchestra.run.smithi088.stdout:/usr/bin/ceph: stderr
2024-04-27T04:09:24.167+0000 7ff334cc2700 1 --2- >> [v2:172.21.15.88:3300/0,v1:172.21.15.88:6789/0] conn(0x7ff330102880 0x7ff330102c90 unknown :-1 s=BANNER_CONNECTING pgs=0 cs=0 l=0 rev1=0 crypto rx=0 tx=0 comp rx=0 tx=0)._handle_peer_banner_payload supported=3 required=0
2024-04-27T04:09:25.129 INFO:teuthology.orchestra.run.smithi088.stdout:/usr/bin/ceph: stderr
2024-04-27T04:09:24.167+0000 7ff334cc2700 1 --2- >> [v2:172.21.15.88:3300/0,v1:172.21.15.88:6789/0] conn(0x7ff330102880 0x7ff330102c90 unknown :-1 s=HELLO_CONNECTING pgs=0 cs=0 l=0 rev1=1 crypto rx=0 tx=0 comp rx=0 tx=0).handle_hello peer v2:172.21.15.88:3300/0 says I am v2:172.21.15.88:58040/0 (socket says 172.21.15.88:58040)
2024-04-27T04:09:25.129 INFO:teuthology.orchestra.run.smithi088.stdout:/usr/bin/ceph: stderr
2024-04-27T04:09:24.167+0000 7ff334cc2700 1 -- 172.21.15.88:0/1746973475 learned_addr learned my addr 172.21.15.88:0/1746973475 (peer_addr_for_me v2:172.21.15.88:0/0)
2024-04-27T04:09:25.129 INFO:teuthology.orchestra.run.smithi088.stdout:/usr/bin/ceph: stderr
2024-04-27T04:09:24.168+0000 7ff334cc2700 1 -- 172.21.15.88:0/1746973475 --> [v2:172.21.15.88:3300/0,v1:172.21.15.88:6789/0] -- mon_subscribe({config=0+,monmap=0+}) v3 -- 0x7ff330103310 con 0x7ff330102880
2024-04-27T04:09:25.130 INFO:teuthology.orchestra.run.smithi088.stdout:/usr/bin/ceph: stderr
2024-04-27T04:09:24.168+0000 7ff334cc2700 1 --2- 172.21.15.88:0/1746973475 >> [v2:172.21.15.88:3300/0,v1:172.21.15.88:6789/0] conn(0x7ff330102880 0x7ff330102c90 secure :-1 s=READY pgs=41 cs=0 l=1 rev1=1 crypto rx=0x7ff3240098e0 tx=0x7ff324009250 comp rx=0 tx=0).ready entity=mon.0 client_cookie=f02ad711d87429b1 server_cookie=0 in_seq=0 out_seq=0
2024-04-27T04:09:25.130 INFO:teuthology.orchestra.run.smithi088.stdout:/usr/bin/ceph: stderr
2024-04-27T04:09:24.168+0000 7ff32f7fe700 1 -- 172.21.15.88:0/1746973475 <== mon.0 v2:172.21.15.88:3300/0 1 ==== mon_map magic: 0 v1 ==== 229+0+0 (secure 0 0 0) 0x7ff32400b860 con 0x7ff330102880
2024-04-27T04:09:25.130 INFO:teuthology.orchestra.run.smithi088.stdout:/usr/bin/ceph: stderr
2024-04-27T04:09:24.168+0000 7ff32f7fe700 1 -- 172.21.15.88:0/1746973475 <== mon.0 v2:172.21.15.88:3300/0 2 ==== config(27 keys) v1 ==== 1044+0+0 (secure 0 0 0) 0x7ff32400be50 con 0x7ff330102880
2024-04-27T04:09:25.130 INFO:teuthology.orchestra.run.smithi088.stdout:/usr/bin/ceph: stderr
2024-04-27T04:09:24.168+0000 7ff32f7fe700 1 -- 172.21.15.88:0/1746973475 <== mon.0 v2:172.21.15.88:3300/0 3 ==== mon_map magic: 0 v1 ==== 229+0+0 (secure 0 0 0) 0x7ff324010380 con 0x7ff330102880
2024-04-27T04:09:25.130 INFO:teuthology.orchestra.run.smithi088.stdout:/usr/bin/ceph: stderr
2024-04-27T04:09:24.168+0000 7ff336f26700 1 -- 172.21.15.88:0/1746973475 >> [v2:172.21.15.88:3300/0,v1:172.21.15.88:6789/0] conn(0x7ff330102880 msgr2=0x7ff330102c90 secure :-1 s=STATE_CONNECTION_ESTABLISHED l=1).mark_down
2024-04-27T04:09:25.130 INFO:teuthology.orchestra.run.smithi088.stdout:/usr/bin/ceph: stderr
2024-04-27T04:09:24.168+0000 7ff336f26700 1 --2- 172.21.15.88:0/1746973475 >> [v2:172.21.15.88:3300/0,v1:172.21.15.88:6789/0] conn(0x7ff330102880 0x7ff330102c90 secure :-1 s=READY pgs=41 cs=0 l=1 rev1=1 crypto rx=0x7ff3240098e0 tx=0x7ff324009250 comp rx=0 tx=0).stop
2024-04-27T04:09:25.130 INFO:teuthology.orchestra.run.smithi088.stdout:/usr/bin/ceph: stderr
2024-04-27T04:09:24.168+0000 7ff336f26700 1 -- 172.21.15.88:0/1746973475 shutdown_connections
2024-04-27T04:09:25.130 INFO:teuthology.orchestra.run.smithi088.stdout:/usr/bin/ceph: stderr
2024-04-27T04:09:24.168+0000 7ff336f26700 1 --2- 172.21.15.88:0/1746973475 >> [v2:172.21.15.88:3300/0,v1:172.21.15.88:6789/0] conn(0x7ff330102880 0x7ff330102c90 unknown :-1 s=CLOSED pgs=41 cs=0 l=1 rev1=1 crypto rx=0 tx=0 comp rx=0 tx=0).stop
2024-04-27T04:09:25.130 INFO:teuthology.orchestra.run.smithi088.stdout:/usr/bin/ceph: stderr
2024-04-27T04:09:24.168+0000 7ff336f26700 1 -- 172.21.15.88:0/1746973475 >> 172.21.15.88:0/1746973475 conn(0x7ff3300fe060 msgr2=0x7ff330100470 unknown :-1 s=STATE_NONE l=0).mark_down
2024-04-27T04:09:25.130 INFO:teuthology.orchestra.run.smithi088.stdout:/usr/bin/ceph: stderr
2024-04-27T04:09:24.169+0000 7ff336f26700 1 -- 172.21.15.88:0/1746973475 shutdown_connections
2024-04-27T04:09:25.130 INFO:teuthology.orchestra.run.smithi088.stdout:/usr/bin/ceph: stderr
2024-04-27T04:09:24.169+0000 7ff336f26700 1 -- 172.21.15.88:0/1746973475 wait complete.
2024-04-27T04:09:25.130 INFO:teuthology.orchestra.run.smithi088.stdout:/usr/bin/ceph: stderr
2024-04-27T04:09:24.169+0000 7ff336f26700 1 Processor -- start
2024-04-27T04:09:25.130 INFO:teuthology.orchestra.run.smithi088.stdout:/usr/bin/ceph: stderr
2024-04-27T04:09:24.169+0000 7ff336f26700 1 -- start start
2024-04-27T04:09:25.131 INFO:teuthology.orchestra.run.smithi088.stdout:/usr/bin/ceph: stderr
2024-04-27T04:09:24.169+0000 7ff336f26700 1 --2- >> [v2:172.21.15.88:3300/0,v1:172.21.15.88:6789/0] conn(0x7ff330102880 0x7ff3301115f0 unknown :-1 s=NONE pgs=0 cs=0 l=1 rev1=0 crypto rx=0 tx=0 comp rx=0 tx=0).connect
2024-04-27T04:09:25.131 INFO:teuthology.orchestra.run.smithi088.stdout:/usr/bin/ceph: stderr
2024-04-27T04:09:24.169+0000 7ff336f26700 1 -- --> [v2:172.21.15.88:3300/0,v1:172.21.15.88:6789/0] -- mon_getmap magic: 0 v1 -- 0x7ff330111b30 con 0x7ff330102880
2024-04-27T04:09:25.131 INFO:teuthology.orchestra.run.smithi088.stdout:/usr/bin/ceph: stderr
2024-04-27T04:09:24.169+0000 7ff334cc2700 1 --2- >> [v2:172.21.15.88:3300/0,v1:172.21.15.88:6789/0] conn(0x7ff330102880 0x7ff3301115f0 unknown :-1 s=BANNER_CONNECTING pgs=0 cs=0 l=1 rev1=0 crypto rx=0 tx=0 comp rx=0 tx=0)._handle_peer_banner_payload supported=3 required=0
2024-04-27T04:09:25.131 INFO:teuthology.orchestra.run.smithi088.stdout:/usr/bin/ceph: stderr
2024-04-27T04:09:24.169+0000 7ff334cc2700 1 --2- >> [v2:172.21.15.88:3300/0,v1:172.21.15.88:6789/0] conn(0x7ff330102880 0x7ff3301115f0 unknown :-1 s=HELLO_CONNECTING pgs=0 cs=0 l=1 rev1=1 crypto rx=0 tx=0 comp rx=0 tx=0).handle_hello peer v2:172.21.15.88:3300/0 says I am v2:172.21.15.88:58056/0 (socket says 172.21.15.88:58056)
2024-04-27T04:09:25.131 INFO:teuthology.orchestra.run.smithi088.stdout:/usr/bin/ceph: stderr
2024-04-27T04:09:24.169+0000 7ff334cc2700 1 -- 172.21.15.88:0/1332905818 learned_addr learned my addr 172.21.15.88:0/1332905818 (peer_addr_for_me v2:172.21.15.88:0/0)
2024-04-27T04:09:25.131 INFO:teuthology.orchestra.run.smithi088.stdout:/usr/bin/ceph: stderr
2024-04-27T04:09:24.170+0000 7ff334cc2700 1 -- 172.21.15.88:0/1332905818 --> [v2:172.21.15.88:3300/0,v1:172.21.15.88:6789/0] -- mon_subscribe({config=0+,monmap=0+}) v3 -- 0x7ff3240094f0 con 0x7ff330102880
2024-04-27T04:09:25.131 INFO:teuthology.orchestra.run.smithi088.stdout:/usr/bin/ceph: stderr
2024-04-27T04:09:24.170+0000 7ff334cc2700 1 --2- 172.21.15.88:0/1332905818 >> [v2:172.21.15.88:3300/0,v1:172.21.15.88:6789/0] conn(0x7ff330102880 0x7ff3301115f0 secure :-1 s=READY pgs=42 cs=0 l=1 rev1=1 crypto rx=0x7ff32400b440 tx=0x7ff324009250 comp rx=0 tx=0).ready entity=mon.0 client_cookie=0 server_cookie=0 in_seq=0 out_seq=0
2024-04-27T04:09:25.131 INFO:teuthology.orchestra.run.smithi088.stdout:/usr/bin/ceph: stderr
2024-04-27T04:09:24.170+0000 7ff32d7fa700 1 -- 172.21.15.88:0/1332905818 <== mon.0 v2:172.21.15.88:3300/0 1 ==== mon_map magic: 0 v1 ==== 229+0+0 (secure 0 0 0) 0x7ff324010760 con 0x7ff330102880
2024-04-27T04:09:25.131 INFO:teuthology.orchestra.run.smithi088.stdout:/usr/bin/ceph: stderr
2024-04-27T04:09:24.170+0000 7ff336f26700 1 -- 172.21.15.88:0/1332905818 --> [v2:172.21.15.88:3300/0,v1:172.21.15.88:6789/0] -- mon_subscribe({mgrmap=0+}) v3 -- 0x7ff330111d30 con 0x7ff330102880
2024-04-27T04:09:25.131 INFO:teuthology.orchestra.run.smithi088.stdout:/usr/bin/ceph: stderr
2024-04-27T04:09:24.170+0000 7ff32d7fa700 1 -- 172.21.15.88:0/1332905818 <== mon.0 v2:172.21.15.88:3300/0 2 ==== config(27 keys) v1 ==== 1044+0+0 (secure 0 0 0) 0x7ff324010d50 con 0x7ff330102880
2024-04-27T04:09:25.131 INFO:teuthology.orchestra.run.smithi088.stdout:/usr/bin/ceph: stderr
2024-04-27T04:09:24.170+0000 7ff32d7fa700 1 -- 172.21.15.88:0/1332905818 <== mon.0 v2:172.21.15.88:3300/0 3 ==== mon_map magic: 0 v1 ==== 229+0+0 (secure 0 0 0) 0x7ff32401ae20 con 0x7ff330102880
2024-04-27T04:09:25.131 INFO:teuthology.orchestra.run.smithi088.stdout:/usr/bin/ceph: stderr
2024-04-27T04:09:24.170+0000 7ff336f26700 1 -- 172.21.15.88:0/1332905818 --> [v2:172.21.15.88:3300/0,v1:172.21.15.88:6789/0] -- mon_subscribe({osdmap=0}) v3 -- 0x7ff3301128a0 con 0x7ff330102880
2024-04-27T04:09:25.131 INFO:teuthology.orchestra.run.smithi088.stdout:/usr/bin/ceph: stderr
2024-04-27T04:09:24.171+0000 7ff32d7fa700 1 -- 172.21.15.88:0/1332905818 <== mon.0 v2:172.21.15.88:3300/0 4 ==== mgrmap(e 8) v1 ==== 43376+0+0 (secure 0 0 0) 0x7ff32402e440 con 0x7ff330102880
2024-04-27T04:09:25.131 INFO:teuthology.orchestra.run.smithi088.stdout:/usr/bin/ceph: stderr
2024-04-27T04:09:24.171+0000 7ff32d7fa700 1 --2- 172.21.15.88:0/1332905818 >> [v2:172.21.15.88:6800/3824892681,v1:172.21.15.88:6801/3824892681] conn(0x7ff320036830 0x7ff320038ce0 unknown :-1 s=NONE pgs=0 cs=0 l=1 rev1=0 crypto rx=0 tx=0 comp rx=0 tx=0).connect
2024-04-27T04:09:25.132 INFO:teuthology.orchestra.run.smithi088.stdout:/usr/bin/ceph: stderr
2024-04-27T04:09:24.171+0000 7ff32d7fa700 1 -- 172.21.15.88:0/1332905818 <== mon.0 v2:172.21.15.88:3300/0 5 ==== osd_map(2..2 src has 1..2) v4 ==== 936+0+0 (secure 0 0 0) 0x7ff32404a5d0 con 0x7ff330102880
2024-04-27T04:09:25.132 INFO:teuthology.orchestra.run.smithi088.stdout:/usr/bin/ceph: stderr
2024-04-27T04:09:24.171+0000 7ff336f26700 1 -- 172.21.15.88:0/1332905818 --> [v2:172.21.15.88:3300/0,v1:172.21.15.88:6789/0] -- mon_command({"prefix": "get_command_descriptions"} v 0) v1 -- 0x7ff33005f5c0 con 0x7ff330102880
2024-04-27T04:09:25.132 INFO:teuthology.orchestra.run.smithi088.stdout:/usr/bin/ceph: stderr
2024-04-27T04:09:24.171+0000 7ff32ffff700 1 --2- 172.21.15.88:0/1332905818 >> [v2:172.21.15.88:6800/3824892681,v1:172.21.15.88:6801/3824892681] conn(0x7ff320036830 0x7ff320038ce0 unknown :-1 s=BANNER_CONNECTING pgs=0 cs=0 l=1 rev1=0 crypto rx=0 tx=0 comp rx=0 tx=0)._handle_peer_banner_payload supported=3 required=0
2024-04-27T04:09:25.132 INFO:teuthology.orchestra.run.smithi088.stdout:/usr/bin/ceph: stderr
2024-04-27T04:09:24.172+0000 7ff32ffff700 1 --2- 172.21.15.88:0/1332905818 >> [v2:172.21.15.88:6800/3824892681,v1:172.21.15.88:6801/3824892681] conn(0x7ff320036830 0x7ff320038ce0 secure :-1 s=READY pgs=9 cs=0 l=1 rev1=1 crypto rx=0x7ff31c009990 tx=0x7ff31c006e40 comp rx=0 tx=0).ready entity=mgr.14120 client_cookie=0 server_cookie=0 in_seq=0 out_seq=0
2024-04-27T04:09:25.132 INFO:teuthology.orchestra.run.smithi088.stdout:/usr/bin/ceph: stderr
2024-04-27T04:09:24.176+0000 7ff32d7fa700 1 -- 172.21.15.88:0/1332905818 <== mon.0 v2:172.21.15.88:3300/0 6 ==== mon_command_ack([{"prefix": "get_command_descriptions"}]=0 v0) v1 ==== 72+0+176702 (secure 0 0 0) 0x7ff324018940 con 0x7ff330102880
2024-04-27T04:09:25.132 INFO:teuthology.orchestra.run.smithi088.stdout:/usr/bin/ceph: stderr
2024-04-27T04:09:24.361+0000 7ff336f26700 1 -- 172.21.15.88:0/1332905818 --> [v2:172.21.15.88:6800/3824892681,v1:172.21.15.88:6801/3824892681] -- mgr_command(tid 0: {"prefix": "cephadm generate-key", "target": ["mon-mgr", ""]}) v1 -- 0x7ff3300ff200 con 0x7ff320036830
2024-04-27T04:09:25.132 INFO:teuthology.orchestra.run.smithi088.stdout:/usr/bin/ceph: stderr
2024-04-27T04:09:24.542+0000 7ff32d7fa700 1 -- 172.21.15.88:0/1332905818 <== mgr.14120 v2:172.21.15.88:6800/3824892681 1 ==== mgr_command_reply(tid 0: 0 ) v1 ==== 8+0+0 (secure 0 0 0) 0x7ff3300ff200 con 0x7ff320036830
2024-04-27T04:09:25.132 INFO:teuthology.orchestra.run.smithi088.stdout:/usr/bin/ceph: stderr
2024-04-27T04:09:24.544+0000 7ff336f26700 1 -- 172.21.15.88:0/1332905818 >> [v2:172.21.15.88:6800/3824892681,v1:172.21.15.88:6801/3824892681] conn(0x7ff320036830 msgr2=0x7ff320038ce0 secure :-1 s=STATE_CONNECTION_ESTABLISHED l=1).mark_down
2024-04-27T04:09:25.132 INFO:teuthology.orchestra.run.smithi088.stdout:/usr/bin/ceph: stderr
2024-04-27T04:09:24.544+0000 7ff336f26700 1 --2- 172.21.15.88:0/1332905818 >> [v2:172.21.15.88:6800/3824892681,v1:172.21.15.88:6801/3824892681] conn(0x7ff320036830 0x7ff320038ce0 secure :-1 s=READY pgs=9 cs=0 l=1 rev1=1 crypto rx=0x7ff31c009990 tx=0x7ff31c006e40 comp rx=0 tx=0).stop
2024-04-27T04:09:25.132 INFO:teuthology.orchestra.run.smithi088.stdout:/usr/bin/ceph: stderr
2024-04-27T04:09:24.544+0000 7ff336f26700 1 -- 172.21.15.88:0/1332905818 >> [v2:172.21.15.88:3300/0,v1:172.21.15.88:6789/0] conn(0x7ff330102880 msgr2=0x7ff3301115f0 secure :-1 s=STATE_CONNECTION_ESTABLISHED l=1).mark_down
2024-04-27T04:09:25.132 INFO:teuthology.orchestra.run.smithi088.stdout:/usr/bin/ceph: stderr
2024-04-27T04:09:24.544+0000 7ff336f26700 1 --2- 172.21.15.88:0/1332905818 >> [v2:172.21.15.88:3300/0,v1:172.21.15.88:6789/0] conn(0x7ff330102880 0x7ff3301115f0 secure :-1 s=READY pgs=42 cs=0 l=1 rev1=1 crypto rx=0x7ff32400b440 tx=0x7ff324009250 comp rx=0 tx=0).stop
2024-04-27T04:09:25.132 INFO:teuthology.orchestra.run.smithi088.stdout:/usr/bin/ceph: stderr
2024-04-27T04:09:24.544+0000 7ff336f26700 1 -- 172.21.15.88:0/1332905818 shutdown_connections
2024-04-27T04:09:25.132 INFO:teuthology.orchestra.run.smithi088.stdout:/usr/bin/ceph: stderr
2024-04-27T04:09:24.544+0000 7ff336f26700 1 --2- 172.21.15.88:0/1332905818 >> [v2:172.21.15.88:6800/3824892681,v1:172.21.15.88:6801/3824892681] conn(0x7ff320036830 0x7ff320038ce0 unknown :-1 s=CLOSED pgs=9 cs=0 l=1 rev1=1 crypto rx=0 tx=0 comp rx=0 tx=0).stop
2024-04-27T04:09:25.132 INFO:teuthology.orchestra.run.smithi088.stdout:/usr/bin/ceph: stderr
2024-04-27T04:09:24.544+0000 7ff336f26700 1 --2- 172.21.15.88:0/1332905818 >> [v2:172.21.15.88:3300/0,v1:172.21.15.88:6789/0] conn(0x7ff330102880 0x7ff3301115f0 unknown :-1 s=CLOSED pgs=42 cs=0 l=1 rev1=1 crypto rx=0 tx=0 comp rx=0 tx=0).stop
2024-04-27T04:09:25.133 INFO:teuthology.orchestra.run.smithi088.stdout:/usr/bin/ceph: stderr
2024-04-27T04:09:24.544+0000 7ff336f26700 1 -- 172.21.15.88:0/1332905818 >> 172.21.15.88:0/1332905818 conn(0x7ff3300fe060 msgr2=0x7ff3300feaf0 unknown :-1 s=STATE_NONE l=0).mark_down
2024-04-27T04:09:25.133 INFO:teuthology.orchestra.run.smithi088.stdout:/usr/bin/ceph: stderr
2024-04-27T04:09:24.544+0000 7ff336f26700 1 -- 172.21.15.88:0/1332905818 shutdown_connections
2024-04-27T04:09:25.133 INFO:teuthology.orchestra.run.smithi088.stdout:/usr/bin/ceph: stderr
2024-04-27T04:09:24.545+0000 7ff336f26700 1 -- 172.21.15.88:0/1332905818 wait complete.
2024-04-27T04:09:25.822 INFO:journalctl@ceph.mon.smithi088.smithi088.stdout:Apr 27 04:09:25 smithi088 ceph-mon[26585]: from='client.14136 -' entity='client.admin' cmd=[{"prefix": "cephadm generate-key", "target": ["mon-mgr", ""]}]: dispatch
2024-04-27T04:09:25.823 INFO:journalctl@ceph.mon.smithi088.smithi088.stdout:Apr 27 04:09:25 smithi088 ceph-mon[26585]: Generating ssh key...
2024-04-27T04:09:25.823 INFO:journalctl@ceph.mon.smithi088.smithi088.stdout:Apr 27 04:09:25 smithi088 ceph-mon[26585]: from='mgr.14120 172.21.15.88:0/1110810917' entity='mgr.smithi088.qlwwsq'
2024-04-27T04:09:25.823 INFO:journalctl@ceph.mon.smithi088.smithi088.stdout:Apr 27 04:09:25 smithi088 ceph-mon[26585]: from='mgr.14120 172.21.15.88:0/1110810917' entity='mgr.smithi088.qlwwsq'
2024-04-27T04:09:26.371 INFO:teuthology.orchestra.run.smithi088.stdout:/usr/bin/ceph: stdout ssh-rsa AAAAB3NzaC1yc2EAAAADAQABAAABgQC+zTeFDiuNdFkj2vplSjC4x7240Ecy1vxp5Gz2jdosDfaaHqCfdxAgxnXInPh8iMw/F2PQ/Bsgs1NLcsIh2eRCGeMCsiUfUY6G5MY8xBEAwzMfReR78Mdvh1PtIPXam7UlZdozXXCDdl8MtSnInsGKu16TOoF+t1TTpml6XGqJXyBj+9StUHFqW6INTYteb/fjxvgPCzxhMUvDq+4op3V9ejOqkuMKWdSZW5P8yAH7ezC7NYvF9mL94FEPHsTHQ94nTPW1conQu/cP54iFxhC7/QVrdZeqhjdweBamUjTnKU7PKkBFScMqMuvovZ2mpUa/EKc9YvSeJMP8XgMLluF29K+wwd8UJeSMym6MuHZ/eYFjTQEL0fk/yLU5hzYFSA0qhmEjmDpLZvLvy0JuPp3fsYT2YS6i5MtQXm6xlH8tKDesbeaJuqyupnGKDl6wFy3Ipboq6FWddJFLWANMbXdo7Z6ZfQHmej/U3NRSaxKypQWsQMNUOBdzHuJAV6Pcz+0= ceph-a16a5f90-044b-11ef-bc93-c7b262605968
2024-04-27T04:09:26.372 INFO:teuthology.orchestra.run.smithi088.stdout:/usr/bin/ceph: stderr
2024-04-27T04:09:25.544+0000 7f2a9a657700 1 Processor -- start
2024-04-27T04:09:26.372 INFO:teuthology.orchestra.run.smithi088.stdout:/usr/bin/ceph: stderr
2024-04-27T04:09:25.544+0000 7f2a9a657700 1 -- start start
2024-04-27T04:09:26.372 INFO:teuthology.orchestra.run.smithi088.stdout:/usr/bin/ceph: stderr
2024-04-27T04:09:25.545+0000 7f2a9a657700 1 --2- >> [v2:172.21.15.88:3300/0,v1:172.21.15.88:6789/0] conn(0x7f2a94102880 0x7f2a94102c90 unknown :-1 s=NONE pgs=0 cs=0 l=0 rev1=0 crypto rx=0 tx=0 comp rx=0 tx=0).connect
2024-04-27T04:09:26.372 INFO:teuthology.orchestra.run.smithi088.stdout:/usr/bin/ceph: stderr
2024-04-27T04:09:25.545+0000 7f2a9a657700 1 -- --> [v2:172.21.15.88:3300/0,v1:172.21.15.88:6789/0] -- mon_getmap magic: 0 v1 -- 0x7f2a941031d0 con 0x7f2a94102880
2024-04-27T04:09:26.372 INFO:teuthology.orchestra.run.smithi088.stdout:/usr/bin/ceph: stderr
2024-04-27T04:09:25.545+0000 7f2a93fff700 1 --2- >> [v2:172.21.15.88:3300/0,v1:172.21.15.88:6789/0] conn(0x7f2a94102880 0x7f2a94102c90 unknown :-1 s=BANNER_CONNECTING pgs=0 cs=0 l=0 rev1=0 crypto rx=0 tx=0 comp rx=0 tx=0)._handle_peer_banner_payload supported=3 required=0
2024-04-27T04:09:26.372 INFO:teuthology.orchestra.run.smithi088.stdout:/usr/bin/ceph: stderr
2024-04-27T04:09:25.545+0000 7f2a93fff700 1 --2- >> [v2:172.21.15.88:3300/0,v1:172.21.15.88:6789/0] conn(0x7f2a94102880 0x7f2a94102c90 unknown :-1 s=HELLO_CONNECTING pgs=0 cs=0 l=0 rev1=1 crypto rx=0 tx=0 comp rx=0 tx=0).handle_hello peer v2:172.21.15.88:3300/0 says I am v2:172.21.15.88:58058/0 (socket says 172.21.15.88:58058)
2024-04-27T04:09:26.372 INFO:teuthology.orchestra.run.smithi088.stdout:/usr/bin/ceph: stderr
2024-04-27T04:09:25.545+0000 7f2a93fff700 1 -- 172.21.15.88:0/1281880462 learned_addr learned my addr 172.21.15.88:0/1281880462 (peer_addr_for_me v2:172.21.15.88:0/0)
2024-04-27T04:09:26.372 INFO:teuthology.orchestra.run.smithi088.stdout:/usr/bin/ceph: stderr
2024-04-27T04:09:25.545+0000 7f2a93fff700 1 -- 172.21.15.88:0/1281880462 --> [v2:172.21.15.88:3300/0,v1:172.21.15.88:6789/0] -- mon_subscribe({config=0+,monmap=0+}) v3 -- 0x7f2a94103310 con 0x7f2a94102880
2024-04-27T04:09:26.372 INFO:teuthology.orchestra.run.smithi088.stdout:/usr/bin/ceph: stderr
2024-04-27T04:09:25.545+0000 7f2a93fff700 1 --2- 172.21.15.88:0/1281880462 >> [v2:172.21.15.88:3300/0,v1:172.21.15.88:6789/0] conn(0x7f2a94102880 0x7f2a94102c90 secure :-1 s=READY pgs=43 cs=0 l=1 rev1=1 crypto rx=0x7f2a840098e0 tx=0x7f2a84009250 comp rx=0 tx=0).ready entity=mon.0 client_cookie=227f616627aa002b server_cookie=0 in_seq=0 out_seq=0
2024-04-27T04:09:26.372 INFO:teuthology.orchestra.run.smithi088.stdout:/usr/bin/ceph: stderr
2024-04-27T04:09:25.545+0000 7f2a92ffd700 1 -- 172.21.15.88:0/1281880462 <== mon.0 v2:172.21.15.88:3300/0 1 ==== mon_map magic: 0 v1 ==== 229+0+0 (secure 0 0 0) 0x7f2a8400b860 con 0x7f2a94102880
2024-04-27T04:09:26.372 INFO:teuthology.orchestra.run.smithi088.stdout:/usr/bin/ceph: stderr
2024-04-27T04:09:25.545+0000 7f2a92ffd700 1 -- 172.21.15.88:0/1281880462 <== mon.0 v2:172.21.15.88:3300/0 2 ==== config(27 keys) v1 ==== 1044+0+0 (secure 0 0 0) 0x7f2a8400be50 con 0x7f2a94102880
2024-04-27T04:09:26.373 INFO:teuthology.orchestra.run.smithi088.stdout:/usr/bin/ceph: stderr
2024-04-27T04:09:25.545+0000 7f2a92ffd700 1 -- 172.21.15.88:0/1281880462 <== mon.0 v2:172.21.15.88:3300/0 3 ==== mon_map magic: 0 v1 ==== 229+0+0 (secure 0 0 0) 0x7f2a84010380 con 0x7f2a94102880
2024-04-27T04:09:26.373 INFO:teuthology.orchestra.run.smithi088.stdout:/usr/bin/ceph: stderr
2024-04-27T04:09:25.546+0000 7f2a9a657700 1 -- 172.21.15.88:0/1281880462 >> [v2:172.21.15.88:3300/0,v1:172.21.15.88:6789/0] conn(0x7f2a94102880 msgr2=0x7f2a94102c90 secure :-1 s=STATE_CONNECTION_ESTABLISHED l=1).mark_down
2024-04-27T04:09:26.373 INFO:teuthology.orchestra.run.smithi088.stdout:/usr/bin/ceph: stderr
2024-04-27T04:09:25.546+0000 7f2a9a657700 1 --2- 172.21.15.88:0/1281880462 >> [v2:172.21.15.88:3300/0,v1:172.21.15.88:6789/0] conn(0x7f2a94102880 0x7f2a94102c90 secure :-1 s=READY pgs=43 cs=0 l=1 rev1=1 crypto rx=0x7f2a840098e0 tx=0x7f2a84009250 comp rx=0 tx=0).stop
2024-04-27T04:09:26.373 INFO:teuthology.orchestra.run.smithi088.stdout:/usr/bin/ceph: stderr
2024-04-27T04:09:25.546+0000 7f2a9a657700 1 -- 172.21.15.88:0/1281880462 shutdown_connections
2024-04-27T04:09:26.373 INFO:teuthology.orchestra.run.smithi088.stdout:/usr/bin/ceph: stderr
2024-04-27T04:09:25.546+0000 7f2a9a657700 1 --2- 172.21.15.88:0/1281880462 >> [v2:172.21.15.88:3300/0,v1:172.21.15.88:6789/0] conn(0x7f2a94102880 0x7f2a94102c90 unknown :-1 s=CLOSED pgs=43 cs=0 l=1 rev1=1 crypto rx=0 tx=0 comp rx=0 tx=0).stop
2024-04-27T04:09:26.373 INFO:teuthology.orchestra.run.smithi088.stdout:/usr/bin/ceph: stderr
2024-04-27T04:09:25.546+0000 7f2a9a657700 1 -- 172.21.15.88:0/1281880462 >> 172.21.15.88:0/1281880462 conn(0x7f2a940fe060 msgr2=0x7f2a94100470 unknown :-1 s=STATE_NONE l=0).mark_down
2024-04-27T04:09:26.373 INFO:teuthology.orchestra.run.smithi088.stdout:/usr/bin/ceph: stderr
2024-04-27T04:09:25.546+0000 7f2a9a657700 1 -- 172.21.15.88:0/1281880462 shutdown_connections
2024-04-27T04:09:26.373 INFO:teuthology.orchestra.run.smithi088.stdout:/usr/bin/ceph: stderr
2024-04-27T04:09:25.546+0000 7f2a9a657700 1 -- 172.21.15.88:0/1281880462 wait complete.
2024-04-27T04:09:26.373 INFO:teuthology.orchestra.run.smithi088.stdout:/usr/bin/ceph: stderr
2024-04-27T04:09:25.546+0000 7f2a9a657700 1 Processor -- start
2024-04-27T04:09:26.373 INFO:teuthology.orchestra.run.smithi088.stdout:/usr/bin/ceph: stderr
2024-04-27T04:09:25.547+0000 7f2a9a657700 1 -- start start
2024-04-27T04:09:26.373 INFO:teuthology.orchestra.run.smithi088.stdout:/usr/bin/ceph: stderr
2024-04-27T04:09:25.547+0000 7f2a9a657700 1 --2- >> [v2:172.21.15.88:3300/0,v1:172.21.15.88:6789/0] conn(0x7f2a94102880 0x7f2a941115f0 unknown :-1 s=NONE pgs=0 cs=0 l=1 rev1=0 crypto rx=0 tx=0 comp rx=0 tx=0).connect
2024-04-27T04:09:26.373 INFO:teuthology.orchestra.run.smithi088.stdout:/usr/bin/ceph: stderr
2024-04-27T04:09:25.547+0000 7f2a9a657700 1 -- --> [v2:172.21.15.88:3300/0,v1:172.21.15.88:6789/0] -- mon_getmap magic: 0 v1 -- 0x7f2a94111b30 con 0x7f2a94102880
2024-04-27T04:09:26.373 INFO:teuthology.orchestra.run.smithi088.stdout:/usr/bin/ceph: stderr
2024-04-27T04:09:25.547+0000 7f2a93fff700 1 --2- >> [v2:172.21.15.88:3300/0,v1:172.21.15.88:6789/0] conn(0x7f2a94102880 0x7f2a941115f0 unknown :-1 s=BANNER_CONNECTING pgs=0 cs=0 l=1 rev1=0 crypto rx=0 tx=0 comp rx=0 tx=0)._handle_peer_banner_payload supported=3 required=0
2024-04-27T04:09:26.373 INFO:teuthology.orchestra.run.smithi088.stdout:/usr/bin/ceph: stderr
2024-04-27T04:09:25.547+0000 7f2a93fff700 1 --2- >> [v2:172.21.15.88:3300/0,v1:172.21.15.88:6789/0] conn(0x7f2a94102880 0x7f2a941115f0 unknown :-1 s=HELLO_CONNECTING pgs=0 cs=0 l=1 rev1=1 crypto rx=0 tx=0 comp rx=0 tx=0).handle_hello peer v2:172.21.15.88:3300/0 says I am v2:172.21.15.88:58064/0 (socket says 172.21.15.88:58064)
2024-04-27T04:09:26.374 INFO:teuthology.orchestra.run.smithi088.stdout:/usr/bin/ceph: stderr
2024-04-27T04:09:25.547+0000 7f2a93fff700 1 -- 172.21.15.88:0/2311799329 learned_addr learned my addr 172.21.15.88:0/2311799329 (peer_addr_for_me v2:172.21.15.88:0/0)
2024-04-27T04:09:26.374 INFO:teuthology.orchestra.run.smithi088.stdout:/usr/bin/ceph: stderr
2024-04-27T04:09:25.547+0000 7f2a93fff700 1 -- 172.21.15.88:0/2311799329 --> [v2:172.21.15.88:3300/0,v1:172.21.15.88:6789/0] -- mon_subscribe({config=0+,monmap=0+}) v3 -- 0x7f2a840094f0 con 0x7f2a94102880
2024-04-27T04:09:26.374 INFO:teuthology.orchestra.run.smithi088.stdout:/usr/bin/ceph: stderr
2024-04-27T04:09:25.547+0000 7f2a93fff700 1 --2- 172.21.15.88:0/2311799329 >> [v2:172.21.15.88:3300/0,v1:172.21.15.88:6789/0] conn(0x7f2a94102880 0x7f2a941115f0 secure :-1 s=READY pgs=44 cs=0 l=1 rev1=1 crypto rx=0x7f2a84000c00 tx=0x7f2a84009250 comp rx=0 tx=0).ready entity=mon.0 client_cookie=0 server_cookie=0 in_seq=0 out_seq=0
2024-04-27T04:09:26.374 INFO:teuthology.orchestra.run.smithi088.stdout:/usr/bin/ceph: stderr
2024-04-27T04:09:25.547+0000 7f2a90ff9700 1 -- 172.21.15.88:0/2311799329 <== mon.0 v2:172.21.15.88:3300/0 1 ==== mon_map magic: 0 v1 ==== 229+0+0 (secure 0 0 0) 0x7f2a840107c0 con 0x7f2a94102880
2024-04-27T04:09:26.374 INFO:teuthology.orchestra.run.smithi088.stdout:/usr/bin/ceph: stderr
2024-04-27T04:09:25.548+0000 7f2a9a657700 1 -- 172.21.15.88:0/2311799329 --> [v2:172.21.15.88:3300/0,v1:172.21.15.88:6789/0] -- mon_subscribe({mgrmap=0+}) v3 -- 0x7f2a94111d30 con 0x7f2a94102880
2024-04-27T04:09:26.374 INFO:teuthology.orchestra.run.smithi088.stdout:/usr/bin/ceph: stderr
2024-04-27T04:09:25.548+0000 7f2a90ff9700 1 -- 172.21.15.88:0/2311799329 <== mon.0 v2:172.21.15.88:3300/0 2 ==== config(27 keys) v1 ==== 1044+0+0 (secure 0 0 0) 0x7f2a84010db0 con 0x7f2a94102880
2024-04-27T04:09:26.374 INFO:teuthology.orchestra.run.smithi088.stdout:/usr/bin/ceph: stderr
2024-04-27T04:09:25.548+0000 7f2a90ff9700 1 -- 172.21.15.88:0/2311799329 <== mon.0 v2:172.21.15.88:3300/0 3 ==== mon_map magic: 0 v1 ==== 229+0+0 (secure 0 0 0) 0x7f2a8401ad00 con 0x7f2a94102880
2024-04-27T04:09:26.374 INFO:teuthology.orchestra.run.smithi088.stdout:/usr/bin/ceph: stderr
2024-04-27T04:09:25.548+0000 7f2a9a657700 1 -- 172.21.15.88:0/2311799329 --> [v2:172.21.15.88:3300/0,v1:172.21.15.88:6789/0] -- mon_subscribe({osdmap=0}) v3 -- 0x7f2a941128a0 con 0x7f2a94102880
2024-04-27T04:09:26.374 INFO:teuthology.orchestra.run.smithi088.stdout:/usr/bin/ceph: stderr
2024-04-27T04:09:25.548+0000 7f2a90ff9700 1 -- 172.21.15.88:0/2311799329 <== mon.0 v2:172.21.15.88:3300/0 4 ==== mgrmap(e 8) v1 ==== 43376+0+0 (secure 0 0 0) 0x7f2a840193c0 con 0x7f2a94102880
2024-04-27T04:09:26.374 INFO:teuthology.orchestra.run.smithi088.stdout:/usr/bin/ceph: stderr
2024-04-27T04:09:25.548+0000 7f2a90ff9700 1 --2- 172.21.15.88:0/2311799329 >> [v2:172.21.15.88:6800/3824892681,v1:172.21.15.88:6801/3824892681] conn(0x7f2a7c036850 0x7f2a7c038d00 unknown :-1 s=NONE pgs=0 cs=0 l=1 rev1=0 crypto rx=0 tx=0 comp rx=0 tx=0).connect
2024-04-27T04:09:26.374 INFO:teuthology.orchestra.run.smithi088.stdout:/usr/bin/ceph: stderr
2024-04-27T04:09:25.548+0000 7f2a9a657700 1 -- 172.21.15.88:0/2311799329 --> [v2:172.21.15.88:3300/0,v1:172.21.15.88:6789/0] -- mon_command({"prefix": "get_command_descriptions"} v 0) v1 -- 0x7f2a9405f5c0 con 0x7f2a94102880
2024-04-27T04:09:26.374 INFO:teuthology.orchestra.run.smithi088.stdout:/usr/bin/ceph: stderr
2024-04-27T04:09:25.548+0000 7f2a90ff9700 1 -- 172.21.15.88:0/2311799329 <== mon.0 v2:172.21.15.88:3300/0 5 ==== osd_map(2..2 src has 1..2) v4 ==== 936+0+0 (secure 0 0 0) 0x7f2a8404a670 con 0x7f2a94102880
2024-04-27T04:09:26.374 INFO:teuthology.orchestra.run.smithi088.stdout:/usr/bin/ceph: stderr
2024-04-27T04:09:25.549+0000 7f2a937fe700 1 --2- 172.21.15.88:0/2311799329 >> [v2:172.21.15.88:6800/3824892681,v1:172.21.15.88:6801/3824892681] conn(0x7f2a7c036850 0x7f2a7c038d00 unknown :-1 s=BANNER_CONNECTING pgs=0 cs=0 l=1 rev1=0 crypto rx=0 tx=0 comp rx=0 tx=0)._handle_peer_banner_payload supported=3 required=0
2024-04-27T04:09:26.375 INFO:teuthology.orchestra.run.smithi088.stdout:/usr/bin/ceph: stderr
2024-04-27T04:09:25.549+0000 7f2a937fe700 1 --2- 172.21.15.88:0/2311799329 >> [v2:172.21.15.88:6800/3824892681,v1:172.21.15.88:6801/3824892681] conn(0x7f2a7c036850 0x7f2a7c038d00 secure :-1 s=READY pgs=10 cs=0 l=1 rev1=1 crypto rx=0x7f2a88009990 tx=0x7f2a88006e40 comp rx=0 tx=0).ready entity=mgr.14120 client_cookie=0 server_cookie=0 in_seq=0 out_seq=0
2024-04-27T04:09:26.375 INFO:teuthology.orchestra.run.smithi088.stdout:/usr/bin/ceph: stderr
2024-04-27T04:09:25.553+0000 7f2a90ff9700 1 -- 172.21.15.88:0/2311799329 <== mon.0 v2:172.21.15.88:3300/0 6 ==== mon_command_ack([{"prefix": "get_command_descriptions"}]=0 v0) v1 ==== 72+0+176702 (secure 0 0 0) 0x7f2a840196c0 con 0x7f2a94102880
