2024-05-11T15:57:44.371+0000 7fee08c49700 1 -- 172.21.15.107:0/515374217 <== mon.0 v2:172.21.15.107:3300/0 1 ==== mon_map magic: 0 v1 ==== 229+0+0 (secure 0 0 0) 0x7fee00004180 con 0x7fee04106e20
2024-05-11T15:57:45.239 INFO:teuthology.orchestra.run.smithi107.stdout:/usr/bin/ceph: stderr
2024-05-11T15:57:44.371+0000 7fee08c49700 1 -- 172.21.15.107:0/515374217 <== mon.0 v2:172.21.15.107:3300/0 2 ==== config(26 keys) v1 ==== 1066+0+0 (secure 0 0 0) 0x7fee000042e0 con 0x7fee04106e20
2024-05-11T15:57:45.239 INFO:teuthology.orchestra.run.smithi107.stdout:/usr/bin/ceph: stderr
2024-05-11T15:57:44.371+0000 7fee08c49700 1 -- 172.21.15.107:0/515374217 <== mon.0 v2:172.21.15.107:3300/0 3 ==== mon_map magic: 0 v1 ==== 229+0+0 (secure 0 0 0) 0x7fee00011a30 con 0x7fee04106e20
2024-05-11T15:57:45.240 INFO:teuthology.orchestra.run.smithi107.stdout:/usr/bin/ceph: stderr
2024-05-11T15:57:44.371+0000 7fee0beaf700 1 -- 172.21.15.107:0/515374217 >> [v2:172.21.15.107:3300/0,v1:172.21.15.107:6789/0] conn(0x7fee04106e20 msgr2=0x7fee04109210 secure :-1 s=STATE_CONNECTION_ESTABLISHED l=1).mark_down
2024-05-11T15:57:45.240 INFO:teuthology.orchestra.run.smithi107.stdout:/usr/bin/ceph: stderr
2024-05-11T15:57:44.371+0000 7fee0beaf700 1 --2- 172.21.15.107:0/515374217 >> [v2:172.21.15.107:3300/0,v1:172.21.15.107:6789/0] conn(0x7fee04106e20 0x7fee04109210 secure :-1 s=READY pgs=86 cs=0 l=1 rev1=1 crypto rx=0x7fee000098a0 tx=0x7fee00009bb0 comp rx=0 tx=0).stop
2024-05-11T15:57:45.240 INFO:teuthology.orchestra.run.smithi107.stdout:/usr/bin/ceph: stderr
2024-05-11T15:57:44.371+0000 7fee0beaf700 1 -- 172.21.15.107:0/515374217 shutdown_connections
2024-05-11T15:57:45.240 INFO:teuthology.orchestra.run.smithi107.stdout:/usr/bin/ceph: stderr
2024-05-11T15:57:44.371+0000 7fee0beaf700 1 --2- 172.21.15.107:0/515374217 >> [v2:172.21.15.107:3300/0,v1:172.21.15.107:6789/0] conn(0x7fee04106e20 0x7fee04109210 unknown :-1 s=CLOSED pgs=86 cs=0 l=1 rev1=1 crypto rx=0 tx=0 comp rx=0 tx=0).stop
2024-05-11T15:57:45.240 INFO:teuthology.orchestra.run.smithi107.stdout:/usr/bin/ceph: stderr
2024-05-11T15:57:44.371+0000 7fee0beaf700 1 -- 172.21.15.107:0/515374217 >> 172.21.15.107:0/515374217 conn(0x7fee041007d0 msgr2=0x7fee04102c10 unknown :-1 s=STATE_NONE l=0).mark_down
2024-05-11T15:57:45.240 INFO:teuthology.orchestra.run.smithi107.stdout:/usr/bin/ceph: stderr
2024-05-11T15:57:44.372+0000 7fee0beaf700 1 -- 172.21.15.107:0/515374217 shutdown_connections
2024-05-11T15:57:45.240 INFO:teuthology.orchestra.run.smithi107.stdout:/usr/bin/ceph: stderr
2024-05-11T15:57:44.372+0000 7fee0beaf700 1 -- 172.21.15.107:0/515374217 wait complete.
2024-05-11T15:57:45.240 INFO:teuthology.orchestra.run.smithi107.stdout:/usr/bin/ceph: stderr
2024-05-11T15:57:44.372+0000 7fee0beaf700 1 Processor -- start
2024-05-11T15:57:45.240 INFO:teuthology.orchestra.run.smithi107.stdout:/usr/bin/ceph: stderr
2024-05-11T15:57:44.372+0000 7fee0beaf700 1 -- start start
2024-05-11T15:57:45.240 INFO:teuthology.orchestra.run.smithi107.stdout:/usr/bin/ceph: stderr
2024-05-11T15:57:44.372+0000 7fee0beaf700 1 --2- >> [v2:172.21.15.107:3300/0,v1:172.21.15.107:6789/0] conn(0x7fee04106e20 0x7fee04199ff0 unknown :-1 s=NONE pgs=0 cs=0 l=1 rev1=0 crypto rx=0 tx=0 comp rx=0 tx=0).connect
2024-05-11T15:57:45.240 INFO:teuthology.orchestra.run.smithi107.stdout:/usr/bin/ceph: stderr
2024-05-11T15:57:44.372+0000 7fee0beaf700 1 -- --> [v2:172.21.15.107:3300/0,v1:172.21.15.107:6789/0] -- mon_getmap magic: 0 v1 -- 0x7fee0419a530 con 0x7fee04106e20
2024-05-11T15:57:45.240 INFO:teuthology.orchestra.run.smithi107.stdout:/usr/bin/ceph: stderr
2024-05-11T15:57:44.372+0000 7fee09c4b700 1 --2- >> [v2:172.21.15.107:3300/0,v1:172.21.15.107:6789/0] conn(0x7fee04106e20 0x7fee04199ff0 unknown :-1 s=BANNER_CONNECTING pgs=0 cs=0 l=1 rev1=0 crypto rx=0 tx=0 comp rx=0 tx=0)._handle_peer_banner_payload supported=3 required=0
2024-05-11T15:57:45.240 INFO:teuthology.orchestra.run.smithi107.stdout:/usr/bin/ceph: stderr
2024-05-11T15:57:44.372+0000 7fee09c4b700 1 --2- >> [v2:172.21.15.107:3300/0,v1:172.21.15.107:6789/0] conn(0x7fee04106e20 0x7fee04199ff0 unknown :-1 s=HELLO_CONNECTING pgs=0 cs=0 l=1 rev1=1 crypto rx=0 tx=0 comp rx=0 tx=0).handle_hello peer v2:172.21.15.107:3300/0 says I am v2:172.21.15.107:56240/0 (socket says 172.21.15.107:56240)
2024-05-11T15:57:45.241 INFO:teuthology.orchestra.run.smithi107.stdout:/usr/bin/ceph: stderr
2024-05-11T15:57:44.372+0000 7fee09c4b700 1 -- 172.21.15.107:0/224352864 learned_addr learned my addr 172.21.15.107:0/224352864 (peer_addr_for_me v2:172.21.15.107:0/0)
2024-05-11T15:57:45.241 INFO:teuthology.orchestra.run.smithi107.stdout:/usr/bin/ceph: stderr
2024-05-11T15:57:44.373+0000 7fee09c4b700 1 -- 172.21.15.107:0/224352864 --> [v2:172.21.15.107:3300/0,v1:172.21.15.107:6789/0] -- mon_subscribe({config=0+,monmap=0+}) v3 -- 0x7fee00009550 con 0x7fee04106e20
2024-05-11T15:57:45.241 INFO:teuthology.orchestra.run.smithi107.stdout:/usr/bin/ceph: stderr
2024-05-11T15:57:44.373+0000 7fee09c4b700 1 --2- 172.21.15.107:0/224352864 >> [v2:172.21.15.107:3300/0,v1:172.21.15.107:6789/0] conn(0x7fee04106e20 0x7fee04199ff0 secure :-1 s=READY pgs=87 cs=0 l=1 rev1=1 crypto rx=0x7fee00011a00 tx=0x7fee00011ae0 comp rx=0 tx=0).ready entity=mon.0 client_cookie=0 server_cookie=0 in_seq=0 out_seq=0
2024-05-11T15:57:45.241 INFO:teuthology.orchestra.run.smithi107.stdout:/usr/bin/ceph: stderr
2024-05-11T15:57:44.374+0000 7fedfaffd700 1 -- 172.21.15.107:0/224352864 <== mon.0 v2:172.21.15.107:3300/0 1 ==== mon_map magic: 0 v1 ==== 229+0+0 (secure 0 0 0) 0x7fee00003bc0 con 0x7fee04106e20
2024-05-11T15:57:45.241 INFO:teuthology.orchestra.run.smithi107.stdout:/usr/bin/ceph: stderr
2024-05-11T15:57:44.374+0000 7fee0beaf700 1 -- 172.21.15.107:0/224352864 --> [v2:172.21.15.107:3300/0,v1:172.21.15.107:6789/0] -- mon_subscribe({mgrmap=0+}) v3 -- 0x7fee0419a730 con 0x7fee04106e20
2024-05-11T15:57:45.241 INFO:teuthology.orchestra.run.smithi107.stdout:/usr/bin/ceph: stderr
2024-05-11T15:57:44.374+0000 7fedfaffd700 1 -- 172.21.15.107:0/224352864 <== mon.0 v2:172.21.15.107:3300/0 2 ==== config(26 keys) v1 ==== 1066+0+0 (secure 0 0 0) 0x7fee000248c0 con 0x7fee04106e20
2024-05-11T15:57:45.241 INFO:teuthology.orchestra.run.smithi107.stdout:/usr/bin/ceph: stderr
2024-05-11T15:57:44.374+0000 7fedfaffd700 1 -- 172.21.15.107:0/224352864 <== mon.0 v2:172.21.15.107:3300/0 3 ==== mon_map magic: 0 v1 ==== 229+0+0 (secure 0 0 0) 0x7fee0001a850 con 0x7fee04106e20
2024-05-11T15:57:45.241 INFO:teuthology.orchestra.run.smithi107.stdout:/usr/bin/ceph: stderr
2024-05-11T15:57:44.374+0000 7fee0beaf700 1 -- 172.21.15.107:0/224352864 --> [v2:172.21.15.107:3300/0,v1:172.21.15.107:6789/0] -- mon_subscribe({osdmap=0}) v3 -- 0x7fee0419ab50 con 0x7fee04106e20
2024-05-11T15:57:45.241 INFO:teuthology.orchestra.run.smithi107.stdout:/usr/bin/ceph: stderr
2024-05-11T15:57:44.375+0000 7fee0beaf700 1 -- 172.21.15.107:0/224352864 --> [v2:172.21.15.107:3300/0,v1:172.21.15.107:6789/0] -- mon_command({"prefix": "get_command_descriptions"} v 0) v1 -- 0x7fee040623c0 con 0x7fee04106e20
2024-05-11T15:57:45.241 INFO:teuthology.orchestra.run.smithi107.stdout:/usr/bin/ceph: stderr
2024-05-11T15:57:44.375+0000 7fedfaffd700 1 -- 172.21.15.107:0/224352864 <== mon.0 v2:172.21.15.107:3300/0 4 ==== mgrmap(e 13) v1 ==== 45340+0+0 (secure 0 0 0) 0x7fee00024a30 con 0x7fee04106e20
2024-05-11T15:57:45.241 INFO:teuthology.orchestra.run.smithi107.stdout:/usr/bin/ceph: stderr
2024-05-11T15:57:44.375+0000 7fedfaffd700 1 --2- 172.21.15.107:0/224352864 >> [v2:172.21.15.107:6800/4061833736,v1:172.21.15.107:6801/4061833736] conn(0x7fedf0038410 0x7fedf003a8d0 unknown :-1 s=NONE pgs=0 cs=0 l=1 rev1=0 crypto rx=0 tx=0 comp rx=0 tx=0).connect
2024-05-11T15:57:45.241 INFO:teuthology.orchestra.run.smithi107.stdout:/usr/bin/ceph: stderr
2024-05-11T15:57:44.375+0000 7fedfaffd700 1 -- 172.21.15.107:0/224352864 <== mon.0 v2:172.21.15.107:3300/0 5 ==== osd_map(3..3 src has 1..3) v4 ==== 1155+0+0 (secure 0 0 0) 0x7fee0004cbf0 con 0x7fee04106e20
2024-05-11T15:57:45.241 INFO:teuthology.orchestra.run.smithi107.stdout:/usr/bin/ceph: stderr
2024-05-11T15:57:44.375+0000 7fee0944a700 1 --2- 172.21.15.107:0/224352864 >> [v2:172.21.15.107:6800/4061833736,v1:172.21.15.107:6801/4061833736] conn(0x7fedf0038410 0x7fedf003a8d0 unknown :-1 s=BANNER_CONNECTING pgs=0 cs=0 l=1 rev1=0 crypto rx=0 tx=0 comp rx=0 tx=0)._handle_peer_banner_payload supported=3 required=0
2024-05-11T15:57:45.242 INFO:teuthology.orchestra.run.smithi107.stdout:/usr/bin/ceph: stderr
2024-05-11T15:57:44.376+0000 7fee0944a700 1 --2- 172.21.15.107:0/224352864 >> [v2:172.21.15.107:6800/4061833736,v1:172.21.15.107:6801/4061833736] conn(0x7fedf0038410 0x7fedf003a8d0 secure :-1 s=READY pgs=10 cs=0 l=1 rev1=1 crypto rx=0x7fedf4006fd0 tx=0x7fedf4006e40 comp rx=0 tx=0).ready entity=mgr.14162 client_cookie=0 server_cookie=0 in_seq=0 out_seq=0
2024-05-11T15:57:45.242 INFO:teuthology.orchestra.run.smithi107.stdout:/usr/bin/ceph: stderr
2024-05-11T15:57:44.379+0000 7fedfaffd700 1 -- 172.21.15.107:0/224352864 <== mon.0 v2:172.21.15.107:3300/0 6 ==== mon_command_ack([{"prefix": "get_command_descriptions"}]=0 v0) v1 ==== 72+0+180422 (secure 0 0 0) 0x7fee00024ce0 con 0x7fee04106e20
2024-05-11T15:57:45.242 INFO:teuthology.orchestra.run.smithi107.stdout:/usr/bin/ceph: stderr
2024-05-11T15:57:44.565+0000 7fee0beaf700 1 -- 172.21.15.107:0/224352864 --> [v2:172.21.15.107:3300/0,v1:172.21.15.107:6789/0] -- mon_command([{prefix=config set, name=osd_memory_target_autotune}] v 0) v1 -- 0x7fee0419d590 con 0x7fee04106e20
2024-05-11T15:57:45.242 INFO:teuthology.orchestra.run.smithi107.stdout:/usr/bin/ceph: stderr
2024-05-11T15:57:44.566+0000 7fedfaffd700 1 -- 172.21.15.107:0/224352864 <== mon.0 v2:172.21.15.107:3300/0 7 ==== mon_command_ack([{prefix=config set, name=osd_memory_target_autotune}]=0 v8)=0 v8) v1 ==== 127+0+0 (secure 0 0 0) 0x7fee00018350 con 0x7fee04106e20
2024-05-11T15:57:45.242 INFO:teuthology.orchestra.run.smithi107.stdout:/usr/bin/ceph: stderr
2024-05-11T15:57:44.568+0000 7fee0beaf700 1 -- 172.21.15.107:0/224352864 >> [v2:172.21.15.107:6800/4061833736,v1:172.21.15.107:6801/4061833736] conn(0x7fedf0038410 msgr2=0x7fedf003a8d0 secure :-1 s=STATE_CONNECTION_ESTABLISHED l=1).mark_down
2024-05-11T15:57:45.242 INFO:teuthology.orchestra.run.smithi107.stdout:/usr/bin/ceph: stderr
2024-05-11T15:57:44.568+0000 7fee0beaf700 1 --2- 172.21.15.107:0/224352864 >> [v2:172.21.15.107:6800/4061833736,v1:172.21.15.107:6801/4061833736] conn(0x7fedf0038410 0x7fedf003a8d0 secure :-1 s=READY pgs=10 cs=0 l=1 rev1=1 crypto rx=0x7fedf4006fd0 tx=0x7fedf4006e40 comp rx=0 tx=0).stop
2024-05-11T15:57:45.242 INFO:teuthology.orchestra.run.smithi107.stdout:/usr/bin/ceph: stderr
2024-05-11T15:57:44.568+0000 7fee0beaf700 1 -- 172.21.15.107:0/224352864 >> [v2:172.21.15.107:3300/0,v1:172.21.15.107:6789/0] conn(0x7fee04106e20 msgr2=0x7fee04199ff0 secure :-1 s=STATE_CONNECTION_ESTABLISHED l=1).mark_down
2024-05-11T15:57:45.242 INFO:teuthology.orchestra.run.smithi107.stdout:/usr/bin/ceph: stderr
2024-05-11T15:57:44.568+0000 7fee0beaf700 1 --2- 172.21.15.107:0/224352864 >> [v2:172.21.15.107:3300/0,v1:172.21.15.107:6789/0] conn(0x7fee04106e20 0x7fee04199ff0 secure :-1 s=READY pgs=87 cs=0 l=1 rev1=1 crypto rx=0x7fee00011a00 tx=0x7fee00011ae0 comp rx=0 tx=0).stop
2024-05-11T15:57:45.242 INFO:teuthology.orchestra.run.smithi107.stdout:/usr/bin/ceph: stderr
2024-05-11T15:57:44.568+0000 7fee0beaf700 1 -- 172.21.15.107:0/224352864 shutdown_connections
2024-05-11T15:57:45.242 INFO:teuthology.orchestra.run.smithi107.stdout:/usr/bin/ceph: stderr
2024-05-11T15:57:44.568+0000 7fee0beaf700 1 --2- 172.21.15.107:0/224352864 >> [v2:172.21.15.107:6800/4061833736,v1:172.21.15.107:6801/4061833736] conn(0x7fedf0038410 0x7fedf003a8d0 unknown :-1 s=CLOSED pgs=10 cs=0 l=1 rev1=1 crypto rx=0 tx=0 comp rx=0 tx=0).stop
2024-05-11T15:57:45.242 INFO:teuthology.orchestra.run.smithi107.stdout:/usr/bin/ceph: stderr
2024-05-11T15:57:44.568+0000 7fee0beaf700 1 --2- 172.21.15.107:0/224352864 >> [v2:172.21.15.107:3300/0,v1:172.21.15.107:6789/0] conn(0x7fee04106e20 0x7fee04199ff0 unknown :-1 s=CLOSED pgs=87 cs=0 l=1 rev1=1 crypto rx=0 tx=0 comp rx=0 tx=0).stop
2024-05-11T15:57:45.242 INFO:teuthology.orchestra.run.smithi107.stdout:/usr/bin/ceph: stderr
2024-05-11T15:57:44.568+0000 7fee0beaf700 1 -- 172.21.15.107:0/224352864 >> 172.21.15.107:0/224352864 conn(0x7fee041007d0 msgr2=0x7fee04101e60 unknown :-1 s=STATE_NONE l=0).mark_down
2024-05-11T15:57:45.242 INFO:teuthology.orchestra.run.smithi107.stdout:/usr/bin/ceph: stderr
2024-05-11T15:57:44.568+0000 7fee0beaf700 1 -- 172.21.15.107:0/224352864 shutdown_connections
2024-05-11T15:57:45.242 INFO:teuthology.orchestra.run.smithi107.stdout:/usr/bin/ceph: stderr
2024-05-11T15:57:44.568+0000 7fee0beaf700 1 -- 172.21.15.107:0/224352864 wait complete.
2024-05-11T15:57:46.637 INFO:teuthology.orchestra.run.smithi107.stdout:/usr/bin/ceph: stderr
2024-05-11T15:57:45.725+0000 7f4a6c4b6700 1 Processor -- start
2024-05-11T15:57:46.637 INFO:teuthology.orchestra.run.smithi107.stdout:/usr/bin/ceph: stderr
2024-05-11T15:57:45.725+0000 7f4a6c4b6700 1 -- start start
2024-05-11T15:57:46.637 INFO:teuthology.orchestra.run.smithi107.stdout:/usr/bin/ceph: stderr
2024-05-11T15:57:45.725+0000 7f4a6c4b6700 1 --2- >> [v2:172.21.15.107:3300/0,v1:172.21.15.107:6789/0] conn(0x7f4a64106da0 0x7f4a64109190 unknown :-1 s=NONE pgs=0 cs=0 l=0 rev1=0 crypto rx=0 tx=0 comp rx=0 tx=0).connect
2024-05-11T15:57:46.637 INFO:teuthology.orchestra.run.smithi107.stdout:/usr/bin/ceph: stderr
2024-05-11T15:57:45.725+0000 7f4a6c4b6700 1 -- --> [v2:172.21.15.107:3300/0,v1:172.21.15.107:6789/0] -- mon_getmap magic: 0 v1 -- 0x7f4a64074530 con 0x7f4a64106da0
2024-05-11T15:57:46.637 INFO:teuthology.orchestra.run.smithi107.stdout:/usr/bin/ceph: stderr
2024-05-11T15:57:45.725+0000 7f4a6a252700 1 --2- >> [v2:172.21.15.107:3300/0,v1:172.21.15.107:6789/0] conn(0x7f4a64106da0 0x7f4a64109190 unknown :-1 s=BANNER_CONNECTING pgs=0 cs=0 l=0 rev1=0 crypto rx=0 tx=0 comp rx=0 tx=0)._handle_peer_banner_payload supported=3 required=0
2024-05-11T15:57:46.637 INFO:teuthology.orchestra.run.smithi107.stdout:/usr/bin/ceph: stderr
2024-05-11T15:57:45.725+0000 7f4a6a252700 1 --2- >> [v2:172.21.15.107:3300/0,v1:172.21.15.107:6789/0] conn(0x7f4a64106da0 0x7f4a64109190 unknown :-1 s=HELLO_CONNECTING pgs=0 cs=0 l=0 rev1=1 crypto rx=0 tx=0 comp rx=0 tx=0).handle_hello peer v2:172.21.15.107:3300/0 says I am v2:172.21.15.107:56248/0 (socket says 172.21.15.107:56248)
2024-05-11T15:57:46.638 INFO:teuthology.orchestra.run.smithi107.stdout:/usr/bin/ceph: stderr
2024-05-11T15:57:45.725+0000 7f4a6a252700 1 -- 172.21.15.107:0/3472046926 learned_addr learned my addr 172.21.15.107:0/3472046926 (peer_addr_for_me v2:172.21.15.107:0/0)
2024-05-11T15:57:46.638 INFO:teuthology.orchestra.run.smithi107.stdout:/usr/bin/ceph: stderr
2024-05-11T15:57:45.726+0000 7f4a6a252700 1 -- 172.21.15.107:0/3472046926 --> [v2:172.21.15.107:3300/0,v1:172.21.15.107:6789/0] -- mon_subscribe({config=0+,monmap=0+}) v3 -- 0x7f4a641096d0 con 0x7f4a64106da0
2024-05-11T15:57:46.638 INFO:teuthology.orchestra.run.smithi107.stdout:/usr/bin/ceph: stderr
2024-05-11T15:57:45.726+0000 7f4a6a252700 1 --2- 172.21.15.107:0/3472046926 >> [v2:172.21.15.107:3300/0,v1:172.21.15.107:6789/0] conn(0x7f4a64106da0 0x7f4a64109190 secure :-1 s=READY pgs=88 cs=0 l=1 rev1=1 crypto rx=0x7f4a600098a0 tx=0x7f4a60009bb0 comp rx=0 tx=0).ready entity=mon.0 client_cookie=2d785136b6570f31 server_cookie=0 in_seq=0 out_seq=0
2024-05-11T15:57:46.638 INFO:teuthology.orchestra.run.smithi107.stdout:/usr/bin/ceph: stderr
2024-05-11T15:57:45.726+0000 7f4a69250700 1 -- 172.21.15.107:0/3472046926 <== mon.0 v2:172.21.15.107:3300/0 1 ==== mon_map magic: 0 v1 ==== 229+0+0 (secure 0 0 0) 0x7f4a60004180 con 0x7f4a64106da0
2024-05-11T15:57:46.638 INFO:teuthology.orchestra.run.smithi107.stdout:/usr/bin/ceph: stderr
2024-05-11T15:57:45.726+0000 7f4a69250700 1 -- 172.21.15.107:0/3472046926 <== mon.0 v2:172.21.15.107:3300/0 2 ==== config(26 keys) v1 ==== 1066+0+0 (secure 0 0 0) 0x7f4a600042e0 con 0x7f4a64106da0
2024-05-11T15:57:46.638 INFO:teuthology.orchestra.run.smithi107.stdout:/usr/bin/ceph: stderr
2024-05-11T15:57:45.726+0000 7f4a69250700 1 -- 172.21.15.107:0/3472046926 <== mon.0 v2:172.21.15.107:3300/0 3 ==== mon_map magic: 0 v1 ==== 229+0+0 (secure 0 0 0) 0x7f4a60011a30 con 0x7f4a64106da0
2024-05-11T15:57:46.638 INFO:teuthology.orchestra.run.smithi107.stdout:/usr/bin/ceph: stderr
2024-05-11T15:57:45.726+0000 7f4a6c4b6700 1 -- 172.21.15.107:0/3472046926 >> [v2:172.21.15.107:3300/0,v1:172.21.15.107:6789/0] conn(0x7f4a64106da0 msgr2=0x7f4a64109190 secure :-1 s=STATE_CONNECTION_ESTABLISHED l=1).mark_down
2024-05-11T15:57:46.638 INFO:teuthology.orchestra.run.smithi107.stdout:/usr/bin/ceph: stderr
2024-05-11T15:57:45.726+0000 7f4a6c4b6700 1 --2- 172.21.15.107:0/3472046926 >> [v2:172.21.15.107:3300/0,v1:172.21.15.107:6789/0] conn(0x7f4a64106da0 0x7f4a64109190 secure :-1 s=READY pgs=88 cs=0 l=1 rev1=1 crypto rx=0x7f4a600098a0 tx=0x7f4a60009bb0 comp rx=0 tx=0).stop
2024-05-11T15:57:46.638 INFO:teuthology.orchestra.run.smithi107.stdout:/usr/bin/ceph: stderr
2024-05-11T15:57:45.726+0000 7f4a6c4b6700 1 -- 172.21.15.107:0/3472046926 shutdown_connections
2024-05-11T15:57:46.638 INFO:teuthology.orchestra.run.smithi107.stdout:/usr/bin/ceph: stderr
2024-05-11T15:57:45.726+0000 7f4a6c4b6700 1 --2- 172.21.15.107:0/3472046926 >> [v2:172.21.15.107:3300/0,v1:172.21.15.107:6789/0] conn(0x7f4a64106da0 0x7f4a64109190 unknown :-1 s=CLOSED pgs=88 cs=0 l=1 rev1=1 crypto rx=0 tx=0 comp rx=0 tx=0).stop
2024-05-11T15:57:46.638 INFO:teuthology.orchestra.run.smithi107.stdout:/usr/bin/ceph: stderr
2024-05-11T15:57:45.726+0000 7f4a6c4b6700 1 -- 172.21.15.107:0/3472046926 >> 172.21.15.107:0/3472046926 conn(0x7f4a641007f0 msgr2=0x7f4a64102c10 unknown :-1 s=STATE_NONE l=0).mark_down
2024-05-11T15:57:46.638 INFO:teuthology.orchestra.run.smithi107.stdout:/usr/bin/ceph: stderr
2024-05-11T15:57:45.727+0000 7f4a6c4b6700 1 -- 172.21.15.107:0/3472046926 shutdown_connections
2024-05-11T15:57:46.638 INFO:teuthology.orchestra.run.smithi107.stdout:/usr/bin/ceph: stderr
2024-05-11T15:57:45.727+0000 7f4a6c4b6700 1 -- 172.21.15.107:0/3472046926 wait complete.
2024-05-11T15:57:46.639 INFO:teuthology.orchestra.run.smithi107.stdout:/usr/bin/ceph: stderr
2024-05-11T15:57:45.727+0000 7f4a6c4b6700 1 Processor -- start
2024-05-11T15:57:46.639 INFO:teuthology.orchestra.run.smithi107.stdout:/usr/bin/ceph: stderr
2024-05-11T15:57:45.727+0000 7f4a6c4b6700 1 -- start start
2024-05-11T15:57:46.639 INFO:teuthology.orchestra.run.smithi107.stdout:/usr/bin/ceph: stderr
2024-05-11T15:57:45.727+0000 7f4a6c4b6700 1 --2- >> [v2:172.21.15.107:3300/0,v1:172.21.15.107:6789/0] conn(0x7f4a64106da0 0x7f4a6419a060 unknown :-1 s=NONE pgs=0 cs=0 l=1 rev1=0 crypto rx=0 tx=0 comp rx=0 tx=0).connect
2024-05-11T15:57:46.639 INFO:teuthology.orchestra.run.smithi107.stdout:/usr/bin/ceph: stderr
2024-05-11T15:57:45.728+0000 7f4a6c4b6700 1 -- --> [v2:172.21.15.107:3300/0,v1:172.21.15.107:6789/0] -- mon_getmap magic: 0 v1 -- 0x7f4a6419a5a0 con 0x7f4a64106da0
2024-05-11T15:57:46.639 INFO:teuthology.orchestra.run.smithi107.stdout:/usr/bin/ceph: stderr
2024-05-11T15:57:45.728+0000 7f4a6a252700 1 --2- >> [v2:172.21.15.107:3300/0,v1:172.21.15.107:6789/0] conn(0x7f4a64106da0 0x7f4a6419a060 unknown :-1 s=BANNER_CONNECTING pgs=0 cs=0 l=1 rev1=0 crypto rx=0 tx=0 comp rx=0 tx=0)._handle_peer_banner_payload supported=3 required=0
2024-05-11T15:57:46.639 INFO:teuthology.orchestra.run.smithi107.stdout:/usr/bin/ceph: stderr
2024-05-11T15:57:45.728+0000 7f4a6a252700 1 --2- >> [v2:172.21.15.107:3300/0,v1:172.21.15.107:6789/0] conn(0x7f4a64106da0 0x7f4a6419a060 unknown :-1 s=HELLO_CONNECTING pgs=0 cs=0 l=1 rev1=1 crypto rx=0 tx=0 comp rx=0 tx=0).handle_hello peer v2:172.21.15.107:3300/0 says I am v2:172.21.15.107:56250/0 (socket says 172.21.15.107:56250)
2024-05-11T15:57:46.639 INFO:teuthology.orchestra.run.smithi107.stdout:/usr/bin/ceph: stderr
2024-05-11T15:57:45.728+0000 7f4a6a252700 1 -- 172.21.15.107:0/1378491549 learned_addr learned my addr 172.21.15.107:0/1378491549 (peer_addr_for_me v2:172.21.15.107:0/0)
2024-05-11T15:57:46.639 INFO:teuthology.orchestra.run.smithi107.stdout:/usr/bin/ceph: stderr
2024-05-11T15:57:45.728+0000 7f4a6a252700 1 -- 172.21.15.107:0/1378491549 --> [v2:172.21.15.107:3300/0,v1:172.21.15.107:6789/0] -- mon_subscribe({config=0+,monmap=0+}) v3 -- 0x7f4a60009550 con 0x7f4a64106da0
2024-05-11T15:57:46.639 INFO:teuthology.orchestra.run.smithi107.stdout:/usr/bin/ceph: stderr
2024-05-11T15:57:45.728+0000 7f4a6a252700 1 --2- 172.21.15.107:0/1378491549 >> [v2:172.21.15.107:3300/0,v1:172.21.15.107:6789/0] conn(0x7f4a64106da0 0x7f4a6419a060 secure :-1 s=READY pgs=89 cs=0 l=1 rev1=1 crypto rx=0x7f4a60011a00 tx=0x7f4a60011ae0 comp rx=0 tx=0).ready entity=mon.0 client_cookie=0 server_cookie=0 in_seq=0 out_seq=0
2024-05-11T15:57:46.639 INFO:teuthology.orchestra.run.smithi107.stdout:/usr/bin/ceph: stderr
2024-05-11T15:57:45.728+0000 7f4a5b7fe700 1 -- 172.21.15.107:0/1378491549 <== mon.0 v2:172.21.15.107:3300/0 1 ==== mon_map magic: 0 v1 ==== 229+0+0 (secure 0 0 0) 0x7f4a60003bd0 con 0x7f4a64106da0
2024-05-11T15:57:46.639 INFO:teuthology.orchestra.run.smithi107.stdout:/usr/bin/ceph: stderr
2024-05-11T15:57:45.728+0000 7f4a6c4b6700 1 -- 172.21.15.107:0/1378491549 --> [v2:172.21.15.107:3300/0,v1:172.21.15.107:6789/0] -- mon_subscribe({mgrmap=0+}) v3 -- 0x7f4a6419a7a0 con 0x7f4a64106da0
2024-05-11T15:57:46.639 INFO:teuthology.orchestra.run.smithi107.stdout:/usr/bin/ceph: stderr
2024-05-11T15:57:45.728+0000 7f4a5b7fe700 1 -- 172.21.15.107:0/1378491549 <== mon.0 v2:172.21.15.107:3300/0 2 ==== config(26 keys) v1 ==== 1066+0+0 (secure 0 0 0) 0x7f4a600248d0 con 0x7f4a64106da0
2024-05-11T15:57:46.639 INFO:teuthology.orchestra.run.smithi107.stdout:/usr/bin/ceph: stderr
2024-05-11T15:57:45.728+0000 7f4a5b7fe700 1 -- 172.21.15.107:0/1378491549 <== mon.0 v2:172.21.15.107:3300/0 3 ==== mon_map magic: 0 v1 ==== 229+0+0 (secure 0 0 0) 0x7f4a6001a7e0 con 0x7f4a64106da0
2024-05-11T15:57:46.640 INFO:teuthology.orchestra.run.smithi107.stdout:/usr/bin/ceph: stderr
2024-05-11T15:57:45.728+0000 7f4a6c4b6700 1 -- 172.21.15.107:0/1378491549 --> [v2:172.21.15.107:3300/0,v1:172.21.15.107:6789/0] -- mon_subscribe({osdmap=0}) v3 -- 0x7f4a6419abc0 con 0x7f4a64106da0
2024-05-11T15:57:46.640 INFO:teuthology.orchestra.run.smithi107.stdout:/usr/bin/ceph: stderr
2024-05-11T15:57:45.729+0000 7f4a5b7fe700 1 -- 172.21.15.107:0/1378491549 <== mon.0 v2:172.21.15.107:3300/0 4 ==== mgrmap(e 13) v1 ==== 45340+0+0 (secure 0 0 0) 0x7f4a60024440 con 0x7f4a64106da0
2024-05-11T15:57:46.640 INFO:teuthology.orchestra.run.smithi107.stdout:/usr/bin/ceph: stderr
2024-05-11T15:57:45.729+0000 7f4a6c4b6700 1 -- 172.21.15.107:0/1378491549 --> [v2:172.21.15.107:3300/0,v1:172.21.15.107:6789/0] -- mon_command({"prefix": "get_command_descriptions"} v 0) v1 -- 0x7f4a640623c0 con 0x7f4a64106da0
2024-05-11T15:57:46.640 INFO:teuthology.orchestra.run.smithi107.stdout:/usr/bin/ceph: stderr
2024-05-11T15:57:45.729+0000 7f4a5b7fe700 1 --2- 172.21.15.107:0/1378491549 >> [v2:172.21.15.107:6800/4061833736,v1:172.21.15.107:6801/4061833736] conn(0x7f4a50038410 0x7f4a5003a8d0 unknown :-1 s=NONE pgs=0 cs=0 l=1 rev1=0 crypto rx=0 tx=0 comp rx=0 tx=0).connect
2024-05-11T15:57:46.640 INFO:teuthology.orchestra.run.smithi107.stdout:/usr/bin/ceph: stderr
2024-05-11T15:57:45.729+0000 7f4a5b7fe700 1 -- 172.21.15.107:0/1378491549 <== mon.0 v2:172.21.15.107:3300/0 5 ==== osd_map(3..3 src has 1..3) v4 ==== 1155+0+0 (secure 0 0 0) 0x7f4a6004c700 con 0x7f4a64106da0
2024-05-11T15:57:46.640 INFO:teuthology.orchestra.run.smithi107.stdout:/usr/bin/ceph: stderr
2024-05-11T15:57:45.729+0000 7f4a69a51700 1 --2- 172.21.15.107:0/1378491549 >> [v2:172.21.15.107:6800/4061833736,v1:172.21.15.107:6801/4061833736] conn(0x7f4a50038410 0x7f4a5003a8d0 unknown :-1 s=BANNER_CONNECTING pgs=0 cs=0 l=1 rev1=0 crypto rx=0 tx=0 comp rx=0 tx=0)._handle_peer_banner_payload supported=3 required=0
2024-05-11T15:57:46.640 INFO:teuthology.orchestra.run.smithi107.stdout:/usr/bin/ceph: stderr
2024-05-11T15:57:45.730+0000 7f4a69a51700 1 --2- 172.21.15.107:0/1378491549 >> [v2:172.21.15.107:6800/4061833736,v1:172.21.15.107:6801/4061833736] conn(0x7f4a50038410 0x7f4a5003a8d0 secure :-1 s=READY pgs=11 cs=0 l=1 rev1=1 crypto rx=0x7f4a54006fd0 tx=0x7f4a54006e40 comp rx=0 tx=0).ready entity=mgr.14162 client_cookie=0 server_cookie=0 in_seq=0 out_seq=0
2024-05-11T15:57:46.640 INFO:teuthology.orchestra.run.smithi107.stdout:/usr/bin/ceph: stderr
2024-05-11T15:57:45.734+0000 7f4a5b7fe700 1 -- 172.21.15.107:0/1378491549 <== mon.0 v2:172.21.15.107:3300/0 6 ==== mon_command_ack([{"prefix": "get_command_descriptions"}]=0 v0) v1 ==== 72+0+180422 (secure 0 0 0) 0x7f4a60024dd0 con 0x7f4a64106da0
2024-05-11T15:57:46.640 INFO:teuthology.orchestra.run.smithi107.stdout:/usr/bin/ceph: stderr
2024-05-11T15:57:46.024+0000 7f4a6c4b6700 1 -- 172.21.15.107:0/1378491549 --> [v2:172.21.15.107:3300/0,v1:172.21.15.107:6789/0] -- mon_command([{prefix=config-key set, key=mgr/dashboard/cluster/status}] v 0) v1 -- 0x7f4a6419dcc0 con 0x7f4a64106da0
2024-05-11T15:57:46.640 INFO:teuthology.orchestra.run.smithi107.stdout:/usr/bin/ceph: stderr
2024-05-11T15:57:46.026+0000 7f4a5b7fe700 1 -- 172.21.15.107:0/1378491549 <== mon.0 v2:172.21.15.107:3300/0 7 ==== mon_command_ack([{prefix=config-key set, key=mgr/dashboard/cluster/status}]=0 set mgr/dashboard/cluster/status v34)=0 set mgr/dashboard/cluster/status v34) v1 ==== 153+0+0 (secure 0 0 0) 0x7f4a60018b40 con 0x7f4a64106da0
2024-05-11T15:57:46.640 INFO:teuthology.orchestra.run.smithi107.stdout:/usr/bin/ceph: stderr
2024-05-11T15:57:46.028+0000 7f4a6c4b6700 1 -- 172.21.15.107:0/1378491549 >> [v2:172.21.15.107:6800/4061833736,v1:172.21.15.107:6801/4061833736] conn(0x7f4a50038410 msgr2=0x7f4a5003a8d0 secure :-1 s=STATE_CONNECTION_ESTABLISHED l=1).mark_down
2024-05-11T15:57:46.640 INFO:teuthology.orchestra.run.smithi107.stdout:/usr/bin/ceph: stderr
2024-05-11T15:57:46.028+0000 7f4a6c4b6700 1 --2- 172.21.15.107:0/1378491549 >> [v2:172.21.15.107:6800/4061833736,v1:172.21.15.107:6801/4061833736] conn(0x7f4a50038410 0x7f4a5003a8d0 secure :-1 s=READY pgs=11 cs=0 l=1 rev1=1 crypto rx=0x7f4a54006fd0 tx=0x7f4a54006e40 comp rx=0 tx=0).stop
2024-05-11T15:57:46.640 INFO:teuthology.orchestra.run.smithi107.stdout:/usr/bin/ceph: stderr
2024-05-11T15:57:46.028+0000 7f4a6c4b6700 1 -- 172.21.15.107:0/1378491549 >> [v2:172.21.15.107:3300/0,v1:172.21.15.107:6789/0] conn(0x7f4a64106da0 msgr2=0x7f4a6419a060 secure :-1 s=STATE_CONNECTION_ESTABLISHED l=1).mark_down
2024-05-11T15:57:46.641 INFO:teuthology.orchestra.run.smithi107.stdout:/usr/bin/ceph: stderr
2024-05-11T15:57:46.028+0000 7f4a6c4b6700 1 --2- 172.21.15.107:0/1378491549 >> [v2:172.21.15.107:3300/0,v1:172.21.15.107:6789/0] conn(0x7f4a64106da0 0x7f4a6419a060 secure :-1 s=READY pgs=89 cs=0 l=1 rev1=1 crypto rx=0x7f4a60011a00 tx=0x7f4a60011ae0 comp rx=0 tx=0).stop
2024-05-11T15:57:46.641 INFO:teuthology.orchestra.run.smithi107.stdout:/usr/bin/ceph: stderr
2024-05-11T15:57:46.028+0000 7f4a6c4b6700 1 -- 172.21.15.107:0/1378491549 shutdown_connections
2024-05-11T15:57:46.641 INFO:teuthology.orchestra.run.smithi107.stdout:/usr/bin/ceph: stderr
2024-05-11T15:57:46.028+0000 7f4a6c4b6700 1 --2- 172.21.15.107:0/1378491549 >> [v2:172.21.15.107:6800/4061833736,v1:172.21.15.107:6801/4061833736] conn(0x7f4a50038410 0x7f4a5003a8d0 unknown :-1 s=CLOSED pgs=11 cs=0 l=1 rev1=1 crypto rx=0 tx=0 comp rx=0 tx=0).stop
2024-05-11T15:57:46.641 INFO:teuthology.orchestra.run.smithi107.stdout:/usr/bin/ceph: stderr
2024-05-11T15:57:46.028+0000 7f4a6c4b6700 1 --2- 172.21.15.107:0/1378491549 >> [v2:172.21.15.107:3300/0,v1:172.21.15.107:6789/0] conn(0x7f4a64106da0 0x7f4a6419a060 unknown :-1 s=CLOSED pgs=89 cs=0 l=1 rev1=1 crypto rx=0 tx=0 comp rx=0 tx=0).stop
2024-05-11T15:57:46.641 INFO:teuthology.orchestra.run.smithi107.stdout:/usr/bin/ceph: stderr
2024-05-11T15:57:46.028+0000 7f4a6c4b6700 1 -- 172.21.15.107:0/1378491549 >> 172.21.15.107:0/1378491549 conn(0x7f4a641007f0 msgr2=0x7f4a64101eb0 unknown :-1 s=STATE_NONE l=0).mark_down
2024-05-11T15:57:46.641 INFO:teuthology.orchestra.run.smithi107.stdout:/usr/bin/ceph: stderr
2024-05-11T15:57:46.028+0000 7f4a6c4b6700 1 -- 172.21.15.107:0/1378491549 shutdown_connections
2024-05-11T15:57:46.641 INFO:teuthology.orchestra.run.smithi107.stdout:/usr/bin/ceph: stderr
2024-05-11T15:57:46.028+0000 7f4a6c4b6700 1 -- 172.21.15.107:0/1378491549 wait complete.
2024-05-11T15:57:46.641 INFO:teuthology.orchestra.run.smithi107.stdout:/usr/bin/ceph: stderr set mgr/dashboard/cluster/status
2024-05-11T15:57:46.641 INFO:teuthology.orchestra.run.smithi107.stdout:You can access the Ceph CLI as following in case of multi-cluster or non-default config:
2024-05-11T15:57:46.641 INFO:teuthology.orchestra.run.smithi107.stdout:
2024-05-11T15:57:46.641 INFO:teuthology.orchestra.run.smithi107.stdout: sudo /home/ubuntu/cephtest/cephadm shell --fsid f45f4a1c-0fae-11ef-bc98-c7b262605968 -c /etc/ceph/ceph.conf -k /etc/ceph/ceph.client.admin.keyring
2024-05-11T15:57:46.641 INFO:teuthology.orchestra.run.smithi107.stdout:
2024-05-11T15:57:46.641 INFO:teuthology.orchestra.run.smithi107.stdout:Or, if you are only running a single cluster on this host:
2024-05-11T15:57:46.641 INFO:teuthology.orchestra.run.smithi107.stdout:
2024-05-11T15:57:46.642 INFO:teuthology.orchestra.run.smithi107.stdout: sudo /home/ubuntu/cephtest/cephadm shell
2024-05-11T15:57:46.642 INFO:teuthology.orchestra.run.smithi107.stdout:
2024-05-11T15:57:46.642 INFO:teuthology.orchestra.run.smithi107.stdout:Please consider enabling telemetry to help improve Ceph:
2024-05-11T15:57:46.642 INFO:teuthology.orchestra.run.smithi107.stdout:
2024-05-11T15:57:46.642 INFO:teuthology.orchestra.run.smithi107.stdout: ceph telemetry on
2024-05-11T15:57:46.642 INFO:teuthology.orchestra.run.smithi107.stdout:
2024-05-11T15:57:46.642 INFO:teuthology.orchestra.run.smithi107.stdout:For more information see:
2024-05-11T15:57:46.642 INFO:teuthology.orchestra.run.smithi107.stdout:
2024-05-11T15:57:46.642 INFO:teuthology.orchestra.run.smithi107.stdout: https://docs.ceph.com/en/latest/mgr/telemetry/
2024-05-11T15:57:46.642 INFO:teuthology.orchestra.run.smithi107.stdout:
2024-05-11T15:57:46.642 INFO:teuthology.orchestra.run.smithi107.stdout:Bootstrap complete.
2024-05-11T15:57:46.671 INFO:tasks.cephadm:Fetching config...
2024-05-11T15:57:46.671 DEBUG:teuthology.orchestra.run.smithi107:> set -ex
2024-05-11T15:57:46.671 DEBUG:teuthology.orchestra.run.smithi107:> dd if=/etc/ceph/ceph.conf of=/dev/stdout
2024-05-11T15:57:46.729 INFO:tasks.cephadm:Fetching client.admin keyring...
2024-05-11T15:57:46.730 DEBUG:teuthology.orchestra.run.smithi107:> set -ex
2024-05-11T15:57:46.730 DEBUG:teuthology.orchestra.run.smithi107:> dd if=/etc/ceph/ceph.client.admin.keyring of=/dev/stdout
2024-05-11T15:57:46.788 INFO:tasks.cephadm:Fetching mon keyring...
2024-05-11T15:57:46.788 DEBUG:teuthology.orchestra.run.smithi107:> set -ex
2024-05-11T15:57:46.788 DEBUG:teuthology.orchestra.run.smithi107:> sudo dd if=/var/lib/ceph/f45f4a1c-0fae-11ef-bc98-c7b262605968/mon.smithi107/keyring of=/dev/stdout
2024-05-11T15:57:46.855 INFO:tasks.cephadm:Fetching pub ssh key...
2024-05-11T15:57:46.855 DEBUG:teuthology.orchestra.run.smithi107:> set -ex
2024-05-11T15:57:46.855 DEBUG:teuthology.orchestra.run.smithi107:> dd if=/home/ubuntu/cephtest/ceph.pub of=/dev/stdout
2024-05-11T15:57:46.913 INFO:tasks.cephadm:Installing pub ssh key for root users...
2024-05-11T15:57:46.913 DEBUG:teuthology.orchestra.run.smithi107:> sudo install -d -m 0700 /root/.ssh && echo 'ssh-rsa AAAAB3NzaC1yc2EAAAADAQABAAABgQD5o7l0IG22sppz9Tx0B1WMNMyF3n5bVjT8qsvp8GW4KbOWoSfdxLz6bkErAa/RkEU1bO9g4BVIb9aN64mMq+KQzfMruuuqB8UiEuVHBkAvtckUEXS3zNE7ziTgw8xVnaNrS31BEhdcS76fsTi2mUO1qZTlba+QcQR/BRN4rlMxL/heEUyF6C1Iqy3IOOXNbtkop26Enz5iQh1/4ZaX22sHSOS3GRkUAnpUP9DXjPmbNQ+EBWaqKtqzuBGgL4AdunQy0Jq1+GyZNu/5fjwZY9sGtTx+AIH4yZPV6U14/UtwQ97LyFjI0mK8mm7oAUvuxpBl75EHRiHZy+7+hNDKrvCWGTom4RkUviBbquebCaqtIEAO85hvkGDfYSGYZ0HCqxpSqjLKNFB8Fcpwzpt4uqZQiTL6s549M1L3MzS6JsFAuEauevzx946d2CfSQScZQDe6Vmtv0EkXt15uM+sn8ZdR8hDS4NNi+Ckrpfl8AmX9fMmXiNncsokyQFI9NeS/7V8= ceph-f45f4a1c-0fae-11ef-bc98-c7b262605968' | sudo tee -a /root/.ssh/authorized_keys && sudo chmod 0600 /root/.ssh/authorized_keys
2024-05-11T15:57:46.990 INFO:teuthology.orchestra.run.smithi107.stdout:ssh-rsa AAAAB3NzaC1yc2EAAAADAQABAAABgQD5o7l0IG22sppz9Tx0B1WMNMyF3n5bVjT8qsvp8GW4KbOWoSfdxLz6bkErAa/RkEU1bO9g4BVIb9aN64mMq+KQzfMruuuqB8UiEuVHBkAvtckUEXS3zNE7ziTgw8xVnaNrS31BEhdcS76fsTi2mUO1qZTlba+QcQR/BRN4rlMxL/heEUyF6C1Iqy3IOOXNbtkop26Enz5iQh1/4ZaX22sHSOS3GRkUAnpUP9DXjPmbNQ+EBWaqKtqzuBGgL4AdunQy0Jq1+GyZNu/5fjwZY9sGtTx+AIH4yZPV6U14/UtwQ97LyFjI0mK8mm7oAUvuxpBl75EHRiHZy+7+hNDKrvCWGTom4RkUviBbquebCaqtIEAO85hvkGDfYSGYZ0HCqxpSqjLKNFB8Fcpwzpt4uqZQiTL6s549M1L3MzS6JsFAuEauevzx946d2CfSQScZQDe6Vmtv0EkXt15uM+sn8ZdR8hDS4NNi+Ckrpfl8AmX9fMmXiNncsokyQFI9NeS/7V8= ceph-f45f4a1c-0fae-11ef-bc98-c7b262605968
2024-05-11T15:57:47.000 DEBUG:teuthology.orchestra.run.smithi187:> sudo install -d -m 0700 /root/.ssh && echo 'ssh-rsa AAAAB3NzaC1yc2EAAAADAQABAAABgQD5o7l0IG22sppz9Tx0B1WMNMyF3n5bVjT8qsvp8GW4KbOWoSfdxLz6bkErAa/RkEU1bO9g4BVIb9aN64mMq+KQzfMruuuqB8UiEuVHBkAvtckUEXS3zNE7ziTgw8xVnaNrS31BEhdcS76fsTi2mUO1qZTlba+QcQR/BRN4rlMxL/heEUyF6C1Iqy3IOOXNbtkop26Enz5iQh1/4ZaX22sHSOS3GRkUAnpUP9DXjPmbNQ+EBWaqKtqzuBGgL4AdunQy0Jq1+GyZNu/5fjwZY9sGtTx+AIH4yZPV6U14/UtwQ97LyFjI0mK8mm7oAUvuxpBl75EHRiHZy+7+hNDKrvCWGTom4RkUviBbquebCaqtIEAO85hvkGDfYSGYZ0HCqxpSqjLKNFB8Fcpwzpt4uqZQiTL6s549M1L3MzS6JsFAuEauevzx946d2CfSQScZQDe6Vmtv0EkXt15uM+sn8ZdR8hDS4NNi+Ckrpfl8AmX9fMmXiNncsokyQFI9NeS/7V8= ceph-f45f4a1c-0fae-11ef-bc98-c7b262605968' | sudo tee -a /root/.ssh/authorized_keys && sudo chmod 0600 /root/.ssh/authorized_keys
2024-05-11T15:57:47.044 INFO:teuthology.orchestra.run.smithi187.stdout:ssh-rsa AAAAB3NzaC1yc2EAAAADAQABAAABgQD5o7l0IG22sppz9Tx0B1WMNMyF3n5bVjT8qsvp8GW4KbOWoSfdxLz6bkErAa/RkEU1bO9g4BVIb9aN64mMq+KQzfMruuuqB8UiEuVHBkAvtckUEXS3zNE7ziTgw8xVnaNrS31BEhdcS76fsTi2mUO1qZTlba+QcQR/BRN4rlMxL/heEUyF6C1Iqy3IOOXNbtkop26Enz5iQh1/4ZaX22sHSOS3GRkUAnpUP9DXjPmbNQ+EBWaqKtqzuBGgL4AdunQy0Jq1+GyZNu/5fjwZY9sGtTx+AIH4yZPV6U14/UtwQ97LyFjI0mK8mm7oAUvuxpBl75EHRiHZy+7+hNDKrvCWGTom4RkUviBbquebCaqtIEAO85hvkGDfYSGYZ0HCqxpSqjLKNFB8Fcpwzpt4uqZQiTL6s549M1L3MzS6JsFAuEauevzx946d2CfSQScZQDe6Vmtv0EkXt15uM+sn8ZdR8hDS4NNi+Ckrpfl8AmX9fMmXiNncsokyQFI9NeS/7V8= ceph-f45f4a1c-0fae-11ef-bc98-c7b262605968
2024-05-11T15:57:47.056 DEBUG:teuthology.orchestra.run.smithi107:> sudo /home/ubuntu/cephtest/cephadm --image quay.io/ceph/ceph:v18.2.1 shell -c /etc/ceph/ceph.conf -k /etc/ceph/ceph.client.admin.keyring --fsid f45f4a1c-0fae-11ef-bc98-c7b262605968 -- ceph config set mgr mgr/cephadm/allow_ptrace true
2024-05-11T15:57:47.281 INFO:teuthology.orchestra.run.smithi107.stderr:Inferring config /var/lib/ceph/f45f4a1c-0fae-11ef-bc98-c7b262605968/mon.smithi107/config
2024-05-11T15:57:47.413 INFO:journalctl@ceph.mon.smithi107.smithi107.stdout:May 11 15:57:47 smithi107 ceph-mon[39944]: from='client.? 172.21.15.107:0/1378491549' entity='client.admin'
2024-05-11T15:57:49.923 INFO:teuthology.orchestra.run.smithi107.stderr:2024-05-11T15:57:49.919+0000 7f769b98e700 1 -- 172.21.15.107:0/4020432663 >> [v2:172.21.15.107:3300/0,v1:172.21.15.107:6789/0] conn(0x7f76940ff7a0 msgr2=0x7f76940ffbc0 secure :-1 s=STATE_CONNECTION_ESTABLISHED l=1).mark_down
2024-05-11T15:57:49.923 INFO:teuthology.orchestra.run.smithi107.stderr:2024-05-11T15:57:49.919+0000 7f769b98e700 1 --2- 172.21.15.107:0/4020432663 >> [v2:172.21.15.107:3300/0,v1:172.21.15.107:6789/0] conn(0x7f76940ff7a0 0x7f76940ffbc0 secure :-1 s=READY pgs=90 cs=0 l=1 rev1=1 crypto rx=0x7f7690009910 tx=0x7f7690009c20 comp rx=0 tx=0).stop
2024-05-11T15:57:49.923 INFO:teuthology.orchestra.run.smithi107.stderr:2024-05-11T15:57:49.919+0000 7f769b98e700 1 -- 172.21.15.107:0/4020432663 shutdown_connections
2024-05-11T15:57:49.923 INFO:teuthology.orchestra.run.smithi107.stderr:2024-05-11T15:57:49.919+0000 7f769b98e700 1 --2- 172.21.15.107:0/4020432663 >> [v2:172.21.15.107:3300/0,v1:172.21.15.107:6789/0] conn(0x7f76940ff7a0 0x7f76940ffbc0 unknown :-1 s=CLOSED pgs=90 cs=0 l=1 rev1=1 crypto rx=0 tx=0 comp rx=0 tx=0).stop
2024-05-11T15:57:49.923 INFO:teuthology.orchestra.run.smithi107.stderr:2024-05-11T15:57:49.919+0000 7f769b98e700 1 -- 172.21.15.107:0/4020432663 >> 172.21.15.107:0/4020432663 conn(0x7f76940fad20 msgr2=0x7f76940fd180 unknown :-1 s=STATE_NONE l=0).mark_down
2024-05-11T15:57:49.923 INFO:teuthology.orchestra.run.smithi107.stderr:2024-05-11T15:57:49.919+0000 7f769b98e700 1 -- 172.21.15.107:0/4020432663 shutdown_connections
2024-05-11T15:57:49.923 INFO:teuthology.orchestra.run.smithi107.stderr:2024-05-11T15:57:49.919+0000 7f769b98e700 1 -- 172.21.15.107:0/4020432663 wait complete.
2024-05-11T15:57:49.923 INFO:teuthology.orchestra.run.smithi107.stderr:2024-05-11T15:57:49.920+0000 7f769b98e700 1 Processor -- start
2024-05-11T15:57:49.923 INFO:teuthology.orchestra.run.smithi107.stderr:2024-05-11T15:57:49.920+0000 7f769b98e700 1 -- start start
2024-05-11T15:57:49.923 INFO:teuthology.orchestra.run.smithi107.stderr:2024-05-11T15:57:49.920+0000 7f769b98e700 1 --2- >> [v2:172.21.15.107:3300/0,v1:172.21.15.107:6789/0] conn(0x7f76940ff7a0 0x7f7694194800 unknown :-1 s=NONE pgs=0 cs=0 l=1 rev1=0 crypto rx=0 tx=0 comp rx=0 tx=0).connect
2024-05-11T15:57:49.923 INFO:teuthology.orchestra.run.smithi107.stderr:2024-05-11T15:57:49.920+0000 7f769b98e700 1 -- --> [v2:172.21.15.107:3300/0,v1:172.21.15.107:6789/0] -- mon_getmap magic: 0 v1 -- 0x7f7694194d40 con 0x7f76940ff7a0
2024-05-11T15:57:49.924 INFO:teuthology.orchestra.run.smithi107.stderr:2024-05-11T15:57:49.920+0000 7f769972a700 1 --2- >> [v2:172.21.15.107:3300/0,v1:172.21.15.107:6789/0] conn(0x7f76940ff7a0 0x7f7694194800 unknown :-1 s=BANNER_CONNECTING pgs=0 cs=0 l=1 rev1=0 crypto rx=0 tx=0 comp rx=0 tx=0)._handle_peer_banner_payload supported=3 required=0
2024-05-11T15:57:49.924 INFO:teuthology.orchestra.run.smithi107.stderr:2024-05-11T15:57:49.920+0000 7f769972a700 1 --2- >> [v2:172.21.15.107:3300/0,v1:172.21.15.107:6789/0] conn(0x7f76940ff7a0 0x7f7694194800 unknown :-1 s=HELLO_CONNECTING pgs=0 cs=0 l=1 rev1=1 crypto rx=0 tx=0 comp rx=0 tx=0).handle_hello peer v2:172.21.15.107:3300/0 says I am v2:172.21.15.107:56274/0 (socket says 172.21.15.107:56274)
2024-05-11T15:57:49.924 INFO:teuthology.orchestra.run.smithi107.stderr:2024-05-11T15:57:49.920+0000 7f769972a700 1 -- 172.21.15.107:0/811516688 learned_addr learned my addr 172.21.15.107:0/811516688 (peer_addr_for_me v2:172.21.15.107:0/0)
2024-05-11T15:57:49.924 INFO:teuthology.orchestra.run.smithi107.stderr:2024-05-11T15:57:49.920+0000 7f769972a700 1 -- 172.21.15.107:0/811516688 --> [v2:172.21.15.107:3300/0,v1:172.21.15.107:6789/0] -- mon_subscribe({config=0+,monmap=0+}) v3 -- 0x7f76900095f0 con 0x7f76940ff7a0
2024-05-11T15:57:49.924 INFO:teuthology.orchestra.run.smithi107.stderr:2024-05-11T15:57:49.920+0000 7f769972a700 1 --2- 172.21.15.107:0/811516688 >> [v2:172.21.15.107:3300/0,v1:172.21.15.107:6789/0] conn(0x7f76940ff7a0 0x7f7694194800 secure :-1 s=READY pgs=91 cs=0 l=1 rev1=1 crypto rx=0x7f7690006010 tx=0x7f76900057b0 comp rx=0 tx=0).ready entity=mon.0 client_cookie=0 server_cookie=0 in_seq=0 out_seq=0
2024-05-11T15:57:49.924 INFO:teuthology.orchestra.run.smithi107.stderr:2024-05-11T15:57:49.921+0000 7f768a7fc700 1 -- 172.21.15.107:0/811516688 <== mon.0 v2:172.21.15.107:3300/0 1 ==== mon_map magic: 0 v1 ==== 229+0+0 (secure 0 0 0) 0x7f769001d070 con 0x7f76940ff7a0
2024-05-11T15:57:49.924 INFO:teuthology.orchestra.run.smithi107.stderr:2024-05-11T15:57:49.921+0000 7f768a7fc700 1 -- 172.21.15.107:0/811516688 <== mon.0 v2:172.21.15.107:3300/0 2 ==== config(26 keys) v1 ==== 1066+0+0 (secure 0 0 0) 0x7f769000bdf0 con 0x7f76940ff7a0
2024-05-11T15:57:49.924 INFO:teuthology.orchestra.run.smithi107.stderr:2024-05-11T15:57:49.921+0000 7f769b98e700 1 -- 172.21.15.107:0/811516688 --> [v2:172.21.15.107:3300/0,v1:172.21.15.107:6789/0] -- mon_subscribe({mgrmap=0+}) v3 -- 0x7f7694194f40 con 0x7f76940ff7a0
2024-05-11T15:57:49.924 INFO:teuthology.orchestra.run.smithi107.stderr:2024-05-11T15:57:49.921+0000 7f768a7fc700 1 -- 172.21.15.107:0/811516688 <== mon.0 v2:172.21.15.107:3300/0 3 ==== mon_map magic: 0 v1 ==== 229+0+0 (secure 0 0 0) 0x7f7690022e50 con 0x7f76940ff7a0
2024-05-11T15:57:49.924 INFO:teuthology.orchestra.run.smithi107.stderr:2024-05-11T15:57:49.921+0000 7f769b98e700 1 -- 172.21.15.107:0/811516688 --> [v2:172.21.15.107:3300/0,v1:172.21.15.107:6789/0] -- mon_subscribe({osdmap=0}) v3 -- 0x7f76941953e0 con 0x7f76940ff7a0
2024-05-11T15:57:49.924 INFO:teuthology.orchestra.run.smithi107.stderr:2024-05-11T15:57:49.922+0000 7f768a7fc700 1 -- 172.21.15.107:0/811516688 <== mon.0 v2:172.21.15.107:3300/0 4 ==== mgrmap(e 13) v1 ==== 45340+0+0 (secure 0 0 0) 0x7f769000f460 con 0x7f76940ff7a0
2024-05-11T15:57:49.924 INFO:teuthology.orchestra.run.smithi107.stderr:2024-05-11T15:57:49.922+0000 7f769b98e700 1 -- 172.21.15.107:0/811516688 --> [v2:172.21.15.107:3300/0,v1:172.21.15.107:6789/0] -- mon_command({"prefix": "get_command_descriptions"} v 0) v1 -- 0x7f769418e280 con 0x7f76940ff7a0
2024-05-11T15:57:49.924 INFO:teuthology.orchestra.run.smithi107.stderr:2024-05-11T15:57:49.922+0000 7f768a7fc700 1 --2- 172.21.15.107:0/811516688 >> [v2:172.21.15.107:6800/4061833736,v1:172.21.15.107:6801/4061833736] conn(0x7f76800383c0 0x7f768003a880 unknown :-1 s=NONE pgs=0 cs=0 l=1 rev1=0 crypto rx=0 tx=0 comp rx=0 tx=0).connect
2024-05-11T15:57:49.924 INFO:teuthology.orchestra.run.smithi107.stderr:2024-05-11T15:57:49.922+0000 7f768a7fc700 1 -- 172.21.15.107:0/811516688 <== mon.0 v2:172.21.15.107:3300/0 5 ==== osd_map(3..3 src has 1..3) v4 ==== 1155+0+0 (secure 0 0 0) 0x7f769004c580 con 0x7f76940ff7a0
2024-05-11T15:57:49.925 INFO:teuthology.orchestra.run.smithi107.stderr:2024-05-11T15:57:49.922+0000 7f7698f29700 1 --2- 172.21.15.107:0/811516688 >> [v2:172.21.15.107:6800/4061833736,v1:172.21.15.107:6801/4061833736] conn(0x7f76800383c0 0x7f768003a880 unknown :-1 s=BANNER_CONNECTING pgs=0 cs=0 l=1 rev1=0 crypto rx=0 tx=0 comp rx=0 tx=0)._handle_peer_banner_payload supported=3 required=0
2024-05-11T15:57:49.925 INFO:teuthology.orchestra.run.smithi107.stderr:2024-05-11T15:57:49.922+0000 7f7698f29700 1 --2- 172.21.15.107:0/811516688 >> [v2:172.21.15.107:6800/4061833736,v1:172.21.15.107:6801/4061833736] conn(0x7f76800383c0 0x7f768003a880 secure :-1 s=READY pgs=12 cs=0 l=1 rev1=1 crypto rx=0x7f7684006fd0 tx=0x7f7684006e40 comp rx=0 tx=0).ready entity=mgr.14162 client_cookie=0 server_cookie=0 in_seq=0 out_seq=0
2024-05-11T15:57:49.925 INFO:teuthology.orchestra.run.smithi107.stderr:2024-05-11T15:57:49.927+0000 7f768a7fc700 1 -- 172.21.15.107:0/811516688 <== mon.0 v2:172.21.15.107:3300/0 6 ==== mon_command_ack([{"prefix": "get_command_descriptions"}]=0 v0) v1 ==== 72+0+180422 (secure 0 0 0) 0x7f7690017440 con 0x7f76940ff7a0
2024-05-11T15:57:50.120 INFO:teuthology.orchestra.run.smithi107.stderr:2024-05-11T15:57:50.124+0000 7f769b98e700 1 -- 172.21.15.107:0/811516688 --> [v2:172.21.15.107:3300/0,v1:172.21.15.107:6789/0] -- mon_command([{prefix=config set, name=mgr/cephadm/allow_ptrace}] v 0) v1 -- 0x7f769402cc70 con 0x7f76940ff7a0
2024-05-11T15:57:50.123 INFO:teuthology.orchestra.run.smithi107.stderr:2024-05-11T15:57:50.127+0000 7f768a7fc700 1 -- 172.21.15.107:0/811516688 <== mon.0 v2:172.21.15.107:3300/0 7 ==== mon_command_ack([{prefix=config set, name=mgr/cephadm/allow_ptrace}]=0 v9)=0 v9) v1 ==== 125+0+0 (secure 0 0 0) 0x7f7690027020 con 0x7f76940ff7a0
2024-05-11T15:57:50.125 INFO:teuthology.orchestra.run.smithi107.stderr:2024-05-11T15:57:50.129+0000 7f769b98e700 1 -- 172.21.15.107:0/811516688 >> [v2:172.21.15.107:6800/4061833736,v1:172.21.15.107:6801/4061833736] conn(0x7f76800383c0 msgr2=0x7f768003a880 secure :-1 s=STATE_CONNECTION_ESTABLISHED l=1).mark_down
2024-05-11T15:57:50.126 INFO:teuthology.orchestra.run.smithi107.stderr:2024-05-11T15:57:50.129+0000 7f769b98e700 1 --2- 172.21.15.107:0/811516688 >> [v2:172.21.15.107:6800/4061833736,v1:172.21.15.107:6801/4061833736] conn(0x7f76800383c0 0x7f768003a880 secure :-1 s=READY pgs=12 cs=0 l=1 rev1=1 crypto rx=0x7f7684006fd0 tx=0x7f7684006e40 comp rx=0 tx=0).stop
2024-05-11T15:57:50.126 INFO:teuthology.orchestra.run.smithi107.stderr:2024-05-11T15:57:50.129+0000 7f769b98e700 1 -- 172.21.15.107:0/811516688 >> [v2:172.21.15.107:3300/0,v1:172.21.15.107:6789/0] conn(0x7f76940ff7a0 msgr2=0x7f7694194800 secure :-1 s=STATE_CONNECTION_ESTABLISHED l=1).mark_down
2024-05-11T15:57:50.126 INFO:teuthology.orchestra.run.smithi107.stderr:2024-05-11T15:57:50.129+0000 7f769b98e700 1 --2- 172.21.15.107:0/811516688 >> [v2:172.21.15.107:3300/0,v1:172.21.15.107:6789/0] conn(0x7f76940ff7a0 0x7f7694194800 secure :-1 s=READY pgs=91 cs=0 l=1 rev1=1 crypto rx=0x7f7690006010 tx=0x7f76900057b0 comp rx=0 tx=0).stop
2024-05-11T15:57:50.126 INFO:teuthology.orchestra.run.smithi107.stderr:2024-05-11T15:57:50.130+0000 7f769b98e700 1 -- 172.21.15.107:0/811516688 shutdown_connections
2024-05-11T15:57:50.126 INFO:teuthology.orchestra.run.smithi107.stderr:2024-05-11T15:57:50.130+0000 7f769b98e700 1 --2- 172.21.15.107:0/811516688 >> [v2:172.21.15.107:6800/4061833736,v1:172.21.15.107:6801/4061833736] conn(0x7f76800383c0 0x7f768003a880 unknown :-1 s=CLOSED pgs=12 cs=0 l=1 rev1=1 crypto rx=0 tx=0 comp rx=0 tx=0).stop
2024-05-11T15:57:50.126 INFO:teuthology.orchestra.run.smithi107.stderr:2024-05-11T15:57:50.130+0000 7f769b98e700 1 --2- 172.21.15.107:0/811516688 >> [v2:172.21.15.107:3300/0,v1:172.21.15.107:6789/0] conn(0x7f76940ff7a0 0x7f7694194800 unknown :-1 s=CLOSED pgs=91 cs=0 l=1 rev1=1 crypto rx=0 tx=0 comp rx=0 tx=0).stop
2024-05-11T15:57:50.126 INFO:teuthology.orchestra.run.smithi107.stderr:2024-05-11T15:57:50.130+0000 7f769b98e700 1 -- 172.21.15.107:0/811516688 >> 172.21.15.107:0/811516688 conn(0x7f76940fad20 msgr2=0x7f76940fba60 unknown :-1 s=STATE_NONE l=0).mark_down
2024-05-11T15:57:50.126 INFO:teuthology.orchestra.run.smithi107.stderr:2024-05-11T15:57:50.130+0000 7f769b98e700 1 -- 172.21.15.107:0/811516688 shutdown_connections
2024-05-11T15:57:50.126 INFO:teuthology.orchestra.run.smithi107.stderr:2024-05-11T15:57:50.130+0000 7f769b98e700 1 -- 172.21.15.107:0/811516688 wait complete.
2024-05-11T15:57:50.775 INFO:tasks.cephadm:Distributing conf and client.admin keyring to all hosts + 0755
2024-05-11T15:57:50.775 DEBUG:teuthology.orchestra.run.smithi107:> sudo /home/ubuntu/cephtest/cephadm --image quay.io/ceph/ceph:v18.2.1 shell -c /etc/ceph/ceph.conf -k /etc/ceph/ceph.client.admin.keyring --fsid f45f4a1c-0fae-11ef-bc98-c7b262605968 -- ceph orch client-keyring set client.admin '*' --mode 0755
2024-05-11T15:57:51.047 INFO:teuthology.orchestra.run.smithi107.stderr:Inferring config /var/lib/ceph/f45f4a1c-0fae-11ef-bc98-c7b262605968/mon.smithi107/config
2024-05-11T15:57:51.410 INFO:journalctl@ceph.mon.smithi107.smithi107.stdout:May 11 15:57:51 smithi107 ceph-mon[39944]: from='client.? 172.21.15.107:0/811516688' entity='client.admin'
2024-05-11T15:57:52.858 INFO:journalctl@ceph.mon.smithi107.smithi107.stdout:May 11 15:57:52 smithi107 ceph-mon[39944]: from='mgr.14162 172.21.15.107:0/3883610963' entity='mgr.smithi107.ewkdip'
2024-05-11T15:57:52.858 INFO:journalctl@ceph.mon.smithi107.smithi107.stdout:May 11 15:57:52 smithi107 ceph-mon[39944]: from='mgr.14162 172.21.15.107:0/3883610963' entity='mgr.smithi107.ewkdip'
2024-05-11T15:57:52.858 INFO:journalctl@ceph.mon.smithi107.smithi107.stdout:May 11 15:57:52 smithi107 ceph-mon[39944]: from='mgr.14162 172.21.15.107:0/3883610963' entity='mgr.smithi107.ewkdip' cmd=[{"prefix": "config rm", "who": "osd/host:smithi107", "name": "osd_memory_target"}]: dispatch
2024-05-11T15:57:52.858 INFO:journalctl@ceph.mon.smithi107.smithi107.stdout:May 11 15:57:52 smithi107 ceph-mon[39944]: from='mgr.14162 172.21.15.107:0/3883610963' entity='mgr.smithi107.ewkdip'
2024-05-11T15:57:52.858 INFO:journalctl@ceph.mon.smithi107.smithi107.stdout:May 11 15:57:52 smithi107 ceph-mon[39944]: from='mgr.14162 172.21.15.107:0/3883610963' entity='mgr.smithi107.ewkdip' cmd=[{"prefix": "auth get-or-create", "entity": "client.ceph-exporter.smithi107", "caps": ["mon", "profile ceph-exporter", "mon", "allow r", "mgr", "allow r", "osd", "allow r"]}]: dispatch
2024-05-11T15:57:52.858 INFO:journalctl@ceph.mon.smithi107.smithi107.stdout:May 11 15:57:52 smithi107 ceph-mon[39944]: from='mgr.14162 172.21.15.107:0/3883610963' entity='mgr.smithi107.ewkdip' cmd='[{"prefix": "auth get-or-create", "entity": "client.ceph-exporter.smithi107", "caps": ["mon", "profile ceph-exporter", "mon", "allow r", "mgr", "allow r", "osd", "allow r"]}]': finished
2024-05-11T15:57:52.858 INFO:journalctl@ceph.mon.smithi107.smithi107.stdout:May 11 15:57:52 smithi107 ceph-mon[39944]: from='mgr.14162 172.21.15.107:0/3883610963' entity='mgr.smithi107.ewkdip' cmd=[{"prefix": "config generate-minimal-conf"}]: dispatch
2024-05-11T15:57:52.858 INFO:journalctl@ceph.mon.smithi107.smithi107.stdout:May 11 15:57:52 smithi107 ceph-mon[39944]: Deploying daemon ceph-exporter.smithi107 on smithi107
2024-05-11T15:57:54.351 INFO:teuthology.orchestra.run.smithi107.stderr:2024-05-11T15:57:54.306+0000 7f8c54ca2700 1 -- 172.21.15.107:0/1456648216 >> [v2:172.21.15.107:3300/0,v1:172.21.15.107:6789/0] conn(0x7f8c500ff7a0 msgr2=0x7f8c500ffbc0 secure :-1 s=STATE_CONNECTION_ESTABLISHED l=1).mark_down
2024-05-11T15:57:54.351 INFO:teuthology.orchestra.run.smithi107.stderr:2024-05-11T15:57:54.306+0000 7f8c54ca2700 1 --2- 172.21.15.107:0/1456648216 >> [v2:172.21.15.107:3300/0,v1:172.21.15.107:6789/0] conn(0x7f8c500ff7a0 0x7f8c500ffbc0 secure :-1 s=READY pgs=92 cs=0 l=1 rev1=1 crypto rx=0x7f8c40009910 tx=0x7f8c40009c20 comp rx=0 tx=0).stop
2024-05-11T15:57:54.351 INFO:teuthology.orchestra.run.smithi107.stderr:2024-05-11T15:57:54.306+0000 7f8c54ca2700 1 -- 172.21.15.107:0/1456648216 shutdown_connections
