2024-05-12T03:50:39.449+0000 7f950affd700 1 -- 172.21.15.32:0/2127278389 <== mon.0 v2:172.21.15.32:3300/0 4 ==== mgrmap(e 4) v1 ==== 43365+0+0 (secure 0 0 0) 0x7f950c0247a0 con 0x7f951c102610
2024-05-12T03:50:40.309 INFO:teuthology.orchestra.run.smithi032.stdout:/usr/bin/ceph: stderr
2024-05-12T03:50:39.449+0000 7f9520ad7700 1 -- 172.21.15.32:0/2127278389 --> [v2:172.21.15.32:3300/0,v1:172.21.15.32:6789/0] -- mon_command({"prefix": "get_command_descriptions"} v 0) v1 -- 0x7f951c04bed0 con 0x7f951c102610
2024-05-12T03:50:40.309 INFO:teuthology.orchestra.run.smithi032.stdout:/usr/bin/ceph: stderr
2024-05-12T03:50:39.449+0000 7f950affd700 1 --2- 172.21.15.32:0/2127278389 >> [v2:172.21.15.32:6800/1121526649,v1:172.21.15.32:6801/1121526649] conn(0x7f9504036790 0x7f9504038c40 unknown :-1 s=NONE pgs=0 cs=0 l=1 rev1=0 crypto rx=0 tx=0 comp rx=0 tx=0).connect
2024-05-12T03:50:40.309 INFO:teuthology.orchestra.run.smithi032.stdout:/usr/bin/ceph: stderr
2024-05-12T03:50:39.449+0000 7f950affd700 1 -- 172.21.15.32:0/2127278389 <== mon.0 v2:172.21.15.32:3300/0 5 ==== osd_map(1..1 src has 1..1) v4 ==== 721+0+0 (secure 0 0 0) 0x7f950c04ae40 con 0x7f951c102610
2024-05-12T03:50:40.309 INFO:teuthology.orchestra.run.smithi032.stdout:/usr/bin/ceph: stderr
2024-05-12T03:50:39.449+0000 7f9519d9b700 1 --2- 172.21.15.32:0/2127278389 >> [v2:172.21.15.32:6800/1121526649,v1:172.21.15.32:6801/1121526649] conn(0x7f9504036790 0x7f9504038c40 unknown :-1 s=BANNER_CONNECTING pgs=0 cs=0 l=1 rev1=0 crypto rx=0 tx=0 comp rx=0 tx=0)._handle_peer_banner_payload supported=3 required=0
2024-05-12T03:50:40.309 INFO:teuthology.orchestra.run.smithi032.stdout:/usr/bin/ceph: stderr
2024-05-12T03:50:39.449+0000 7f9519d9b700 1 --2- 172.21.15.32:0/2127278389 >> [v2:172.21.15.32:6800/1121526649,v1:172.21.15.32:6801/1121526649] conn(0x7f9504036790 0x7f9504038c40 secure :-1 s=READY pgs=6 cs=0 l=1 rev1=1 crypto rx=0x7f9510009990 tx=0x7f9510006e40 comp rx=0 tx=0).ready entity=mgr.14100 client_cookie=0 server_cookie=0 in_seq=0 out_seq=0
2024-05-12T03:50:40.309 INFO:teuthology.orchestra.run.smithi032.stdout:/usr/bin/ceph: stderr
2024-05-12T03:50:39.454+0000 7f950affd700 1 -- 172.21.15.32:0/2127278389 <== mon.0 v2:172.21.15.32:3300/0 6 ==== mon_command_ack([{"prefix": "get_command_descriptions"}]=0 v0) v1 ==== 72+0+176702 (secure 0 0 0) 0x7f950c023800 con 0x7f951c102610
2024-05-12T03:50:40.309 INFO:teuthology.orchestra.run.smithi032.stdout:/usr/bin/ceph: stderr
2024-05-12T03:50:39.728+0000 7f9520ad7700 1 -- 172.21.15.32:0/2127278389 --> [v2:172.21.15.32:3300/0,v1:172.21.15.32:6789/0] -- mon_command({"prefix": "status", "format": "json-pretty"} v 0) v1 -- 0x7f951c077e20 con 0x7f951c102610
2024-05-12T03:50:40.309 INFO:teuthology.orchestra.run.smithi032.stdout:/usr/bin/ceph: stderr
2024-05-12T03:50:39.728+0000 7f950affd700 1 -- 172.21.15.32:0/2127278389 <== mon.0 v2:172.21.15.32:3300/0 7 ==== mon_command_ack([{"prefix": "status", "format": "json-pretty"}]=0 v0) v1 ==== 79+0+1248 (secure 0 0 0) 0x7f950c023800 con 0x7f951c102610
2024-05-12T03:50:40.309 INFO:teuthology.orchestra.run.smithi032.stdout:/usr/bin/ceph: stderr
2024-05-12T03:50:39.730+0000 7f9520ad7700 1 -- 172.21.15.32:0/2127278389 >> [v2:172.21.15.32:6800/1121526649,v1:172.21.15.32:6801/1121526649] conn(0x7f9504036790 msgr2=0x7f9504038c40 secure :-1 s=STATE_CONNECTION_ESTABLISHED l=1).mark_down
2024-05-12T03:50:40.309 INFO:teuthology.orchestra.run.smithi032.stdout:/usr/bin/ceph: stderr
2024-05-12T03:50:39.730+0000 7f9520ad7700 1 --2- 172.21.15.32:0/2127278389 >> [v2:172.21.15.32:6800/1121526649,v1:172.21.15.32:6801/1121526649] conn(0x7f9504036790 0x7f9504038c40 secure :-1 s=READY pgs=6 cs=0 l=1 rev1=1 crypto rx=0x7f9510009990 tx=0x7f9510006e40 comp rx=0 tx=0).stop
2024-05-12T03:50:40.309 INFO:teuthology.orchestra.run.smithi032.stdout:/usr/bin/ceph: stderr
2024-05-12T03:50:39.730+0000 7f9520ad7700 1 -- 172.21.15.32:0/2127278389 >> [v2:172.21.15.32:3300/0,v1:172.21.15.32:6789/0] conn(0x7f951c102610 msgr2=0x7f951c078c30 secure :-1 s=STATE_CONNECTION_ESTABLISHED l=1).mark_down
2024-05-12T03:50:40.309 INFO:teuthology.orchestra.run.smithi032.stdout:/usr/bin/ceph: stderr
2024-05-12T03:50:39.730+0000 7f9520ad7700 1 --2- 172.21.15.32:0/2127278389 >> [v2:172.21.15.32:3300/0,v1:172.21.15.32:6789/0] conn(0x7f951c102610 0x7f951c078c30 secure :-1 s=READY pgs=17 cs=0 l=1 rev1=1 crypto rx=0x7f950c000c00 tx=0x7f950c009250 comp rx=0 tx=0).stop
2024-05-12T03:50:40.310 INFO:teuthology.orchestra.run.smithi032.stdout:/usr/bin/ceph: stderr
2024-05-12T03:50:39.730+0000 7f9520ad7700 1 -- 172.21.15.32:0/2127278389 shutdown_connections
2024-05-12T03:50:40.310 INFO:teuthology.orchestra.run.smithi032.stdout:/usr/bin/ceph: stderr
2024-05-12T03:50:39.730+0000 7f9520ad7700 1 --2- 172.21.15.32:0/2127278389 >> [v2:172.21.15.32:6800/1121526649,v1:172.21.15.32:6801/1121526649] conn(0x7f9504036790 0x7f9504038c40 unknown :-1 s=CLOSED pgs=6 cs=0 l=1 rev1=1 crypto rx=0 tx=0 comp rx=0 tx=0).stop
2024-05-12T03:50:40.310 INFO:teuthology.orchestra.run.smithi032.stdout:/usr/bin/ceph: stderr
2024-05-12T03:50:39.730+0000 7f9520ad7700 1 --2- 172.21.15.32:0/2127278389 >> [v2:172.21.15.32:3300/0,v1:172.21.15.32:6789/0] conn(0x7f951c102610 0x7f951c078c30 unknown :-1 s=CLOSED pgs=17 cs=0 l=1 rev1=1 crypto rx=0 tx=0 comp rx=0 tx=0).stop
2024-05-12T03:50:40.310 INFO:teuthology.orchestra.run.smithi032.stdout:/usr/bin/ceph: stderr
2024-05-12T03:50:39.730+0000 7f9520ad7700 1 -- 172.21.15.32:0/2127278389 >> 172.21.15.32:0/2127278389 conn(0x7f951c0fddd0 msgr2=0x7f951c0fe8f0 unknown :-1 s=STATE_NONE l=0).mark_down
2024-05-12T03:50:40.310 INFO:teuthology.orchestra.run.smithi032.stdout:/usr/bin/ceph: stderr
2024-05-12T03:50:39.730+0000 7f9520ad7700 1 -- 172.21.15.32:0/2127278389 shutdown_connections
2024-05-12T03:50:40.310 INFO:teuthology.orchestra.run.smithi032.stdout:/usr/bin/ceph: stderr
2024-05-12T03:50:39.730+0000 7f9520ad7700 1 -- 172.21.15.32:0/2127278389 wait complete.
2024-05-12T03:50:40.310 INFO:teuthology.orchestra.run.smithi032.stdout:mgr is available
2024-05-12T03:50:41.289 INFO:journalctl@ceph.mon.smithi032.smithi032.stdout:May 12 03:50:41 smithi032 ceph-mon[40008]: from='client.? 172.21.15.32:0/2337043245' entity='client.admin' cmd=[{"prefix": "config assimilate-conf"}]: dispatch
2024-05-12T03:50:41.632 INFO:teuthology.orchestra.run.smithi032.stdout:/usr/bin/ceph: stdout
2024-05-12T03:50:41.633 INFO:teuthology.orchestra.run.smithi032.stdout:/usr/bin/ceph: stdout [global]
2024-05-12T03:50:41.633 INFO:teuthology.orchestra.run.smithi032.stdout:/usr/bin/ceph: stdout fsid = a3e178f8-1012-11ef-bc98-c7b262605968
2024-05-12T03:50:41.633 INFO:teuthology.orchestra.run.smithi032.stdout:/usr/bin/ceph: stdout mon_osd_allow_pg_remap = true
2024-05-12T03:50:41.633 INFO:teuthology.orchestra.run.smithi032.stdout:/usr/bin/ceph: stdout mon_osd_allow_primary_affinity = true
2024-05-12T03:50:41.633 INFO:teuthology.orchestra.run.smithi032.stdout:/usr/bin/ceph: stdout mon_warn_on_no_sortbitwise = false
2024-05-12T03:50:41.633 INFO:teuthology.orchestra.run.smithi032.stdout:/usr/bin/ceph: stdout osd_crush_chooseleaf_type = 0
2024-05-12T03:50:41.633 INFO:teuthology.orchestra.run.smithi032.stdout:/usr/bin/ceph: stdout
2024-05-12T03:50:41.633 INFO:teuthology.orchestra.run.smithi032.stdout:/usr/bin/ceph: stdout [mgr]
2024-05-12T03:50:41.633 INFO:teuthology.orchestra.run.smithi032.stdout:/usr/bin/ceph: stdout mgr/telemetry/nag = false
2024-05-12T03:50:41.633 INFO:teuthology.orchestra.run.smithi032.stdout:/usr/bin/ceph: stdout
2024-05-12T03:50:41.633 INFO:teuthology.orchestra.run.smithi032.stdout:/usr/bin/ceph: stdout [osd]
2024-05-12T03:50:41.633 INFO:teuthology.orchestra.run.smithi032.stdout:/usr/bin/ceph: stdout mon_osd_backfillfull_ratio = 0.85
2024-05-12T03:50:41.634 INFO:teuthology.orchestra.run.smithi032.stdout:/usr/bin/ceph: stdout mon_osd_full_ratio = 0.9
2024-05-12T03:50:41.634 INFO:teuthology.orchestra.run.smithi032.stdout:/usr/bin/ceph: stdout mon_osd_nearfull_ratio = 0.8
2024-05-12T03:50:41.634 INFO:teuthology.orchestra.run.smithi032.stdout:/usr/bin/ceph: stdout osd_map_max_advance = 10
2024-05-12T03:50:41.634 INFO:teuthology.orchestra.run.smithi032.stdout:/usr/bin/ceph: stdout osd_sloppy_crc = true
2024-05-12T03:50:41.634 INFO:teuthology.orchestra.run.smithi032.stdout:/usr/bin/ceph: stderr
2024-05-12T03:50:40.793+0000 7fe1792b7700 1 Processor -- start
2024-05-12T03:50:41.634 INFO:teuthology.orchestra.run.smithi032.stdout:/usr/bin/ceph: stderr
2024-05-12T03:50:40.793+0000 7fe1792b7700 1 -- start start
2024-05-12T03:50:41.634 INFO:teuthology.orchestra.run.smithi032.stdout:/usr/bin/ceph: stderr
2024-05-12T03:50:40.793+0000 7fe1792b7700 1 --2- >> [v2:172.21.15.32:3300/0,v1:172.21.15.32:6789/0] conn(0x7fe174076bd0 0x7fe174105200 unknown :-1 s=NONE pgs=0 cs=0 l=0 rev1=0 crypto rx=0 tx=0 comp rx=0 tx=0).connect
2024-05-12T03:50:41.634 INFO:teuthology.orchestra.run.smithi032.stdout:/usr/bin/ceph: stderr
2024-05-12T03:50:40.793+0000 7fe1792b7700 1 -- --> [v2:172.21.15.32:3300/0,v1:172.21.15.32:6789/0] -- mon_getmap magic: 0 v1 -- 0x7fe174105740 con 0x7fe174076bd0
2024-05-12T03:50:41.634 INFO:teuthology.orchestra.run.smithi032.stdout:/usr/bin/ceph: stderr
2024-05-12T03:50:40.794+0000 7fe172ffd700 1 --2- >> [v2:172.21.15.32:3300/0,v1:172.21.15.32:6789/0] conn(0x7fe174076bd0 0x7fe174105200 unknown :-1 s=BANNER_CONNECTING pgs=0 cs=0 l=0 rev1=0 crypto rx=0 tx=0 comp rx=0 tx=0)._handle_peer_banner_payload supported=3 required=0
2024-05-12T03:50:41.634 INFO:teuthology.orchestra.run.smithi032.stdout:/usr/bin/ceph: stderr
2024-05-12T03:50:40.794+0000 7fe172ffd700 1 --2- >> [v2:172.21.15.32:3300/0,v1:172.21.15.32:6789/0] conn(0x7fe174076bd0 0x7fe174105200 unknown :-1 s=HELLO_CONNECTING pgs=0 cs=0 l=0 rev1=1 crypto rx=0 tx=0 comp rx=0 tx=0).handle_hello peer v2:172.21.15.32:3300/0 says I am v2:172.21.15.32:36256/0 (socket says 172.21.15.32:36256)
2024-05-12T03:50:41.634 INFO:teuthology.orchestra.run.smithi032.stdout:/usr/bin/ceph: stderr
2024-05-12T03:50:40.794+0000 7fe172ffd700 1 -- 172.21.15.32:0/1470499576 learned_addr learned my addr 172.21.15.32:0/1470499576 (peer_addr_for_me v2:172.21.15.32:0/0)
2024-05-12T03:50:41.634 INFO:teuthology.orchestra.run.smithi032.stdout:/usr/bin/ceph: stderr
2024-05-12T03:50:40.794+0000 7fe172ffd700 1 -- 172.21.15.32:0/1470499576 --> [v2:172.21.15.32:3300/0,v1:172.21.15.32:6789/0] -- mon_subscribe({config=0+,monmap=0+}) v3 -- 0x7fe174105880 con 0x7fe174076bd0
2024-05-12T03:50:41.634 INFO:teuthology.orchestra.run.smithi032.stdout:/usr/bin/ceph: stderr
2024-05-12T03:50:40.794+0000 7fe172ffd700 1 --2- 172.21.15.32:0/1470499576 >> [v2:172.21.15.32:3300/0,v1:172.21.15.32:6789/0] conn(0x7fe174076bd0 0x7fe174105200 secure :-1 s=READY pgs=18 cs=0 l=1 rev1=1 crypto rx=0x7fe1680098e0 tx=0x7fe168009250 comp rx=0 tx=0).ready entity=mon.0 client_cookie=b5b05a09c30fec73 server_cookie=0 in_seq=0 out_seq=0
2024-05-12T03:50:41.635 INFO:teuthology.orchestra.run.smithi032.stdout:/usr/bin/ceph: stderr
2024-05-12T03:50:40.794+0000 7fe171ffb700 1 -- 172.21.15.32:0/1470499576 <== mon.0 v2:172.21.15.32:3300/0 1 ==== mon_map magic: 0 v1 ==== 229+0+0 (secure 0 0 0) 0x7fe16800b860 con 0x7fe174076bd0
2024-05-12T03:50:41.635 INFO:teuthology.orchestra.run.smithi032.stdout:/usr/bin/ceph: stderr
2024-05-12T03:50:40.794+0000 7fe171ffb700 1 -- 172.21.15.32:0/1470499576 <== mon.0 v2:172.21.15.32:3300/0 2 ==== config(26 keys) v1 ==== 1009+0+0 (secure 0 0 0) 0x7fe16800be30 con 0x7fe174076bd0
2024-05-12T03:50:41.635 INFO:teuthology.orchestra.run.smithi032.stdout:/usr/bin/ceph: stderr
2024-05-12T03:50:40.794+0000 7fe171ffb700 1 -- 172.21.15.32:0/1470499576 <== mon.0 v2:172.21.15.32:3300/0 3 ==== mon_map magic: 0 v1 ==== 229+0+0 (secure 0 0 0) 0x7fe168010380 con 0x7fe174076bd0
2024-05-12T03:50:41.635 INFO:teuthology.orchestra.run.smithi032.stdout:/usr/bin/ceph: stderr
2024-05-12T03:50:40.795+0000 7fe1792b7700 1 -- 172.21.15.32:0/1470499576 >> [v2:172.21.15.32:3300/0,v1:172.21.15.32:6789/0] conn(0x7fe174076bd0 msgr2=0x7fe174105200 secure :-1 s=STATE_CONNECTION_ESTABLISHED l=1).mark_down
2024-05-12T03:50:41.635 INFO:teuthology.orchestra.run.smithi032.stdout:/usr/bin/ceph: stderr
2024-05-12T03:50:40.795+0000 7fe1792b7700 1 --2- 172.21.15.32:0/1470499576 >> [v2:172.21.15.32:3300/0,v1:172.21.15.32:6789/0] conn(0x7fe174076bd0 0x7fe174105200 secure :-1 s=READY pgs=18 cs=0 l=1 rev1=1 crypto rx=0x7fe1680098e0 tx=0x7fe168009250 comp rx=0 tx=0).stop
2024-05-12T03:50:41.635 INFO:teuthology.orchestra.run.smithi032.stdout:/usr/bin/ceph: stderr
2024-05-12T03:50:40.795+0000 7fe1792b7700 1 -- 172.21.15.32:0/1470499576 shutdown_connections
2024-05-12T03:50:41.635 INFO:teuthology.orchestra.run.smithi032.stdout:/usr/bin/ceph: stderr
2024-05-12T03:50:40.795+0000 7fe1792b7700 1 --2- 172.21.15.32:0/1470499576 >> [v2:172.21.15.32:3300/0,v1:172.21.15.32:6789/0] conn(0x7fe174076bd0 0x7fe174105200 unknown :-1 s=CLOSED pgs=18 cs=0 l=1 rev1=1 crypto rx=0 tx=0 comp rx=0 tx=0).stop
2024-05-12T03:50:41.635 INFO:teuthology.orchestra.run.smithi032.stdout:/usr/bin/ceph: stderr
2024-05-12T03:50:40.795+0000 7fe1792b7700 1 -- 172.21.15.32:0/1470499576 >> 172.21.15.32:0/1470499576 conn(0x7fe1740fcc50 msgr2=0x7fe1740ff080 unknown :-1 s=STATE_NONE l=0).mark_down
2024-05-12T03:50:41.635 INFO:teuthology.orchestra.run.smithi032.stdout:/usr/bin/ceph: stderr
2024-05-12T03:50:40.795+0000 7fe1792b7700 1 -- 172.21.15.32:0/1470499576 shutdown_connections
2024-05-12T03:50:41.635 INFO:teuthology.orchestra.run.smithi032.stdout:/usr/bin/ceph: stderr
2024-05-12T03:50:40.795+0000 7fe1792b7700 1 -- 172.21.15.32:0/1470499576 wait complete.
2024-05-12T03:50:41.635 INFO:teuthology.orchestra.run.smithi032.stdout:/usr/bin/ceph: stderr
2024-05-12T03:50:40.796+0000 7fe1792b7700 1 Processor -- start
2024-05-12T03:50:41.635 INFO:teuthology.orchestra.run.smithi032.stdout:/usr/bin/ceph: stderr
2024-05-12T03:50:40.796+0000 7fe1792b7700 1 -- start start
2024-05-12T03:50:41.635 INFO:teuthology.orchestra.run.smithi032.stdout:/usr/bin/ceph: stderr
2024-05-12T03:50:40.796+0000 7fe1792b7700 1 --2- >> [v2:172.21.15.32:3300/0,v1:172.21.15.32:6789/0] conn(0x7fe174076bd0 0x7fe174111370 unknown :-1 s=NONE pgs=0 cs=0 l=1 rev1=0 crypto rx=0 tx=0 comp rx=0 tx=0).connect
2024-05-12T03:50:41.635 INFO:teuthology.orchestra.run.smithi032.stdout:/usr/bin/ceph: stderr
2024-05-12T03:50:40.796+0000 7fe1792b7700 1 -- --> [v2:172.21.15.32:3300/0,v1:172.21.15.32:6789/0] -- mon_getmap magic: 0 v1 -- 0x7fe1741118b0 con 0x7fe174076bd0
2024-05-12T03:50:41.636 INFO:teuthology.orchestra.run.smithi032.stdout:/usr/bin/ceph: stderr
2024-05-12T03:50:40.796+0000 7fe172ffd700 1 --2- >> [v2:172.21.15.32:3300/0,v1:172.21.15.32:6789/0] conn(0x7fe174076bd0 0x7fe174111370 unknown :-1 s=BANNER_CONNECTING pgs=0 cs=0 l=1 rev1=0 crypto rx=0 tx=0 comp rx=0 tx=0)._handle_peer_banner_payload supported=3 required=0
2024-05-12T03:50:41.636 INFO:teuthology.orchestra.run.smithi032.stdout:/usr/bin/ceph: stderr
2024-05-12T03:50:40.796+0000 7fe172ffd700 1 --2- >> [v2:172.21.15.32:3300/0,v1:172.21.15.32:6789/0] conn(0x7fe174076bd0 0x7fe174111370 unknown :-1 s=HELLO_CONNECTING pgs=0 cs=0 l=1 rev1=1 crypto rx=0 tx=0 comp rx=0 tx=0).handle_hello peer v2:172.21.15.32:3300/0 says I am v2:172.21.15.32:36262/0 (socket says 172.21.15.32:36262)
2024-05-12T03:50:41.636 INFO:teuthology.orchestra.run.smithi032.stdout:/usr/bin/ceph: stderr
2024-05-12T03:50:40.796+0000 7fe172ffd700 1 -- 172.21.15.32:0/2337043245 learned_addr learned my addr 172.21.15.32:0/2337043245 (peer_addr_for_me v2:172.21.15.32:0/0)
2024-05-12T03:50:41.636 INFO:teuthology.orchestra.run.smithi032.stdout:/usr/bin/ceph: stderr
2024-05-12T03:50:40.796+0000 7fe172ffd700 1 -- 172.21.15.32:0/2337043245 --> [v2:172.21.15.32:3300/0,v1:172.21.15.32:6789/0] -- mon_subscribe({config=0+,monmap=0+}) v3 -- 0x7fe1680094f0 con 0x7fe174076bd0
2024-05-12T03:50:41.636 INFO:teuthology.orchestra.run.smithi032.stdout:/usr/bin/ceph: stderr
2024-05-12T03:50:40.796+0000 7fe172ffd700 1 --2- 172.21.15.32:0/2337043245 >> [v2:172.21.15.32:3300/0,v1:172.21.15.32:6789/0] conn(0x7fe174076bd0 0x7fe174111370 secure :-1 s=READY pgs=19 cs=0 l=1 rev1=1 crypto rx=0x7fe168006d40 tx=0x7fe168009250 comp rx=0 tx=0).ready entity=mon.0 client_cookie=0 server_cookie=0 in_seq=0 out_seq=0
2024-05-12T03:50:41.636 INFO:teuthology.orchestra.run.smithi032.stdout:/usr/bin/ceph: stderr
2024-05-12T03:50:40.796+0000 7fe15b7fe700 1 -- 172.21.15.32:0/2337043245 <== mon.0 v2:172.21.15.32:3300/0 1 ==== mon_map magic: 0 v1 ==== 229+0+0 (secure 0 0 0) 0x7fe1680109b0 con 0x7fe174076bd0
2024-05-12T03:50:41.636 INFO:teuthology.orchestra.run.smithi032.stdout:/usr/bin/ceph: stderr
2024-05-12T03:50:40.796+0000 7fe15b7fe700 1 -- 172.21.15.32:0/2337043245 <== mon.0 v2:172.21.15.32:3300/0 2 ==== config(26 keys) v1 ==== 1009+0+0 (secure 0 0 0) 0x7fe168024440 con 0x7fe174076bd0
2024-05-12T03:50:41.636 INFO:teuthology.orchestra.run.smithi032.stdout:/usr/bin/ceph: stderr
2024-05-12T03:50:40.796+0000 7fe1792b7700 1 -- 172.21.15.32:0/2337043245 --> [v2:172.21.15.32:3300/0,v1:172.21.15.32:6789/0] -- mon_subscribe({mgrmap=0+}) v3 -- 0x7fe174111ab0 con 0x7fe174076bd0
2024-05-12T03:50:41.636 INFO:teuthology.orchestra.run.smithi032.stdout:/usr/bin/ceph: stderr
2024-05-12T03:50:40.797+0000 7fe15b7fe700 1 -- 172.21.15.32:0/2337043245 <== mon.0 v2:172.21.15.32:3300/0 3 ==== mon_map magic: 0 v1 ==== 229+0+0 (secure 0 0 0) 0x7fe16801a5f0 con 0x7fe174076bd0
2024-05-12T03:50:41.636 INFO:teuthology.orchestra.run.smithi032.stdout:/usr/bin/ceph: stderr
2024-05-12T03:50:40.797+0000 7fe1792b7700 1 -- 172.21.15.32:0/2337043245 --> [v2:172.21.15.32:3300/0,v1:172.21.15.32:6789/0] -- mon_subscribe({osdmap=0}) v3 -- 0x7fe174112620 con 0x7fe174076bd0
2024-05-12T03:50:41.636 INFO:teuthology.orchestra.run.smithi032.stdout:/usr/bin/ceph: stderr
2024-05-12T03:50:40.797+0000 7fe15b7fe700 1 -- 172.21.15.32:0/2337043245 <== mon.0 v2:172.21.15.32:3300/0 4 ==== mgrmap(e 4) v1 ==== 43365+0+0 (secure 0 0 0) 0x7fe16801a870 con 0x7fe174076bd0
2024-05-12T03:50:41.636 INFO:teuthology.orchestra.run.smithi032.stdout:/usr/bin/ceph: stderr
2024-05-12T03:50:40.798+0000 7fe1792b7700 1 -- 172.21.15.32:0/2337043245 --> [v2:172.21.15.32:3300/0,v1:172.21.15.32:6789/0] -- mon_command({"prefix": "get_command_descriptions"} v 0) v1 -- 0x7fe17405f5c0 con 0x7fe174076bd0
2024-05-12T03:50:41.636 INFO:teuthology.orchestra.run.smithi032.stdout:/usr/bin/ceph: stderr
2024-05-12T03:50:40.798+0000 7fe15b7fe700 1 --2- 172.21.15.32:0/2337043245 >> [v2:172.21.15.32:6800/1121526649,v1:172.21.15.32:6801/1121526649] conn(0x7fe15c036740 0x7fe15c038bf0 unknown :-1 s=NONE pgs=0 cs=0 l=1 rev1=0 crypto rx=0 tx=0 comp rx=0 tx=0).connect
2024-05-12T03:50:41.636 INFO:teuthology.orchestra.run.smithi032.stdout:/usr/bin/ceph: stderr
2024-05-12T03:50:40.798+0000 7fe15b7fe700 1 -- 172.21.15.32:0/2337043245 <== mon.0 v2:172.21.15.32:3300/0 5 ==== osd_map(1..1 src has 1..1) v4 ==== 721+0+0 (secure 0 0 0) 0x7fe16804a700 con 0x7fe174076bd0
2024-05-12T03:50:41.637 INFO:teuthology.orchestra.run.smithi032.stdout:/usr/bin/ceph: stderr
2024-05-12T03:50:40.798+0000 7fe1727fc700 1 --2- 172.21.15.32:0/2337043245 >> [v2:172.21.15.32:6800/1121526649,v1:172.21.15.32:6801/1121526649] conn(0x7fe15c036740 0x7fe15c038bf0 unknown :-1 s=BANNER_CONNECTING pgs=0 cs=0 l=1 rev1=0 crypto rx=0 tx=0 comp rx=0 tx=0)._handle_peer_banner_payload supported=3 required=0
2024-05-12T03:50:41.637 INFO:teuthology.orchestra.run.smithi032.stdout:/usr/bin/ceph: stderr
2024-05-12T03:50:40.798+0000 7fe1727fc700 1 --2- 172.21.15.32:0/2337043245 >> [v2:172.21.15.32:6800/1121526649,v1:172.21.15.32:6801/1121526649] conn(0x7fe15c036740 0x7fe15c038bf0 secure :-1 s=READY pgs=7 cs=0 l=1 rev1=1 crypto rx=0x7fe164009990 tx=0x7fe164006e40 comp rx=0 tx=0).ready entity=mgr.14100 client_cookie=0 server_cookie=0 in_seq=0 out_seq=0
2024-05-12T03:50:41.637 INFO:teuthology.orchestra.run.smithi032.stdout:/usr/bin/ceph: stderr
2024-05-12T03:50:40.802+0000 7fe15b7fe700 1 -- 172.21.15.32:0/2337043245 <== mon.0 v2:172.21.15.32:3300/0 6 ==== mon_command_ack([{"prefix": "get_command_descriptions"}]=0 v0) v1 ==== 72+0+176702 (secure 0 0 0) 0x7fe1680189a0 con 0x7fe174076bd0
2024-05-12T03:50:41.637 INFO:teuthology.orchestra.run.smithi032.stdout:/usr/bin/ceph: stderr
2024-05-12T03:50:40.998+0000 7fe1792b7700 1 -- 172.21.15.32:0/2337043245 --> [v2:172.21.15.32:3300/0,v1:172.21.15.32:6789/0] -- mon_command({"prefix": "config assimilate-conf"} v 0) v1 -- 0x7fe17404bed0 con 0x7fe174076bd0
2024-05-12T03:50:41.637 INFO:teuthology.orchestra.run.smithi032.stdout:/usr/bin/ceph: stderr
2024-05-12T03:50:40.999+0000 7fe15b7fe700 1 -- 172.21.15.32:0/2337043245 <== mon.0 v2:172.21.15.32:3300/0 7 ==== mon_command_ack([{"prefix": "config assimilate-conf"}]=0 v3) v1 ==== 70+0+373 (secure 0 0 0) 0x7fe168018350 con 0x7fe174076bd0
2024-05-12T03:50:41.637 INFO:teuthology.orchestra.run.smithi032.stdout:/usr/bin/ceph: stderr
2024-05-12T03:50:41.001+0000 7fe1792b7700 1 -- 172.21.15.32:0/2337043245 >> [v2:172.21.15.32:6800/1121526649,v1:172.21.15.32:6801/1121526649] conn(0x7fe15c036740 msgr2=0x7fe15c038bf0 secure :-1 s=STATE_CONNECTION_ESTABLISHED l=1).mark_down
2024-05-12T03:50:41.637 INFO:teuthology.orchestra.run.smithi032.stdout:/usr/bin/ceph: stderr
2024-05-12T03:50:41.001+0000 7fe1792b7700 1 --2- 172.21.15.32:0/2337043245 >> [v2:172.21.15.32:6800/1121526649,v1:172.21.15.32:6801/1121526649] conn(0x7fe15c036740 0x7fe15c038bf0 secure :-1 s=READY pgs=7 cs=0 l=1 rev1=1 crypto rx=0x7fe164009990 tx=0x7fe164006e40 comp rx=0 tx=0).stop
2024-05-12T03:50:41.637 INFO:teuthology.orchestra.run.smithi032.stdout:/usr/bin/ceph: stderr
2024-05-12T03:50:41.001+0000 7fe1792b7700 1 -- 172.21.15.32:0/2337043245 >> [v2:172.21.15.32:3300/0,v1:172.21.15.32:6789/0] conn(0x7fe174076bd0 msgr2=0x7fe174111370 secure :-1 s=STATE_CONNECTION_ESTABLISHED l=1).mark_down
2024-05-12T03:50:41.637 INFO:teuthology.orchestra.run.smithi032.stdout:/usr/bin/ceph: stderr
2024-05-12T03:50:41.001+0000 7fe1792b7700 1 --2- 172.21.15.32:0/2337043245 >> [v2:172.21.15.32:3300/0,v1:172.21.15.32:6789/0] conn(0x7fe174076bd0 0x7fe174111370 secure :-1 s=READY pgs=19 cs=0 l=1 rev1=1 crypto rx=0x7fe168006d40 tx=0x7fe168009250 comp rx=0 tx=0).stop
2024-05-12T03:50:41.637 INFO:teuthology.orchestra.run.smithi032.stdout:/usr/bin/ceph: stderr
2024-05-12T03:50:41.001+0000 7fe1792b7700 1 -- 172.21.15.32:0/2337043245 shutdown_connections
2024-05-12T03:50:41.637 INFO:teuthology.orchestra.run.smithi032.stdout:/usr/bin/ceph: stderr
2024-05-12T03:50:41.001+0000 7fe1792b7700 1 --2- 172.21.15.32:0/2337043245 >> [v2:172.21.15.32:6800/1121526649,v1:172.21.15.32:6801/1121526649] conn(0x7fe15c036740 0x7fe15c038bf0 unknown :-1 s=CLOSED pgs=7 cs=0 l=1 rev1=1 crypto rx=0 tx=0 comp rx=0 tx=0).stop
2024-05-12T03:50:41.637 INFO:teuthology.orchestra.run.smithi032.stdout:/usr/bin/ceph: stderr
2024-05-12T03:50:41.001+0000 7fe1792b7700 1 --2- 172.21.15.32:0/2337043245 >> [v2:172.21.15.32:3300/0,v1:172.21.15.32:6789/0] conn(0x7fe174076bd0 0x7fe174111370 unknown :-1 s=CLOSED pgs=19 cs=0 l=1 rev1=1 crypto rx=0 tx=0 comp rx=0 tx=0).stop
2024-05-12T03:50:41.637 INFO:teuthology.orchestra.run.smithi032.stdout:/usr/bin/ceph: stderr
2024-05-12T03:50:41.001+0000 7fe1792b7700 1 -- 172.21.15.32:0/2337043245 >> 172.21.15.32:0/2337043245 conn(0x7fe1740fcc50 msgr2=0x7fe1740fd840 unknown :-1 s=STATE_NONE l=0).mark_down
2024-05-12T03:50:41.637 INFO:teuthology.orchestra.run.smithi032.stdout:/usr/bin/ceph: stderr
2024-05-12T03:50:41.001+0000 7fe1792b7700 1 -- 172.21.15.32:0/2337043245 shutdown_connections
2024-05-12T03:50:41.637 INFO:teuthology.orchestra.run.smithi032.stdout:/usr/bin/ceph: stderr
2024-05-12T03:50:41.001+0000 7fe1792b7700 1 -- 172.21.15.32:0/2337043245 wait complete.
2024-05-12T03:50:41.638 INFO:teuthology.orchestra.run.smithi032.stdout:Enabling cephadm module...
2024-05-12T03:50:42.941 INFO:journalctl@ceph.mon.smithi032.smithi032.stdout:May 12 03:50:42 smithi032 ceph-mon[40008]: from='client.? 172.21.15.32:0/2229275598' entity='client.admin' cmd=[{"prefix": "mgr module enable", "module": "cephadm"}]: dispatch
2024-05-12T03:50:43.264 INFO:teuthology.orchestra.run.smithi032.stdout:/usr/bin/ceph: stderr
2024-05-12T03:50:42.292+0000 7f8041856700 1 Processor -- start
2024-05-12T03:50:43.264 INFO:teuthology.orchestra.run.smithi032.stdout:/usr/bin/ceph: stderr
2024-05-12T03:50:42.292+0000 7f8041856700 1 -- start start
2024-05-12T03:50:43.264 INFO:teuthology.orchestra.run.smithi032.stdout:/usr/bin/ceph: stderr
2024-05-12T03:50:42.292+0000 7f8041856700 1 --2- >> [v2:172.21.15.32:3300/0,v1:172.21.15.32:6789/0] conn(0x7f803c102a00 0x7f803c102e10 unknown :-1 s=NONE pgs=0 cs=0 l=0 rev1=0 crypto rx=0 tx=0 comp rx=0 tx=0).connect
2024-05-12T03:50:43.264 INFO:teuthology.orchestra.run.smithi032.stdout:/usr/bin/ceph: stderr
2024-05-12T03:50:42.292+0000 7f8041856700 1 -- --> [v2:172.21.15.32:3300/0,v1:172.21.15.32:6789/0] -- mon_getmap magic: 0 v1 -- 0x7f803c103350 con 0x7f803c102a00
2024-05-12T03:50:43.264 INFO:teuthology.orchestra.run.smithi032.stdout:/usr/bin/ceph: stderr
2024-05-12T03:50:42.292+0000 7f803affd700 1 --2- >> [v2:172.21.15.32:3300/0,v1:172.21.15.32:6789/0] conn(0x7f803c102a00 0x7f803c102e10 unknown :-1 s=BANNER_CONNECTING pgs=0 cs=0 l=0 rev1=0 crypto rx=0 tx=0 comp rx=0 tx=0)._handle_peer_banner_payload supported=3 required=0
2024-05-12T03:50:43.264 INFO:teuthology.orchestra.run.smithi032.stdout:/usr/bin/ceph: stderr
2024-05-12T03:50:42.292+0000 7f803affd700 1 --2- >> [v2:172.21.15.32:3300/0,v1:172.21.15.32:6789/0] conn(0x7f803c102a00 0x7f803c102e10 unknown :-1 s=HELLO_CONNECTING pgs=0 cs=0 l=0 rev1=1 crypto rx=0 tx=0 comp rx=0 tx=0).handle_hello peer v2:172.21.15.32:3300/0 says I am v2:172.21.15.32:54920/0 (socket says 172.21.15.32:54920)
2024-05-12T03:50:43.264 INFO:teuthology.orchestra.run.smithi032.stdout:/usr/bin/ceph: stderr
2024-05-12T03:50:42.292+0000 7f803affd700 1 -- 172.21.15.32:0/3226491926 learned_addr learned my addr 172.21.15.32:0/3226491926 (peer_addr_for_me v2:172.21.15.32:0/0)
2024-05-12T03:50:43.264 INFO:teuthology.orchestra.run.smithi032.stdout:/usr/bin/ceph: stderr
2024-05-12T03:50:42.292+0000 7f803affd700 1 -- 172.21.15.32:0/3226491926 --> [v2:172.21.15.32:3300/0,v1:172.21.15.32:6789/0] -- mon_subscribe({config=0+,monmap=0+}) v3 -- 0x7f803c103490 con 0x7f803c102a00
2024-05-12T03:50:43.264 INFO:teuthology.orchestra.run.smithi032.stdout:/usr/bin/ceph: stderr
2024-05-12T03:50:42.292+0000 7f803affd700 1 --2- 172.21.15.32:0/3226491926 >> [v2:172.21.15.32:3300/0,v1:172.21.15.32:6789/0] conn(0x7f803c102a00 0x7f803c102e10 secure :-1 s=READY pgs=20 cs=0 l=1 rev1=1 crypto rx=0x7f802c0098e0 tx=0x7f802c009250 comp rx=0 tx=0).ready entity=mon.0 client_cookie=2f57724e6ec5ea0d server_cookie=0 in_seq=0 out_seq=0
2024-05-12T03:50:43.265 INFO:teuthology.orchestra.run.smithi032.stdout:/usr/bin/ceph: stderr
2024-05-12T03:50:42.292+0000 7f8039ffb700 1 -- 172.21.15.32:0/3226491926 <== mon.0 v2:172.21.15.32:3300/0 1 ==== mon_map magic: 0 v1 ==== 229+0+0 (secure 0 0 0) 0x7f802c00b860 con 0x7f803c102a00
2024-05-12T03:50:43.265 INFO:teuthology.orchestra.run.smithi032.stdout:/usr/bin/ceph: stderr
2024-05-12T03:50:42.292+0000 7f8039ffb700 1 -- 172.21.15.32:0/3226491926 <== mon.0 v2:172.21.15.32:3300/0 2 ==== config(26 keys) v1 ==== 1009+0+0 (secure 0 0 0) 0x7f802c00be30 con 0x7f803c102a00
2024-05-12T03:50:43.265 INFO:teuthology.orchestra.run.smithi032.stdout:/usr/bin/ceph: stderr
2024-05-12T03:50:42.292+0000 7f8039ffb700 1 -- 172.21.15.32:0/3226491926 <== mon.0 v2:172.21.15.32:3300/0 3 ==== mon_map magic: 0 v1 ==== 229+0+0 (secure 0 0 0) 0x7f802c010380 con 0x7f803c102a00
2024-05-12T03:50:43.265 INFO:teuthology.orchestra.run.smithi032.stdout:/usr/bin/ceph: stderr
2024-05-12T03:50:42.292+0000 7f8041856700 1 -- 172.21.15.32:0/3226491926 >> [v2:172.21.15.32:3300/0,v1:172.21.15.32:6789/0] conn(0x7f803c102a00 msgr2=0x7f803c102e10 secure :-1 s=STATE_CONNECTION_ESTABLISHED l=1).mark_down
2024-05-12T03:50:43.265 INFO:teuthology.orchestra.run.smithi032.stdout:/usr/bin/ceph: stderr
2024-05-12T03:50:42.292+0000 7f8041856700 1 --2- 172.21.15.32:0/3226491926 >> [v2:172.21.15.32:3300/0,v1:172.21.15.32:6789/0] conn(0x7f803c102a00 0x7f803c102e10 secure :-1 s=READY pgs=20 cs=0 l=1 rev1=1 crypto rx=0x7f802c0098e0 tx=0x7f802c009250 comp rx=0 tx=0).stop
2024-05-12T03:50:43.265 INFO:teuthology.orchestra.run.smithi032.stdout:/usr/bin/ceph: stderr
2024-05-12T03:50:42.293+0000 7f8041856700 1 -- 172.21.15.32:0/3226491926 shutdown_connections
2024-05-12T03:50:43.265 INFO:teuthology.orchestra.run.smithi032.stdout:/usr/bin/ceph: stderr
2024-05-12T03:50:42.293+0000 7f8041856700 1 --2- 172.21.15.32:0/3226491926 >> [v2:172.21.15.32:3300/0,v1:172.21.15.32:6789/0] conn(0x7f803c102a00 0x7f803c102e10 unknown :-1 s=CLOSED pgs=20 cs=0 l=1 rev1=1 crypto rx=0 tx=0 comp rx=0 tx=0).stop
2024-05-12T03:50:43.265 INFO:teuthology.orchestra.run.smithi032.stdout:/usr/bin/ceph: stderr
2024-05-12T03:50:42.293+0000 7f8041856700 1 -- 172.21.15.32:0/3226491926 >> 172.21.15.32:0/3226491926 conn(0x7f803c0fc340 msgr2=0x7f803c0fe750 unknown :-1 s=STATE_NONE l=0).mark_down
2024-05-12T03:50:43.265 INFO:teuthology.orchestra.run.smithi032.stdout:/usr/bin/ceph: stderr
2024-05-12T03:50:42.293+0000 7f8041856700 1 -- 172.21.15.32:0/3226491926 shutdown_connections
2024-05-12T03:50:43.265 INFO:teuthology.orchestra.run.smithi032.stdout:/usr/bin/ceph: stderr
2024-05-12T03:50:42.293+0000 7f8041856700 1 -- 172.21.15.32:0/3226491926 wait complete.
2024-05-12T03:50:43.265 INFO:teuthology.orchestra.run.smithi032.stdout:/usr/bin/ceph: stderr
2024-05-12T03:50:42.293+0000 7f8041856700 1 Processor -- start
2024-05-12T03:50:43.265 INFO:teuthology.orchestra.run.smithi032.stdout:/usr/bin/ceph: stderr
2024-05-12T03:50:42.293+0000 7f8041856700 1 -- start start
2024-05-12T03:50:43.265 INFO:teuthology.orchestra.run.smithi032.stdout:/usr/bin/ceph: stderr
2024-05-12T03:50:42.293+0000 7f8041856700 1 --2- >> [v2:172.21.15.32:3300/0,v1:172.21.15.32:6789/0] conn(0x7f803c102a00 0x7f803c1076b0 unknown :-1 s=NONE pgs=0 cs=0 l=1 rev1=0 crypto rx=0 tx=0 comp rx=0 tx=0).connect
2024-05-12T03:50:43.265 INFO:teuthology.orchestra.run.smithi032.stdout:/usr/bin/ceph: stderr
2024-05-12T03:50:42.293+0000 7f8041856700 1 -- --> [v2:172.21.15.32:3300/0,v1:172.21.15.32:6789/0] -- mon_getmap magic: 0 v1 -- 0x7f803c107bf0 con 0x7f803c102a00
2024-05-12T03:50:43.265 INFO:teuthology.orchestra.run.smithi032.stdout:/usr/bin/ceph: stderr
2024-05-12T03:50:42.294+0000 7f803affd700 1 --2- >> [v2:172.21.15.32:3300/0,v1:172.21.15.32:6789/0] conn(0x7f803c102a00 0x7f803c1076b0 unknown :-1 s=BANNER_CONNECTING pgs=0 cs=0 l=1 rev1=0 crypto rx=0 tx=0 comp rx=0 tx=0)._handle_peer_banner_payload supported=3 required=0
2024-05-12T03:50:43.266 INFO:teuthology.orchestra.run.smithi032.stdout:/usr/bin/ceph: stderr
2024-05-12T03:50:42.294+0000 7f803affd700 1 --2- >> [v2:172.21.15.32:3300/0,v1:172.21.15.32:6789/0] conn(0x7f803c102a00 0x7f803c1076b0 unknown :-1 s=HELLO_CONNECTING pgs=0 cs=0 l=1 rev1=1 crypto rx=0 tx=0 comp rx=0 tx=0).handle_hello peer v2:172.21.15.32:3300/0 says I am v2:172.21.15.32:54930/0 (socket says 172.21.15.32:54930)
2024-05-12T03:50:43.266 INFO:teuthology.orchestra.run.smithi032.stdout:/usr/bin/ceph: stderr
2024-05-12T03:50:42.294+0000 7f803affd700 1 -- 172.21.15.32:0/2229275598 learned_addr learned my addr 172.21.15.32:0/2229275598 (peer_addr_for_me v2:172.21.15.32:0/0)
2024-05-12T03:50:43.266 INFO:teuthology.orchestra.run.smithi032.stdout:/usr/bin/ceph: stderr
2024-05-12T03:50:42.294+0000 7f803affd700 1 -- 172.21.15.32:0/2229275598 --> [v2:172.21.15.32:3300/0,v1:172.21.15.32:6789/0] -- mon_subscribe({config=0+,monmap=0+}) v3 -- 0x7f802c0094f0 con 0x7f803c102a00
2024-05-12T03:50:43.266 INFO:teuthology.orchestra.run.smithi032.stdout:/usr/bin/ceph: stderr
2024-05-12T03:50:42.294+0000 7f803affd700 1 --2- 172.21.15.32:0/2229275598 >> [v2:172.21.15.32:3300/0,v1:172.21.15.32:6789/0] conn(0x7f803c102a00 0x7f803c1076b0 secure :-1 s=READY pgs=21 cs=0 l=1 rev1=1 crypto rx=0x7f802c000c00 tx=0x7f802c009250 comp rx=0 tx=0).ready entity=mon.0 client_cookie=0 server_cookie=0 in_seq=0 out_seq=0
2024-05-12T03:50:43.266 INFO:teuthology.orchestra.run.smithi032.stdout:/usr/bin/ceph: stderr
2024-05-12T03:50:42.294+0000 7f80237fe700 1 -- 172.21.15.32:0/2229275598 <== mon.0 v2:172.21.15.32:3300/0 1 ==== mon_map magic: 0 v1 ==== 229+0+0 (secure 0 0 0) 0x7f802c010960 con 0x7f803c102a00
2024-05-12T03:50:43.266 INFO:teuthology.orchestra.run.smithi032.stdout:/usr/bin/ceph: stderr
2024-05-12T03:50:42.294+0000 7f80237fe700 1 -- 172.21.15.32:0/2229275598 <== mon.0 v2:172.21.15.32:3300/0 2 ==== config(26 keys) v1 ==== 1009+0+0 (secure 0 0 0) 0x7f802c024440 con 0x7f803c102a00
2024-05-12T03:50:43.266 INFO:teuthology.orchestra.run.smithi032.stdout:/usr/bin/ceph: stderr
2024-05-12T03:50:42.294+0000 7f80237fe700 1 -- 172.21.15.32:0/2229275598 <== mon.0 v2:172.21.15.32:3300/0 3 ==== mon_map magic: 0 v1 ==== 229+0+0 (secure 0 0 0) 0x7f802c01a5f0 con 0x7f803c102a00
2024-05-12T03:50:43.266 INFO:teuthology.orchestra.run.smithi032.stdout:/usr/bin/ceph: stderr
2024-05-12T03:50:42.294+0000 7f8041856700 1 -- 172.21.15.32:0/2229275598 --> [v2:172.21.15.32:3300/0,v1:172.21.15.32:6789/0] -- mon_subscribe({mgrmap=0+}) v3 -- 0x7f803c105c60 con 0x7f803c102a00
2024-05-12T03:50:43.266 INFO:teuthology.orchestra.run.smithi032.stdout:/usr/bin/ceph: stderr
2024-05-12T03:50:42.294+0000 7f8041856700 1 -- 172.21.15.32:0/2229275598 --> [v2:172.21.15.32:3300/0,v1:172.21.15.32:6789/0] -- mon_subscribe({osdmap=0}) v3 -- 0x7f803c106150 con 0x7f803c102a00
2024-05-12T03:50:43.266 INFO:teuthology.orchestra.run.smithi032.stdout:/usr/bin/ceph: stderr
2024-05-12T03:50:42.295+0000 7f80237fe700 1 -- 172.21.15.32:0/2229275598 <== mon.0 v2:172.21.15.32:3300/0 4 ==== mgrmap(e 4) v1 ==== 43365+0+0 (secure 0 0 0) 0x7f802c01a820 con 0x7f803c102a00
2024-05-12T03:50:43.266 INFO:teuthology.orchestra.run.smithi032.stdout:/usr/bin/ceph: stderr
2024-05-12T03:50:42.295+0000 7f80237fe700 1 --2- 172.21.15.32:0/2229275598 >> [v2:172.21.15.32:6800/1121526649,v1:172.21.15.32:6801/1121526649] conn(0x7f8024036790 0x7f8024038c40 unknown :-1 s=NONE pgs=0 cs=0 l=1 rev1=0 crypto rx=0 tx=0 comp rx=0 tx=0).connect
2024-05-12T03:50:43.266 INFO:teuthology.orchestra.run.smithi032.stdout:/usr/bin/ceph: stderr
2024-05-12T03:50:42.295+0000 7f80237fe700 1 -- 172.21.15.32:0/2229275598 <== mon.0 v2:172.21.15.32:3300/0 5 ==== osd_map(1..1 src has 1..1) v4 ==== 721+0+0 (secure 0 0 0) 0x7f802c04a750 con 0x7f803c102a00
2024-05-12T03:50:43.266 INFO:teuthology.orchestra.run.smithi032.stdout:/usr/bin/ceph: stderr
2024-05-12T03:50:42.295+0000 7f8041856700 1 -- 172.21.15.32:0/2229275598 --> [v2:172.21.15.32:3300/0,v1:172.21.15.32:6789/0] -- mon_command({"prefix": "get_command_descriptions"} v 0) v1 -- 0x7f803c04bed0 con 0x7f803c102a00
2024-05-12T03:50:43.266 INFO:teuthology.orchestra.run.smithi032.stdout:/usr/bin/ceph: stderr
2024-05-12T03:50:42.295+0000 7f803a7fc700 1 --2- 172.21.15.32:0/2229275598 >> [v2:172.21.15.32:6800/1121526649,v1:172.21.15.32:6801/1121526649] conn(0x7f8024036790 0x7f8024038c40 unknown :-1 s=BANNER_CONNECTING pgs=0 cs=0 l=1 rev1=0 crypto rx=0 tx=0 comp rx=0 tx=0)._handle_peer_banner_payload supported=3 required=0
2024-05-12T03:50:43.266 INFO:teuthology.orchestra.run.smithi032.stdout:/usr/bin/ceph: stderr
2024-05-12T03:50:42.296+0000 7f803a7fc700 1 --2- 172.21.15.32:0/2229275598 >> [v2:172.21.15.32:6800/1121526649,v1:172.21.15.32:6801/1121526649] conn(0x7f8024036790 0x7f8024038c40 secure :-1 s=READY pgs=8 cs=0 l=1 rev1=1 crypto rx=0x7f8030009990 tx=0x7f8030006e40 comp rx=0 tx=0).ready entity=mgr.14100 client_cookie=0 server_cookie=0 in_seq=0 out_seq=0
2024-05-12T03:50:43.267 INFO:teuthology.orchestra.run.smithi032.stdout:/usr/bin/ceph: stderr
2024-05-12T03:50:42.300+0000 7f80237fe700 1 -- 172.21.15.32:0/2229275598 <== mon.0 v2:172.21.15.32:3300/0 6 ==== mon_command_ack([{"prefix": "get_command_descriptions"}]=0 v0) v1 ==== 72+0+176702 (secure 0 0 0) 0x7f802c022340 con 0x7f803c102a00
2024-05-12T03:50:43.267 INFO:teuthology.orchestra.run.smithi032.stdout:/usr/bin/ceph: stderr
2024-05-12T03:50:42.548+0000 7f8041856700 1 -- 172.21.15.32:0/2229275598 --> [v2:172.21.15.32:3300/0,v1:172.21.15.32:6789/0] -- mon_command({"prefix": "mgr module enable", "module": "cephadm"} v 0) v1 -- 0x7f803c102230 con 0x7f803c102a00
2024-05-12T03:50:43.267 INFO:teuthology.orchestra.run.smithi032.stdout:/usr/bin/ceph: stderr
2024-05-12T03:50:42.601+0000 7f80237fe700 1 -- 172.21.15.32:0/2229275598 <== mon.0 v2:172.21.15.32:3300/0 7 ==== mgrmap(e 5) v1 ==== 43376+0+0 (secure 0 0 0) 0x7f802c024620 con 0x7f803c102a00
2024-05-12T03:50:43.267 INFO:teuthology.orchestra.run.smithi032.stdout:/usr/bin/ceph: stderr
2024-05-12T03:50:42.602+0000 7f80237fe700 1 -- 172.21.15.32:0/2229275598 <== mon.0 v2:172.21.15.32:3300/0 8 ==== mon_command_ack([{"prefix": "mgr module enable", "module": "cephadm"}]=0 v5) v1 ==== 86+0+0 (secure 0 0 0) 0x7f802c049d10 con 0x7f803c102a00
2024-05-12T03:50:43.267 INFO:teuthology.orchestra.run.smithi032.stdout:/usr/bin/ceph: stderr
2024-05-12T03:50:42.605+0000 7f8041856700 1 -- 172.21.15.32:0/2229275598 >> [v2:172.21.15.32:6800/1121526649,v1:172.21.15.32:6801/1121526649] conn(0x7f8024036790 msgr2=0x7f8024038c40 secure :-1 s=STATE_CONNECTION_ESTABLISHED l=1).mark_down
2024-05-12T03:50:43.267 INFO:teuthology.orchestra.run.smithi032.stdout:/usr/bin/ceph: stderr
2024-05-12T03:50:42.605+0000 7f8041856700 1 --2- 172.21.15.32:0/2229275598 >> [v2:172.21.15.32:6800/1121526649,v1:172.21.15.32:6801/1121526649] conn(0x7f8024036790 0x7f8024038c40 secure :-1 s=READY pgs=8 cs=0 l=1 rev1=1 crypto rx=0x7f8030009990 tx=0x7f8030006e40 comp rx=0 tx=0).stop
2024-05-12T03:50:43.267 INFO:teuthology.orchestra.run.smithi032.stdout:/usr/bin/ceph: stderr
2024-05-12T03:50:42.605+0000 7f8041856700 1 -- 172.21.15.32:0/2229275598 >> [v2:172.21.15.32:3300/0,v1:172.21.15.32:6789/0] conn(0x7f803c102a00 msgr2=0x7f803c1076b0 secure :-1 s=STATE_CONNECTION_ESTABLISHED l=1).mark_down
2024-05-12T03:50:43.267 INFO:teuthology.orchestra.run.smithi032.stdout:/usr/bin/ceph: stderr
2024-05-12T03:50:42.605+0000 7f8041856700 1 --2- 172.21.15.32:0/2229275598 >> [v2:172.21.15.32:3300/0,v1:172.21.15.32:6789/0] conn(0x7f803c102a00 0x7f803c1076b0 secure :-1 s=READY pgs=21 cs=0 l=1 rev1=1 crypto rx=0x7f802c000c00 tx=0x7f802c009250 comp rx=0 tx=0).stop
2024-05-12T03:50:43.267 INFO:teuthology.orchestra.run.smithi032.stdout:/usr/bin/ceph: stderr
2024-05-12T03:50:42.605+0000 7f8041856700 1 -- 172.21.15.32:0/2229275598 shutdown_connections
2024-05-12T03:50:43.267 INFO:teuthology.orchestra.run.smithi032.stdout:/usr/bin/ceph: stderr
2024-05-12T03:50:42.605+0000 7f8041856700 1 --2- 172.21.15.32:0/2229275598 >> [v2:172.21.15.32:6800/1121526649,v1:172.21.15.32:6801/1121526649] conn(0x7f8024036790 0x7f8024038c40 unknown :-1 s=CLOSED pgs=8 cs=0 l=1 rev1=1 crypto rx=0 tx=0 comp rx=0 tx=0).stop
2024-05-12T03:50:43.267 INFO:teuthology.orchestra.run.smithi032.stdout:/usr/bin/ceph: stderr
2024-05-12T03:50:42.605+0000 7f8041856700 1 --2- 172.21.15.32:0/2229275598 >> [v2:172.21.15.32:3300/0,v1:172.21.15.32:6789/0] conn(0x7f803c102a00 0x7f803c1076b0 unknown :-1 s=CLOSED pgs=21 cs=0 l=1 rev1=1 crypto rx=0 tx=0 comp rx=0 tx=0).stop
2024-05-12T03:50:43.267 INFO:teuthology.orchestra.run.smithi032.stdout:/usr/bin/ceph: stderr
2024-05-12T03:50:42.606+0000 7f8041856700 1 -- 172.21.15.32:0/2229275598 >> 172.21.15.32:0/2229275598 conn(0x7f803c0fc340 msgr2=0x7f803c0fd1f0 unknown :-1 s=STATE_NONE l=0).mark_down
2024-05-12T03:50:43.267 INFO:teuthology.orchestra.run.smithi032.stdout:/usr/bin/ceph: stderr
2024-05-12T03:50:42.606+0000 7f8041856700 1 -- 172.21.15.32:0/2229275598 shutdown_connections
2024-05-12T03:50:43.267 INFO:teuthology.orchestra.run.smithi032.stdout:/usr/bin/ceph: stderr
2024-05-12T03:50:42.606+0000 7f8041856700 1 -- 172.21.15.32:0/2229275598 wait complete.
2024-05-12T03:50:43.790 INFO:journalctl@ceph.mon.smithi032.smithi032.stdout:May 12 03:50:43 smithi032 ceph-mon[40008]: from='client.? 172.21.15.32:0/2229275598' entity='client.admin' cmd='[{"prefix": "mgr module enable", "module": "cephadm"}]': finished
2024-05-12T03:50:43.790 INFO:journalctl@ceph.mon.smithi032.smithi032.stdout:May 12 03:50:43 smithi032 ceph-mon[40008]: mgrmap e5: smithi032.ukatkq(active, since 6s)
2024-05-12T03:50:44.757 INFO:teuthology.orchestra.run.smithi032.stdout:/usr/bin/ceph: stdout {
2024-05-12T03:50:44.757 INFO:teuthology.orchestra.run.smithi032.stdout:/usr/bin/ceph: stdout "epoch": 5,
2024-05-12T03:50:44.757 INFO:teuthology.orchestra.run.smithi032.stdout:/usr/bin/ceph: stdout "available": true,
2024-05-12T03:50:44.757 INFO:teuthology.orchestra.run.smithi032.stdout:/usr/bin/ceph: stdout "active_name": "smithi032.ukatkq",
2024-05-12T03:50:44.757 INFO:teuthology.orchestra.run.smithi032.stdout:/usr/bin/ceph: stdout "num_standby": 0
2024-05-12T03:50:44.757 INFO:teuthology.orchestra.run.smithi032.stdout:/usr/bin/ceph: stdout }
2024-05-12T03:50:44.757 INFO:teuthology.orchestra.run.smithi032.stdout:/usr/bin/ceph: stderr
2024-05-12T03:50:43.835+0000 7f5362f8c700 1 Processor -- start
2024-05-12T03:50:44.757 INFO:teuthology.orchestra.run.smithi032.stdout:/usr/bin/ceph: stderr
2024-05-12T03:50:43.835+0000 7f5362f8c700 1 -- start start
2024-05-12T03:50:44.757 INFO:teuthology.orchestra.run.smithi032.stdout:/usr/bin/ceph: stderr
2024-05-12T03:50:43.835+0000 7f5362f8c700 1 --2- >> [v2:172.21.15.32:3300/0,v1:172.21.15.32:6789/0] conn(0x7f535c076c30 0x7f535c1051e0 unknown :-1 s=NONE pgs=0 cs=0 l=0 rev1=0 crypto rx=0 tx=0 comp rx=0 tx=0).connect
2024-05-12T03:50:44.757 INFO:teuthology.orchestra.run.smithi032.stdout:/usr/bin/ceph: stderr
2024-05-12T03:50:43.835+0000 7f5362f8c700 1 -- --> [v2:172.21.15.32:3300/0,v1:172.21.15.32:6789/0] -- mon_getmap magic: 0 v1 -- 0x7f535c105720 con 0x7f535c076c30
2024-05-12T03:50:44.757 INFO:teuthology.orchestra.run.smithi032.stdout:/usr/bin/ceph: stderr
2024-05-12T03:50:43.835+0000 7f5360d28700 1 --2- >> [v2:172.21.15.32:3300/0,v1:172.21.15.32:6789/0] conn(0x7f535c076c30 0x7f535c1051e0 unknown :-1 s=BANNER_CONNECTING pgs=0 cs=0 l=0 rev1=0 crypto rx=0 tx=0 comp rx=0 tx=0)._handle_peer_banner_payload supported=3 required=0
2024-05-12T03:50:44.758 INFO:teuthology.orchestra.run.smithi032.stdout:/usr/bin/ceph: stderr
2024-05-12T03:50:43.835+0000 7f5360d28700 1 --2- >> [v2:172.21.15.32:3300/0,v1:172.21.15.32:6789/0] conn(0x7f535c076c30 0x7f535c1051e0 unknown :-1 s=HELLO_CONNECTING pgs=0 cs=0 l=0 rev1=1 crypto rx=0 tx=0 comp rx=0 tx=0).handle_hello peer v2:172.21.15.32:3300/0 says I am v2:172.21.15.32:54964/0 (socket says 172.21.15.32:54964)
2024-05-12T03:50:44.758 INFO:teuthology.orchestra.run.smithi032.stdout:/usr/bin/ceph: stderr
2024-05-12T03:50:43.835+0000 7f5360d28700 1 -- 172.21.15.32:0/3670413685 learned_addr learned my addr 172.21.15.32:0/3670413685 (peer_addr_for_me v2:172.21.15.32:0/0)
2024-05-12T03:50:44.758 INFO:teuthology.orchestra.run.smithi032.stdout:/usr/bin/ceph: stderr
2024-05-12T03:50:43.835+0000 7f5360d28700 1 -- 172.21.15.32:0/3670413685 --> [v2:172.21.15.32:3300/0,v1:172.21.15.32:6789/0] -- mon_subscribe({config=0+,monmap=0+}) v3 -- 0x7f535c105860 con 0x7f535c076c30
2024-05-12T03:50:44.758 INFO:teuthology.orchestra.run.smithi032.stdout:/usr/bin/ceph: stderr
2024-05-12T03:50:43.836+0000 7f5360d28700 1 --2- 172.21.15.32:0/3670413685 >> [v2:172.21.15.32:3300/0,v1:172.21.15.32:6789/0] conn(0x7f535c076c30 0x7f535c1051e0 secure :-1 s=READY pgs=24 cs=0 l=1 rev1=1 crypto rx=0x7f53500098e0 tx=0x7f5350009250 comp rx=0 tx=0).ready entity=mon.0 client_cookie=8857a7d244395019 server_cookie=0 in_seq=0 out_seq=0
2024-05-12T03:50:44.758 INFO:teuthology.orchestra.run.smithi032.stdout:/usr/bin/ceph: stderr
2024-05-12T03:50:43.836+0000 7f535b7fe700 1 -- 172.21.15.32:0/3670413685 <== mon.0 v2:172.21.15.32:3300/0 1 ==== mon_map magic: 0 v1 ==== 229+0+0 (secure 0 0 0) 0x7f535000b860 con 0x7f535c076c30
2024-05-12T03:50:44.758 INFO:teuthology.orchestra.run.smithi032.stdout:/usr/bin/ceph: stderr
2024-05-12T03:50:43.836+0000 7f535b7fe700 1 -- 172.21.15.32:0/3670413685 <== mon.0 v2:172.21.15.32:3300/0 2 ==== config(26 keys) v1 ==== 1009+0+0 (secure 0 0 0) 0x7f535000be30 con 0x7f535c076c30
2024-05-12T03:50:44.758 INFO:teuthology.orchestra.run.smithi032.stdout:/usr/bin/ceph: stderr
2024-05-12T03:50:43.836+0000 7f535b7fe700 1 -- 172.21.15.32:0/3670413685 <== mon.0 v2:172.21.15.32:3300/0 3 ==== mon_map magic: 0 v1 ==== 229+0+0 (secure 0 0 0) 0x7f5350010380 con 0x7f535c076c30
2024-05-12T03:50:44.758 INFO:teuthology.orchestra.run.smithi032.stdout:/usr/bin/ceph: stderr
2024-05-12T03:50:43.836+0000 7f5362f8c700 1 -- 172.21.15.32:0/3670413685 >> [v2:172.21.15.32:3300/0,v1:172.21.15.32:6789/0] conn(0x7f535c076c30 msgr2=0x7f535c1051e0 secure :-1 s=STATE_CONNECTION_ESTABLISHED l=1).mark_down
2024-05-12T03:50:44.758 INFO:teuthology.orchestra.run.smithi032.stdout:/usr/bin/ceph: stderr
2024-05-12T03:50:43.836+0000 7f5362f8c700 1 --2- 172.21.15.32:0/3670413685 >> [v2:172.21.15.32:3300/0,v1:172.21.15.32:6789/0] conn(0x7f535c076c30 0x7f535c1051e0 secure :-1 s=READY pgs=24 cs=0 l=1 rev1=1 crypto rx=0x7f53500098e0 tx=0x7f5350009250 comp rx=0 tx=0).stop
2024-05-12T03:50:44.758 INFO:teuthology.orchestra.run.smithi032.stdout:/usr/bin/ceph: stderr
2024-05-12T03:50:43.836+0000 7f5362f8c700 1 -- 172.21.15.32:0/3670413685 shutdown_connections
2024-05-12T03:50:44.758 INFO:teuthology.orchestra.run.smithi032.stdout:/usr/bin/ceph: stderr
2024-05-12T03:50:43.836+0000 7f5362f8c700 1 --2- 172.21.15.32:0/3670413685 >> [v2:172.21.15.32:3300/0,v1:172.21.15.32:6789/0] conn(0x7f535c076c30 0x7f535c1051e0 unknown :-1 s=CLOSED pgs=24 cs=0 l=1 rev1=1 crypto rx=0 tx=0 comp rx=0 tx=0).stop
2024-05-12T03:50:44.758 INFO:teuthology.orchestra.run.smithi032.stdout:/usr/bin/ceph: stderr
2024-05-12T03:50:43.836+0000 7f5362f8c700 1 -- 172.21.15.32:0/3670413685 >> 172.21.15.32:0/3670413685 conn(0x7f535c0fcc50 msgr2=0x7f535c0ff060 unknown :-1 s=STATE_NONE l=0).mark_down
2024-05-12T03:50:44.758 INFO:teuthology.orchestra.run.smithi032.stdout:/usr/bin/ceph: stderr
2024-05-12T03:50:43.836+0000 7f5362f8c700 1 -- 172.21.15.32:0/3670413685 shutdown_connections
2024-05-12T03:50:44.759 INFO:teuthology.orchestra.run.smithi032.stdout:/usr/bin/ceph: stderr
2024-05-12T03:50:43.837+0000 7f5362f8c700 1 -- 172.21.15.32:0/3670413685 wait complete.
2024-05-12T03:50:44.759 INFO:teuthology.orchestra.run.smithi032.stdout:/usr/bin/ceph: stderr
2024-05-12T03:50:43.837+0000 7f5362f8c700 1 Processor -- start
2024-05-12T03:50:44.759 INFO:teuthology.orchestra.run.smithi032.stdout:/usr/bin/ceph: stderr
2024-05-12T03:50:43.837+0000 7f5362f8c700 1 -- start start
2024-05-12T03:50:44.759 INFO:teuthology.orchestra.run.smithi032.stdout:/usr/bin/ceph: stderr
2024-05-12T03:50:43.837+0000 7f5362f8c700 1 --2- >> [v2:172.21.15.32:3300/0,v1:172.21.15.32:6789/0] conn(0x7f535c076c30 0x7f535c111370 unknown :-1 s=NONE pgs=0 cs=0 l=1 rev1=0 crypto rx=0 tx=0 comp rx=0 tx=0).connect
2024-05-12T03:50:44.759 INFO:teuthology.orchestra.run.smithi032.stdout:/usr/bin/ceph: stderr
2024-05-12T03:50:43.837+0000 7f5362f8c700 1 -- --> [v2:172.21.15.32:3300/0,v1:172.21.15.32:6789/0] -- mon_getmap magic: 0 v1 -- 0x7f535c1118b0 con 0x7f535c076c30
2024-05-12T03:50:44.759 INFO:teuthology.orchestra.run.smithi032.stdout:/usr/bin/ceph: stderr
2024-05-12T03:50:43.837+0000 7f5360d28700 1 --2- >> [v2:172.21.15.32:3300/0,v1:172.21.15.32:6789/0] conn(0x7f535c076c30 0x7f535c111370 unknown :-1 s=BANNER_CONNECTING pgs=0 cs=0 l=1 rev1=0 crypto rx=0 tx=0 comp rx=0 tx=0)._handle_peer_banner_payload supported=3 required=0
2024-05-12T03:50:44.759 INFO:teuthology.orchestra.run.smithi032.stdout:/usr/bin/ceph: stderr
2024-05-12T03:50:43.838+0000 7f5360d28700 1 --2- >> [v2:172.21.15.32:3300/0,v1:172.21.15.32:6789/0] conn(0x7f535c076c30 0x7f535c111370 unknown :-1 s=HELLO_CONNECTING pgs=0 cs=0 l=1 rev1=1 crypto rx=0 tx=0 comp rx=0 tx=0).handle_hello peer v2:172.21.15.32:3300/0 says I am v2:172.21.15.32:54966/0 (socket says 172.21.15.32:54966)
2024-05-12T03:50:44.759 INFO:teuthology.orchestra.run.smithi032.stdout:/usr/bin/ceph: stderr
2024-05-12T03:50:43.838+0000 7f5360d28700 1 -- 172.21.15.32:0/270070416 learned_addr learned my addr 172.21.15.32:0/270070416 (peer_addr_for_me v2:172.21.15.32:0/0)
2024-05-12T03:50:44.759 INFO:teuthology.orchestra.run.smithi032.stdout:/usr/bin/ceph: stderr
2024-05-12T03:50:43.838+0000 7f5360d28700 1 -- 172.21.15.32:0/270070416 --> [v2:172.21.15.32:3300/0,v1:172.21.15.32:6789/0] -- mon_subscribe({config=0+,monmap=0+}) v3 -- 0x7f53500094f0 con 0x7f535c076c30
2024-05-12T03:50:44.759 INFO:teuthology.orchestra.run.smithi032.stdout:/usr/bin/ceph: stderr
2024-05-12T03:50:43.838+0000 7f5360d28700 1 --2- 172.21.15.32:0/270070416 >> [v2:172.21.15.32:3300/0,v1:172.21.15.32:6789/0] conn(0x7f535c076c30 0x7f535c111370 secure :-1 s=READY pgs=25 cs=0 l=1 rev1=1 crypto rx=0x7f5350006d40 tx=0x7f5350009250 comp rx=0 tx=0).ready entity=mon.0 client_cookie=0 server_cookie=0 in_seq=0 out_seq=0
2024-05-12T03:50:44.759 INFO:teuthology.orchestra.run.smithi032.stdout:/usr/bin/ceph: stderr
2024-05-12T03:50:43.838+0000 7f53597fa700 1 -- 172.21.15.32:0/270070416 <== mon.0 v2:172.21.15.32:3300/0 1 ==== mon_map magic: 0 v1 ==== 229+0+0 (secure 0 0 0) 0x7f53500109b0 con 0x7f535c076c30
2024-05-12T03:50:44.759 INFO:teuthology.orchestra.run.smithi032.stdout:/usr/bin/ceph: stderr
2024-05-12T03:50:43.838+0000 7f53597fa700 1 -- 172.21.15.32:0/270070416 <== mon.0 v2:172.21.15.32:3300/0 2 ==== config(26 keys) v1 ==== 1009+0+0 (secure 0 0 0) 0x7f5350024440 con 0x7f535c076c30
2024-05-12T03:50:44.759 INFO:teuthology.orchestra.run.smithi032.stdout:/usr/bin/ceph: stderr
2024-05-12T03:50:43.838+0000 7f5362f8c700 1 -- 172.21.15.32:0/270070416 --> [v2:172.21.15.32:3300/0,v1:172.21.15.32:6789/0] -- mon_subscribe({mgrmap=0+}) v3 -- 0x7f535c111ab0 con 0x7f535c076c30
2024-05-12T03:50:44.759 INFO:teuthology.orchestra.run.smithi032.stdout:/usr/bin/ceph: stderr
2024-05-12T03:50:43.838+0000 7f53597fa700 1 -- 172.21.15.32:0/270070416 <== mon.0 v2:172.21.15.32:3300/0 3 ==== mon_map magic: 0 v1 ==== 229+0+0 (secure 0 0 0) 0x7f535001a5f0 con 0x7f535c076c30
