2024-05-12T04:18:22.929 INFO:teuthology.orchestra.run.smithi037.stdout:/usr/bin/ceph: stderr
2024-05-12T04:18:22.531+0000 7fb32b9b8700 1 -- 172.21.15.37:0/1585782125 >> [v2:172.21.15.37:6800/27490723,v1:172.21.15.37:6801/27490723] conn(0x7fb31003bff0 msgr2=0x7fb31003e3e0 secure :-1 s=STATE_CONNECTION_ESTABLISHED l=1).mark_down
2024-05-12T04:18:22.929 INFO:teuthology.orchestra.run.smithi037.stdout:/usr/bin/ceph: stderr
2024-05-12T04:18:22.531+0000 7fb32b9b8700 1 --2- 172.21.15.37:0/1585782125 >> [v2:172.21.15.37:6800/27490723,v1:172.21.15.37:6801/27490723] conn(0x7fb31003bff0 0x7fb31003e3e0 secure :-1 s=READY pgs=1 cs=0 l=1 rev1=1 crypto rx=0x7fb314003a10 tx=0x7fb314009270 comp rx=0 tx=0).stop
2024-05-12T04:18:22.930 INFO:teuthology.orchestra.run.smithi037.stdout:/usr/bin/ceph: stderr
2024-05-12T04:18:22.531+0000 7fb32b9b8700 1 -- 172.21.15.37:0/1585782125 >> [v2:172.21.15.37:3300/0,v1:172.21.15.37:6789/0] conn(0x7fb3241065d0 msgr2=0x7fb32419c4c0 secure :-1 s=STATE_CONNECTION_ESTABLISHED l=1).mark_down
2024-05-12T04:18:22.930 INFO:teuthology.orchestra.run.smithi037.stdout:/usr/bin/ceph: stderr
2024-05-12T04:18:22.531+0000 7fb32b9b8700 1 --2- 172.21.15.37:0/1585782125 >> [v2:172.21.15.37:3300/0,v1:172.21.15.37:6789/0] conn(0x7fb3241065d0 0x7fb32419c4c0 secure :-1 s=READY pgs=62 cs=0 l=1 rev1=1 crypto rx=0x7fb320003e60 tx=0x7fb320011a30 comp rx=0 tx=0).stop
2024-05-12T04:18:22.930 INFO:teuthology.orchestra.run.smithi037.stdout:/usr/bin/ceph: stderr
2024-05-12T04:18:22.531+0000 7fb32b9b8700 1 -- 172.21.15.37:0/1585782125 shutdown_connections
2024-05-12T04:18:22.930 INFO:teuthology.orchestra.run.smithi037.stdout:/usr/bin/ceph: stderr
2024-05-12T04:18:22.531+0000 7fb32b9b8700 1 --2- 172.21.15.37:0/1585782125 >> [v2:172.21.15.37:6800/27490723,v1:172.21.15.37:6801/27490723] conn(0x7fb31003bff0 0x7fb31003e3e0 unknown :-1 s=CLOSED pgs=1 cs=0 l=1 rev1=1 crypto rx=0 tx=0 comp rx=0 tx=0).stop
2024-05-12T04:18:22.930 INFO:teuthology.orchestra.run.smithi037.stdout:/usr/bin/ceph: stderr
2024-05-12T04:18:22.531+0000 7fb32b9b8700 1 --2- 172.21.15.37:0/1585782125 >> [v2:172.21.15.37:3300/0,v1:172.21.15.37:6789/0] conn(0x7fb3241065d0 0x7fb32419c4c0 unknown :-1 s=CLOSED pgs=62 cs=0 l=1 rev1=1 crypto rx=0 tx=0 comp rx=0 tx=0).stop
2024-05-12T04:18:22.930 INFO:teuthology.orchestra.run.smithi037.stdout:/usr/bin/ceph: stderr
2024-05-12T04:18:22.531+0000 7fb32b9b8700 1 --2- 172.21.15.37:0/1585782125 >> [v2:172.21.15.37:6800/122764723,v1:172.21.15.37:6801/122764723] conn(0x7fb310038780 0x7fb31003ac40 unknown :-1 s=CLOSED pgs=0 cs=0 l=1 rev1=0 crypto rx=0 tx=0 comp rx=0 tx=0).stop
2024-05-12T04:18:22.930 INFO:teuthology.orchestra.run.smithi037.stdout:/usr/bin/ceph: stderr
2024-05-12T04:18:22.531+0000 7fb32b9b8700 1 -- 172.21.15.37:0/1585782125 >> 172.21.15.37:0/1585782125 conn(0x7fb324101bb0 msgr2=0x7fb3241026b0 unknown :-1 s=STATE_NONE l=0).mark_down
2024-05-12T04:18:22.930 INFO:teuthology.orchestra.run.smithi037.stdout:/usr/bin/ceph: stderr
2024-05-12T04:18:22.531+0000 7fb32b9b8700 1 -- 172.21.15.37:0/1585782125 shutdown_connections
2024-05-12T04:18:22.930 INFO:teuthology.orchestra.run.smithi037.stdout:/usr/bin/ceph: stderr
2024-05-12T04:18:22.531+0000 7fb32b9b8700 1 -- 172.21.15.37:0/1585782125 wait complete.
2024-05-12T04:18:22.930 INFO:teuthology.orchestra.run.smithi037.stdout:mgr epoch 9 is available
2024-05-12T04:18:22.930 INFO:teuthology.orchestra.run.smithi037.stdout:Generating a dashboard self-signed certificate...
2024-05-12T04:18:23.941 INFO:journalctl@ceph.mon.a.smithi037.stdout:May 12 04:18:23 smithi037 ceph-mon[42540]: [12/May/2024:04:18:21] ENGINE Serving on http://172.21.15.37:8765
2024-05-12T04:18:23.941 INFO:journalctl@ceph.mon.a.smithi037.stdout:May 12 04:18:23 smithi037 ceph-mon[42540]: [12/May/2024:04:18:22] ENGINE Serving on https://172.21.15.37:7150
2024-05-12T04:18:23.941 INFO:journalctl@ceph.mon.a.smithi037.stdout:May 12 04:18:23 smithi037 ceph-mon[42540]: [12/May/2024:04:18:22] ENGINE Bus STARTED
2024-05-12T04:18:23.942 INFO:journalctl@ceph.mon.a.smithi037.stdout:May 12 04:18:23 smithi037 ceph-mon[42540]: from='client.14156 -' entity='client.admin' cmd=[{"prefix": "get_command_descriptions"}]: dispatch
2024-05-12T04:18:23.942 INFO:journalctl@ceph.mon.a.smithi037.stdout:May 12 04:18:23 smithi037 ceph-mon[42540]: from='client.14156 -' entity='client.admin' cmd=[{"prefix": "mgr_status"}]: dispatch
2024-05-12T04:18:23.942 INFO:journalctl@ceph.mon.a.smithi037.stdout:May 12 04:18:23 smithi037 ceph-mon[42540]: from='mgr.14152 172.21.15.37:0/639948861' entity='mgr.x'
2024-05-12T04:18:23.975 INFO:teuthology.orchestra.run.smithi037.stdout:/usr/bin/ceph: stdout Self-signed certificate created
2024-05-12T04:18:23.975 INFO:teuthology.orchestra.run.smithi037.stdout:/usr/bin/ceph: stderr
2024-05-12T04:18:23.299+0000 7f3f167e2700 1 Processor -- start
2024-05-12T04:18:23.975 INFO:teuthology.orchestra.run.smithi037.stdout:/usr/bin/ceph: stderr
2024-05-12T04:18:23.299+0000 7f3f167e2700 1 -- start start
2024-05-12T04:18:23.975 INFO:teuthology.orchestra.run.smithi037.stdout:/usr/bin/ceph: stderr
2024-05-12T04:18:23.299+0000 7f3f167e2700 1 --2- >> [v2:172.21.15.37:3300/0,v1:172.21.15.37:6789/0] conn(0x7f3f101065c0 0x7f3f101069e0 unknown :-1 s=NONE pgs=0 cs=0 l=0 rev1=0 crypto rx=0 tx=0 comp rx=0 tx=0).connect
2024-05-12T04:18:23.975 INFO:teuthology.orchestra.run.smithi037.stdout:/usr/bin/ceph: stderr
2024-05-12T04:18:23.299+0000 7f3f167e2700 1 -- --> [v2:172.21.15.37:3300/0,v1:172.21.15.37:6789/0] -- mon_getmap magic: 0 v1 -- 0x7f3f10106fb0 con 0x7f3f101065c0
2024-05-12T04:18:23.975 INFO:teuthology.orchestra.run.smithi037.stdout:/usr/bin/ceph: stderr
2024-05-12T04:18:23.300+0000 7f3f0ffff700 1 --2- >> [v2:172.21.15.37:3300/0,v1:172.21.15.37:6789/0] conn(0x7f3f101065c0 0x7f3f101069e0 unknown :-1 s=BANNER_CONNECTING pgs=0 cs=0 l=0 rev1=0 crypto rx=0 tx=0 comp rx=0 tx=0)._handle_peer_banner_payload supported=3 required=0
2024-05-12T04:18:23.976 INFO:teuthology.orchestra.run.smithi037.stdout:/usr/bin/ceph: stderr
2024-05-12T04:18:23.300+0000 7f3f0ffff700 1 --2- >> [v2:172.21.15.37:3300/0,v1:172.21.15.37:6789/0] conn(0x7f3f101065c0 0x7f3f101069e0 unknown :-1 s=HELLO_CONNECTING pgs=0 cs=0 l=0 rev1=1 crypto rx=0 tx=0 comp rx=0 tx=0).handle_hello peer v2:172.21.15.37:3300/0 says I am v2:172.21.15.37:33656/0 (socket says 172.21.15.37:33656)
2024-05-12T04:18:23.976 INFO:teuthology.orchestra.run.smithi037.stdout:/usr/bin/ceph: stderr
2024-05-12T04:18:23.300+0000 7f3f0ffff700 1 -- 172.21.15.37:0/2549541049 learned_addr learned my addr 172.21.15.37:0/2549541049 (peer_addr_for_me v2:172.21.15.37:0/0)
2024-05-12T04:18:23.976 INFO:teuthology.orchestra.run.smithi037.stdout:/usr/bin/ceph: stderr
2024-05-12T04:18:23.300+0000 7f3f0ffff700 1 -- 172.21.15.37:0/2549541049 --> [v2:172.21.15.37:3300/0,v1:172.21.15.37:6789/0] -- mon_subscribe({config=0+,monmap=0+}) v3 -- 0x7f3f10107770 con 0x7f3f101065c0
2024-05-12T04:18:23.976 INFO:teuthology.orchestra.run.smithi037.stdout:/usr/bin/ceph: stderr
2024-05-12T04:18:23.300+0000 7f3f0ffff700 1 --2- 172.21.15.37:0/2549541049 >> [v2:172.21.15.37:3300/0,v1:172.21.15.37:6789/0] conn(0x7f3f101065c0 0x7f3f101069e0 secure :-1 s=READY pgs=70 cs=0 l=1 rev1=1 crypto rx=0x7f3f000098a0 tx=0x7f3f00009bb0 comp rx=0 tx=0).ready entity=mon.0 client_cookie=c28e729ca1d68ecb server_cookie=0 in_seq=0 out_seq=0
2024-05-12T04:18:23.976 INFO:teuthology.orchestra.run.smithi037.stdout:/usr/bin/ceph: stderr
2024-05-12T04:18:23.300+0000 7f3f0effd700 1 -- 172.21.15.37:0/2549541049 <== mon.0 v2:172.21.15.37:3300/0 1 ==== mon_map magic: 0 v1 ==== 205+0+0 (secure 0 0 0) 0x7f3f00004160 con 0x7f3f101065c0
2024-05-12T04:18:23.976 INFO:teuthology.orchestra.run.smithi037.stdout:/usr/bin/ceph: stderr
2024-05-12T04:18:23.300+0000 7f3f0effd700 1 -- 172.21.15.37:0/2549541049 <== mon.0 v2:172.21.15.37:3300/0 2 ==== config(26 keys) v1 ==== 1105+0+0 (secure 0 0 0) 0x7f3f000042c0 con 0x7f3f101065c0
2024-05-12T04:18:23.976 INFO:teuthology.orchestra.run.smithi037.stdout:/usr/bin/ceph: stderr
2024-05-12T04:18:23.300+0000 7f3f0effd700 1 -- 172.21.15.37:0/2549541049 <== mon.0 v2:172.21.15.37:3300/0 3 ==== mon_map magic: 0 v1 ==== 205+0+0 (secure 0 0 0) 0x7f3f000119b0 con 0x7f3f101065c0
2024-05-12T04:18:23.976 INFO:teuthology.orchestra.run.smithi037.stdout:/usr/bin/ceph: stderr
2024-05-12T04:18:23.301+0000 7f3f167e2700 1 -- 172.21.15.37:0/2549541049 >> [v2:172.21.15.37:3300/0,v1:172.21.15.37:6789/0] conn(0x7f3f101065c0 msgr2=0x7f3f101069e0 secure :-1 s=STATE_CONNECTION_ESTABLISHED l=1).mark_down
2024-05-12T04:18:23.976 INFO:teuthology.orchestra.run.smithi037.stdout:/usr/bin/ceph: stderr
2024-05-12T04:18:23.301+0000 7f3f167e2700 1 --2- 172.21.15.37:0/2549541049 >> [v2:172.21.15.37:3300/0,v1:172.21.15.37:6789/0] conn(0x7f3f101065c0 0x7f3f101069e0 secure :-1 s=READY pgs=70 cs=0 l=1 rev1=1 crypto rx=0x7f3f000098a0 tx=0x7f3f00009bb0 comp rx=0 tx=0).stop
2024-05-12T04:18:23.976 INFO:teuthology.orchestra.run.smithi037.stdout:/usr/bin/ceph: stderr
2024-05-12T04:18:23.301+0000 7f3f167e2700 1 -- 172.21.15.37:0/2549541049 shutdown_connections
2024-05-12T04:18:23.976 INFO:teuthology.orchestra.run.smithi037.stdout:/usr/bin/ceph: stderr
2024-05-12T04:18:23.301+0000 7f3f167e2700 1 --2- 172.21.15.37:0/2549541049 >> [v2:172.21.15.37:3300/0,v1:172.21.15.37:6789/0] conn(0x7f3f101065c0 0x7f3f101069e0 unknown :-1 s=CLOSED pgs=70 cs=0 l=1 rev1=1 crypto rx=0 tx=0 comp rx=0 tx=0).stop
2024-05-12T04:18:23.976 INFO:teuthology.orchestra.run.smithi037.stdout:/usr/bin/ceph: stderr
2024-05-12T04:18:23.301+0000 7f3f167e2700 1 -- 172.21.15.37:0/2549541049 >> 172.21.15.37:0/2549541049 conn(0x7f3f10101b80 msgr2=0x7f3f10103fa0 unknown :-1 s=STATE_NONE l=0).mark_down
2024-05-12T04:18:23.976 INFO:teuthology.orchestra.run.smithi037.stdout:/usr/bin/ceph: stderr
2024-05-12T04:18:23.301+0000 7f3f167e2700 1 -- 172.21.15.37:0/2549541049 shutdown_connections
2024-05-12T04:18:23.976 INFO:teuthology.orchestra.run.smithi037.stdout:/usr/bin/ceph: stderr
2024-05-12T04:18:23.301+0000 7f3f167e2700 1 -- 172.21.15.37:0/2549541049 wait complete.
2024-05-12T04:18:23.977 INFO:teuthology.orchestra.run.smithi037.stdout:/usr/bin/ceph: stderr
2024-05-12T04:18:23.302+0000 7f3f167e2700 1 Processor -- start
2024-05-12T04:18:23.977 INFO:teuthology.orchestra.run.smithi037.stdout:/usr/bin/ceph: stderr
2024-05-12T04:18:23.302+0000 7f3f167e2700 1 -- start start
2024-05-12T04:18:23.977 INFO:teuthology.orchestra.run.smithi037.stdout:/usr/bin/ceph: stderr
2024-05-12T04:18:23.302+0000 7f3f167e2700 1 --2- >> [v2:172.21.15.37:3300/0,v1:172.21.15.37:6789/0] conn(0x7f3f101065c0 0x7f3f1019c4f0 unknown :-1 s=NONE pgs=0 cs=0 l=1 rev1=0 crypto rx=0 tx=0 comp rx=0 tx=0).connect
2024-05-12T04:18:23.977 INFO:teuthology.orchestra.run.smithi037.stdout:/usr/bin/ceph: stderr
2024-05-12T04:18:23.302+0000 7f3f167e2700 1 -- --> [v2:172.21.15.37:3300/0,v1:172.21.15.37:6789/0] -- mon_getmap magic: 0 v1 -- 0x7f3f1019ca30 con 0x7f3f101065c0
2024-05-12T04:18:23.977 INFO:teuthology.orchestra.run.smithi037.stdout:/usr/bin/ceph: stderr
2024-05-12T04:18:23.303+0000 7f3f0ffff700 1 --2- >> [v2:172.21.15.37:3300/0,v1:172.21.15.37:6789/0] conn(0x7f3f101065c0 0x7f3f1019c4f0 unknown :-1 s=BANNER_CONNECTING pgs=0 cs=0 l=1 rev1=0 crypto rx=0 tx=0 comp rx=0 tx=0)._handle_peer_banner_payload supported=3 required=0
2024-05-12T04:18:23.977 INFO:teuthology.orchestra.run.smithi037.stdout:/usr/bin/ceph: stderr
2024-05-12T04:18:23.303+0000 7f3f0ffff700 1 --2- >> [v2:172.21.15.37:3300/0,v1:172.21.15.37:6789/0] conn(0x7f3f101065c0 0x7f3f1019c4f0 unknown :-1 s=HELLO_CONNECTING pgs=0 cs=0 l=1 rev1=1 crypto rx=0 tx=0 comp rx=0 tx=0).handle_hello peer v2:172.21.15.37:3300/0 says I am v2:172.21.15.37:33666/0 (socket says 172.21.15.37:33666)
2024-05-12T04:18:23.977 INFO:teuthology.orchestra.run.smithi037.stdout:/usr/bin/ceph: stderr
2024-05-12T04:18:23.303+0000 7f3f0ffff700 1 -- 172.21.15.37:0/3151323709 learned_addr learned my addr 172.21.15.37:0/3151323709 (peer_addr_for_me v2:172.21.15.37:0/0)
2024-05-12T04:18:23.977 INFO:teuthology.orchestra.run.smithi037.stdout:/usr/bin/ceph: stderr
2024-05-12T04:18:23.303+0000 7f3f0ffff700 1 -- 172.21.15.37:0/3151323709 --> [v2:172.21.15.37:3300/0,v1:172.21.15.37:6789/0] -- mon_subscribe({config=0+,monmap=0+}) v3 -- 0x7f3f00009550 con 0x7f3f101065c0
2024-05-12T04:18:23.977 INFO:teuthology.orchestra.run.smithi037.stdout:/usr/bin/ceph: stderr
2024-05-12T04:18:23.303+0000 7f3f0ffff700 1 --2- 172.21.15.37:0/3151323709 >> [v2:172.21.15.37:3300/0,v1:172.21.15.37:6789/0] conn(0x7f3f101065c0 0x7f3f1019c4f0 secure :-1 s=READY pgs=71 cs=0 l=1 rev1=1 crypto rx=0x7f3f00006af0 tx=0x7f3f00011a10 comp rx=0 tx=0).ready entity=mon.0 client_cookie=0 server_cookie=0 in_seq=0 out_seq=0
2024-05-12T04:18:23.977 INFO:teuthology.orchestra.run.smithi037.stdout:/usr/bin/ceph: stderr
2024-05-12T04:18:23.303+0000 7f3f0d7fa700 1 -- 172.21.15.37:0/3151323709 <== mon.0 v2:172.21.15.37:3300/0 1 ==== mon_map magic: 0 v1 ==== 205+0+0 (secure 0 0 0) 0x7f3f00003a40 con 0x7f3f101065c0
2024-05-12T04:18:23.977 INFO:teuthology.orchestra.run.smithi037.stdout:/usr/bin/ceph: stderr
2024-05-12T04:18:23.303+0000 7f3f0d7fa700 1 -- 172.21.15.37:0/3151323709 <== mon.0 v2:172.21.15.37:3300/0 2 ==== config(26 keys) v1 ==== 1105+0+0 (secure 0 0 0) 0x7f3f00003ba0 con 0x7f3f101065c0
2024-05-12T04:18:23.977 INFO:teuthology.orchestra.run.smithi037.stdout:/usr/bin/ceph: stderr
2024-05-12T04:18:23.303+0000 7f3f167e2700 1 -- 172.21.15.37:0/3151323709 --> [v2:172.21.15.37:3300/0,v1:172.21.15.37:6789/0] -- mon_subscribe({mgrmap=0+}) v3 -- 0x7f3f1019cc30 con 0x7f3f101065c0
2024-05-12T04:18:23.977 INFO:teuthology.orchestra.run.smithi037.stdout:/usr/bin/ceph: stderr
2024-05-12T04:18:23.303+0000 7f3f0d7fa700 1 -- 172.21.15.37:0/3151323709 <== mon.0 v2:172.21.15.37:3300/0 3 ==== mon_map magic: 0 v1 ==== 205+0+0 (secure 0 0 0) 0x7f3f00019690 con 0x7f3f101065c0
2024-05-12T04:18:23.977 INFO:teuthology.orchestra.run.smithi037.stdout:/usr/bin/ceph: stderr
2024-05-12T04:18:23.303+0000 7f3f167e2700 1 -- 172.21.15.37:0/3151323709 --> [v2:172.21.15.37:3300/0,v1:172.21.15.37:6789/0] -- mon_subscribe({osdmap=0}) v3 -- 0x7f3f1019d0d0 con 0x7f3f101065c0
2024-05-12T04:18:23.978 INFO:teuthology.orchestra.run.smithi037.stdout:/usr/bin/ceph: stderr
2024-05-12T04:18:23.304+0000 7f3f167e2700 1 -- 172.21.15.37:0/3151323709 --> [v2:172.21.15.37:3300/0,v1:172.21.15.37:6789/0] -- mon_command({"prefix": "get_command_descriptions"} v 0) v1 -- 0x7f3f1010a9a0 con 0x7f3f101065c0
2024-05-12T04:18:23.978 INFO:teuthology.orchestra.run.smithi037.stdout:/usr/bin/ceph: stderr
2024-05-12T04:18:23.305+0000 7f3f0d7fa700 1 -- 172.21.15.37:0/3151323709 <== mon.0 v2:172.21.15.37:3300/0 4 ==== mgrmap(e 11) v1 ==== 45448+0+0 (secure 0 0 0) 0x7f3f00019950 con 0x7f3f101065c0
2024-05-12T04:18:23.978 INFO:teuthology.orchestra.run.smithi037.stdout:/usr/bin/ceph: stderr
2024-05-12T04:18:23.305+0000 7f3f0d7fa700 1 --2- 172.21.15.37:0/3151323709 >> [v2:172.21.15.37:6800/27490723,v1:172.21.15.37:6801/27490723] conn(0x7f3ef80385e0 0x7f3ef803aaa0 unknown :-1 s=NONE pgs=0 cs=0 l=1 rev1=0 crypto rx=0 tx=0 comp rx=0 tx=0).connect
2024-05-12T04:18:23.978 INFO:teuthology.orchestra.run.smithi037.stdout:/usr/bin/ceph: stderr
2024-05-12T04:18:23.305+0000 7f3f0d7fa700 1 -- 172.21.15.37:0/3151323709 <== mon.0 v2:172.21.15.37:3300/0 5 ==== osd_map(3..3 src has 1..3) v4 ==== 1155+0+0 (secure 0 0 0) 0x7f3f0004cac0 con 0x7f3f101065c0
2024-05-12T04:18:23.978 INFO:teuthology.orchestra.run.smithi037.stdout:/usr/bin/ceph: stderr
2024-05-12T04:18:23.305+0000 7f3f0f7fe700 1 --2- 172.21.15.37:0/3151323709 >> [v2:172.21.15.37:6800/27490723,v1:172.21.15.37:6801/27490723] conn(0x7f3ef80385e0 0x7f3ef803aaa0 unknown :-1 s=BANNER_CONNECTING pgs=0 cs=0 l=1 rev1=0 crypto rx=0 tx=0 comp rx=0 tx=0)._handle_peer_banner_payload supported=3 required=0
2024-05-12T04:18:23.978 INFO:teuthology.orchestra.run.smithi037.stdout:/usr/bin/ceph: stderr
2024-05-12T04:18:23.306+0000 7f3f0f7fe700 1 --2- 172.21.15.37:0/3151323709 >> [v2:172.21.15.37:6800/27490723,v1:172.21.15.37:6801/27490723] conn(0x7f3ef80385e0 0x7f3ef803aaa0 secure :-1 s=READY pgs=7 cs=0 l=1 rev1=1 crypto rx=0x7f3f04006fd0 tx=0x7f3f04006e40 comp rx=0 tx=0).ready entity=mgr.14152 client_cookie=0 server_cookie=0 in_seq=0 out_seq=0
2024-05-12T04:18:23.978 INFO:teuthology.orchestra.run.smithi037.stdout:/usr/bin/ceph: stderr
2024-05-12T04:18:23.310+0000 7f3f0d7fa700 1 -- 172.21.15.37:0/3151323709 <== mon.0 v2:172.21.15.37:3300/0 6 ==== mon_command_ack([{"prefix": "get_command_descriptions"}]=0 v0) v1 ==== 72+0+183351 (secure 0 0 0) 0x7f3f00023d20 con 0x7f3f101065c0
2024-05-12T04:18:23.978 INFO:teuthology.orchestra.run.smithi037.stdout:/usr/bin/ceph: stderr
2024-05-12T04:18:23.529+0000 7f3f167e2700 1 -- 172.21.15.37:0/3151323709 --> [v2:172.21.15.37:6800/27490723,v1:172.21.15.37:6801/27490723] -- mgr_command(tid 0: {"prefix": "dashboard create-self-signed-cert", "target": ["mon-mgr", ""]}) v1 -- 0x7f3f1019f960 con 0x7f3ef80385e0
2024-05-12T04:18:23.978 INFO:teuthology.orchestra.run.smithi037.stdout:/usr/bin/ceph: stderr
2024-05-12T04:18:23.584+0000 7f3f0d7fa700 1 -- 172.21.15.37:0/3151323709 <== mgr.14152 v2:172.21.15.37:6800/27490723 1 ==== mgr_command_reply(tid 0: 0 ) v1 ==== 8+0+32 (secure 0 0 0) 0x7f3f1019f960 con 0x7f3ef80385e0
2024-05-12T04:18:23.978 INFO:teuthology.orchestra.run.smithi037.stdout:/usr/bin/ceph: stderr
2024-05-12T04:18:23.587+0000 7f3f167e2700 1 -- 172.21.15.37:0/3151323709 >> [v2:172.21.15.37:6800/27490723,v1:172.21.15.37:6801/27490723] conn(0x7f3ef80385e0 msgr2=0x7f3ef803aaa0 secure :-1 s=STATE_CONNECTION_ESTABLISHED l=1).mark_down
2024-05-12T04:18:23.978 INFO:teuthology.orchestra.run.smithi037.stdout:/usr/bin/ceph: stderr
2024-05-12T04:18:23.587+0000 7f3f167e2700 1 --2- 172.21.15.37:0/3151323709 >> [v2:172.21.15.37:6800/27490723,v1:172.21.15.37:6801/27490723] conn(0x7f3ef80385e0 0x7f3ef803aaa0 secure :-1 s=READY pgs=7 cs=0 l=1 rev1=1 crypto rx=0x7f3f04006fd0 tx=0x7f3f04006e40 comp rx=0 tx=0).stop
2024-05-12T04:18:23.978 INFO:teuthology.orchestra.run.smithi037.stdout:/usr/bin/ceph: stderr
2024-05-12T04:18:23.587+0000 7f3f167e2700 1 -- 172.21.15.37:0/3151323709 >> [v2:172.21.15.37:3300/0,v1:172.21.15.37:6789/0] conn(0x7f3f101065c0 msgr2=0x7f3f1019c4f0 secure :-1 s=STATE_CONNECTION_ESTABLISHED l=1).mark_down
2024-05-12T04:18:23.978 INFO:teuthology.orchestra.run.smithi037.stdout:/usr/bin/ceph: stderr
2024-05-12T04:18:23.587+0000 7f3f167e2700 1 --2- 172.21.15.37:0/3151323709 >> [v2:172.21.15.37:3300/0,v1:172.21.15.37:6789/0] conn(0x7f3f101065c0 0x7f3f1019c4f0 secure :-1 s=READY pgs=71 cs=0 l=1 rev1=1 crypto rx=0x7f3f00006af0 tx=0x7f3f00011a10 comp rx=0 tx=0).stop
2024-05-12T04:18:23.979 INFO:teuthology.orchestra.run.smithi037.stdout:/usr/bin/ceph: stderr
2024-05-12T04:18:23.588+0000 7f3f167e2700 1 -- 172.21.15.37:0/3151323709 shutdown_connections
2024-05-12T04:18:23.979 INFO:teuthology.orchestra.run.smithi037.stdout:/usr/bin/ceph: stderr
2024-05-12T04:18:23.588+0000 7f3f167e2700 1 --2- 172.21.15.37:0/3151323709 >> [v2:172.21.15.37:6800/27490723,v1:172.21.15.37:6801/27490723] conn(0x7f3ef80385e0 0x7f3ef803aaa0 unknown :-1 s=CLOSED pgs=7 cs=0 l=1 rev1=1 crypto rx=0 tx=0 comp rx=0 tx=0).stop
2024-05-12T04:18:23.979 INFO:teuthology.orchestra.run.smithi037.stdout:/usr/bin/ceph: stderr
2024-05-12T04:18:23.588+0000 7f3f167e2700 1 --2- 172.21.15.37:0/3151323709 >> [v2:172.21.15.37:3300/0,v1:172.21.15.37:6789/0] conn(0x7f3f101065c0 0x7f3f1019c4f0 unknown :-1 s=CLOSED pgs=71 cs=0 l=1 rev1=1 crypto rx=0 tx=0 comp rx=0 tx=0).stop
2024-05-12T04:18:23.979 INFO:teuthology.orchestra.run.smithi037.stdout:/usr/bin/ceph: stderr
2024-05-12T04:18:23.588+0000 7f3f167e2700 1 -- 172.21.15.37:0/3151323709 >> 172.21.15.37:0/3151323709 conn(0x7f3f10101b80 msgr2=0x7f3f10102680 unknown :-1 s=STATE_NONE l=0).mark_down
2024-05-12T04:18:23.979 INFO:teuthology.orchestra.run.smithi037.stdout:/usr/bin/ceph: stderr
2024-05-12T04:18:23.588+0000 7f3f167e2700 1 -- 172.21.15.37:0/3151323709 shutdown_connections
2024-05-12T04:18:23.979 INFO:teuthology.orchestra.run.smithi037.stdout:/usr/bin/ceph: stderr
2024-05-12T04:18:23.588+0000 7f3f167e2700 1 -- 172.21.15.37:0/3151323709 wait complete.
2024-05-12T04:18:23.979 INFO:teuthology.orchestra.run.smithi037.stdout:Creating initial admin user...
2024-05-12T04:18:24.994 INFO:journalctl@ceph.mon.a.smithi037.stdout:May 12 04:18:24 smithi037 ceph-mon[42540]: from='client.14164 -' entity='client.admin' cmd=[{"prefix": "dashboard create-self-signed-cert", "target": ["mon-mgr", ""]}]: dispatch
2024-05-12T04:18:24.994 INFO:journalctl@ceph.mon.a.smithi037.stdout:May 12 04:18:24 smithi037 ceph-mon[42540]: from='mgr.14152 172.21.15.37:0/639948861' entity='mgr.x'
2024-05-12T04:18:24.994 INFO:journalctl@ceph.mon.a.smithi037.stdout:May 12 04:18:24 smithi037 ceph-mon[42540]: from='mgr.14152 172.21.15.37:0/639948861' entity='mgr.x'
2024-05-12T04:18:24.994 INFO:journalctl@ceph.mon.a.smithi037.stdout:May 12 04:18:24 smithi037 ceph-mon[42540]: mgrmap e12: x(active, since 2s)
2024-05-12T04:18:25.340 INFO:teuthology.orchestra.run.smithi037.stdout:/usr/bin/ceph: stdout {"username": "admin", "password": "$2b$12$0Pyy7vLv7L5Doxv22fGMu.Aa0.O7QEFob64.HHg96C7nTSVp/pciW", "roles": ["administrator"], "name": null, "email": null, "lastUpdate": 1715487504, "enabled": true, "pwdExpirationDate": null, "pwdUpdateRequired": true}
2024-05-12T04:18:25.340 INFO:teuthology.orchestra.run.smithi037.stdout:/usr/bin/ceph: stderr
2024-05-12T04:18:24.467+0000 7f8360479700 1 Processor -- start
2024-05-12T04:18:25.340 INFO:teuthology.orchestra.run.smithi037.stdout:/usr/bin/ceph: stderr
2024-05-12T04:18:24.467+0000 7f8360479700 1 -- start start
2024-05-12T04:18:25.340 INFO:teuthology.orchestra.run.smithi037.stdout:/usr/bin/ceph: stderr
2024-05-12T04:18:24.468+0000 7f8360479700 1 --2- >> [v2:172.21.15.37:3300/0,v1:172.21.15.37:6789/0] conn(0x7f83581070a0 0x7f8358109490 unknown :-1 s=NONE pgs=0 cs=0 l=0 rev1=0 crypto rx=0 tx=0 comp rx=0 tx=0).connect
2024-05-12T04:18:25.340 INFO:teuthology.orchestra.run.smithi037.stdout:/usr/bin/ceph: stderr
2024-05-12T04:18:24.468+0000 7f8360479700 1 -- --> [v2:172.21.15.37:3300/0,v1:172.21.15.37:6789/0] -- mon_getmap magic: 0 v1 -- 0x7f8358079e50 con 0x7f83581070a0
2024-05-12T04:18:25.340 INFO:teuthology.orchestra.run.smithi037.stdout:/usr/bin/ceph: stderr
2024-05-12T04:18:24.468+0000 7f835e215700 1 --2- >> [v2:172.21.15.37:3300/0,v1:172.21.15.37:6789/0] conn(0x7f83581070a0 0x7f8358109490 unknown :-1 s=BANNER_CONNECTING pgs=0 cs=0 l=0 rev1=0 crypto rx=0 tx=0 comp rx=0 tx=0)._handle_peer_banner_payload supported=3 required=0
2024-05-12T04:18:25.341 INFO:teuthology.orchestra.run.smithi037.stdout:/usr/bin/ceph: stderr
2024-05-12T04:18:24.468+0000 7f835e215700 1 --2- >> [v2:172.21.15.37:3300/0,v1:172.21.15.37:6789/0] conn(0x7f83581070a0 0x7f8358109490 unknown :-1 s=HELLO_CONNECTING pgs=0 cs=0 l=0 rev1=1 crypto rx=0 tx=0 comp rx=0 tx=0).handle_hello peer v2:172.21.15.37:3300/0 says I am v2:172.21.15.37:33676/0 (socket says 172.21.15.37:33676)
2024-05-12T04:18:25.341 INFO:teuthology.orchestra.run.smithi037.stdout:/usr/bin/ceph: stderr
2024-05-12T04:18:24.468+0000 7f835e215700 1 -- 172.21.15.37:0/252932368 learned_addr learned my addr 172.21.15.37:0/252932368 (peer_addr_for_me v2:172.21.15.37:0/0)
2024-05-12T04:18:25.341 INFO:teuthology.orchestra.run.smithi037.stdout:/usr/bin/ceph: stderr
2024-05-12T04:18:24.468+0000 7f835e215700 1 -- 172.21.15.37:0/252932368 --> [v2:172.21.15.37:3300/0,v1:172.21.15.37:6789/0] -- mon_subscribe({config=0+,monmap=0+}) v3 -- 0x7f83581099d0 con 0x7f83581070a0
2024-05-12T04:18:25.341 INFO:teuthology.orchestra.run.smithi037.stdout:/usr/bin/ceph: stderr
2024-05-12T04:18:24.469+0000 7f835e215700 1 --2- 172.21.15.37:0/252932368 >> [v2:172.21.15.37:3300/0,v1:172.21.15.37:6789/0] conn(0x7f83581070a0 0x7f8358109490 secure :-1 s=READY pgs=72 cs=0 l=1 rev1=1 crypto rx=0x7f83540098a0 tx=0x7f8354009bb0 comp rx=0 tx=0).ready entity=mon.0 client_cookie=6e36038e7f70abfc server_cookie=0 in_seq=0 out_seq=0
2024-05-12T04:18:25.341 INFO:teuthology.orchestra.run.smithi037.stdout:/usr/bin/ceph: stderr
2024-05-12T04:18:24.469+0000 7f835d213700 1 -- 172.21.15.37:0/252932368 <== mon.0 v2:172.21.15.37:3300/0 1 ==== mon_map magic: 0 v1 ==== 205+0+0 (secure 0 0 0) 0x7f8354004160 con 0x7f83581070a0
2024-05-12T04:18:25.341 INFO:teuthology.orchestra.run.smithi037.stdout:/usr/bin/ceph: stderr
2024-05-12T04:18:24.469+0000 7f835d213700 1 -- 172.21.15.37:0/252932368 <== mon.0 v2:172.21.15.37:3300/0 2 ==== config(26 keys) v1 ==== 1105+0+0 (secure 0 0 0) 0x7f83540042c0 con 0x7f83581070a0
2024-05-12T04:18:25.341 INFO:teuthology.orchestra.run.smithi037.stdout:/usr/bin/ceph: stderr
2024-05-12T04:18:24.469+0000 7f835d213700 1 -- 172.21.15.37:0/252932368 <== mon.0 v2:172.21.15.37:3300/0 3 ==== mon_map magic: 0 v1 ==== 205+0+0 (secure 0 0 0) 0x7f83540119b0 con 0x7f83581070a0
2024-05-12T04:18:25.341 INFO:teuthology.orchestra.run.smithi037.stdout:/usr/bin/ceph: stderr
2024-05-12T04:18:24.469+0000 7f8360479700 1 -- 172.21.15.37:0/252932368 >> [v2:172.21.15.37:3300/0,v1:172.21.15.37:6789/0] conn(0x7f83581070a0 msgr2=0x7f8358109490 secure :-1 s=STATE_CONNECTION_ESTABLISHED l=1).mark_down
2024-05-12T04:18:25.341 INFO:teuthology.orchestra.run.smithi037.stdout:/usr/bin/ceph: stderr
2024-05-12T04:18:24.469+0000 7f8360479700 1 --2- 172.21.15.37:0/252932368 >> [v2:172.21.15.37:3300/0,v1:172.21.15.37:6789/0] conn(0x7f83581070a0 0x7f8358109490 secure :-1 s=READY pgs=72 cs=0 l=1 rev1=1 crypto rx=0x7f83540098a0 tx=0x7f8354009bb0 comp rx=0 tx=0).stop
2024-05-12T04:18:25.341 INFO:teuthology.orchestra.run.smithi037.stdout:/usr/bin/ceph: stderr
2024-05-12T04:18:24.470+0000 7f8360479700 1 -- 172.21.15.37:0/252932368 shutdown_connections
2024-05-12T04:18:25.341 INFO:teuthology.orchestra.run.smithi037.stdout:/usr/bin/ceph: stderr
2024-05-12T04:18:24.470+0000 7f8360479700 1 --2- 172.21.15.37:0/252932368 >> [v2:172.21.15.37:3300/0,v1:172.21.15.37:6789/0] conn(0x7f83581070a0 0x7f8358109490 unknown :-1 s=CLOSED pgs=72 cs=0 l=1 rev1=1 crypto rx=0 tx=0 comp rx=0 tx=0).stop
2024-05-12T04:18:25.341 INFO:teuthology.orchestra.run.smithi037.stdout:/usr/bin/ceph: stderr
2024-05-12T04:18:24.470+0000 7f8360479700 1 -- 172.21.15.37:0/252932368 >> 172.21.15.37:0/252932368 conn(0x7f8358100ab0 msgr2=0x7f8358102ed0 unknown :-1 s=STATE_NONE l=0).mark_down
2024-05-12T04:18:25.341 INFO:teuthology.orchestra.run.smithi037.stdout:/usr/bin/ceph: stderr
2024-05-12T04:18:24.470+0000 7f8360479700 1 -- 172.21.15.37:0/252932368 shutdown_connections
2024-05-12T04:18:25.341 INFO:teuthology.orchestra.run.smithi037.stdout:/usr/bin/ceph: stderr
2024-05-12T04:18:24.470+0000 7f8360479700 1 -- 172.21.15.37:0/252932368 wait complete.
2024-05-12T04:18:25.341 INFO:teuthology.orchestra.run.smithi037.stdout:/usr/bin/ceph: stderr
2024-05-12T04:18:24.470+0000 7f8360479700 1 Processor -- start
2024-05-12T04:18:25.342 INFO:teuthology.orchestra.run.smithi037.stdout:/usr/bin/ceph: stderr
2024-05-12T04:18:24.470+0000 7f8360479700 1 -- start start
2024-05-12T04:18:25.342 INFO:teuthology.orchestra.run.smithi037.stdout:/usr/bin/ceph: stderr
2024-05-12T04:18:24.471+0000 7f8360479700 1 --2- >> [v2:172.21.15.37:3300/0,v1:172.21.15.37:6789/0] conn(0x7f83581070a0 0x7f835819a320 unknown :-1 s=NONE pgs=0 cs=0 l=1 rev1=0 crypto rx=0 tx=0 comp rx=0 tx=0).connect
2024-05-12T04:18:25.342 INFO:teuthology.orchestra.run.smithi037.stdout:/usr/bin/ceph: stderr
2024-05-12T04:18:24.471+0000 7f8360479700 1 -- --> [v2:172.21.15.37:3300/0,v1:172.21.15.37:6789/0] -- mon_getmap magic: 0 v1 -- 0x7f835819a860 con 0x7f83581070a0
2024-05-12T04:18:25.342 INFO:teuthology.orchestra.run.smithi037.stdout:/usr/bin/ceph: stderr
2024-05-12T04:18:24.471+0000 7f835e215700 1 --2- >> [v2:172.21.15.37:3300/0,v1:172.21.15.37:6789/0] conn(0x7f83581070a0 0x7f835819a320 unknown :-1 s=BANNER_CONNECTING pgs=0 cs=0 l=1 rev1=0 crypto rx=0 tx=0 comp rx=0 tx=0)._handle_peer_banner_payload supported=3 required=0
2024-05-12T04:18:25.342 INFO:teuthology.orchestra.run.smithi037.stdout:/usr/bin/ceph: stderr
2024-05-12T04:18:24.471+0000 7f835e215700 1 --2- >> [v2:172.21.15.37:3300/0,v1:172.21.15.37:6789/0] conn(0x7f83581070a0 0x7f835819a320 unknown :-1 s=HELLO_CONNECTING pgs=0 cs=0 l=1 rev1=1 crypto rx=0 tx=0 comp rx=0 tx=0).handle_hello peer v2:172.21.15.37:3300/0 says I am v2:172.21.15.37:33692/0 (socket says 172.21.15.37:33692)
2024-05-12T04:18:25.342 INFO:teuthology.orchestra.run.smithi037.stdout:/usr/bin/ceph: stderr
2024-05-12T04:18:24.471+0000 7f835e215700 1 -- 172.21.15.37:0/54769572 learned_addr learned my addr 172.21.15.37:0/54769572 (peer_addr_for_me v2:172.21.15.37:0/0)
2024-05-12T04:18:25.342 INFO:teuthology.orchestra.run.smithi037.stdout:/usr/bin/ceph: stderr
2024-05-12T04:18:24.471+0000 7f835e215700 1 -- 172.21.15.37:0/54769572 --> [v2:172.21.15.37:3300/0,v1:172.21.15.37:6789/0] -- mon_subscribe({config=0+,monmap=0+}) v3 -- 0x7f8354009550 con 0x7f83581070a0
2024-05-12T04:18:25.342 INFO:teuthology.orchestra.run.smithi037.stdout:/usr/bin/ceph: stderr
2024-05-12T04:18:24.471+0000 7f835e215700 1 --2- 172.21.15.37:0/54769572 >> [v2:172.21.15.37:3300/0,v1:172.21.15.37:6789/0] conn(0x7f83581070a0 0x7f835819a320 secure :-1 s=READY pgs=73 cs=0 l=1 rev1=1 crypto rx=0x7f8354011670 tx=0x7f8354011a30 comp rx=0 tx=0).ready entity=mon.0 client_cookie=0 server_cookie=0 in_seq=0 out_seq=0
2024-05-12T04:18:25.342 INFO:teuthology.orchestra.run.smithi037.stdout:/usr/bin/ceph: stderr
2024-05-12T04:18:24.471+0000 7f834f7fe700 1 -- 172.21.15.37:0/54769572 <== mon.0 v2:172.21.15.37:3300/0 1 ==== mon_map magic: 0 v1 ==== 205+0+0 (secure 0 0 0) 0x7f8354003b20 con 0x7f83581070a0
2024-05-12T04:18:25.342 INFO:teuthology.orchestra.run.smithi037.stdout:/usr/bin/ceph: stderr
2024-05-12T04:18:24.471+0000 7f834f7fe700 1 -- 172.21.15.37:0/54769572 <== mon.0 v2:172.21.15.37:3300/0 2 ==== config(26 keys) v1 ==== 1105+0+0 (secure 0 0 0) 0x7f8354003c80 con 0x7f83581070a0
2024-05-12T04:18:25.342 INFO:teuthology.orchestra.run.smithi037.stdout:/usr/bin/ceph: stderr
2024-05-12T04:18:24.471+0000 7f8360479700 1 -- 172.21.15.37:0/54769572 --> [v2:172.21.15.37:3300/0,v1:172.21.15.37:6789/0] -- mon_subscribe({mgrmap=0+}) v3 -- 0x7f835819aa60 con 0x7f83581070a0
2024-05-12T04:18:25.342 INFO:teuthology.orchestra.run.smithi037.stdout:/usr/bin/ceph: stderr
2024-05-12T04:18:24.471+0000 7f834f7fe700 1 -- 172.21.15.37:0/54769572 <== mon.0 v2:172.21.15.37:3300/0 3 ==== mon_map magic: 0 v1 ==== 205+0+0 (secure 0 0 0) 0x7f8354019770 con 0x7f83581070a0
2024-05-12T04:18:25.342 INFO:teuthology.orchestra.run.smithi037.stdout:/usr/bin/ceph: stderr
2024-05-12T04:18:24.472+0000 7f8360479700 1 -- 172.21.15.37:0/54769572 --> [v2:172.21.15.37:3300/0,v1:172.21.15.37:6789/0] -- mon_subscribe({osdmap=0}) v3 -- 0x7f835819af00 con 0x7f83581070a0
2024-05-12T04:18:25.342 INFO:teuthology.orchestra.run.smithi037.stdout:/usr/bin/ceph: stderr
2024-05-12T04:18:24.473+0000 7f8360479700 1 -- 172.21.15.37:0/54769572 --> [v2:172.21.15.37:3300/0,v1:172.21.15.37:6789/0] -- mon_command({"prefix": "get_command_descriptions"} v 0) v1 -- 0x7f835810a760 con 0x7f83581070a0
2024-05-12T04:18:25.342 INFO:teuthology.orchestra.run.smithi037.stdout:/usr/bin/ceph: stderr
2024-05-12T04:18:24.473+0000 7f834f7fe700 1 -- 172.21.15.37:0/54769572 <== mon.0 v2:172.21.15.37:3300/0 4 ==== mgrmap(e 12) v1 ==== 45554+0+0 (secure 0 0 0) 0x7f835401ab60 con 0x7f83581070a0
2024-05-12T04:18:25.343 INFO:teuthology.orchestra.run.smithi037.stdout:/usr/bin/ceph: stderr
2024-05-12T04:18:24.473+0000 7f834f7fe700 1 --2- 172.21.15.37:0/54769572 >> [v2:172.21.15.37:6800/27490723,v1:172.21.15.37:6801/27490723] conn(0x7f83440387a0 0x7f834403ac60 unknown :-1 s=NONE pgs=0 cs=0 l=1 rev1=0 crypto rx=0 tx=0 comp rx=0 tx=0).connect
2024-05-12T04:18:25.343 INFO:teuthology.orchestra.run.smithi037.stdout:/usr/bin/ceph: stderr
2024-05-12T04:18:24.473+0000 7f834f7fe700 1 -- 172.21.15.37:0/54769572 <== mon.0 v2:172.21.15.37:3300/0 5 ==== osd_map(3..3 src has 1..3) v4 ==== 1155+0+0 (secure 0 0 0) 0x7f835404cb10 con 0x7f83581070a0
2024-05-12T04:18:25.343 INFO:teuthology.orchestra.run.smithi037.stdout:/usr/bin/ceph: stderr
2024-05-12T04:18:24.473+0000 7f835da14700 1 --2- 172.21.15.37:0/54769572 >> [v2:172.21.15.37:6800/27490723,v1:172.21.15.37:6801/27490723] conn(0x7f83440387a0 0x7f834403ac60 unknown :-1 s=BANNER_CONNECTING pgs=0 cs=0 l=1 rev1=0 crypto rx=0 tx=0 comp rx=0 tx=0)._handle_peer_banner_payload supported=3 required=0
2024-05-12T04:18:25.343 INFO:teuthology.orchestra.run.smithi037.stdout:/usr/bin/ceph: stderr
2024-05-12T04:18:24.474+0000 7f835da14700 1 --2- 172.21.15.37:0/54769572 >> [v2:172.21.15.37:6800/27490723,v1:172.21.15.37:6801/27490723] conn(0x7f83440387a0 0x7f834403ac60 secure :-1 s=READY pgs=8 cs=0 l=1 rev1=1 crypto rx=0x7f8348006fd0 tx=0x7f8348006e40 comp rx=0 tx=0).ready entity=mgr.14152 client_cookie=0 server_cookie=0 in_seq=0 out_seq=0
2024-05-12T04:18:25.343 INFO:teuthology.orchestra.run.smithi037.stdout:/usr/bin/ceph: stderr
2024-05-12T04:18:24.478+0000 7f834f7fe700 1 -- 172.21.15.37:0/54769572 <== mon.0 v2:172.21.15.37:3300/0 6 ==== mon_command_ack([{"prefix": "get_command_descriptions"}]=0 v0) v1 ==== 72+0+183351 (secure 0 0 0) 0x7f835401a430 con 0x7f83581070a0
2024-05-12T04:18:25.343 INFO:teuthology.orchestra.run.smithi037.stdout:/usr/bin/ceph: stderr
2024-05-12T04:18:24.714+0000 7f8360479700 1 -- 172.21.15.37:0/54769572 --> [v2:172.21.15.37:6800/27490723,v1:172.21.15.37:6801/27490723] -- mgr_command(tid 0: {"prefix": "dashboard ac-user-create", "username": "admin", "rolename": "administrator", "force_password": true, "pwd_update_required": true, "target": ["mon-mgr", ""]}) v1 -- 0x7f8358062330 con 0x7f83440387a0
2024-05-12T04:18:25.343 INFO:teuthology.orchestra.run.smithi037.stdout:/usr/bin/ceph: stderr
2024-05-12T04:18:24.970+0000 7f834f7fe700 1 -- 172.21.15.37:0/54769572 <== mgr.14152 v2:172.21.15.37:6800/27490723 1 ==== mgr_command_reply(tid 0: 0 ) v1 ==== 8+0+252 (secure 0 0 0) 0x7f8358062330 con 0x7f83440387a0
2024-05-12T04:18:25.343 INFO:teuthology.orchestra.run.smithi037.stdout:/usr/bin/ceph: stderr
2024-05-12T04:18:24.972+0000 7f8360479700 1 -- 172.21.15.37:0/54769572 >> [v2:172.21.15.37:6800/27490723,v1:172.21.15.37:6801/27490723] conn(0x7f83440387a0 msgr2=0x7f834403ac60 secure :-1 s=STATE_CONNECTION_ESTABLISHED l=1).mark_down
2024-05-12T04:18:25.343 INFO:teuthology.orchestra.run.smithi037.stdout:/usr/bin/ceph: stderr
2024-05-12T04:18:24.972+0000 7f8360479700 1 --2- 172.21.15.37:0/54769572 >> [v2:172.21.15.37:6800/27490723,v1:172.21.15.37:6801/27490723] conn(0x7f83440387a0 0x7f834403ac60 secure :-1 s=READY pgs=8 cs=0 l=1 rev1=1 crypto rx=0x7f8348006fd0 tx=0x7f8348006e40 comp rx=0 tx=0).stop
2024-05-12T04:18:25.343 INFO:teuthology.orchestra.run.smithi037.stdout:/usr/bin/ceph: stderr
2024-05-12T04:18:24.972+0000 7f8360479700 1 -- 172.21.15.37:0/54769572 >> [v2:172.21.15.37:3300/0,v1:172.21.15.37:6789/0] conn(0x7f83581070a0 msgr2=0x7f835819a320 secure :-1 s=STATE_CONNECTION_ESTABLISHED l=1).mark_down
2024-05-12T04:18:25.343 INFO:teuthology.orchestra.run.smithi037.stdout:/usr/bin/ceph: stderr
2024-05-12T04:18:24.972+0000 7f8360479700 1 --2- 172.21.15.37:0/54769572 >> [v2:172.21.15.37:3300/0,v1:172.21.15.37:6789/0] conn(0x7f83581070a0 0x7f835819a320 secure :-1 s=READY pgs=73 cs=0 l=1 rev1=1 crypto rx=0x7f8354011670 tx=0x7f8354011a30 comp rx=0 tx=0).stop
2024-05-12T04:18:25.343 INFO:teuthology.orchestra.run.smithi037.stdout:/usr/bin/ceph: stderr
2024-05-12T04:18:24.972+0000 7f8360479700 1 -- 172.21.15.37:0/54769572 shutdown_connections
2024-05-12T04:18:25.343 INFO:teuthology.orchestra.run.smithi037.stdout:/usr/bin/ceph: stderr
2024-05-12T04:18:24.972+0000 7f8360479700 1 --2- 172.21.15.37:0/54769572 >> [v2:172.21.15.37:6800/27490723,v1:172.21.15.37:6801/27490723] conn(0x7f83440387a0 0x7f834403ac60 unknown :-1 s=CLOSED pgs=8 cs=0 l=1 rev1=1 crypto rx=0 tx=0 comp rx=0 tx=0).stop
2024-05-12T04:18:25.343 INFO:teuthology.orchestra.run.smithi037.stdout:/usr/bin/ceph: stderr
2024-05-12T04:18:24.972+0000 7f8360479700 1 --2- 172.21.15.37:0/54769572 >> [v2:172.21.15.37:3300/0,v1:172.21.15.37:6789/0] conn(0x7f83581070a0 0x7f835819a320 unknown :-1 s=CLOSED pgs=73 cs=0 l=1 rev1=1 crypto rx=0 tx=0 comp rx=0 tx=0).stop
2024-05-12T04:18:25.343 INFO:teuthology.orchestra.run.smithi037.stdout:/usr/bin/ceph: stderr
2024-05-12T04:18:24.972+0000 7f8360479700 1 -- 172.21.15.37:0/54769572 >> 172.21.15.37:0/54769572 conn(0x7f8358100ab0 msgr2=0x7f83581015a0 unknown :-1 s=STATE_NONE l=0).mark_down
2024-05-12T04:18:25.344 INFO:teuthology.orchestra.run.smithi037.stdout:/usr/bin/ceph: stderr
2024-05-12T04:18:24.972+0000 7f8360479700 1 -- 172.21.15.37:0/54769572 shutdown_connections
2024-05-12T04:18:25.344 INFO:teuthology.orchestra.run.smithi037.stdout:/usr/bin/ceph: stderr
2024-05-12T04:18:24.972+0000 7f8360479700 1 -- 172.21.15.37:0/54769572 wait complete.
2024-05-12T04:18:25.344 INFO:teuthology.orchestra.run.smithi037.stdout:Fetching dashboard port number...
2024-05-12T04:18:25.990 INFO:journalctl@ceph.mon.a.smithi037.stdout:May 12 04:18:25 smithi037 ceph-mon[42540]: from='client.14166 -' entity='client.admin' cmd=[{"prefix": "dashboard ac-user-create", "username": "admin", "rolename": "administrator", "force_password": true, "pwd_update_required": true, "target": ["mon-mgr", ""]}]: dispatch
2024-05-12T04:18:25.990 INFO:journalctl@ceph.mon.a.smithi037.stdout:May 12 04:18:25 smithi037 ceph-mon[42540]: from='mgr.14152 172.21.15.37:0/639948861' entity='mgr.x'
2024-05-12T04:18:26.329 INFO:teuthology.orchestra.run.smithi037.stdout:/usr/bin/ceph: stdout 8443
2024-05-12T04:18:26.329 INFO:teuthology.orchestra.run.smithi037.stdout:/usr/bin/ceph: stderr
2024-05-12T04:18:25.741+0000 7f5d79ce6700 1 Processor -- start
2024-05-12T04:18:26.329 INFO:teuthology.orchestra.run.smithi037.stdout:/usr/bin/ceph: stderr
2024-05-12T04:18:25.741+0000 7f5d79ce6700 1 -- start start
2024-05-12T04:18:26.329 INFO:teuthology.orchestra.run.smithi037.stdout:/usr/bin/ceph: stderr
2024-05-12T04:18:25.742+0000 7f5d79ce6700 1 --2- >> [v2:172.21.15.37:3300/0,v1:172.21.15.37:6789/0] conn(0x7f5d74104e30 0x7f5d74105250 unknown :-1 s=NONE pgs=0 cs=0 l=0 rev1=0 crypto rx=0 tx=0 comp rx=0 tx=0).connect
2024-05-12T04:18:26.329 INFO:teuthology.orchestra.run.smithi037.stdout:/usr/bin/ceph: stderr
2024-05-12T04:18:25.742+0000 7f5d79ce6700 1 -- --> [v2:172.21.15.37:3300/0,v1:172.21.15.37:6789/0] -- mon_getmap magic: 0 v1 -- 0x7f5d74079e90 con 0x7f5d74104e30
2024-05-12T04:18:26.329 INFO:teuthology.orchestra.run.smithi037.stdout:/usr/bin/ceph: stderr
2024-05-12T04:18:25.742+0000 7f5d737fe700 1 --2- >> [v2:172.21.15.37:3300/0,v1:172.21.15.37:6789/0] conn(0x7f5d74104e30 0x7f5d74105250 unknown :-1 s=BANNER_CONNECTING pgs=0 cs=0 l=0 rev1=0 crypto rx=0 tx=0 comp rx=0 tx=0)._handle_peer_banner_payload supported=3 required=0
2024-05-12T04:18:26.329 INFO:teuthology.orchestra.run.smithi037.stdout:/usr/bin/ceph: stderr
2024-05-12T04:18:25.742+0000 7f5d737fe700 1 --2- >> [v2:172.21.15.37:3300/0,v1:172.21.15.37:6789/0] conn(0x7f5d74104e30 0x7f5d74105250 unknown :-1 s=HELLO_CONNECTING pgs=0 cs=0 l=0 rev1=1 crypto rx=0 tx=0 comp rx=0 tx=0).handle_hello peer v2:172.21.15.37:3300/0 says I am v2:172.21.15.37:33700/0 (socket says 172.21.15.37:33700)
2024-05-12T04:18:26.329 INFO:teuthology.orchestra.run.smithi037.stdout:/usr/bin/ceph: stderr
2024-05-12T04:18:25.742+0000 7f5d737fe700 1 -- 172.21.15.37:0/166528517 learned_addr learned my addr 172.21.15.37:0/166528517 (peer_addr_for_me v2:172.21.15.37:0/0)
2024-05-12T04:18:26.329 INFO:teuthology.orchestra.run.smithi037.stdout:/usr/bin/ceph: stderr
2024-05-12T04:18:25.742+0000 7f5d737fe700 1 -- 172.21.15.37:0/166528517 --> [v2:172.21.15.37:3300/0,v1:172.21.15.37:6789/0] -- mon_subscribe({config=0+,monmap=0+}) v3 -- 0x7f5d74105790 con 0x7f5d74104e30
2024-05-12T04:18:26.330 INFO:teuthology.orchestra.run.smithi037.stdout:/usr/bin/ceph: stderr
2024-05-12T04:18:25.742+0000 7f5d737fe700 1 --2- 172.21.15.37:0/166528517 >> [v2:172.21.15.37:3300/0,v1:172.21.15.37:6789/0] conn(0x7f5d74104e30 0x7f5d74105250 secure :-1 s=READY pgs=74 cs=0 l=1 rev1=1 crypto rx=0x7f5d640098a0 tx=0x7f5d64009bb0 comp rx=0 tx=0).ready entity=mon.0 client_cookie=f804e4d03284a650 server_cookie=0 in_seq=0 out_seq=0
2024-05-12T04:18:26.330 INFO:teuthology.orchestra.run.smithi037.stdout:/usr/bin/ceph: stderr
2024-05-12T04:18:25.742+0000 7f5d727fc700 1 -- 172.21.15.37:0/166528517 <== mon.0 v2:172.21.15.37:3300/0 1 ==== mon_map magic: 0 v1 ==== 205+0+0 (secure 0 0 0) 0x7f5d64004160 con 0x7f5d74104e30
2024-05-12T04:18:26.330 INFO:teuthology.orchestra.run.smithi037.stdout:/usr/bin/ceph: stderr
2024-05-12T04:18:25.743+0000 7f5d727fc700 1 -- 172.21.15.37:0/166528517 <== mon.0 v2:172.21.15.37:3300/0 2 ==== config(26 keys) v1 ==== 1105+0+0 (secure 0 0 0) 0x7f5d640042c0 con 0x7f5d74104e30
2024-05-12T04:18:26.330 INFO:teuthology.orchestra.run.smithi037.stdout:/usr/bin/ceph: stderr
2024-05-12T04:18:25.743+0000 7f5d727fc700 1 -- 172.21.15.37:0/166528517 <== mon.0 v2:172.21.15.37:3300/0 3 ==== mon_map magic: 0 v1 ==== 205+0+0 (secure 0 0 0) 0x7f5d640119b0 con 0x7f5d74104e30
2024-05-12T04:18:26.330 INFO:teuthology.orchestra.run.smithi037.stdout:/usr/bin/ceph: stderr
2024-05-12T04:18:25.743+0000 7f5d79ce6700 1 -- 172.21.15.37:0/166528517 >> [v2:172.21.15.37:3300/0,v1:172.21.15.37:6789/0] conn(0x7f5d74104e30 msgr2=0x7f5d74105250 secure :-1 s=STATE_CONNECTION_ESTABLISHED l=1).mark_down
2024-05-12T04:18:26.330 INFO:teuthology.orchestra.run.smithi037.stdout:/usr/bin/ceph: stderr
2024-05-12T04:18:25.743+0000 7f5d79ce6700 1 --2- 172.21.15.37:0/166528517 >> [v2:172.21.15.37:3300/0,v1:172.21.15.37:6789/0] conn(0x7f5d74104e30 0x7f5d74105250 secure :-1 s=READY pgs=74 cs=0 l=1 rev1=1 crypto rx=0x7f5d640098a0 tx=0x7f5d64009bb0 comp rx=0 tx=0).stop
2024-05-12T04:18:26.330 INFO:teuthology.orchestra.run.smithi037.stdout:/usr/bin/ceph: stderr
2024-05-12T04:18:25.743+0000 7f5d79ce6700 1 -- 172.21.15.37:0/166528517 shutdown_connections
2024-05-12T04:18:26.335 INFO:teuthology.orchestra.run.smithi037.stdout:/usr/bin/ceph: stderr
2024-05-12T04:18:25.743+0000 7f5d79ce6700 1 --2- 172.21.15.37:0/166528517 >> [v2:172.21.15.37:3300/0,v1:172.21.15.37:6789/0] conn(0x7f5d74104e30 0x7f5d74105250 unknown :-1 s=CLOSED pgs=74 cs=0 l=1 rev1=1 crypto rx=0 tx=0 comp rx=0 tx=0).stop
2024-05-12T04:18:26.335 INFO:teuthology.orchestra.run.smithi037.stdout:/usr/bin/ceph: stderr
2024-05-12T04:18:25.743+0000 7f5d79ce6700 1 -- 172.21.15.37:0/166528517 >> 172.21.15.37:0/166528517 conn(0x7f5d74100ab0 msgr2=0x7f5d74102ed0 unknown :-1 s=STATE_NONE l=0).mark_down
2024-05-12T04:18:26.335 INFO:teuthology.orchestra.run.smithi037.stdout:/usr/bin/ceph: stderr
2024-05-12T04:18:25.743+0000 7f5d79ce6700 1 -- 172.21.15.37:0/166528517 shutdown_connections
2024-05-12T04:18:26.335 INFO:teuthology.orchestra.run.smithi037.stdout:/usr/bin/ceph: stderr
2024-05-12T04:18:25.743+0000 7f5d79ce6700 1 -- 172.21.15.37:0/166528517 wait complete.
2024-05-12T04:18:26.335 INFO:teuthology.orchestra.run.smithi037.stdout:/usr/bin/ceph: stderr
2024-05-12T04:18:25.744+0000 7f5d79ce6700 1 Processor -- start
2024-05-12T04:18:26.336 INFO:teuthology.orchestra.run.smithi037.stdout:/usr/bin/ceph: stderr
2024-05-12T04:18:25.744+0000 7f5d79ce6700 1 -- start start
2024-05-12T04:18:26.336 INFO:teuthology.orchestra.run.smithi037.stdout:/usr/bin/ceph: stderr
2024-05-12T04:18:25.744+0000 7f5d79ce6700 1 --2- >> [v2:172.21.15.37:3300/0,v1:172.21.15.37:6789/0] conn(0x7f5d74104e30 0x7f5d7419c4a0 unknown :-1 s=NONE pgs=0 cs=0 l=1 rev1=0 crypto rx=0 tx=0 comp rx=0 tx=0).connect
2024-05-12T04:18:26.336 INFO:teuthology.orchestra.run.smithi037.stdout:/usr/bin/ceph: stderr
2024-05-12T04:18:25.744+0000 7f5d79ce6700 1 -- --> [v2:172.21.15.37:3300/0,v1:172.21.15.37:6789/0] -- mon_getmap magic: 0 v1 -- 0x7f5d7419c9e0 con 0x7f5d74104e30
2024-05-12T04:18:26.336 INFO:teuthology.orchestra.run.smithi037.stdout:/usr/bin/ceph: stderr
2024-05-12T04:18:25.745+0000 7f5d737fe700 1 --2- >> [v2:172.21.15.37:3300/0,v1:172.21.15.37:6789/0] conn(0x7f5d74104e30 0x7f5d7419c4a0 unknown :-1 s=BANNER_CONNECTING pgs=0 cs=0 l=1 rev1=0 crypto rx=0 tx=0 comp rx=0 tx=0)._handle_peer_banner_payload supported=3 required=0
2024-05-12T04:18:26.336 INFO:teuthology.orchestra.run.smithi037.stdout:/usr/bin/ceph: stderr
2024-05-12T04:18:25.745+0000 7f5d737fe700 1 --2- >> [v2:172.21.15.37:3300/0,v1:172.21.15.37:6789/0] conn(0x7f5d74104e30 0x7f5d7419c4a0 unknown :-1 s=HELLO_CONNECTING pgs=0 cs=0 l=1 rev1=1 crypto rx=0 tx=0 comp rx=0 tx=0).handle_hello peer v2:172.21.15.37:3300/0 says I am v2:172.21.15.37:33712/0 (socket says 172.21.15.37:33712)
2024-05-12T04:18:26.336 INFO:teuthology.orchestra.run.smithi037.stdout:/usr/bin/ceph: stderr
2024-05-12T04:18:25.745+0000 7f5d737fe700 1 -- 172.21.15.37:0/352126244 learned_addr learned my addr 172.21.15.37:0/352126244 (peer_addr_for_me v2:172.21.15.37:0/0)
2024-05-12T04:18:26.336 INFO:teuthology.orchestra.run.smithi037.stdout:/usr/bin/ceph: stderr
2024-05-12T04:18:25.745+0000 7f5d737fe700 1 -- 172.21.15.37:0/352126244 --> [v2:172.21.15.37:3300/0,v1:172.21.15.37:6789/0] -- mon_subscribe({config=0+,monmap=0+}) v3 -- 0x7f5d64009550 con 0x7f5d74104e30
2024-05-12T04:18:26.336 INFO:teuthology.orchestra.run.smithi037.stdout:/usr/bin/ceph: stderr
2024-05-12T04:18:25.745+0000 7f5d737fe700 1 --2- 172.21.15.37:0/352126244 >> [v2:172.21.15.37:3300/0,v1:172.21.15.37:6789/0] conn(0x7f5d74104e30 0x7f5d7419c4a0 secure :-1 s=READY pgs=75 cs=0 l=1 rev1=1 crypto rx=0x7f5d64006af0 tx=0x7f5d64011a10 comp rx=0 tx=0).ready entity=mon.0 client_cookie=0 server_cookie=0 in_seq=0 out_seq=0
2024-05-12T04:18:26.336 INFO:teuthology.orchestra.run.smithi037.stdout:/usr/bin/ceph: stderr
2024-05-12T04:18:25.745+0000 7f5d70ff9700 1 -- 172.21.15.37:0/352126244 <== mon.0 v2:172.21.15.37:3300/0 1 ==== mon_map magic: 0 v1 ==== 205+0+0 (secure 0 0 0) 0x7f5d64003a40 con 0x7f5d74104e30
2024-05-12T04:18:26.336 INFO:teuthology.orchestra.run.smithi037.stdout:/usr/bin/ceph: stderr
2024-05-12T04:18:25.745+0000 7f5d79ce6700 1 -- 172.21.15.37:0/352126244 --> [v2:172.21.15.37:3300/0,v1:172.21.15.37:6789/0] -- mon_subscribe({mgrmap=0+}) v3 -- 0x7f5d7419cbe0 con 0x7f5d74104e30
2024-05-12T04:18:26.336 INFO:teuthology.orchestra.run.smithi037.stdout:/usr/bin/ceph: stderr
2024-05-12T04:18:25.745+0000 7f5d70ff9700 1 -- 172.21.15.37:0/352126244 <== mon.0 v2:172.21.15.37:3300/0 2 ==== config(26 keys) v1 ==== 1105+0+0 (secure 0 0 0) 0x7f5d64003ba0 con 0x7f5d74104e30
2024-05-12T04:18:26.336 INFO:teuthology.orchestra.run.smithi037.stdout:/usr/bin/ceph: stderr
2024-05-12T04:18:25.745+0000 7f5d70ff9700 1 -- 172.21.15.37:0/352126244 <== mon.0 v2:172.21.15.37:3300/0 3 ==== mon_map magic: 0 v1 ==== 205+0+0 (secure 0 0 0) 0x7f5d640196c0 con 0x7f5d74104e30
2024-05-12T04:18:26.337 INFO:teuthology.orchestra.run.smithi037.stdout:/usr/bin/ceph: stderr
2024-05-12T04:18:25.745+0000 7f5d79ce6700 1 -- 172.21.15.37:0/352126244 --> [v2:172.21.15.37:3300/0,v1:172.21.15.37:6789/0] -- mon_subscribe({osdmap=0}) v3 -- 0x7f5d7419d080 con 0x7f5d74104e30
2024-05-12T04:18:26.337 INFO:teuthology.orchestra.run.smithi037.stdout:/usr/bin/ceph: stderr
2024-05-12T04:18:25.746+0000 7f5d70ff9700 1 -- 172.21.15.37:0/352126244 <== mon.0 v2:172.21.15.37:3300/0 4 ==== mgrmap(e 12) v1 ==== 45554+0+0 (secure 0 0 0) 0x7f5d64019980 con 0x7f5d74104e30
2024-05-12T04:18:26.337 INFO:teuthology.orchestra.run.smithi037.stdout:/usr/bin/ceph: stderr
2024-05-12T04:18:25.746+0000 7f5d70ff9700 1 --2- 172.21.15.37:0/352126244 >> [v2:172.21.15.37:6800/27490723,v1:172.21.15.37:6801/27490723] conn(0x7f5d60038700 0x7f5d6003abc0 unknown :-1 s=NONE pgs=0 cs=0 l=1 rev1=0 crypto rx=0 tx=0 comp rx=0 tx=0).connect
2024-05-12T04:18:26.337 INFO:teuthology.orchestra.run.smithi037.stdout:/usr/bin/ceph: stderr
2024-05-12T04:18:25.746+0000 7f5d79ce6700 1 -- 172.21.15.37:0/352126244 --> [v2:172.21.15.37:3300/0,v1:172.21.15.37:6789/0] -- mon_command({"prefix": "get_command_descriptions"} v 0) v1 -- 0x7f5d74196150 con 0x7f5d74104e30
2024-05-12T04:18:26.337 INFO:teuthology.orchestra.run.smithi037.stdout:/usr/bin/ceph: stderr
2024-05-12T04:18:25.746+0000 7f5d70ff9700 1 -- 172.21.15.37:0/352126244 <== mon.0 v2:172.21.15.37:3300/0 5 ==== osd_map(3..3 src has 1..3) v4 ==== 1155+0+0 (secure 0 0 0) 0x7f5d6404cdf0 con 0x7f5d74104e30
2024-05-12T04:18:26.337 INFO:teuthology.orchestra.run.smithi037.stdout:/usr/bin/ceph: stderr
2024-05-12T04:18:25.746+0000 7f5d72ffd700 1 --2- 172.21.15.37:0/352126244 >> [v2:172.21.15.37:6800/27490723,v1:172.21.15.37:6801/27490723] conn(0x7f5d60038700 0x7f5d6003abc0 unknown :-1 s=BANNER_CONNECTING pgs=0 cs=0 l=1 rev1=0 crypto rx=0 tx=0 comp rx=0 tx=0)._handle_peer_banner_payload supported=3 required=0
2024-05-12T04:18:26.337 INFO:teuthology.orchestra.run.smithi037.stdout:/usr/bin/ceph: stderr
2024-05-12T04:18:25.747+0000 7f5d72ffd700 1 --2- 172.21.15.37:0/352126244 >> [v2:172.21.15.37:6800/27490723,v1:172.21.15.37:6801/27490723] conn(0x7f5d60038700 0x7f5d6003abc0 secure :-1 s=READY pgs=9 cs=0 l=1 rev1=1 crypto rx=0x7f5d5c006fd0 tx=0x7f5d5c006e40 comp rx=0 tx=0).ready entity=mgr.14152 client_cookie=0 server_cookie=0 in_seq=0 out_seq=0
2024-05-12T04:18:26.337 INFO:teuthology.orchestra.run.smithi037.stdout:/usr/bin/ceph: stderr
2024-05-12T04:18:25.752+0000 7f5d70ff9700 1 -- 172.21.15.37:0/352126244 <== mon.0 v2:172.21.15.37:3300/0 6 ==== mon_command_ack([{"prefix": "get_command_descriptions"}]=0 v0) v1 ==== 72+0+183351 (secure 0 0 0) 0x7f5d640243f0 con 0x7f5d74104e30
2024-05-12T04:18:26.337 INFO:teuthology.orchestra.run.smithi037.stdout:/usr/bin/ceph: stderr
2024-05-12T04:18:25.963+0000 7f5d79ce6700 1 -- 172.21.15.37:0/352126244 --> [v2:172.21.15.37:3300/0,v1:172.21.15.37:6789/0] -- mon_command({"prefix": "config get", "who": "mgr", "key": "mgr/dashboard/ssl_server_port"} v 0) v1 -- 0x7f5d74106640 con 0x7f5d74104e30
2024-05-12T04:18:26.337 INFO:teuthology.orchestra.run.smithi037.stdout:/usr/bin/ceph: stderr
