2024-05-12T04:18:10.172 INFO:teuthology.orchestra.run.smithi037.stdout:/usr/bin/ceph: stderr
2024-05-12T04:18:09.278+0000 7f7820ff9700 1 --2- 172.21.15.37:0/2283385662 >> [v2:172.21.15.37:6800/122764723,v1:172.21.15.37:6801/122764723] conn(0x7f780c038750 0x7f780c03ac10 unknown :-1 s=NONE pgs=0 cs=0 l=1 rev1=0 crypto rx=0 tx=0 comp rx=0 tx=0).connect
2024-05-12T04:18:10.172 INFO:teuthology.orchestra.run.smithi037.stdout:/usr/bin/ceph: stderr
2024-05-12T04:18:09.278+0000 7f7820ff9700 1 -- 172.21.15.37:0/2283385662 <== mon.0 v2:172.21.15.37:3300/0 5 ==== osd_map(2..2 src has 1..2) v4 ==== 940+0+0 (secure 0 0 0) 0x7f781404c9a0 con 0x7f7824104e50
2024-05-12T04:18:10.172 INFO:teuthology.orchestra.run.smithi037.stdout:/usr/bin/ceph: stderr
2024-05-12T04:18:09.278+0000 7f7822ffd700 1 --2- 172.21.15.37:0/2283385662 >> [v2:172.21.15.37:6800/122764723,v1:172.21.15.37:6801/122764723] conn(0x7f780c038750 0x7f780c03ac10 unknown :-1 s=BANNER_CONNECTING pgs=0 cs=0 l=1 rev1=0 crypto rx=0 tx=0 comp rx=0 tx=0)._handle_peer_banner_payload supported=3 required=0
2024-05-12T04:18:10.172 INFO:teuthology.orchestra.run.smithi037.stdout:/usr/bin/ceph: stderr
2024-05-12T04:18:09.278+0000 7f7829ebf700 1 -- 172.21.15.37:0/2283385662 --> [v2:172.21.15.37:3300/0,v1:172.21.15.37:6789/0] -- mon_command({"prefix": "get_command_descriptions"} v 0) v1 -- 0x7f7824196170 con 0x7f7824104e50
2024-05-12T04:18:10.172 INFO:teuthology.orchestra.run.smithi037.stdout:/usr/bin/ceph: stderr
2024-05-12T04:18:09.278+0000 7f7822ffd700 1 --2- 172.21.15.37:0/2283385662 >> [v2:172.21.15.37:6800/122764723,v1:172.21.15.37:6801/122764723] conn(0x7f780c038750 0x7f780c03ac10 secure :-1 s=READY pgs=13 cs=0 l=1 rev1=1 crypto rx=0x7f7818006fd0 tx=0x7f7818006e40 comp rx=0 tx=0).ready entity=mgr.14120 client_cookie=0 server_cookie=0 in_seq=0 out_seq=0
2024-05-12T04:18:10.172 INFO:teuthology.orchestra.run.smithi037.stdout:/usr/bin/ceph: stderr
2024-05-12T04:18:09.283+0000 7f7820ff9700 1 -- 172.21.15.37:0/2283385662 <== mon.0 v2:172.21.15.37:3300/0 6 ==== mon_command_ack([{"prefix": "get_command_descriptions"}]=0 v0) v1 ==== 72+0+183351 (secure 0 0 0) 0x7f7814018ba0 con 0x7f7824104e50
2024-05-12T04:18:10.172 INFO:teuthology.orchestra.run.smithi037.stdout:/usr/bin/ceph: stderr
2024-05-12T04:18:09.536+0000 7f7829ebf700 1 -- 172.21.15.37:0/2283385662 --> [v2:172.21.15.37:6800/122764723,v1:172.21.15.37:6801/122764723] -- mgr_command(tid 0: {"prefix": "orch apply", "service_type": "mgr", "unmanaged": true, "target": ["mon-mgr", ""]}) v1 -- 0x7f782402ce50 con 0x7f780c038750
2024-05-12T04:18:10.172 INFO:teuthology.orchestra.run.smithi037.stdout:/usr/bin/ceph: stderr
2024-05-12T04:18:09.544+0000 7f7820ff9700 1 -- 172.21.15.37:0/2283385662 <== mgr.14120 v2:172.21.15.37:6800/122764723 1 ==== mgr_command_reply(tid 0: 0 ) v1 ==== 8+0+24 (secure 0 0 0) 0x7f782402ce50 con 0x7f780c038750
2024-05-12T04:18:10.172 INFO:teuthology.orchestra.run.smithi037.stdout:/usr/bin/ceph: stderr
2024-05-12T04:18:09.547+0000 7f7829ebf700 1 -- 172.21.15.37:0/2283385662 >> [v2:172.21.15.37:6800/122764723,v1:172.21.15.37:6801/122764723] conn(0x7f780c038750 msgr2=0x7f780c03ac10 secure :-1 s=STATE_CONNECTION_ESTABLISHED l=1).mark_down
2024-05-12T04:18:10.172 INFO:teuthology.orchestra.run.smithi037.stdout:/usr/bin/ceph: stderr
2024-05-12T04:18:09.547+0000 7f7829ebf700 1 --2- 172.21.15.37:0/2283385662 >> [v2:172.21.15.37:6800/122764723,v1:172.21.15.37:6801/122764723] conn(0x7f780c038750 0x7f780c03ac10 secure :-1 s=READY pgs=13 cs=0 l=1 rev1=1 crypto rx=0x7f7818006fd0 tx=0x7f7818006e40 comp rx=0 tx=0).stop
2024-05-12T04:18:10.172 INFO:teuthology.orchestra.run.smithi037.stdout:/usr/bin/ceph: stderr
2024-05-12T04:18:09.547+0000 7f7829ebf700 1 -- 172.21.15.37:0/2283385662 >> [v2:172.21.15.37:3300/0,v1:172.21.15.37:6789/0] conn(0x7f7824104e50 msgr2=0x7f782419c4c0 secure :-1 s=STATE_CONNECTION_ESTABLISHED l=1).mark_down
2024-05-12T04:18:10.172 INFO:teuthology.orchestra.run.smithi037.stdout:/usr/bin/ceph: stderr
2024-05-12T04:18:09.547+0000 7f7829ebf700 1 --2- 172.21.15.37:0/2283385662 >> [v2:172.21.15.37:3300/0,v1:172.21.15.37:6789/0] conn(0x7f7824104e50 0x7f782419c4c0 secure :-1 s=READY pgs=50 cs=0 l=1 rev1=1 crypto rx=0x7f7814011670 tx=0x7f7814011a30 comp rx=0 tx=0).stop
2024-05-12T04:18:10.172 INFO:teuthology.orchestra.run.smithi037.stdout:/usr/bin/ceph: stderr
2024-05-12T04:18:09.547+0000 7f7829ebf700 1 -- 172.21.15.37:0/2283385662 shutdown_connections
2024-05-12T04:18:10.172 INFO:teuthology.orchestra.run.smithi037.stdout:/usr/bin/ceph: stderr
2024-05-12T04:18:09.547+0000 7f7829ebf700 1 --2- 172.21.15.37:0/2283385662 >> [v2:172.21.15.37:6800/122764723,v1:172.21.15.37:6801/122764723] conn(0x7f780c038750 0x7f780c03ac10 unknown :-1 s=CLOSED pgs=13 cs=0 l=1 rev1=1 crypto rx=0 tx=0 comp rx=0 tx=0).stop
2024-05-12T04:18:10.172 INFO:teuthology.orchestra.run.smithi037.stdout:/usr/bin/ceph: stderr
2024-05-12T04:18:09.547+0000 7f7829ebf700 1 --2- 172.21.15.37:0/2283385662 >> [v2:172.21.15.37:3300/0,v1:172.21.15.37:6789/0] conn(0x7f7824104e50 0x7f782419c4c0 unknown :-1 s=CLOSED pgs=50 cs=0 l=1 rev1=1 crypto rx=0 tx=0 comp rx=0 tx=0).stop
2024-05-12T04:18:10.173 INFO:teuthology.orchestra.run.smithi037.stdout:/usr/bin/ceph: stderr
2024-05-12T04:18:09.547+0000 7f7829ebf700 1 -- 172.21.15.37:0/2283385662 >> 172.21.15.37:0/2283385662 conn(0x7f7824100ab0 msgr2=0x7f78241932b0 unknown :-1 s=STATE_NONE l=0).mark_down
2024-05-12T04:18:10.173 INFO:teuthology.orchestra.run.smithi037.stdout:/usr/bin/ceph: stderr
2024-05-12T04:18:09.547+0000 7f7829ebf700 1 -- 172.21.15.37:0/2283385662 shutdown_connections
2024-05-12T04:18:10.173 INFO:teuthology.orchestra.run.smithi037.stdout:/usr/bin/ceph: stderr
2024-05-12T04:18:09.547+0000 7f7829ebf700 1 -- 172.21.15.37:0/2283385662 wait complete.
2024-05-12T04:18:10.851 INFO:journalctl@ceph.mon.a.smithi037.stdout:May 12 04:18:10 smithi037 ceph-mon[42540]: from='client.14144 -' entity='client.admin' cmd=[{"prefix": "orch apply", "service_type": "mgr", "unmanaged": true, "target": ["mon-mgr", ""]}]: dispatch
2024-05-12T04:18:10.851 INFO:journalctl@ceph.mon.a.smithi037.stdout:May 12 04:18:10 smithi037 ceph-mon[42540]: Saving service mgr spec with placement count:2
2024-05-12T04:18:10.851 INFO:journalctl@ceph.mon.a.smithi037.stdout:May 12 04:18:10 smithi037 ceph-mon[42540]: from='mgr.14120 172.21.15.37:0/1972876658' entity='mgr.x'
2024-05-12T04:18:10.851 INFO:journalctl@ceph.mon.a.smithi037.stdout:May 12 04:18:10 smithi037 ceph-mon[42540]: from='mgr.14120 172.21.15.37:0/1972876658' entity='mgr.x'
2024-05-12T04:18:11.194 INFO:teuthology.orchestra.run.smithi037.stdout:/usr/bin/ceph: stderr
2024-05-12T04:18:10.587+0000 7f26caace700 1 Processor -- start
2024-05-12T04:18:11.194 INFO:teuthology.orchestra.run.smithi037.stdout:/usr/bin/ceph: stderr
2024-05-12T04:18:10.587+0000 7f26caace700 1 -- start start
2024-05-12T04:18:11.194 INFO:teuthology.orchestra.run.smithi037.stdout:/usr/bin/ceph: stderr
2024-05-12T04:18:10.587+0000 7f26caace700 1 --2- >> [v2:172.21.15.37:3300/0,v1:172.21.15.37:6789/0] conn(0x7f26c41065c0 0x7f26c41069e0 unknown :-1 s=NONE pgs=0 cs=0 l=0 rev1=0 crypto rx=0 tx=0 comp rx=0 tx=0).connect
2024-05-12T04:18:11.194 INFO:teuthology.orchestra.run.smithi037.stdout:/usr/bin/ceph: stderr
2024-05-12T04:18:10.587+0000 7f26caace700 1 -- --> [v2:172.21.15.37:3300/0,v1:172.21.15.37:6789/0] -- mon_getmap magic: 0 v1 -- 0x7f26c4106fb0 con 0x7f26c41065c0
2024-05-12T04:18:11.194 INFO:teuthology.orchestra.run.smithi037.stdout:/usr/bin/ceph: stderr
2024-05-12T04:18:10.587+0000 7f26c886a700 1 --2- >> [v2:172.21.15.37:3300/0,v1:172.21.15.37:6789/0] conn(0x7f26c41065c0 0x7f26c41069e0 unknown :-1 s=BANNER_CONNECTING pgs=0 cs=0 l=0 rev1=0 crypto rx=0 tx=0 comp rx=0 tx=0)._handle_peer_banner_payload supported=3 required=0
2024-05-12T04:18:11.194 INFO:teuthology.orchestra.run.smithi037.stdout:/usr/bin/ceph: stderr
2024-05-12T04:18:10.587+0000 7f26c886a700 1 --2- >> [v2:172.21.15.37:3300/0,v1:172.21.15.37:6789/0] conn(0x7f26c41065c0 0x7f26c41069e0 unknown :-1 s=HELLO_CONNECTING pgs=0 cs=0 l=0 rev1=1 crypto rx=0 tx=0 comp rx=0 tx=0).handle_hello peer v2:172.21.15.37:3300/0 says I am v2:172.21.15.37:42904/0 (socket says 172.21.15.37:42904)
2024-05-12T04:18:11.194 INFO:teuthology.orchestra.run.smithi037.stdout:/usr/bin/ceph: stderr
2024-05-12T04:18:10.587+0000 7f26c886a700 1 -- 172.21.15.37:0/2884759402 learned_addr learned my addr 172.21.15.37:0/2884759402 (peer_addr_for_me v2:172.21.15.37:0/0)
2024-05-12T04:18:11.194 INFO:teuthology.orchestra.run.smithi037.stdout:/usr/bin/ceph: stderr
2024-05-12T04:18:10.587+0000 7f26c886a700 1 -- 172.21.15.37:0/2884759402 --> [v2:172.21.15.37:3300/0,v1:172.21.15.37:6789/0] -- mon_subscribe({config=0+,monmap=0+}) v3 -- 0x7f26c4107770 con 0x7f26c41065c0
2024-05-12T04:18:11.194 INFO:teuthology.orchestra.run.smithi037.stdout:/usr/bin/ceph: stderr
2024-05-12T04:18:10.588+0000 7f26c886a700 1 --2- 172.21.15.37:0/2884759402 >> [v2:172.21.15.37:3300/0,v1:172.21.15.37:6789/0] conn(0x7f26c41065c0 0x7f26c41069e0 secure :-1 s=READY pgs=51 cs=0 l=1 rev1=1 crypto rx=0x7f26b40098a0 tx=0x7f26b4009bb0 comp rx=0 tx=0).ready entity=mon.0 client_cookie=caaa0e109a5de2a4 server_cookie=0 in_seq=0 out_seq=0
2024-05-12T04:18:11.194 INFO:teuthology.orchestra.run.smithi037.stdout:/usr/bin/ceph: stderr
2024-05-12T04:18:10.588+0000 7f26c37fe700 1 -- 172.21.15.37:0/2884759402 <== mon.0 v2:172.21.15.37:3300/0 1 ==== mon_map magic: 0 v1 ==== 205+0+0 (secure 0 0 0) 0x7f26b4004160 con 0x7f26c41065c0
2024-05-12T04:18:11.194 INFO:teuthology.orchestra.run.smithi037.stdout:/usr/bin/ceph: stderr
2024-05-12T04:18:10.588+0000 7f26c37fe700 1 -- 172.21.15.37:0/2884759402 <== mon.0 v2:172.21.15.37:3300/0 2 ==== config(26 keys) v1 ==== 1105+0+0 (secure 0 0 0) 0x7f26b40042c0 con 0x7f26c41065c0
2024-05-12T04:18:11.195 INFO:teuthology.orchestra.run.smithi037.stdout:/usr/bin/ceph: stderr
2024-05-12T04:18:10.588+0000 7f26c37fe700 1 -- 172.21.15.37:0/2884759402 <== mon.0 v2:172.21.15.37:3300/0 3 ==== mon_map magic: 0 v1 ==== 205+0+0 (secure 0 0 0) 0x7f26b40119b0 con 0x7f26c41065c0
2024-05-12T04:18:11.195 INFO:teuthology.orchestra.run.smithi037.stdout:/usr/bin/ceph: stderr
2024-05-12T04:18:10.588+0000 7f26caace700 1 -- 172.21.15.37:0/2884759402 >> [v2:172.21.15.37:3300/0,v1:172.21.15.37:6789/0] conn(0x7f26c41065c0 msgr2=0x7f26c41069e0 secure :-1 s=STATE_CONNECTION_ESTABLISHED l=1).mark_down
2024-05-12T04:18:11.195 INFO:teuthology.orchestra.run.smithi037.stdout:/usr/bin/ceph: stderr
2024-05-12T04:18:10.588+0000 7f26caace700 1 --2- 172.21.15.37:0/2884759402 >> [v2:172.21.15.37:3300/0,v1:172.21.15.37:6789/0] conn(0x7f26c41065c0 0x7f26c41069e0 secure :-1 s=READY pgs=51 cs=0 l=1 rev1=1 crypto rx=0x7f26b40098a0 tx=0x7f26b4009bb0 comp rx=0 tx=0).stop
2024-05-12T04:18:11.195 INFO:teuthology.orchestra.run.smithi037.stdout:/usr/bin/ceph: stderr
2024-05-12T04:18:10.588+0000 7f26caace700 1 -- 172.21.15.37:0/2884759402 shutdown_connections
2024-05-12T04:18:11.195 INFO:teuthology.orchestra.run.smithi037.stdout:/usr/bin/ceph: stderr
2024-05-12T04:18:10.588+0000 7f26caace700 1 --2- 172.21.15.37:0/2884759402 >> [v2:172.21.15.37:3300/0,v1:172.21.15.37:6789/0] conn(0x7f26c41065c0 0x7f26c41069e0 unknown :-1 s=CLOSED pgs=51 cs=0 l=1 rev1=1 crypto rx=0 tx=0 comp rx=0 tx=0).stop
2024-05-12T04:18:11.195 INFO:teuthology.orchestra.run.smithi037.stdout:/usr/bin/ceph: stderr
2024-05-12T04:18:10.588+0000 7f26caace700 1 -- 172.21.15.37:0/2884759402 >> 172.21.15.37:0/2884759402 conn(0x7f26c4101b80 msgr2=0x7f26c4103fa0 unknown :-1 s=STATE_NONE l=0).mark_down
2024-05-12T04:18:11.195 INFO:teuthology.orchestra.run.smithi037.stdout:/usr/bin/ceph: stderr
2024-05-12T04:18:10.588+0000 7f26caace700 1 -- 172.21.15.37:0/2884759402 shutdown_connections
2024-05-12T04:18:11.195 INFO:teuthology.orchestra.run.smithi037.stdout:/usr/bin/ceph: stderr
2024-05-12T04:18:10.589+0000 7f26caace700 1 -- 172.21.15.37:0/2884759402 wait complete.
2024-05-12T04:18:11.195 INFO:teuthology.orchestra.run.smithi037.stdout:/usr/bin/ceph: stderr
2024-05-12T04:18:10.589+0000 7f26caace700 1 Processor -- start
2024-05-12T04:18:11.195 INFO:teuthology.orchestra.run.smithi037.stdout:/usr/bin/ceph: stderr
2024-05-12T04:18:10.589+0000 7f26caace700 1 -- start start
2024-05-12T04:18:11.195 INFO:teuthology.orchestra.run.smithi037.stdout:/usr/bin/ceph: stderr
2024-05-12T04:18:10.589+0000 7f26caace700 1 --2- >> [v2:172.21.15.37:3300/0,v1:172.21.15.37:6789/0] conn(0x7f26c41065c0 0x7f26c419c4c0 unknown :-1 s=NONE pgs=0 cs=0 l=1 rev1=0 crypto rx=0 tx=0 comp rx=0 tx=0).connect
2024-05-12T04:18:11.195 INFO:teuthology.orchestra.run.smithi037.stdout:/usr/bin/ceph: stderr
2024-05-12T04:18:10.589+0000 7f26caace700 1 -- --> [v2:172.21.15.37:3300/0,v1:172.21.15.37:6789/0] -- mon_getmap magic: 0 v1 -- 0x7f26c419ca00 con 0x7f26c41065c0
2024-05-12T04:18:11.195 INFO:teuthology.orchestra.run.smithi037.stdout:/usr/bin/ceph: stderr
2024-05-12T04:18:10.589+0000 7f26c886a700 1 --2- >> [v2:172.21.15.37:3300/0,v1:172.21.15.37:6789/0] conn(0x7f26c41065c0 0x7f26c419c4c0 unknown :-1 s=BANNER_CONNECTING pgs=0 cs=0 l=1 rev1=0 crypto rx=0 tx=0 comp rx=0 tx=0)._handle_peer_banner_payload supported=3 required=0
2024-05-12T04:18:11.195 INFO:teuthology.orchestra.run.smithi037.stdout:/usr/bin/ceph: stderr
2024-05-12T04:18:10.589+0000 7f26c886a700 1 --2- >> [v2:172.21.15.37:3300/0,v1:172.21.15.37:6789/0] conn(0x7f26c41065c0 0x7f26c419c4c0 unknown :-1 s=HELLO_CONNECTING pgs=0 cs=0 l=1 rev1=1 crypto rx=0 tx=0 comp rx=0 tx=0).handle_hello peer v2:172.21.15.37:3300/0 says I am v2:172.21.15.37:42918/0 (socket says 172.21.15.37:42918)
2024-05-12T04:18:11.195 INFO:teuthology.orchestra.run.smithi037.stdout:/usr/bin/ceph: stderr
2024-05-12T04:18:10.590+0000 7f26c886a700 1 -- 172.21.15.37:0/3967064072 learned_addr learned my addr 172.21.15.37:0/3967064072 (peer_addr_for_me v2:172.21.15.37:0/0)
2024-05-12T04:18:11.196 INFO:teuthology.orchestra.run.smithi037.stdout:/usr/bin/ceph: stderr
2024-05-12T04:18:10.590+0000 7f26c886a700 1 -- 172.21.15.37:0/3967064072 --> [v2:172.21.15.37:3300/0,v1:172.21.15.37:6789/0] -- mon_subscribe({config=0+,monmap=0+}) v3 -- 0x7f26b4009550 con 0x7f26c41065c0
2024-05-12T04:18:11.196 INFO:teuthology.orchestra.run.smithi037.stdout:/usr/bin/ceph: stderr
2024-05-12T04:18:10.590+0000 7f26c886a700 1 --2- 172.21.15.37:0/3967064072 >> [v2:172.21.15.37:3300/0,v1:172.21.15.37:6789/0] conn(0x7f26c41065c0 0x7f26c419c4c0 secure :-1 s=READY pgs=52 cs=0 l=1 rev1=1 crypto rx=0x7f26b4006af0 tx=0x7f26b4011a10 comp rx=0 tx=0).ready entity=mon.0 client_cookie=0 server_cookie=0 in_seq=0 out_seq=0
2024-05-12T04:18:11.196 INFO:teuthology.orchestra.run.smithi037.stdout:/usr/bin/ceph: stderr
2024-05-12T04:18:10.590+0000 7f26c1ffb700 1 -- 172.21.15.37:0/3967064072 <== mon.0 v2:172.21.15.37:3300/0 1 ==== mon_map magic: 0 v1 ==== 205+0+0 (secure 0 0 0) 0x7f26b4003a40 con 0x7f26c41065c0
2024-05-12T04:18:11.196 INFO:teuthology.orchestra.run.smithi037.stdout:/usr/bin/ceph: stderr
2024-05-12T04:18:10.590+0000 7f26c1ffb700 1 -- 172.21.15.37:0/3967064072 <== mon.0 v2:172.21.15.37:3300/0 2 ==== config(26 keys) v1 ==== 1105+0+0 (secure 0 0 0) 0x7f26b4003ba0 con 0x7f26c41065c0
2024-05-12T04:18:11.196 INFO:teuthology.orchestra.run.smithi037.stdout:/usr/bin/ceph: stderr
2024-05-12T04:18:10.590+0000 7f26caace700 1 -- 172.21.15.37:0/3967064072 --> [v2:172.21.15.37:3300/0,v1:172.21.15.37:6789/0] -- mon_subscribe({mgrmap=0+}) v3 -- 0x7f26c419cc00 con 0x7f26c41065c0
2024-05-12T04:18:11.196 INFO:teuthology.orchestra.run.smithi037.stdout:/usr/bin/ceph: stderr
2024-05-12T04:18:10.590+0000 7f26c1ffb700 1 -- 172.21.15.37:0/3967064072 <== mon.0 v2:172.21.15.37:3300/0 3 ==== mon_map magic: 0 v1 ==== 205+0+0 (secure 0 0 0) 0x7f26b4019690 con 0x7f26c41065c0
2024-05-12T04:18:11.196 INFO:teuthology.orchestra.run.smithi037.stdout:/usr/bin/ceph: stderr
2024-05-12T04:18:10.590+0000 7f26caace700 1 -- 172.21.15.37:0/3967064072 --> [v2:172.21.15.37:3300/0,v1:172.21.15.37:6789/0] -- mon_subscribe({osdmap=0}) v3 -- 0x7f26c419d0a0 con 0x7f26c41065c0
2024-05-12T04:18:11.196 INFO:teuthology.orchestra.run.smithi037.stdout:/usr/bin/ceph: stderr
2024-05-12T04:18:10.591+0000 7f26c1ffb700 1 -- 172.21.15.37:0/3967064072 <== mon.0 v2:172.21.15.37:3300/0 4 ==== mgrmap(e 8) v1 ==== 45541+0+0 (secure 0 0 0) 0x7f26b401a430 con 0x7f26c41065c0
2024-05-12T04:18:11.196 INFO:teuthology.orchestra.run.smithi037.stdout:/usr/bin/ceph: stderr
2024-05-12T04:18:10.591+0000 7f26caace700 1 -- 172.21.15.37:0/3967064072 --> [v2:172.21.15.37:3300/0,v1:172.21.15.37:6789/0] -- mon_command({"prefix": "get_command_descriptions"} v 0) v1 -- 0x7f26c410a9a0 con 0x7f26c41065c0
2024-05-12T04:18:11.196 INFO:teuthology.orchestra.run.smithi037.stdout:/usr/bin/ceph: stderr
2024-05-12T04:18:10.591+0000 7f26c1ffb700 1 --2- 172.21.15.37:0/3967064072 >> [v2:172.21.15.37:6800/122764723,v1:172.21.15.37:6801/122764723] conn(0x7f26b00386b0 0x7f26b003ab70 unknown :-1 s=NONE pgs=0 cs=0 l=1 rev1=0 crypto rx=0 tx=0 comp rx=0 tx=0).connect
2024-05-12T04:18:11.196 INFO:teuthology.orchestra.run.smithi037.stdout:/usr/bin/ceph: stderr
2024-05-12T04:18:10.591+0000 7f26c1ffb700 1 -- 172.21.15.37:0/3967064072 <== mon.0 v2:172.21.15.37:3300/0 5 ==== osd_map(2..2 src has 1..2) v4 ==== 940+0+0 (secure 0 0 0) 0x7f26b404c6f0 con 0x7f26c41065c0
2024-05-12T04:18:11.196 INFO:teuthology.orchestra.run.smithi037.stdout:/usr/bin/ceph: stderr
2024-05-12T04:18:10.592+0000 7f26c3fff700 1 --2- 172.21.15.37:0/3967064072 >> [v2:172.21.15.37:6800/122764723,v1:172.21.15.37:6801/122764723] conn(0x7f26b00386b0 0x7f26b003ab70 unknown :-1 s=BANNER_CONNECTING pgs=0 cs=0 l=1 rev1=0 crypto rx=0 tx=0 comp rx=0 tx=0)._handle_peer_banner_payload supported=3 required=0
2024-05-12T04:18:11.196 INFO:teuthology.orchestra.run.smithi037.stdout:/usr/bin/ceph: stderr
2024-05-12T04:18:10.592+0000 7f26c3fff700 1 --2- 172.21.15.37:0/3967064072 >> [v2:172.21.15.37:6800/122764723,v1:172.21.15.37:6801/122764723] conn(0x7f26b00386b0 0x7f26b003ab70 secure :-1 s=READY pgs=14 cs=0 l=1 rev1=1 crypto rx=0x7f26ac006fd0 tx=0x7f26ac006e40 comp rx=0 tx=0).ready entity=mgr.14120 client_cookie=0 server_cookie=0 in_seq=0 out_seq=0
2024-05-12T04:18:11.196 INFO:teuthology.orchestra.run.smithi037.stdout:/usr/bin/ceph: stderr
2024-05-12T04:18:10.597+0000 7f26c1ffb700 1 -- 172.21.15.37:0/3967064072 <== mon.0 v2:172.21.15.37:3300/0 6 ==== mon_command_ack([{"prefix": "get_command_descriptions"}]=0 v0) v1 ==== 72+0+183351 (secure 0 0 0) 0x7f26b4023570 con 0x7f26c41065c0
2024-05-12T04:18:11.197 INFO:teuthology.orchestra.run.smithi037.stdout:/usr/bin/ceph: stderr
2024-05-12T04:18:10.811+0000 7f26caace700 1 -- 172.21.15.37:0/3967064072 --> [v2:172.21.15.37:3300/0,v1:172.21.15.37:6789/0] -- mon_command([{prefix=config set, name=mgr/cephadm/container_init}] v 0) v1 -- 0x7f26c419f930 con 0x7f26c41065c0
2024-05-12T04:18:11.197 INFO:teuthology.orchestra.run.smithi037.stdout:/usr/bin/ceph: stderr
2024-05-12T04:18:10.817+0000 7f26c1ffb700 1 -- 172.21.15.37:0/3967064072 <== mon.0 v2:172.21.15.37:3300/0 7 ==== mon_command_ack([{prefix=config set, name=mgr/cephadm/container_init}]=0 v7)=0 v7) v1 ==== 142+0+0 (secure 0 0 0) 0x7f26b4023390 con 0x7f26c41065c0
2024-05-12T04:18:11.197 INFO:teuthology.orchestra.run.smithi037.stdout:/usr/bin/ceph: stderr
2024-05-12T04:18:10.821+0000 7f26caace700 1 -- 172.21.15.37:0/3967064072 >> [v2:172.21.15.37:6800/122764723,v1:172.21.15.37:6801/122764723] conn(0x7f26b00386b0 msgr2=0x7f26b003ab70 secure :-1 s=STATE_CONNECTION_ESTABLISHED l=1).mark_down
2024-05-12T04:18:11.197 INFO:teuthology.orchestra.run.smithi037.stdout:/usr/bin/ceph: stderr
2024-05-12T04:18:10.821+0000 7f26caace700 1 --2- 172.21.15.37:0/3967064072 >> [v2:172.21.15.37:6800/122764723,v1:172.21.15.37:6801/122764723] conn(0x7f26b00386b0 0x7f26b003ab70 secure :-1 s=READY pgs=14 cs=0 l=1 rev1=1 crypto rx=0x7f26ac006fd0 tx=0x7f26ac006e40 comp rx=0 tx=0).stop
2024-05-12T04:18:11.197 INFO:teuthology.orchestra.run.smithi037.stdout:/usr/bin/ceph: stderr
2024-05-12T04:18:10.821+0000 7f26caace700 1 -- 172.21.15.37:0/3967064072 >> [v2:172.21.15.37:3300/0,v1:172.21.15.37:6789/0] conn(0x7f26c41065c0 msgr2=0x7f26c419c4c0 secure :-1 s=STATE_CONNECTION_ESTABLISHED l=1).mark_down
2024-05-12T04:18:11.197 INFO:teuthology.orchestra.run.smithi037.stdout:/usr/bin/ceph: stderr
2024-05-12T04:18:10.821+0000 7f26caace700 1 --2- 172.21.15.37:0/3967064072 >> [v2:172.21.15.37:3300/0,v1:172.21.15.37:6789/0] conn(0x7f26c41065c0 0x7f26c419c4c0 secure :-1 s=READY pgs=52 cs=0 l=1 rev1=1 crypto rx=0x7f26b4006af0 tx=0x7f26b4011a10 comp rx=0 tx=0).stop
2024-05-12T04:18:11.198 INFO:teuthology.orchestra.run.smithi037.stdout:/usr/bin/ceph: stderr
2024-05-12T04:18:10.821+0000 7f26caace700 1 -- 172.21.15.37:0/3967064072 shutdown_connections
2024-05-12T04:18:11.198 INFO:teuthology.orchestra.run.smithi037.stdout:/usr/bin/ceph: stderr
2024-05-12T04:18:10.821+0000 7f26caace700 1 --2- 172.21.15.37:0/3967064072 >> [v2:172.21.15.37:6800/122764723,v1:172.21.15.37:6801/122764723] conn(0x7f26b00386b0 0x7f26b003ab70 unknown :-1 s=CLOSED pgs=14 cs=0 l=1 rev1=1 crypto rx=0 tx=0 comp rx=0 tx=0).stop
2024-05-12T04:18:11.198 INFO:teuthology.orchestra.run.smithi037.stdout:/usr/bin/ceph: stderr
2024-05-12T04:18:10.821+0000 7f26caace700 1 --2- 172.21.15.37:0/3967064072 >> [v2:172.21.15.37:3300/0,v1:172.21.15.37:6789/0] conn(0x7f26c41065c0 0x7f26c419c4c0 unknown :-1 s=CLOSED pgs=52 cs=0 l=1 rev1=1 crypto rx=0 tx=0 comp rx=0 tx=0).stop
2024-05-12T04:18:11.198 INFO:teuthology.orchestra.run.smithi037.stdout:/usr/bin/ceph: stderr
2024-05-12T04:18:10.821+0000 7f26caace700 1 -- 172.21.15.37:0/3967064072 >> 172.21.15.37:0/3967064072 conn(0x7f26c4101b80 msgr2=0x7f26c4102630 unknown :-1 s=STATE_NONE l=0).mark_down
2024-05-12T04:18:11.198 INFO:teuthology.orchestra.run.smithi037.stdout:/usr/bin/ceph: stderr
2024-05-12T04:18:10.821+0000 7f26caace700 1 -- 172.21.15.37:0/3967064072 shutdown_connections
2024-05-12T04:18:11.198 INFO:teuthology.orchestra.run.smithi037.stdout:/usr/bin/ceph: stderr
2024-05-12T04:18:10.821+0000 7f26caace700 1 -- 172.21.15.37:0/3967064072 wait complete.
2024-05-12T04:18:12.040 INFO:journalctl@ceph.mon.a.smithi037.stdout:May 12 04:18:11 smithi037 ceph-mon[42540]: from='client.? 172.21.15.37:0/3967064072' entity='client.admin'
2024-05-12T04:18:12.040 INFO:journalctl@ceph.mon.a.smithi037.stdout:May 12 04:18:11 smithi037 ceph-mon[42540]: from='mgr.14120 172.21.15.37:0/1972876658' entity='mgr.x'
2024-05-12T04:18:12.284 INFO:teuthology.orchestra.run.smithi037.stdout:/usr/bin/ceph: stderr
2024-05-12T04:18:11.603+0000 7f387f63d700 1 Processor -- start
2024-05-12T04:18:12.284 INFO:teuthology.orchestra.run.smithi037.stdout:/usr/bin/ceph: stderr
2024-05-12T04:18:11.604+0000 7f387f63d700 1 -- start start
2024-05-12T04:18:12.284 INFO:teuthology.orchestra.run.smithi037.stdout:/usr/bin/ceph: stderr
2024-05-12T04:18:11.604+0000 7f387f63d700 1 --2- >> [v2:172.21.15.37:3300/0,v1:172.21.15.37:6789/0] conn(0x7f3878104e70 0x7f3878105290 unknown :-1 s=NONE pgs=0 cs=0 l=0 rev1=0 crypto rx=0 tx=0 comp rx=0 tx=0).connect
2024-05-12T04:18:12.284 INFO:teuthology.orchestra.run.smithi037.stdout:/usr/bin/ceph: stderr
2024-05-12T04:18:11.604+0000 7f387f63d700 1 -- --> [v2:172.21.15.37:3300/0,v1:172.21.15.37:6789/0] -- mon_getmap magic: 0 v1 -- 0x7f3878079e50 con 0x7f3878104e70
2024-05-12T04:18:12.285 INFO:teuthology.orchestra.run.smithi037.stdout:/usr/bin/ceph: stderr
2024-05-12T04:18:11.604+0000 7f387d3d9700 1 --2- >> [v2:172.21.15.37:3300/0,v1:172.21.15.37:6789/0] conn(0x7f3878104e70 0x7f3878105290 unknown :-1 s=BANNER_CONNECTING pgs=0 cs=0 l=0 rev1=0 crypto rx=0 tx=0 comp rx=0 tx=0)._handle_peer_banner_payload supported=3 required=0
2024-05-12T04:18:12.285 INFO:teuthology.orchestra.run.smithi037.stdout:/usr/bin/ceph: stderr
2024-05-12T04:18:11.604+0000 7f387d3d9700 1 --2- >> [v2:172.21.15.37:3300/0,v1:172.21.15.37:6789/0] conn(0x7f3878104e70 0x7f3878105290 unknown :-1 s=HELLO_CONNECTING pgs=0 cs=0 l=0 rev1=1 crypto rx=0 tx=0 comp rx=0 tx=0).handle_hello peer v2:172.21.15.37:3300/0 says I am v2:172.21.15.37:42920/0 (socket says 172.21.15.37:42920)
2024-05-12T04:18:12.285 INFO:teuthology.orchestra.run.smithi037.stdout:/usr/bin/ceph: stderr
2024-05-12T04:18:11.604+0000 7f387d3d9700 1 -- 172.21.15.37:0/1167010812 learned_addr learned my addr 172.21.15.37:0/1167010812 (peer_addr_for_me v2:172.21.15.37:0/0)
2024-05-12T04:18:12.285 INFO:teuthology.orchestra.run.smithi037.stdout:/usr/bin/ceph: stderr
2024-05-12T04:18:11.605+0000 7f387d3d9700 1 -- 172.21.15.37:0/1167010812 --> [v2:172.21.15.37:3300/0,v1:172.21.15.37:6789/0] -- mon_subscribe({config=0+,monmap=0+}) v3 -- 0x7f38781057d0 con 0x7f3878104e70
2024-05-12T04:18:12.285 INFO:teuthology.orchestra.run.smithi037.stdout:/usr/bin/ceph: stderr
2024-05-12T04:18:11.605+0000 7f387d3d9700 1 --2- 172.21.15.37:0/1167010812 >> [v2:172.21.15.37:3300/0,v1:172.21.15.37:6789/0] conn(0x7f3878104e70 0x7f3878105290 secure :-1 s=READY pgs=53 cs=0 l=1 rev1=1 crypto rx=0x7f3874009e80 tx=0x7f387400b330 comp rx=0 tx=0).ready entity=mon.0 client_cookie=ce3435f852ba6fa server_cookie=0 in_seq=0 out_seq=0
2024-05-12T04:18:12.285 INFO:teuthology.orchestra.run.smithi037.stdout:/usr/bin/ceph: stderr
2024-05-12T04:18:11.605+0000 7f386ffff700 1 -- 172.21.15.37:0/1167010812 <== mon.0 v2:172.21.15.37:3300/0 1 ==== mon_map magic: 0 v1 ==== 205+0+0 (secure 0 0 0) 0x7f387400e070 con 0x7f3878104e70
2024-05-12T04:18:12.285 INFO:teuthology.orchestra.run.smithi037.stdout:/usr/bin/ceph: stderr
2024-05-12T04:18:11.605+0000 7f386ffff700 1 -- 172.21.15.37:0/1167010812 <== mon.0 v2:172.21.15.37:3300/0 2 ==== config(26 keys) v1 ==== 1105+0+0 (secure 0 0 0) 0x7f387400b8c0 con 0x7f3878104e70
2024-05-12T04:18:12.285 INFO:teuthology.orchestra.run.smithi037.stdout:/usr/bin/ceph: stderr
2024-05-12T04:18:11.605+0000 7f386ffff700 1 -- 172.21.15.37:0/1167010812 <== mon.0 v2:172.21.15.37:3300/0 3 ==== mon_map magic: 0 v1 ==== 205+0+0 (secure 0 0 0) 0x7f38740043e0 con 0x7f3878104e70
2024-05-12T04:18:12.285 INFO:teuthology.orchestra.run.smithi037.stdout:/usr/bin/ceph: stderr
2024-05-12T04:18:11.606+0000 7f387f63d700 1 -- 172.21.15.37:0/1167010812 >> [v2:172.21.15.37:3300/0,v1:172.21.15.37:6789/0] conn(0x7f3878104e70 msgr2=0x7f3878105290 secure :-1 s=STATE_CONNECTION_ESTABLISHED l=1).mark_down
2024-05-12T04:18:12.285 INFO:teuthology.orchestra.run.smithi037.stdout:/usr/bin/ceph: stderr
2024-05-12T04:18:11.606+0000 7f387f63d700 1 --2- 172.21.15.37:0/1167010812 >> [v2:172.21.15.37:3300/0,v1:172.21.15.37:6789/0] conn(0x7f3878104e70 0x7f3878105290 secure :-1 s=READY pgs=53 cs=0 l=1 rev1=1 crypto rx=0x7f3874009e80 tx=0x7f387400b330 comp rx=0 tx=0).stop
2024-05-12T04:18:12.285 INFO:teuthology.orchestra.run.smithi037.stdout:/usr/bin/ceph: stderr
2024-05-12T04:18:11.606+0000 7f387f63d700 1 -- 172.21.15.37:0/1167010812 shutdown_connections
2024-05-12T04:18:12.285 INFO:teuthology.orchestra.run.smithi037.stdout:/usr/bin/ceph: stderr
2024-05-12T04:18:11.606+0000 7f387f63d700 1 --2- 172.21.15.37:0/1167010812 >> [v2:172.21.15.37:3300/0,v1:172.21.15.37:6789/0] conn(0x7f3878104e70 0x7f3878105290 unknown :-1 s=CLOSED pgs=53 cs=0 l=1 rev1=1 crypto rx=0 tx=0 comp rx=0 tx=0).stop
2024-05-12T04:18:12.285 INFO:teuthology.orchestra.run.smithi037.stdout:/usr/bin/ceph: stderr
2024-05-12T04:18:11.606+0000 7f387f63d700 1 -- 172.21.15.37:0/1167010812 >> 172.21.15.37:0/1167010812 conn(0x7f3878100ab0 msgr2=0x7f3878102ed0 unknown :-1 s=STATE_NONE l=0).mark_down
2024-05-12T04:18:12.286 INFO:teuthology.orchestra.run.smithi037.stdout:/usr/bin/ceph: stderr
2024-05-12T04:18:11.606+0000 7f387f63d700 1 -- 172.21.15.37:0/1167010812 shutdown_connections
2024-05-12T04:18:12.286 INFO:teuthology.orchestra.run.smithi037.stdout:/usr/bin/ceph: stderr
2024-05-12T04:18:11.606+0000 7f387f63d700 1 -- 172.21.15.37:0/1167010812 wait complete.
2024-05-12T04:18:12.286 INFO:teuthology.orchestra.run.smithi037.stdout:/usr/bin/ceph: stderr
2024-05-12T04:18:11.606+0000 7f387f63d700 1 Processor -- start
2024-05-12T04:18:12.286 INFO:teuthology.orchestra.run.smithi037.stdout:/usr/bin/ceph: stderr
2024-05-12T04:18:11.606+0000 7f387f63d700 1 -- start start
2024-05-12T04:18:12.286 INFO:teuthology.orchestra.run.smithi037.stdout:/usr/bin/ceph: stderr
2024-05-12T04:18:11.607+0000 7f387f63d700 1 --2- >> [v2:172.21.15.37:3300/0,v1:172.21.15.37:6789/0] conn(0x7f3878104e70 0x7f387819c430 unknown :-1 s=NONE pgs=0 cs=0 l=1 rev1=0 crypto rx=0 tx=0 comp rx=0 tx=0).connect
2024-05-12T04:18:12.286 INFO:teuthology.orchestra.run.smithi037.stdout:/usr/bin/ceph: stderr
2024-05-12T04:18:11.607+0000 7f387f63d700 1 -- --> [v2:172.21.15.37:3300/0,v1:172.21.15.37:6789/0] -- mon_getmap magic: 0 v1 -- 0x7f387819c970 con 0x7f3878104e70
2024-05-12T04:18:12.286 INFO:teuthology.orchestra.run.smithi037.stdout:/usr/bin/ceph: stderr
2024-05-12T04:18:11.607+0000 7f387d3d9700 1 --2- >> [v2:172.21.15.37:3300/0,v1:172.21.15.37:6789/0] conn(0x7f3878104e70 0x7f387819c430 unknown :-1 s=BANNER_CONNECTING pgs=0 cs=0 l=1 rev1=0 crypto rx=0 tx=0 comp rx=0 tx=0)._handle_peer_banner_payload supported=3 required=0
2024-05-12T04:18:12.286 INFO:teuthology.orchestra.run.smithi037.stdout:/usr/bin/ceph: stderr
2024-05-12T04:18:11.607+0000 7f387d3d9700 1 --2- >> [v2:172.21.15.37:3300/0,v1:172.21.15.37:6789/0] conn(0x7f3878104e70 0x7f387819c430 unknown :-1 s=HELLO_CONNECTING pgs=0 cs=0 l=1 rev1=1 crypto rx=0 tx=0 comp rx=0 tx=0).handle_hello peer v2:172.21.15.37:3300/0 says I am v2:172.21.15.37:42936/0 (socket says 172.21.15.37:42936)
2024-05-12T04:18:12.286 INFO:teuthology.orchestra.run.smithi037.stdout:/usr/bin/ceph: stderr
2024-05-12T04:18:11.607+0000 7f387d3d9700 1 -- 172.21.15.37:0/3457452378 learned_addr learned my addr 172.21.15.37:0/3457452378 (peer_addr_for_me v2:172.21.15.37:0/0)
2024-05-12T04:18:12.286 INFO:teuthology.orchestra.run.smithi037.stdout:/usr/bin/ceph: stderr
2024-05-12T04:18:11.607+0000 7f387d3d9700 1 -- 172.21.15.37:0/3457452378 --> [v2:172.21.15.37:3300/0,v1:172.21.15.37:6789/0] -- mon_subscribe({config=0+,monmap=0+}) v3 -- 0x7f3874009b30 con 0x7f3878104e70
2024-05-12T04:18:12.286 INFO:teuthology.orchestra.run.smithi037.stdout:/usr/bin/ceph: stderr
2024-05-12T04:18:11.607+0000 7f387d3d9700 1 --2- 172.21.15.37:0/3457452378 >> [v2:172.21.15.37:3300/0,v1:172.21.15.37:6789/0] conn(0x7f3878104e70 0x7f387819c430 secure :-1 s=READY pgs=54 cs=0 l=1 rev1=1 crypto rx=0x7f3874009e50 tx=0x7f3874003d00 comp rx=0 tx=0).ready entity=mon.0 client_cookie=0 server_cookie=0 in_seq=0 out_seq=0
2024-05-12T04:18:12.287 INFO:teuthology.orchestra.run.smithi037.stdout:/usr/bin/ceph: stderr
2024-05-12T04:18:11.607+0000 7f386e7fc700 1 -- 172.21.15.37:0/3457452378 <== mon.0 v2:172.21.15.37:3300/0 1 ==== mon_map magic: 0 v1 ==== 205+0+0 (secure 0 0 0) 0x7f387400e040 con 0x7f3878104e70
2024-05-12T04:18:12.287 INFO:teuthology.orchestra.run.smithi037.stdout:/usr/bin/ceph: stderr
2024-05-12T04:18:11.607+0000 7f387f63d700 1 -- 172.21.15.37:0/3457452378 --> [v2:172.21.15.37:3300/0,v1:172.21.15.37:6789/0] -- mon_subscribe({mgrmap=0+}) v3 -- 0x7f387819cb70 con 0x7f3878104e70
2024-05-12T04:18:12.287 INFO:teuthology.orchestra.run.smithi037.stdout:/usr/bin/ceph: stderr
2024-05-12T04:18:11.607+0000 7f386e7fc700 1 -- 172.21.15.37:0/3457452378 <== mon.0 v2:172.21.15.37:3300/0 2 ==== config(26 keys) v1 ==== 1105+0+0 (secure 0 0 0) 0x7f387400bd70 con 0x7f3878104e70
2024-05-12T04:18:12.287 INFO:teuthology.orchestra.run.smithi037.stdout:/usr/bin/ceph: stderr
2024-05-12T04:18:11.607+0000 7f386e7fc700 1 -- 172.21.15.37:0/3457452378 <== mon.0 v2:172.21.15.37:3300/0 3 ==== mon_map magic: 0 v1 ==== 205+0+0 (secure 0 0 0) 0x7f387401c6b0 con 0x7f3878104e70
2024-05-12T04:18:12.287 INFO:teuthology.orchestra.run.smithi037.stdout:/usr/bin/ceph: stderr
2024-05-12T04:18:11.608+0000 7f387f63d700 1 -- 172.21.15.37:0/3457452378 --> [v2:172.21.15.37:3300/0,v1:172.21.15.37:6789/0] -- mon_subscribe({osdmap=0}) v3 -- 0x7f387819d070 con 0x7f3878104e70
2024-05-12T04:18:12.287 INFO:teuthology.orchestra.run.smithi037.stdout:/usr/bin/ceph: stderr
2024-05-12T04:18:11.608+0000 7f386e7fc700 1 -- 172.21.15.37:0/3457452378 <== mon.0 v2:172.21.15.37:3300/0 4 ==== mgrmap(e 8) v1 ==== 45541+0+0 (secure 0 0 0) 0x7f387401c920 con 0x7f3878104e70
2024-05-12T04:18:12.287 INFO:teuthology.orchestra.run.smithi037.stdout:/usr/bin/ceph: stderr
2024-05-12T04:18:11.608+0000 7f387f63d700 1 -- 172.21.15.37:0/3457452378 --> [v2:172.21.15.37:3300/0,v1:172.21.15.37:6789/0] -- mon_command({"prefix": "get_command_descriptions"} v 0) v1 -- 0x7f38781961a0 con 0x7f3878104e70
2024-05-12T04:18:12.287 INFO:teuthology.orchestra.run.smithi037.stdout:/usr/bin/ceph: stderr
2024-05-12T04:18:11.609+0000 7f386e7fc700 1 --2- 172.21.15.37:0/3457452378 >> [v2:172.21.15.37:6800/122764723,v1:172.21.15.37:6801/122764723] conn(0x7f38640386b0 0x7f386403ab70 unknown :-1 s=NONE pgs=0 cs=0 l=1 rev1=0 crypto rx=0 tx=0 comp rx=0 tx=0).connect
2024-05-12T04:18:12.287 INFO:teuthology.orchestra.run.smithi037.stdout:/usr/bin/ceph: stderr
2024-05-12T04:18:11.609+0000 7f386e7fc700 1 -- 172.21.15.37:0/3457452378 <== mon.0 v2:172.21.15.37:3300/0 5 ==== osd_map(2..2 src has 1..2) v4 ==== 940+0+0 (secure 0 0 0) 0x7f387404c840 con 0x7f3878104e70
2024-05-12T04:18:12.287 INFO:teuthology.orchestra.run.smithi037.stdout:/usr/bin/ceph: stderr
2024-05-12T04:18:11.609+0000 7f387cbd8700 1 --2- 172.21.15.37:0/3457452378 >> [v2:172.21.15.37:6800/122764723,v1:172.21.15.37:6801/122764723] conn(0x7f38640386b0 0x7f386403ab70 unknown :-1 s=BANNER_CONNECTING pgs=0 cs=0 l=1 rev1=0 crypto rx=0 tx=0 comp rx=0 tx=0)._handle_peer_banner_payload supported=3 required=0
2024-05-12T04:18:12.287 INFO:teuthology.orchestra.run.smithi037.stdout:/usr/bin/ceph: stderr
2024-05-12T04:18:11.609+0000 7f387cbd8700 1 --2- 172.21.15.37:0/3457452378 >> [v2:172.21.15.37:6800/122764723,v1:172.21.15.37:6801/122764723] conn(0x7f38640386b0 0x7f386403ab70 secure :-1 s=READY pgs=15 cs=0 l=1 rev1=1 crypto rx=0x7f3868006fd0 tx=0x7f3868006e40 comp rx=0 tx=0).ready entity=mgr.14120 client_cookie=0 server_cookie=0 in_seq=0 out_seq=0
2024-05-12T04:18:12.287 INFO:teuthology.orchestra.run.smithi037.stdout:/usr/bin/ceph: stderr
2024-05-12T04:18:11.614+0000 7f386e7fc700 1 -- 172.21.15.37:0/3457452378 <== mon.0 v2:172.21.15.37:3300/0 6 ==== mon_command_ack([{"prefix": "get_command_descriptions"}]=0 v0) v1 ==== 72+0+183351 (secure 0 0 0) 0x7f3874011980 con 0x7f3878104e70
2024-05-12T04:18:12.288 INFO:teuthology.orchestra.run.smithi037.stdout:/usr/bin/ceph: stderr
2024-05-12T04:18:11.834+0000 7f387f63d700 1 -- 172.21.15.37:0/3457452378 --> [v2:172.21.15.37:3300/0,v1:172.21.15.37:6789/0] -- mon_command([{prefix=config set, name=mgr/dashboard/ssl_server_port}] v 0) v1 -- 0x7f387802cf70 con 0x7f3878104e70
2024-05-12T04:18:12.288 INFO:teuthology.orchestra.run.smithi037.stdout:/usr/bin/ceph: stderr
2024-05-12T04:18:11.840+0000 7f386e7fc700 1 -- 172.21.15.37:0/3457452378 <== mon.0 v2:172.21.15.37:3300/0 7 ==== mon_command_ack([{prefix=config set, name=mgr/dashboard/ssl_server_port}]=0 v8)=0 v8) v1 ==== 130+0+0 (secure 0 0 0) 0x7f3874017070 con 0x7f3878104e70
2024-05-12T04:18:12.288 INFO:teuthology.orchestra.run.smithi037.stdout:/usr/bin/ceph: stderr
2024-05-12T04:18:11.843+0000 7f387f63d700 1 -- 172.21.15.37:0/3457452378 >> [v2:172.21.15.37:6800/122764723,v1:172.21.15.37:6801/122764723] conn(0x7f38640386b0 msgr2=0x7f386403ab70 secure :-1 s=STATE_CONNECTION_ESTABLISHED l=1).mark_down
2024-05-12T04:18:12.288 INFO:teuthology.orchestra.run.smithi037.stdout:/usr/bin/ceph: stderr
2024-05-12T04:18:11.843+0000 7f387f63d700 1 --2- 172.21.15.37:0/3457452378 >> [v2:172.21.15.37:6800/122764723,v1:172.21.15.37:6801/122764723] conn(0x7f38640386b0 0x7f386403ab70 secure :-1 s=READY pgs=15 cs=0 l=1 rev1=1 crypto rx=0x7f3868006fd0 tx=0x7f3868006e40 comp rx=0 tx=0).stop
2024-05-12T04:18:12.288 INFO:teuthology.orchestra.run.smithi037.stdout:/usr/bin/ceph: stderr
2024-05-12T04:18:11.843+0000 7f387f63d700 1 -- 172.21.15.37:0/3457452378 >> [v2:172.21.15.37:3300/0,v1:172.21.15.37:6789/0] conn(0x7f3878104e70 msgr2=0x7f387819c430 secure :-1 s=STATE_CONNECTION_ESTABLISHED l=1).mark_down
2024-05-12T04:18:12.288 INFO:teuthology.orchestra.run.smithi037.stdout:/usr/bin/ceph: stderr
2024-05-12T04:18:11.843+0000 7f387f63d700 1 --2- 172.21.15.37:0/3457452378 >> [v2:172.21.15.37:3300/0,v1:172.21.15.37:6789/0] conn(0x7f3878104e70 0x7f387819c430 secure :-1 s=READY pgs=54 cs=0 l=1 rev1=1 crypto rx=0x7f3874009e50 tx=0x7f3874003d00 comp rx=0 tx=0).stop
2024-05-12T04:18:12.288 INFO:teuthology.orchestra.run.smithi037.stdout:/usr/bin/ceph: stderr
2024-05-12T04:18:11.843+0000 7f387f63d700 1 -- 172.21.15.37:0/3457452378 shutdown_connections
2024-05-12T04:18:12.288 INFO:teuthology.orchestra.run.smithi037.stdout:/usr/bin/ceph: stderr
2024-05-12T04:18:11.843+0000 7f387f63d700 1 --2- 172.21.15.37:0/3457452378 >> [v2:172.21.15.37:6800/122764723,v1:172.21.15.37:6801/122764723] conn(0x7f38640386b0 0x7f386403ab70 unknown :-1 s=CLOSED pgs=15 cs=0 l=1 rev1=1 crypto rx=0 tx=0 comp rx=0 tx=0).stop
2024-05-12T04:18:12.288 INFO:teuthology.orchestra.run.smithi037.stdout:/usr/bin/ceph: stderr
2024-05-12T04:18:11.843+0000 7f387f63d700 1 --2- 172.21.15.37:0/3457452378 >> [v2:172.21.15.37:3300/0,v1:172.21.15.37:6789/0] conn(0x7f3878104e70 0x7f387819c430 unknown :-1 s=CLOSED pgs=54 cs=0 l=1 rev1=1 crypto rx=0 tx=0 comp rx=0 tx=0).stop
2024-05-12T04:18:12.288 INFO:teuthology.orchestra.run.smithi037.stdout:/usr/bin/ceph: stderr
2024-05-12T04:18:11.843+0000 7f387f63d700 1 -- 172.21.15.37:0/3457452378 >> 172.21.15.37:0/3457452378 conn(0x7f3878100ab0 msgr2=0x7f38781932e0 unknown :-1 s=STATE_NONE l=0).mark_down
2024-05-12T04:18:12.288 INFO:teuthology.orchestra.run.smithi037.stdout:/usr/bin/ceph: stderr
2024-05-12T04:18:11.843+0000 7f387f63d700 1 -- 172.21.15.37:0/3457452378 shutdown_connections
2024-05-12T04:18:12.288 INFO:teuthology.orchestra.run.smithi037.stdout:/usr/bin/ceph: stderr
2024-05-12T04:18:11.843+0000 7f387f63d700 1 -- 172.21.15.37:0/3457452378 wait complete.
2024-05-12T04:18:12.289 INFO:teuthology.orchestra.run.smithi037.stdout:Enabling the dashboard module...
2024-05-12T04:18:13.290 INFO:journalctl@ceph.mon.a.smithi037.stdout:May 12 04:18:12 smithi037 ceph-mon[42540]: from='client.? 172.21.15.37:0/3457452378' entity='client.admin'
2024-05-12T04:18:14.197 INFO:journalctl@ceph.mon.a.smithi037.stdout:May 12 04:18:13 smithi037 ceph-mon[42540]: from='client.? 172.21.15.37:0/1440275628' entity='client.admin' cmd=[{"prefix": "mgr module enable", "module": "dashboard"}]: dispatch
2024-05-12T04:18:14.197 INFO:journalctl@ceph.mgr.x.smithi037.stdout:May 12 04:18:13 smithi037 ceph-59f9514e-1016-11ef-bc98-c7b262605968-mgr-x[42787]: ignoring --setuser ceph since I am not root
2024-05-12T04:18:14.197 INFO:journalctl@ceph.mgr.x.smithi037.stdout:May 12 04:18:13 smithi037 ceph-59f9514e-1016-11ef-bc98-c7b262605968-mgr-x[42787]: ignoring --setgroup ceph since I am not root
2024-05-12T04:18:14.257 INFO:teuthology.orchestra.run.smithi037.stdout:/usr/bin/ceph: stderr
2024-05-12T04:18:12.822+0000 7fe796525700 1 Processor -- start
2024-05-12T04:18:14.258 INFO:teuthology.orchestra.run.smithi037.stdout:/usr/bin/ceph: stderr
2024-05-12T04:18:12.822+0000 7fe796525700 1 -- start start
2024-05-12T04:18:14.258 INFO:teuthology.orchestra.run.smithi037.stdout:/usr/bin/ceph: stderr
2024-05-12T04:18:12.822+0000 7fe796525700 1 --2- >> [v2:172.21.15.37:3300/0,v1:172.21.15.37:6789/0] conn(0x7fe790104e30 0x7fe790105250 unknown :-1 s=NONE pgs=0 cs=0 l=0 rev1=0 crypto rx=0 tx=0 comp rx=0 tx=0).connect
2024-05-12T04:18:14.258 INFO:teuthology.orchestra.run.smithi037.stdout:/usr/bin/ceph: stderr
2024-05-12T04:18:12.822+0000 7fe796525700 1 -- --> [v2:172.21.15.37:3300/0,v1:172.21.15.37:6789/0] -- mon_getmap magic: 0 v1 -- 0x7fe790079e90 con 0x7fe790104e30
2024-05-12T04:18:14.258 INFO:teuthology.orchestra.run.smithi037.stdout:/usr/bin/ceph: stderr
2024-05-12T04:18:12.822+0000 7fe78ffff700 1 --2- >> [v2:172.21.15.37:3300/0,v1:172.21.15.37:6789/0] conn(0x7fe790104e30 0x7fe790105250 unknown :-1 s=BANNER_CONNECTING pgs=0 cs=0 l=0 rev1=0 crypto rx=0 tx=0 comp rx=0 tx=0)._handle_peer_banner_payload supported=3 required=0
2024-05-12T04:18:14.258 INFO:teuthology.orchestra.run.smithi037.stdout:/usr/bin/ceph: stderr
2024-05-12T04:18:12.822+0000 7fe78ffff700 1 --2- >> [v2:172.21.15.37:3300/0,v1:172.21.15.37:6789/0] conn(0x7fe790104e30 0x7fe790105250 unknown :-1 s=HELLO_CONNECTING pgs=0 cs=0 l=0 rev1=1 crypto rx=0 tx=0 comp rx=0 tx=0).handle_hello peer v2:172.21.15.37:3300/0 says I am v2:172.21.15.37:42952/0 (socket says 172.21.15.37:42952)
2024-05-12T04:18:14.258 INFO:teuthology.orchestra.run.smithi037.stdout:/usr/bin/ceph: stderr
2024-05-12T04:18:12.822+0000 7fe78ffff700 1 -- 172.21.15.37:0/3251048530 learned_addr learned my addr 172.21.15.37:0/3251048530 (peer_addr_for_me v2:172.21.15.37:0/0)
2024-05-12T04:18:14.258 INFO:teuthology.orchestra.run.smithi037.stdout:/usr/bin/ceph: stderr
2024-05-12T04:18:12.823+0000 7fe78ffff700 1 -- 172.21.15.37:0/3251048530 --> [v2:172.21.15.37:3300/0,v1:172.21.15.37:6789/0] -- mon_subscribe({config=0+,monmap=0+}) v3 -- 0x7fe790105790 con 0x7fe790104e30
2024-05-12T04:18:14.258 INFO:teuthology.orchestra.run.smithi037.stdout:/usr/bin/ceph: stderr
2024-05-12T04:18:12.823+0000 7fe78ffff700 1 --2- 172.21.15.37:0/3251048530 >> [v2:172.21.15.37:3300/0,v1:172.21.15.37:6789/0] conn(0x7fe790104e30 0x7fe790105250 secure :-1 s=READY pgs=55 cs=0 l=1 rev1=1 crypto rx=0x7fe7800098a0 tx=0x7fe780009bb0 comp rx=0 tx=0).ready entity=mon.0 client_cookie=8b6e87805d4c4736 server_cookie=0 in_seq=0 out_seq=0
2024-05-12T04:18:14.258 INFO:teuthology.orchestra.run.smithi037.stdout:/usr/bin/ceph: stderr
2024-05-12T04:18:12.823+0000 7fe78effd700 1 -- 172.21.15.37:0/3251048530 <== mon.0 v2:172.21.15.37:3300/0 1 ==== mon_map magic: 0 v1 ==== 205+0+0 (secure 0 0 0) 0x7fe780004160 con 0x7fe790104e30
2024-05-12T04:18:14.258 INFO:teuthology.orchestra.run.smithi037.stdout:/usr/bin/ceph: stderr
2024-05-12T04:18:12.823+0000 7fe78effd700 1 -- 172.21.15.37:0/3251048530 <== mon.0 v2:172.21.15.37:3300/0 2 ==== config(26 keys) v1 ==== 1105+0+0 (secure 0 0 0) 0x7fe7800042c0 con 0x7fe790104e30
2024-05-12T04:18:14.258 INFO:teuthology.orchestra.run.smithi037.stdout:/usr/bin/ceph: stderr
2024-05-12T04:18:12.823+0000 7fe78effd700 1 -- 172.21.15.37:0/3251048530 <== mon.0 v2:172.21.15.37:3300/0 3 ==== mon_map magic: 0 v1 ==== 205+0+0 (secure 0 0 0) 0x7fe7800119b0 con 0x7fe790104e30
2024-05-12T04:18:14.259 INFO:teuthology.orchestra.run.smithi037.stdout:/usr/bin/ceph: stderr
2024-05-12T04:18:12.824+0000 7fe796525700 1 -- 172.21.15.37:0/3251048530 >> [v2:172.21.15.37:3300/0,v1:172.21.15.37:6789/0] conn(0x7fe790104e30 msgr2=0x7fe790105250 secure :-1 s=STATE_CONNECTION_ESTABLISHED l=1).mark_down
2024-05-12T04:18:14.259 INFO:teuthology.orchestra.run.smithi037.stdout:/usr/bin/ceph: stderr
2024-05-12T04:18:12.824+0000 7fe796525700 1 --2- 172.21.15.37:0/3251048530 >> [v2:172.21.15.37:3300/0,v1:172.21.15.37:6789/0] conn(0x7fe790104e30 0x7fe790105250 secure :-1 s=READY pgs=55 cs=0 l=1 rev1=1 crypto rx=0x7fe7800098a0 tx=0x7fe780009bb0 comp rx=0 tx=0).stop
2024-05-12T04:18:14.259 INFO:teuthology.orchestra.run.smithi037.stdout:/usr/bin/ceph: stderr
2024-05-12T04:18:12.824+0000 7fe796525700 1 -- 172.21.15.37:0/3251048530 shutdown_connections
2024-05-12T04:18:14.259 INFO:teuthology.orchestra.run.smithi037.stdout:/usr/bin/ceph: stderr
2024-05-12T04:18:12.824+0000 7fe796525700 1 --2- 172.21.15.37:0/3251048530 >> [v2:172.21.15.37:3300/0,v1:172.21.15.37:6789/0] conn(0x7fe790104e30 0x7fe790105250 unknown :-1 s=CLOSED pgs=55 cs=0 l=1 rev1=1 crypto rx=0 tx=0 comp rx=0 tx=0).stop
2024-05-12T04:18:14.259 INFO:teuthology.orchestra.run.smithi037.stdout:/usr/bin/ceph: stderr
2024-05-12T04:18:12.824+0000 7fe796525700 1 -- 172.21.15.37:0/3251048530 >> 172.21.15.37:0/3251048530 conn(0x7fe790100ab0 msgr2=0x7fe790102ed0 unknown :-1 s=STATE_NONE l=0).mark_down
2024-05-12T04:18:14.259 INFO:teuthology.orchestra.run.smithi037.stdout:/usr/bin/ceph: stderr
2024-05-12T04:18:12.824+0000 7fe796525700 1 -- 172.21.15.37:0/3251048530 shutdown_connections
2024-05-12T04:18:14.259 INFO:teuthology.orchestra.run.smithi037.stdout:/usr/bin/ceph: stderr
2024-05-12T04:18:12.824+0000 7fe796525700 1 -- 172.21.15.37:0/3251048530 wait complete.
2024-05-12T04:18:14.259 INFO:teuthology.orchestra.run.smithi037.stdout:/usr/bin/ceph: stderr
2024-05-12T04:18:12.824+0000 7fe796525700 1 Processor -- start
2024-05-12T04:18:14.260 INFO:teuthology.orchestra.run.smithi037.stdout:/usr/bin/ceph: stderr
2024-05-12T04:18:12.825+0000 7fe796525700 1 -- start start
2024-05-12T04:18:14.260 INFO:teuthology.orchestra.run.smithi037.stdout:/usr/bin/ceph: stderr
2024-05-12T04:18:12.825+0000 7fe796525700 1 --2- >> [v2:172.21.15.37:3300/0,v1:172.21.15.37:6789/0] conn(0x7fe790104e30 0x7fe79019c4a0 unknown :-1 s=NONE pgs=0 cs=0 l=1 rev1=0 crypto rx=0 tx=0 comp rx=0 tx=0).connect
2024-05-12T04:18:14.260 INFO:teuthology.orchestra.run.smithi037.stdout:/usr/bin/ceph: stderr
2024-05-12T04:18:12.825+0000 7fe796525700 1 -- --> [v2:172.21.15.37:3300/0,v1:172.21.15.37:6789/0] -- mon_getmap magic: 0 v1 -- 0x7fe79019c9e0 con 0x7fe790104e30
2024-05-12T04:18:14.260 INFO:teuthology.orchestra.run.smithi037.stdout:/usr/bin/ceph: stderr
2024-05-12T04:18:12.825+0000 7fe78ffff700 1 --2- >> [v2:172.21.15.37:3300/0,v1:172.21.15.37:6789/0] conn(0x7fe790104e30 0x7fe79019c4a0 unknown :-1 s=BANNER_CONNECTING pgs=0 cs=0 l=1 rev1=0 crypto rx=0 tx=0 comp rx=0 tx=0)._handle_peer_banner_payload supported=3 required=0
2024-05-12T04:18:14.260 INFO:teuthology.orchestra.run.smithi037.stdout:/usr/bin/ceph: stderr
2024-05-12T04:18:12.825+0000 7fe78ffff700 1 --2- >> [v2:172.21.15.37:3300/0,v1:172.21.15.37:6789/0] conn(0x7fe790104e30 0x7fe79019c4a0 unknown :-1 s=HELLO_CONNECTING pgs=0 cs=0 l=1 rev1=1 crypto rx=0 tx=0 comp rx=0 tx=0).handle_hello peer v2:172.21.15.37:3300/0 says I am v2:172.21.15.37:42960/0 (socket says 172.21.15.37:42960)
2024-05-12T04:18:14.260 INFO:teuthology.orchestra.run.smithi037.stdout:/usr/bin/ceph: stderr
2024-05-12T04:18:12.825+0000 7fe78ffff700 1 -- 172.21.15.37:0/1440275628 learned_addr learned my addr 172.21.15.37:0/1440275628 (peer_addr_for_me v2:172.21.15.37:0/0)
2024-05-12T04:18:14.260 INFO:teuthology.orchestra.run.smithi037.stdout:/usr/bin/ceph: stderr
2024-05-12T04:18:12.825+0000 7fe78ffff700 1 -- 172.21.15.37:0/1440275628 --> [v2:172.21.15.37:3300/0,v1:172.21.15.37:6789/0] -- mon_subscribe({config=0+,monmap=0+}) v3 -- 0x7fe780009550 con 0x7fe790104e30
2024-05-12T04:18:14.260 INFO:teuthology.orchestra.run.smithi037.stdout:/usr/bin/ceph: stderr
2024-05-12T04:18:12.826+0000 7fe78ffff700 1 --2- 172.21.15.37:0/1440275628 >> [v2:172.21.15.37:3300/0,v1:172.21.15.37:6789/0] conn(0x7fe790104e30 0x7fe79019c4a0 secure :-1 s=READY pgs=56 cs=0 l=1 rev1=1 crypto rx=0x7fe780011670 tx=0x7fe780011a30 comp rx=0 tx=0).ready entity=mon.0 client_cookie=0 server_cookie=0 in_seq=0 out_seq=0
2024-05-12T04:18:14.260 INFO:teuthology.orchestra.run.smithi037.stdout:/usr/bin/ceph: stderr
2024-05-12T04:18:12.826+0000 7fe78d7fa700 1 -- 172.21.15.37:0/1440275628 <== mon.0 v2:172.21.15.37:3300/0 1 ==== mon_map magic: 0 v1 ==== 205+0+0 (secure 0 0 0) 0x7fe780003b20 con 0x7fe790104e30
2024-05-12T04:18:14.260 INFO:teuthology.orchestra.run.smithi037.stdout:/usr/bin/ceph: stderr
2024-05-12T04:18:12.826+0000 7fe78d7fa700 1 -- 172.21.15.37:0/1440275628 <== mon.0 v2:172.21.15.37:3300/0 2 ==== config(26 keys) v1 ==== 1105+0+0 (secure 0 0 0) 0x7fe780003c80 con 0x7fe790104e30
2024-05-12T04:18:14.260 INFO:teuthology.orchestra.run.smithi037.stdout:/usr/bin/ceph: stderr
2024-05-12T04:18:12.826+0000 7fe796525700 1 -- 172.21.15.37:0/1440275628 --> [v2:172.21.15.37:3300/0,v1:172.21.15.37:6789/0] -- mon_subscribe({mgrmap=0+}) v3 -- 0x7fe79019cbe0 con 0x7fe790104e30
2024-05-12T04:18:14.260 INFO:teuthology.orchestra.run.smithi037.stdout:/usr/bin/ceph: stderr
2024-05-12T04:18:12.826+0000 7fe78d7fa700 1 -- 172.21.15.37:0/1440275628 <== mon.0 v2:172.21.15.37:3300/0 3 ==== mon_map magic: 0 v1 ==== 205+0+0 (secure 0 0 0) 0x7fe780019770 con 0x7fe790104e30
2024-05-12T04:18:14.260 INFO:teuthology.orchestra.run.smithi037.stdout:/usr/bin/ceph: stderr
2024-05-12T04:18:12.826+0000 7fe796525700 1 -- 172.21.15.37:0/1440275628 --> [v2:172.21.15.37:3300/0,v1:172.21.15.37:6789/0] -- mon_subscribe({osdmap=0}) v3 -- 0x7fe79019d080 con 0x7fe790104e30
2024-05-12T04:18:14.260 INFO:teuthology.orchestra.run.smithi037.stdout:/usr/bin/ceph: stderr
2024-05-12T04:18:12.827+0000 7fe78d7fa700 1 -- 172.21.15.37:0/1440275628 <== mon.0 v2:172.21.15.37:3300/0 4 ==== mgrmap(e 8) v1 ==== 45541+0+0 (secure 0 0 0) 0x7fe780019a30 con 0x7fe790104e30
2024-05-12T04:18:14.261 INFO:teuthology.orchestra.run.smithi037.stdout:/usr/bin/ceph: stderr
2024-05-12T04:18:12.827+0000 7fe78d7fa700 1 --2- 172.21.15.37:0/1440275628 >> [v2:172.21.15.37:6800/122764723,v1:172.21.15.37:6801/122764723] conn(0x7fe778038700 0x7fe77803abc0 unknown :-1 s=NONE pgs=0 cs=0 l=1 rev1=0 crypto rx=0 tx=0 comp rx=0 tx=0).connect
2024-05-12T04:18:14.261 INFO:teuthology.orchestra.run.smithi037.stdout:/usr/bin/ceph: stderr
2024-05-12T04:18:12.827+0000 7fe78d7fa700 1 -- 172.21.15.37:0/1440275628 <== mon.0 v2:172.21.15.37:3300/0 5 ==== osd_map(2..2 src has 1..2) v4 ==== 940+0+0 (secure 0 0 0) 0x7fe78004c920 con 0x7fe790104e30
2024-05-12T04:18:14.261 INFO:teuthology.orchestra.run.smithi037.stdout:/usr/bin/ceph: stderr
2024-05-12T04:18:12.827+0000 7fe796525700 1 -- 172.21.15.37:0/1440275628 --> [v2:172.21.15.37:3300/0,v1:172.21.15.37:6789/0] -- mon_command({"prefix": "get_command_descriptions"} v 0) v1 -- 0x7fe790196150 con 0x7fe790104e30
2024-05-12T04:18:14.261 INFO:teuthology.orchestra.run.smithi037.stdout:/usr/bin/ceph: stderr
2024-05-12T04:18:12.827+0000 7fe78f7fe700 1 --2- 172.21.15.37:0/1440275628 >> [v2:172.21.15.37:6800/122764723,v1:172.21.15.37:6801/122764723] conn(0x7fe778038700 0x7fe77803abc0 unknown :-1 s=BANNER_CONNECTING pgs=0 cs=0 l=1 rev1=0 crypto rx=0 tx=0 comp rx=0 tx=0)._handle_peer_banner_payload supported=3 required=0
2024-05-12T04:18:14.261 INFO:teuthology.orchestra.run.smithi037.stdout:/usr/bin/ceph: stderr
