2024-05-12T04:40:57.966+0000 7f1c9effd700 1 -- 172.21.15.22:0/2005996624 <== mon.0 v2:172.21.15.22:3300/0 2 ==== config(27 keys) v1 ==== 1108+0+0 (secure 0 0 0) 0x7f1ca4010bb0 con 0x7f1ca8105760
2024-05-12T04:40:58.629 INFO:teuthology.orchestra.run.smithi022.stdout:/usr/bin/ceph: stderr
2024-05-12T04:40:57.966+0000 7f1cafe05700 1 -- 172.21.15.22:0/2005996624 --> [v2:172.21.15.22:3300/0,v1:172.21.15.22:6789/0] -- mon_subscribe({mgrmap=0+}) v3 -- 0x7f1ca8198c50 con 0x7f1ca8105760
2024-05-12T04:40:58.629 INFO:teuthology.orchestra.run.smithi022.stdout:/usr/bin/ceph: stderr
2024-05-12T04:40:57.966+0000 7f1c9effd700 1 -- 172.21.15.22:0/2005996624 <== mon.0 v2:172.21.15.22:3300/0 3 ==== mon_map magic: 0 v1 ==== 205+0+0 (secure 0 0 0) 0x7f1ca4022bb0 con 0x7f1ca8105760
2024-05-12T04:40:58.629 INFO:teuthology.orchestra.run.smithi022.stdout:/usr/bin/ceph: stderr
2024-05-12T04:40:57.966+0000 7f1cafe05700 1 -- 172.21.15.22:0/2005996624 --> [v2:172.21.15.22:3300/0,v1:172.21.15.22:6789/0] -- mon_subscribe({osdmap=0}) v3 -- 0x7f1ca81990f0 con 0x7f1ca8105760
2024-05-12T04:40:58.629 INFO:teuthology.orchestra.run.smithi022.stdout:/usr/bin/ceph: stderr
2024-05-12T04:40:57.967+0000 7f1cafe05700 1 -- 172.21.15.22:0/2005996624 --> [v2:172.21.15.22:3300/0,v1:172.21.15.22:6789/0] -- mon_command({"prefix": "get_command_descriptions"} v 0) v1 -- 0x7f1ca80737e0 con 0x7f1ca8105760
2024-05-12T04:40:58.629 INFO:teuthology.orchestra.run.smithi022.stdout:/usr/bin/ceph: stderr
2024-05-12T04:40:57.967+0000 7f1c9effd700 1 -- 172.21.15.22:0/2005996624 <== mon.0 v2:172.21.15.22:3300/0 4 ==== mgrmap(e 5) v1 ==== 45541+0+0 (secure 0 0 0) 0x7f1ca4010d20 con 0x7f1ca8105760
2024-05-12T04:40:58.629 INFO:teuthology.orchestra.run.smithi022.stdout:/usr/bin/ceph: stderr
2024-05-12T04:40:57.968+0000 7f1c9effd700 1 --2- 172.21.15.22:0/2005996624 >> [v2:172.21.15.22:6800/1606470710,v1:172.21.15.22:6801/1606470710] conn(0x7f1c940386b0 0x7f1c9403ab70 unknown :-1 s=NONE pgs=0 cs=0 l=1 rev1=0 crypto rx=0 tx=0 comp rx=0 tx=0).connect
2024-05-12T04:40:58.629 INFO:teuthology.orchestra.run.smithi022.stdout:/usr/bin/ceph: stderr
2024-05-12T04:40:57.968+0000 7f1c9effd700 1 -- 172.21.15.22:0/2005996624 <== mon.0 v2:172.21.15.22:3300/0 5 ==== osd_map(1..1 src has 1..1) v4 ==== 725+0+0 (secure 0 0 0) 0x7f1ca404f560 con 0x7f1ca8105760
2024-05-12T04:40:58.629 INFO:teuthology.orchestra.run.smithi022.stdout:/usr/bin/ceph: stderr
2024-05-12T04:40:57.968+0000 7f1cad3a0700 1 -- 172.21.15.22:0/2005996624 >> [v2:172.21.15.22:6800/1606470710,v1:172.21.15.22:6801/1606470710] conn(0x7f1c940386b0 msgr2=0x7f1c9403ab70 unknown :-1 s=STATE_CONNECTING_RE l=1).process reconnect failed to v2:172.21.15.22:6800/1606470710
2024-05-12T04:40:58.629 INFO:teuthology.orchestra.run.smithi022.stdout:/usr/bin/ceph: stderr
2024-05-12T04:40:57.968+0000 7f1cad3a0700 1 --2- 172.21.15.22:0/2005996624 >> [v2:172.21.15.22:6800/1606470710,v1:172.21.15.22:6801/1606470710] conn(0x7f1c940386b0 0x7f1c9403ab70 unknown :-1 s=START_CONNECT pgs=0 cs=0 l=1 rev1=0 crypto rx=0 tx=0 comp rx=0 tx=0)._fault waiting 0.200000
2024-05-12T04:40:58.629 INFO:teuthology.orchestra.run.smithi022.stdout:/usr/bin/ceph: stderr
2024-05-12T04:40:57.973+0000 7f1c9effd700 1 -- 172.21.15.22:0/2005996624 <== mon.0 v2:172.21.15.22:3300/0 6 ==== mon_command_ack([{"prefix": "get_command_descriptions"}]=0 v0) v1 ==== 72+0+183351 (secure 0 0 0) 0x7f1ca40219a0 con 0x7f1ca8105760
2024-05-12T04:40:58.630 INFO:teuthology.orchestra.run.smithi022.stdout:/usr/bin/ceph: stderr
2024-05-12T04:40:58.169+0000 7f1cad3a0700 1 -- 172.21.15.22:0/2005996624 >> [v2:172.21.15.22:6800/1606470710,v1:172.21.15.22:6801/1606470710] conn(0x7f1c940386b0 msgr2=0x7f1c9403ab70 unknown :-1 s=STATE_CONNECTING_RE l=1).process reconnect failed to v2:172.21.15.22:6800/1606470710
2024-05-12T04:40:58.630 INFO:teuthology.orchestra.run.smithi022.stdout:/usr/bin/ceph: stderr
2024-05-12T04:40:58.169+0000 7f1cad3a0700 1 --2- 172.21.15.22:0/2005996624 >> [v2:172.21.15.22:6800/1606470710,v1:172.21.15.22:6801/1606470710] conn(0x7f1c940386b0 0x7f1c9403ab70 unknown :-1 s=START_CONNECT pgs=0 cs=0 l=1 rev1=0 crypto rx=0 tx=0 comp rx=0 tx=0)._fault waiting 0.400000
2024-05-12T04:40:58.630 INFO:teuthology.orchestra.run.smithi022.stdout:/usr/bin/ceph: stderr
2024-05-12T04:40:58.242+0000 7f1cafe05700 1 -- 172.21.15.22:0/2005996624 --> [v2:172.21.15.22:3300/0,v1:172.21.15.22:6789/0] -- mon_command({"prefix": "mgr stat"} v 0) v1 -- 0x7f1ca8191c20 con 0x7f1ca8105760
2024-05-12T04:40:58.630 INFO:teuthology.orchestra.run.smithi022.stdout:/usr/bin/ceph: stderr
2024-05-12T04:40:58.243+0000 7f1c9effd700 1 -- 172.21.15.22:0/2005996624 <== mon.0 v2:172.21.15.22:3300/0 7 ==== mon_command_ack([{"prefix": "mgr stat"}]=0 v5) v1 ==== 56+0+88 (secure 0 0 0) 0x7f1ca4027030 con 0x7f1ca8105760
2024-05-12T04:40:58.630 INFO:teuthology.orchestra.run.smithi022.stdout:/usr/bin/ceph: stderr
2024-05-12T04:40:58.245+0000 7f1cafe05700 1 -- 172.21.15.22:0/2005996624 >> [v2:172.21.15.22:6800/1606470710,v1:172.21.15.22:6801/1606470710] conn(0x7f1c940386b0 msgr2=0x7f1c9403ab70 unknown :-1 s=STATE_CONNECTING l=1).mark_down
2024-05-12T04:40:58.630 INFO:teuthology.orchestra.run.smithi022.stdout:/usr/bin/ceph: stderr
2024-05-12T04:40:58.245+0000 7f1cafe05700 1 --2- 172.21.15.22:0/2005996624 >> [v2:172.21.15.22:6800/1606470710,v1:172.21.15.22:6801/1606470710] conn(0x7f1c940386b0 0x7f1c9403ab70 unknown :-1 s=START_CONNECT pgs=0 cs=0 l=1 rev1=0 crypto rx=0 tx=0 comp rx=0 tx=0).stop
2024-05-12T04:40:58.630 INFO:teuthology.orchestra.run.smithi022.stdout:/usr/bin/ceph: stderr
2024-05-12T04:40:58.245+0000 7f1cafe05700 1 -- 172.21.15.22:0/2005996624 >> [v2:172.21.15.22:3300/0,v1:172.21.15.22:6789/0] conn(0x7f1ca8105760 msgr2=0x7f1ca8198510 secure :-1 s=STATE_CONNECTION_ESTABLISHED l=1).mark_down
2024-05-12T04:40:58.630 INFO:teuthology.orchestra.run.smithi022.stdout:/usr/bin/ceph: stderr
2024-05-12T04:40:58.245+0000 7f1cafe05700 1 --2- 172.21.15.22:0/2005996624 >> [v2:172.21.15.22:3300/0,v1:172.21.15.22:6789/0] conn(0x7f1ca8105760 0x7f1ca8198510 secure :-1 s=READY pgs=27 cs=0 l=1 rev1=1 crypto rx=0x7f1ca400bfd0 tx=0x7f1ca4003dd0 comp rx=0 tx=0).stop
2024-05-12T04:40:58.630 INFO:teuthology.orchestra.run.smithi022.stdout:/usr/bin/ceph: stderr
2024-05-12T04:40:58.245+0000 7f1cafe05700 1 -- 172.21.15.22:0/2005996624 shutdown_connections
2024-05-12T04:40:58.630 INFO:teuthology.orchestra.run.smithi022.stdout:/usr/bin/ceph: stderr
2024-05-12T04:40:58.245+0000 7f1cafe05700 1 --2- 172.21.15.22:0/2005996624 >> [v2:172.21.15.22:6800/1606470710,v1:172.21.15.22:6801/1606470710] conn(0x7f1c940386b0 0x7f1c9403ab70 unknown :-1 s=CLOSED pgs=0 cs=0 l=1 rev1=0 crypto rx=0 tx=0 comp rx=0 tx=0).stop
2024-05-12T04:40:58.630 INFO:teuthology.orchestra.run.smithi022.stdout:/usr/bin/ceph: stderr
2024-05-12T04:40:58.245+0000 7f1cafe05700 1 --2- 172.21.15.22:0/2005996624 >> [v2:172.21.15.22:3300/0,v1:172.21.15.22:6789/0] conn(0x7f1ca8105760 0x7f1ca8198510 unknown :-1 s=CLOSED pgs=27 cs=0 l=1 rev1=1 crypto rx=0 tx=0 comp rx=0 tx=0).stop
2024-05-12T04:40:58.630 INFO:teuthology.orchestra.run.smithi022.stdout:/usr/bin/ceph: stderr
2024-05-12T04:40:58.245+0000 7f1cafe05700 1 -- 172.21.15.22:0/2005996624 >> 172.21.15.22:0/2005996624 conn(0x7f1ca8100cc0 msgr2=0x7f1ca818ed00 unknown :-1 s=STATE_NONE l=0).mark_down
2024-05-12T04:40:58.630 INFO:teuthology.orchestra.run.smithi022.stdout:/usr/bin/ceph: stderr
2024-05-12T04:40:58.246+0000 7f1cafe05700 1 -- 172.21.15.22:0/2005996624 shutdown_connections
2024-05-12T04:40:58.630 INFO:teuthology.orchestra.run.smithi022.stdout:/usr/bin/ceph: stderr
2024-05-12T04:40:58.246+0000 7f1cafe05700 1 -- 172.21.15.22:0/2005996624 wait complete.
2024-05-12T04:40:58.630 INFO:teuthology.orchestra.run.smithi022.stdout:Waiting for the mgr to restart...
2024-05-12T04:40:58.631 INFO:teuthology.orchestra.run.smithi022.stdout:Waiting for mgr epoch 5...
2024-05-12T04:40:59.014 INFO:journalctl@ceph.mgr.x.smithi022.stdout:May 12 04:40:58 smithi022 ceph-a926e1e8-1019-11ef-bc98-c7b262605968-mgr-x[42752]:
2024-05-12T04:40:58.721+0000 7ffb57233200 -1 mgr[py] Module orchestrator has missing NOTIFY_TYPES member
2024-05-12T04:40:59.278 INFO:journalctl@ceph.mon.a.smithi022.stdout:May 12 04:40:59 smithi022 ceph-mon[42502]: from='client.? 172.21.15.22:0/2005996624' entity='client.admin' cmd=[{"prefix": "mgr stat"}]: dispatch
2024-05-12T04:40:59.278 INFO:journalctl@ceph.mgr.x.smithi022.stdout:May 12 04:40:59 smithi022 ceph-a926e1e8-1019-11ef-bc98-c7b262605968-mgr-x[42752]:
2024-05-12T04:40:59.014+0000 7ffb57233200 -1 mgr[py] Module nfs has missing NOTIFY_TYPES member
2024-05-12T04:40:59.278 INFO:journalctl@ceph.mgr.x.smithi022.stdout:May 12 04:40:59 smithi022 ceph-a926e1e8-1019-11ef-bc98-c7b262605968-mgr-x[42752]:
2024-05-12T04:40:59.109+0000 7ffb57233200 -1 mgr[py] Module zabbix has missing NOTIFY_TYPES member
2024-05-12T04:40:59.282 INFO:journalctl@ceph.mgr.x.smithi022.stdout:May 12 04:40:59 smithi022 ceph-a926e1e8-1019-11ef-bc98-c7b262605968-mgr-x[42752]:
2024-05-12T04:40:59.231+0000 7ffb57233200 -1 mgr[py] Module rbd_support has missing NOTIFY_TYPES member
2024-05-12T04:40:59.778 INFO:journalctl@ceph.mgr.x.smithi022.stdout:May 12 04:40:59 smithi022 ceph-a926e1e8-1019-11ef-bc98-c7b262605968-mgr-x[42752]:
2024-05-12T04:40:59.411+0000 7ffb57233200 -1 mgr[py] Module status has missing NOTIFY_TYPES member
2024-05-12T04:40:59.778 INFO:journalctl@ceph.mgr.x.smithi022.stdout:May 12 04:40:59 smithi022 ceph-a926e1e8-1019-11ef-bc98-c7b262605968-mgr-x[42752]:
2024-05-12T04:40:59.555+0000 7ffb57233200 -1 mgr[py] Module diskprediction_local has missing NOTIFY_TYPES member
2024-05-12T04:40:59.778 INFO:journalctl@ceph.mgr.x.smithi022.stdout:May 12 04:40:59 smithi022 ceph-a926e1e8-1019-11ef-bc98-c7b262605968-mgr-x[42752]:
2024-05-12T04:40:59.651+0000 7ffb57233200 -1 mgr[py] Module telegraf has missing NOTIFY_TYPES member
2024-05-12T04:41:00.508 INFO:journalctl@ceph.mgr.x.smithi022.stdout:May 12 04:41:00 smithi022 ceph-a926e1e8-1019-11ef-bc98-c7b262605968-mgr-x[42752]:
2024-05-12T04:41:00.069+0000 7ffb57233200 -1 mgr[py] Module influx has missing NOTIFY_TYPES member
2024-05-12T04:41:00.778 INFO:journalctl@ceph.mgr.x.smithi022.stdout:May 12 04:41:00 smithi022 ceph-a926e1e8-1019-11ef-bc98-c7b262605968-mgr-x[42752]:
2024-05-12T04:41:00.507+0000 7ffb57233200 -1 mgr[py] Module pg_autoscaler has missing NOTIFY_TYPES member
2024-05-12T04:41:00.778 INFO:journalctl@ceph.mgr.x.smithi022.stdout:May 12 04:41:00 smithi022 ceph-a926e1e8-1019-11ef-bc98-c7b262605968-mgr-x[42752]:
2024-05-12T04:41:00.723+0000 7ffb57233200 -1 mgr[py] Module rgw has missing NOTIFY_TYPES member
2024-05-12T04:41:01.278 INFO:journalctl@ceph.mgr.x.smithi022.stdout:May 12 04:41:00 smithi022 ceph-a926e1e8-1019-11ef-bc98-c7b262605968-mgr-x[42752]:
2024-05-12T04:41:00.828+0000 7ffb57233200 -1 mgr[py] Module balancer has missing NOTIFY_TYPES member
2024-05-12T04:41:01.965 INFO:journalctl@ceph.mgr.x.smithi022.stdout:May 12 04:41:01 smithi022 ceph-a926e1e8-1019-11ef-bc98-c7b262605968-mgr-x[42752]:
2024-05-12T04:41:01.689+0000 7ffb57233200 -1 mgr[py] Module iostat has missing NOTIFY_TYPES member
2024-05-12T04:41:01.965 INFO:journalctl@ceph.mgr.x.smithi022.stdout:May 12 04:41:01 smithi022 ceph-a926e1e8-1019-11ef-bc98-c7b262605968-mgr-x[42752]:
2024-05-12T04:41:01.797+0000 7ffb57233200 -1 mgr[py] Module snap_schedule has missing NOTIFY_TYPES member
2024-05-12T04:41:02.278 INFO:journalctl@ceph.mgr.x.smithi022.stdout:May 12 04:41:01 smithi022 ceph-a926e1e8-1019-11ef-bc98-c7b262605968-mgr-x[42752]:
2024-05-12T04:41:01.964+0000 7ffb57233200 -1 mgr[py] Module telemetry has missing NOTIFY_TYPES member
2024-05-12T04:41:03.028 INFO:journalctl@ceph.mgr.x.smithi022.stdout:May 12 04:41:02 smithi022 ceph-a926e1e8-1019-11ef-bc98-c7b262605968-mgr-x[42752]:
2024-05-12T04:41:02.680+0000 7ffb57233200 -1 mgr[py] Module rook has missing NOTIFY_TYPES member
2024-05-12T04:41:03.028 INFO:journalctl@ceph.mgr.x.smithi022.stdout:May 12 04:41:02 smithi022 ceph-a926e1e8-1019-11ef-bc98-c7b262605968-mgr-x[42752]:
2024-05-12T04:41:02.884+0000 7ffb57233200 -1 mgr[py] Module selftest has missing NOTIFY_TYPES member
2024-05-12T04:41:03.528 INFO:journalctl@ceph.mgr.x.smithi022.stdout:May 12 04:41:03 smithi022 ceph-a926e1e8-1019-11ef-bc98-c7b262605968-mgr-x[42752]:
2024-05-12T04:41:03.100+0000 7ffb57233200 -1 mgr[py] Module devicehealth has missing NOTIFY_TYPES member
2024-05-12T04:41:04.472 INFO:journalctl@ceph.mgr.x.smithi022.stdout:May 12 04:41:04 smithi022 ceph-a926e1e8-1019-11ef-bc98-c7b262605968-mgr-x[42752]:
2024-05-12T04:41:04.154+0000 7ffb57233200 -1 mgr[py] Module volumes has missing NOTIFY_TYPES member
2024-05-12T04:41:04.778 INFO:journalctl@ceph.mgr.x.smithi022.stdout:May 12 04:41:04 smithi022 ceph-a926e1e8-1019-11ef-bc98-c7b262605968-mgr-x[42752]:
2024-05-12T04:41:04.471+0000 7ffb57233200 -1 mgr[py] Module test_orchestrator has missing NOTIFY_TYPES member
2024-05-12T04:41:04.778 INFO:journalctl@ceph.mgr.x.smithi022.stdout:May 12 04:41:04 smithi022 ceph-a926e1e8-1019-11ef-bc98-c7b262605968-mgr-x[42752]:
2024-05-12T04:41:04.570+0000 7ffb57233200 -1 mgr[py] Module osd_support has missing NOTIFY_TYPES member
2024-05-12T04:41:05.278 INFO:journalctl@ceph.mgr.x.smithi022.stdout:May 12 04:41:04 smithi022 ceph-a926e1e8-1019-11ef-bc98-c7b262605968-mgr-x[42752]:
2024-05-12T04:41:04.784+0000 7ffb57233200 -1 mgr[py] Module crash has missing NOTIFY_TYPES member
2024-05-12T04:41:05.278 INFO:journalctl@ceph.mon.a.smithi022.stdout:May 12 04:41:04 smithi022 ceph-mon[42502]: Active manager daemon x restarted
2024-05-12T04:41:05.278 INFO:journalctl@ceph.mon.a.smithi022.stdout:May 12 04:41:04 smithi022 ceph-mon[42502]: Activating manager daemon x
2024-05-12T04:41:05.278 INFO:journalctl@ceph.mon.a.smithi022.stdout:May 12 04:41:04 smithi022 ceph-mon[42502]: osdmap e2: 0 total, 0 up, 0 in
2024-05-12T04:41:05.278 INFO:journalctl@ceph.mon.a.smithi022.stdout:May 12 04:41:04 smithi022 ceph-mon[42502]: mgrmap e6: x(active, starting, since 0.0036044s)
2024-05-12T04:41:05.278 INFO:journalctl@ceph.mon.a.smithi022.stdout:May 12 04:41:04 smithi022 ceph-mon[42502]: from='mgr.14120 172.21.15.22:0/2541265447' entity='mgr.x' cmd=[{"prefix": "mon metadata", "id": "a"}]: dispatch
2024-05-12T04:41:05.279 INFO:journalctl@ceph.mon.a.smithi022.stdout:May 12 04:41:04 smithi022 ceph-mon[42502]: from='mgr.14120 172.21.15.22:0/2541265447' entity='mgr.x' cmd=[{"prefix": "mgr metadata", "who": "x", "id": "x"}]: dispatch
2024-05-12T04:41:05.279 INFO:journalctl@ceph.mon.a.smithi022.stdout:May 12 04:41:04 smithi022 ceph-mon[42502]: from='mgr.14120 172.21.15.22:0/2541265447' entity='mgr.x' cmd=[{"prefix": "mds metadata"}]: dispatch
2024-05-12T04:41:05.279 INFO:journalctl@ceph.mon.a.smithi022.stdout:May 12 04:41:04 smithi022 ceph-mon[42502]: from='mgr.14120 172.21.15.22:0/2541265447' entity='mgr.x' cmd=[{"prefix": "osd metadata"}]: dispatch
2024-05-12T04:41:05.279 INFO:journalctl@ceph.mon.a.smithi022.stdout:May 12 04:41:04 smithi022 ceph-mon[42502]: from='mgr.14120 172.21.15.22:0/2541265447' entity='mgr.x' cmd=[{"prefix": "mon metadata"}]: dispatch
2024-05-12T04:41:05.279 INFO:journalctl@ceph.mon.a.smithi022.stdout:May 12 04:41:04 smithi022 ceph-mon[42502]: Manager daemon x is now available
2024-05-12T04:41:05.279 INFO:journalctl@ceph.mon.a.smithi022.stdout:May 12 04:41:04 smithi022 ceph-mon[42502]: from='mgr.14120 172.21.15.22:0/2541265447' entity='mgr.x'
2024-05-12T04:41:05.279 INFO:journalctl@ceph.mon.a.smithi022.stdout:May 12 04:41:04 smithi022 ceph-mon[42502]: from='mgr.14120 172.21.15.22:0/2541265447' entity='mgr.x'
2024-05-12T04:41:05.279 INFO:journalctl@ceph.mon.a.smithi022.stdout:May 12 04:41:04 smithi022 ceph-mon[42502]: from='mgr.14120 172.21.15.22:0/2541265447' entity='mgr.x' cmd=[{"prefix": "config dump", "format": "json"}]: dispatch
2024-05-12T04:41:06.278 INFO:journalctl@ceph.mon.a.smithi022.stdout:May 12 04:41:05 smithi022 ceph-mon[42502]: Found migration_current of "None". Setting to last migration.
2024-05-12T04:41:06.278 INFO:journalctl@ceph.mon.a.smithi022.stdout:May 12 04:41:05 smithi022 ceph-mon[42502]: from='mgr.14120 172.21.15.22:0/2541265447' entity='mgr.x' cmd=[{"prefix": "config dump", "format": "json"}]: dispatch
2024-05-12T04:41:06.278 INFO:journalctl@ceph.mon.a.smithi022.stdout:May 12 04:41:05 smithi022 ceph-mon[42502]: from='mgr.14120 172.21.15.22:0/2541265447' entity='mgr.x' cmd=[{"prefix":"config rm","who":"mgr","name":"mgr/rbd_support/x/mirror_snapshot_schedule"}]: dispatch
2024-05-12T04:41:06.278 INFO:journalctl@ceph.mon.a.smithi022.stdout:May 12 04:41:05 smithi022 ceph-mon[42502]: from='mgr.14120 172.21.15.22:0/2541265447' entity='mgr.x' cmd=[{"prefix":"config rm","who":"mgr","name":"mgr/rbd_support/x/trash_purge_schedule"}]: dispatch
2024-05-12T04:41:06.278 INFO:journalctl@ceph.mon.a.smithi022.stdout:May 12 04:41:05 smithi022 ceph-mon[42502]: from='mgr.14120 172.21.15.22:0/2541265447' entity='mgr.x'
2024-05-12T04:41:06.278 INFO:journalctl@ceph.mon.a.smithi022.stdout:May 12 04:41:05 smithi022 ceph-mon[42502]: from='mgr.14120 172.21.15.22:0/2541265447' entity='mgr.x'
2024-05-12T04:41:06.278 INFO:journalctl@ceph.mon.a.smithi022.stdout:May 12 04:41:05 smithi022 ceph-mon[42502]: mgrmap e7: x(active, since 1.00658s)
2024-05-12T04:41:06.278 INFO:journalctl@ceph.mon.a.smithi022.stdout:May 12 04:41:05 smithi022 ceph-mon[42502]: from='mgr.14120 172.21.15.22:0/2541265447' entity='mgr.x' cmd=[{"prefix": "config dump", "format": "json"}]: dispatch
2024-05-12T04:41:06.793 INFO:teuthology.orchestra.run.smithi022.stdout:/usr/bin/ceph: stdout {
2024-05-12T04:41:06.793 INFO:teuthology.orchestra.run.smithi022.stdout:/usr/bin/ceph: stdout "mgrmap_epoch": 7,
2024-05-12T04:41:06.793 INFO:teuthology.orchestra.run.smithi022.stdout:/usr/bin/ceph: stdout "initialized": true
2024-05-12T04:41:06.793 INFO:teuthology.orchestra.run.smithi022.stdout:/usr/bin/ceph: stdout }
2024-05-12T04:41:06.793 INFO:teuthology.orchestra.run.smithi022.stdout:/usr/bin/ceph: stderr
2024-05-12T04:40:58.963+0000 7f24b73e7700 1 Processor -- start
2024-05-12T04:41:06.793 INFO:teuthology.orchestra.run.smithi022.stdout:/usr/bin/ceph: stderr
2024-05-12T04:40:58.964+0000 7f24b73e7700 1 -- start start
2024-05-12T04:41:06.793 INFO:teuthology.orchestra.run.smithi022.stdout:/usr/bin/ceph: stderr
2024-05-12T04:40:58.964+0000 7f24b73e7700 1 --2- >> [v2:172.21.15.22:3300/0,v1:172.21.15.22:6789/0] conn(0x7f24b007be50 0x7f24b007a300 unknown :-1 s=NONE pgs=0 cs=0 l=0 rev1=0 crypto rx=0 tx=0 comp rx=0 tx=0).connect
2024-05-12T04:41:06.793 INFO:teuthology.orchestra.run.smithi022.stdout:/usr/bin/ceph: stderr
2024-05-12T04:40:58.964+0000 7f24b73e7700 1 -- --> [v2:172.21.15.22:3300/0,v1:172.21.15.22:6789/0] -- mon_getmap magic: 0 v1 -- 0x7f24b007a8d0 con 0x7f24b007be50
2024-05-12T04:41:06.793 INFO:teuthology.orchestra.run.smithi022.stdout:/usr/bin/ceph: stderr
2024-05-12T04:40:58.964+0000 7f24b5183700 1 --2- >> [v2:172.21.15.22:3300/0,v1:172.21.15.22:6789/0] conn(0x7f24b007be50 0x7f24b007a300 unknown :-1 s=BANNER_CONNECTING pgs=0 cs=0 l=0 rev1=0 crypto rx=0 tx=0 comp rx=0 tx=0)._handle_peer_banner_payload supported=3 required=0
2024-05-12T04:41:06.793 INFO:teuthology.orchestra.run.smithi022.stdout:/usr/bin/ceph: stderr
2024-05-12T04:40:58.964+0000 7f24b5183700 1 --2- >> [v2:172.21.15.22:3300/0,v1:172.21.15.22:6789/0] conn(0x7f24b007be50 0x7f24b007a300 unknown :-1 s=HELLO_CONNECTING pgs=0 cs=0 l=0 rev1=1 crypto rx=0 tx=0 comp rx=0 tx=0).handle_hello peer v2:172.21.15.22:3300/0 says I am v2:172.21.15.22:42910/0 (socket says 172.21.15.22:42910)
2024-05-12T04:41:06.793 INFO:teuthology.orchestra.run.smithi022.stdout:/usr/bin/ceph: stderr
2024-05-12T04:40:58.964+0000 7f24b5183700 1 -- 172.21.15.22:0/2711594137 learned_addr learned my addr 172.21.15.22:0/2711594137 (peer_addr_for_me v2:172.21.15.22:0/0)
2024-05-12T04:41:06.793 INFO:teuthology.orchestra.run.smithi022.stdout:/usr/bin/ceph: stderr
2024-05-12T04:40:58.964+0000 7f24b5183700 1 -- 172.21.15.22:0/2711594137 --> [v2:172.21.15.22:3300/0,v1:172.21.15.22:6789/0] -- mon_subscribe({config=0+,monmap=0+}) v3 -- 0x7f24b007aa10 con 0x7f24b007be50
2024-05-12T04:41:06.794 INFO:teuthology.orchestra.run.smithi022.stdout:/usr/bin/ceph: stderr
2024-05-12T04:40:58.965+0000 7f24b5183700 1 --2- 172.21.15.22:0/2711594137 >> [v2:172.21.15.22:3300/0,v1:172.21.15.22:6789/0] conn(0x7f24b007be50 0x7f24b007a300 secure :-1 s=READY pgs=28 cs=0 l=1 rev1=1 crypto rx=0x7f24a00098a0 tx=0x7f24a0009bb0 comp rx=0 tx=0).ready entity=mon.0 client_cookie=803dc8082f3a3966 server_cookie=0 in_seq=0 out_seq=0
2024-05-12T04:41:06.794 INFO:teuthology.orchestra.run.smithi022.stdout:/usr/bin/ceph: stderr
2024-05-12T04:40:58.965+0000 7f24a7fff700 1 -- 172.21.15.22:0/2711594137 <== mon.0 v2:172.21.15.22:3300/0 1 ==== mon_map magic: 0 v1 ==== 205+0+0 (secure 0 0 0) 0x7f24a0004160 con 0x7f24b007be50
2024-05-12T04:41:06.794 INFO:teuthology.orchestra.run.smithi022.stdout:/usr/bin/ceph: stderr
2024-05-12T04:40:58.965+0000 7f24a7fff700 1 -- 172.21.15.22:0/2711594137 <== mon.0 v2:172.21.15.22:3300/0 2 ==== config(27 keys) v1 ==== 1108+0+0 (secure 0 0 0) 0x7f24a00042c0 con 0x7f24b007be50
2024-05-12T04:41:06.794 INFO:teuthology.orchestra.run.smithi022.stdout:/usr/bin/ceph: stderr
2024-05-12T04:40:58.965+0000 7f24a7fff700 1 -- 172.21.15.22:0/2711594137 <== mon.0 v2:172.21.15.22:3300/0 3 ==== mon_map magic: 0 v1 ==== 205+0+0 (secure 0 0 0) 0x7f24a0011ac0 con 0x7f24b007be50
2024-05-12T04:41:06.794 INFO:teuthology.orchestra.run.smithi022.stdout:/usr/bin/ceph: stderr
2024-05-12T04:40:58.965+0000 7f24b73e7700 1 -- 172.21.15.22:0/2711594137 >> [v2:172.21.15.22:3300/0,v1:172.21.15.22:6789/0] conn(0x7f24b007be50 msgr2=0x7f24b007a300 secure :-1 s=STATE_CONNECTION_ESTABLISHED l=1).mark_down
2024-05-12T04:41:06.794 INFO:teuthology.orchestra.run.smithi022.stdout:/usr/bin/ceph: stderr
2024-05-12T04:40:58.965+0000 7f24b73e7700 1 --2- 172.21.15.22:0/2711594137 >> [v2:172.21.15.22:3300/0,v1:172.21.15.22:6789/0] conn(0x7f24b007be50 0x7f24b007a300 secure :-1 s=READY pgs=28 cs=0 l=1 rev1=1 crypto rx=0x7f24a00098a0 tx=0x7f24a0009bb0 comp rx=0 tx=0).stop
2024-05-12T04:41:06.794 INFO:teuthology.orchestra.run.smithi022.stdout:/usr/bin/ceph: stderr
2024-05-12T04:40:58.966+0000 7f24b73e7700 1 -- 172.21.15.22:0/2711594137 shutdown_connections
2024-05-12T04:41:06.794 INFO:teuthology.orchestra.run.smithi022.stdout:/usr/bin/ceph: stderr
2024-05-12T04:40:58.966+0000 7f24b73e7700 1 --2- 172.21.15.22:0/2711594137 >> [v2:172.21.15.22:3300/0,v1:172.21.15.22:6789/0] conn(0x7f24b007be50 0x7f24b007a300 unknown :-1 s=CLOSED pgs=28 cs=0 l=1 rev1=1 crypto rx=0 tx=0 comp rx=0 tx=0).stop
2024-05-12T04:41:06.794 INFO:teuthology.orchestra.run.smithi022.stdout:/usr/bin/ceph: stderr
2024-05-12T04:40:58.966+0000 7f24b73e7700 1 -- 172.21.15.22:0/2711594137 >> 172.21.15.22:0/2711594137 conn(0x7f24b0101e20 msgr2=0x7f24b0104260 unknown :-1 s=STATE_NONE l=0).mark_down
2024-05-12T04:41:06.794 INFO:teuthology.orchestra.run.smithi022.stdout:/usr/bin/ceph: stderr
2024-05-12T04:40:58.966+0000 7f24b73e7700 1 -- 172.21.15.22:0/2711594137 shutdown_connections
2024-05-12T04:41:06.794 INFO:teuthology.orchestra.run.smithi022.stdout:/usr/bin/ceph: stderr
2024-05-12T04:40:58.966+0000 7f24b73e7700 1 -- 172.21.15.22:0/2711594137 wait complete.
2024-05-12T04:41:06.794 INFO:teuthology.orchestra.run.smithi022.stdout:/usr/bin/ceph: stderr
2024-05-12T04:40:58.967+0000 7f24b73e7700 1 Processor -- start
2024-05-12T04:41:06.794 INFO:teuthology.orchestra.run.smithi022.stdout:/usr/bin/ceph: stderr
2024-05-12T04:40:58.967+0000 7f24b73e7700 1 -- start start
2024-05-12T04:41:06.794 INFO:teuthology.orchestra.run.smithi022.stdout:/usr/bin/ceph: stderr
2024-05-12T04:40:58.967+0000 7f24b73e7700 1 --2- >> [v2:172.21.15.22:3300/0,v1:172.21.15.22:6789/0] conn(0x7f24b007be50 0x7f24b019c7f0 unknown :-1 s=NONE pgs=0 cs=0 l=1 rev1=0 crypto rx=0 tx=0 comp rx=0 tx=0).connect
2024-05-12T04:41:06.795 INFO:teuthology.orchestra.run.smithi022.stdout:/usr/bin/ceph: stderr
2024-05-12T04:40:58.967+0000 7f24b73e7700 1 -- --> [v2:172.21.15.22:3300/0,v1:172.21.15.22:6789/0] -- mon_getmap magic: 0 v1 -- 0x7f24b019cd30 con 0x7f24b007be50
2024-05-12T04:41:06.795 INFO:teuthology.orchestra.run.smithi022.stdout:/usr/bin/ceph: stderr
2024-05-12T04:40:58.967+0000 7f24b5183700 1 --2- >> [v2:172.21.15.22:3300/0,v1:172.21.15.22:6789/0] conn(0x7f24b007be50 0x7f24b019c7f0 unknown :-1 s=BANNER_CONNECTING pgs=0 cs=0 l=1 rev1=0 crypto rx=0 tx=0 comp rx=0 tx=0)._handle_peer_banner_payload supported=3 required=0
2024-05-12T04:41:06.795 INFO:teuthology.orchestra.run.smithi022.stdout:/usr/bin/ceph: stderr
2024-05-12T04:40:58.967+0000 7f24b5183700 1 --2- >> [v2:172.21.15.22:3300/0,v1:172.21.15.22:6789/0] conn(0x7f24b007be50 0x7f24b019c7f0 unknown :-1 s=HELLO_CONNECTING pgs=0 cs=0 l=1 rev1=1 crypto rx=0 tx=0 comp rx=0 tx=0).handle_hello peer v2:172.21.15.22:3300/0 says I am v2:172.21.15.22:42924/0 (socket says 172.21.15.22:42924)
2024-05-12T04:41:06.795 INFO:teuthology.orchestra.run.smithi022.stdout:/usr/bin/ceph: stderr
2024-05-12T04:40:58.967+0000 7f24b5183700 1 -- 172.21.15.22:0/463788270 learned_addr learned my addr 172.21.15.22:0/463788270 (peer_addr_for_me v2:172.21.15.22:0/0)
2024-05-12T04:41:06.795 INFO:teuthology.orchestra.run.smithi022.stdout:/usr/bin/ceph: stderr
2024-05-12T04:40:58.967+0000 7f24b5183700 1 -- 172.21.15.22:0/463788270 --> [v2:172.21.15.22:3300/0,v1:172.21.15.22:6789/0] -- mon_subscribe({config=0+,monmap=0+}) v3 -- 0x7f24a0009550 con 0x7f24b007be50
2024-05-12T04:41:06.795 INFO:teuthology.orchestra.run.smithi022.stdout:/usr/bin/ceph: stderr
2024-05-12T04:40:58.968+0000 7f24b5183700 1 --2- 172.21.15.22:0/463788270 >> [v2:172.21.15.22:3300/0,v1:172.21.15.22:6789/0] conn(0x7f24b007be50 0x7f24b019c7f0 secure :-1 s=READY pgs=29 cs=0 l=1 rev1=1 crypto rx=0x7f24a0009130 tx=0x7f24a0011b40 comp rx=0 tx=0).ready entity=mon.0 client_cookie=0 server_cookie=0 in_seq=0 out_seq=0
2024-05-12T04:41:06.795 INFO:teuthology.orchestra.run.smithi022.stdout:/usr/bin/ceph: stderr
2024-05-12T04:40:58.968+0000 7f24a67fc700 1 -- 172.21.15.22:0/463788270 <== mon.0 v2:172.21.15.22:3300/0 1 ==== mon_map magic: 0 v1 ==== 205+0+0 (secure 0 0 0) 0x7f24a0003aa0 con 0x7f24b007be50
2024-05-12T04:41:06.795 INFO:teuthology.orchestra.run.smithi022.stdout:/usr/bin/ceph: stderr
2024-05-12T04:40:58.968+0000 7f24a67fc700 1 -- 172.21.15.22:0/463788270 <== mon.0 v2:172.21.15.22:3300/0 2 ==== config(27 keys) v1 ==== 1108+0+0 (secure 0 0 0) 0x7f24a0003c00 con 0x7f24b007be50
2024-05-12T04:41:06.795 INFO:teuthology.orchestra.run.smithi022.stdout:/usr/bin/ceph: stderr
2024-05-12T04:40:58.968+0000 7f24b73e7700 1 -- 172.21.15.22:0/463788270 --> [v2:172.21.15.22:3300/0,v1:172.21.15.22:6789/0] -- mon_subscribe({mgrmap=0+}) v3 -- 0x7f24b019cf30 con 0x7f24b007be50
2024-05-12T04:41:06.795 INFO:teuthology.orchestra.run.smithi022.stdout:/usr/bin/ceph: stderr
2024-05-12T04:40:58.968+0000 7f24a67fc700 1 -- 172.21.15.22:0/463788270 <== mon.0 v2:172.21.15.22:3300/0 3 ==== mon_map magic: 0 v1 ==== 205+0+0 (secure 0 0 0) 0x7f24a0024800 con 0x7f24b007be50
2024-05-12T04:41:06.795 INFO:teuthology.orchestra.run.smithi022.stdout:/usr/bin/ceph: stderr
2024-05-12T04:40:58.968+0000 7f24b73e7700 1 -- 172.21.15.22:0/463788270 --> [v2:172.21.15.22:3300/0,v1:172.21.15.22:6789/0] -- mon_subscribe({osdmap=0}) v3 -- 0x7f24b019d3d0 con 0x7f24b007be50
2024-05-12T04:41:06.795 INFO:teuthology.orchestra.run.smithi022.stdout:/usr/bin/ceph: stderr
2024-05-12T04:40:58.969+0000 7f24a67fc700 1 -- 172.21.15.22:0/463788270 <== mon.0 v2:172.21.15.22:3300/0 4 ==== mgrmap(e 5) v1 ==== 45541+0+0 (secure 0 0 0) 0x7f24a0024a70 con 0x7f24b007be50
2024-05-12T04:41:06.795 INFO:teuthology.orchestra.run.smithi022.stdout:/usr/bin/ceph: stderr
2024-05-12T04:40:58.969+0000 7f24a67fc700 1 --2- 172.21.15.22:0/463788270 >> [v2:172.21.15.22:6800/1606470710,v1:172.21.15.22:6801/1606470710] conn(0x7f249c038750 0x7f249c03ac10 unknown :-1 s=NONE pgs=0 cs=0 l=1 rev1=0 crypto rx=0 tx=0 comp rx=0 tx=0).connect
2024-05-12T04:41:06.795 INFO:teuthology.orchestra.run.smithi022.stdout:/usr/bin/ceph: stderr
2024-05-12T04:40:58.969+0000 7f24a67fc700 1 -- 172.21.15.22:0/463788270 --> [v2:172.21.15.22:6800/1606470710,v1:172.21.15.22:6801/1606470710] -- command(tid 0: {"prefix": "get_command_descriptions"}) v1 -- 0x7f249c03b320 con 0x7f249c038750
2024-05-12T04:41:06.795 INFO:teuthology.orchestra.run.smithi022.stdout:/usr/bin/ceph: stderr
2024-05-12T04:40:58.969+0000 7f24a67fc700 1 -- 172.21.15.22:0/463788270 <== mon.0 v2:172.21.15.22:3300/0 5 ==== osd_map(1..1 src has 1..1) v4 ==== 725+0+0 (secure 0 0 0) 0x7f24a004c400 con 0x7f24b007be50
2024-05-12T04:41:06.796 INFO:teuthology.orchestra.run.smithi022.stdout:/usr/bin/ceph: stderr
2024-05-12T04:40:58.969+0000 7f24b4982700 1 -- 172.21.15.22:0/463788270 >> [v2:172.21.15.22:6800/1606470710,v1:172.21.15.22:6801/1606470710] conn(0x7f249c038750 msgr2=0x7f249c03ac10 unknown :-1 s=STATE_CONNECTING_RE l=1).process reconnect failed to v2:172.21.15.22:6800/1606470710
2024-05-12T04:41:06.796 INFO:teuthology.orchestra.run.smithi022.stdout:/usr/bin/ceph: stderr
2024-05-12T04:40:58.969+0000 7f24b4982700 1 --2- 172.21.15.22:0/463788270 >> [v2:172.21.15.22:6800/1606470710,v1:172.21.15.22:6801/1606470710] conn(0x7f249c038750 0x7f249c03ac10 unknown :-1 s=START_CONNECT pgs=0 cs=0 l=1 rev1=0 crypto rx=0 tx=0 comp rx=0 tx=0)._fault waiting 0.200000
2024-05-12T04:41:06.796 INFO:teuthology.orchestra.run.smithi022.stdout:/usr/bin/ceph: stderr
2024-05-12T04:40:59.170+0000 7f24b4982700 1 -- 172.21.15.22:0/463788270 >> [v2:172.21.15.22:6800/1606470710,v1:172.21.15.22:6801/1606470710] conn(0x7f249c038750 msgr2=0x7f249c03ac10 unknown :-1 s=STATE_CONNECTING_RE l=1).process reconnect failed to v2:172.21.15.22:6800/1606470710
2024-05-12T04:41:06.796 INFO:teuthology.orchestra.run.smithi022.stdout:/usr/bin/ceph: stderr
2024-05-12T04:40:59.170+0000 7f24b4982700 1 --2- 172.21.15.22:0/463788270 >> [v2:172.21.15.22:6800/1606470710,v1:172.21.15.22:6801/1606470710] conn(0x7f249c038750 0x7f249c03ac10 unknown :-1 s=START_CONNECT pgs=0 cs=0 l=1 rev1=0 crypto rx=0 tx=0 comp rx=0 tx=0)._fault waiting 0.400000
2024-05-12T04:41:06.796 INFO:teuthology.orchestra.run.smithi022.stdout:/usr/bin/ceph: stderr
2024-05-12T04:40:59.571+0000 7f24b4982700 1 -- 172.21.15.22:0/463788270 >> [v2:172.21.15.22:6800/1606470710,v1:172.21.15.22:6801/1606470710] conn(0x7f249c038750 msgr2=0x7f249c03ac10 unknown :-1 s=STATE_CONNECTING_RE l=1).process reconnect failed to v2:172.21.15.22:6800/1606470710
2024-05-12T04:41:06.796 INFO:teuthology.orchestra.run.smithi022.stdout:/usr/bin/ceph: stderr
2024-05-12T04:40:59.571+0000 7f24b4982700 1 --2- 172.21.15.22:0/463788270 >> [v2:172.21.15.22:6800/1606470710,v1:172.21.15.22:6801/1606470710] conn(0x7f249c038750 0x7f249c03ac10 unknown :-1 s=START_CONNECT pgs=0 cs=0 l=1 rev1=0 crypto rx=0 tx=0 comp rx=0 tx=0)._fault waiting 0.800000
2024-05-12T04:41:06.796 INFO:teuthology.orchestra.run.smithi022.stdout:/usr/bin/ceph: stderr
2024-05-12T04:41:00.372+0000 7f24b4982700 1 -- 172.21.15.22:0/463788270 >> [v2:172.21.15.22:6800/1606470710,v1:172.21.15.22:6801/1606470710] conn(0x7f249c038750 msgr2=0x7f249c03ac10 unknown :-1 s=STATE_CONNECTING_RE l=1).process reconnect failed to v2:172.21.15.22:6800/1606470710
2024-05-12T04:41:06.796 INFO:teuthology.orchestra.run.smithi022.stdout:/usr/bin/ceph: stderr
2024-05-12T04:41:00.372+0000 7f24b4982700 1 --2- 172.21.15.22:0/463788270 >> [v2:172.21.15.22:6800/1606470710,v1:172.21.15.22:6801/1606470710] conn(0x7f249c038750 0x7f249c03ac10 unknown :-1 s=START_CONNECT pgs=0 cs=0 l=1 rev1=0 crypto rx=0 tx=0 comp rx=0 tx=0)._fault waiting 1.600000
2024-05-12T04:41:06.796 INFO:teuthology.orchestra.run.smithi022.stdout:/usr/bin/ceph: stderr
2024-05-12T04:41:01.973+0000 7f24b4982700 1 -- 172.21.15.22:0/463788270 >> [v2:172.21.15.22:6800/1606470710,v1:172.21.15.22:6801/1606470710] conn(0x7f249c038750 msgr2=0x7f249c03ac10 unknown :-1 s=STATE_CONNECTING_RE l=1).process reconnect failed to v2:172.21.15.22:6800/1606470710
2024-05-12T04:41:06.796 INFO:teuthology.orchestra.run.smithi022.stdout:/usr/bin/ceph: stderr
2024-05-12T04:41:01.973+0000 7f24b4982700 1 --2- 172.21.15.22:0/463788270 >> [v2:172.21.15.22:6800/1606470710,v1:172.21.15.22:6801/1606470710] conn(0x7f249c038750 0x7f249c03ac10 unknown :-1 s=START_CONNECT pgs=0 cs=0 l=1 rev1=0 crypto rx=0 tx=0 comp rx=0 tx=0)._fault waiting 3.200000
2024-05-12T04:41:06.796 INFO:teuthology.orchestra.run.smithi022.stdout:/usr/bin/ceph: stderr
2024-05-12T04:41:04.800+0000 7f24a67fc700 1 -- 172.21.15.22:0/463788270 <== mon.0 v2:172.21.15.22:3300/0 6 ==== mgrmap(e 6) v1 ==== 45308+0+0 (secure 0 0 0) 0x7f24a002d3f0 con 0x7f24b007be50
2024-05-12T04:41:06.796 INFO:teuthology.orchestra.run.smithi022.stdout:/usr/bin/ceph: stderr
2024-05-12T04:41:04.800+0000 7f24a67fc700 1 -- 172.21.15.22:0/463788270 >> [v2:172.21.15.22:6800/1606470710,v1:172.21.15.22:6801/1606470710] conn(0x7f249c038750 msgr2=0x7f249c03ac10 unknown :-1 s=STATE_CONNECTING l=1).mark_down
2024-05-12T04:41:06.796 INFO:teuthology.orchestra.run.smithi022.stdout:/usr/bin/ceph: stderr
2024-05-12T04:41:04.800+0000 7f24a67fc700 1 --2- 172.21.15.22:0/463788270 >> [v2:172.21.15.22:6800/1606470710,v1:172.21.15.22:6801/1606470710] conn(0x7f249c038750 0x7f249c03ac10 unknown :-1 s=START_CONNECT pgs=0 cs=0 l=1 rev1=0 crypto rx=0 tx=0 comp rx=0 tx=0).stop
2024-05-12T04:41:06.796 INFO:teuthology.orchestra.run.smithi022.stdout:/usr/bin/ceph: stderr
2024-05-12T04:41:05.801+0000 7f24a67fc700 1 -- 172.21.15.22:0/463788270 <== mon.0 v2:172.21.15.22:3300/0 7 ==== mgrmap(e 7) v1 ==== 45435+0+0 (secure 0 0 0) 0x7f24a002d770 con 0x7f24b007be50
2024-05-12T04:41:06.796 INFO:teuthology.orchestra.run.smithi022.stdout:/usr/bin/ceph: stderr
2024-05-12T04:41:05.801+0000 7f24a67fc700 1 --2- 172.21.15.22:0/463788270 >> [v2:172.21.15.22:6800/1380417787,v1:172.21.15.22:6801/1380417787] conn(0x7f249c03bfe0 0x7f249c03e3d0 unknown :-1 s=NONE pgs=0 cs=0 l=1 rev1=0 crypto rx=0 tx=0 comp rx=0 tx=0).connect
2024-05-12T04:41:06.797 INFO:teuthology.orchestra.run.smithi022.stdout:/usr/bin/ceph: stderr
2024-05-12T04:41:05.801+0000 7f24a67fc700 1 -- 172.21.15.22:0/463788270 --> [v2:172.21.15.22:6800/1380417787,v1:172.21.15.22:6801/1380417787] -- command(tid 0: {"prefix": "get_command_descriptions"}) v1 -- 0x7f249c03b320 con 0x7f249c03bfe0
2024-05-12T04:41:06.797 INFO:teuthology.orchestra.run.smithi022.stdout:/usr/bin/ceph: stderr
2024-05-12T04:41:05.802+0000 7f24b4982700 1 --2- 172.21.15.22:0/463788270 >> [v2:172.21.15.22:6800/1380417787,v1:172.21.15.22:6801/1380417787] conn(0x7f249c03bfe0 0x7f249c03e3d0 unknown :-1 s=BANNER_CONNECTING pgs=0 cs=0 l=1 rev1=0 crypto rx=0 tx=0 comp rx=0 tx=0)._handle_peer_banner_payload supported=3 required=0
2024-05-12T04:41:06.797 INFO:teuthology.orchestra.run.smithi022.stdout:/usr/bin/ceph: stderr
2024-05-12T04:41:05.802+0000 7f24b4982700 1 --2- 172.21.15.22:0/463788270 >> [v2:172.21.15.22:6800/1380417787,v1:172.21.15.22:6801/1380417787] conn(0x7f249c03bfe0 0x7f249c03e3d0 secure :-1 s=READY pgs=1 cs=0 l=1 rev1=1 crypto rx=0x7f24ac003a10 tx=0x7f24ac0092b0 comp rx=0 tx=0).ready entity=mgr.14120 client_cookie=0 server_cookie=0 in_seq=0 out_seq=0
2024-05-12T04:41:06.797 INFO:teuthology.orchestra.run.smithi022.stdout:/usr/bin/ceph: stderr
2024-05-12T04:41:05.803+0000 7f24a67fc700 1 -- 172.21.15.22:0/463788270 <== mgr.14120 v2:172.21.15.22:6800/1380417787 1 ==== command_reply(tid 0: 0 ) v1 ==== 8+0+6910 (secure 0 0 0) 0x7f249c03b320 con 0x7f249c03bfe0
2024-05-12T04:41:06.797 INFO:teuthology.orchestra.run.smithi022.stdout:/usr/bin/ceph: stderr
2024-05-12T04:41:05.810+0000 7f24b73e7700 1 -- 172.21.15.22:0/463788270 --> [v2:172.21.15.22:6800/1380417787,v1:172.21.15.22:6801/1380417787] -- command(tid 1: {"prefix": "mgr_status"}) v1 -- 0x7f24b010cc50 con 0x7f249c03bfe0
2024-05-12T04:41:06.797 INFO:teuthology.orchestra.run.smithi022.stdout:/usr/bin/ceph: stderr
2024-05-12T04:41:05.810+0000 7f24a67fc700 1 -- 172.21.15.22:0/463788270 <== mgr.14120 v2:172.21.15.22:6800/1380417787 2 ==== command_reply(tid 1: 0 ) v1 ==== 8+0+51 (secure 0 0 0) 0x7f24b010cc50 con 0x7f249c03bfe0
2024-05-12T04:41:06.797 INFO:teuthology.orchestra.run.smithi022.stdout:/usr/bin/ceph: stderr
2024-05-12T04:41:05.811+0000 7f24b73e7700 1 -- 172.21.15.22:0/463788270 >> [v2:172.21.15.22:6800/1380417787,v1:172.21.15.22:6801/1380417787] conn(0x7f249c03bfe0 msgr2=0x7f249c03e3d0 secure :-1 s=STATE_CONNECTION_ESTABLISHED l=1).mark_down
2024-05-12T04:41:06.797 INFO:teuthology.orchestra.run.smithi022.stdout:/usr/bin/ceph: stderr
2024-05-12T04:41:05.811+0000 7f24b73e7700 1 --2- 172.21.15.22:0/463788270 >> [v2:172.21.15.22:6800/1380417787,v1:172.21.15.22:6801/1380417787] conn(0x7f249c03bfe0 0x7f249c03e3d0 secure :-1 s=READY pgs=1 cs=0 l=1 rev1=1 crypto rx=0x7f24ac003a10 tx=0x7f24ac0092b0 comp rx=0 tx=0).stop
2024-05-12T04:41:06.797 INFO:teuthology.orchestra.run.smithi022.stdout:/usr/bin/ceph: stderr
2024-05-12T04:41:05.811+0000 7f24b73e7700 1 -- 172.21.15.22:0/463788270 >> [v2:172.21.15.22:3300/0,v1:172.21.15.22:6789/0] conn(0x7f24b007be50 msgr2=0x7f24b019c7f0 secure :-1 s=STATE_CONNECTION_ESTABLISHED l=1).mark_down
2024-05-12T04:41:06.797 INFO:teuthology.orchestra.run.smithi022.stdout:/usr/bin/ceph: stderr
2024-05-12T04:41:05.811+0000 7f24b73e7700 1 --2- 172.21.15.22:0/463788270 >> [v2:172.21.15.22:3300/0,v1:172.21.15.22:6789/0] conn(0x7f24b007be50 0x7f24b019c7f0 secure :-1 s=READY pgs=29 cs=0 l=1 rev1=1 crypto rx=0x7f24a0009130 tx=0x7f24a0011b40 comp rx=0 tx=0).stop
2024-05-12T04:41:06.797 INFO:teuthology.orchestra.run.smithi022.stdout:/usr/bin/ceph: stderr
2024-05-12T04:41:05.811+0000 7f24b73e7700 1 -- 172.21.15.22:0/463788270 shutdown_connections
2024-05-12T04:41:06.797 INFO:teuthology.orchestra.run.smithi022.stdout:/usr/bin/ceph: stderr
2024-05-12T04:41:05.811+0000 7f24b73e7700 1 --2- 172.21.15.22:0/463788270 >> [v2:172.21.15.22:3300/0,v1:172.21.15.22:6789/0] conn(0x7f24b007be50 0x7f24b019c7f0 unknown :-1 s=CLOSED pgs=29 cs=0 l=1 rev1=1 crypto rx=0 tx=0 comp rx=0 tx=0).stop
2024-05-12T04:41:06.797 INFO:teuthology.orchestra.run.smithi022.stdout:/usr/bin/ceph: stderr
2024-05-12T04:41:05.811+0000 7f24b73e7700 1 --2- 172.21.15.22:0/463788270 >> [v2:172.21.15.22:6800/1380417787,v1:172.21.15.22:6801/1380417787] conn(0x7f249c03bfe0 0x7f249c03e3d0 unknown :-1 s=CLOSED pgs=1 cs=0 l=1 rev1=1 crypto rx=0 tx=0 comp rx=0 tx=0).stop
2024-05-12T04:41:06.797 INFO:teuthology.orchestra.run.smithi022.stdout:/usr/bin/ceph: stderr
2024-05-12T04:41:05.811+0000 7f24b73e7700 1 --2- 172.21.15.22:0/463788270 >> [v2:172.21.15.22:6800/1606470710,v1:172.21.15.22:6801/1606470710] conn(0x7f249c038750 0x7f249c03ac10 unknown :-1 s=CLOSED pgs=0 cs=0 l=1 rev1=0 crypto rx=0 tx=0 comp rx=0 tx=0).stop
2024-05-12T04:41:06.797 INFO:teuthology.orchestra.run.smithi022.stdout:/usr/bin/ceph: stderr
2024-05-12T04:41:05.811+0000 7f24b73e7700 1 -- 172.21.15.22:0/463788270 >> 172.21.15.22:0/463788270 conn(0x7f24b0101e20 msgr2=0x7f24b0102a20 unknown :-1 s=STATE_NONE l=0).mark_down
2024-05-12T04:41:06.798 INFO:teuthology.orchestra.run.smithi022.stdout:/usr/bin/ceph: stderr
2024-05-12T04:41:05.811+0000 7f24b73e7700 1 -- 172.21.15.22:0/463788270 shutdown_connections
2024-05-12T04:41:06.798 INFO:teuthology.orchestra.run.smithi022.stdout:/usr/bin/ceph: stderr
2024-05-12T04:41:05.811+0000 7f24b73e7700 1 -- 172.21.15.22:0/463788270 wait complete.
2024-05-12T04:41:06.798 INFO:teuthology.orchestra.run.smithi022.stdout:mgr epoch 5 is available
2024-05-12T04:41:06.798 INFO:teuthology.orchestra.run.smithi022.stdout:Setting orchestrator backend to cephadm...
2024-05-12T04:41:07.278 INFO:journalctl@ceph.mon.a.smithi022.stdout:May 12 04:41:06 smithi022 ceph-mon[42502]: [12/May/2024:04:41:05] ENGINE Bus STARTING
2024-05-12T04:41:07.278 INFO:journalctl@ceph.mon.a.smithi022.stdout:May 12 04:41:06 smithi022 ceph-mon[42502]: [12/May/2024:04:41:05] ENGINE Serving on http://172.21.15.22:8765
2024-05-12T04:41:07.278 INFO:journalctl@ceph.mon.a.smithi022.stdout:May 12 04:41:06 smithi022 ceph-mon[42502]: from='client.14124 -' entity='client.admin' cmd=[{"prefix": "get_command_descriptions"}]: dispatch
2024-05-12T04:41:07.278 INFO:journalctl@ceph.mon.a.smithi022.stdout:May 12 04:41:06 smithi022 ceph-mon[42502]: from='client.14124 -' entity='client.admin' cmd=[{"prefix": "mgr_status"}]: dispatch
2024-05-12T04:41:07.278 INFO:journalctl@ceph.mon.a.smithi022.stdout:May 12 04:41:06 smithi022 ceph-mon[42502]: [12/May/2024:04:41:05] ENGINE Serving on https://172.21.15.22:7150
2024-05-12T04:41:07.279 INFO:journalctl@ceph.mon.a.smithi022.stdout:May 12 04:41:06 smithi022 ceph-mon[42502]: [12/May/2024:04:41:05] ENGINE Bus STARTED
2024-05-12T04:41:07.773 INFO:teuthology.orchestra.run.smithi022.stdout:/usr/bin/ceph: stderr
2024-05-12T04:41:07.158+0000 7f3203c50700 1 Processor -- start
2024-05-12T04:41:07.839 INFO:teuthology.orchestra.run.smithi022.stdout:/usr/bin/ceph: stderr
2024-05-12T04:41:07.158+0000 7f3203c50700 1 -- start start
2024-05-12T04:41:07.840 INFO:teuthology.orchestra.run.smithi022.stdout:/usr/bin/ceph: stderr
2024-05-12T04:41:07.159+0000 7f3203c50700 1 --2- >> [v2:172.21.15.22:3300/0,v1:172.21.15.22:6789/0] conn(0x7f31fc105750 0x7f31fc105b70 unknown :-1 s=NONE pgs=0 cs=0 l=0 rev1=0 crypto rx=0 tx=0 comp rx=0 tx=0).connect
2024-05-12T04:41:07.840 INFO:teuthology.orchestra.run.smithi022.stdout:/usr/bin/ceph: stderr
2024-05-12T04:41:07.159+0000 7f3203c50700 1 -- --> [v2:172.21.15.22:3300/0,v1:172.21.15.22:6789/0] -- mon_getmap magic: 0 v1 -- 0x7f31fc106140 con 0x7f31fc105750
2024-05-12T04:41:07.840 INFO:teuthology.orchestra.run.smithi022.stdout:/usr/bin/ceph: stderr
2024-05-12T04:41:07.159+0000 7f32019ec700 1 --2- >> [v2:172.21.15.22:3300/0,v1:172.21.15.22:6789/0] conn(0x7f31fc105750 0x7f31fc105b70 unknown :-1 s=BANNER_CONNECTING pgs=0 cs=0 l=0 rev1=0 crypto rx=0 tx=0 comp rx=0 tx=0)._handle_peer_banner_payload supported=3 required=0
2024-05-12T04:41:07.840 INFO:teuthology.orchestra.run.smithi022.stdout:/usr/bin/ceph: stderr
2024-05-12T04:41:07.159+0000 7f32019ec700 1 --2- >> [v2:172.21.15.22:3300/0,v1:172.21.15.22:6789/0] conn(0x7f31fc105750 0x7f31fc105b70 unknown :-1 s=HELLO_CONNECTING pgs=0 cs=0 l=0 rev1=1 crypto rx=0 tx=0 comp rx=0 tx=0).handle_hello peer v2:172.21.15.22:3300/0 says I am v2:172.21.15.22:41306/0 (socket says 172.21.15.22:41306)
2024-05-12T04:41:07.840 INFO:teuthology.orchestra.run.smithi022.stdout:/usr/bin/ceph: stderr
2024-05-12T04:41:07.159+0000 7f32019ec700 1 -- 172.21.15.22:0/127186519 learned_addr learned my addr 172.21.15.22:0/127186519 (peer_addr_for_me v2:172.21.15.22:0/0)
2024-05-12T04:41:07.840 INFO:teuthology.orchestra.run.smithi022.stdout:/usr/bin/ceph: stderr
2024-05-12T04:41:07.159+0000 7f32019ec700 1 -- 172.21.15.22:0/127186519 --> [v2:172.21.15.22:3300/0,v1:172.21.15.22:6789/0] -- mon_subscribe({config=0+,monmap=0+}) v3 -- 0x7f31fc106950 con 0x7f31fc105750
2024-05-12T04:41:07.840 INFO:teuthology.orchestra.run.smithi022.stdout:/usr/bin/ceph: stderr
2024-05-12T04:41:07.159+0000 7f32019ec700 1 --2- 172.21.15.22:0/127186519 >> [v2:172.21.15.22:3300/0,v1:172.21.15.22:6789/0] conn(0x7f31fc105750 0x7f31fc105b70 secure :-1 s=READY pgs=37 cs=0 l=1 rev1=1 crypto rx=0x7f31f00098a0 tx=0x7f31f0009bb0 comp rx=0 tx=0).ready entity=mon.0 client_cookie=c6eec1fdae4efa8 server_cookie=0 in_seq=0 out_seq=0
2024-05-12T04:41:07.840 INFO:teuthology.orchestra.run.smithi022.stdout:/usr/bin/ceph: stderr
2024-05-12T04:41:07.160+0000 7f32009ea700 1 -- 172.21.15.22:0/127186519 <== mon.0 v2:172.21.15.22:3300/0 1 ==== mon_map magic: 0 v1 ==== 205+0+0 (secure 0 0 0) 0x7f31f0004160 con 0x7f31fc105750
2024-05-12T04:41:07.840 INFO:teuthology.orchestra.run.smithi022.stdout:/usr/bin/ceph: stderr
2024-05-12T04:41:07.160+0000 7f32009ea700 1 -- 172.21.15.22:0/127186519 <== mon.0 v2:172.21.15.22:3300/0 2 ==== config(27 keys) v1 ==== 1108+0+0 (secure 0 0 0) 0x7f31f00042c0 con 0x7f31fc105750
2024-05-12T04:41:07.840 INFO:teuthology.orchestra.run.smithi022.stdout:/usr/bin/ceph: stderr
2024-05-12T04:41:07.160+0000 7f32009ea700 1 -- 172.21.15.22:0/127186519 <== mon.0 v2:172.21.15.22:3300/0 3 ==== mon_map magic: 0 v1 ==== 205+0+0 (secure 0 0 0) 0x7f31f0011ac0 con 0x7f31fc105750
2024-05-12T04:41:07.840 INFO:teuthology.orchestra.run.smithi022.stdout:/usr/bin/ceph: stderr
2024-05-12T04:41:07.160+0000 7f3203c50700 1 -- 172.21.15.22:0/127186519 >> [v2:172.21.15.22:3300/0,v1:172.21.15.22:6789/0] conn(0x7f31fc105750 msgr2=0x7f31fc105b70 secure :-1 s=STATE_CONNECTION_ESTABLISHED l=1).mark_down
2024-05-12T04:41:07.840 INFO:teuthology.orchestra.run.smithi022.stdout:/usr/bin/ceph: stderr
2024-05-12T04:41:07.160+0000 7f3203c50700 1 --2- 172.21.15.22:0/127186519 >> [v2:172.21.15.22:3300/0,v1:172.21.15.22:6789/0] conn(0x7f31fc105750 0x7f31fc105b70 secure :-1 s=READY pgs=37 cs=0 l=1 rev1=1 crypto rx=0x7f31f00098a0 tx=0x7f31f0009bb0 comp rx=0 tx=0).stop
2024-05-12T04:41:07.840 INFO:teuthology.orchestra.run.smithi022.stdout:/usr/bin/ceph: stderr
2024-05-12T04:41:07.160+0000 7f3203c50700 1 -- 172.21.15.22:0/127186519 shutdown_connections
2024-05-12T04:41:07.841 INFO:teuthology.orchestra.run.smithi022.stdout:/usr/bin/ceph: stderr
2024-05-12T04:41:07.160+0000 7f3203c50700 1 --2- 172.21.15.22:0/127186519 >> [v2:172.21.15.22:3300/0,v1:172.21.15.22:6789/0] conn(0x7f31fc105750 0x7f31fc105b70 unknown :-1 s=CLOSED pgs=37 cs=0 l=1 rev1=1 crypto rx=0 tx=0 comp rx=0 tx=0).stop
2024-05-12T04:41:07.841 INFO:teuthology.orchestra.run.smithi022.stdout:/usr/bin/ceph: stderr
2024-05-12T04:41:07.160+0000 7f3203c50700 1 -- 172.21.15.22:0/127186519 >> 172.21.15.22:0/127186519 conn(0x7f31fc100cd0 msgr2=0x7f31fc103130 unknown :-1 s=STATE_NONE l=0).mark_down
2024-05-12T04:41:07.841 INFO:teuthology.orchestra.run.smithi022.stdout:/usr/bin/ceph: stderr
2024-05-12T04:41:07.161+0000 7f3203c50700 1 -- 172.21.15.22:0/127186519 shutdown_connections
2024-05-12T04:41:07.841 INFO:teuthology.orchestra.run.smithi022.stdout:/usr/bin/ceph: stderr
2024-05-12T04:41:07.161+0000 7f3203c50700 1 -- 172.21.15.22:0/127186519 wait complete.
2024-05-12T04:41:07.841 INFO:teuthology.orchestra.run.smithi022.stdout:/usr/bin/ceph: stderr
2024-05-12T04:41:07.161+0000 7f3203c50700 1 Processor -- start
2024-05-12T04:41:07.841 INFO:teuthology.orchestra.run.smithi022.stdout:/usr/bin/ceph: stderr
2024-05-12T04:41:07.161+0000 7f3203c50700 1 -- start start
2024-05-12T04:41:07.841 INFO:teuthology.orchestra.run.smithi022.stdout:/usr/bin/ceph: stderr
2024-05-12T04:41:07.161+0000 7f3203c50700 1 --2- >> [v2:172.21.15.22:3300/0,v1:172.21.15.22:6789/0] conn(0x7f31fc105750 0x7f31fc19a690 unknown :-1 s=NONE pgs=0 cs=0 l=1 rev1=0 crypto rx=0 tx=0 comp rx=0 tx=0).connect
2024-05-12T04:41:07.841 INFO:teuthology.orchestra.run.smithi022.stdout:/usr/bin/ceph: stderr
2024-05-12T04:41:07.161+0000 7f3203c50700 1 -- --> [v2:172.21.15.22:3300/0,v1:172.21.15.22:6789/0] -- mon_getmap magic: 0 v1 -- 0x7f31fc19abd0 con 0x7f31fc105750
2024-05-12T04:41:07.841 INFO:teuthology.orchestra.run.smithi022.stdout:/usr/bin/ceph: stderr
2024-05-12T04:41:07.162+0000 7f32019ec700 1 --2- >> [v2:172.21.15.22:3300/0,v1:172.21.15.22:6789/0] conn(0x7f31fc105750 0x7f31fc19a690 unknown :-1 s=BANNER_CONNECTING pgs=0 cs=0 l=1 rev1=0 crypto rx=0 tx=0 comp rx=0 tx=0)._handle_peer_banner_payload supported=3 required=0
2024-05-12T04:41:07.841 INFO:teuthology.orchestra.run.smithi022.stdout:/usr/bin/ceph: stderr
2024-05-12T04:41:07.162+0000 7f32019ec700 1 --2- >> [v2:172.21.15.22:3300/0,v1:172.21.15.22:6789/0] conn(0x7f31fc105750 0x7f31fc19a690 unknown :-1 s=HELLO_CONNECTING pgs=0 cs=0 l=1 rev1=1 crypto rx=0 tx=0 comp rx=0 tx=0).handle_hello peer v2:172.21.15.22:3300/0 says I am v2:172.21.15.22:41318/0 (socket says 172.21.15.22:41318)
2024-05-12T04:41:07.841 INFO:teuthology.orchestra.run.smithi022.stdout:/usr/bin/ceph: stderr
2024-05-12T04:41:07.162+0000 7f32019ec700 1 -- 172.21.15.22:0/2435735620 learned_addr learned my addr 172.21.15.22:0/2435735620 (peer_addr_for_me v2:172.21.15.22:0/0)
2024-05-12T04:41:07.841 INFO:teuthology.orchestra.run.smithi022.stdout:/usr/bin/ceph: stderr
2024-05-12T04:41:07.162+0000 7f32019ec700 1 -- 172.21.15.22:0/2435735620 --> [v2:172.21.15.22:3300/0,v1:172.21.15.22:6789/0] -- mon_subscribe({config=0+,monmap=0+}) v3 -- 0x7f31f0009550 con 0x7f31fc105750
2024-05-12T04:41:07.841 INFO:teuthology.orchestra.run.smithi022.stdout:/usr/bin/ceph: stderr
2024-05-12T04:41:07.162+0000 7f32019ec700 1 --2- 172.21.15.22:0/2435735620 >> [v2:172.21.15.22:3300/0,v1:172.21.15.22:6789/0] conn(0x7f31fc105750 0x7f31fc19a690 secure :-1 s=READY pgs=38 cs=0 l=1 rev1=1 crypto rx=0x7f31f0000c00 tx=0x7f31f0011b40 comp rx=0 tx=0).ready entity=mon.0 client_cookie=0 server_cookie=0 in_seq=0 out_seq=0
2024-05-12T04:41:07.841 INFO:teuthology.orchestra.run.smithi022.stdout:/usr/bin/ceph: stderr
2024-05-12T04:41:07.162+0000 7f31eeffd700 1 -- 172.21.15.22:0/2435735620 <== mon.0 v2:172.21.15.22:3300/0 1 ==== mon_map magic: 0 v1 ==== 205+0+0 (secure 0 0 0) 0x7f31f0003aa0 con 0x7f31fc105750
2024-05-12T04:41:07.841 INFO:teuthology.orchestra.run.smithi022.stdout:/usr/bin/ceph: stderr
2024-05-12T04:41:07.162+0000 7f31eeffd700 1 -- 172.21.15.22:0/2435735620 <== mon.0 v2:172.21.15.22:3300/0 2 ==== config(27 keys) v1 ==== 1108+0+0 (secure 0 0 0) 0x7f31f0003c00 con 0x7f31fc105750
2024-05-12T04:41:07.842 INFO:teuthology.orchestra.run.smithi022.stdout:/usr/bin/ceph: stderr
2024-05-12T04:41:07.162+0000 7f31eeffd700 1 -- 172.21.15.22:0/2435735620 <== mon.0 v2:172.21.15.22:3300/0 3 ==== mon_map magic: 0 v1 ==== 205+0+0 (secure 0 0 0) 0x7f31f00248a0 con 0x7f31fc105750
2024-05-12T04:41:07.842 INFO:teuthology.orchestra.run.smithi022.stdout:/usr/bin/ceph: stderr
2024-05-12T04:41:07.162+0000 7f3203c50700 1 -- 172.21.15.22:0/2435735620 --> [v2:172.21.15.22:3300/0,v1:172.21.15.22:6789/0] -- mon_subscribe({mgrmap=0+}) v3 -- 0x7f31fc19add0 con 0x7f31fc105750
2024-05-12T04:41:07.842 INFO:teuthology.orchestra.run.smithi022.stdout:/usr/bin/ceph: stderr
2024-05-12T04:41:07.162+0000 7f3203c50700 1 -- 172.21.15.22:0/2435735620 --> [v2:172.21.15.22:3300/0,v1:172.21.15.22:6789/0] -- mon_subscribe({osdmap=0}) v3 -- 0x7f31fc19b270 con 0x7f31fc105750
