2024-05-06T12:20:47.471+0000 7ffbb7fff700 1 --2- 172.21.15.5:0/1885605754 >> [v2:172.21.15.5:3300/0,v1:172.21.15.5:6789/0] conn(0x7ffbb8101dd0 0x7ffbb81021e0 secure :-1 s=READY pgs=51 cs=0 l=1 rev1=1 crypto rx=0x7ffba80098e0 tx=0x7ffba8009250 comp rx=0 tx=0).ready entity=mon.0 client_cookie=fb9236e30a5ddacd server_cookie=0 in_seq=0 out_seq=0
2024-05-06T12:20:48.291 INFO:teuthology.orchestra.run.smithi005.stdout:/usr/bin/ceph: stderr
2024-05-06T12:20:47.471+0000 7ffbb6ffd700 1 -- 172.21.15.5:0/1885605754 <== mon.0 v2:172.21.15.5:3300/0 1 ==== mon_map magic: 0 v1 ==== 229+0+0 (secure 0 0 0) 0x7ffba800b860 con 0x7ffbb8101dd0
2024-05-06T12:20:48.291 INFO:teuthology.orchestra.run.smithi005.stdout:/usr/bin/ceph: stderr
2024-05-06T12:20:47.471+0000 7ffbb6ffd700 1 -- 172.21.15.5:0/1885605754 <== mon.0 v2:172.21.15.5:3300/0 2 ==== config(27 keys) v1 ==== 1109+0+0 (secure 0 0 0) 0x7ffba800be90 con 0x7ffbb8101dd0
2024-05-06T12:20:48.291 INFO:teuthology.orchestra.run.smithi005.stdout:/usr/bin/ceph: stderr
2024-05-06T12:20:47.471+0000 7ffbb6ffd700 1 -- 172.21.15.5:0/1885605754 <== mon.0 v2:172.21.15.5:3300/0 3 ==== mon_map magic: 0 v1 ==== 229+0+0 (secure 0 0 0) 0x7ffba80103c0 con 0x7ffbb8101dd0
2024-05-06T12:20:48.291 INFO:teuthology.orchestra.run.smithi005.stdout:/usr/bin/ceph: stderr
2024-05-06T12:20:47.472+0000 7ffbbe617700 1 -- 172.21.15.5:0/1885605754 >> [v2:172.21.15.5:3300/0,v1:172.21.15.5:6789/0] conn(0x7ffbb8101dd0 msgr2=0x7ffbb81021e0 secure :-1 s=STATE_CONNECTION_ESTABLISHED l=1).mark_down
2024-05-06T12:20:48.291 INFO:teuthology.orchestra.run.smithi005.stdout:/usr/bin/ceph: stderr
2024-05-06T12:20:47.472+0000 7ffbbe617700 1 --2- 172.21.15.5:0/1885605754 >> [v2:172.21.15.5:3300/0,v1:172.21.15.5:6789/0] conn(0x7ffbb8101dd0 0x7ffbb81021e0 secure :-1 s=READY pgs=51 cs=0 l=1 rev1=1 crypto rx=0x7ffba80098e0 tx=0x7ffba8009250 comp rx=0 tx=0).stop
2024-05-06T12:20:48.291 INFO:teuthology.orchestra.run.smithi005.stdout:/usr/bin/ceph: stderr
2024-05-06T12:20:47.472+0000 7ffbbe617700 1 -- 172.21.15.5:0/1885605754 shutdown_connections
2024-05-06T12:20:48.291 INFO:teuthology.orchestra.run.smithi005.stdout:/usr/bin/ceph: stderr
2024-05-06T12:20:47.472+0000 7ffbbe617700 1 --2- 172.21.15.5:0/1885605754 >> [v2:172.21.15.5:3300/0,v1:172.21.15.5:6789/0] conn(0x7ffbb8101dd0 0x7ffbb81021e0 unknown :-1 s=CLOSED pgs=51 cs=0 l=1 rev1=1 crypto rx=0 tx=0 comp rx=0 tx=0).stop
2024-05-06T12:20:48.291 INFO:teuthology.orchestra.run.smithi005.stdout:/usr/bin/ceph: stderr
2024-05-06T12:20:47.472+0000 7ffbbe617700 1 -- 172.21.15.5:0/1885605754 >> 172.21.15.5:0/1885605754 conn(0x7ffbb80fc760 msgr2=0x7ffbb80feb70 unknown :-1 s=STATE_NONE l=0).mark_down
2024-05-06T12:20:48.291 INFO:teuthology.orchestra.run.smithi005.stdout:/usr/bin/ceph: stderr
2024-05-06T12:20:47.472+0000 7ffbbe617700 1 -- 172.21.15.5:0/1885605754 shutdown_connections
2024-05-06T12:20:48.291 INFO:teuthology.orchestra.run.smithi005.stdout:/usr/bin/ceph: stderr
2024-05-06T12:20:47.472+0000 7ffbbe617700 1 -- 172.21.15.5:0/1885605754 wait complete.
2024-05-06T12:20:48.291 INFO:teuthology.orchestra.run.smithi005.stdout:/usr/bin/ceph: stderr
2024-05-06T12:20:47.472+0000 7ffbbe617700 1 Processor -- start
2024-05-06T12:20:48.291 INFO:teuthology.orchestra.run.smithi005.stdout:/usr/bin/ceph: stderr
2024-05-06T12:20:47.473+0000 7ffbbe617700 1 -- start start
2024-05-06T12:20:48.292 INFO:teuthology.orchestra.run.smithi005.stdout:/usr/bin/ceph: stderr
2024-05-06T12:20:47.473+0000 7ffbbe617700 1 --2- >> [v2:172.21.15.5:3300/0,v1:172.21.15.5:6789/0] conn(0x7ffbb8101dd0 0x7ffbb8107a90 unknown :-1 s=NONE pgs=0 cs=0 l=1 rev1=0 crypto rx=0 tx=0 comp rx=0 tx=0).connect
2024-05-06T12:20:48.292 INFO:teuthology.orchestra.run.smithi005.stdout:/usr/bin/ceph: stderr
2024-05-06T12:20:47.473+0000 7ffbbe617700 1 -- --> [v2:172.21.15.5:3300/0,v1:172.21.15.5:6789/0] -- mon_getmap magic: 0 v1 -- 0x7ffbb8107fd0 con 0x7ffbb8101dd0
2024-05-06T12:20:48.292 INFO:teuthology.orchestra.run.smithi005.stdout:/usr/bin/ceph: stderr
2024-05-06T12:20:47.473+0000 7ffbb7fff700 1 --2- >> [v2:172.21.15.5:3300/0,v1:172.21.15.5:6789/0] conn(0x7ffbb8101dd0 0x7ffbb8107a90 unknown :-1 s=BANNER_CONNECTING pgs=0 cs=0 l=1 rev1=0 crypto rx=0 tx=0 comp rx=0 tx=0)._handle_peer_banner_payload supported=3 required=0
2024-05-06T12:20:48.292 INFO:teuthology.orchestra.run.smithi005.stdout:/usr/bin/ceph: stderr
2024-05-06T12:20:47.473+0000 7ffbb7fff700 1 --2- >> [v2:172.21.15.5:3300/0,v1:172.21.15.5:6789/0] conn(0x7ffbb8101dd0 0x7ffbb8107a90 unknown :-1 s=HELLO_CONNECTING pgs=0 cs=0 l=1 rev1=1 crypto rx=0 tx=0 comp rx=0 tx=0).handle_hello peer v2:172.21.15.5:3300/0 says I am v2:172.21.15.5:57494/0 (socket says 172.21.15.5:57494)
2024-05-06T12:20:48.292 INFO:teuthology.orchestra.run.smithi005.stdout:/usr/bin/ceph: stderr
2024-05-06T12:20:47.473+0000 7ffbb7fff700 1 -- 172.21.15.5:0/1563207778 learned_addr learned my addr 172.21.15.5:0/1563207778 (peer_addr_for_me v2:172.21.15.5:0/0)
2024-05-06T12:20:48.292 INFO:teuthology.orchestra.run.smithi005.stdout:/usr/bin/ceph: stderr
2024-05-06T12:20:47.473+0000 7ffbb7fff700 1 -- 172.21.15.5:0/1563207778 --> [v2:172.21.15.5:3300/0,v1:172.21.15.5:6789/0] -- mon_subscribe({config=0+,monmap=0+}) v3 -- 0x7ffba80094f0 con 0x7ffbb8101dd0
2024-05-06T12:20:48.292 INFO:teuthology.orchestra.run.smithi005.stdout:/usr/bin/ceph: stderr
2024-05-06T12:20:47.473+0000 7ffbb7fff700 1 --2- 172.21.15.5:0/1563207778 >> [v2:172.21.15.5:3300/0,v1:172.21.15.5:6789/0] conn(0x7ffbb8101dd0 0x7ffbb8107a90 secure :-1 s=READY pgs=52 cs=0 l=1 rev1=1 crypto rx=0x7ffba8011c10 tx=0x7ffba8009250 comp rx=0 tx=0).ready entity=mon.0 client_cookie=0 server_cookie=0 in_seq=0 out_seq=0
2024-05-06T12:20:48.292 INFO:teuthology.orchestra.run.smithi005.stdout:/usr/bin/ceph: stderr
2024-05-06T12:20:47.474+0000 7ffbb4ff9700 1 -- 172.21.15.5:0/1563207778 <== mon.0 v2:172.21.15.5:3300/0 1 ==== mon_map magic: 0 v1 ==== 229+0+0 (secure 0 0 0) 0x7ffba8010890 con 0x7ffbb8101dd0
2024-05-06T12:20:48.292 INFO:teuthology.orchestra.run.smithi005.stdout:/usr/bin/ceph: stderr
2024-05-06T12:20:47.474+0000 7ffbbe617700 1 -- 172.21.15.5:0/1563207778 --> [v2:172.21.15.5:3300/0,v1:172.21.15.5:6789/0] -- mon_subscribe({mgrmap=0+}) v3 -- 0x7ffbb8106040 con 0x7ffbb8101dd0
2024-05-06T12:20:48.292 INFO:teuthology.orchestra.run.smithi005.stdout:/usr/bin/ceph: stderr
2024-05-06T12:20:47.474+0000 7ffbb4ff9700 1 -- 172.21.15.5:0/1563207778 <== mon.0 v2:172.21.15.5:3300/0 2 ==== config(27 keys) v1 ==== 1109+0+0 (secure 0 0 0) 0x7ffba8010ec0 con 0x7ffbb8101dd0
2024-05-06T12:20:48.292 INFO:teuthology.orchestra.run.smithi005.stdout:/usr/bin/ceph: stderr
2024-05-06T12:20:47.474+0000 7ffbb4ff9700 1 -- 172.21.15.5:0/1563207778 <== mon.0 v2:172.21.15.5:3300/0 3 ==== mon_map magic: 0 v1 ==== 229+0+0 (secure 0 0 0) 0x7ffba80243f0 con 0x7ffbb8101dd0
2024-05-06T12:20:48.292 INFO:teuthology.orchestra.run.smithi005.stdout:/usr/bin/ceph: stderr
2024-05-06T12:20:47.474+0000 7ffbbe617700 1 -- 172.21.15.5:0/1563207778 --> [v2:172.21.15.5:3300/0,v1:172.21.15.5:6789/0] -- mon_subscribe({osdmap=0}) v3 -- 0x7ffbb8106530 con 0x7ffbb8101dd0
2024-05-06T12:20:48.292 INFO:teuthology.orchestra.run.smithi005.stdout:/usr/bin/ceph: stderr
2024-05-06T12:20:47.475+0000 7ffbb4ff9700 1 -- 172.21.15.5:0/1563207778 <== mon.0 v2:172.21.15.5:3300/0 4 ==== mgrmap(e 8) v1 ==== 43376+0+0 (secure 0 0 0) 0x7ffba802d3f0 con 0x7ffbb8101dd0
2024-05-06T12:20:48.292 INFO:teuthology.orchestra.run.smithi005.stdout:/usr/bin/ceph: stderr
2024-05-06T12:20:47.475+0000 7ffbb4ff9700 1 --2- 172.21.15.5:0/1563207778 >> [v2:172.21.15.5:6800/3762747132,v1:172.21.15.5:6801/3762747132] conn(0x7ffba00367e0 0x7ffba0038c90 unknown :-1 s=NONE pgs=0 cs=0 l=1 rev1=0 crypto rx=0 tx=0 comp rx=0 tx=0).connect
2024-05-06T12:20:48.292 INFO:teuthology.orchestra.run.smithi005.stdout:/usr/bin/ceph: stderr
2024-05-06T12:20:47.475+0000 7ffbb4ff9700 1 -- 172.21.15.5:0/1563207778 <== mon.0 v2:172.21.15.5:3300/0 5 ==== osd_map(2..2 src has 1..2) v4 ==== 936+0+0 (secure 0 0 0) 0x7ffba804b210 con 0x7ffbb8101dd0
2024-05-06T12:20:48.293 INFO:teuthology.orchestra.run.smithi005.stdout:/usr/bin/ceph: stderr
2024-05-06T12:20:47.475+0000 7ffbb77fe700 1 --2- 172.21.15.5:0/1563207778 >> [v2:172.21.15.5:6800/3762747132,v1:172.21.15.5:6801/3762747132] conn(0x7ffba00367e0 0x7ffba0038c90 unknown :-1 s=BANNER_CONNECTING pgs=0 cs=0 l=1 rev1=0 crypto rx=0 tx=0 comp rx=0 tx=0)._handle_peer_banner_payload supported=3 required=0
2024-05-06T12:20:48.293 INFO:teuthology.orchestra.run.smithi005.stdout:/usr/bin/ceph: stderr
2024-05-06T12:20:47.475+0000 7ffbbe617700 1 -- 172.21.15.5:0/1563207778 --> [v2:172.21.15.5:3300/0,v1:172.21.15.5:6789/0] -- mon_command({"prefix": "get_command_descriptions"} v 0) v1 -- 0x7ffbb804bed0 con 0x7ffbb8101dd0
2024-05-06T12:20:48.293 INFO:teuthology.orchestra.run.smithi005.stdout:/usr/bin/ceph: stderr
2024-05-06T12:20:47.475+0000 7ffbb77fe700 1 --2- 172.21.15.5:0/1563207778 >> [v2:172.21.15.5:6800/3762747132,v1:172.21.15.5:6801/3762747132] conn(0x7ffba00367e0 0x7ffba0038c90 secure :-1 s=READY pgs=15 cs=0 l=1 rev1=1 crypto rx=0x7ffbac009990 tx=0x7ffbac006e40 comp rx=0 tx=0).ready entity=mgr.14118 client_cookie=0 server_cookie=0 in_seq=0 out_seq=0
2024-05-06T12:20:48.293 INFO:teuthology.orchestra.run.smithi005.stdout:/usr/bin/ceph: stderr
2024-05-06T12:20:47.480+0000 7ffbb4ff9700 1 -- 172.21.15.5:0/1563207778 <== mon.0 v2:172.21.15.5:3300/0 6 ==== mon_command_ack([{"prefix": "get_command_descriptions"}]=0 v0) v1 ==== 72+0+176702 (secure 0 0 0) 0x7ffba802b8e0 con 0x7ffbb8101dd0
2024-05-06T12:20:48.293 INFO:teuthology.orchestra.run.smithi005.stdout:/usr/bin/ceph: stderr
2024-05-06T12:20:47.714+0000 7ffbbe617700 1 -- 172.21.15.5:0/1563207778 --> [v2:172.21.15.5:6800/3762747132,v1:172.21.15.5:6801/3762747132] -- mgr_command(tid 0: {"prefix": "orch apply", "service_type": "prometheus", "target": ["mon-mgr", ""]}) v1 -- 0x7ffbb8106bc0 con 0x7ffba00367e0
2024-05-06T12:20:48.293 INFO:teuthology.orchestra.run.smithi005.stdout:/usr/bin/ceph: stderr
2024-05-06T12:20:47.718+0000 7ffbb4ff9700 1 -- 172.21.15.5:0/1563207778 <== mgr.14118 v2:172.21.15.5:6800/3762747132 1 ==== mgr_command_reply(tid 0: 0 ) v1 ==== 8+0+31 (secure 0 0 0) 0x7ffbb8106bc0 con 0x7ffba00367e0
2024-05-06T12:20:48.293 INFO:teuthology.orchestra.run.smithi005.stdout:/usr/bin/ceph: stderr
2024-05-06T12:20:47.721+0000 7ffbbe617700 1 -- 172.21.15.5:0/1563207778 >> [v2:172.21.15.5:6800/3762747132,v1:172.21.15.5:6801/3762747132] conn(0x7ffba00367e0 msgr2=0x7ffba0038c90 secure :-1 s=STATE_CONNECTION_ESTABLISHED l=1).mark_down
2024-05-06T12:20:48.293 INFO:teuthology.orchestra.run.smithi005.stdout:/usr/bin/ceph: stderr
2024-05-06T12:20:47.721+0000 7ffbbe617700 1 --2- 172.21.15.5:0/1563207778 >> [v2:172.21.15.5:6800/3762747132,v1:172.21.15.5:6801/3762747132] conn(0x7ffba00367e0 0x7ffba0038c90 secure :-1 s=READY pgs=15 cs=0 l=1 rev1=1 crypto rx=0x7ffbac009990 tx=0x7ffbac006e40 comp rx=0 tx=0).stop
2024-05-06T12:20:48.293 INFO:teuthology.orchestra.run.smithi005.stdout:/usr/bin/ceph: stderr
2024-05-06T12:20:47.721+0000 7ffbbe617700 1 -- 172.21.15.5:0/1563207778 >> [v2:172.21.15.5:3300/0,v1:172.21.15.5:6789/0] conn(0x7ffbb8101dd0 msgr2=0x7ffbb8107a90 secure :-1 s=STATE_CONNECTION_ESTABLISHED l=1).mark_down
2024-05-06T12:20:48.293 INFO:teuthology.orchestra.run.smithi005.stdout:/usr/bin/ceph: stderr
2024-05-06T12:20:47.721+0000 7ffbbe617700 1 --2- 172.21.15.5:0/1563207778 >> [v2:172.21.15.5:3300/0,v1:172.21.15.5:6789/0] conn(0x7ffbb8101dd0 0x7ffbb8107a90 secure :-1 s=READY pgs=52 cs=0 l=1 rev1=1 crypto rx=0x7ffba8011c10 tx=0x7ffba8009250 comp rx=0 tx=0).stop
2024-05-06T12:20:48.293 INFO:teuthology.orchestra.run.smithi005.stdout:/usr/bin/ceph: stderr
2024-05-06T12:20:47.721+0000 7ffbbe617700 1 -- 172.21.15.5:0/1563207778 shutdown_connections
2024-05-06T12:20:48.293 INFO:teuthology.orchestra.run.smithi005.stdout:/usr/bin/ceph: stderr
2024-05-06T12:20:47.721+0000 7ffbbe617700 1 --2- 172.21.15.5:0/1563207778 >> [v2:172.21.15.5:6800/3762747132,v1:172.21.15.5:6801/3762747132] conn(0x7ffba00367e0 0x7ffba0038c90 unknown :-1 s=CLOSED pgs=15 cs=0 l=1 rev1=1 crypto rx=0 tx=0 comp rx=0 tx=0).stop
2024-05-06T12:20:48.293 INFO:teuthology.orchestra.run.smithi005.stdout:/usr/bin/ceph: stderr
2024-05-06T12:20:47.721+0000 7ffbbe617700 1 --2- 172.21.15.5:0/1563207778 >> [v2:172.21.15.5:3300/0,v1:172.21.15.5:6789/0] conn(0x7ffbb8101dd0 0x7ffbb8107a90 unknown :-1 s=CLOSED pgs=52 cs=0 l=1 rev1=1 crypto rx=0 tx=0 comp rx=0 tx=0).stop
2024-05-06T12:20:48.293 INFO:teuthology.orchestra.run.smithi005.stdout:/usr/bin/ceph: stderr
2024-05-06T12:20:47.721+0000 7ffbbe617700 1 -- 172.21.15.5:0/1563207778 >> 172.21.15.5:0/1563207778 conn(0x7ffbb80fc760 msgr2=0x7ffbb80fd2d0 unknown :-1 s=STATE_NONE l=0).mark_down
2024-05-06T12:20:48.293 INFO:teuthology.orchestra.run.smithi005.stdout:/usr/bin/ceph: stderr
2024-05-06T12:20:47.721+0000 7ffbbe617700 1 -- 172.21.15.5:0/1563207778 shutdown_connections
2024-05-06T12:20:48.294 INFO:teuthology.orchestra.run.smithi005.stdout:/usr/bin/ceph: stderr
2024-05-06T12:20:47.721+0000 7ffbbe617700 1 -- 172.21.15.5:0/1563207778 wait complete.
2024-05-06T12:20:48.294 INFO:teuthology.orchestra.run.smithi005.stdout:Deploying grafana service with default placement...
2024-05-06T12:20:49.028 INFO:journalctl@ceph.mon.smithi005.smithi005.stdout:May 06 12:20:48 smithi005 ceph-mon[26996]: from='client.14146 -' entity='client.admin' cmd=[{"prefix": "orch apply", "service_type": "prometheus", "target": ["mon-mgr", ""]}]: dispatch
2024-05-06T12:20:49.029 INFO:journalctl@ceph.mon.smithi005.smithi005.stdout:May 06 12:20:48 smithi005 ceph-mon[26996]: Saving service prometheus spec with placement count:1
2024-05-06T12:20:49.029 INFO:journalctl@ceph.mon.smithi005.smithi005.stdout:May 06 12:20:48 smithi005 ceph-mon[26996]: from='mgr.14118 172.21.15.5:0/2319503430' entity='mgr.smithi005.jxxkec'
2024-05-06T12:20:49.840 INFO:teuthology.orchestra.run.smithi005.stdout:/usr/bin/ceph: stdout Scheduled grafana update...
2024-05-06T12:20:49.840 INFO:teuthology.orchestra.run.smithi005.stdout:/usr/bin/ceph: stderr
2024-05-06T12:20:49.127+0000 7f6ec086f700 1 Processor -- start
2024-05-06T12:20:49.841 INFO:teuthology.orchestra.run.smithi005.stdout:/usr/bin/ceph: stderr
2024-05-06T12:20:49.127+0000 7f6ec086f700 1 -- start start
2024-05-06T12:20:49.841 INFO:teuthology.orchestra.run.smithi005.stdout:/usr/bin/ceph: stderr
2024-05-06T12:20:49.128+0000 7f6ec086f700 1 --2- >> [v2:172.21.15.5:3300/0,v1:172.21.15.5:6789/0] conn(0x7f6ebc0712b0 0x7f6ebc1054f0 unknown :-1 s=NONE pgs=0 cs=0 l=0 rev1=0 crypto rx=0 tx=0 comp rx=0 tx=0).connect
2024-05-06T12:20:49.841 INFO:teuthology.orchestra.run.smithi005.stdout:/usr/bin/ceph: stderr
2024-05-06T12:20:49.128+0000 7f6ec086f700 1 -- --> [v2:172.21.15.5:3300/0,v1:172.21.15.5:6789/0] -- mon_getmap magic: 0 v1 -- 0x7f6ebc105a30 con 0x7f6ebc0712b0
2024-05-06T12:20:49.841 INFO:teuthology.orchestra.run.smithi005.stdout:/usr/bin/ceph: stderr
2024-05-06T12:20:49.128+0000 7f6eba59c700 1 --2- >> [v2:172.21.15.5:3300/0,v1:172.21.15.5:6789/0] conn(0x7f6ebc0712b0 0x7f6ebc1054f0 unknown :-1 s=BANNER_CONNECTING pgs=0 cs=0 l=0 rev1=0 crypto rx=0 tx=0 comp rx=0 tx=0)._handle_peer_banner_payload supported=3 required=0
2024-05-06T12:20:49.841 INFO:teuthology.orchestra.run.smithi005.stdout:/usr/bin/ceph: stderr
2024-05-06T12:20:49.128+0000 7f6eba59c700 1 --2- >> [v2:172.21.15.5:3300/0,v1:172.21.15.5:6789/0] conn(0x7f6ebc0712b0 0x7f6ebc1054f0 unknown :-1 s=HELLO_CONNECTING pgs=0 cs=0 l=0 rev1=1 crypto rx=0 tx=0 comp rx=0 tx=0).handle_hello peer v2:172.21.15.5:3300/0 says I am v2:172.21.15.5:57502/0 (socket says 172.21.15.5:57502)
2024-05-06T12:20:49.841 INFO:teuthology.orchestra.run.smithi005.stdout:/usr/bin/ceph: stderr
2024-05-06T12:20:49.128+0000 7f6eba59c700 1 -- 172.21.15.5:0/2213258495 learned_addr learned my addr 172.21.15.5:0/2213258495 (peer_addr_for_me v2:172.21.15.5:0/0)
2024-05-06T12:20:49.841 INFO:teuthology.orchestra.run.smithi005.stdout:/usr/bin/ceph: stderr
2024-05-06T12:20:49.128+0000 7f6eba59c700 1 -- 172.21.15.5:0/2213258495 --> [v2:172.21.15.5:3300/0,v1:172.21.15.5:6789/0] -- mon_subscribe({config=0+,monmap=0+}) v3 -- 0x7f6ebc105b70 con 0x7f6ebc0712b0
2024-05-06T12:20:49.841 INFO:teuthology.orchestra.run.smithi005.stdout:/usr/bin/ceph: stderr
2024-05-06T12:20:49.128+0000 7f6eba59c700 1 --2- 172.21.15.5:0/2213258495 >> [v2:172.21.15.5:3300/0,v1:172.21.15.5:6789/0] conn(0x7f6ebc0712b0 0x7f6ebc1054f0 secure :-1 s=READY pgs=53 cs=0 l=1 rev1=1 crypto rx=0x7f6eb00098e0 tx=0x7f6eb0009250 comp rx=0 tx=0).ready entity=mon.0 client_cookie=a0b610da1f431f0e server_cookie=0 in_seq=0 out_seq=0
2024-05-06T12:20:49.841 INFO:teuthology.orchestra.run.smithi005.stdout:/usr/bin/ceph: stderr
2024-05-06T12:20:49.128+0000 7f6eb959a700 1 -- 172.21.15.5:0/2213258495 <== mon.0 v2:172.21.15.5:3300/0 1 ==== mon_map magic: 0 v1 ==== 229+0+0 (secure 0 0 0) 0x7f6eb000b860 con 0x7f6ebc0712b0
2024-05-06T12:20:49.841 INFO:teuthology.orchestra.run.smithi005.stdout:/usr/bin/ceph: stderr
2024-05-06T12:20:49.129+0000 7f6eb959a700 1 -- 172.21.15.5:0/2213258495 <== mon.0 v2:172.21.15.5:3300/0 2 ==== config(27 keys) v1 ==== 1109+0+0 (secure 0 0 0) 0x7f6eb000be90 con 0x7f6ebc0712b0
2024-05-06T12:20:49.841 INFO:teuthology.orchestra.run.smithi005.stdout:/usr/bin/ceph: stderr
2024-05-06T12:20:49.129+0000 7f6eb959a700 1 -- 172.21.15.5:0/2213258495 <== mon.0 v2:172.21.15.5:3300/0 3 ==== mon_map magic: 0 v1 ==== 229+0+0 (secure 0 0 0) 0x7f6eb00103c0 con 0x7f6ebc0712b0
2024-05-06T12:20:49.841 INFO:teuthology.orchestra.run.smithi005.stdout:/usr/bin/ceph: stderr
2024-05-06T12:20:49.129+0000 7f6ec086f700 1 -- 172.21.15.5:0/2213258495 >> [v2:172.21.15.5:3300/0,v1:172.21.15.5:6789/0] conn(0x7f6ebc0712b0 msgr2=0x7f6ebc1054f0 secure :-1 s=STATE_CONNECTION_ESTABLISHED l=1).mark_down
2024-05-06T12:20:49.841 INFO:teuthology.orchestra.run.smithi005.stdout:/usr/bin/ceph: stderr
2024-05-06T12:20:49.129+0000 7f6ec086f700 1 --2- 172.21.15.5:0/2213258495 >> [v2:172.21.15.5:3300/0,v1:172.21.15.5:6789/0] conn(0x7f6ebc0712b0 0x7f6ebc1054f0 secure :-1 s=READY pgs=53 cs=0 l=1 rev1=1 crypto rx=0x7f6eb00098e0 tx=0x7f6eb0009250 comp rx=0 tx=0).stop
2024-05-06T12:20:49.841 INFO:teuthology.orchestra.run.smithi005.stdout:/usr/bin/ceph: stderr
2024-05-06T12:20:49.130+0000 7f6ec086f700 1 -- 172.21.15.5:0/2213258495 shutdown_connections
2024-05-06T12:20:49.842 INFO:teuthology.orchestra.run.smithi005.stdout:/usr/bin/ceph: stderr
2024-05-06T12:20:49.130+0000 7f6ec086f700 1 --2- 172.21.15.5:0/2213258495 >> [v2:172.21.15.5:3300/0,v1:172.21.15.5:6789/0] conn(0x7f6ebc0712b0 0x7f6ebc1054f0 unknown :-1 s=CLOSED pgs=53 cs=0 l=1 rev1=1 crypto rx=0 tx=0 comp rx=0 tx=0).stop
2024-05-06T12:20:49.842 INFO:teuthology.orchestra.run.smithi005.stdout:/usr/bin/ceph: stderr
2024-05-06T12:20:49.130+0000 7f6ec086f700 1 -- 172.21.15.5:0/2213258495 >> 172.21.15.5:0/2213258495 conn(0x7f6ebc0fcf40 msgr2=0x7f6ebc0ff370 unknown :-1 s=STATE_NONE l=0).mark_down
2024-05-06T12:20:49.842 INFO:teuthology.orchestra.run.smithi005.stdout:/usr/bin/ceph: stderr
2024-05-06T12:20:49.130+0000 7f6ec086f700 1 -- 172.21.15.5:0/2213258495 shutdown_connections
2024-05-06T12:20:49.842 INFO:teuthology.orchestra.run.smithi005.stdout:/usr/bin/ceph: stderr
2024-05-06T12:20:49.130+0000 7f6ec086f700 1 -- 172.21.15.5:0/2213258495 wait complete.
2024-05-06T12:20:49.842 INFO:teuthology.orchestra.run.smithi005.stdout:/usr/bin/ceph: stderr
2024-05-06T12:20:49.130+0000 7f6ec086f700 1 Processor -- start
2024-05-06T12:20:49.842 INFO:teuthology.orchestra.run.smithi005.stdout:/usr/bin/ceph: stderr
2024-05-06T12:20:49.130+0000 7f6ec086f700 1 -- start start
2024-05-06T12:20:49.842 INFO:teuthology.orchestra.run.smithi005.stdout:/usr/bin/ceph: stderr
2024-05-06T12:20:49.130+0000 7f6ec086f700 1 --2- >> [v2:172.21.15.5:3300/0,v1:172.21.15.5:6789/0] conn(0x7f6ebc0712b0 0x7f6ebc1117d0 unknown :-1 s=NONE pgs=0 cs=0 l=1 rev1=0 crypto rx=0 tx=0 comp rx=0 tx=0).connect
2024-05-06T12:20:49.842 INFO:teuthology.orchestra.run.smithi005.stdout:/usr/bin/ceph: stderr
2024-05-06T12:20:49.130+0000 7f6ec086f700 1 -- --> [v2:172.21.15.5:3300/0,v1:172.21.15.5:6789/0] -- mon_getmap magic: 0 v1 -- 0x7f6ebc111d10 con 0x7f6ebc0712b0
2024-05-06T12:20:49.842 INFO:teuthology.orchestra.run.smithi005.stdout:/usr/bin/ceph: stderr
2024-05-06T12:20:49.130+0000 7f6eba59c700 1 --2- >> [v2:172.21.15.5:3300/0,v1:172.21.15.5:6789/0] conn(0x7f6ebc0712b0 0x7f6ebc1117d0 unknown :-1 s=BANNER_CONNECTING pgs=0 cs=0 l=1 rev1=0 crypto rx=0 tx=0 comp rx=0 tx=0)._handle_peer_banner_payload supported=3 required=0
2024-05-06T12:20:49.842 INFO:teuthology.orchestra.run.smithi005.stdout:/usr/bin/ceph: stderr
2024-05-06T12:20:49.130+0000 7f6eba59c700 1 --2- >> [v2:172.21.15.5:3300/0,v1:172.21.15.5:6789/0] conn(0x7f6ebc0712b0 0x7f6ebc1117d0 unknown :-1 s=HELLO_CONNECTING pgs=0 cs=0 l=1 rev1=1 crypto rx=0 tx=0 comp rx=0 tx=0).handle_hello peer v2:172.21.15.5:3300/0 says I am v2:172.21.15.5:57514/0 (socket says 172.21.15.5:57514)
2024-05-06T12:20:49.842 INFO:teuthology.orchestra.run.smithi005.stdout:/usr/bin/ceph: stderr
2024-05-06T12:20:49.130+0000 7f6eba59c700 1 -- 172.21.15.5:0/1988853502 learned_addr learned my addr 172.21.15.5:0/1988853502 (peer_addr_for_me v2:172.21.15.5:0/0)
2024-05-06T12:20:49.842 INFO:teuthology.orchestra.run.smithi005.stdout:/usr/bin/ceph: stderr
2024-05-06T12:20:49.131+0000 7f6eba59c700 1 -- 172.21.15.5:0/1988853502 --> [v2:172.21.15.5:3300/0,v1:172.21.15.5:6789/0] -- mon_subscribe({config=0+,monmap=0+}) v3 -- 0x7f6eb00094f0 con 0x7f6ebc0712b0
2024-05-06T12:20:49.842 INFO:teuthology.orchestra.run.smithi005.stdout:/usr/bin/ceph: stderr
2024-05-06T12:20:49.131+0000 7f6eba59c700 1 --2- 172.21.15.5:0/1988853502 >> [v2:172.21.15.5:3300/0,v1:172.21.15.5:6789/0] conn(0x7f6ebc0712b0 0x7f6ebc1117d0 secure :-1 s=READY pgs=54 cs=0 l=1 rev1=1 crypto rx=0x7f6eb00094c0 tx=0x7f6eb0009250 comp rx=0 tx=0).ready entity=mon.0 client_cookie=0 server_cookie=0 in_seq=0 out_seq=0
2024-05-06T12:20:49.842 INFO:teuthology.orchestra.run.smithi005.stdout:/usr/bin/ceph: stderr
2024-05-06T12:20:49.131+0000 7f6eaaffd700 1 -- 172.21.15.5:0/1988853502 <== mon.0 v2:172.21.15.5:3300/0 1 ==== mon_map magic: 0 v1 ==== 229+0+0 (secure 0 0 0) 0x7f6eb00118f0 con 0x7f6ebc0712b0
2024-05-06T12:20:49.843 INFO:teuthology.orchestra.run.smithi005.stdout:/usr/bin/ceph: stderr
2024-05-06T12:20:49.131+0000 7f6eaaffd700 1 -- 172.21.15.5:0/1988853502 <== mon.0 v2:172.21.15.5:3300/0 2 ==== config(27 keys) v1 ==== 1109+0+0 (secure 0 0 0) 0x7f6eb0010d60 con 0x7f6ebc0712b0
2024-05-06T12:20:49.843 INFO:teuthology.orchestra.run.smithi005.stdout:/usr/bin/ceph: stderr
2024-05-06T12:20:49.131+0000 7f6ec086f700 1 -- 172.21.15.5:0/1988853502 --> [v2:172.21.15.5:3300/0,v1:172.21.15.5:6789/0] -- mon_subscribe({mgrmap=0+}) v3 -- 0x7f6ebc111f10 con 0x7f6ebc0712b0
2024-05-06T12:20:49.843 INFO:teuthology.orchestra.run.smithi005.stdout:/usr/bin/ceph: stderr
2024-05-06T12:20:49.131+0000 7f6eaaffd700 1 -- 172.21.15.5:0/1988853502 <== mon.0 v2:172.21.15.5:3300/0 3 ==== mon_map magic: 0 v1 ==== 229+0+0 (secure 0 0 0) 0x7f6eb001a430 con 0x7f6ebc0712b0
2024-05-06T12:20:49.843 INFO:teuthology.orchestra.run.smithi005.stdout:/usr/bin/ceph: stderr
2024-05-06T12:20:49.131+0000 7f6ec086f700 1 -- 172.21.15.5:0/1988853502 --> [v2:172.21.15.5:3300/0,v1:172.21.15.5:6789/0] -- mon_subscribe({osdmap=0}) v3 -- 0x7f6ebc112a80 con 0x7f6ebc0712b0
2024-05-06T12:20:49.843 INFO:teuthology.orchestra.run.smithi005.stdout:/usr/bin/ceph: stderr
2024-05-06T12:20:49.132+0000 7f6eaaffd700 1 -- 172.21.15.5:0/1988853502 <== mon.0 v2:172.21.15.5:3300/0 4 ==== mgrmap(e 8) v1 ==== 43376+0+0 (secure 0 0 0) 0x7f6eb001a590 con 0x7f6ebc0712b0
2024-05-06T12:20:49.843 INFO:teuthology.orchestra.run.smithi005.stdout:/usr/bin/ceph: stderr
2024-05-06T12:20:49.132+0000 7f6ec086f700 1 -- 172.21.15.5:0/1988853502 --> [v2:172.21.15.5:3300/0,v1:172.21.15.5:6789/0] -- mon_command({"prefix": "get_command_descriptions"} v 0) v1 -- 0x7f6ebc05f5c0 con 0x7f6ebc0712b0
2024-05-06T12:20:49.843 INFO:teuthology.orchestra.run.smithi005.stdout:/usr/bin/ceph: stderr
2024-05-06T12:20:49.132+0000 7f6eaaffd700 1 --2- 172.21.15.5:0/1988853502 >> [v2:172.21.15.5:6800/3762747132,v1:172.21.15.5:6801/3762747132] conn(0x7f6ea40367e0 0x7f6ea4038c90 unknown :-1 s=NONE pgs=0 cs=0 l=1 rev1=0 crypto rx=0 tx=0 comp rx=0 tx=0).connect
2024-05-06T12:20:49.843 INFO:teuthology.orchestra.run.smithi005.stdout:/usr/bin/ceph: stderr
2024-05-06T12:20:49.132+0000 7f6eaaffd700 1 -- 172.21.15.5:0/1988853502 <== mon.0 v2:172.21.15.5:3300/0 5 ==== osd_map(2..2 src has 1..2) v4 ==== 936+0+0 (secure 0 0 0) 0x7f6eb004a440 con 0x7f6ebc0712b0
2024-05-06T12:20:49.843 INFO:teuthology.orchestra.run.smithi005.stdout:/usr/bin/ceph: stderr
2024-05-06T12:20:49.132+0000 7f6eb9d9b700 1 --2- 172.21.15.5:0/1988853502 >> [v2:172.21.15.5:6800/3762747132,v1:172.21.15.5:6801/3762747132] conn(0x7f6ea40367e0 0x7f6ea4038c90 unknown :-1 s=BANNER_CONNECTING pgs=0 cs=0 l=1 rev1=0 crypto rx=0 tx=0 comp rx=0 tx=0)._handle_peer_banner_payload supported=3 required=0
2024-05-06T12:20:49.843 INFO:teuthology.orchestra.run.smithi005.stdout:/usr/bin/ceph: stderr
2024-05-06T12:20:49.133+0000 7f6eb9d9b700 1 --2- 172.21.15.5:0/1988853502 >> [v2:172.21.15.5:6800/3762747132,v1:172.21.15.5:6801/3762747132] conn(0x7f6ea40367e0 0x7f6ea4038c90 secure :-1 s=READY pgs=16 cs=0 l=1 rev1=1 crypto rx=0x7f6eac009990 tx=0x7f6eac006e40 comp rx=0 tx=0).ready entity=mgr.14118 client_cookie=0 server_cookie=0 in_seq=0 out_seq=0
2024-05-06T12:20:49.843 INFO:teuthology.orchestra.run.smithi005.stdout:/usr/bin/ceph: stderr
2024-05-06T12:20:49.137+0000 7f6eaaffd700 1 -- 172.21.15.5:0/1988853502 <== mon.0 v2:172.21.15.5:3300/0 6 ==== mon_command_ack([{"prefix": "get_command_descriptions"}]=0 v0) v1 ==== 72+0+176702 (secure 0 0 0) 0x7f6eb001a840 con 0x7f6ebc0712b0
2024-05-06T12:20:49.843 INFO:teuthology.orchestra.run.smithi005.stdout:/usr/bin/ceph: stderr
2024-05-06T12:20:49.350+0000 7f6ec086f700 1 -- 172.21.15.5:0/1988853502 --> [v2:172.21.15.5:6800/3762747132,v1:172.21.15.5:6801/3762747132] -- mgr_command(tid 0: {"prefix": "orch apply", "service_type": "grafana", "target": ["mon-mgr", ""]}) v1 -- 0x7f6ebc0fe3d0 con 0x7f6ea40367e0
2024-05-06T12:20:49.843 INFO:teuthology.orchestra.run.smithi005.stdout:/usr/bin/ceph: stderr
2024-05-06T12:20:49.361+0000 7f6eaaffd700 1 -- 172.21.15.5:0/1988853502 <== mgr.14118 v2:172.21.15.5:6800/3762747132 1 ==== mgr_command_reply(tid 0: 0 ) v1 ==== 8+0+28 (secure 0 0 0) 0x7f6ebc0fe3d0 con 0x7f6ea40367e0
2024-05-06T12:20:49.843 INFO:teuthology.orchestra.run.smithi005.stdout:/usr/bin/ceph: stderr
2024-05-06T12:20:49.363+0000 7f6ec086f700 1 -- 172.21.15.5:0/1988853502 >> [v2:172.21.15.5:6800/3762747132,v1:172.21.15.5:6801/3762747132] conn(0x7f6ea40367e0 msgr2=0x7f6ea4038c90 secure :-1 s=STATE_CONNECTION_ESTABLISHED l=1).mark_down
2024-05-06T12:20:49.843 INFO:teuthology.orchestra.run.smithi005.stdout:/usr/bin/ceph: stderr
2024-05-06T12:20:49.363+0000 7f6ec086f700 1 --2- 172.21.15.5:0/1988853502 >> [v2:172.21.15.5:6800/3762747132,v1:172.21.15.5:6801/3762747132] conn(0x7f6ea40367e0 0x7f6ea4038c90 secure :-1 s=READY pgs=16 cs=0 l=1 rev1=1 crypto rx=0x7f6eac009990 tx=0x7f6eac006e40 comp rx=0 tx=0).stop
2024-05-06T12:20:49.844 INFO:teuthology.orchestra.run.smithi005.stdout:/usr/bin/ceph: stderr
2024-05-06T12:20:49.363+0000 7f6ec086f700 1 -- 172.21.15.5:0/1988853502 >> [v2:172.21.15.5:3300/0,v1:172.21.15.5:6789/0] conn(0x7f6ebc0712b0 msgr2=0x7f6ebc1117d0 secure :-1 s=STATE_CONNECTION_ESTABLISHED l=1).mark_down
2024-05-06T12:20:49.844 INFO:teuthology.orchestra.run.smithi005.stdout:/usr/bin/ceph: stderr
2024-05-06T12:20:49.363+0000 7f6ec086f700 1 --2- 172.21.15.5:0/1988853502 >> [v2:172.21.15.5:3300/0,v1:172.21.15.5:6789/0] conn(0x7f6ebc0712b0 0x7f6ebc1117d0 secure :-1 s=READY pgs=54 cs=0 l=1 rev1=1 crypto rx=0x7f6eb00094c0 tx=0x7f6eb0009250 comp rx=0 tx=0).stop
2024-05-06T12:20:49.844 INFO:teuthology.orchestra.run.smithi005.stdout:/usr/bin/ceph: stderr
2024-05-06T12:20:49.363+0000 7f6ec086f700 1 -- 172.21.15.5:0/1988853502 shutdown_connections
2024-05-06T12:20:49.844 INFO:teuthology.orchestra.run.smithi005.stdout:/usr/bin/ceph: stderr
2024-05-06T12:20:49.363+0000 7f6ec086f700 1 --2- 172.21.15.5:0/1988853502 >> [v2:172.21.15.5:6800/3762747132,v1:172.21.15.5:6801/3762747132] conn(0x7f6ea40367e0 0x7f6ea4038c90 unknown :-1 s=CLOSED pgs=16 cs=0 l=1 rev1=1 crypto rx=0 tx=0 comp rx=0 tx=0).stop
2024-05-06T12:20:49.844 INFO:teuthology.orchestra.run.smithi005.stdout:/usr/bin/ceph: stderr
2024-05-06T12:20:49.363+0000 7f6ec086f700 1 --2- 172.21.15.5:0/1988853502 >> [v2:172.21.15.5:3300/0,v1:172.21.15.5:6789/0] conn(0x7f6ebc0712b0 0x7f6ebc1117d0 unknown :-1 s=CLOSED pgs=54 cs=0 l=1 rev1=1 crypto rx=0 tx=0 comp rx=0 tx=0).stop
2024-05-06T12:20:49.844 INFO:teuthology.orchestra.run.smithi005.stdout:/usr/bin/ceph: stderr
2024-05-06T12:20:49.363+0000 7f6ec086f700 1 -- 172.21.15.5:0/1988853502 >> 172.21.15.5:0/1988853502 conn(0x7f6ebc0fcf40 msgr2=0x7f6ebc0fdba0 unknown :-1 s=STATE_NONE l=0).mark_down
2024-05-06T12:20:49.844 INFO:teuthology.orchestra.run.smithi005.stdout:/usr/bin/ceph: stderr
2024-05-06T12:20:49.363+0000 7f6ec086f700 1 -- 172.21.15.5:0/1988853502 shutdown_connections
2024-05-06T12:20:49.844 INFO:teuthology.orchestra.run.smithi005.stdout:/usr/bin/ceph: stderr
2024-05-06T12:20:49.363+0000 7f6ec086f700 1 -- 172.21.15.5:0/1988853502 wait complete.
2024-05-06T12:20:49.844 INFO:teuthology.orchestra.run.smithi005.stdout:Deploying node-exporter service with default placement...
2024-05-06T12:20:50.219 INFO:journalctl@ceph.mon.smithi005.smithi005.stdout:May 06 12:20:49 smithi005 ceph-mon[26996]: from='mgr.14118 172.21.15.5:0/2319503430' entity='mgr.smithi005.jxxkec'
2024-05-06T12:20:50.219 INFO:journalctl@ceph.mon.smithi005.smithi005.stdout:May 06 12:20:49 smithi005 ceph-mon[26996]: from='client.14148 -' entity='client.admin' cmd=[{"prefix": "orch apply", "service_type": "grafana", "target": ["mon-mgr", ""]}]: dispatch
2024-05-06T12:20:50.220 INFO:journalctl@ceph.mon.smithi005.smithi005.stdout:May 06 12:20:49 smithi005 ceph-mon[26996]: Saving service grafana spec with placement count:1
2024-05-06T12:20:50.220 INFO:journalctl@ceph.mon.smithi005.smithi005.stdout:May 06 12:20:49 smithi005 ceph-mon[26996]: from='mgr.14118 172.21.15.5:0/2319503430' entity='mgr.smithi005.jxxkec'
2024-05-06T12:20:50.220 INFO:journalctl@ceph.mon.smithi005.smithi005.stdout:May 06 12:20:49 smithi005 ceph-mon[26996]: from='mgr.14118 172.21.15.5:0/2319503430' entity='mgr.smithi005.jxxkec'
2024-05-06T12:20:51.359 INFO:teuthology.orchestra.run.smithi005.stdout:/usr/bin/ceph: stdout Scheduled node-exporter update...
2024-05-06T12:20:51.360 INFO:teuthology.orchestra.run.smithi005.stdout:/usr/bin/ceph: stderr
2024-05-06T12:20:50.317+0000 7f9125675700 1 Processor -- start
2024-05-06T12:20:51.360 INFO:teuthology.orchestra.run.smithi005.stdout:/usr/bin/ceph: stderr
2024-05-06T12:20:50.317+0000 7f9125675700 1 -- start start
2024-05-06T12:20:51.360 INFO:teuthology.orchestra.run.smithi005.stdout:/usr/bin/ceph: stderr
2024-05-06T12:20:50.317+0000 7f9125675700 1 --2- >> [v2:172.21.15.5:3300/0,v1:172.21.15.5:6789/0] conn(0x7f9120104c20 0x7f9120105030 unknown :-1 s=NONE pgs=0 cs=0 l=0 rev1=0 crypto rx=0 tx=0 comp rx=0 tx=0).connect
2024-05-06T12:20:51.360 INFO:teuthology.orchestra.run.smithi005.stdout:/usr/bin/ceph: stderr
2024-05-06T12:20:50.317+0000 7f9125675700 1 -- --> [v2:172.21.15.5:3300/0,v1:172.21.15.5:6789/0] -- mon_getmap magic: 0 v1 -- 0x7f9120105600 con 0x7f9120104c20
2024-05-06T12:20:51.360 INFO:teuthology.orchestra.run.smithi005.stdout:/usr/bin/ceph: stderr
2024-05-06T12:20:50.317+0000 7f911effd700 1 --2- >> [v2:172.21.15.5:3300/0,v1:172.21.15.5:6789/0] conn(0x7f9120104c20 0x7f9120105030 unknown :-1 s=BANNER_CONNECTING pgs=0 cs=0 l=0 rev1=0 crypto rx=0 tx=0 comp rx=0 tx=0)._handle_peer_banner_payload supported=3 required=0
2024-05-06T12:20:51.360 INFO:teuthology.orchestra.run.smithi005.stdout:/usr/bin/ceph: stderr
2024-05-06T12:20:50.317+0000 7f911effd700 1 --2- >> [v2:172.21.15.5:3300/0,v1:172.21.15.5:6789/0] conn(0x7f9120104c20 0x7f9120105030 unknown :-1 s=HELLO_CONNECTING pgs=0 cs=0 l=0 rev1=1 crypto rx=0 tx=0 comp rx=0 tx=0).handle_hello peer v2:172.21.15.5:3300/0 says I am v2:172.21.15.5:57518/0 (socket says 172.21.15.5:57518)
2024-05-06T12:20:51.360 INFO:teuthology.orchestra.run.smithi005.stdout:/usr/bin/ceph: stderr
2024-05-06T12:20:50.317+0000 7f911effd700 1 -- 172.21.15.5:0/2610174693 learned_addr learned my addr 172.21.15.5:0/2610174693 (peer_addr_for_me v2:172.21.15.5:0/0)
2024-05-06T12:20:51.360 INFO:teuthology.orchestra.run.smithi005.stdout:/usr/bin/ceph: stderr
2024-05-06T12:20:50.317+0000 7f911effd700 1 -- 172.21.15.5:0/2610174693 --> [v2:172.21.15.5:3300/0,v1:172.21.15.5:6789/0] -- mon_subscribe({config=0+,monmap=0+}) v3 -- 0x7f9120105740 con 0x7f9120104c20
2024-05-06T12:20:51.360 INFO:teuthology.orchestra.run.smithi005.stdout:/usr/bin/ceph: stderr
2024-05-06T12:20:50.318+0000 7f911effd700 1 --2- 172.21.15.5:0/2610174693 >> [v2:172.21.15.5:3300/0,v1:172.21.15.5:6789/0] conn(0x7f9120104c20 0x7f9120105030 secure :-1 s=READY pgs=55 cs=0 l=1 rev1=1 crypto rx=0x7f91100098e0 tx=0x7f9110009250 comp rx=0 tx=0).ready entity=mon.0 client_cookie=a188cb27b184f1b server_cookie=0 in_seq=0 out_seq=0
2024-05-06T12:20:51.360 INFO:teuthology.orchestra.run.smithi005.stdout:/usr/bin/ceph: stderr
2024-05-06T12:20:50.318+0000 7f911dffb700 1 -- 172.21.15.5:0/2610174693 <== mon.0 v2:172.21.15.5:3300/0 1 ==== mon_map magic: 0 v1 ==== 229+0+0 (secure 0 0 0) 0x7f911000b860 con 0x7f9120104c20
2024-05-06T12:20:51.361 INFO:teuthology.orchestra.run.smithi005.stdout:/usr/bin/ceph: stderr
2024-05-06T12:20:50.318+0000 7f911dffb700 1 -- 172.21.15.5:0/2610174693 <== mon.0 v2:172.21.15.5:3300/0 2 ==== config(27 keys) v1 ==== 1109+0+0 (secure 0 0 0) 0x7f911000be90 con 0x7f9120104c20
2024-05-06T12:20:51.361 INFO:teuthology.orchestra.run.smithi005.stdout:/usr/bin/ceph: stderr
2024-05-06T12:20:50.318+0000 7f911dffb700 1 -- 172.21.15.5:0/2610174693 <== mon.0 v2:172.21.15.5:3300/0 3 ==== mon_map magic: 0 v1 ==== 229+0+0 (secure 0 0 0) 0x7f91100103c0 con 0x7f9120104c20
2024-05-06T12:20:51.361 INFO:teuthology.orchestra.run.smithi005.stdout:/usr/bin/ceph: stderr
2024-05-06T12:20:50.319+0000 7f9125675700 1 -- 172.21.15.5:0/2610174693 >> [v2:172.21.15.5:3300/0,v1:172.21.15.5:6789/0] conn(0x7f9120104c20 msgr2=0x7f9120105030 secure :-1 s=STATE_CONNECTION_ESTABLISHED l=1).mark_down
2024-05-06T12:20:51.361 INFO:teuthology.orchestra.run.smithi005.stdout:/usr/bin/ceph: stderr
2024-05-06T12:20:50.319+0000 7f9125675700 1 --2- 172.21.15.5:0/2610174693 >> [v2:172.21.15.5:3300/0,v1:172.21.15.5:6789/0] conn(0x7f9120104c20 0x7f9120105030 secure :-1 s=READY pgs=55 cs=0 l=1 rev1=1 crypto rx=0x7f91100098e0 tx=0x7f9110009250 comp rx=0 tx=0).stop
2024-05-06T12:20:51.361 INFO:teuthology.orchestra.run.smithi005.stdout:/usr/bin/ceph: stderr
2024-05-06T12:20:50.319+0000 7f9125675700 1 -- 172.21.15.5:0/2610174693 shutdown_connections
2024-05-06T12:20:51.361 INFO:teuthology.orchestra.run.smithi005.stdout:/usr/bin/ceph: stderr
2024-05-06T12:20:50.319+0000 7f9125675700 1 --2- 172.21.15.5:0/2610174693 >> [v2:172.21.15.5:3300/0,v1:172.21.15.5:6789/0] conn(0x7f9120104c20 0x7f9120105030 unknown :-1 s=CLOSED pgs=55 cs=0 l=1 rev1=1 crypto rx=0 tx=0 comp rx=0 tx=0).stop
2024-05-06T12:20:51.361 INFO:teuthology.orchestra.run.smithi005.stdout:/usr/bin/ceph: stderr
2024-05-06T12:20:50.319+0000 7f9125675700 1 -- 172.21.15.5:0/2610174693 >> 172.21.15.5:0/2610174693 conn(0x7f9120078500 msgr2=0x7f9120078900 unknown :-1 s=STATE_NONE l=0).mark_down
2024-05-06T12:20:51.361 INFO:teuthology.orchestra.run.smithi005.stdout:/usr/bin/ceph: stderr
2024-05-06T12:20:50.319+0000 7f9125675700 1 -- 172.21.15.5:0/2610174693 shutdown_connections
2024-05-06T12:20:51.361 INFO:teuthology.orchestra.run.smithi005.stdout:/usr/bin/ceph: stderr
2024-05-06T12:20:50.319+0000 7f9125675700 1 -- 172.21.15.5:0/2610174693 wait complete.
2024-05-06T12:20:51.361 INFO:teuthology.orchestra.run.smithi005.stdout:/usr/bin/ceph: stderr
2024-05-06T12:20:50.320+0000 7f9125675700 1 Processor -- start
2024-05-06T12:20:51.361 INFO:teuthology.orchestra.run.smithi005.stdout:/usr/bin/ceph: stderr
2024-05-06T12:20:50.320+0000 7f9125675700 1 -- start start
2024-05-06T12:20:51.361 INFO:teuthology.orchestra.run.smithi005.stdout:/usr/bin/ceph: stderr
2024-05-06T12:20:50.320+0000 7f9125675700 1 --2- >> [v2:172.21.15.5:3300/0,v1:172.21.15.5:6789/0] conn(0x7f9120104c20 0x7f9120113870 unknown :-1 s=NONE pgs=0 cs=0 l=1 rev1=0 crypto rx=0 tx=0 comp rx=0 tx=0).connect
2024-05-06T12:20:51.361 INFO:teuthology.orchestra.run.smithi005.stdout:/usr/bin/ceph: stderr
2024-05-06T12:20:50.320+0000 7f9125675700 1 -- --> [v2:172.21.15.5:3300/0,v1:172.21.15.5:6789/0] -- mon_getmap magic: 0 v1 -- 0x7f9120113db0 con 0x7f9120104c20
2024-05-06T12:20:51.361 INFO:teuthology.orchestra.run.smithi005.stdout:/usr/bin/ceph: stderr
2024-05-06T12:20:50.320+0000 7f911effd700 1 --2- >> [v2:172.21.15.5:3300/0,v1:172.21.15.5:6789/0] conn(0x7f9120104c20 0x7f9120113870 unknown :-1 s=BANNER_CONNECTING pgs=0 cs=0 l=1 rev1=0 crypto rx=0 tx=0 comp rx=0 tx=0)._handle_peer_banner_payload supported=3 required=0
2024-05-06T12:20:51.362 INFO:teuthology.orchestra.run.smithi005.stdout:/usr/bin/ceph: stderr
2024-05-06T12:20:50.320+0000 7f911effd700 1 --2- >> [v2:172.21.15.5:3300/0,v1:172.21.15.5:6789/0] conn(0x7f9120104c20 0x7f9120113870 unknown :-1 s=HELLO_CONNECTING pgs=0 cs=0 l=1 rev1=1 crypto rx=0 tx=0 comp rx=0 tx=0).handle_hello peer v2:172.21.15.5:3300/0 says I am v2:172.21.15.5:57524/0 (socket says 172.21.15.5:57524)
2024-05-06T12:20:51.362 INFO:teuthology.orchestra.run.smithi005.stdout:/usr/bin/ceph: stderr
2024-05-06T12:20:50.320+0000 7f911effd700 1 -- 172.21.15.5:0/1289241141 learned_addr learned my addr 172.21.15.5:0/1289241141 (peer_addr_for_me v2:172.21.15.5:0/0)
2024-05-06T12:20:51.362 INFO:teuthology.orchestra.run.smithi005.stdout:/usr/bin/ceph: stderr
2024-05-06T12:20:50.320+0000 7f911effd700 1 -- 172.21.15.5:0/1289241141 --> [v2:172.21.15.5:3300/0,v1:172.21.15.5:6789/0] -- mon_subscribe({config=0+,monmap=0+}) v3 -- 0x7f91100094f0 con 0x7f9120104c20
2024-05-06T12:20:51.362 INFO:teuthology.orchestra.run.smithi005.stdout:/usr/bin/ceph: stderr
2024-05-06T12:20:50.321+0000 7f911effd700 1 --2- 172.21.15.5:0/1289241141 >> [v2:172.21.15.5:3300/0,v1:172.21.15.5:6789/0] conn(0x7f9120104c20 0x7f9120113870 secure :-1 s=READY pgs=56 cs=0 l=1 rev1=1 crypto rx=0x7f9110011680 tx=0x7f9110009250 comp rx=0 tx=0).ready entity=mon.0 client_cookie=0 server_cookie=0 in_seq=0 out_seq=0
2024-05-06T12:20:51.362 INFO:teuthology.orchestra.run.smithi005.stdout:/usr/bin/ceph: stderr
2024-05-06T12:20:50.321+0000 7f91077fe700 1 -- 172.21.15.5:0/1289241141 <== mon.0 v2:172.21.15.5:3300/0 1 ==== mon_map magic: 0 v1 ==== 229+0+0 (secure 0 0 0) 0x7f9110010890 con 0x7f9120104c20
2024-05-06T12:20:51.362 INFO:teuthology.orchestra.run.smithi005.stdout:/usr/bin/ceph: stderr
2024-05-06T12:20:50.321+0000 7f91077fe700 1 -- 172.21.15.5:0/1289241141 <== mon.0 v2:172.21.15.5:3300/0 2 ==== config(27 keys) v1 ==== 1109+0+0 (secure 0 0 0) 0x7f9110010ec0 con 0x7f9120104c20
2024-05-06T12:20:51.362 INFO:teuthology.orchestra.run.smithi005.stdout:/usr/bin/ceph: stderr
2024-05-06T12:20:50.321+0000 7f9125675700 1 -- 172.21.15.5:0/1289241141 --> [v2:172.21.15.5:3300/0,v1:172.21.15.5:6789/0] -- mon_subscribe({mgrmap=0+}) v3 -- 0x7f9120113fb0 con 0x7f9120104c20
2024-05-06T12:20:51.362 INFO:teuthology.orchestra.run.smithi005.stdout:/usr/bin/ceph: stderr
2024-05-06T12:20:50.321+0000 7f91077fe700 1 -- 172.21.15.5:0/1289241141 <== mon.0 v2:172.21.15.5:3300/0 3 ==== mon_map magic: 0 v1 ==== 229+0+0 (secure 0 0 0) 0x7f91100243f0 con 0x7f9120104c20
2024-05-06T12:20:51.362 INFO:teuthology.orchestra.run.smithi005.stdout:/usr/bin/ceph: stderr
2024-05-06T12:20:50.321+0000 7f9125675700 1 -- 172.21.15.5:0/1289241141 --> [v2:172.21.15.5:3300/0,v1:172.21.15.5:6789/0] -- mon_subscribe({osdmap=0}) v3 -- 0x7f9120114b20 con 0x7f9120104c20
2024-05-06T12:20:51.362 INFO:teuthology.orchestra.run.smithi005.stdout:/usr/bin/ceph: stderr
2024-05-06T12:20:50.322+0000 7f91077fe700 1 -- 172.21.15.5:0/1289241141 <== mon.0 v2:172.21.15.5:3300/0 4 ==== mgrmap(e 8) v1 ==== 43376+0+0 (secure 0 0 0) 0x7f911002d3f0 con 0x7f9120104c20
2024-05-06T12:20:51.362 INFO:teuthology.orchestra.run.smithi005.stdout:/usr/bin/ceph: stderr
2024-05-06T12:20:50.322+0000 7f91077fe700 1 --2- 172.21.15.5:0/1289241141 >> [v2:172.21.15.5:6800/3762747132,v1:172.21.15.5:6801/3762747132] conn(0x7f9108036790 0x7f9108038c40 unknown :-1 s=NONE pgs=0 cs=0 l=1 rev1=0 crypto rx=0 tx=0 comp rx=0 tx=0).connect
2024-05-06T12:20:51.362 INFO:teuthology.orchestra.run.smithi005.stdout:/usr/bin/ceph: stderr
2024-05-06T12:20:50.322+0000 7f91077fe700 1 -- 172.21.15.5:0/1289241141 <== mon.0 v2:172.21.15.5:3300/0 5 ==== osd_map(2..2 src has 1..2) v4 ==== 936+0+0 (secure 0 0 0) 0x7f911004a5c0 con 0x7f9120104c20
2024-05-06T12:20:51.362 INFO:teuthology.orchestra.run.smithi005.stdout:/usr/bin/ceph: stderr
2024-05-06T12:20:50.322+0000 7f9125675700 1 -- 172.21.15.5:0/1289241141 --> [v2:172.21.15.5:3300/0,v1:172.21.15.5:6789/0] -- mon_command({"prefix": "get_command_descriptions"} v 0) v1 -- 0x7f912005f5c0 con 0x7f9120104c20
2024-05-06T12:20:51.362 INFO:teuthology.orchestra.run.smithi005.stdout:/usr/bin/ceph: stderr
2024-05-06T12:20:50.322+0000 7f911e7fc700 1 --2- 172.21.15.5:0/1289241141 >> [v2:172.21.15.5:6800/3762747132,v1:172.21.15.5:6801/3762747132] conn(0x7f9108036790 0x7f9108038c40 unknown :-1 s=BANNER_CONNECTING pgs=0 cs=0 l=1 rev1=0 crypto rx=0 tx=0 comp rx=0 tx=0)._handle_peer_banner_payload supported=3 required=0
2024-05-06T12:20:51.363 INFO:teuthology.orchestra.run.smithi005.stdout:/usr/bin/ceph: stderr
2024-05-06T12:20:50.323+0000 7f911e7fc700 1 --2- 172.21.15.5:0/1289241141 >> [v2:172.21.15.5:6800/3762747132,v1:172.21.15.5:6801/3762747132] conn(0x7f9108036790 0x7f9108038c40 secure :-1 s=READY pgs=17 cs=0 l=1 rev1=1 crypto rx=0x7f9114009990 tx=0x7f9114006e40 comp rx=0 tx=0).ready entity=mgr.14118 client_cookie=0 server_cookie=0 in_seq=0 out_seq=0
2024-05-06T12:20:51.363 INFO:teuthology.orchestra.run.smithi005.stdout:/usr/bin/ceph: stderr
2024-05-06T12:20:50.328+0000 7f91077fe700 1 -- 172.21.15.5:0/1289241141 <== mon.0 v2:172.21.15.5:3300/0 6 ==== mon_command_ack([{"prefix": "get_command_descriptions"}]=0 v0) v1 ==== 72+0+176702 (secure 0 0 0) 0x7f91100193c0 con 0x7f9120104c20
2024-05-06T12:20:51.363 INFO:teuthology.orchestra.run.smithi005.stdout:/usr/bin/ceph: stderr
2024-05-06T12:20:50.553+0000 7f9125675700 1 -- 172.21.15.5:0/1289241141 --> [v2:172.21.15.5:6800/3762747132,v1:172.21.15.5:6801/3762747132] -- mgr_command(tid 0: {"prefix": "orch apply", "service_type": "node-exporter", "target": ["mon-mgr", ""]}) v1 -- 0x7f9120102b50 con 0x7f9108036790
2024-05-06T12:20:51.363 INFO:teuthology.orchestra.run.smithi005.stdout:/usr/bin/ceph: stderr
2024-05-06T12:20:50.558+0000 7f91077fe700 1 -- 172.21.15.5:0/1289241141 <== mgr.14118 v2:172.21.15.5:6800/3762747132 1 ==== mgr_command_reply(tid 0: 0 ) v1 ==== 8+0+34 (secure 0 0 0) 0x7f9120102b50 con 0x7f9108036790
2024-05-06T12:20:51.363 INFO:teuthology.orchestra.run.smithi005.stdout:/usr/bin/ceph: stderr
2024-05-06T12:20:50.560+0000 7f9125675700 1 -- 172.21.15.5:0/1289241141 >> [v2:172.21.15.5:6800/3762747132,v1:172.21.15.5:6801/3762747132] conn(0x7f9108036790 msgr2=0x7f9108038c40 secure :-1 s=STATE_CONNECTION_ESTABLISHED l=1).mark_down
2024-05-06T12:20:51.363 INFO:teuthology.orchestra.run.smithi005.stdout:/usr/bin/ceph: stderr
2024-05-06T12:20:50.560+0000 7f9125675700 1 --2- 172.21.15.5:0/1289241141 >> [v2:172.21.15.5:6800/3762747132,v1:172.21.15.5:6801/3762747132] conn(0x7f9108036790 0x7f9108038c40 secure :-1 s=READY pgs=17 cs=0 l=1 rev1=1 crypto rx=0x7f9114009990 tx=0x7f9114006e40 comp rx=0 tx=0).stop
2024-05-06T12:20:51.363 INFO:teuthology.orchestra.run.smithi005.stdout:/usr/bin/ceph: stderr
2024-05-06T12:20:50.560+0000 7f9125675700 1 -- 172.21.15.5:0/1289241141 >> [v2:172.21.15.5:3300/0,v1:172.21.15.5:6789/0] conn(0x7f9120104c20 msgr2=0x7f9120113870 secure :-1 s=STATE_CONNECTION_ESTABLISHED l=1).mark_down
2024-05-06T12:20:51.363 INFO:teuthology.orchestra.run.smithi005.stdout:/usr/bin/ceph: stderr
2024-05-06T12:20:50.560+0000 7f9125675700 1 --2- 172.21.15.5:0/1289241141 >> [v2:172.21.15.5:3300/0,v1:172.21.15.5:6789/0] conn(0x7f9120104c20 0x7f9120113870 secure :-1 s=READY pgs=56 cs=0 l=1 rev1=1 crypto rx=0x7f9110011680 tx=0x7f9110009250 comp rx=0 tx=0).stop
2024-05-06T12:20:51.363 INFO:teuthology.orchestra.run.smithi005.stdout:/usr/bin/ceph: stderr
2024-05-06T12:20:50.560+0000 7f9125675700 1 -- 172.21.15.5:0/1289241141 shutdown_connections
2024-05-06T12:20:51.363 INFO:teuthology.orchestra.run.smithi005.stdout:/usr/bin/ceph: stderr
2024-05-06T12:20:50.560+0000 7f9125675700 1 --2- 172.21.15.5:0/1289241141 >> [v2:172.21.15.5:6800/3762747132,v1:172.21.15.5:6801/3762747132] conn(0x7f9108036790 0x7f9108038c40 unknown :-1 s=CLOSED pgs=17 cs=0 l=1 rev1=1 crypto rx=0 tx=0 comp rx=0 tx=0).stop
2024-05-06T12:20:51.363 INFO:teuthology.orchestra.run.smithi005.stdout:/usr/bin/ceph: stderr
2024-05-06T12:20:50.560+0000 7f9125675700 1 --2- 172.21.15.5:0/1289241141 >> [v2:172.21.15.5:3300/0,v1:172.21.15.5:6789/0] conn(0x7f9120104c20 0x7f9120113870 unknown :-1 s=CLOSED pgs=56 cs=0 l=1 rev1=1 crypto rx=0 tx=0 comp rx=0 tx=0).stop
2024-05-06T12:20:51.363 INFO:teuthology.orchestra.run.smithi005.stdout:/usr/bin/ceph: stderr
2024-05-06T12:20:50.560+0000 7f9125675700 1 -- 172.21.15.5:0/1289241141 >> 172.21.15.5:0/1289241141 conn(0x7f9120078500 msgr2=0x7f9120102440 unknown :-1 s=STATE_NONE l=0).mark_down
2024-05-06T12:20:51.363 INFO:teuthology.orchestra.run.smithi005.stdout:/usr/bin/ceph: stderr
2024-05-06T12:20:50.560+0000 7f9125675700 1 -- 172.21.15.5:0/1289241141 shutdown_connections
2024-05-06T12:20:51.363 INFO:teuthology.orchestra.run.smithi005.stdout:/usr/bin/ceph: stderr
2024-05-06T12:20:50.560+0000 7f9125675700 1 -- 172.21.15.5:0/1289241141 wait complete.
2024-05-06T12:20:51.363 INFO:teuthology.orchestra.run.smithi005.stdout:Deploying alertmanager service with default placement...
2024-05-06T12:20:51.745 INFO:journalctl@ceph.mon.smithi005.smithi005.stdout:May 06 12:20:51 smithi005 ceph-mon[26996]: from='client.14150 -' entity='client.admin' cmd=[{"prefix": "orch apply", "service_type": "node-exporter", "target": ["mon-mgr", ""]}]: dispatch
2024-05-06T12:20:51.746 INFO:journalctl@ceph.mon.smithi005.smithi005.stdout:May 06 12:20:51 smithi005 ceph-mon[26996]: Saving service node-exporter spec with placement *
2024-05-06T12:20:51.746 INFO:journalctl@ceph.mon.smithi005.smithi005.stdout:May 06 12:20:51 smithi005 ceph-mon[26996]: from='mgr.14118 172.21.15.5:0/2319503430' entity='mgr.smithi005.jxxkec'
2024-05-06T12:20:52.969 INFO:teuthology.orchestra.run.smithi005.stdout:/usr/bin/ceph: stdout Scheduled alertmanager update...
2024-05-06T12:20:52.969 INFO:teuthology.orchestra.run.smithi005.stdout:/usr/bin/ceph: stderr
2024-05-06T12:20:52.187+0000 7fe998454700 1 Processor -- start
2024-05-06T12:20:52.969 INFO:teuthology.orchestra.run.smithi005.stdout:/usr/bin/ceph: stderr
2024-05-06T12:20:52.187+0000 7fe998454700 1 -- start start
2024-05-06T12:20:52.969 INFO:teuthology.orchestra.run.smithi005.stdout:/usr/bin/ceph: stderr
2024-05-06T12:20:52.188+0000 7fe998454700 1 --2- >> [v2:172.21.15.5:3300/0,v1:172.21.15.5:6789/0] conn(0x7fe990102d00 0x7fe990103110 unknown :-1 s=NONE pgs=0 cs=0 l=0 rev1=0 crypto rx=0 tx=0 comp rx=0 tx=0).connect
2024-05-06T12:20:52.969 INFO:teuthology.orchestra.run.smithi005.stdout:/usr/bin/ceph: stderr
2024-05-06T12:20:52.188+0000 7fe998454700 1 -- --> [v2:172.21.15.5:3300/0,v1:172.21.15.5:6789/0] -- mon_getmap magic: 0 v1 -- 0x7fe9901036e0 con 0x7fe990102d00
2024-05-06T12:20:52.969 INFO:teuthology.orchestra.run.smithi005.stdout:/usr/bin/ceph: stderr
2024-05-06T12:20:52.188+0000 7fe9961f0700 1 --2- >> [v2:172.21.15.5:3300/0,v1:172.21.15.5:6789/0] conn(0x7fe990102d00 0x7fe990103110 unknown :-1 s=BANNER_CONNECTING pgs=0 cs=0 l=0 rev1=0 crypto rx=0 tx=0 comp rx=0 tx=0)._handle_peer_banner_payload supported=3 required=0
2024-05-06T12:20:52.969 INFO:teuthology.orchestra.run.smithi005.stdout:/usr/bin/ceph: stderr
2024-05-06T12:20:52.188+0000 7fe9961f0700 1 --2- >> [v2:172.21.15.5:3300/0,v1:172.21.15.5:6789/0] conn(0x7fe990102d00 0x7fe990103110 unknown :-1 s=HELLO_CONNECTING pgs=0 cs=0 l=0 rev1=1 crypto rx=0 tx=0 comp rx=0 tx=0).handle_hello peer v2:172.21.15.5:3300/0 says I am v2:172.21.15.5:57526/0 (socket says 172.21.15.5:57526)
2024-05-06T12:20:52.969 INFO:teuthology.orchestra.run.smithi005.stdout:/usr/bin/ceph: stderr
2024-05-06T12:20:52.188+0000 7fe9961f0700 1 -- 172.21.15.5:0/505316254 learned_addr learned my addr 172.21.15.5:0/505316254 (peer_addr_for_me v2:172.21.15.5:0/0)
2024-05-06T12:20:52.969 INFO:teuthology.orchestra.run.smithi005.stdout:/usr/bin/ceph: stderr
2024-05-06T12:20:52.189+0000 7fe9961f0700 1 -- 172.21.15.5:0/505316254 --> [v2:172.21.15.5:3300/0,v1:172.21.15.5:6789/0] -- mon_subscribe({config=0+,monmap=0+}) v3 -- 0x7fe990103820 con 0x7fe990102d00
2024-05-06T12:20:52.969 INFO:teuthology.orchestra.run.smithi005.stdout:/usr/bin/ceph: stderr
2024-05-06T12:20:52.189+0000 7fe9961f0700 1 --2- 172.21.15.5:0/505316254 >> [v2:172.21.15.5:3300/0,v1:172.21.15.5:6789/0] conn(0x7fe990102d00 0x7fe990103110 secure :-1 s=READY pgs=57 cs=0 l=1 rev1=1 crypto rx=0x7fe98c0098e0 tx=0x7fe98c009250 comp rx=0 tx=0).ready entity=mon.0 client_cookie=ee76dfb142d802e7 server_cookie=0 in_seq=0 out_seq=0
2024-05-06T12:20:52.970 INFO:teuthology.orchestra.run.smithi005.stdout:/usr/bin/ceph: stderr
2024-05-06T12:20:52.189+0000 7fe9951ee700 1 -- 172.21.15.5:0/505316254 <== mon.0 v2:172.21.15.5:3300/0 1 ==== mon_map magic: 0 v1 ==== 229+0+0 (secure 0 0 0) 0x7fe98c00b860 con 0x7fe990102d00
2024-05-06T12:20:52.970 INFO:teuthology.orchestra.run.smithi005.stdout:/usr/bin/ceph: stderr
