2024-05-06T12:20:43.048+0000 7fd91950c700 1 --2- >> [v2:172.21.15.5:3300/0,v1:172.21.15.5:6789/0] conn(0x7fd9141017e0 0x7fd914101bf0 unknown :-1 s=HELLO_CONNECTING pgs=0 cs=0 l=0 rev1=1 crypto rx=0 tx=0 comp rx=0 tx=0).handle_hello peer v2:172.21.15.5:3300/0 says I am v2:172.21.15.5:57170/0 (socket says 172.21.15.5:57170)
2024-05-06T12:20:44.020 INFO:teuthology.orchestra.run.smithi005.stdout:/usr/bin/ceph: stderr
2024-05-06T12:20:43.048+0000 7fd91950c700 1 -- 172.21.15.5:0/964371866 learned_addr learned my addr 172.21.15.5:0/964371866 (peer_addr_for_me v2:172.21.15.5:0/0)
2024-05-06T12:20:44.020 INFO:teuthology.orchestra.run.smithi005.stdout:/usr/bin/ceph: stderr
2024-05-06T12:20:43.048+0000 7fd91950c700 1 -- 172.21.15.5:0/964371866 --> [v2:172.21.15.5:3300/0,v1:172.21.15.5:6789/0] -- mon_subscribe({config=0+,monmap=0+}) v3 -- 0x7fd914102270 con 0x7fd9141017e0
2024-05-06T12:20:44.020 INFO:teuthology.orchestra.run.smithi005.stdout:/usr/bin/ceph: stderr
2024-05-06T12:20:43.048+0000 7fd91950c700 1 --2- 172.21.15.5:0/964371866 >> [v2:172.21.15.5:3300/0,v1:172.21.15.5:6789/0] conn(0x7fd9141017e0 0x7fd914101bf0 secure :-1 s=READY pgs=45 cs=0 l=1 rev1=1 crypto rx=0x7fd9040098e0 tx=0x7fd904009250 comp rx=0 tx=0).ready entity=mon.0 client_cookie=e9f3c578de87c217 server_cookie=0 in_seq=0 out_seq=0
2024-05-06T12:20:44.020 INFO:teuthology.orchestra.run.smithi005.stdout:/usr/bin/ceph: stderr
2024-05-06T12:20:43.049+0000 7fd90bfff700 1 -- 172.21.15.5:0/964371866 <== mon.0 v2:172.21.15.5:3300/0 1 ==== mon_map magic: 0 v1 ==== 229+0+0 (secure 0 0 0) 0x7fd90400b860 con 0x7fd9141017e0
2024-05-06T12:20:44.020 INFO:teuthology.orchestra.run.smithi005.stdout:/usr/bin/ceph: stderr
2024-05-06T12:20:43.049+0000 7fd90bfff700 1 -- 172.21.15.5:0/964371866 <== mon.0 v2:172.21.15.5:3300/0 2 ==== config(27 keys) v1 ==== 1044+0+0 (secure 0 0 0) 0x7fd90400be50 con 0x7fd9141017e0
2024-05-06T12:20:44.021 INFO:teuthology.orchestra.run.smithi005.stdout:/usr/bin/ceph: stderr
2024-05-06T12:20:43.049+0000 7fd90bfff700 1 -- 172.21.15.5:0/964371866 <== mon.0 v2:172.21.15.5:3300/0 3 ==== mon_map magic: 0 v1 ==== 229+0+0 (secure 0 0 0) 0x7fd904010380 con 0x7fd9141017e0
2024-05-06T12:20:44.021 INFO:teuthology.orchestra.run.smithi005.stdout:/usr/bin/ceph: stderr
2024-05-06T12:20:43.049+0000 7fd91b770700 1 -- 172.21.15.5:0/964371866 >> [v2:172.21.15.5:3300/0,v1:172.21.15.5:6789/0] conn(0x7fd9141017e0 msgr2=0x7fd914101bf0 secure :-1 s=STATE_CONNECTION_ESTABLISHED l=1).mark_down
2024-05-06T12:20:44.021 INFO:teuthology.orchestra.run.smithi005.stdout:/usr/bin/ceph: stderr
2024-05-06T12:20:43.049+0000 7fd91b770700 1 --2- 172.21.15.5:0/964371866 >> [v2:172.21.15.5:3300/0,v1:172.21.15.5:6789/0] conn(0x7fd9141017e0 0x7fd914101bf0 secure :-1 s=READY pgs=45 cs=0 l=1 rev1=1 crypto rx=0x7fd9040098e0 tx=0x7fd904009250 comp rx=0 tx=0).stop
2024-05-06T12:20:44.021 INFO:teuthology.orchestra.run.smithi005.stdout:/usr/bin/ceph: stderr
2024-05-06T12:20:43.049+0000 7fd91b770700 1 -- 172.21.15.5:0/964371866 shutdown_connections
2024-05-06T12:20:44.021 INFO:teuthology.orchestra.run.smithi005.stdout:/usr/bin/ceph: stderr
2024-05-06T12:20:43.049+0000 7fd91b770700 1 --2- 172.21.15.5:0/964371866 >> [v2:172.21.15.5:3300/0,v1:172.21.15.5:6789/0] conn(0x7fd9141017e0 0x7fd914101bf0 unknown :-1 s=CLOSED pgs=45 cs=0 l=1 rev1=1 crypto rx=0 tx=0 comp rx=0 tx=0).stop
2024-05-06T12:20:44.021 INFO:teuthology.orchestra.run.smithi005.stdout:/usr/bin/ceph: stderr
2024-05-06T12:20:43.049+0000 7fd91b770700 1 -- 172.21.15.5:0/964371866 >> 172.21.15.5:0/964371866 conn(0x7fd9140fcf40 msgr2=0x7fd9140ff370 unknown :-1 s=STATE_NONE l=0).mark_down
2024-05-06T12:20:44.021 INFO:teuthology.orchestra.run.smithi005.stdout:/usr/bin/ceph: stderr
2024-05-06T12:20:43.049+0000 7fd91b770700 1 -- 172.21.15.5:0/964371866 shutdown_connections
2024-05-06T12:20:44.021 INFO:teuthology.orchestra.run.smithi005.stdout:/usr/bin/ceph: stderr
2024-05-06T12:20:43.049+0000 7fd91b770700 1 -- 172.21.15.5:0/964371866 wait complete.
2024-05-06T12:20:44.021 INFO:teuthology.orchestra.run.smithi005.stdout:/usr/bin/ceph: stderr
2024-05-06T12:20:43.050+0000 7fd91b770700 1 Processor -- start
2024-05-06T12:20:44.021 INFO:teuthology.orchestra.run.smithi005.stdout:/usr/bin/ceph: stderr
2024-05-06T12:20:43.050+0000 7fd91b770700 1 -- start start
2024-05-06T12:20:44.021 INFO:teuthology.orchestra.run.smithi005.stdout:/usr/bin/ceph: stderr
2024-05-06T12:20:43.050+0000 7fd91b770700 1 --2- >> [v2:172.21.15.5:3300/0,v1:172.21.15.5:6789/0] conn(0x7fd9141017e0 0x7fd914113910 unknown :-1 s=NONE pgs=0 cs=0 l=1 rev1=0 crypto rx=0 tx=0 comp rx=0 tx=0).connect
2024-05-06T12:20:44.022 INFO:teuthology.orchestra.run.smithi005.stdout:/usr/bin/ceph: stderr
2024-05-06T12:20:43.050+0000 7fd91b770700 1 -- --> [v2:172.21.15.5:3300/0,v1:172.21.15.5:6789/0] -- mon_getmap magic: 0 v1 -- 0x7fd914113e50 con 0x7fd9141017e0
2024-05-06T12:20:44.022 INFO:teuthology.orchestra.run.smithi005.stdout:/usr/bin/ceph: stderr
2024-05-06T12:20:43.050+0000 7fd91950c700 1 --2- >> [v2:172.21.15.5:3300/0,v1:172.21.15.5:6789/0] conn(0x7fd9141017e0 0x7fd914113910 unknown :-1 s=BANNER_CONNECTING pgs=0 cs=0 l=1 rev1=0 crypto rx=0 tx=0 comp rx=0 tx=0)._handle_peer_banner_payload supported=3 required=0
2024-05-06T12:20:44.022 INFO:teuthology.orchestra.run.smithi005.stdout:/usr/bin/ceph: stderr
2024-05-06T12:20:43.050+0000 7fd91950c700 1 --2- >> [v2:172.21.15.5:3300/0,v1:172.21.15.5:6789/0] conn(0x7fd9141017e0 0x7fd914113910 unknown :-1 s=HELLO_CONNECTING pgs=0 cs=0 l=1 rev1=1 crypto rx=0 tx=0 comp rx=0 tx=0).handle_hello peer v2:172.21.15.5:3300/0 says I am v2:172.21.15.5:57184/0 (socket says 172.21.15.5:57184)
2024-05-06T12:20:44.022 INFO:teuthology.orchestra.run.smithi005.stdout:/usr/bin/ceph: stderr
2024-05-06T12:20:43.050+0000 7fd91950c700 1 -- 172.21.15.5:0/3702922187 learned_addr learned my addr 172.21.15.5:0/3702922187 (peer_addr_for_me v2:172.21.15.5:0/0)
2024-05-06T12:20:44.022 INFO:teuthology.orchestra.run.smithi005.stdout:/usr/bin/ceph: stderr
2024-05-06T12:20:43.050+0000 7fd91950c700 1 -- 172.21.15.5:0/3702922187 --> [v2:172.21.15.5:3300/0,v1:172.21.15.5:6789/0] -- mon_subscribe({config=0+,monmap=0+}) v3 -- 0x7fd9040094f0 con 0x7fd9141017e0
2024-05-06T12:20:44.022 INFO:teuthology.orchestra.run.smithi005.stdout:/usr/bin/ceph: stderr
2024-05-06T12:20:43.051+0000 7fd91950c700 1 --2- 172.21.15.5:0/3702922187 >> [v2:172.21.15.5:3300/0,v1:172.21.15.5:6789/0] conn(0x7fd9141017e0 0x7fd914113910 secure :-1 s=READY pgs=46 cs=0 l=1 rev1=1 crypto rx=0x7fd904006b00 tx=0x7fd904009250 comp rx=0 tx=0).ready entity=mon.0 client_cookie=0 server_cookie=0 in_seq=0 out_seq=0
2024-05-06T12:20:44.022 INFO:teuthology.orchestra.run.smithi005.stdout:/usr/bin/ceph: stderr
2024-05-06T12:20:43.051+0000 7fd909ffb700 1 -- 172.21.15.5:0/3702922187 <== mon.0 v2:172.21.15.5:3300/0 1 ==== mon_map magic: 0 v1 ==== 229+0+0 (secure 0 0 0) 0x7fd904010760 con 0x7fd9141017e0
2024-05-06T12:20:44.022 INFO:teuthology.orchestra.run.smithi005.stdout:/usr/bin/ceph: stderr
2024-05-06T12:20:43.051+0000 7fd909ffb700 1 -- 172.21.15.5:0/3702922187 <== mon.0 v2:172.21.15.5:3300/0 2 ==== config(27 keys) v1 ==== 1044+0+0 (secure 0 0 0) 0x7fd904010d50 con 0x7fd9141017e0
2024-05-06T12:20:44.022 INFO:teuthology.orchestra.run.smithi005.stdout:/usr/bin/ceph: stderr
2024-05-06T12:20:43.051+0000 7fd91b770700 1 -- 172.21.15.5:0/3702922187 --> [v2:172.21.15.5:3300/0,v1:172.21.15.5:6789/0] -- mon_subscribe({mgrmap=0+}) v3 -- 0x7fd914114050 con 0x7fd9141017e0
2024-05-06T12:20:44.022 INFO:teuthology.orchestra.run.smithi005.stdout:/usr/bin/ceph: stderr
2024-05-06T12:20:43.051+0000 7fd909ffb700 1 -- 172.21.15.5:0/3702922187 <== mon.0 v2:172.21.15.5:3300/0 3 ==== mon_map magic: 0 v1 ==== 229+0+0 (secure 0 0 0) 0x7fd90401ad40 con 0x7fd9141017e0
2024-05-06T12:20:44.022 INFO:teuthology.orchestra.run.smithi005.stdout:/usr/bin/ceph: stderr
2024-05-06T12:20:43.051+0000 7fd91b770700 1 -- 172.21.15.5:0/3702922187 --> [v2:172.21.15.5:3300/0,v1:172.21.15.5:6789/0] -- mon_subscribe({osdmap=0}) v3 -- 0x7fd914114bc0 con 0x7fd9141017e0
2024-05-06T12:20:44.022 INFO:teuthology.orchestra.run.smithi005.stdout:/usr/bin/ceph: stderr
2024-05-06T12:20:43.052+0000 7fd909ffb700 1 -- 172.21.15.5:0/3702922187 <== mon.0 v2:172.21.15.5:3300/0 4 ==== mgrmap(e 8) v1 ==== 43376+0+0 (secure 0 0 0) 0x7fd90402e440 con 0x7fd9141017e0
2024-05-06T12:20:44.022 INFO:teuthology.orchestra.run.smithi005.stdout:/usr/bin/ceph: stderr
2024-05-06T12:20:43.052+0000 7fd91b770700 1 -- 172.21.15.5:0/3702922187 --> [v2:172.21.15.5:3300/0,v1:172.21.15.5:6789/0] -- mon_command({"prefix": "get_command_descriptions"} v 0) v1 -- 0x7fd91405f5c0 con 0x7fd9141017e0
2024-05-06T12:20:44.022 INFO:teuthology.orchestra.run.smithi005.stdout:/usr/bin/ceph: stderr
2024-05-06T12:20:43.052+0000 7fd909ffb700 1 --2- 172.21.15.5:0/3702922187 >> [v2:172.21.15.5:6800/3762747132,v1:172.21.15.5:6801/3762747132] conn(0x7fd900036780 0x7fd900038c30 unknown :-1 s=NONE pgs=0 cs=0 l=1 rev1=0 crypto rx=0 tx=0 comp rx=0 tx=0).connect
2024-05-06T12:20:44.023 INFO:teuthology.orchestra.run.smithi005.stdout:/usr/bin/ceph: stderr
2024-05-06T12:20:43.052+0000 7fd909ffb700 1 -- 172.21.15.5:0/3702922187 <== mon.0 v2:172.21.15.5:3300/0 5 ==== osd_map(2..2 src has 1..2) v4 ==== 936+0+0 (secure 0 0 0) 0x7fd90404a570 con 0x7fd9141017e0
2024-05-06T12:20:44.023 INFO:teuthology.orchestra.run.smithi005.stdout:/usr/bin/ceph: stderr
2024-05-06T12:20:43.052+0000 7fd918d0b700 1 --2- 172.21.15.5:0/3702922187 >> [v2:172.21.15.5:6800/3762747132,v1:172.21.15.5:6801/3762747132] conn(0x7fd900036780 0x7fd900038c30 unknown :-1 s=BANNER_CONNECTING pgs=0 cs=0 l=1 rev1=0 crypto rx=0 tx=0 comp rx=0 tx=0)._handle_peer_banner_payload supported=3 required=0
2024-05-06T12:20:44.023 INFO:teuthology.orchestra.run.smithi005.stdout:/usr/bin/ceph: stderr
2024-05-06T12:20:43.053+0000 7fd918d0b700 1 --2- 172.21.15.5:0/3702922187 >> [v2:172.21.15.5:6800/3762747132,v1:172.21.15.5:6801/3762747132] conn(0x7fd900036780 0x7fd900038c30 secure :-1 s=READY pgs=12 cs=0 l=1 rev1=1 crypto rx=0x7fd910009990 tx=0x7fd910006e40 comp rx=0 tx=0).ready entity=mgr.14118 client_cookie=0 server_cookie=0 in_seq=0 out_seq=0
2024-05-06T12:20:44.023 INFO:teuthology.orchestra.run.smithi005.stdout:/usr/bin/ceph: stderr
2024-05-06T12:20:43.057+0000 7fd909ffb700 1 -- 172.21.15.5:0/3702922187 <== mon.0 v2:172.21.15.5:3300/0 6 ==== mon_command_ack([{"prefix": "get_command_descriptions"}]=0 v0) v1 ==== 72+0+176702 (secure 0 0 0) 0x7fd904018940 con 0x7fd9141017e0
2024-05-06T12:20:44.023 INFO:teuthology.orchestra.run.smithi005.stdout:/usr/bin/ceph: stderr
2024-05-06T12:20:43.269+0000 7fd91b770700 1 -- 172.21.15.5:0/3702922187 --> [v2:172.21.15.5:6800/3762747132,v1:172.21.15.5:6801/3762747132] -- mgr_command(tid 0: {"prefix": "orch apply", "service_type": "mon", "target": ["mon-mgr", ""]}) v1 -- 0x7fd914114f70 con 0x7fd900036780
2024-05-06T12:20:44.023 INFO:teuthology.orchestra.run.smithi005.stdout:/usr/bin/ceph: stderr
2024-05-06T12:20:43.274+0000 7fd909ffb700 1 -- 172.21.15.5:0/3702922187 <== mgr.14118 v2:172.21.15.5:6800/3762747132 1 ==== mgr_command_reply(tid 0: 0 ) v1 ==== 8+0+24 (secure 0 0 0) 0x7fd914114f70 con 0x7fd900036780
2024-05-06T12:20:44.023 INFO:teuthology.orchestra.run.smithi005.stdout:/usr/bin/ceph: stderr
2024-05-06T12:20:43.276+0000 7fd91b770700 1 -- 172.21.15.5:0/3702922187 >> [v2:172.21.15.5:6800/3762747132,v1:172.21.15.5:6801/3762747132] conn(0x7fd900036780 msgr2=0x7fd900038c30 secure :-1 s=STATE_CONNECTION_ESTABLISHED l=1).mark_down
2024-05-06T12:20:44.023 INFO:teuthology.orchestra.run.smithi005.stdout:/usr/bin/ceph: stderr
2024-05-06T12:20:43.276+0000 7fd91b770700 1 --2- 172.21.15.5:0/3702922187 >> [v2:172.21.15.5:6800/3762747132,v1:172.21.15.5:6801/3762747132] conn(0x7fd900036780 0x7fd900038c30 secure :-1 s=READY pgs=12 cs=0 l=1 rev1=1 crypto rx=0x7fd910009990 tx=0x7fd910006e40 comp rx=0 tx=0).stop
2024-05-06T12:20:44.024 INFO:teuthology.orchestra.run.smithi005.stdout:/usr/bin/ceph: stderr
2024-05-06T12:20:43.276+0000 7fd91b770700 1 -- 172.21.15.5:0/3702922187 >> [v2:172.21.15.5:3300/0,v1:172.21.15.5:6789/0] conn(0x7fd9141017e0 msgr2=0x7fd914113910 secure :-1 s=STATE_CONNECTION_ESTABLISHED l=1).mark_down
2024-05-06T12:20:44.024 INFO:teuthology.orchestra.run.smithi005.stdout:/usr/bin/ceph: stderr
2024-05-06T12:20:43.276+0000 7fd91b770700 1 --2- 172.21.15.5:0/3702922187 >> [v2:172.21.15.5:3300/0,v1:172.21.15.5:6789/0] conn(0x7fd9141017e0 0x7fd914113910 secure :-1 s=READY pgs=46 cs=0 l=1 rev1=1 crypto rx=0x7fd904006b00 tx=0x7fd904009250 comp rx=0 tx=0).stop
2024-05-06T12:20:44.024 INFO:teuthology.orchestra.run.smithi005.stdout:/usr/bin/ceph: stderr
2024-05-06T12:20:43.276+0000 7fd91b770700 1 -- 172.21.15.5:0/3702922187 shutdown_connections
2024-05-06T12:20:44.024 INFO:teuthology.orchestra.run.smithi005.stdout:/usr/bin/ceph: stderr
2024-05-06T12:20:43.276+0000 7fd91b770700 1 --2- 172.21.15.5:0/3702922187 >> [v2:172.21.15.5:6800/3762747132,v1:172.21.15.5:6801/3762747132] conn(0x7fd900036780 0x7fd900038c30 unknown :-1 s=CLOSED pgs=12 cs=0 l=1 rev1=1 crypto rx=0 tx=0 comp rx=0 tx=0).stop
2024-05-06T12:20:44.024 INFO:teuthology.orchestra.run.smithi005.stdout:/usr/bin/ceph: stderr
2024-05-06T12:20:43.276+0000 7fd91b770700 1 --2- 172.21.15.5:0/3702922187 >> [v2:172.21.15.5:3300/0,v1:172.21.15.5:6789/0] conn(0x7fd9141017e0 0x7fd914113910 unknown :-1 s=CLOSED pgs=46 cs=0 l=1 rev1=1 crypto rx=0 tx=0 comp rx=0 tx=0).stop
2024-05-06T12:20:44.024 INFO:teuthology.orchestra.run.smithi005.stdout:/usr/bin/ceph: stderr
2024-05-06T12:20:43.276+0000 7fd91b770700 1 -- 172.21.15.5:0/3702922187 >> 172.21.15.5:0/3702922187 conn(0x7fd9140fcf40 msgr2=0x7fd9140ff350 unknown :-1 s=STATE_NONE l=0).mark_down
2024-05-06T12:20:44.024 INFO:teuthology.orchestra.run.smithi005.stdout:/usr/bin/ceph: stderr
2024-05-06T12:20:43.276+0000 7fd91b770700 1 -- 172.21.15.5:0/3702922187 shutdown_connections
2024-05-06T12:20:44.024 INFO:teuthology.orchestra.run.smithi005.stdout:/usr/bin/ceph: stderr
2024-05-06T12:20:43.276+0000 7fd91b770700 1 -- 172.21.15.5:0/3702922187 wait complete.
2024-05-06T12:20:44.024 INFO:teuthology.orchestra.run.smithi005.stdout:Deploying mgr service with default placement...
2024-05-06T12:20:44.585 INFO:journalctl@ceph.mon.smithi005.smithi005.stdout:May 06 12:20:44 smithi005 ceph-mon[26996]: from='client.14140 -' entity='client.admin' cmd=[{"prefix": "orch apply", "service_type": "mon", "target": ["mon-mgr", ""]}]: dispatch
2024-05-06T12:20:44.585 INFO:journalctl@ceph.mon.smithi005.smithi005.stdout:May 06 12:20:44 smithi005 ceph-mon[26996]: Saving service mon spec with placement count:5
2024-05-06T12:20:44.585 INFO:journalctl@ceph.mon.smithi005.smithi005.stdout:May 06 12:20:44 smithi005 ceph-mon[26996]: from='mgr.14118 172.21.15.5:0/2319503430' entity='mgr.smithi005.jxxkec'
2024-05-06T12:20:45.507 INFO:teuthology.orchestra.run.smithi005.stdout:/usr/bin/ceph: stdout Scheduled mgr update...
2024-05-06T12:20:45.507 INFO:teuthology.orchestra.run.smithi005.stdout:/usr/bin/ceph: stderr
2024-05-06T12:20:44.423+0000 7fc8e3032700 1 Processor -- start
2024-05-06T12:20:45.507 INFO:teuthology.orchestra.run.smithi005.stdout:/usr/bin/ceph: stderr
2024-05-06T12:20:44.423+0000 7fc8e3032700 1 -- start start
2024-05-06T12:20:45.507 INFO:teuthology.orchestra.run.smithi005.stdout:/usr/bin/ceph: stderr
2024-05-06T12:20:44.423+0000 7fc8e3032700 1 --2- >> [v2:172.21.15.5:3300/0,v1:172.21.15.5:6789/0] conn(0x7fc8dc102920 0x7fc8dc102d30 unknown :-1 s=NONE pgs=0 cs=0 l=0 rev1=0 crypto rx=0 tx=0 comp rx=0 tx=0).connect
2024-05-06T12:20:45.507 INFO:teuthology.orchestra.run.smithi005.stdout:/usr/bin/ceph: stderr
2024-05-06T12:20:44.423+0000 7fc8e3032700 1 -- --> [v2:172.21.15.5:3300/0,v1:172.21.15.5:6789/0] -- mon_getmap magic: 0 v1 -- 0x7fc8dc103270 con 0x7fc8dc102920
2024-05-06T12:20:45.507 INFO:teuthology.orchestra.run.smithi005.stdout:/usr/bin/ceph: stderr
2024-05-06T12:20:44.424+0000 7fc8e0dce700 1 --2- >> [v2:172.21.15.5:3300/0,v1:172.21.15.5:6789/0] conn(0x7fc8dc102920 0x7fc8dc102d30 unknown :-1 s=BANNER_CONNECTING pgs=0 cs=0 l=0 rev1=0 crypto rx=0 tx=0 comp rx=0 tx=0)._handle_peer_banner_payload supported=3 required=0
2024-05-06T12:20:45.508 INFO:teuthology.orchestra.run.smithi005.stdout:/usr/bin/ceph: stderr
2024-05-06T12:20:44.424+0000 7fc8e0dce700 1 --2- >> [v2:172.21.15.5:3300/0,v1:172.21.15.5:6789/0] conn(0x7fc8dc102920 0x7fc8dc102d30 unknown :-1 s=HELLO_CONNECTING pgs=0 cs=0 l=0 rev1=1 crypto rx=0 tx=0 comp rx=0 tx=0).handle_hello peer v2:172.21.15.5:3300/0 says I am v2:172.21.15.5:57188/0 (socket says 172.21.15.5:57188)
2024-05-06T12:20:45.508 INFO:teuthology.orchestra.run.smithi005.stdout:/usr/bin/ceph: stderr
2024-05-06T12:20:44.424+0000 7fc8e0dce700 1 -- 172.21.15.5:0/110390308 learned_addr learned my addr 172.21.15.5:0/110390308 (peer_addr_for_me v2:172.21.15.5:0/0)
2024-05-06T12:20:45.508 INFO:teuthology.orchestra.run.smithi005.stdout:/usr/bin/ceph: stderr
2024-05-06T12:20:44.424+0000 7fc8e0dce700 1 -- 172.21.15.5:0/110390308 --> [v2:172.21.15.5:3300/0,v1:172.21.15.5:6789/0] -- mon_subscribe({config=0+,monmap=0+}) v3 -- 0x7fc8dc1033b0 con 0x7fc8dc102920
2024-05-06T12:20:45.508 INFO:teuthology.orchestra.run.smithi005.stdout:/usr/bin/ceph: stderr
2024-05-06T12:20:44.424+0000 7fc8e0dce700 1 --2- 172.21.15.5:0/110390308 >> [v2:172.21.15.5:3300/0,v1:172.21.15.5:6789/0] conn(0x7fc8dc102920 0x7fc8dc102d30 secure :-1 s=READY pgs=47 cs=0 l=1 rev1=1 crypto rx=0x7fc8d4009e50 tx=0x7fc8d4009840 comp rx=0 tx=0).ready entity=mon.0 client_cookie=2bb4b97c1d28c1f9 server_cookie=0 in_seq=0 out_seq=0
2024-05-06T12:20:45.508 INFO:teuthology.orchestra.run.smithi005.stdout:/usr/bin/ceph: stderr
2024-05-06T12:20:44.424+0000 7fc8db7fe700 1 -- 172.21.15.5:0/110390308 <== mon.0 v2:172.21.15.5:3300/0 1 ==== mon_map magic: 0 v1 ==== 229+0+0 (secure 0 0 0) 0x7fc8d40092e0 con 0x7fc8dc102920
2024-05-06T12:20:45.508 INFO:teuthology.orchestra.run.smithi005.stdout:/usr/bin/ceph: stderr
2024-05-06T12:20:44.424+0000 7fc8db7fe700 1 -- 172.21.15.5:0/110390308 <== mon.0 v2:172.21.15.5:3300/0 2 ==== config(27 keys) v1 ==== 1044+0+0 (secure 0 0 0) 0x7fc8d4012430 con 0x7fc8dc102920
2024-05-06T12:20:45.508 INFO:teuthology.orchestra.run.smithi005.stdout:/usr/bin/ceph: stderr
2024-05-06T12:20:44.424+0000 7fc8db7fe700 1 -- 172.21.15.5:0/110390308 <== mon.0 v2:172.21.15.5:3300/0 3 ==== mon_map magic: 0 v1 ==== 229+0+0 (secure 0 0 0) 0x7fc8d40075c0 con 0x7fc8dc102920
2024-05-06T12:20:45.508 INFO:teuthology.orchestra.run.smithi005.stdout:/usr/bin/ceph: stderr
2024-05-06T12:20:44.425+0000 7fc8e3032700 1 -- 172.21.15.5:0/110390308 >> [v2:172.21.15.5:3300/0,v1:172.21.15.5:6789/0] conn(0x7fc8dc102920 msgr2=0x7fc8dc102d30 secure :-1 s=STATE_CONNECTION_ESTABLISHED l=1).mark_down
2024-05-06T12:20:45.508 INFO:teuthology.orchestra.run.smithi005.stdout:/usr/bin/ceph: stderr
2024-05-06T12:20:44.425+0000 7fc8e3032700 1 --2- 172.21.15.5:0/110390308 >> [v2:172.21.15.5:3300/0,v1:172.21.15.5:6789/0] conn(0x7fc8dc102920 0x7fc8dc102d30 secure :-1 s=READY pgs=47 cs=0 l=1 rev1=1 crypto rx=0x7fc8d4009e50 tx=0x7fc8d4009840 comp rx=0 tx=0).stop
2024-05-06T12:20:45.508 INFO:teuthology.orchestra.run.smithi005.stdout:/usr/bin/ceph: stderr
2024-05-06T12:20:44.425+0000 7fc8e3032700 1 -- 172.21.15.5:0/110390308 shutdown_connections
2024-05-06T12:20:45.509 INFO:teuthology.orchestra.run.smithi005.stdout:/usr/bin/ceph: stderr
2024-05-06T12:20:44.425+0000 7fc8e3032700 1 --2- 172.21.15.5:0/110390308 >> [v2:172.21.15.5:3300/0,v1:172.21.15.5:6789/0] conn(0x7fc8dc102920 0x7fc8dc102d30 unknown :-1 s=CLOSED pgs=47 cs=0 l=1 rev1=1 crypto rx=0 tx=0 comp rx=0 tx=0).stop
2024-05-06T12:20:45.509 INFO:teuthology.orchestra.run.smithi005.stdout:/usr/bin/ceph: stderr
2024-05-06T12:20:44.425+0000 7fc8e3032700 1 -- 172.21.15.5:0/110390308 >> 172.21.15.5:0/110390308 conn(0x7fc8dc0fe0c0 msgr2=0x7fc8dc1004d0 unknown :-1 s=STATE_NONE l=0).mark_down
2024-05-06T12:20:45.509 INFO:teuthology.orchestra.run.smithi005.stdout:/usr/bin/ceph: stderr
2024-05-06T12:20:44.425+0000 7fc8e3032700 1 -- 172.21.15.5:0/110390308 shutdown_connections
2024-05-06T12:20:45.509 INFO:teuthology.orchestra.run.smithi005.stdout:/usr/bin/ceph: stderr
2024-05-06T12:20:44.425+0000 7fc8e3032700 1 -- 172.21.15.5:0/110390308 wait complete.
2024-05-06T12:20:45.509 INFO:teuthology.orchestra.run.smithi005.stdout:/usr/bin/ceph: stderr
2024-05-06T12:20:44.425+0000 7fc8e3032700 1 Processor -- start
2024-05-06T12:20:45.509 INFO:teuthology.orchestra.run.smithi005.stdout:/usr/bin/ceph: stderr
2024-05-06T12:20:44.425+0000 7fc8e3032700 1 -- start start
2024-05-06T12:20:45.509 INFO:teuthology.orchestra.run.smithi005.stdout:/usr/bin/ceph: stderr
2024-05-06T12:20:44.426+0000 7fc8e3032700 1 --2- >> [v2:172.21.15.5:3300/0,v1:172.21.15.5:6789/0] conn(0x7fc8dc102920 0x7fc8dc111720 unknown :-1 s=NONE pgs=0 cs=0 l=1 rev1=0 crypto rx=0 tx=0 comp rx=0 tx=0).connect
2024-05-06T12:20:45.509 INFO:teuthology.orchestra.run.smithi005.stdout:/usr/bin/ceph: stderr
2024-05-06T12:20:44.426+0000 7fc8e3032700 1 -- --> [v2:172.21.15.5:3300/0,v1:172.21.15.5:6789/0] -- mon_getmap magic: 0 v1 -- 0x7fc8dc111c60 con 0x7fc8dc102920
2024-05-06T12:20:45.509 INFO:teuthology.orchestra.run.smithi005.stdout:/usr/bin/ceph: stderr
2024-05-06T12:20:44.426+0000 7fc8e0dce700 1 --2- >> [v2:172.21.15.5:3300/0,v1:172.21.15.5:6789/0] conn(0x7fc8dc102920 0x7fc8dc111720 unknown :-1 s=BANNER_CONNECTING pgs=0 cs=0 l=1 rev1=0 crypto rx=0 tx=0 comp rx=0 tx=0)._handle_peer_banner_payload supported=3 required=0
2024-05-06T12:20:45.509 INFO:teuthology.orchestra.run.smithi005.stdout:/usr/bin/ceph: stderr
2024-05-06T12:20:44.426+0000 7fc8e0dce700 1 --2- >> [v2:172.21.15.5:3300/0,v1:172.21.15.5:6789/0] conn(0x7fc8dc102920 0x7fc8dc111720 unknown :-1 s=HELLO_CONNECTING pgs=0 cs=0 l=1 rev1=1 crypto rx=0 tx=0 comp rx=0 tx=0).handle_hello peer v2:172.21.15.5:3300/0 says I am v2:172.21.15.5:57192/0 (socket says 172.21.15.5:57192)
2024-05-06T12:20:45.509 INFO:teuthology.orchestra.run.smithi005.stdout:/usr/bin/ceph: stderr
2024-05-06T12:20:44.426+0000 7fc8e0dce700 1 -- 172.21.15.5:0/3575720141 learned_addr learned my addr 172.21.15.5:0/3575720141 (peer_addr_for_me v2:172.21.15.5:0/0)
2024-05-06T12:20:45.509 INFO:teuthology.orchestra.run.smithi005.stdout:/usr/bin/ceph: stderr
2024-05-06T12:20:44.426+0000 7fc8e0dce700 1 -- 172.21.15.5:0/3575720141 --> [v2:172.21.15.5:3300/0,v1:172.21.15.5:6789/0] -- mon_subscribe({config=0+,monmap=0+}) v3 -- 0x7fc8d4009ae0 con 0x7fc8dc102920
2024-05-06T12:20:45.509 INFO:teuthology.orchestra.run.smithi005.stdout:/usr/bin/ceph: stderr
2024-05-06T12:20:44.427+0000 7fc8e0dce700 1 --2- 172.21.15.5:0/3575720141 >> [v2:172.21.15.5:3300/0,v1:172.21.15.5:6789/0] conn(0x7fc8dc102920 0x7fc8dc111720 secure :-1 s=READY pgs=48 cs=0 l=1 rev1=1 crypto rx=0x7fc8d4012da0 tx=0x7fc8d4009840 comp rx=0 tx=0).ready entity=mon.0 client_cookie=0 server_cookie=0 in_seq=0 out_seq=0
2024-05-06T12:20:45.509 INFO:teuthology.orchestra.run.smithi005.stdout:/usr/bin/ceph: stderr
2024-05-06T12:20:44.427+0000 7fc8d97fa700 1 -- 172.21.15.5:0/3575720141 <== mon.0 v2:172.21.15.5:3300/0 1 ==== mon_map magic: 0 v1 ==== 229+0+0 (secure 0 0 0) 0x7fc8d40092e0 con 0x7fc8dc102920
2024-05-06T12:20:45.510 INFO:teuthology.orchestra.run.smithi005.stdout:/usr/bin/ceph: stderr
2024-05-06T12:20:44.427+0000 7fc8d97fa700 1 -- 172.21.15.5:0/3575720141 <== mon.0 v2:172.21.15.5:3300/0 2 ==== config(27 keys) v1 ==== 1044+0+0 (secure 0 0 0) 0x7fc8d4007cc0 con 0x7fc8dc102920
2024-05-06T12:20:45.510 INFO:teuthology.orchestra.run.smithi005.stdout:/usr/bin/ceph: stderr
2024-05-06T12:20:44.427+0000 7fc8e3032700 1 -- 172.21.15.5:0/3575720141 --> [v2:172.21.15.5:3300/0,v1:172.21.15.5:6789/0] -- mon_subscribe({mgrmap=0+}) v3 -- 0x7fc8dc111e60 con 0x7fc8dc102920
2024-05-06T12:20:45.510 INFO:teuthology.orchestra.run.smithi005.stdout:/usr/bin/ceph: stderr
2024-05-06T12:20:44.427+0000 7fc8d97fa700 1 -- 172.21.15.5:0/3575720141 <== mon.0 v2:172.21.15.5:3300/0 3 ==== mon_map magic: 0 v1 ==== 229+0+0 (secure 0 0 0) 0x7fc8d401c910 con 0x7fc8dc102920
2024-05-06T12:20:45.510 INFO:teuthology.orchestra.run.smithi005.stdout:/usr/bin/ceph: stderr
2024-05-06T12:20:44.427+0000 7fc8e3032700 1 -- 172.21.15.5:0/3575720141 --> [v2:172.21.15.5:3300/0,v1:172.21.15.5:6789/0] -- mon_subscribe({osdmap=0}) v3 -- 0x7fc8dc1129d0 con 0x7fc8dc102920
2024-05-06T12:20:45.510 INFO:teuthology.orchestra.run.smithi005.stdout:/usr/bin/ceph: stderr
2024-05-06T12:20:44.428+0000 7fc8d97fa700 1 -- 172.21.15.5:0/3575720141 <== mon.0 v2:172.21.15.5:3300/0 4 ==== mgrmap(e 8) v1 ==== 43376+0+0 (secure 0 0 0) 0x7fc8d4019070 con 0x7fc8dc102920
2024-05-06T12:20:45.510 INFO:teuthology.orchestra.run.smithi005.stdout:/usr/bin/ceph: stderr
2024-05-06T12:20:44.428+0000 7fc8e3032700 1 -- 172.21.15.5:0/3575720141 --> [v2:172.21.15.5:3300/0,v1:172.21.15.5:6789/0] -- mon_command({"prefix": "get_command_descriptions"} v 0) v1 -- 0x7fc8dc05f5c0 con 0x7fc8dc102920
2024-05-06T12:20:45.510 INFO:teuthology.orchestra.run.smithi005.stdout:/usr/bin/ceph: stderr
2024-05-06T12:20:44.428+0000 7fc8d97fa700 1 --2- 172.21.15.5:0/3575720141 >> [v2:172.21.15.5:6800/3762747132,v1:172.21.15.5:6801/3762747132] conn(0x7fc8c4036790 0x7fc8c4038c40 unknown :-1 s=NONE pgs=0 cs=0 l=1 rev1=0 crypto rx=0 tx=0 comp rx=0 tx=0).connect
2024-05-06T12:20:45.510 INFO:teuthology.orchestra.run.smithi005.stdout:/usr/bin/ceph: stderr
2024-05-06T12:20:44.428+0000 7fc8d97fa700 1 -- 172.21.15.5:0/3575720141 <== mon.0 v2:172.21.15.5:3300/0 5 ==== osd_map(2..2 src has 1..2) v4 ==== 936+0+0 (secure 0 0 0) 0x7fc8d4049e40 con 0x7fc8dc102920
2024-05-06T12:20:45.510 INFO:teuthology.orchestra.run.smithi005.stdout:/usr/bin/ceph: stderr
2024-05-06T12:20:44.428+0000 7fc8dbfff700 1 --2- 172.21.15.5:0/3575720141 >> [v2:172.21.15.5:6800/3762747132,v1:172.21.15.5:6801/3762747132] conn(0x7fc8c4036790 0x7fc8c4038c40 unknown :-1 s=BANNER_CONNECTING pgs=0 cs=0 l=1 rev1=0 crypto rx=0 tx=0 comp rx=0 tx=0)._handle_peer_banner_payload supported=3 required=0
2024-05-06T12:20:45.510 INFO:teuthology.orchestra.run.smithi005.stdout:/usr/bin/ceph: stderr
2024-05-06T12:20:44.429+0000 7fc8dbfff700 1 --2- 172.21.15.5:0/3575720141 >> [v2:172.21.15.5:6800/3762747132,v1:172.21.15.5:6801/3762747132] conn(0x7fc8c4036790 0x7fc8c4038c40 secure :-1 s=READY pgs=13 cs=0 l=1 rev1=1 crypto rx=0x7fc8d0009990 tx=0x7fc8d0006e40 comp rx=0 tx=0).ready entity=mgr.14118 client_cookie=0 server_cookie=0 in_seq=0 out_seq=0
2024-05-06T12:20:45.510 INFO:teuthology.orchestra.run.smithi005.stdout:/usr/bin/ceph: stderr
2024-05-06T12:20:44.433+0000 7fc8d97fa700 1 -- 172.21.15.5:0/3575720141 <== mon.0 v2:172.21.15.5:3300/0 6 ==== mon_command_ack([{"prefix": "get_command_descriptions"}]=0 v0) v1 ==== 72+0+176702 (secure 0 0 0) 0x7fc8d4019910 con 0x7fc8dc102920
2024-05-06T12:20:45.511 INFO:teuthology.orchestra.run.smithi005.stdout:/usr/bin/ceph: stderr
2024-05-06T12:20:44.644+0000 7fc8e3032700 1 -- 172.21.15.5:0/3575720141 --> [v2:172.21.15.5:6800/3762747132,v1:172.21.15.5:6801/3762747132] -- mgr_command(tid 0: {"prefix": "orch apply", "service_type": "mgr", "target": ["mon-mgr", ""]}) v1 -- 0x7fc8dc0ff3f0 con 0x7fc8c4036790
2024-05-06T12:20:45.511 INFO:teuthology.orchestra.run.smithi005.stdout:/usr/bin/ceph: stderr
2024-05-06T12:20:44.648+0000 7fc8d97fa700 1 -- 172.21.15.5:0/3575720141 <== mgr.14118 v2:172.21.15.5:6800/3762747132 1 ==== mgr_command_reply(tid 0: 0 ) v1 ==== 8+0+24 (secure 0 0 0) 0x7fc8dc0ff3f0 con 0x7fc8c4036790
2024-05-06T12:20:45.511 INFO:teuthology.orchestra.run.smithi005.stdout:/usr/bin/ceph: stderr
2024-05-06T12:20:44.650+0000 7fc8e3032700 1 -- 172.21.15.5:0/3575720141 >> [v2:172.21.15.5:6800/3762747132,v1:172.21.15.5:6801/3762747132] conn(0x7fc8c4036790 msgr2=0x7fc8c4038c40 secure :-1 s=STATE_CONNECTION_ESTABLISHED l=1).mark_down
2024-05-06T12:20:45.511 INFO:teuthology.orchestra.run.smithi005.stdout:/usr/bin/ceph: stderr
2024-05-06T12:20:44.650+0000 7fc8e3032700 1 --2- 172.21.15.5:0/3575720141 >> [v2:172.21.15.5:6800/3762747132,v1:172.21.15.5:6801/3762747132] conn(0x7fc8c4036790 0x7fc8c4038c40 secure :-1 s=READY pgs=13 cs=0 l=1 rev1=1 crypto rx=0x7fc8d0009990 tx=0x7fc8d0006e40 comp rx=0 tx=0).stop
2024-05-06T12:20:45.511 INFO:teuthology.orchestra.run.smithi005.stdout:/usr/bin/ceph: stderr
2024-05-06T12:20:44.650+0000 7fc8e3032700 1 -- 172.21.15.5:0/3575720141 >> [v2:172.21.15.5:3300/0,v1:172.21.15.5:6789/0] conn(0x7fc8dc102920 msgr2=0x7fc8dc111720 secure :-1 s=STATE_CONNECTION_ESTABLISHED l=1).mark_down
2024-05-06T12:20:45.511 INFO:teuthology.orchestra.run.smithi005.stdout:/usr/bin/ceph: stderr
2024-05-06T12:20:44.650+0000 7fc8e3032700 1 --2- 172.21.15.5:0/3575720141 >> [v2:172.21.15.5:3300/0,v1:172.21.15.5:6789/0] conn(0x7fc8dc102920 0x7fc8dc111720 secure :-1 s=READY pgs=48 cs=0 l=1 rev1=1 crypto rx=0x7fc8d4012da0 tx=0x7fc8d4009840 comp rx=0 tx=0).stop
2024-05-06T12:20:45.511 INFO:teuthology.orchestra.run.smithi005.stdout:/usr/bin/ceph: stderr
2024-05-06T12:20:44.650+0000 7fc8e3032700 1 -- 172.21.15.5:0/3575720141 shutdown_connections
2024-05-06T12:20:45.511 INFO:teuthology.orchestra.run.smithi005.stdout:/usr/bin/ceph: stderr
2024-05-06T12:20:44.650+0000 7fc8e3032700 1 --2- 172.21.15.5:0/3575720141 >> [v2:172.21.15.5:6800/3762747132,v1:172.21.15.5:6801/3762747132] conn(0x7fc8c4036790 0x7fc8c4038c40 unknown :-1 s=CLOSED pgs=13 cs=0 l=1 rev1=1 crypto rx=0 tx=0 comp rx=0 tx=0).stop
2024-05-06T12:20:45.512 INFO:teuthology.orchestra.run.smithi005.stdout:/usr/bin/ceph: stderr
2024-05-06T12:20:44.650+0000 7fc8e3032700 1 --2- 172.21.15.5:0/3575720141 >> [v2:172.21.15.5:3300/0,v1:172.21.15.5:6789/0] conn(0x7fc8dc102920 0x7fc8dc111720 unknown :-1 s=CLOSED pgs=48 cs=0 l=1 rev1=1 crypto rx=0 tx=0 comp rx=0 tx=0).stop
2024-05-06T12:20:45.512 INFO:teuthology.orchestra.run.smithi005.stdout:/usr/bin/ceph: stderr
2024-05-06T12:20:44.650+0000 7fc8e3032700 1 -- 172.21.15.5:0/3575720141 >> 172.21.15.5:0/3575720141 conn(0x7fc8dc0fe0c0 msgr2=0x7fc8dc0fec80 unknown :-1 s=STATE_NONE l=0).mark_down
2024-05-06T12:20:45.512 INFO:teuthology.orchestra.run.smithi005.stdout:/usr/bin/ceph: stderr
2024-05-06T12:20:44.650+0000 7fc8e3032700 1 -- 172.21.15.5:0/3575720141 shutdown_connections
2024-05-06T12:20:45.512 INFO:teuthology.orchestra.run.smithi005.stdout:/usr/bin/ceph: stderr
2024-05-06T12:20:44.650+0000 7fc8e3032700 1 -- 172.21.15.5:0/3575720141 wait complete.
2024-05-06T12:20:45.512 INFO:teuthology.orchestra.run.smithi005.stdout:Deploying crash service with default placement...
2024-05-06T12:20:45.834 INFO:journalctl@ceph.mon.smithi005.smithi005.stdout:May 06 12:20:45 smithi005 ceph-mon[26996]: from='client.14142 -' entity='client.admin' cmd=[{"prefix": "orch apply", "service_type": "mgr", "target": ["mon-mgr", ""]}]: dispatch
2024-05-06T12:20:45.834 INFO:journalctl@ceph.mon.smithi005.smithi005.stdout:May 06 12:20:45 smithi005 ceph-mon[26996]: Saving service mgr spec with placement count:2
2024-05-06T12:20:45.835 INFO:journalctl@ceph.mon.smithi005.smithi005.stdout:May 06 12:20:45 smithi005 ceph-mon[26996]: from='mgr.14118 172.21.15.5:0/2319503430' entity='mgr.smithi005.jxxkec'
2024-05-06T12:20:46.998 INFO:teuthology.orchestra.run.smithi005.stdout:/usr/bin/ceph: stdout Scheduled crash update...
2024-05-06T12:20:46.999 INFO:teuthology.orchestra.run.smithi005.stdout:/usr/bin/ceph: stderr
2024-05-06T12:20:46.268+0000 7f75320f1700 1 Processor -- start
2024-05-06T12:20:46.999 INFO:teuthology.orchestra.run.smithi005.stdout:/usr/bin/ceph: stderr
2024-05-06T12:20:46.268+0000 7f75320f1700 1 -- start start
2024-05-06T12:20:46.999 INFO:teuthology.orchestra.run.smithi005.stdout:/usr/bin/ceph: stderr
2024-05-06T12:20:46.268+0000 7f75320f1700 1 --2- >> [v2:172.21.15.5:3300/0,v1:172.21.15.5:6789/0] conn(0x7f752c1017e0 0x7f752c101bf0 unknown :-1 s=NONE pgs=0 cs=0 l=0 rev1=0 crypto rx=0 tx=0 comp rx=0 tx=0).connect
2024-05-06T12:20:46.999 INFO:teuthology.orchestra.run.smithi005.stdout:/usr/bin/ceph: stderr
2024-05-06T12:20:46.268+0000 7f75320f1700 1 -- --> [v2:172.21.15.5:3300/0,v1:172.21.15.5:6789/0] -- mon_getmap magic: 0 v1 -- 0x7f752c102130 con 0x7f752c1017e0
2024-05-06T12:20:46.999 INFO:teuthology.orchestra.run.smithi005.stdout:/usr/bin/ceph: stderr
2024-05-06T12:20:46.268+0000 7f752b7fe700 1 --2- >> [v2:172.21.15.5:3300/0,v1:172.21.15.5:6789/0] conn(0x7f752c1017e0 0x7f752c101bf0 unknown :-1 s=BANNER_CONNECTING pgs=0 cs=0 l=0 rev1=0 crypto rx=0 tx=0 comp rx=0 tx=0)._handle_peer_banner_payload supported=3 required=0
2024-05-06T12:20:46.999 INFO:teuthology.orchestra.run.smithi005.stdout:/usr/bin/ceph: stderr
2024-05-06T12:20:46.268+0000 7f752b7fe700 1 --2- >> [v2:172.21.15.5:3300/0,v1:172.21.15.5:6789/0] conn(0x7f752c1017e0 0x7f752c101bf0 unknown :-1 s=HELLO_CONNECTING pgs=0 cs=0 l=0 rev1=1 crypto rx=0 tx=0 comp rx=0 tx=0).handle_hello peer v2:172.21.15.5:3300/0 says I am v2:172.21.15.5:57470/0 (socket says 172.21.15.5:57470)
2024-05-06T12:20:46.999 INFO:teuthology.orchestra.run.smithi005.stdout:/usr/bin/ceph: stderr
2024-05-06T12:20:46.268+0000 7f752b7fe700 1 -- 172.21.15.5:0/2464503246 learned_addr learned my addr 172.21.15.5:0/2464503246 (peer_addr_for_me v2:172.21.15.5:0/0)
2024-05-06T12:20:46.999 INFO:teuthology.orchestra.run.smithi005.stdout:/usr/bin/ceph: stderr
2024-05-06T12:20:46.269+0000 7f752b7fe700 1 -- 172.21.15.5:0/2464503246 --> [v2:172.21.15.5:3300/0,v1:172.21.15.5:6789/0] -- mon_subscribe({config=0+,monmap=0+}) v3 -- 0x7f752c102270 con 0x7f752c1017e0
2024-05-06T12:20:46.999 INFO:teuthology.orchestra.run.smithi005.stdout:/usr/bin/ceph: stderr
2024-05-06T12:20:46.269+0000 7f752b7fe700 1 --2- 172.21.15.5:0/2464503246 >> [v2:172.21.15.5:3300/0,v1:172.21.15.5:6789/0] conn(0x7f752c1017e0 0x7f752c101bf0 secure :-1 s=READY pgs=49 cs=0 l=1 rev1=1 crypto rx=0x7f751c009e50 tx=0x7f751c009840 comp rx=0 tx=0).ready entity=mon.0 client_cookie=c37e52b9a6dc2f23 server_cookie=0 in_seq=0 out_seq=0
2024-05-06T12:20:46.999 INFO:teuthology.orchestra.run.smithi005.stdout:/usr/bin/ceph: stderr
2024-05-06T12:20:46.269+0000 7f752a7fc700 1 -- 172.21.15.5:0/2464503246 <== mon.0 v2:172.21.15.5:3300/0 1 ==== mon_map magic: 0 v1 ==== 229+0+0 (secure 0 0 0) 0x7f751c0092e0 con 0x7f752c1017e0
2024-05-06T12:20:46.999 INFO:teuthology.orchestra.run.smithi005.stdout:/usr/bin/ceph: stderr
2024-05-06T12:20:46.269+0000 7f752a7fc700 1 -- 172.21.15.5:0/2464503246 <== mon.0 v2:172.21.15.5:3300/0 2 ==== config(27 keys) v1 ==== 1109+0+0 (secure 0 0 0) 0x7f751c012430 con 0x7f752c1017e0
2024-05-06T12:20:46.999 INFO:teuthology.orchestra.run.smithi005.stdout:/usr/bin/ceph: stderr
2024-05-06T12:20:46.269+0000 7f752a7fc700 1 -- 172.21.15.5:0/2464503246 <== mon.0 v2:172.21.15.5:3300/0 3 ==== mon_map magic: 0 v1 ==== 229+0+0 (secure 0 0 0) 0x7f751c0075a0 con 0x7f752c1017e0
2024-05-06T12:20:46.999 INFO:teuthology.orchestra.run.smithi005.stdout:/usr/bin/ceph: stderr
2024-05-06T12:20:46.270+0000 7f75320f1700 1 -- 172.21.15.5:0/2464503246 >> [v2:172.21.15.5:3300/0,v1:172.21.15.5:6789/0] conn(0x7f752c1017e0 msgr2=0x7f752c101bf0 secure :-1 s=STATE_CONNECTION_ESTABLISHED l=1).mark_down
2024-05-06T12:20:46.999 INFO:teuthology.orchestra.run.smithi005.stdout:/usr/bin/ceph: stderr
2024-05-06T12:20:46.270+0000 7f75320f1700 1 --2- 172.21.15.5:0/2464503246 >> [v2:172.21.15.5:3300/0,v1:172.21.15.5:6789/0] conn(0x7f752c1017e0 0x7f752c101bf0 secure :-1 s=READY pgs=49 cs=0 l=1 rev1=1 crypto rx=0x7f751c009e50 tx=0x7f751c009840 comp rx=0 tx=0).stop
2024-05-06T12:20:47.000 INFO:teuthology.orchestra.run.smithi005.stdout:/usr/bin/ceph: stderr
2024-05-06T12:20:46.270+0000 7f75320f1700 1 -- 172.21.15.5:0/2464503246 shutdown_connections
2024-05-06T12:20:47.000 INFO:teuthology.orchestra.run.smithi005.stdout:/usr/bin/ceph: stderr
2024-05-06T12:20:46.270+0000 7f75320f1700 1 --2- 172.21.15.5:0/2464503246 >> [v2:172.21.15.5:3300/0,v1:172.21.15.5:6789/0] conn(0x7f752c1017e0 0x7f752c101bf0 unknown :-1 s=CLOSED pgs=49 cs=0 l=1 rev1=1 crypto rx=0 tx=0 comp rx=0 tx=0).stop
2024-05-06T12:20:47.000 INFO:teuthology.orchestra.run.smithi005.stdout:/usr/bin/ceph: stderr
2024-05-06T12:20:46.270+0000 7f75320f1700 1 -- 172.21.15.5:0/2464503246 >> 172.21.15.5:0/2464503246 conn(0x7f752c0fcf40 msgr2=0x7f752c0ff370 unknown :-1 s=STATE_NONE l=0).mark_down
2024-05-06T12:20:47.000 INFO:teuthology.orchestra.run.smithi005.stdout:/usr/bin/ceph: stderr
2024-05-06T12:20:46.270+0000 7f75320f1700 1 -- 172.21.15.5:0/2464503246 shutdown_connections
2024-05-06T12:20:47.000 INFO:teuthology.orchestra.run.smithi005.stdout:/usr/bin/ceph: stderr
2024-05-06T12:20:46.270+0000 7f75320f1700 1 -- 172.21.15.5:0/2464503246 wait complete.
2024-05-06T12:20:47.000 INFO:teuthology.orchestra.run.smithi005.stdout:/usr/bin/ceph: stderr
2024-05-06T12:20:46.270+0000 7f75320f1700 1 Processor -- start
2024-05-06T12:20:47.000 INFO:teuthology.orchestra.run.smithi005.stdout:/usr/bin/ceph: stderr
2024-05-06T12:20:46.271+0000 7f75320f1700 1 -- start start
2024-05-06T12:20:47.000 INFO:teuthology.orchestra.run.smithi005.stdout:/usr/bin/ceph: stderr
2024-05-06T12:20:46.271+0000 7f75320f1700 1 --2- >> [v2:172.21.15.5:3300/0,v1:172.21.15.5:6789/0] conn(0x7f752c1017e0 0x7f752c111800 unknown :-1 s=NONE pgs=0 cs=0 l=1 rev1=0 crypto rx=0 tx=0 comp rx=0 tx=0).connect
2024-05-06T12:20:47.000 INFO:teuthology.orchestra.run.smithi005.stdout:/usr/bin/ceph: stderr
2024-05-06T12:20:46.271+0000 7f75320f1700 1 -- --> [v2:172.21.15.5:3300/0,v1:172.21.15.5:6789/0] -- mon_getmap magic: 0 v1 -- 0x7f752c111d40 con 0x7f752c1017e0
2024-05-06T12:20:47.000 INFO:teuthology.orchestra.run.smithi005.stdout:/usr/bin/ceph: stderr
2024-05-06T12:20:46.271+0000 7f752b7fe700 1 --2- >> [v2:172.21.15.5:3300/0,v1:172.21.15.5:6789/0] conn(0x7f752c1017e0 0x7f752c111800 unknown :-1 s=BANNER_CONNECTING pgs=0 cs=0 l=1 rev1=0 crypto rx=0 tx=0 comp rx=0 tx=0)._handle_peer_banner_payload supported=3 required=0
2024-05-06T12:20:47.000 INFO:teuthology.orchestra.run.smithi005.stdout:/usr/bin/ceph: stderr
2024-05-06T12:20:46.271+0000 7f752b7fe700 1 --2- >> [v2:172.21.15.5:3300/0,v1:172.21.15.5:6789/0] conn(0x7f752c1017e0 0x7f752c111800 unknown :-1 s=HELLO_CONNECTING pgs=0 cs=0 l=1 rev1=1 crypto rx=0 tx=0 comp rx=0 tx=0).handle_hello peer v2:172.21.15.5:3300/0 says I am v2:172.21.15.5:57482/0 (socket says 172.21.15.5:57482)
2024-05-06T12:20:47.000 INFO:teuthology.orchestra.run.smithi005.stdout:/usr/bin/ceph: stderr
2024-05-06T12:20:46.271+0000 7f752b7fe700 1 -- 172.21.15.5:0/4102671741 learned_addr learned my addr 172.21.15.5:0/4102671741 (peer_addr_for_me v2:172.21.15.5:0/0)
2024-05-06T12:20:47.000 INFO:teuthology.orchestra.run.smithi005.stdout:/usr/bin/ceph: stderr
2024-05-06T12:20:46.271+0000 7f752b7fe700 1 -- 172.21.15.5:0/4102671741 --> [v2:172.21.15.5:3300/0,v1:172.21.15.5:6789/0] -- mon_subscribe({config=0+,monmap=0+}) v3 -- 0x7f751c009ae0 con 0x7f752c1017e0
2024-05-06T12:20:47.000 INFO:teuthology.orchestra.run.smithi005.stdout:/usr/bin/ceph: stderr
2024-05-06T12:20:46.271+0000 7f752b7fe700 1 --2- 172.21.15.5:0/4102671741 >> [v2:172.21.15.5:3300/0,v1:172.21.15.5:6789/0] conn(0x7f752c1017e0 0x7f752c111800 secure :-1 s=READY pgs=50 cs=0 l=1 rev1=1 crypto rx=0x7f751c012de0 tx=0x7f751c009840 comp rx=0 tx=0).ready entity=mon.0 client_cookie=0 server_cookie=0 in_seq=0 out_seq=0
2024-05-06T12:20:47.001 INFO:teuthology.orchestra.run.smithi005.stdout:/usr/bin/ceph: stderr
2024-05-06T12:20:46.271+0000 7f7523fff700 1 -- 172.21.15.5:0/4102671741 <== mon.0 v2:172.21.15.5:3300/0 1 ==== mon_map magic: 0 v1 ==== 229+0+0 (secure 0 0 0) 0x7f751c0092e0 con 0x7f752c1017e0
2024-05-06T12:20:47.001 INFO:teuthology.orchestra.run.smithi005.stdout:/usr/bin/ceph: stderr
2024-05-06T12:20:46.271+0000 7f7523fff700 1 -- 172.21.15.5:0/4102671741 <== mon.0 v2:172.21.15.5:3300/0 2 ==== config(27 keys) v1 ==== 1109+0+0 (secure 0 0 0) 0x7f751c007ce0 con 0x7f752c1017e0
2024-05-06T12:20:47.001 INFO:teuthology.orchestra.run.smithi005.stdout:/usr/bin/ceph: stderr
2024-05-06T12:20:46.272+0000 7f75320f1700 1 -- 172.21.15.5:0/4102671741 --> [v2:172.21.15.5:3300/0,v1:172.21.15.5:6789/0] -- mon_subscribe({mgrmap=0+}) v3 -- 0x7f752c111f40 con 0x7f752c1017e0
2024-05-06T12:20:47.001 INFO:teuthology.orchestra.run.smithi005.stdout:/usr/bin/ceph: stderr
2024-05-06T12:20:46.272+0000 7f7523fff700 1 -- 172.21.15.5:0/4102671741 <== mon.0 v2:172.21.15.5:3300/0 3 ==== mon_map magic: 0 v1 ==== 229+0+0 (secure 0 0 0) 0x7f751c025930 con 0x7f752c1017e0
2024-05-06T12:20:47.001 INFO:teuthology.orchestra.run.smithi005.stdout:/usr/bin/ceph: stderr
2024-05-06T12:20:46.272+0000 7f75320f1700 1 -- 172.21.15.5:0/4102671741 --> [v2:172.21.15.5:3300/0,v1:172.21.15.5:6789/0] -- mon_subscribe({osdmap=0}) v3 -- 0x7f752c112ab0 con 0x7f752c1017e0
2024-05-06T12:20:47.001 INFO:teuthology.orchestra.run.smithi005.stdout:/usr/bin/ceph: stderr
2024-05-06T12:20:46.273+0000 7f7523fff700 1 -- 172.21.15.5:0/4102671741 <== mon.0 v2:172.21.15.5:3300/0 4 ==== mgrmap(e 8) v1 ==== 43376+0+0 (secure 0 0 0) 0x7f751c019050 con 0x7f752c1017e0
2024-05-06T12:20:47.001 INFO:teuthology.orchestra.run.smithi005.stdout:/usr/bin/ceph: stderr
2024-05-06T12:20:46.273+0000 7f75320f1700 1 -- 172.21.15.5:0/4102671741 --> [v2:172.21.15.5:3300/0,v1:172.21.15.5:6789/0] -- mon_command({"prefix": "get_command_descriptions"} v 0) v1 -- 0x7f752c05f5c0 con 0x7f752c1017e0
2024-05-06T12:20:47.001 INFO:teuthology.orchestra.run.smithi005.stdout:/usr/bin/ceph: stderr
2024-05-06T12:20:46.273+0000 7f7523fff700 1 --2- 172.21.15.5:0/4102671741 >> [v2:172.21.15.5:6800/3762747132,v1:172.21.15.5:6801/3762747132] conn(0x7f75180367e0 0x7f7518038c90 unknown :-1 s=NONE pgs=0 cs=0 l=1 rev1=0 crypto rx=0 tx=0 comp rx=0 tx=0).connect
2024-05-06T12:20:47.001 INFO:teuthology.orchestra.run.smithi005.stdout:/usr/bin/ceph: stderr
2024-05-06T12:20:46.273+0000 7f7523fff700 1 -- 172.21.15.5:0/4102671741 <== mon.0 v2:172.21.15.5:3300/0 5 ==== osd_map(2..2 src has 1..2) v4 ==== 936+0+0 (secure 0 0 0) 0x7f751c04a250 con 0x7f752c1017e0
2024-05-06T12:20:47.001 INFO:teuthology.orchestra.run.smithi005.stdout:/usr/bin/ceph: stderr
2024-05-06T12:20:46.273+0000 7f752affd700 1 --2- 172.21.15.5:0/4102671741 >> [v2:172.21.15.5:6800/3762747132,v1:172.21.15.5:6801/3762747132] conn(0x7f75180367e0 0x7f7518038c90 unknown :-1 s=BANNER_CONNECTING pgs=0 cs=0 l=1 rev1=0 crypto rx=0 tx=0 comp rx=0 tx=0)._handle_peer_banner_payload supported=3 required=0
2024-05-06T12:20:47.001 INFO:teuthology.orchestra.run.smithi005.stdout:/usr/bin/ceph: stderr
2024-05-06T12:20:46.273+0000 7f752affd700 1 --2- 172.21.15.5:0/4102671741 >> [v2:172.21.15.5:6800/3762747132,v1:172.21.15.5:6801/3762747132] conn(0x7f75180367e0 0x7f7518038c90 secure :-1 s=READY pgs=14 cs=0 l=1 rev1=1 crypto rx=0x7f7514009990 tx=0x7f7514006e40 comp rx=0 tx=0).ready entity=mgr.14118 client_cookie=0 server_cookie=0 in_seq=0 out_seq=0
2024-05-06T12:20:47.001 INFO:teuthology.orchestra.run.smithi005.stdout:/usr/bin/ceph: stderr
2024-05-06T12:20:46.278+0000 7f7523fff700 1 -- 172.21.15.5:0/4102671741 <== mon.0 v2:172.21.15.5:3300/0 6 ==== mon_command_ack([{"prefix": "get_command_descriptions"}]=0 v0) v1 ==== 72+0+176702 (secure 0 0 0) 0x7f751c02d9a0 con 0x7f752c1017e0
2024-05-06T12:20:47.001 INFO:teuthology.orchestra.run.smithi005.stdout:/usr/bin/ceph: stderr
2024-05-06T12:20:46.495+0000 7f75320f1700 1 -- 172.21.15.5:0/4102671741 --> [v2:172.21.15.5:6800/3762747132,v1:172.21.15.5:6801/3762747132] -- mgr_command(tid 0: {"prefix": "orch apply", "service_type": "crash", "target": ["mon-mgr", ""]}) v1 -- 0x7f752c113630 con 0x7f75180367e0
2024-05-06T12:20:47.001 INFO:teuthology.orchestra.run.smithi005.stdout:/usr/bin/ceph: stderr
2024-05-06T12:20:46.499+0000 7f7523fff700 1 -- 172.21.15.5:0/4102671741 <== mgr.14118 v2:172.21.15.5:6800/3762747132 1 ==== mgr_command_reply(tid 0: 0 ) v1 ==== 8+0+26 (secure 0 0 0) 0x7f752c113630 con 0x7f75180367e0
2024-05-06T12:20:47.002 INFO:teuthology.orchestra.run.smithi005.stdout:/usr/bin/ceph: stderr
2024-05-06T12:20:46.501+0000 7f75320f1700 1 -- 172.21.15.5:0/4102671741 >> [v2:172.21.15.5:6800/3762747132,v1:172.21.15.5:6801/3762747132] conn(0x7f75180367e0 msgr2=0x7f7518038c90 secure :-1 s=STATE_CONNECTION_ESTABLISHED l=1).mark_down
2024-05-06T12:20:47.002 INFO:teuthology.orchestra.run.smithi005.stdout:/usr/bin/ceph: stderr
2024-05-06T12:20:46.502+0000 7f75320f1700 1 --2- 172.21.15.5:0/4102671741 >> [v2:172.21.15.5:6800/3762747132,v1:172.21.15.5:6801/3762747132] conn(0x7f75180367e0 0x7f7518038c90 secure :-1 s=READY pgs=14 cs=0 l=1 rev1=1 crypto rx=0x7f7514009990 tx=0x7f7514006e40 comp rx=0 tx=0).stop
2024-05-06T12:20:47.002 INFO:teuthology.orchestra.run.smithi005.stdout:/usr/bin/ceph: stderr
2024-05-06T12:20:46.502+0000 7f75320f1700 1 -- 172.21.15.5:0/4102671741 >> [v2:172.21.15.5:3300/0,v1:172.21.15.5:6789/0] conn(0x7f752c1017e0 msgr2=0x7f752c111800 secure :-1 s=STATE_CONNECTION_ESTABLISHED l=1).mark_down
2024-05-06T12:20:47.002 INFO:teuthology.orchestra.run.smithi005.stdout:/usr/bin/ceph: stderr
2024-05-06T12:20:46.502+0000 7f75320f1700 1 --2- 172.21.15.5:0/4102671741 >> [v2:172.21.15.5:3300/0,v1:172.21.15.5:6789/0] conn(0x7f752c1017e0 0x7f752c111800 secure :-1 s=READY pgs=50 cs=0 l=1 rev1=1 crypto rx=0x7f751c012de0 tx=0x7f751c009840 comp rx=0 tx=0).stop
2024-05-06T12:20:47.002 INFO:teuthology.orchestra.run.smithi005.stdout:/usr/bin/ceph: stderr
2024-05-06T12:20:46.502+0000 7f75320f1700 1 -- 172.21.15.5:0/4102671741 shutdown_connections
2024-05-06T12:20:47.002 INFO:teuthology.orchestra.run.smithi005.stdout:/usr/bin/ceph: stderr
2024-05-06T12:20:46.502+0000 7f75320f1700 1 --2- 172.21.15.5:0/4102671741 >> [v2:172.21.15.5:6800/3762747132,v1:172.21.15.5:6801/3762747132] conn(0x7f75180367e0 0x7f7518038c90 unknown :-1 s=CLOSED pgs=14 cs=0 l=1 rev1=1 crypto rx=0 tx=0 comp rx=0 tx=0).stop
2024-05-06T12:20:47.002 INFO:teuthology.orchestra.run.smithi005.stdout:/usr/bin/ceph: stderr
2024-05-06T12:20:46.502+0000 7f75320f1700 1 --2- 172.21.15.5:0/4102671741 >> [v2:172.21.15.5:3300/0,v1:172.21.15.5:6789/0] conn(0x7f752c1017e0 0x7f752c111800 unknown :-1 s=CLOSED pgs=50 cs=0 l=1 rev1=1 crypto rx=0 tx=0 comp rx=0 tx=0).stop
2024-05-06T12:20:47.002 INFO:teuthology.orchestra.run.smithi005.stdout:/usr/bin/ceph: stderr
2024-05-06T12:20:46.502+0000 7f75320f1700 1 -- 172.21.15.5:0/4102671741 >> 172.21.15.5:0/4102671741 conn(0x7f752c0fcf40 msgr2=0x7f752c0fdf10 unknown :-1 s=STATE_NONE l=0).mark_down
2024-05-06T12:20:47.002 INFO:teuthology.orchestra.run.smithi005.stdout:/usr/bin/ceph: stderr
2024-05-06T12:20:46.502+0000 7f75320f1700 1 -- 172.21.15.5:0/4102671741 shutdown_connections
2024-05-06T12:20:47.002 INFO:teuthology.orchestra.run.smithi005.stdout:/usr/bin/ceph: stderr
2024-05-06T12:20:46.502+0000 7f75320f1700 1 -- 172.21.15.5:0/4102671741 wait complete.
2024-05-06T12:20:47.002 INFO:teuthology.orchestra.run.smithi005.stdout:Deploying prometheus service with default placement...
2024-05-06T12:20:47.085 INFO:journalctl@ceph.mon.smithi005.smithi005.stdout:May 06 12:20:46 smithi005 ceph-mon[26996]: from='mgr.14118 172.21.15.5:0/2319503430' entity='mgr.smithi005.jxxkec'
2024-05-06T12:20:47.085 INFO:journalctl@ceph.mon.smithi005.smithi005.stdout:May 06 12:20:46 smithi005 ceph-mon[26996]: from='mgr.14118 172.21.15.5:0/2319503430' entity='mgr.smithi005.jxxkec'
2024-05-06T12:20:47.085 INFO:journalctl@ceph.mon.smithi005.smithi005.stdout:May 06 12:20:46 smithi005 ceph-mon[26996]: from='client.14144 -' entity='client.admin' cmd=[{"prefix": "orch apply", "service_type": "crash", "target": ["mon-mgr", ""]}]: dispatch
2024-05-06T12:20:47.085 INFO:journalctl@ceph.mon.smithi005.smithi005.stdout:May 06 12:20:46 smithi005 ceph-mon[26996]: Saving service crash spec with placement *
2024-05-06T12:20:47.085 INFO:journalctl@ceph.mon.smithi005.smithi005.stdout:May 06 12:20:46 smithi005 ceph-mon[26996]: from='mgr.14118 172.21.15.5:0/2319503430' entity='mgr.smithi005.jxxkec'
2024-05-06T12:20:48.290 INFO:teuthology.orchestra.run.smithi005.stdout:/usr/bin/ceph: stdout Scheduled prometheus update...
2024-05-06T12:20:48.290 INFO:teuthology.orchestra.run.smithi005.stdout:/usr/bin/ceph: stderr
2024-05-06T12:20:47.470+0000 7ffbbe617700 1 Processor -- start
2024-05-06T12:20:48.290 INFO:teuthology.orchestra.run.smithi005.stdout:/usr/bin/ceph: stderr
2024-05-06T12:20:47.470+0000 7ffbbe617700 1 -- start start
2024-05-06T12:20:48.290 INFO:teuthology.orchestra.run.smithi005.stdout:/usr/bin/ceph: stderr
2024-05-06T12:20:47.470+0000 7ffbbe617700 1 --2- >> [v2:172.21.15.5:3300/0,v1:172.21.15.5:6789/0] conn(0x7ffbb8101dd0 0x7ffbb81021e0 unknown :-1 s=NONE pgs=0 cs=0 l=0 rev1=0 crypto rx=0 tx=0 comp rx=0 tx=0).connect
2024-05-06T12:20:48.290 INFO:teuthology.orchestra.run.smithi005.stdout:/usr/bin/ceph: stderr
2024-05-06T12:20:47.470+0000 7ffbbe617700 1 -- --> [v2:172.21.15.5:3300/0,v1:172.21.15.5:6789/0] -- mon_getmap magic: 0 v1 -- 0x7ffbb8102720 con 0x7ffbb8101dd0
2024-05-06T12:20:48.290 INFO:teuthology.orchestra.run.smithi005.stdout:/usr/bin/ceph: stderr
2024-05-06T12:20:47.470+0000 7ffbb7fff700 1 --2- >> [v2:172.21.15.5:3300/0,v1:172.21.15.5:6789/0] conn(0x7ffbb8101dd0 0x7ffbb81021e0 unknown :-1 s=BANNER_CONNECTING pgs=0 cs=0 l=0 rev1=0 crypto rx=0 tx=0 comp rx=0 tx=0)._handle_peer_banner_payload supported=3 required=0
2024-05-06T12:20:48.290 INFO:teuthology.orchestra.run.smithi005.stdout:/usr/bin/ceph: stderr
2024-05-06T12:20:47.470+0000 7ffbb7fff700 1 --2- >> [v2:172.21.15.5:3300/0,v1:172.21.15.5:6789/0] conn(0x7ffbb8101dd0 0x7ffbb81021e0 unknown :-1 s=HELLO_CONNECTING pgs=0 cs=0 l=0 rev1=1 crypto rx=0 tx=0 comp rx=0 tx=0).handle_hello peer v2:172.21.15.5:3300/0 says I am v2:172.21.15.5:57484/0 (socket says 172.21.15.5:57484)
2024-05-06T12:20:48.290 INFO:teuthology.orchestra.run.smithi005.stdout:/usr/bin/ceph: stderr
2024-05-06T12:20:47.470+0000 7ffbb7fff700 1 -- 172.21.15.5:0/1885605754 learned_addr learned my addr 172.21.15.5:0/1885605754 (peer_addr_for_me v2:172.21.15.5:0/0)
2024-05-06T12:20:48.291 INFO:teuthology.orchestra.run.smithi005.stdout:/usr/bin/ceph: stderr
2024-05-06T12:20:47.471+0000 7ffbb7fff700 1 -- 172.21.15.5:0/1885605754 --> [v2:172.21.15.5:3300/0,v1:172.21.15.5:6789/0] -- mon_subscribe({config=0+,monmap=0+}) v3 -- 0x7ffbb8102860 con 0x7ffbb8101dd0
2024-05-06T12:20:48.291 INFO:teuthology.orchestra.run.smithi005.stdout:/usr/bin/ceph: stderr
