2024-05-06T12:41:20.629 INFO:teuthology.orchestra.run.smithi077.stdout:/usr/bin/ceph: stderr
2024-05-06T12:41:19.071+0000 7f37b7d16700 1 -- 172.21.15.77:0/511396518 wait complete.
2024-05-06T12:41:20.629 INFO:teuthology.orchestra.run.smithi077.stdout:/usr/bin/ceph: stderr
2024-05-06T12:41:19.071+0000 7f37b7d16700 1 Processor -- start
2024-05-06T12:41:20.629 INFO:teuthology.orchestra.run.smithi077.stdout:/usr/bin/ceph: stderr
2024-05-06T12:41:19.071+0000 7f37b7d16700 1 -- start start
2024-05-06T12:41:20.629 INFO:teuthology.orchestra.run.smithi077.stdout:/usr/bin/ceph: stderr
2024-05-06T12:41:19.072+0000 7f37b7d16700 1 --2- >> [v2:172.21.15.77:3300/0,v1:172.21.15.77:6789/0] conn(0x7f37b0102870 0x7f37b01115e0 unknown :-1 s=NONE pgs=0 cs=0 l=1 rev1=0 crypto rx=0 tx=0 comp rx=0 tx=0).connect
2024-05-06T12:41:20.629 INFO:teuthology.orchestra.run.smithi077.stdout:/usr/bin/ceph: stderr
2024-05-06T12:41:19.072+0000 7f37b7d16700 1 -- --> [v2:172.21.15.77:3300/0,v1:172.21.15.77:6789/0] -- mon_getmap magic: 0 v1 -- 0x7f37b0111b20 con 0x7f37b0102870
2024-05-06T12:41:20.629 INFO:teuthology.orchestra.run.smithi077.stdout:/usr/bin/ceph: stderr
2024-05-06T12:41:19.072+0000 7f37b5ab2700 1 --2- >> [v2:172.21.15.77:3300/0,v1:172.21.15.77:6789/0] conn(0x7f37b0102870 0x7f37b01115e0 unknown :-1 s=BANNER_CONNECTING pgs=0 cs=0 l=1 rev1=0 crypto rx=0 tx=0 comp rx=0 tx=0)._handle_peer_banner_payload supported=3 required=0
2024-05-06T12:41:20.629 INFO:teuthology.orchestra.run.smithi077.stdout:/usr/bin/ceph: stderr
2024-05-06T12:41:19.072+0000 7f37b5ab2700 1 --2- >> [v2:172.21.15.77:3300/0,v1:172.21.15.77:6789/0] conn(0x7f37b0102870 0x7f37b01115e0 unknown :-1 s=HELLO_CONNECTING pgs=0 cs=0 l=1 rev1=1 crypto rx=0 tx=0 comp rx=0 tx=0).handle_hello peer v2:172.21.15.77:3300/0 says I am v2:172.21.15.77:55932/0 (socket says 172.21.15.77:55932)
2024-05-06T12:41:20.629 INFO:teuthology.orchestra.run.smithi077.stdout:/usr/bin/ceph: stderr
2024-05-06T12:41:19.072+0000 7f37b5ab2700 1 -- 172.21.15.77:0/4288960337 learned_addr learned my addr 172.21.15.77:0/4288960337 (peer_addr_for_me v2:172.21.15.77:0/0)
2024-05-06T12:41:20.629 INFO:teuthology.orchestra.run.smithi077.stdout:/usr/bin/ceph: stderr
2024-05-06T12:41:19.072+0000 7f37b5ab2700 1 -- 172.21.15.77:0/4288960337 --> [v2:172.21.15.77:3300/0,v1:172.21.15.77:6789/0] -- mon_subscribe({config=0+,monmap=0+}) v3 -- 0x7f37ac0094f0 con 0x7f37b0102870
2024-05-06T12:41:20.629 INFO:teuthology.orchestra.run.smithi077.stdout:/usr/bin/ceph: stderr
2024-05-06T12:41:19.072+0000 7f37b5ab2700 1 --2- 172.21.15.77:0/4288960337 >> [v2:172.21.15.77:3300/0,v1:172.21.15.77:6789/0] conn(0x7f37b0102870 0x7f37b01115e0 secure :-1 s=READY pgs=83 cs=0 l=1 rev1=1 crypto rx=0x7f37ac011680 tx=0x7f37ac009250 comp rx=0 tx=0).ready entity=mon.0 client_cookie=0 server_cookie=0 in_seq=0 out_seq=0
2024-05-06T12:41:20.629 INFO:teuthology.orchestra.run.smithi077.stdout:/usr/bin/ceph: stderr
2024-05-06T12:41:19.072+0000 7f37a67fc700 1 -- 172.21.15.77:0/4288960337 <== mon.0 v2:172.21.15.77:3300/0 1 ==== mon_map magic: 0 v1 ==== 229+0+0 (secure 0 0 0) 0x7f37ac010890 con 0x7f37b0102870
2024-05-06T12:41:20.629 INFO:teuthology.orchestra.run.smithi077.stdout:/usr/bin/ceph: stderr
2024-05-06T12:41:19.072+0000 7f37a67fc700 1 -- 172.21.15.77:0/4288960337 <== mon.0 v2:172.21.15.77:3300/0 2 ==== config(27 keys) v1 ==== 1109+0+0 (secure 0 0 0) 0x7f37ac010ec0 con 0x7f37b0102870
2024-05-06T12:41:20.629 INFO:teuthology.orchestra.run.smithi077.stdout:/usr/bin/ceph: stderr
2024-05-06T12:41:19.072+0000 7f37a67fc700 1 -- 172.21.15.77:0/4288960337 <== mon.0 v2:172.21.15.77:3300/0 3 ==== mon_map magic: 0 v1 ==== 229+0+0 (secure 0 0 0) 0x7f37ac0243f0 con 0x7f37b0102870
2024-05-06T12:41:20.629 INFO:teuthology.orchestra.run.smithi077.stdout:/usr/bin/ceph: stderr
2024-05-06T12:41:19.072+0000 7f37b7d16700 1 -- 172.21.15.77:0/4288960337 --> [v2:172.21.15.77:3300/0,v1:172.21.15.77:6789/0] -- mon_subscribe({mgrmap=0+}) v3 -- 0x7f37b0111d20 con 0x7f37b0102870
2024-05-06T12:41:20.629 INFO:teuthology.orchestra.run.smithi077.stdout:/usr/bin/ceph: stderr
2024-05-06T12:41:19.072+0000 7f37b7d16700 1 -- 172.21.15.77:0/4288960337 --> [v2:172.21.15.77:3300/0,v1:172.21.15.77:6789/0] -- mon_subscribe({osdmap=0}) v3 -- 0x7f37b0112890 con 0x7f37b0102870
2024-05-06T12:41:20.630 INFO:teuthology.orchestra.run.smithi077.stdout:/usr/bin/ceph: stderr
2024-05-06T12:41:19.073+0000 7f37a67fc700 1 -- 172.21.15.77:0/4288960337 <== mon.0 v2:172.21.15.77:3300/0 4 ==== mgrmap(e 12) v1 ==== 43389+0+0 (secure 0 0 0) 0x7f37ac02d3f0 con 0x7f37b0102870
2024-05-06T12:41:20.630 INFO:teuthology.orchestra.run.smithi077.stdout:/usr/bin/ceph: stderr
2024-05-06T12:41:19.073+0000 7f37a67fc700 1 --2- 172.21.15.77:0/4288960337 >> [v2:172.21.15.77:6800/2930684791,v1:172.21.15.77:6801/2930684791] conn(0x7f379c0368a0 0x7f379c038d50 unknown :-1 s=NONE pgs=0 cs=0 l=1 rev1=0 crypto rx=0 tx=0 comp rx=0 tx=0).connect
2024-05-06T12:41:20.630 INFO:teuthology.orchestra.run.smithi077.stdout:/usr/bin/ceph: stderr
2024-05-06T12:41:19.073+0000 7f37a67fc700 1 -- 172.21.15.77:0/4288960337 <== mon.0 v2:172.21.15.77:3300/0 5 ==== osd_map(3..3 src has 1..3) v4 ==== 1151+0+0 (secure 0 0 0) 0x7f37ac04a3a0 con 0x7f37b0102870
2024-05-06T12:41:20.630 INFO:teuthology.orchestra.run.smithi077.stdout:/usr/bin/ceph: stderr
2024-05-06T12:41:19.073+0000 7f37b52b1700 1 --2- 172.21.15.77:0/4288960337 >> [v2:172.21.15.77:6800/2930684791,v1:172.21.15.77:6801/2930684791] conn(0x7f379c0368a0 0x7f379c038d50 unknown :-1 s=BANNER_CONNECTING pgs=0 cs=0 l=1 rev1=0 crypto rx=0 tx=0 comp rx=0 tx=0)._handle_peer_banner_payload supported=3 required=0
2024-05-06T12:41:20.630 INFO:teuthology.orchestra.run.smithi077.stdout:/usr/bin/ceph: stderr
2024-05-06T12:41:19.074+0000 7f37b7d16700 1 -- 172.21.15.77:0/4288960337 --> [v2:172.21.15.77:3300/0,v1:172.21.15.77:6789/0] -- mon_command({"prefix": "get_command_descriptions"} v 0) v1 -- 0x7f37b005f5c0 con 0x7f37b0102870
2024-05-06T12:41:20.630 INFO:teuthology.orchestra.run.smithi077.stdout:/usr/bin/ceph: stderr
2024-05-06T12:41:19.074+0000 7f37b52b1700 1 --2- 172.21.15.77:0/4288960337 >> [v2:172.21.15.77:6800/2930684791,v1:172.21.15.77:6801/2930684791] conn(0x7f379c0368a0 0x7f379c038d50 secure :-1 s=READY pgs=8 cs=0 l=1 rev1=1 crypto rx=0x7f37a0009990 tx=0x7f37a0006e40 comp rx=0 tx=0).ready entity=mgr.14162 client_cookie=0 server_cookie=0 in_seq=0 out_seq=0
2024-05-06T12:41:20.630 INFO:teuthology.orchestra.run.smithi077.stdout:/usr/bin/ceph: stderr
2024-05-06T12:41:19.079+0000 7f37a67fc700 1 -- 172.21.15.77:0/4288960337 <== mon.0 v2:172.21.15.77:3300/0 6 ==== mon_command_ack([{"prefix": "get_command_descriptions"}]=0 v0) v1 ==== 72+0+176702 (secure 0 0 0) 0x7f37ac02b8e0 con 0x7f37b0102870
2024-05-06T12:41:20.630 INFO:teuthology.orchestra.run.smithi077.stdout:/usr/bin/ceph: stderr
2024-05-06T12:41:19.284+0000 7f37b7d16700 1 -- 172.21.15.77:0/4288960337 --> [v2:172.21.15.77:6800/2930684791,v1:172.21.15.77:6801/2930684791] -- mgr_command(tid 0: {"prefix": "dashboard ac-user-create", "username": "admin", "rolename": "administrator", "force_password": true, "pwd_update_required": true, "target": ["mon-mgr", ""]}) v1 -- 0x7f37b005f3b0 con 0x7f379c0368a0
2024-05-06T12:41:20.630 INFO:teuthology.orchestra.run.smithi077.stdout:/usr/bin/ceph: stderr
2024-05-06T12:41:19.507+0000 7f37a67fc700 1 -- 172.21.15.77:0/4288960337 <== mgr.14162 v2:172.21.15.77:6800/2930684791 1 ==== mgr_command_reply(tid 0: 0 ) v1 ==== 8+0+252 (secure 0 0 0) 0x7f37b005f3b0 con 0x7f379c0368a0
2024-05-06T12:41:20.630 INFO:teuthology.orchestra.run.smithi077.stdout:/usr/bin/ceph: stderr
2024-05-06T12:41:19.509+0000 7f37b7d16700 1 -- 172.21.15.77:0/4288960337 >> [v2:172.21.15.77:6800/2930684791,v1:172.21.15.77:6801/2930684791] conn(0x7f379c0368a0 msgr2=0x7f379c038d50 secure :-1 s=STATE_CONNECTION_ESTABLISHED l=1).mark_down
2024-05-06T12:41:20.630 INFO:teuthology.orchestra.run.smithi077.stdout:/usr/bin/ceph: stderr
2024-05-06T12:41:19.509+0000 7f37b7d16700 1 --2- 172.21.15.77:0/4288960337 >> [v2:172.21.15.77:6800/2930684791,v1:172.21.15.77:6801/2930684791] conn(0x7f379c0368a0 0x7f379c038d50 secure :-1 s=READY pgs=8 cs=0 l=1 rev1=1 crypto rx=0x7f37a0009990 tx=0x7f37a0006e40 comp rx=0 tx=0).stop
2024-05-06T12:41:20.630 INFO:teuthology.orchestra.run.smithi077.stdout:/usr/bin/ceph: stderr
2024-05-06T12:41:19.509+0000 7f37b7d16700 1 -- 172.21.15.77:0/4288960337 >> [v2:172.21.15.77:3300/0,v1:172.21.15.77:6789/0] conn(0x7f37b0102870 msgr2=0x7f37b01115e0 secure :-1 s=STATE_CONNECTION_ESTABLISHED l=1).mark_down
2024-05-06T12:41:20.631 INFO:teuthology.orchestra.run.smithi077.stdout:/usr/bin/ceph: stderr
2024-05-06T12:41:19.509+0000 7f37b7d16700 1 --2- 172.21.15.77:0/4288960337 >> [v2:172.21.15.77:3300/0,v1:172.21.15.77:6789/0] conn(0x7f37b0102870 0x7f37b01115e0 secure :-1 s=READY pgs=83 cs=0 l=1 rev1=1 crypto rx=0x7f37ac011680 tx=0x7f37ac009250 comp rx=0 tx=0).stop
2024-05-06T12:41:20.631 INFO:teuthology.orchestra.run.smithi077.stdout:/usr/bin/ceph: stderr
2024-05-06T12:41:19.509+0000 7f37b7d16700 1 -- 172.21.15.77:0/4288960337 shutdown_connections
2024-05-06T12:41:20.631 INFO:teuthology.orchestra.run.smithi077.stdout:/usr/bin/ceph: stderr
2024-05-06T12:41:19.509+0000 7f37b7d16700 1 --2- 172.21.15.77:0/4288960337 >> [v2:172.21.15.77:6800/2930684791,v1:172.21.15.77:6801/2930684791] conn(0x7f379c0368a0 0x7f379c038d50 unknown :-1 s=CLOSED pgs=8 cs=0 l=1 rev1=1 crypto rx=0 tx=0 comp rx=0 tx=0).stop
2024-05-06T12:41:20.631 INFO:teuthology.orchestra.run.smithi077.stdout:/usr/bin/ceph: stderr
2024-05-06T12:41:19.509+0000 7f37b7d16700 1 --2- 172.21.15.77:0/4288960337 >> [v2:172.21.15.77:3300/0,v1:172.21.15.77:6789/0] conn(0x7f37b0102870 0x7f37b01115e0 unknown :-1 s=CLOSED pgs=83 cs=0 l=1 rev1=1 crypto rx=0 tx=0 comp rx=0 tx=0).stop
2024-05-06T12:41:20.631 INFO:teuthology.orchestra.run.smithi077.stdout:/usr/bin/ceph: stderr
2024-05-06T12:41:19.509+0000 7f37b7d16700 1 -- 172.21.15.77:0/4288960337 >> 172.21.15.77:0/4288960337 conn(0x7f37b00fe030 msgr2=0x7f37b00feac0 unknown :-1 s=STATE_NONE l=0).mark_down
2024-05-06T12:41:20.631 INFO:teuthology.orchestra.run.smithi077.stdout:/usr/bin/ceph: stderr
2024-05-06T12:41:19.509+0000 7f37b7d16700 1 -- 172.21.15.77:0/4288960337 shutdown_connections
2024-05-06T12:41:20.631 INFO:teuthology.orchestra.run.smithi077.stdout:/usr/bin/ceph: stderr
2024-05-06T12:41:19.509+0000 7f37b7d16700 1 -- 172.21.15.77:0/4288960337 wait complete.
2024-05-06T12:41:20.631 INFO:teuthology.orchestra.run.smithi077.stdout:Fetching dashboard port number...
2024-05-06T12:41:20.778 INFO:journalctl@ceph.mon.smithi077.smithi077.stdout:May 06 12:41:20 smithi077 ceph-mon[26985]: from='client.14176 -' entity='client.admin' cmd=[{"prefix": "dashboard ac-user-create", "username": "admin", "rolename": "administrator", "force_password": true, "pwd_update_required": true, "target": ["mon-mgr", ""]}]: dispatch
2024-05-06T12:41:20.779 INFO:journalctl@ceph.mon.smithi077.smithi077.stdout:May 06 12:41:20 smithi077 ceph-mon[26985]: from='mgr.14162 172.21.15.77:0/3710566356' entity='mgr.smithi077.yrynxw'
2024-05-06T12:41:21.875 INFO:journalctl@ceph.mon.smithi077.smithi077.stdout:May 06 12:41:21 smithi077 ceph-mon[26985]: from='client.? 172.21.15.77:0/3287770612' entity='client.admin' cmd=[{"prefix": "config get", "who": "mgr", "key": "mgr/dashboard/ssl_server_port"}]: dispatch
2024-05-06T12:41:21.888 INFO:teuthology.orchestra.run.smithi077.stdout:/usr/bin/ceph: stdout 8443
2024-05-06T12:41:21.889 INFO:teuthology.orchestra.run.smithi077.stdout:/usr/bin/ceph: stderr
2024-05-06T12:41:21.075+0000 7fc365fb7700 1 Processor -- start
2024-05-06T12:41:21.889 INFO:teuthology.orchestra.run.smithi077.stdout:/usr/bin/ceph: stderr
2024-05-06T12:41:21.075+0000 7fc365fb7700 1 -- start start
2024-05-06T12:41:21.889 INFO:teuthology.orchestra.run.smithi077.stdout:/usr/bin/ceph: stderr
2024-05-06T12:41:21.075+0000 7fc365fb7700 1 --2- >> [v2:172.21.15.77:3300/0,v1:172.21.15.77:6789/0] conn(0x7fc360103eb0 0x7fc3601042c0 unknown :-1 s=NONE pgs=0 cs=0 l=0 rev1=0 crypto rx=0 tx=0 comp rx=0 tx=0).connect
2024-05-06T12:41:21.889 INFO:teuthology.orchestra.run.smithi077.stdout:/usr/bin/ceph: stderr
2024-05-06T12:41:21.075+0000 7fc365fb7700 1 -- --> [v2:172.21.15.77:3300/0,v1:172.21.15.77:6789/0] -- mon_getmap magic: 0 v1 -- 0x7fc360063cc0 con 0x7fc360103eb0
2024-05-06T12:41:21.889 INFO:teuthology.orchestra.run.smithi077.stdout:/usr/bin/ceph: stderr
2024-05-06T12:41:21.076+0000 7fc35f7fe700 1 --2- >> [v2:172.21.15.77:3300/0,v1:172.21.15.77:6789/0] conn(0x7fc360103eb0 0x7fc3601042c0 unknown :-1 s=BANNER_CONNECTING pgs=0 cs=0 l=0 rev1=0 crypto rx=0 tx=0 comp rx=0 tx=0)._handle_peer_banner_payload supported=3 required=0
2024-05-06T12:41:21.889 INFO:teuthology.orchestra.run.smithi077.stdout:/usr/bin/ceph: stderr
2024-05-06T12:41:21.076+0000 7fc35f7fe700 1 --2- >> [v2:172.21.15.77:3300/0,v1:172.21.15.77:6789/0] conn(0x7fc360103eb0 0x7fc3601042c0 unknown :-1 s=HELLO_CONNECTING pgs=0 cs=0 l=0 rev1=1 crypto rx=0 tx=0 comp rx=0 tx=0).handle_hello peer v2:172.21.15.77:3300/0 says I am v2:172.21.15.77:55948/0 (socket says 172.21.15.77:55948)
2024-05-06T12:41:21.890 INFO:teuthology.orchestra.run.smithi077.stdout:/usr/bin/ceph: stderr
2024-05-06T12:41:21.076+0000 7fc35f7fe700 1 -- 172.21.15.77:0/2413715955 learned_addr learned my addr 172.21.15.77:0/2413715955 (peer_addr_for_me v2:172.21.15.77:0/0)
2024-05-06T12:41:21.890 INFO:teuthology.orchestra.run.smithi077.stdout:/usr/bin/ceph: stderr
2024-05-06T12:41:21.076+0000 7fc35f7fe700 1 -- 172.21.15.77:0/2413715955 --> [v2:172.21.15.77:3300/0,v1:172.21.15.77:6789/0] -- mon_subscribe({config=0+,monmap=0+}) v3 -- 0x7fc360104800 con 0x7fc360103eb0
2024-05-06T12:41:21.890 INFO:teuthology.orchestra.run.smithi077.stdout:/usr/bin/ceph: stderr
2024-05-06T12:41:21.076+0000 7fc35f7fe700 1 --2- 172.21.15.77:0/2413715955 >> [v2:172.21.15.77:3300/0,v1:172.21.15.77:6789/0] conn(0x7fc360103eb0 0x7fc3601042c0 secure :-1 s=READY pgs=84 cs=0 l=1 rev1=1 crypto rx=0x7fc3500098e0 tx=0x7fc350009250 comp rx=0 tx=0).ready entity=mon.0 client_cookie=98614a4ed5284faf server_cookie=0 in_seq=0 out_seq=0
2024-05-06T12:41:21.891 INFO:teuthology.orchestra.run.smithi077.stdout:/usr/bin/ceph: stderr
2024-05-06T12:41:21.076+0000 7fc35effd700 1 -- 172.21.15.77:0/2413715955 <== mon.0 v2:172.21.15.77:3300/0 1 ==== mon_map magic: 0 v1 ==== 229+0+0 (secure 0 0 0) 0x7fc35000b860 con 0x7fc360103eb0
2024-05-06T12:41:21.891 INFO:teuthology.orchestra.run.smithi077.stdout:/usr/bin/ceph: stderr
2024-05-06T12:41:21.076+0000 7fc35effd700 1 -- 172.21.15.77:0/2413715955 <== mon.0 v2:172.21.15.77:3300/0 2 ==== config(27 keys) v1 ==== 1109+0+0 (secure 0 0 0) 0x7fc35000be90 con 0x7fc360103eb0
2024-05-06T12:41:21.891 INFO:teuthology.orchestra.run.smithi077.stdout:/usr/bin/ceph: stderr
2024-05-06T12:41:21.076+0000 7fc35effd700 1 -- 172.21.15.77:0/2413715955 <== mon.0 v2:172.21.15.77:3300/0 3 ==== mon_map magic: 0 v1 ==== 229+0+0 (secure 0 0 0) 0x7fc3500103c0 con 0x7fc360103eb0
2024-05-06T12:41:21.891 INFO:teuthology.orchestra.run.smithi077.stdout:/usr/bin/ceph: stderr
2024-05-06T12:41:21.077+0000 7fc365fb7700 1 -- 172.21.15.77:0/2413715955 >> [v2:172.21.15.77:3300/0,v1:172.21.15.77:6789/0] conn(0x7fc360103eb0 msgr2=0x7fc3601042c0 secure :-1 s=STATE_CONNECTION_ESTABLISHED l=1).mark_down
2024-05-06T12:41:21.892 INFO:teuthology.orchestra.run.smithi077.stdout:/usr/bin/ceph: stderr
2024-05-06T12:41:21.077+0000 7fc365fb7700 1 --2- 172.21.15.77:0/2413715955 >> [v2:172.21.15.77:3300/0,v1:172.21.15.77:6789/0] conn(0x7fc360103eb0 0x7fc3601042c0 secure :-1 s=READY pgs=84 cs=0 l=1 rev1=1 crypto rx=0x7fc3500098e0 tx=0x7fc350009250 comp rx=0 tx=0).stop
2024-05-06T12:41:21.892 INFO:teuthology.orchestra.run.smithi077.stdout:/usr/bin/ceph: stderr
2024-05-06T12:41:21.077+0000 7fc365fb7700 1 -- 172.21.15.77:0/2413715955 shutdown_connections
2024-05-06T12:41:21.892 INFO:teuthology.orchestra.run.smithi077.stdout:/usr/bin/ceph: stderr
2024-05-06T12:41:21.077+0000 7fc365fb7700 1 --2- 172.21.15.77:0/2413715955 >> [v2:172.21.15.77:3300/0,v1:172.21.15.77:6789/0] conn(0x7fc360103eb0 0x7fc3601042c0 unknown :-1 s=CLOSED pgs=84 cs=0 l=1 rev1=1 crypto rx=0 tx=0 comp rx=0 tx=0).stop
2024-05-06T12:41:21.892 INFO:teuthology.orchestra.run.smithi077.stdout:/usr/bin/ceph: stderr
2024-05-06T12:41:21.077+0000 7fc365fb7700 1 -- 172.21.15.77:0/2413715955 >> 172.21.15.77:0/2413715955 conn(0x7fc3600fc6b0 msgr2=0x7fc3600feac0 unknown :-1 s=STATE_NONE l=0).mark_down
2024-05-06T12:41:21.892 INFO:teuthology.orchestra.run.smithi077.stdout:/usr/bin/ceph: stderr
2024-05-06T12:41:21.077+0000 7fc365fb7700 1 -- 172.21.15.77:0/2413715955 shutdown_connections
2024-05-06T12:41:21.892 INFO:teuthology.orchestra.run.smithi077.stdout:/usr/bin/ceph: stderr
2024-05-06T12:41:21.077+0000 7fc365fb7700 1 -- 172.21.15.77:0/2413715955 wait complete.
2024-05-06T12:41:21.893 INFO:teuthology.orchestra.run.smithi077.stdout:/usr/bin/ceph: stderr
2024-05-06T12:41:21.077+0000 7fc365fb7700 1 Processor -- start
2024-05-06T12:41:21.893 INFO:teuthology.orchestra.run.smithi077.stdout:/usr/bin/ceph: stderr
2024-05-06T12:41:21.077+0000 7fc365fb7700 1 -- start start
2024-05-06T12:41:21.893 INFO:teuthology.orchestra.run.smithi077.stdout:/usr/bin/ceph: stderr
2024-05-06T12:41:21.078+0000 7fc365fb7700 1 --2- >> [v2:172.21.15.77:3300/0,v1:172.21.15.77:6789/0] conn(0x7fc360103eb0 0x7fc3601115a0 unknown :-1 s=NONE pgs=0 cs=0 l=1 rev1=0 crypto rx=0 tx=0 comp rx=0 tx=0).connect
2024-05-06T12:41:21.893 INFO:teuthology.orchestra.run.smithi077.stdout:/usr/bin/ceph: stderr
2024-05-06T12:41:21.078+0000 7fc365fb7700 1 -- --> [v2:172.21.15.77:3300/0,v1:172.21.15.77:6789/0] -- mon_getmap magic: 0 v1 -- 0x7fc360111ae0 con 0x7fc360103eb0
2024-05-06T12:41:21.893 INFO:teuthology.orchestra.run.smithi077.stdout:/usr/bin/ceph: stderr
2024-05-06T12:41:21.078+0000 7fc35f7fe700 1 --2- >> [v2:172.21.15.77:3300/0,v1:172.21.15.77:6789/0] conn(0x7fc360103eb0 0x7fc3601115a0 unknown :-1 s=BANNER_CONNECTING pgs=0 cs=0 l=1 rev1=0 crypto rx=0 tx=0 comp rx=0 tx=0)._handle_peer_banner_payload supported=3 required=0
2024-05-06T12:41:21.893 INFO:teuthology.orchestra.run.smithi077.stdout:/usr/bin/ceph: stderr
2024-05-06T12:41:21.078+0000 7fc35f7fe700 1 --2- >> [v2:172.21.15.77:3300/0,v1:172.21.15.77:6789/0] conn(0x7fc360103eb0 0x7fc3601115a0 unknown :-1 s=HELLO_CONNECTING pgs=0 cs=0 l=1 rev1=1 crypto rx=0 tx=0 comp rx=0 tx=0).handle_hello peer v2:172.21.15.77:3300/0 says I am v2:172.21.15.77:55956/0 (socket says 172.21.15.77:55956)
2024-05-06T12:41:21.894 INFO:teuthology.orchestra.run.smithi077.stdout:/usr/bin/ceph: stderr
2024-05-06T12:41:21.078+0000 7fc35f7fe700 1 -- 172.21.15.77:0/3287770612 learned_addr learned my addr 172.21.15.77:0/3287770612 (peer_addr_for_me v2:172.21.15.77:0/0)
2024-05-06T12:41:21.894 INFO:teuthology.orchestra.run.smithi077.stdout:/usr/bin/ceph: stderr
2024-05-06T12:41:21.078+0000 7fc35f7fe700 1 -- 172.21.15.77:0/3287770612 --> [v2:172.21.15.77:3300/0,v1:172.21.15.77:6789/0] -- mon_subscribe({config=0+,monmap=0+}) v3 -- 0x7fc3500094f0 con 0x7fc360103eb0
2024-05-06T12:41:21.894 INFO:teuthology.orchestra.run.smithi077.stdout:/usr/bin/ceph: stderr
2024-05-06T12:41:21.078+0000 7fc35f7fe700 1 --2- 172.21.15.77:0/3287770612 >> [v2:172.21.15.77:3300/0,v1:172.21.15.77:6789/0] conn(0x7fc360103eb0 0x7fc3601115a0 secure :-1 s=READY pgs=85 cs=0 l=1 rev1=1 crypto rx=0x7fc350011680 tx=0x7fc350009250 comp rx=0 tx=0).ready entity=mon.0 client_cookie=0 server_cookie=0 in_seq=0 out_seq=0
2024-05-06T12:41:21.894 INFO:teuthology.orchestra.run.smithi077.stdout:/usr/bin/ceph: stderr
2024-05-06T12:41:21.078+0000 7fc35cff9700 1 -- 172.21.15.77:0/3287770612 <== mon.0 v2:172.21.15.77:3300/0 1 ==== mon_map magic: 0 v1 ==== 229+0+0 (secure 0 0 0) 0x7fc350010890 con 0x7fc360103eb0
2024-05-06T12:41:21.894 INFO:teuthology.orchestra.run.smithi077.stdout:/usr/bin/ceph: stderr
2024-05-06T12:41:21.078+0000 7fc365fb7700 1 -- 172.21.15.77:0/3287770612 --> [v2:172.21.15.77:3300/0,v1:172.21.15.77:6789/0] -- mon_subscribe({mgrmap=0+}) v3 -- 0x7fc360111ce0 con 0x7fc360103eb0
2024-05-06T12:41:21.894 INFO:teuthology.orchestra.run.smithi077.stdout:/usr/bin/ceph: stderr
2024-05-06T12:41:21.078+0000 7fc35cff9700 1 -- 172.21.15.77:0/3287770612 <== mon.0 v2:172.21.15.77:3300/0 2 ==== config(27 keys) v1 ==== 1109+0+0 (secure 0 0 0) 0x7fc350010ec0 con 0x7fc360103eb0
2024-05-06T12:41:21.895 INFO:teuthology.orchestra.run.smithi077.stdout:/usr/bin/ceph: stderr
2024-05-06T12:41:21.078+0000 7fc35cff9700 1 -- 172.21.15.77:0/3287770612 <== mon.0 v2:172.21.15.77:3300/0 3 ==== mon_map magic: 0 v1 ==== 229+0+0 (secure 0 0 0) 0x7fc3500243f0 con 0x7fc360103eb0
2024-05-06T12:41:21.895 INFO:teuthology.orchestra.run.smithi077.stdout:/usr/bin/ceph: stderr
2024-05-06T12:41:21.078+0000 7fc365fb7700 1 -- 172.21.15.77:0/3287770612 --> [v2:172.21.15.77:3300/0,v1:172.21.15.77:6789/0] -- mon_subscribe({osdmap=0}) v3 -- 0x7fc360112850 con 0x7fc360103eb0
2024-05-06T12:41:21.895 INFO:teuthology.orchestra.run.smithi077.stdout:/usr/bin/ceph: stderr
2024-05-06T12:41:21.079+0000 7fc35cff9700 1 -- 172.21.15.77:0/3287770612 <== mon.0 v2:172.21.15.77:3300/0 4 ==== mgrmap(e 12) v1 ==== 43389+0+0 (secure 0 0 0) 0x7fc3500109f0 con 0x7fc360103eb0
2024-05-06T12:41:21.895 INFO:teuthology.orchestra.run.smithi077.stdout:/usr/bin/ceph: stderr
2024-05-06T12:41:21.079+0000 7fc35cff9700 1 --2- 172.21.15.77:0/3287770612 >> [v2:172.21.15.77:6800/2930684791,v1:172.21.15.77:6801/2930684791] conn(0x7fc34c0368a0 0x7fc34c038d50 unknown :-1 s=NONE pgs=0 cs=0 l=1 rev1=0 crypto rx=0 tx=0 comp rx=0 tx=0).connect
2024-05-06T12:41:21.895 INFO:teuthology.orchestra.run.smithi077.stdout:/usr/bin/ceph: stderr
2024-05-06T12:41:21.079+0000 7fc35cff9700 1 -- 172.21.15.77:0/3287770612 <== mon.0 v2:172.21.15.77:3300/0 5 ==== osd_map(3..3 src has 1..3) v4 ==== 1151+0+0 (secure 0 0 0) 0x7fc35004a410 con 0x7fc360103eb0
2024-05-06T12:41:21.895 INFO:teuthology.orchestra.run.smithi077.stdout:/usr/bin/ceph: stderr
2024-05-06T12:41:21.079+0000 7fc365fb7700 1 -- 172.21.15.77:0/3287770612 --> [v2:172.21.15.77:3300/0,v1:172.21.15.77:6789/0] -- mon_command({"prefix": "get_command_descriptions"} v 0) v1 -- 0x7fc36005f5c0 con 0x7fc360103eb0
2024-05-06T12:41:21.896 INFO:teuthology.orchestra.run.smithi077.stdout:/usr/bin/ceph: stderr
2024-05-06T12:41:21.079+0000 7fc356ffd700 1 --2- 172.21.15.77:0/3287770612 >> [v2:172.21.15.77:6800/2930684791,v1:172.21.15.77:6801/2930684791] conn(0x7fc34c0368a0 0x7fc34c038d50 unknown :-1 s=BANNER_CONNECTING pgs=0 cs=0 l=1 rev1=0 crypto rx=0 tx=0 comp rx=0 tx=0)._handle_peer_banner_payload supported=3 required=0
2024-05-06T12:41:21.896 INFO:teuthology.orchestra.run.smithi077.stdout:/usr/bin/ceph: stderr
2024-05-06T12:41:21.082+0000 7fc356ffd700 1 --2- 172.21.15.77:0/3287770612 >> [v2:172.21.15.77:6800/2930684791,v1:172.21.15.77:6801/2930684791] conn(0x7fc34c0368a0 0x7fc34c038d50 secure :-1 s=READY pgs=9 cs=0 l=1 rev1=1 crypto rx=0x7fc348009990 tx=0x7fc348006e40 comp rx=0 tx=0).ready entity=mgr.14162 client_cookie=0 server_cookie=0 in_seq=0 out_seq=0
2024-05-06T12:41:21.896 INFO:teuthology.orchestra.run.smithi077.stdout:/usr/bin/ceph: stderr
2024-05-06T12:41:21.084+0000 7fc35cff9700 1 -- 172.21.15.77:0/3287770612 <== mon.0 v2:172.21.15.77:3300/0 6 ==== mon_command_ack([{"prefix": "get_command_descriptions"}]=0 v0) v1 ==== 72+0+176702 (secure 0 0 0) 0x7fc35002b940 con 0x7fc360103eb0
2024-05-06T12:41:21.896 INFO:teuthology.orchestra.run.smithi077.stdout:/usr/bin/ceph: stderr
2024-05-06T12:41:21.271+0000 7fc365fb7700 1 -- 172.21.15.77:0/3287770612 --> [v2:172.21.15.77:3300/0,v1:172.21.15.77:6789/0] -- mon_command({"prefix": "config get", "who": "mgr", "key": "mgr/dashboard/ssl_server_port"} v 0) v1 -- 0x7fc3601012f0 con 0x7fc360103eb0
2024-05-06T12:41:21.896 INFO:teuthology.orchestra.run.smithi077.stdout:/usr/bin/ceph: stderr
2024-05-06T12:41:21.271+0000 7fc35cff9700 1 -- 172.21.15.77:0/3287770612 <== mon.0 v2:172.21.15.77:3300/0 7 ==== mon_command_ack([{"prefix": "config get", "who": "mgr", "key": "mgr/dashboard/ssl_server_port"}]=0 v8) v1 ==== 112+0+5 (secure 0 0 0) 0x7fc350006d70 con 0x7fc360103eb0
2024-05-06T12:41:21.896 INFO:teuthology.orchestra.run.smithi077.stdout:/usr/bin/ceph: stderr
2024-05-06T12:41:21.273+0000 7fc365fb7700 1 -- 172.21.15.77:0/3287770612 >> [v2:172.21.15.77:6800/2930684791,v1:172.21.15.77:6801/2930684791] conn(0x7fc34c0368a0 msgr2=0x7fc34c038d50 secure :-1 s=STATE_CONNECTION_ESTABLISHED l=1).mark_down
2024-05-06T12:41:21.897 INFO:teuthology.orchestra.run.smithi077.stdout:/usr/bin/ceph: stderr
2024-05-06T12:41:21.273+0000 7fc365fb7700 1 --2- 172.21.15.77:0/3287770612 >> [v2:172.21.15.77:6800/2930684791,v1:172.21.15.77:6801/2930684791] conn(0x7fc34c0368a0 0x7fc34c038d50 secure :-1 s=READY pgs=9 cs=0 l=1 rev1=1 crypto rx=0x7fc348009990 tx=0x7fc348006e40 comp rx=0 tx=0).stop
2024-05-06T12:41:21.897 INFO:teuthology.orchestra.run.smithi077.stdout:/usr/bin/ceph: stderr
2024-05-06T12:41:21.273+0000 7fc365fb7700 1 -- 172.21.15.77:0/3287770612 >> [v2:172.21.15.77:3300/0,v1:172.21.15.77:6789/0] conn(0x7fc360103eb0 msgr2=0x7fc3601115a0 secure :-1 s=STATE_CONNECTION_ESTABLISHED l=1).mark_down
2024-05-06T12:41:21.897 INFO:teuthology.orchestra.run.smithi077.stdout:/usr/bin/ceph: stderr
2024-05-06T12:41:21.273+0000 7fc365fb7700 1 --2- 172.21.15.77:0/3287770612 >> [v2:172.21.15.77:3300/0,v1:172.21.15.77:6789/0] conn(0x7fc360103eb0 0x7fc3601115a0 secure :-1 s=READY pgs=85 cs=0 l=1 rev1=1 crypto rx=0x7fc350011680 tx=0x7fc350009250 comp rx=0 tx=0).stop
2024-05-06T12:41:21.897 INFO:teuthology.orchestra.run.smithi077.stdout:/usr/bin/ceph: stderr
2024-05-06T12:41:21.273+0000 7fc365fb7700 1 -- 172.21.15.77:0/3287770612 shutdown_connections
2024-05-06T12:41:21.897 INFO:teuthology.orchestra.run.smithi077.stdout:/usr/bin/ceph: stderr
2024-05-06T12:41:21.273+0000 7fc365fb7700 1 --2- 172.21.15.77:0/3287770612 >> [v2:172.21.15.77:6800/2930684791,v1:172.21.15.77:6801/2930684791] conn(0x7fc34c0368a0 0x7fc34c038d50 unknown :-1 s=CLOSED pgs=9 cs=0 l=1 rev1=1 crypto rx=0 tx=0 comp rx=0 tx=0).stop
2024-05-06T12:41:21.897 INFO:teuthology.orchestra.run.smithi077.stdout:/usr/bin/ceph: stderr
2024-05-06T12:41:21.273+0000 7fc365fb7700 1 --2- 172.21.15.77:0/3287770612 >> [v2:172.21.15.77:3300/0,v1:172.21.15.77:6789/0] conn(0x7fc360103eb0 0x7fc3601115a0 unknown :-1 s=CLOSED pgs=85 cs=0 l=1 rev1=1 crypto rx=0 tx=0 comp rx=0 tx=0).stop
2024-05-06T12:41:21.898 INFO:teuthology.orchestra.run.smithi077.stdout:/usr/bin/ceph: stderr
2024-05-06T12:41:21.273+0000 7fc365fb7700 1 -- 172.21.15.77:0/3287770612 >> 172.21.15.77:0/3287770612 conn(0x7fc3600fc6b0 msgr2=0x7fc3600fd140 unknown :-1 s=STATE_NONE l=0).mark_down
2024-05-06T12:41:21.898 INFO:teuthology.orchestra.run.smithi077.stdout:/usr/bin/ceph: stderr
2024-05-06T12:41:21.274+0000 7fc365fb7700 1 -- 172.21.15.77:0/3287770612 shutdown_connections
2024-05-06T12:41:21.898 INFO:teuthology.orchestra.run.smithi077.stdout:/usr/bin/ceph: stderr
2024-05-06T12:41:21.274+0000 7fc365fb7700 1 -- 172.21.15.77:0/3287770612 wait complete.
2024-05-06T12:41:21.899 INFO:teuthology.orchestra.run.smithi077.stdout:Non-zero exit code 1 from systemctl is-enabled firewalld.service
2024-05-06T12:41:21.899 INFO:teuthology.orchestra.run.smithi077.stdout:systemctl: stdout disabled
2024-05-06T12:41:21.902 INFO:teuthology.orchestra.run.smithi077.stdout:Non-zero exit code 3 from systemctl is-active firewalld.service
2024-05-06T12:41:21.902 INFO:teuthology.orchestra.run.smithi077.stdout:systemctl: stdout inactive
2024-05-06T12:41:21.902 INFO:teuthology.orchestra.run.smithi077.stdout:firewalld.service is not enabled
2024-05-06T12:41:21.902 INFO:teuthology.orchestra.run.smithi077.stdout:Not possible to open ports <[8443]>. firewalld.service is not available
2024-05-06T12:41:21.903 INFO:teuthology.orchestra.run.smithi077.stdout:Ceph Dashboard is now available at:
2024-05-06T12:41:21.903 INFO:teuthology.orchestra.run.smithi077.stdout:
2024-05-06T12:41:21.903 INFO:teuthology.orchestra.run.smithi077.stdout: URL: https://smithi077.front.sepia.ceph.com:8443/
2024-05-06T12:41:21.904 INFO:teuthology.orchestra.run.smithi077.stdout: User: admin
2024-05-06T12:41:21.904 INFO:teuthology.orchestra.run.smithi077.stdout: Password: fvsvtfp8fi
2024-05-06T12:41:21.904 INFO:teuthology.orchestra.run.smithi077.stdout:
2024-05-06T12:41:21.904 INFO:teuthology.orchestra.run.smithi077.stdout:Saving cluster configuration to /var/lib/ceph/9bac50fc-0ba5-11ef-bc97-c7b262605968/config directory
2024-05-06T12:41:21.904 INFO:teuthology.orchestra.run.smithi077.stdout:Enabling autotune for osd_memory_target
2024-05-06T12:41:23.148 INFO:teuthology.orchestra.run.smithi077.stdout:/usr/bin/ceph: stderr
2024-05-06T12:41:22.336+0000 7fb1ce3d1700 1 Processor -- start
2024-05-06T12:41:23.148 INFO:teuthology.orchestra.run.smithi077.stdout:/usr/bin/ceph: stderr
2024-05-06T12:41:22.336+0000 7fb1ce3d1700 1 -- start start
2024-05-06T12:41:23.148 INFO:teuthology.orchestra.run.smithi077.stdout:/usr/bin/ceph: stderr
2024-05-06T12:41:22.336+0000 7fb1ce3d1700 1 --2- >> [v2:172.21.15.77:3300/0,v1:172.21.15.77:6789/0] conn(0x7fb1c8101730 0x7fb1c8101b40 unknown :-1 s=NONE pgs=0 cs=0 l=0 rev1=0 crypto rx=0 tx=0 comp rx=0 tx=0).connect
2024-05-06T12:41:23.149 INFO:teuthology.orchestra.run.smithi077.stdout:/usr/bin/ceph: stderr
2024-05-06T12:41:22.336+0000 7fb1ce3d1700 1 -- --> [v2:172.21.15.77:3300/0,v1:172.21.15.77:6789/0] -- mon_getmap magic: 0 v1 -- 0x7fb1c8102080 con 0x7fb1c8101730
2024-05-06T12:41:23.149 INFO:teuthology.orchestra.run.smithi077.stdout:/usr/bin/ceph: stderr
2024-05-06T12:41:22.337+0000 7fb1c7fff700 1 --2- >> [v2:172.21.15.77:3300/0,v1:172.21.15.77:6789/0] conn(0x7fb1c8101730 0x7fb1c8101b40 unknown :-1 s=BANNER_CONNECTING pgs=0 cs=0 l=0 rev1=0 crypto rx=0 tx=0 comp rx=0 tx=0)._handle_peer_banner_payload supported=3 required=0
2024-05-06T12:41:23.149 INFO:teuthology.orchestra.run.smithi077.stdout:/usr/bin/ceph: stderr
2024-05-06T12:41:22.337+0000 7fb1c7fff700 1 --2- >> [v2:172.21.15.77:3300/0,v1:172.21.15.77:6789/0] conn(0x7fb1c8101730 0x7fb1c8101b40 unknown :-1 s=HELLO_CONNECTING pgs=0 cs=0 l=0 rev1=1 crypto rx=0 tx=0 comp rx=0 tx=0).handle_hello peer v2:172.21.15.77:3300/0 says I am v2:172.21.15.77:55970/0 (socket says 172.21.15.77:55970)
2024-05-06T12:41:23.149 INFO:teuthology.orchestra.run.smithi077.stdout:/usr/bin/ceph: stderr
2024-05-06T12:41:22.337+0000 7fb1c7fff700 1 -- 172.21.15.77:0/3897633035 learned_addr learned my addr 172.21.15.77:0/3897633035 (peer_addr_for_me v2:172.21.15.77:0/0)
2024-05-06T12:41:23.149 INFO:teuthology.orchestra.run.smithi077.stdout:/usr/bin/ceph: stderr
2024-05-06T12:41:22.337+0000 7fb1c7fff700 1 -- 172.21.15.77:0/3897633035 --> [v2:172.21.15.77:3300/0,v1:172.21.15.77:6789/0] -- mon_subscribe({config=0+,monmap=0+}) v3 -- 0x7fb1c81021c0 con 0x7fb1c8101730
2024-05-06T12:41:23.149 INFO:teuthology.orchestra.run.smithi077.stdout:/usr/bin/ceph: stderr
2024-05-06T12:41:22.337+0000 7fb1c7fff700 1 --2- 172.21.15.77:0/3897633035 >> [v2:172.21.15.77:3300/0,v1:172.21.15.77:6789/0] conn(0x7fb1c8101730 0x7fb1c8101b40 secure :-1 s=READY pgs=86 cs=0 l=1 rev1=1 crypto rx=0x7fb1b80098e0 tx=0x7fb1b8009250 comp rx=0 tx=0).ready entity=mon.0 client_cookie=52b850fb3ab976a6 server_cookie=0 in_seq=0 out_seq=0
2024-05-06T12:41:23.149 INFO:teuthology.orchestra.run.smithi077.stdout:/usr/bin/ceph: stderr
2024-05-06T12:41:22.337+0000 7fb1c6ffd700 1 -- 172.21.15.77:0/3897633035 <== mon.0 v2:172.21.15.77:3300/0 1 ==== mon_map magic: 0 v1 ==== 229+0+0 (secure 0 0 0) 0x7fb1b800b860 con 0x7fb1c8101730
2024-05-06T12:41:23.149 INFO:teuthology.orchestra.run.smithi077.stdout:/usr/bin/ceph: stderr
2024-05-06T12:41:22.337+0000 7fb1c6ffd700 1 -- 172.21.15.77:0/3897633035 <== mon.0 v2:172.21.15.77:3300/0 2 ==== config(27 keys) v1 ==== 1109+0+0 (secure 0 0 0) 0x7fb1b800be90 con 0x7fb1c8101730
2024-05-06T12:41:23.149 INFO:teuthology.orchestra.run.smithi077.stdout:/usr/bin/ceph: stderr
2024-05-06T12:41:22.337+0000 7fb1c6ffd700 1 -- 172.21.15.77:0/3897633035 <== mon.0 v2:172.21.15.77:3300/0 3 ==== mon_map magic: 0 v1 ==== 229+0+0 (secure 0 0 0) 0x7fb1b80103c0 con 0x7fb1c8101730
2024-05-06T12:41:23.149 INFO:teuthology.orchestra.run.smithi077.stdout:/usr/bin/ceph: stderr
2024-05-06T12:41:22.338+0000 7fb1ce3d1700 1 -- 172.21.15.77:0/3897633035 >> [v2:172.21.15.77:3300/0,v1:172.21.15.77:6789/0] conn(0x7fb1c8101730 msgr2=0x7fb1c8101b40 secure :-1 s=STATE_CONNECTION_ESTABLISHED l=1).mark_down
2024-05-06T12:41:23.149 INFO:teuthology.orchestra.run.smithi077.stdout:/usr/bin/ceph: stderr
2024-05-06T12:41:22.338+0000 7fb1ce3d1700 1 --2- 172.21.15.77:0/3897633035 >> [v2:172.21.15.77:3300/0,v1:172.21.15.77:6789/0] conn(0x7fb1c8101730 0x7fb1c8101b40 secure :-1 s=READY pgs=86 cs=0 l=1 rev1=1 crypto rx=0x7fb1b80098e0 tx=0x7fb1b8009250 comp rx=0 tx=0).stop
2024-05-06T12:41:23.149 INFO:teuthology.orchestra.run.smithi077.stdout:/usr/bin/ceph: stderr
2024-05-06T12:41:22.338+0000 7fb1ce3d1700 1 -- 172.21.15.77:0/3897633035 shutdown_connections
2024-05-06T12:41:23.149 INFO:teuthology.orchestra.run.smithi077.stdout:/usr/bin/ceph: stderr
2024-05-06T12:41:22.338+0000 7fb1ce3d1700 1 --2- 172.21.15.77:0/3897633035 >> [v2:172.21.15.77:3300/0,v1:172.21.15.77:6789/0] conn(0x7fb1c8101730 0x7fb1c8101b40 unknown :-1 s=CLOSED pgs=86 cs=0 l=1 rev1=1 crypto rx=0 tx=0 comp rx=0 tx=0).stop
2024-05-06T12:41:23.149 INFO:teuthology.orchestra.run.smithi077.stdout:/usr/bin/ceph: stderr
2024-05-06T12:41:22.338+0000 7fb1ce3d1700 1 -- 172.21.15.77:0/3897633035 >> 172.21.15.77:0/3897633035 conn(0x7fb1c80fcef0 msgr2=0x7fb1c80ff300 unknown :-1 s=STATE_NONE l=0).mark_down
2024-05-06T12:41:23.150 INFO:teuthology.orchestra.run.smithi077.stdout:/usr/bin/ceph: stderr
2024-05-06T12:41:22.338+0000 7fb1ce3d1700 1 -- 172.21.15.77:0/3897633035 shutdown_connections
2024-05-06T12:41:23.150 INFO:teuthology.orchestra.run.smithi077.stdout:/usr/bin/ceph: stderr
2024-05-06T12:41:22.338+0000 7fb1ce3d1700 1 -- 172.21.15.77:0/3897633035 wait complete.
2024-05-06T12:41:23.150 INFO:teuthology.orchestra.run.smithi077.stdout:/usr/bin/ceph: stderr
2024-05-06T12:41:22.338+0000 7fb1ce3d1700 1 Processor -- start
2024-05-06T12:41:23.150 INFO:teuthology.orchestra.run.smithi077.stdout:/usr/bin/ceph: stderr
2024-05-06T12:41:22.339+0000 7fb1ce3d1700 1 -- start start
2024-05-06T12:41:23.150 INFO:teuthology.orchestra.run.smithi077.stdout:/usr/bin/ceph: stderr
2024-05-06T12:41:22.339+0000 7fb1ce3d1700 1 --2- >> [v2:172.21.15.77:3300/0,v1:172.21.15.77:6789/0] conn(0x7fb1c8101730 0x7fb1c8076b00 unknown :-1 s=NONE pgs=0 cs=0 l=1 rev1=0 crypto rx=0 tx=0 comp rx=0 tx=0).connect
2024-05-06T12:41:23.150 INFO:teuthology.orchestra.run.smithi077.stdout:/usr/bin/ceph: stderr
2024-05-06T12:41:22.339+0000 7fb1ce3d1700 1 -- --> [v2:172.21.15.77:3300/0,v1:172.21.15.77:6789/0] -- mon_getmap magic: 0 v1 -- 0x7fb1c8112140 con 0x7fb1c8101730
2024-05-06T12:41:23.150 INFO:teuthology.orchestra.run.smithi077.stdout:/usr/bin/ceph: stderr
2024-05-06T12:41:22.339+0000 7fb1c7fff700 1 --2- >> [v2:172.21.15.77:3300/0,v1:172.21.15.77:6789/0] conn(0x7fb1c8101730 0x7fb1c8076b00 unknown :-1 s=BANNER_CONNECTING pgs=0 cs=0 l=1 rev1=0 crypto rx=0 tx=0 comp rx=0 tx=0)._handle_peer_banner_payload supported=3 required=0
2024-05-06T12:41:23.150 INFO:teuthology.orchestra.run.smithi077.stdout:/usr/bin/ceph: stderr
2024-05-06T12:41:22.339+0000 7fb1c7fff700 1 --2- >> [v2:172.21.15.77:3300/0,v1:172.21.15.77:6789/0] conn(0x7fb1c8101730 0x7fb1c8076b00 unknown :-1 s=HELLO_CONNECTING pgs=0 cs=0 l=1 rev1=1 crypto rx=0 tx=0 comp rx=0 tx=0).handle_hello peer v2:172.21.15.77:3300/0 says I am v2:172.21.15.77:55986/0 (socket says 172.21.15.77:55986)
2024-05-06T12:41:23.150 INFO:teuthology.orchestra.run.smithi077.stdout:/usr/bin/ceph: stderr
2024-05-06T12:41:22.339+0000 7fb1c7fff700 1 -- 172.21.15.77:0/401061763 learned_addr learned my addr 172.21.15.77:0/401061763 (peer_addr_for_me v2:172.21.15.77:0/0)
2024-05-06T12:41:23.150 INFO:teuthology.orchestra.run.smithi077.stdout:/usr/bin/ceph: stderr
2024-05-06T12:41:22.339+0000 7fb1c7fff700 1 -- 172.21.15.77:0/401061763 --> [v2:172.21.15.77:3300/0,v1:172.21.15.77:6789/0] -- mon_subscribe({config=0+,monmap=0+}) v3 -- 0x7fb1b80094f0 con 0x7fb1c8101730
2024-05-06T12:41:23.150 INFO:teuthology.orchestra.run.smithi077.stdout:/usr/bin/ceph: stderr
2024-05-06T12:41:22.339+0000 7fb1c7fff700 1 --2- 172.21.15.77:0/401061763 >> [v2:172.21.15.77:3300/0,v1:172.21.15.77:6789/0] conn(0x7fb1c8101730 0x7fb1c8076b00 secure :-1 s=READY pgs=87 cs=0 l=1 rev1=1 crypto rx=0x7fb1b8011680 tx=0x7fb1b8009250 comp rx=0 tx=0).ready entity=mon.0 client_cookie=0 server_cookie=0 in_seq=0 out_seq=0
2024-05-06T12:41:23.150 INFO:teuthology.orchestra.run.smithi077.stdout:/usr/bin/ceph: stderr
2024-05-06T12:41:22.339+0000 7fb1c4ff9700 1 -- 172.21.15.77:0/401061763 <== mon.0 v2:172.21.15.77:3300/0 1 ==== mon_map magic: 0 v1 ==== 229+0+0 (secure 0 0 0) 0x7fb1b8010890 con 0x7fb1c8101730
2024-05-06T12:41:23.150 INFO:teuthology.orchestra.run.smithi077.stdout:/usr/bin/ceph: stderr
2024-05-06T12:41:22.339+0000 7fb1c4ff9700 1 -- 172.21.15.77:0/401061763 <== mon.0 v2:172.21.15.77:3300/0 2 ==== config(27 keys) v1 ==== 1109+0+0 (secure 0 0 0) 0x7fb1b8010ec0 con 0x7fb1c8101730
2024-05-06T12:41:23.150 INFO:teuthology.orchestra.run.smithi077.stdout:/usr/bin/ceph: stderr
2024-05-06T12:41:22.339+0000 7fb1ce3d1700 1 -- 172.21.15.77:0/401061763 --> [v2:172.21.15.77:3300/0,v1:172.21.15.77:6789/0] -- mon_subscribe({mgrmap=0+}) v3 -- 0x7fb1c8116750 con 0x7fb1c8101730
2024-05-06T12:41:23.151 INFO:teuthology.orchestra.run.smithi077.stdout:/usr/bin/ceph: stderr
2024-05-06T12:41:22.339+0000 7fb1c4ff9700 1 -- 172.21.15.77:0/401061763 <== mon.0 v2:172.21.15.77:3300/0 3 ==== mon_map magic: 0 v1 ==== 229+0+0 (secure 0 0 0) 0x7fb1b80243f0 con 0x7fb1c8101730
2024-05-06T12:41:23.151 INFO:teuthology.orchestra.run.smithi077.stdout:/usr/bin/ceph: stderr
2024-05-06T12:41:22.339+0000 7fb1ce3d1700 1 -- 172.21.15.77:0/401061763 --> [v2:172.21.15.77:3300/0,v1:172.21.15.77:6789/0] -- mon_subscribe({osdmap=0}) v3 -- 0x7fb1c8116b20 con 0x7fb1c8101730
2024-05-06T12:41:23.151 INFO:teuthology.orchestra.run.smithi077.stdout:/usr/bin/ceph: stderr
2024-05-06T12:41:22.340+0000 7fb1c4ff9700 1 -- 172.21.15.77:0/401061763 <== mon.0 v2:172.21.15.77:3300/0 4 ==== mgrmap(e 12) v1 ==== 43389+0+0 (secure 0 0 0) 0x7fb1b802d3f0 con 0x7fb1c8101730
2024-05-06T12:41:23.151 INFO:teuthology.orchestra.run.smithi077.stdout:/usr/bin/ceph: stderr
2024-05-06T12:41:22.340+0000 7fb1c4ff9700 1 --2- 172.21.15.77:0/401061763 >> [v2:172.21.15.77:6800/2930684791,v1:172.21.15.77:6801/2930684791] conn(0x7fb1b00368a0 0x7fb1b0038d50 unknown :-1 s=NONE pgs=0 cs=0 l=1 rev1=0 crypto rx=0 tx=0 comp rx=0 tx=0).connect
2024-05-06T12:41:23.151 INFO:teuthology.orchestra.run.smithi077.stdout:/usr/bin/ceph: stderr
2024-05-06T12:41:22.340+0000 7fb1c4ff9700 1 -- 172.21.15.77:0/401061763 <== mon.0 v2:172.21.15.77:3300/0 5 ==== osd_map(3..3 src has 1..3) v4 ==== 1151+0+0 (secure 0 0 0) 0x7fb1b804a3c0 con 0x7fb1c8101730
2024-05-06T12:41:23.151 INFO:teuthology.orchestra.run.smithi077.stdout:/usr/bin/ceph: stderr
2024-05-06T12:41:22.340+0000 7fb1ce3d1700 1 -- 172.21.15.77:0/401061763 --> [v2:172.21.15.77:3300/0,v1:172.21.15.77:6789/0] -- mon_command({"prefix": "get_command_descriptions"} v 0) v1 -- 0x7fb1c804bed0 con 0x7fb1c8101730
2024-05-06T12:41:23.151 INFO:teuthology.orchestra.run.smithi077.stdout:/usr/bin/ceph: stderr
2024-05-06T12:41:22.341+0000 7fb1c77fe700 1 --2- 172.21.15.77:0/401061763 >> [v2:172.21.15.77:6800/2930684791,v1:172.21.15.77:6801/2930684791] conn(0x7fb1b00368a0 0x7fb1b0038d50 unknown :-1 s=BANNER_CONNECTING pgs=0 cs=0 l=1 rev1=0 crypto rx=0 tx=0 comp rx=0 tx=0)._handle_peer_banner_payload supported=3 required=0
2024-05-06T12:41:23.151 INFO:teuthology.orchestra.run.smithi077.stdout:/usr/bin/ceph: stderr
2024-05-06T12:41:22.341+0000 7fb1c77fe700 1 --2- 172.21.15.77:0/401061763 >> [v2:172.21.15.77:6800/2930684791,v1:172.21.15.77:6801/2930684791] conn(0x7fb1b00368a0 0x7fb1b0038d50 secure :-1 s=READY pgs=10 cs=0 l=1 rev1=1 crypto rx=0x7fb1bc009990 tx=0x7fb1bc006e40 comp rx=0 tx=0).ready entity=mgr.14162 client_cookie=0 server_cookie=0 in_seq=0 out_seq=0
2024-05-06T12:41:23.151 INFO:teuthology.orchestra.run.smithi077.stdout:/usr/bin/ceph: stderr
2024-05-06T12:41:22.346+0000 7fb1c4ff9700 1 -- 172.21.15.77:0/401061763 <== mon.0 v2:172.21.15.77:3300/0 6 ==== mon_command_ack([{"prefix": "get_command_descriptions"}]=0 v0) v1 ==== 72+0+176702 (secure 0 0 0) 0x7fb1b80193c0 con 0x7fb1c8101730
2024-05-06T12:41:23.151 INFO:teuthology.orchestra.run.smithi077.stdout:/usr/bin/ceph: stderr
2024-05-06T12:41:22.508+0000 7fb1c4ff9700 1 -- 172.21.15.77:0/401061763 <== mon.0 v2:172.21.15.77:3300/0 7 ==== mgrmap(e 13) v1 ==== 43432+0+0 (secure 0 0 0) 0x7fb1b802dd50 con 0x7fb1c8101730
2024-05-06T12:41:23.151 INFO:teuthology.orchestra.run.smithi077.stdout:/usr/bin/ceph: stderr
2024-05-06T12:41:22.531+0000 7fb1ce3d1700 1 -- 172.21.15.77:0/401061763 --> [v2:172.21.15.77:3300/0,v1:172.21.15.77:6789/0] -- mon_command([{prefix=config set, name=osd_memory_target_autotune}] v 0) v1 -- 0x7fb1c8116d10 con 0x7fb1c8101730
2024-05-06T12:41:23.151 INFO:teuthology.orchestra.run.smithi077.stdout:/usr/bin/ceph: stderr
2024-05-06T12:41:22.531+0000 7fb1c4ff9700 1 -- 172.21.15.77:0/401061763 <== mon.0 v2:172.21.15.77:3300/0 8 ==== mon_command_ack([{prefix=config set, name=osd_memory_target_autotune}]=0 v8)=0 v8) v1 ==== 127+0+0 (secure 0 0 0) 0x7fb1b8006d70 con 0x7fb1c8101730
2024-05-06T12:41:23.151 INFO:teuthology.orchestra.run.smithi077.stdout:/usr/bin/ceph: stderr
2024-05-06T12:41:22.534+0000 7fb1ce3d1700 1 -- 172.21.15.77:0/401061763 >> [v2:172.21.15.77:6800/2930684791,v1:172.21.15.77:6801/2930684791] conn(0x7fb1b00368a0 msgr2=0x7fb1b0038d50 secure :-1 s=STATE_CONNECTION_ESTABLISHED l=1).mark_down
2024-05-06T12:41:23.151 INFO:teuthology.orchestra.run.smithi077.stdout:/usr/bin/ceph: stderr
2024-05-06T12:41:22.534+0000 7fb1ce3d1700 1 --2- 172.21.15.77:0/401061763 >> [v2:172.21.15.77:6800/2930684791,v1:172.21.15.77:6801/2930684791] conn(0x7fb1b00368a0 0x7fb1b0038d50 secure :-1 s=READY pgs=10 cs=0 l=1 rev1=1 crypto rx=0x7fb1bc009990 tx=0x7fb1bc006e40 comp rx=0 tx=0).stop
2024-05-06T12:41:23.151 INFO:teuthology.orchestra.run.smithi077.stdout:/usr/bin/ceph: stderr
2024-05-06T12:41:22.534+0000 7fb1ce3d1700 1 -- 172.21.15.77:0/401061763 >> [v2:172.21.15.77:3300/0,v1:172.21.15.77:6789/0] conn(0x7fb1c8101730 msgr2=0x7fb1c8076b00 secure :-1 s=STATE_CONNECTION_ESTABLISHED l=1).mark_down
2024-05-06T12:41:23.152 INFO:teuthology.orchestra.run.smithi077.stdout:/usr/bin/ceph: stderr
2024-05-06T12:41:22.534+0000 7fb1ce3d1700 1 --2- 172.21.15.77:0/401061763 >> [v2:172.21.15.77:3300/0,v1:172.21.15.77:6789/0] conn(0x7fb1c8101730 0x7fb1c8076b00 secure :-1 s=READY pgs=87 cs=0 l=1 rev1=1 crypto rx=0x7fb1b8011680 tx=0x7fb1b8009250 comp rx=0 tx=0).stop
2024-05-06T12:41:23.152 INFO:teuthology.orchestra.run.smithi077.stdout:/usr/bin/ceph: stderr
2024-05-06T12:41:22.534+0000 7fb1ce3d1700 1 -- 172.21.15.77:0/401061763 shutdown_connections
2024-05-06T12:41:23.152 INFO:teuthology.orchestra.run.smithi077.stdout:/usr/bin/ceph: stderr
2024-05-06T12:41:22.534+0000 7fb1ce3d1700 1 --2- 172.21.15.77:0/401061763 >> [v2:172.21.15.77:6800/2930684791,v1:172.21.15.77:6801/2930684791] conn(0x7fb1b00368a0 0x7fb1b0038d50 unknown :-1 s=CLOSED pgs=10 cs=0 l=1 rev1=1 crypto rx=0 tx=0 comp rx=0 tx=0).stop
2024-05-06T12:41:23.152 INFO:teuthology.orchestra.run.smithi077.stdout:/usr/bin/ceph: stderr
2024-05-06T12:41:22.534+0000 7fb1ce3d1700 1 --2- 172.21.15.77:0/401061763 >> [v2:172.21.15.77:3300/0,v1:172.21.15.77:6789/0] conn(0x7fb1c8101730 0x7fb1c8076b00 unknown :-1 s=CLOSED pgs=87 cs=0 l=1 rev1=1 crypto rx=0 tx=0 comp rx=0 tx=0).stop
2024-05-06T12:41:23.152 INFO:teuthology.orchestra.run.smithi077.stdout:/usr/bin/ceph: stderr
2024-05-06T12:41:22.534+0000 7fb1ce3d1700 1 -- 172.21.15.77:0/401061763 >> 172.21.15.77:0/401061763 conn(0x7fb1c80fcef0 msgr2=0x7fb1c80fd9b0 unknown :-1 s=STATE_NONE l=0).mark_down
2024-05-06T12:41:23.152 INFO:teuthology.orchestra.run.smithi077.stdout:/usr/bin/ceph: stderr
2024-05-06T12:41:22.534+0000 7fb1ce3d1700 1 -- 172.21.15.77:0/401061763 shutdown_connections
2024-05-06T12:41:23.152 INFO:teuthology.orchestra.run.smithi077.stdout:/usr/bin/ceph: stderr
2024-05-06T12:41:22.534+0000 7fb1ce3d1700 1 -- 172.21.15.77:0/401061763 wait complete.
2024-05-06T12:41:23.857 INFO:journalctl@ceph.mon.smithi077.smithi077.stdout:May 06 12:41:23 smithi077 ceph-mon[26985]: mgrmap e13: smithi077.yrynxw(active, since 6s)
2024-05-06T12:41:24.413 INFO:teuthology.orchestra.run.smithi077.stdout:/usr/bin/ceph: stderr
2024-05-06T12:41:23.555+0000 7fa9a7f7d700 1 Processor -- start
2024-05-06T12:41:24.414 INFO:teuthology.orchestra.run.smithi077.stdout:/usr/bin/ceph: stderr
2024-05-06T12:41:23.556+0000 7fa9a7f7d700 1 -- start start
2024-05-06T12:41:24.414 INFO:teuthology.orchestra.run.smithi077.stdout:/usr/bin/ceph: stderr
2024-05-06T12:41:23.556+0000 7fa9a7f7d700 1 --2- >> [v2:172.21.15.77:3300/0,v1:172.21.15.77:6789/0] conn(0x7fa9a0101730 0x7fa9a0101b40 unknown :-1 s=NONE pgs=0 cs=0 l=0 rev1=0 crypto rx=0 tx=0 comp rx=0 tx=0).connect
2024-05-06T12:41:24.414 INFO:teuthology.orchestra.run.smithi077.stdout:/usr/bin/ceph: stderr
2024-05-06T12:41:23.556+0000 7fa9a7f7d700 1 -- --> [v2:172.21.15.77:3300/0,v1:172.21.15.77:6789/0] -- mon_getmap magic: 0 v1 -- 0x7fa9a0102080 con 0x7fa9a0101730
2024-05-06T12:41:24.414 INFO:teuthology.orchestra.run.smithi077.stdout:/usr/bin/ceph: stderr
2024-05-06T12:41:23.556+0000 7fa9a5d19700 1 --2- >> [v2:172.21.15.77:3300/0,v1:172.21.15.77:6789/0] conn(0x7fa9a0101730 0x7fa9a0101b40 unknown :-1 s=BANNER_CONNECTING pgs=0 cs=0 l=0 rev1=0 crypto rx=0 tx=0 comp rx=0 tx=0)._handle_peer_banner_payload supported=3 required=0
2024-05-06T12:41:24.414 INFO:teuthology.orchestra.run.smithi077.stdout:/usr/bin/ceph: stderr
2024-05-06T12:41:23.556+0000 7fa9a5d19700 1 --2- >> [v2:172.21.15.77:3300/0,v1:172.21.15.77:6789/0] conn(0x7fa9a0101730 0x7fa9a0101b40 unknown :-1 s=HELLO_CONNECTING pgs=0 cs=0 l=0 rev1=1 crypto rx=0 tx=0 comp rx=0 tx=0).handle_hello peer v2:172.21.15.77:3300/0 says I am v2:172.21.15.77:56000/0 (socket says 172.21.15.77:56000)
2024-05-06T12:41:24.414 INFO:teuthology.orchestra.run.smithi077.stdout:/usr/bin/ceph: stderr
2024-05-06T12:41:23.556+0000 7fa9a5d19700 1 -- 172.21.15.77:0/2296227556 learned_addr learned my addr 172.21.15.77:0/2296227556 (peer_addr_for_me v2:172.21.15.77:0/0)
2024-05-06T12:41:24.414 INFO:teuthology.orchestra.run.smithi077.stdout:/usr/bin/ceph: stderr
2024-05-06T12:41:23.556+0000 7fa9a5d19700 1 -- 172.21.15.77:0/2296227556 --> [v2:172.21.15.77:3300/0,v1:172.21.15.77:6789/0] -- mon_subscribe({config=0+,monmap=0+}) v3 -- 0x7fa9a01021c0 con 0x7fa9a0101730
2024-05-06T12:41:24.414 INFO:teuthology.orchestra.run.smithi077.stdout:/usr/bin/ceph: stderr
2024-05-06T12:41:23.556+0000 7fa9a5d19700 1 --2- 172.21.15.77:0/2296227556 >> [v2:172.21.15.77:3300/0,v1:172.21.15.77:6789/0] conn(0x7fa9a0101730 0x7fa9a0101b40 secure :-1 s=READY pgs=88 cs=0 l=1 rev1=1 crypto rx=0x7fa9940098e0 tx=0x7fa994009250 comp rx=0 tx=0).ready entity=mon.0 client_cookie=b8beccc509f2caa3 server_cookie=0 in_seq=0 out_seq=0
2024-05-06T12:41:24.414 INFO:teuthology.orchestra.run.smithi077.stdout:/usr/bin/ceph: stderr
2024-05-06T12:41:23.556+0000 7fa9a4d17700 1 -- 172.21.15.77:0/2296227556 <== mon.0 v2:172.21.15.77:3300/0 1 ==== mon_map magic: 0 v1 ==== 229+0+0 (secure 0 0 0) 0x7fa99400b860 con 0x7fa9a0101730
2024-05-06T12:41:24.414 INFO:teuthology.orchestra.run.smithi077.stdout:/usr/bin/ceph: stderr
2024-05-06T12:41:23.557+0000 7fa9a4d17700 1 -- 172.21.15.77:0/2296227556 <== mon.0 v2:172.21.15.77:3300/0 2 ==== config(27 keys) v1 ==== 1109+0+0 (secure 0 0 0) 0x7fa99400be90 con 0x7fa9a0101730
2024-05-06T12:41:24.414 INFO:teuthology.orchestra.run.smithi077.stdout:/usr/bin/ceph: stderr
2024-05-06T12:41:23.557+0000 7fa9a4d17700 1 -- 172.21.15.77:0/2296227556 <== mon.0 v2:172.21.15.77:3300/0 3 ==== mon_map magic: 0 v1 ==== 229+0+0 (secure 0 0 0) 0x7fa9940103c0 con 0x7fa9a0101730
2024-05-06T12:41:24.415 INFO:teuthology.orchestra.run.smithi077.stdout:/usr/bin/ceph: stderr
2024-05-06T12:41:23.557+0000 7fa9a7f7d700 1 -- 172.21.15.77:0/2296227556 >> [v2:172.21.15.77:3300/0,v1:172.21.15.77:6789/0] conn(0x7fa9a0101730 msgr2=0x7fa9a0101b40 secure :-1 s=STATE_CONNECTION_ESTABLISHED l=1).mark_down
2024-05-06T12:41:24.415 INFO:teuthology.orchestra.run.smithi077.stdout:/usr/bin/ceph: stderr
2024-05-06T12:41:23.557+0000 7fa9a7f7d700 1 --2- 172.21.15.77:0/2296227556 >> [v2:172.21.15.77:3300/0,v1:172.21.15.77:6789/0] conn(0x7fa9a0101730 0x7fa9a0101b40 secure :-1 s=READY pgs=88 cs=0 l=1 rev1=1 crypto rx=0x7fa9940098e0 tx=0x7fa994009250 comp rx=0 tx=0).stop
2024-05-06T12:41:24.415 INFO:teuthology.orchestra.run.smithi077.stdout:/usr/bin/ceph: stderr
2024-05-06T12:41:23.557+0000 7fa9a7f7d700 1 -- 172.21.15.77:0/2296227556 shutdown_connections
2024-05-06T12:41:24.415 INFO:teuthology.orchestra.run.smithi077.stdout:/usr/bin/ceph: stderr
2024-05-06T12:41:23.557+0000 7fa9a7f7d700 1 --2- 172.21.15.77:0/2296227556 >> [v2:172.21.15.77:3300/0,v1:172.21.15.77:6789/0] conn(0x7fa9a0101730 0x7fa9a0101b40 unknown :-1 s=CLOSED pgs=88 cs=0 l=1 rev1=1 crypto rx=0 tx=0 comp rx=0 tx=0).stop
2024-05-06T12:41:24.415 INFO:teuthology.orchestra.run.smithi077.stdout:/usr/bin/ceph: stderr
2024-05-06T12:41:23.557+0000 7fa9a7f7d700 1 -- 172.21.15.77:0/2296227556 >> 172.21.15.77:0/2296227556 conn(0x7fa9a00fcef0 msgr2=0x7fa9a00ff300 unknown :-1 s=STATE_NONE l=0).mark_down
2024-05-06T12:41:24.415 INFO:teuthology.orchestra.run.smithi077.stdout:/usr/bin/ceph: stderr
2024-05-06T12:41:23.557+0000 7fa9a7f7d700 1 -- 172.21.15.77:0/2296227556 shutdown_connections
2024-05-06T12:41:24.415 INFO:teuthology.orchestra.run.smithi077.stdout:/usr/bin/ceph: stderr
2024-05-06T12:41:23.557+0000 7fa9a7f7d700 1 -- 172.21.15.77:0/2296227556 wait complete.
2024-05-06T12:41:24.415 INFO:teuthology.orchestra.run.smithi077.stdout:/usr/bin/ceph: stderr
2024-05-06T12:41:23.558+0000 7fa9a7f7d700 1 Processor -- start
