2024-05-06T12:40:35.400+0000 7fd1da59c700 1 --2- >> [v2:172.21.15.77:3300/0,v1:172.21.15.77:6789/0] conn(0x7fd1dc076c50 0x7fd1dc1115e0 unknown :-1 s=HELLO_CONNECTING pgs=0 cs=0 l=1 rev1=1 crypto rx=0 tx=0 comp rx=0 tx=0).handle_hello peer v2:172.21.15.77:3300/0 says I am v2:172.21.15.77:55976/0 (socket says 172.21.15.77:55976)
2024-05-06T12:40:36.339 INFO:teuthology.orchestra.run.smithi077.stdout:/usr/bin/ceph: stderr
2024-05-06T12:40:35.400+0000 7fd1da59c700 1 -- 172.21.15.77:0/2141853895 learned_addr learned my addr 172.21.15.77:0/2141853895 (peer_addr_for_me v2:172.21.15.77:0/0)
2024-05-06T12:40:36.339 INFO:teuthology.orchestra.run.smithi077.stdout:/usr/bin/ceph: stderr
2024-05-06T12:40:35.401+0000 7fd1da59c700 1 -- 172.21.15.77:0/2141853895 --> [v2:172.21.15.77:3300/0,v1:172.21.15.77:6789/0] -- mon_subscribe({config=0+,monmap=0+}) v3 -- 0x7fd1d00094f0 con 0x7fd1dc076c50
2024-05-06T12:40:36.339 INFO:teuthology.orchestra.run.smithi077.stdout:/usr/bin/ceph: stderr
2024-05-06T12:40:35.401+0000 7fd1da59c700 1 --2- 172.21.15.77:0/2141853895 >> [v2:172.21.15.77:3300/0,v1:172.21.15.77:6789/0] conn(0x7fd1dc076c50 0x7fd1dc1115e0 secure :-1 s=READY pgs=19 cs=0 l=1 rev1=1 crypto rx=0x7fd1d0003050 tx=0x7fd1d0009250 comp rx=0 tx=0).ready entity=mon.0 client_cookie=0 server_cookie=0 in_seq=0 out_seq=0
2024-05-06T12:40:36.339 INFO:teuthology.orchestra.run.smithi077.stdout:/usr/bin/ceph: stderr
2024-05-06T12:40:35.401+0000 7fd1caffd700 1 -- 172.21.15.77:0/2141853895 <== mon.0 v2:172.21.15.77:3300/0 1 ==== mon_map magic: 0 v1 ==== 229+0+0 (secure 0 0 0) 0x7fd1d0010760 con 0x7fd1dc076c50
2024-05-06T12:40:36.339 INFO:teuthology.orchestra.run.smithi077.stdout:/usr/bin/ceph: stderr
2024-05-06T12:40:35.401+0000 7fd1caffd700 1 -- 172.21.15.77:0/2141853895 <== mon.0 v2:172.21.15.77:3300/0 2 ==== config(27 keys) v1 ==== 1044+0+0 (secure 0 0 0) 0x7fd1d0010d50 con 0x7fd1dc076c50
2024-05-06T12:40:36.339 INFO:teuthology.orchestra.run.smithi077.stdout:/usr/bin/ceph: stderr
2024-05-06T12:40:35.401+0000 7fd1e0954700 1 -- 172.21.15.77:0/2141853895 --> [v2:172.21.15.77:3300/0,v1:172.21.15.77:6789/0] -- mon_subscribe({mgrmap=0+}) v3 -- 0x7fd1dc111d20 con 0x7fd1dc076c50
2024-05-06T12:40:36.339 INFO:teuthology.orchestra.run.smithi077.stdout:/usr/bin/ceph: stderr
2024-05-06T12:40:35.401+0000 7fd1caffd700 1 -- 172.21.15.77:0/2141853895 <== mon.0 v2:172.21.15.77:3300/0 3 ==== mon_map magic: 0 v1 ==== 229+0+0 (secure 0 0 0) 0x7fd1d001ae20 con 0x7fd1dc076c50
2024-05-06T12:40:36.339 INFO:teuthology.orchestra.run.smithi077.stdout:/usr/bin/ceph: stderr
2024-05-06T12:40:35.401+0000 7fd1e0954700 1 -- 172.21.15.77:0/2141853895 --> [v2:172.21.15.77:3300/0,v1:172.21.15.77:6789/0] -- mon_subscribe({osdmap=0}) v3 -- 0x7fd1dc112890 con 0x7fd1dc076c50
2024-05-06T12:40:36.339 INFO:teuthology.orchestra.run.smithi077.stdout:/usr/bin/ceph: stderr
2024-05-06T12:40:35.402+0000 7fd1caffd700 1 -- 172.21.15.77:0/2141853895 <== mon.0 v2:172.21.15.77:3300/0 4 ==== mgrmap(e 4) v1 ==== 43365+0+0 (secure 0 0 0) 0x7fd1d002e440 con 0x7fd1dc076c50
2024-05-06T12:40:36.339 INFO:teuthology.orchestra.run.smithi077.stdout:/usr/bin/ceph: stderr
2024-05-06T12:40:35.402+0000 7fd1caffd700 1 --2- 172.21.15.77:0/2141853895 >> [v2:172.21.15.77:6800/2978186011,v1:172.21.15.77:6801/2978186011] conn(0x7fd1c4036850 0x7fd1c4038d00 unknown :-1 s=NONE pgs=0 cs=0 l=1 rev1=0 crypto rx=0 tx=0 comp rx=0 tx=0).connect
2024-05-06T12:40:36.339 INFO:teuthology.orchestra.run.smithi077.stdout:/usr/bin/ceph: stderr
2024-05-06T12:40:35.402+0000 7fd1caffd700 1 -- 172.21.15.77:0/2141853895 <== mon.0 v2:172.21.15.77:3300/0 5 ==== osd_map(1..1 src has 1..1) v4 ==== 721+0+0 (secure 0 0 0) 0x7fd1d004a450 con 0x7fd1dc076c50
2024-05-06T12:40:36.339 INFO:teuthology.orchestra.run.smithi077.stdout:/usr/bin/ceph: stderr
2024-05-06T12:40:35.402+0000 7fd1e0954700 1 -- 172.21.15.77:0/2141853895 --> [v2:172.21.15.77:3300/0,v1:172.21.15.77:6789/0] -- mon_command({"prefix": "get_command_descriptions"} v 0) v1 -- 0x7fd1dc05f5c0 con 0x7fd1dc076c50
2024-05-06T12:40:36.339 INFO:teuthology.orchestra.run.smithi077.stdout:/usr/bin/ceph: stderr
2024-05-06T12:40:35.402+0000 7fd1d9d9b700 1 --2- 172.21.15.77:0/2141853895 >> [v2:172.21.15.77:6800/2978186011,v1:172.21.15.77:6801/2978186011] conn(0x7fd1c4036850 0x7fd1c4038d00 unknown :-1 s=BANNER_CONNECTING pgs=0 cs=0 l=1 rev1=0 crypto rx=0 tx=0 comp rx=0 tx=0)._handle_peer_banner_payload supported=3 required=0
2024-05-06T12:40:36.340 INFO:teuthology.orchestra.run.smithi077.stdout:/usr/bin/ceph: stderr
2024-05-06T12:40:35.402+0000 7fd1d9d9b700 1 --2- 172.21.15.77:0/2141853895 >> [v2:172.21.15.77:6800/2978186011,v1:172.21.15.77:6801/2978186011] conn(0x7fd1c4036850 0x7fd1c4038d00 secure :-1 s=READY pgs=6 cs=0 l=1 rev1=1 crypto rx=0x7fd1cc009990 tx=0x7fd1cc006e40 comp rx=0 tx=0).ready entity=mgr.14100 client_cookie=0 server_cookie=0 in_seq=0 out_seq=0
2024-05-06T12:40:36.340 INFO:teuthology.orchestra.run.smithi077.stdout:/usr/bin/ceph: stderr
2024-05-06T12:40:35.407+0000 7fd1caffd700 1 -- 172.21.15.77:0/2141853895 <== mon.0 v2:172.21.15.77:3300/0 6 ==== mon_command_ack([{"prefix": "get_command_descriptions"}]=0 v0) v1 ==== 72+0+176702 (secure 0 0 0) 0x7fd1d0018940 con 0x7fd1dc076c50
2024-05-06T12:40:36.340 INFO:teuthology.orchestra.run.smithi077.stdout:/usr/bin/ceph: stderr
2024-05-06T12:40:35.666+0000 7fd1e0954700 1 -- 172.21.15.77:0/2141853895 --> [v2:172.21.15.77:3300/0,v1:172.21.15.77:6789/0] -- mon_command({"prefix": "status", "format": "json-pretty"} v 0) v1 -- 0x7fd1dc112b90 con 0x7fd1dc076c50
2024-05-06T12:40:36.340 INFO:teuthology.orchestra.run.smithi077.stdout:/usr/bin/ceph: stderr
2024-05-06T12:40:35.667+0000 7fd1caffd700 1 -- 172.21.15.77:0/2141853895 <== mon.0 v2:172.21.15.77:3300/0 7 ==== mon_command_ack([{"prefix": "status", "format": "json-pretty"}]=0 v0) v1 ==== 79+0+1248 (secure 0 0 0) 0x7fd1d0048030 con 0x7fd1dc076c50
2024-05-06T12:40:36.340 INFO:teuthology.orchestra.run.smithi077.stdout:/usr/bin/ceph: stderr
2024-05-06T12:40:35.669+0000 7fd1e0954700 1 -- 172.21.15.77:0/2141853895 >> [v2:172.21.15.77:6800/2978186011,v1:172.21.15.77:6801/2978186011] conn(0x7fd1c4036850 msgr2=0x7fd1c4038d00 secure :-1 s=STATE_CONNECTION_ESTABLISHED l=1).mark_down
2024-05-06T12:40:36.340 INFO:teuthology.orchestra.run.smithi077.stdout:/usr/bin/ceph: stderr
2024-05-06T12:40:35.669+0000 7fd1e0954700 1 --2- 172.21.15.77:0/2141853895 >> [v2:172.21.15.77:6800/2978186011,v1:172.21.15.77:6801/2978186011] conn(0x7fd1c4036850 0x7fd1c4038d00 secure :-1 s=READY pgs=6 cs=0 l=1 rev1=1 crypto rx=0x7fd1cc009990 tx=0x7fd1cc006e40 comp rx=0 tx=0).stop
2024-05-06T12:40:36.340 INFO:teuthology.orchestra.run.smithi077.stdout:/usr/bin/ceph: stderr
2024-05-06T12:40:35.669+0000 7fd1e0954700 1 -- 172.21.15.77:0/2141853895 >> [v2:172.21.15.77:3300/0,v1:172.21.15.77:6789/0] conn(0x7fd1dc076c50 msgr2=0x7fd1dc1115e0 secure :-1 s=STATE_CONNECTION_ESTABLISHED l=1).mark_down
2024-05-06T12:40:36.340 INFO:teuthology.orchestra.run.smithi077.stdout:/usr/bin/ceph: stderr
2024-05-06T12:40:35.669+0000 7fd1e0954700 1 --2- 172.21.15.77:0/2141853895 >> [v2:172.21.15.77:3300/0,v1:172.21.15.77:6789/0] conn(0x7fd1dc076c50 0x7fd1dc1115e0 secure :-1 s=READY pgs=19 cs=0 l=1 rev1=1 crypto rx=0x7fd1d0003050 tx=0x7fd1d0009250 comp rx=0 tx=0).stop
2024-05-06T12:40:36.340 INFO:teuthology.orchestra.run.smithi077.stdout:/usr/bin/ceph: stderr
2024-05-06T12:40:35.669+0000 7fd1e0954700 1 -- 172.21.15.77:0/2141853895 shutdown_connections
2024-05-06T12:40:36.340 INFO:teuthology.orchestra.run.smithi077.stdout:/usr/bin/ceph: stderr
2024-05-06T12:40:35.669+0000 7fd1e0954700 1 --2- 172.21.15.77:0/2141853895 >> [v2:172.21.15.77:6800/2978186011,v1:172.21.15.77:6801/2978186011] conn(0x7fd1c4036850 0x7fd1c4038d00 unknown :-1 s=CLOSED pgs=6 cs=0 l=1 rev1=1 crypto rx=0 tx=0 comp rx=0 tx=0).stop
2024-05-06T12:40:36.340 INFO:teuthology.orchestra.run.smithi077.stdout:/usr/bin/ceph: stderr
2024-05-06T12:40:35.669+0000 7fd1e0954700 1 --2- 172.21.15.77:0/2141853895 >> [v2:172.21.15.77:3300/0,v1:172.21.15.77:6789/0] conn(0x7fd1dc076c50 0x7fd1dc1115e0 unknown :-1 s=CLOSED pgs=19 cs=0 l=1 rev1=1 crypto rx=0 tx=0 comp rx=0 tx=0).stop
2024-05-06T12:40:36.340 INFO:teuthology.orchestra.run.smithi077.stdout:/usr/bin/ceph: stderr
2024-05-06T12:40:35.669+0000 7fd1e0954700 1 -- 172.21.15.77:0/2141853895 >> 172.21.15.77:0/2141853895 conn(0x7fd1dc0fcef0 msgr2=0x7fd1dc0fd9a0 unknown :-1 s=STATE_NONE l=0).mark_down
2024-05-06T12:40:36.341 INFO:teuthology.orchestra.run.smithi077.stdout:/usr/bin/ceph: stderr
2024-05-06T12:40:35.669+0000 7fd1e0954700 1 -- 172.21.15.77:0/2141853895 shutdown_connections
2024-05-06T12:40:36.341 INFO:teuthology.orchestra.run.smithi077.stdout:/usr/bin/ceph: stderr
2024-05-06T12:40:35.669+0000 7fd1e0954700 1 -- 172.21.15.77:0/2141853895 wait complete.
2024-05-06T12:40:36.341 INFO:teuthology.orchestra.run.smithi077.stdout:mgr is available
2024-05-06T12:40:37.432 INFO:journalctl@ceph.mon.smithi077.smithi077.stdout:May 06 12:40:37 smithi077 ceph-mon[26985]: from='client.? 172.21.15.77:0/1917857976' entity='client.admin' cmd=[{"prefix": "config assimilate-conf"}]: dispatch
2024-05-06T12:40:37.527 INFO:teuthology.orchestra.run.smithi077.stdout:/usr/bin/ceph: stdout
2024-05-06T12:40:37.527 INFO:teuthology.orchestra.run.smithi077.stdout:/usr/bin/ceph: stdout [global]
2024-05-06T12:40:37.527 INFO:teuthology.orchestra.run.smithi077.stdout:/usr/bin/ceph: stdout fsid = 9bac50fc-0ba5-11ef-bc97-c7b262605968
2024-05-06T12:40:37.527 INFO:teuthology.orchestra.run.smithi077.stdout:/usr/bin/ceph: stdout mon_osd_allow_pg_remap = true
2024-05-06T12:40:37.527 INFO:teuthology.orchestra.run.smithi077.stdout:/usr/bin/ceph: stdout mon_osd_allow_primary_affinity = true
2024-05-06T12:40:37.527 INFO:teuthology.orchestra.run.smithi077.stdout:/usr/bin/ceph: stdout mon_warn_on_no_sortbitwise = false
2024-05-06T12:40:37.527 INFO:teuthology.orchestra.run.smithi077.stdout:/usr/bin/ceph: stdout osd_crush_chooseleaf_type = 0
2024-05-06T12:40:37.527 INFO:teuthology.orchestra.run.smithi077.stdout:/usr/bin/ceph: stdout
2024-05-06T12:40:37.527 INFO:teuthology.orchestra.run.smithi077.stdout:/usr/bin/ceph: stdout [mgr]
2024-05-06T12:40:37.527 INFO:teuthology.orchestra.run.smithi077.stdout:/usr/bin/ceph: stdout mgr/telemetry/nag = false
2024-05-06T12:40:37.527 INFO:teuthology.orchestra.run.smithi077.stdout:/usr/bin/ceph: stdout
2024-05-06T12:40:37.528 INFO:teuthology.orchestra.run.smithi077.stdout:/usr/bin/ceph: stdout [osd]
2024-05-06T12:40:37.528 INFO:teuthology.orchestra.run.smithi077.stdout:/usr/bin/ceph: stdout mon_osd_backfillfull_ratio = 0.85
2024-05-06T12:40:37.528 INFO:teuthology.orchestra.run.smithi077.stdout:/usr/bin/ceph: stdout mon_osd_full_ratio = 0.9
2024-05-06T12:40:37.528 INFO:teuthology.orchestra.run.smithi077.stdout:/usr/bin/ceph: stdout mon_osd_nearfull_ratio = 0.8
2024-05-06T12:40:37.528 INFO:teuthology.orchestra.run.smithi077.stdout:/usr/bin/ceph: stdout osd_map_max_advance = 10
2024-05-06T12:40:37.528 INFO:teuthology.orchestra.run.smithi077.stdout:/usr/bin/ceph: stdout osd_sloppy_crc = true
2024-05-06T12:40:37.528 INFO:teuthology.orchestra.run.smithi077.stdout:/usr/bin/ceph: stderr
2024-05-06T12:40:36.774+0000 7fb867650700 1 Processor -- start
2024-05-06T12:40:37.528 INFO:teuthology.orchestra.run.smithi077.stdout:/usr/bin/ceph: stderr
2024-05-06T12:40:36.774+0000 7fb867650700 1 -- start start
2024-05-06T12:40:37.528 INFO:teuthology.orchestra.run.smithi077.stdout:/usr/bin/ceph: stderr
2024-05-06T12:40:36.774+0000 7fb867650700 1 --2- >> [v2:172.21.15.77:3300/0,v1:172.21.15.77:6789/0] conn(0x7fb860077b50 0x7fb860076100 unknown :-1 s=NONE pgs=0 cs=0 l=0 rev1=0 crypto rx=0 tx=0 comp rx=0 tx=0).connect
2024-05-06T12:40:37.528 INFO:teuthology.orchestra.run.smithi077.stdout:/usr/bin/ceph: stderr
2024-05-06T12:40:36.774+0000 7fb867650700 1 -- --> [v2:172.21.15.77:3300/0,v1:172.21.15.77:6789/0] -- mon_getmap magic: 0 v1 -- 0x7fb860077f60 con 0x7fb860077b50
2024-05-06T12:40:37.528 INFO:teuthology.orchestra.run.smithi077.stdout:/usr/bin/ceph: stderr
2024-05-06T12:40:36.774+0000 7fb8653ec700 1 --2- >> [v2:172.21.15.77:3300/0,v1:172.21.15.77:6789/0] conn(0x7fb860077b50 0x7fb860076100 unknown :-1 s=BANNER_CONNECTING pgs=0 cs=0 l=0 rev1=0 crypto rx=0 tx=0 comp rx=0 tx=0)._handle_peer_banner_payload supported=3 required=0
2024-05-06T12:40:37.528 INFO:teuthology.orchestra.run.smithi077.stdout:/usr/bin/ceph: stderr
2024-05-06T12:40:36.774+0000 7fb8653ec700 1 --2- >> [v2:172.21.15.77:3300/0,v1:172.21.15.77:6789/0] conn(0x7fb860077b50 0x7fb860076100 unknown :-1 s=HELLO_CONNECTING pgs=0 cs=0 l=0 rev1=1 crypto rx=0 tx=0 comp rx=0 tx=0).handle_hello peer v2:172.21.15.77:3300/0 says I am v2:172.21.15.77:49394/0 (socket says 172.21.15.77:49394)
2024-05-06T12:40:37.528 INFO:teuthology.orchestra.run.smithi077.stdout:/usr/bin/ceph: stderr
2024-05-06T12:40:36.774+0000 7fb8653ec700 1 -- 172.21.15.77:0/3376511867 learned_addr learned my addr 172.21.15.77:0/3376511867 (peer_addr_for_me v2:172.21.15.77:0/0)
2024-05-06T12:40:37.528 INFO:teuthology.orchestra.run.smithi077.stdout:/usr/bin/ceph: stderr
2024-05-06T12:40:36.775+0000 7fb8653ec700 1 -- 172.21.15.77:0/3376511867 --> [v2:172.21.15.77:3300/0,v1:172.21.15.77:6789/0] -- mon_subscribe({config=0+,monmap=0+}) v3 -- 0x7fb860076640 con 0x7fb860077b50
2024-05-06T12:40:37.528 INFO:teuthology.orchestra.run.smithi077.stdout:/usr/bin/ceph: stderr
2024-05-06T12:40:36.775+0000 7fb8653ec700 1 --2- 172.21.15.77:0/3376511867 >> [v2:172.21.15.77:3300/0,v1:172.21.15.77:6789/0] conn(0x7fb860077b50 0x7fb860076100 secure :-1 s=READY pgs=20 cs=0 l=1 rev1=1 crypto rx=0x7fb85c0098e0 tx=0x7fb85c009250 comp rx=0 tx=0).ready entity=mon.0 client_cookie=32e4e103d54ecea9 server_cookie=0 in_seq=0 out_seq=0
2024-05-06T12:40:37.529 INFO:teuthology.orchestra.run.smithi077.stdout:/usr/bin/ceph: stderr
2024-05-06T12:40:36.775+0000 7fb857fff700 1 -- 172.21.15.77:0/3376511867 <== mon.0 v2:172.21.15.77:3300/0 1 ==== mon_map magic: 0 v1 ==== 229+0+0 (secure 0 0 0) 0x7fb85c00b860 con 0x7fb860077b50
2024-05-06T12:40:37.529 INFO:teuthology.orchestra.run.smithi077.stdout:/usr/bin/ceph: stderr
2024-05-06T12:40:36.775+0000 7fb857fff700 1 -- 172.21.15.77:0/3376511867 <== mon.0 v2:172.21.15.77:3300/0 2 ==== config(27 keys) v1 ==== 1044+0+0 (secure 0 0 0) 0x7fb85c00be50 con 0x7fb860077b50
2024-05-06T12:40:37.529 INFO:teuthology.orchestra.run.smithi077.stdout:/usr/bin/ceph: stderr
2024-05-06T12:40:36.775+0000 7fb857fff700 1 -- 172.21.15.77:0/3376511867 <== mon.0 v2:172.21.15.77:3300/0 3 ==== mon_map magic: 0 v1 ==== 229+0+0 (secure 0 0 0) 0x7fb85c010380 con 0x7fb860077b50
2024-05-06T12:40:37.529 INFO:teuthology.orchestra.run.smithi077.stdout:/usr/bin/ceph: stderr
2024-05-06T12:40:36.775+0000 7fb867650700 1 -- 172.21.15.77:0/3376511867 >> [v2:172.21.15.77:3300/0,v1:172.21.15.77:6789/0] conn(0x7fb860077b50 msgr2=0x7fb860076100 secure :-1 s=STATE_CONNECTION_ESTABLISHED l=1).mark_down
2024-05-06T12:40:37.529 INFO:teuthology.orchestra.run.smithi077.stdout:/usr/bin/ceph: stderr
2024-05-06T12:40:36.775+0000 7fb867650700 1 --2- 172.21.15.77:0/3376511867 >> [v2:172.21.15.77:3300/0,v1:172.21.15.77:6789/0] conn(0x7fb860077b50 0x7fb860076100 secure :-1 s=READY pgs=20 cs=0 l=1 rev1=1 crypto rx=0x7fb85c0098e0 tx=0x7fb85c009250 comp rx=0 tx=0).stop
2024-05-06T12:40:37.529 INFO:teuthology.orchestra.run.smithi077.stdout:/usr/bin/ceph: stderr
2024-05-06T12:40:36.775+0000 7fb867650700 1 -- 172.21.15.77:0/3376511867 shutdown_connections
2024-05-06T12:40:37.529 INFO:teuthology.orchestra.run.smithi077.stdout:/usr/bin/ceph: stderr
2024-05-06T12:40:36.775+0000 7fb867650700 1 --2- 172.21.15.77:0/3376511867 >> [v2:172.21.15.77:3300/0,v1:172.21.15.77:6789/0] conn(0x7fb860077b50 0x7fb860076100 unknown :-1 s=CLOSED pgs=20 cs=0 l=1 rev1=1 crypto rx=0 tx=0 comp rx=0 tx=0).stop
2024-05-06T12:40:37.529 INFO:teuthology.orchestra.run.smithi077.stdout:/usr/bin/ceph: stderr
2024-05-06T12:40:36.775+0000 7fb867650700 1 -- 172.21.15.77:0/3376511867 >> 172.21.15.77:0/3376511867 conn(0x7fb8600fdf90 msgr2=0x7fb860100400 unknown :-1 s=STATE_NONE l=0).mark_down
2024-05-06T12:40:37.529 INFO:teuthology.orchestra.run.smithi077.stdout:/usr/bin/ceph: stderr
2024-05-06T12:40:36.776+0000 7fb867650700 1 -- 172.21.15.77:0/3376511867 shutdown_connections
2024-05-06T12:40:37.529 INFO:teuthology.orchestra.run.smithi077.stdout:/usr/bin/ceph: stderr
2024-05-06T12:40:36.776+0000 7fb867650700 1 -- 172.21.15.77:0/3376511867 wait complete.
2024-05-06T12:40:37.529 INFO:teuthology.orchestra.run.smithi077.stdout:/usr/bin/ceph: stderr
2024-05-06T12:40:36.776+0000 7fb867650700 1 Processor -- start
2024-05-06T12:40:37.529 INFO:teuthology.orchestra.run.smithi077.stdout:/usr/bin/ceph: stderr
2024-05-06T12:40:36.776+0000 7fb867650700 1 -- start start
2024-05-06T12:40:37.529 INFO:teuthology.orchestra.run.smithi077.stdout:/usr/bin/ceph: stderr
2024-05-06T12:40:36.776+0000 7fb867650700 1 --2- >> [v2:172.21.15.77:3300/0,v1:172.21.15.77:6789/0] conn(0x7fb860077b50 0x7fb860113830 unknown :-1 s=NONE pgs=0 cs=0 l=1 rev1=0 crypto rx=0 tx=0 comp rx=0 tx=0).connect
2024-05-06T12:40:37.530 INFO:teuthology.orchestra.run.smithi077.stdout:/usr/bin/ceph: stderr
2024-05-06T12:40:36.776+0000 7fb867650700 1 -- --> [v2:172.21.15.77:3300/0,v1:172.21.15.77:6789/0] -- mon_getmap magic: 0 v1 -- 0x7fb860113d70 con 0x7fb860077b50
2024-05-06T12:40:37.530 INFO:teuthology.orchestra.run.smithi077.stdout:/usr/bin/ceph: stderr
2024-05-06T12:40:36.776+0000 7fb8653ec700 1 --2- >> [v2:172.21.15.77:3300/0,v1:172.21.15.77:6789/0] conn(0x7fb860077b50 0x7fb860113830 unknown :-1 s=BANNER_CONNECTING pgs=0 cs=0 l=1 rev1=0 crypto rx=0 tx=0 comp rx=0 tx=0)._handle_peer_banner_payload supported=3 required=0
2024-05-06T12:40:37.530 INFO:teuthology.orchestra.run.smithi077.stdout:/usr/bin/ceph: stderr
2024-05-06T12:40:36.776+0000 7fb8653ec700 1 --2- >> [v2:172.21.15.77:3300/0,v1:172.21.15.77:6789/0] conn(0x7fb860077b50 0x7fb860113830 unknown :-1 s=HELLO_CONNECTING pgs=0 cs=0 l=1 rev1=1 crypto rx=0 tx=0 comp rx=0 tx=0).handle_hello peer v2:172.21.15.77:3300/0 says I am v2:172.21.15.77:49400/0 (socket says 172.21.15.77:49400)
2024-05-06T12:40:37.530 INFO:teuthology.orchestra.run.smithi077.stdout:/usr/bin/ceph: stderr
2024-05-06T12:40:36.776+0000 7fb8653ec700 1 -- 172.21.15.77:0/1917857976 learned_addr learned my addr 172.21.15.77:0/1917857976 (peer_addr_for_me v2:172.21.15.77:0/0)
2024-05-06T12:40:37.530 INFO:teuthology.orchestra.run.smithi077.stdout:/usr/bin/ceph: stderr
2024-05-06T12:40:36.777+0000 7fb8653ec700 1 -- 172.21.15.77:0/1917857976 --> [v2:172.21.15.77:3300/0,v1:172.21.15.77:6789/0] -- mon_subscribe({config=0+,monmap=0+}) v3 -- 0x7fb85c0094f0 con 0x7fb860077b50
2024-05-06T12:40:37.530 INFO:teuthology.orchestra.run.smithi077.stdout:/usr/bin/ceph: stderr
2024-05-06T12:40:36.777+0000 7fb8653ec700 1 --2- 172.21.15.77:0/1917857976 >> [v2:172.21.15.77:3300/0,v1:172.21.15.77:6789/0] conn(0x7fb860077b50 0x7fb860113830 secure :-1 s=READY pgs=21 cs=0 l=1 rev1=1 crypto rx=0x7fb85c00b440 tx=0x7fb85c009250 comp rx=0 tx=0).ready entity=mon.0 client_cookie=0 server_cookie=0 in_seq=0 out_seq=0
2024-05-06T12:40:37.530 INFO:teuthology.orchestra.run.smithi077.stdout:/usr/bin/ceph: stderr
2024-05-06T12:40:36.777+0000 7fb855ffb700 1 -- 172.21.15.77:0/1917857976 <== mon.0 v2:172.21.15.77:3300/0 1 ==== mon_map magic: 0 v1 ==== 229+0+0 (secure 0 0 0) 0x7fb85c010760 con 0x7fb860077b50
2024-05-06T12:40:37.530 INFO:teuthology.orchestra.run.smithi077.stdout:/usr/bin/ceph: stderr
2024-05-06T12:40:36.777+0000 7fb855ffb700 1 -- 172.21.15.77:0/1917857976 <== mon.0 v2:172.21.15.77:3300/0 2 ==== config(27 keys) v1 ==== 1044+0+0 (secure 0 0 0) 0x7fb85c010d50 con 0x7fb860077b50
2024-05-06T12:40:37.530 INFO:teuthology.orchestra.run.smithi077.stdout:/usr/bin/ceph: stderr
2024-05-06T12:40:36.777+0000 7fb867650700 1 -- 172.21.15.77:0/1917857976 --> [v2:172.21.15.77:3300/0,v1:172.21.15.77:6789/0] -- mon_subscribe({mgrmap=0+}) v3 -- 0x7fb860113f70 con 0x7fb860077b50
2024-05-06T12:40:37.530 INFO:teuthology.orchestra.run.smithi077.stdout:/usr/bin/ceph: stderr
2024-05-06T12:40:36.777+0000 7fb855ffb700 1 -- 172.21.15.77:0/1917857976 <== mon.0 v2:172.21.15.77:3300/0 3 ==== mon_map magic: 0 v1 ==== 229+0+0 (secure 0 0 0) 0x7fb85c01adc0 con 0x7fb860077b50
2024-05-06T12:40:37.530 INFO:teuthology.orchestra.run.smithi077.stdout:/usr/bin/ceph: stderr
2024-05-06T12:40:36.777+0000 7fb867650700 1 -- 172.21.15.77:0/1917857976 --> [v2:172.21.15.77:3300/0,v1:172.21.15.77:6789/0] -- mon_subscribe({osdmap=0}) v3 -- 0x7fb860114ae0 con 0x7fb860077b50
2024-05-06T12:40:37.530 INFO:teuthology.orchestra.run.smithi077.stdout:/usr/bin/ceph: stderr
2024-05-06T12:40:36.778+0000 7fb855ffb700 1 -- 172.21.15.77:0/1917857976 <== mon.0 v2:172.21.15.77:3300/0 4 ==== mgrmap(e 4) v1 ==== 43365+0+0 (secure 0 0 0) 0x7fb85c0193c0 con 0x7fb860077b50
2024-05-06T12:40:37.531 INFO:teuthology.orchestra.run.smithi077.stdout:/usr/bin/ceph: stderr
2024-05-06T12:40:36.778+0000 7fb855ffb700 1 --2- 172.21.15.77:0/1917857976 >> [v2:172.21.15.77:6800/2978186011,v1:172.21.15.77:6801/2978186011] conn(0x7fb84c036850 0x7fb84c038d00 unknown :-1 s=NONE pgs=0 cs=0 l=1 rev1=0 crypto rx=0 tx=0 comp rx=0 tx=0).connect
2024-05-06T12:40:37.531 INFO:teuthology.orchestra.run.smithi077.stdout:/usr/bin/ceph: stderr
2024-05-06T12:40:36.778+0000 7fb855ffb700 1 -- 172.21.15.77:0/1917857976 <== mon.0 v2:172.21.15.77:3300/0 5 ==== osd_map(1..1 src has 1..1) v4 ==== 721+0+0 (secure 0 0 0) 0x7fb85c049f40 con 0x7fb860077b50
2024-05-06T12:40:37.531 INFO:teuthology.orchestra.run.smithi077.stdout:/usr/bin/ceph: stderr
2024-05-06T12:40:36.778+0000 7fb864beb700 1 --2- 172.21.15.77:0/1917857976 >> [v2:172.21.15.77:6800/2978186011,v1:172.21.15.77:6801/2978186011] conn(0x7fb84c036850 0x7fb84c038d00 unknown :-1 s=BANNER_CONNECTING pgs=0 cs=0 l=1 rev1=0 crypto rx=0 tx=0 comp rx=0 tx=0)._handle_peer_banner_payload supported=3 required=0
2024-05-06T12:40:37.531 INFO:teuthology.orchestra.run.smithi077.stdout:/usr/bin/ceph: stderr
2024-05-06T12:40:36.778+0000 7fb867650700 1 -- 172.21.15.77:0/1917857976 --> [v2:172.21.15.77:3300/0,v1:172.21.15.77:6789/0] -- mon_command({"prefix": "get_command_descriptions"} v 0) v1 -- 0x7fb86005f5c0 con 0x7fb860077b50
2024-05-06T12:40:37.531 INFO:teuthology.orchestra.run.smithi077.stdout:/usr/bin/ceph: stderr
2024-05-06T12:40:36.779+0000 7fb864beb700 1 --2- 172.21.15.77:0/1917857976 >> [v2:172.21.15.77:6800/2978186011,v1:172.21.15.77:6801/2978186011] conn(0x7fb84c036850 0x7fb84c038d00 secure :-1 s=READY pgs=7 cs=0 l=1 rev1=1 crypto rx=0x7fb850009990 tx=0x7fb850006e40 comp rx=0 tx=0).ready entity=mgr.14100 client_cookie=0 server_cookie=0 in_seq=0 out_seq=0
2024-05-06T12:40:37.531 INFO:teuthology.orchestra.run.smithi077.stdout:/usr/bin/ceph: stderr
2024-05-06T12:40:36.783+0000 7fb855ffb700 1 -- 172.21.15.77:0/1917857976 <== mon.0 v2:172.21.15.77:3300/0 6 ==== mon_command_ack([{"prefix": "get_command_descriptions"}]=0 v0) v1 ==== 72+0+176702 (secure 0 0 0) 0x7fb85c023940 con 0x7fb860077b50
2024-05-06T12:40:37.531 INFO:teuthology.orchestra.run.smithi077.stdout:/usr/bin/ceph: stderr
2024-05-06T12:40:36.967+0000 7fb867650700 1 -- 172.21.15.77:0/1917857976 --> [v2:172.21.15.77:3300/0,v1:172.21.15.77:6789/0] -- mon_command({"prefix": "config assimilate-conf"} v 0) v1 -- 0x7fb86004bed0 con 0x7fb860077b50
2024-05-06T12:40:37.531 INFO:teuthology.orchestra.run.smithi077.stdout:/usr/bin/ceph: stderr
2024-05-06T12:40:36.967+0000 7fb855ffb700 1 -- 172.21.15.77:0/1917857976 <== mon.0 v2:172.21.15.77:3300/0 7 ==== mon_command_ack([{"prefix": "config assimilate-conf"}]=0 v3) v1 ==== 70+0+373 (secure 0 0 0) 0x7fb85c023350 con 0x7fb860077b50
2024-05-06T12:40:37.531 INFO:teuthology.orchestra.run.smithi077.stdout:/usr/bin/ceph: stderr
2024-05-06T12:40:36.969+0000 7fb867650700 1 -- 172.21.15.77:0/1917857976 >> [v2:172.21.15.77:6800/2978186011,v1:172.21.15.77:6801/2978186011] conn(0x7fb84c036850 msgr2=0x7fb84c038d00 secure :-1 s=STATE_CONNECTION_ESTABLISHED l=1).mark_down
2024-05-06T12:40:37.531 INFO:teuthology.orchestra.run.smithi077.stdout:/usr/bin/ceph: stderr
2024-05-06T12:40:36.969+0000 7fb867650700 1 --2- 172.21.15.77:0/1917857976 >> [v2:172.21.15.77:6800/2978186011,v1:172.21.15.77:6801/2978186011] conn(0x7fb84c036850 0x7fb84c038d00 secure :-1 s=READY pgs=7 cs=0 l=1 rev1=1 crypto rx=0x7fb850009990 tx=0x7fb850006e40 comp rx=0 tx=0).stop
2024-05-06T12:40:37.531 INFO:teuthology.orchestra.run.smithi077.stdout:/usr/bin/ceph: stderr
2024-05-06T12:40:36.969+0000 7fb867650700 1 -- 172.21.15.77:0/1917857976 >> [v2:172.21.15.77:3300/0,v1:172.21.15.77:6789/0] conn(0x7fb860077b50 msgr2=0x7fb860113830 secure :-1 s=STATE_CONNECTION_ESTABLISHED l=1).mark_down
2024-05-06T12:40:37.531 INFO:teuthology.orchestra.run.smithi077.stdout:/usr/bin/ceph: stderr
2024-05-06T12:40:36.969+0000 7fb867650700 1 --2- 172.21.15.77:0/1917857976 >> [v2:172.21.15.77:3300/0,v1:172.21.15.77:6789/0] conn(0x7fb860077b50 0x7fb860113830 secure :-1 s=READY pgs=21 cs=0 l=1 rev1=1 crypto rx=0x7fb85c00b440 tx=0x7fb85c009250 comp rx=0 tx=0).stop
2024-05-06T12:40:37.531 INFO:teuthology.orchestra.run.smithi077.stdout:/usr/bin/ceph: stderr
2024-05-06T12:40:36.969+0000 7fb867650700 1 -- 172.21.15.77:0/1917857976 shutdown_connections
2024-05-06T12:40:37.532 INFO:teuthology.orchestra.run.smithi077.stdout:/usr/bin/ceph: stderr
2024-05-06T12:40:36.969+0000 7fb867650700 1 --2- 172.21.15.77:0/1917857976 >> [v2:172.21.15.77:6800/2978186011,v1:172.21.15.77:6801/2978186011] conn(0x7fb84c036850 0x7fb84c038d00 unknown :-1 s=CLOSED pgs=7 cs=0 l=1 rev1=1 crypto rx=0 tx=0 comp rx=0 tx=0).stop
2024-05-06T12:40:37.532 INFO:teuthology.orchestra.run.smithi077.stdout:/usr/bin/ceph: stderr
2024-05-06T12:40:36.969+0000 7fb867650700 1 --2- 172.21.15.77:0/1917857976 >> [v2:172.21.15.77:3300/0,v1:172.21.15.77:6789/0] conn(0x7fb860077b50 0x7fb860113830 unknown :-1 s=CLOSED pgs=21 cs=0 l=1 rev1=1 crypto rx=0 tx=0 comp rx=0 tx=0).stop
2024-05-06T12:40:37.532 INFO:teuthology.orchestra.run.smithi077.stdout:/usr/bin/ceph: stderr
2024-05-06T12:40:36.969+0000 7fb867650700 1 -- 172.21.15.77:0/1917857976 >> 172.21.15.77:0/1917857976 conn(0x7fb8600fdf90 msgr2=0x7fb8600feb40 unknown :-1 s=STATE_NONE l=0).mark_down
2024-05-06T12:40:37.532 INFO:teuthology.orchestra.run.smithi077.stdout:/usr/bin/ceph: stderr
2024-05-06T12:40:36.970+0000 7fb867650700 1 -- 172.21.15.77:0/1917857976 shutdown_connections
2024-05-06T12:40:37.532 INFO:teuthology.orchestra.run.smithi077.stdout:/usr/bin/ceph: stderr
2024-05-06T12:40:36.970+0000 7fb867650700 1 -- 172.21.15.77:0/1917857976 wait complete.
2024-05-06T12:40:37.532 INFO:teuthology.orchestra.run.smithi077.stdout:Enabling cephadm module...
2024-05-06T12:40:38.431 INFO:journalctl@ceph.mon.smithi077.smithi077.stdout:May 06 12:40:38 smithi077 ceph-mon[26985]: from='client.? 172.21.15.77:0/3121381659' entity='client.admin' cmd=[{"prefix": "mgr module enable", "module": "cephadm"}]: dispatch
2024-05-06T12:40:38.840 INFO:teuthology.orchestra.run.smithi077.stdout:/usr/bin/ceph: stderr
2024-05-06T12:40:37.923+0000 7fcc51dae700 1 Processor -- start
2024-05-06T12:40:38.840 INFO:teuthology.orchestra.run.smithi077.stdout:/usr/bin/ceph: stderr
2024-05-06T12:40:37.923+0000 7fcc51dae700 1 -- start start
2024-05-06T12:40:38.840 INFO:teuthology.orchestra.run.smithi077.stdout:/usr/bin/ceph: stderr
2024-05-06T12:40:37.923+0000 7fcc51dae700 1 --2- >> [v2:172.21.15.77:3300/0,v1:172.21.15.77:6789/0] conn(0x7fcc4c100cd0 0x7fcc4c1010e0 unknown :-1 s=NONE pgs=0 cs=0 l=0 rev1=0 crypto rx=0 tx=0 comp rx=0 tx=0).connect
2024-05-06T12:40:38.840 INFO:teuthology.orchestra.run.smithi077.stdout:/usr/bin/ceph: stderr
2024-05-06T12:40:37.923+0000 7fcc51dae700 1 -- --> [v2:172.21.15.77:3300/0,v1:172.21.15.77:6789/0] -- mon_getmap magic: 0 v1 -- 0x7fcc4c101620 con 0x7fcc4c100cd0
2024-05-06T12:40:38.840 INFO:teuthology.orchestra.run.smithi077.stdout:/usr/bin/ceph: stderr
2024-05-06T12:40:37.923+0000 7fcc4b7fe700 1 --2- >> [v2:172.21.15.77:3300/0,v1:172.21.15.77:6789/0] conn(0x7fcc4c100cd0 0x7fcc4c1010e0 unknown :-1 s=BANNER_CONNECTING pgs=0 cs=0 l=0 rev1=0 crypto rx=0 tx=0 comp rx=0 tx=0)._handle_peer_banner_payload supported=3 required=0
2024-05-06T12:40:38.840 INFO:teuthology.orchestra.run.smithi077.stdout:/usr/bin/ceph: stderr
2024-05-06T12:40:37.923+0000 7fcc4b7fe700 1 --2- >> [v2:172.21.15.77:3300/0,v1:172.21.15.77:6789/0] conn(0x7fcc4c100cd0 0x7fcc4c1010e0 unknown :-1 s=HELLO_CONNECTING pgs=0 cs=0 l=0 rev1=1 crypto rx=0 tx=0 comp rx=0 tx=0).handle_hello peer v2:172.21.15.77:3300/0 says I am v2:172.21.15.77:49412/0 (socket says 172.21.15.77:49412)
2024-05-06T12:40:38.840 INFO:teuthology.orchestra.run.smithi077.stdout:/usr/bin/ceph: stderr
2024-05-06T12:40:37.923+0000 7fcc4b7fe700 1 -- 172.21.15.77:0/2985273988 learned_addr learned my addr 172.21.15.77:0/2985273988 (peer_addr_for_me v2:172.21.15.77:0/0)
2024-05-06T12:40:38.840 INFO:teuthology.orchestra.run.smithi077.stdout:/usr/bin/ceph: stderr
2024-05-06T12:40:37.924+0000 7fcc4b7fe700 1 -- 172.21.15.77:0/2985273988 --> [v2:172.21.15.77:3300/0,v1:172.21.15.77:6789/0] -- mon_subscribe({config=0+,monmap=0+}) v3 -- 0x7fcc4c101760 con 0x7fcc4c100cd0
2024-05-06T12:40:38.840 INFO:teuthology.orchestra.run.smithi077.stdout:/usr/bin/ceph: stderr
2024-05-06T12:40:37.924+0000 7fcc4b7fe700 1 --2- 172.21.15.77:0/2985273988 >> [v2:172.21.15.77:3300/0,v1:172.21.15.77:6789/0] conn(0x7fcc4c100cd0 0x7fcc4c1010e0 secure :-1 s=READY pgs=22 cs=0 l=1 rev1=1 crypto rx=0x7fcc3c0098e0 tx=0x7fcc3c009250 comp rx=0 tx=0).ready entity=mon.0 client_cookie=520a592e82a1edb1 server_cookie=0 in_seq=0 out_seq=0
2024-05-06T12:40:38.840 INFO:teuthology.orchestra.run.smithi077.stdout:/usr/bin/ceph: stderr
2024-05-06T12:40:37.924+0000 7fcc4a7fc700 1 -- 172.21.15.77:0/2985273988 <== mon.0 v2:172.21.15.77:3300/0 1 ==== mon_map magic: 0 v1 ==== 229+0+0 (secure 0 0 0) 0x7fcc3c00b860 con 0x7fcc4c100cd0
2024-05-06T12:40:38.841 INFO:teuthology.orchestra.run.smithi077.stdout:/usr/bin/ceph: stderr
2024-05-06T12:40:37.924+0000 7fcc4a7fc700 1 -- 172.21.15.77:0/2985273988 <== mon.0 v2:172.21.15.77:3300/0 2 ==== config(27 keys) v1 ==== 1044+0+0 (secure 0 0 0) 0x7fcc3c00be50 con 0x7fcc4c100cd0
2024-05-06T12:40:38.841 INFO:teuthology.orchestra.run.smithi077.stdout:/usr/bin/ceph: stderr
2024-05-06T12:40:37.924+0000 7fcc4a7fc700 1 -- 172.21.15.77:0/2985273988 <== mon.0 v2:172.21.15.77:3300/0 3 ==== mon_map magic: 0 v1 ==== 229+0+0 (secure 0 0 0) 0x7fcc3c010380 con 0x7fcc4c100cd0
2024-05-06T12:40:38.841 INFO:teuthology.orchestra.run.smithi077.stdout:/usr/bin/ceph: stderr
2024-05-06T12:40:37.925+0000 7fcc51dae700 1 -- 172.21.15.77:0/2985273988 >> [v2:172.21.15.77:3300/0,v1:172.21.15.77:6789/0] conn(0x7fcc4c100cd0 msgr2=0x7fcc4c1010e0 secure :-1 s=STATE_CONNECTION_ESTABLISHED l=1).mark_down
2024-05-06T12:40:38.841 INFO:teuthology.orchestra.run.smithi077.stdout:/usr/bin/ceph: stderr
2024-05-06T12:40:37.925+0000 7fcc51dae700 1 --2- 172.21.15.77:0/2985273988 >> [v2:172.21.15.77:3300/0,v1:172.21.15.77:6789/0] conn(0x7fcc4c100cd0 0x7fcc4c1010e0 secure :-1 s=READY pgs=22 cs=0 l=1 rev1=1 crypto rx=0x7fcc3c0098e0 tx=0x7fcc3c009250 comp rx=0 tx=0).stop
2024-05-06T12:40:38.841 INFO:teuthology.orchestra.run.smithi077.stdout:/usr/bin/ceph: stderr
2024-05-06T12:40:37.925+0000 7fcc51dae700 1 -- 172.21.15.77:0/2985273988 shutdown_connections
2024-05-06T12:40:38.841 INFO:teuthology.orchestra.run.smithi077.stdout:/usr/bin/ceph: stderr
2024-05-06T12:40:37.925+0000 7fcc51dae700 1 --2- 172.21.15.77:0/2985273988 >> [v2:172.21.15.77:3300/0,v1:172.21.15.77:6789/0] conn(0x7fcc4c100cd0 0x7fcc4c1010e0 unknown :-1 s=CLOSED pgs=22 cs=0 l=1 rev1=1 crypto rx=0 tx=0 comp rx=0 tx=0).stop
2024-05-06T12:40:38.841 INFO:teuthology.orchestra.run.smithi077.stdout:/usr/bin/ceph: stderr
2024-05-06T12:40:37.925+0000 7fcc51dae700 1 -- 172.21.15.77:0/2985273988 >> 172.21.15.77:0/2985273988 conn(0x7fcc4c0fc6f0 msgr2=0x7fcc4c0feb00 unknown :-1 s=STATE_NONE l=0).mark_down
2024-05-06T12:40:38.841 INFO:teuthology.orchestra.run.smithi077.stdout:/usr/bin/ceph: stderr
2024-05-06T12:40:37.925+0000 7fcc51dae700 1 -- 172.21.15.77:0/2985273988 shutdown_connections
2024-05-06T12:40:38.841 INFO:teuthology.orchestra.run.smithi077.stdout:/usr/bin/ceph: stderr
2024-05-06T12:40:37.925+0000 7fcc51dae700 1 -- 172.21.15.77:0/2985273988 wait complete.
2024-05-06T12:40:38.841 INFO:teuthology.orchestra.run.smithi077.stdout:/usr/bin/ceph: stderr
2024-05-06T12:40:37.925+0000 7fcc51dae700 1 Processor -- start
2024-05-06T12:40:38.841 INFO:teuthology.orchestra.run.smithi077.stdout:/usr/bin/ceph: stderr
2024-05-06T12:40:37.925+0000 7fcc51dae700 1 -- start start
2024-05-06T12:40:38.841 INFO:teuthology.orchestra.run.smithi077.stdout:/usr/bin/ceph: stderr
2024-05-06T12:40:37.925+0000 7fcc51dae700 1 --2- >> [v2:172.21.15.77:3300/0,v1:172.21.15.77:6789/0] conn(0x7fcc4c100cd0 0x7fcc4c111590 unknown :-1 s=NONE pgs=0 cs=0 l=1 rev1=0 crypto rx=0 tx=0 comp rx=0 tx=0).connect
2024-05-06T12:40:38.841 INFO:teuthology.orchestra.run.smithi077.stdout:/usr/bin/ceph: stderr
2024-05-06T12:40:37.925+0000 7fcc51dae700 1 -- --> [v2:172.21.15.77:3300/0,v1:172.21.15.77:6789/0] -- mon_getmap magic: 0 v1 -- 0x7fcc4c111ad0 con 0x7fcc4c100cd0
2024-05-06T12:40:38.841 INFO:teuthology.orchestra.run.smithi077.stdout:/usr/bin/ceph: stderr
2024-05-06T12:40:37.926+0000 7fcc4b7fe700 1 --2- >> [v2:172.21.15.77:3300/0,v1:172.21.15.77:6789/0] conn(0x7fcc4c100cd0 0x7fcc4c111590 unknown :-1 s=BANNER_CONNECTING pgs=0 cs=0 l=1 rev1=0 crypto rx=0 tx=0 comp rx=0 tx=0)._handle_peer_banner_payload supported=3 required=0
2024-05-06T12:40:38.842 INFO:teuthology.orchestra.run.smithi077.stdout:/usr/bin/ceph: stderr
2024-05-06T12:40:37.926+0000 7fcc4b7fe700 1 --2- >> [v2:172.21.15.77:3300/0,v1:172.21.15.77:6789/0] conn(0x7fcc4c100cd0 0x7fcc4c111590 unknown :-1 s=HELLO_CONNECTING pgs=0 cs=0 l=1 rev1=1 crypto rx=0 tx=0 comp rx=0 tx=0).handle_hello peer v2:172.21.15.77:3300/0 says I am v2:172.21.15.77:49426/0 (socket says 172.21.15.77:49426)
2024-05-06T12:40:38.842 INFO:teuthology.orchestra.run.smithi077.stdout:/usr/bin/ceph: stderr
2024-05-06T12:40:37.926+0000 7fcc4b7fe700 1 -- 172.21.15.77:0/3121381659 learned_addr learned my addr 172.21.15.77:0/3121381659 (peer_addr_for_me v2:172.21.15.77:0/0)
2024-05-06T12:40:38.842 INFO:teuthology.orchestra.run.smithi077.stdout:/usr/bin/ceph: stderr
2024-05-06T12:40:37.926+0000 7fcc4b7fe700 1 -- 172.21.15.77:0/3121381659 --> [v2:172.21.15.77:3300/0,v1:172.21.15.77:6789/0] -- mon_subscribe({config=0+,monmap=0+}) v3 -- 0x7fcc3c0094f0 con 0x7fcc4c100cd0
2024-05-06T12:40:38.842 INFO:teuthology.orchestra.run.smithi077.stdout:/usr/bin/ceph: stderr
2024-05-06T12:40:37.926+0000 7fcc4b7fe700 1 --2- 172.21.15.77:0/3121381659 >> [v2:172.21.15.77:3300/0,v1:172.21.15.77:6789/0] conn(0x7fcc4c100cd0 0x7fcc4c111590 secure :-1 s=READY pgs=23 cs=0 l=1 rev1=1 crypto rx=0x7fcc3c00b440 tx=0x7fcc3c009250 comp rx=0 tx=0).ready entity=mon.0 client_cookie=0 server_cookie=0 in_seq=0 out_seq=0
2024-05-06T12:40:38.842 INFO:teuthology.orchestra.run.smithi077.stdout:/usr/bin/ceph: stderr
2024-05-06T12:40:37.926+0000 7fcc33fff700 1 -- 172.21.15.77:0/3121381659 <== mon.0 v2:172.21.15.77:3300/0 1 ==== mon_map magic: 0 v1 ==== 229+0+0 (secure 0 0 0) 0x7fcc3c010760 con 0x7fcc4c100cd0
2024-05-06T12:40:38.842 INFO:teuthology.orchestra.run.smithi077.stdout:/usr/bin/ceph: stderr
2024-05-06T12:40:37.926+0000 7fcc33fff700 1 -- 172.21.15.77:0/3121381659 <== mon.0 v2:172.21.15.77:3300/0 2 ==== config(27 keys) v1 ==== 1044+0+0 (secure 0 0 0) 0x7fcc3c010d50 con 0x7fcc4c100cd0
2024-05-06T12:40:38.842 INFO:teuthology.orchestra.run.smithi077.stdout:/usr/bin/ceph: stderr
2024-05-06T12:40:37.926+0000 7fcc51dae700 1 -- 172.21.15.77:0/3121381659 --> [v2:172.21.15.77:3300/0,v1:172.21.15.77:6789/0] -- mon_subscribe({mgrmap=0+}) v3 -- 0x7fcc4c111cd0 con 0x7fcc4c100cd0
2024-05-06T12:40:38.842 INFO:teuthology.orchestra.run.smithi077.stdout:/usr/bin/ceph: stderr
2024-05-06T12:40:37.926+0000 7fcc33fff700 1 -- 172.21.15.77:0/3121381659 <== mon.0 v2:172.21.15.77:3300/0 3 ==== mon_map magic: 0 v1 ==== 229+0+0 (secure 0 0 0) 0x7fcc3c01ae20 con 0x7fcc4c100cd0
2024-05-06T12:40:38.842 INFO:teuthology.orchestra.run.smithi077.stdout:/usr/bin/ceph: stderr
2024-05-06T12:40:37.926+0000 7fcc51dae700 1 -- 172.21.15.77:0/3121381659 --> [v2:172.21.15.77:3300/0,v1:172.21.15.77:6789/0] -- mon_subscribe({osdmap=0}) v3 -- 0x7fcc4c112840 con 0x7fcc4c100cd0
2024-05-06T12:40:38.842 INFO:teuthology.orchestra.run.smithi077.stdout:/usr/bin/ceph: stderr
2024-05-06T12:40:37.927+0000 7fcc33fff700 1 -- 172.21.15.77:0/3121381659 <== mon.0 v2:172.21.15.77:3300/0 4 ==== mgrmap(e 4) v1 ==== 43365+0+0 (secure 0 0 0) 0x7fcc3c0108c0 con 0x7fcc4c100cd0
2024-05-06T12:40:38.843 INFO:teuthology.orchestra.run.smithi077.stdout:/usr/bin/ceph: stderr
2024-05-06T12:40:37.927+0000 7fcc33fff700 1 --2- 172.21.15.77:0/3121381659 >> [v2:172.21.15.77:6800/2978186011,v1:172.21.15.77:6801/2978186011] conn(0x7fcc34036850 0x7fcc34038d00 unknown :-1 s=NONE pgs=0 cs=0 l=1 rev1=0 crypto rx=0 tx=0 comp rx=0 tx=0).connect
2024-05-06T12:40:38.843 INFO:teuthology.orchestra.run.smithi077.stdout:/usr/bin/ceph: stderr
2024-05-06T12:40:37.927+0000 7fcc51dae700 1 -- 172.21.15.77:0/3121381659 --> [v2:172.21.15.77:3300/0,v1:172.21.15.77:6789/0] -- mon_command({"prefix": "get_command_descriptions"} v 0) v1 -- 0x7fcc4c05f5c0 con 0x7fcc4c100cd0
2024-05-06T12:40:38.843 INFO:teuthology.orchestra.run.smithi077.stdout:/usr/bin/ceph: stderr
2024-05-06T12:40:37.927+0000 7fcc33fff700 1 -- 172.21.15.77:0/3121381659 <== mon.0 v2:172.21.15.77:3300/0 5 ==== osd_map(1..1 src has 1..1) v4 ==== 721+0+0 (secure 0 0 0) 0x7fcc3c04a4d0 con 0x7fcc4c100cd0
2024-05-06T12:40:38.843 INFO:teuthology.orchestra.run.smithi077.stdout:/usr/bin/ceph: stderr
2024-05-06T12:40:37.927+0000 7fcc4affd700 1 --2- 172.21.15.77:0/3121381659 >> [v2:172.21.15.77:6800/2978186011,v1:172.21.15.77:6801/2978186011] conn(0x7fcc34036850 0x7fcc34038d00 unknown :-1 s=BANNER_CONNECTING pgs=0 cs=0 l=1 rev1=0 crypto rx=0 tx=0 comp rx=0 tx=0)._handle_peer_banner_payload supported=3 required=0
2024-05-06T12:40:38.843 INFO:teuthology.orchestra.run.smithi077.stdout:/usr/bin/ceph: stderr
2024-05-06T12:40:37.928+0000 7fcc4affd700 1 --2- 172.21.15.77:0/3121381659 >> [v2:172.21.15.77:6800/2978186011,v1:172.21.15.77:6801/2978186011] conn(0x7fcc34036850 0x7fcc34038d00 secure :-1 s=READY pgs=8 cs=0 l=1 rev1=1 crypto rx=0x7fcc40009990 tx=0x7fcc40006e40 comp rx=0 tx=0).ready entity=mgr.14100 client_cookie=0 server_cookie=0 in_seq=0 out_seq=0
2024-05-06T12:40:38.843 INFO:teuthology.orchestra.run.smithi077.stdout:/usr/bin/ceph: stderr
2024-05-06T12:40:37.932+0000 7fcc33fff700 1 -- 172.21.15.77:0/3121381659 <== mon.0 v2:172.21.15.77:3300/0 6 ==== mon_command_ack([{"prefix": "get_command_descriptions"}]=0 v0) v1 ==== 72+0+176702 (secure 0 0 0) 0x7fcc3c018b40 con 0x7fcc4c100cd0
2024-05-06T12:40:38.843 INFO:teuthology.orchestra.run.smithi077.stdout:/usr/bin/ceph: stderr
2024-05-06T12:40:38.170+0000 7fcc51dae700 1 -- 172.21.15.77:0/3121381659 --> [v2:172.21.15.77:3300/0,v1:172.21.15.77:6789/0] -- mon_command({"prefix": "mgr module enable", "module": "cephadm"} v 0) v1 -- 0x7fcc4c04bed0 con 0x7fcc4c100cd0
2024-05-06T12:40:38.843 INFO:teuthology.orchestra.run.smithi077.stdout:/usr/bin/ceph: stderr
2024-05-06T12:40:38.223+0000 7fcc33fff700 1 -- 172.21.15.77:0/3121381659 <== mon.0 v2:172.21.15.77:3300/0 7 ==== mgrmap(e 5) v1 ==== 43376+0+0 (secure 0 0 0) 0x7fcc3c021d60 con 0x7fcc4c100cd0
2024-05-06T12:40:38.843 INFO:teuthology.orchestra.run.smithi077.stdout:/usr/bin/ceph: stderr
2024-05-06T12:40:38.224+0000 7fcc33fff700 1 -- 172.21.15.77:0/3121381659 <== mon.0 v2:172.21.15.77:3300/0 8 ==== mon_command_ack([{"prefix": "mgr module enable", "module": "cephadm"}]=0 v5) v1 ==== 86+0+0 (secure 0 0 0) 0x7fcc3c0219e0 con 0x7fcc4c100cd0
2024-05-06T12:40:38.843 INFO:teuthology.orchestra.run.smithi077.stdout:/usr/bin/ceph: stderr
2024-05-06T12:40:38.226+0000 7fcc51dae700 1 -- 172.21.15.77:0/3121381659 >> [v2:172.21.15.77:6800/2978186011,v1:172.21.15.77:6801/2978186011] conn(0x7fcc34036850 msgr2=0x7fcc34038d00 secure :-1 s=STATE_CONNECTION_ESTABLISHED l=1).mark_down
2024-05-06T12:40:38.843 INFO:teuthology.orchestra.run.smithi077.stdout:/usr/bin/ceph: stderr
2024-05-06T12:40:38.226+0000 7fcc51dae700 1 --2- 172.21.15.77:0/3121381659 >> [v2:172.21.15.77:6800/2978186011,v1:172.21.15.77:6801/2978186011] conn(0x7fcc34036850 0x7fcc34038d00 secure :-1 s=READY pgs=8 cs=0 l=1 rev1=1 crypto rx=0x7fcc40009990 tx=0x7fcc40006e40 comp rx=0 tx=0).stop
2024-05-06T12:40:38.843 INFO:teuthology.orchestra.run.smithi077.stdout:/usr/bin/ceph: stderr
2024-05-06T12:40:38.226+0000 7fcc51dae700 1 -- 172.21.15.77:0/3121381659 >> [v2:172.21.15.77:3300/0,v1:172.21.15.77:6789/0] conn(0x7fcc4c100cd0 msgr2=0x7fcc4c111590 secure :-1 s=STATE_CONNECTION_ESTABLISHED l=1).mark_down
2024-05-06T12:40:38.844 INFO:teuthology.orchestra.run.smithi077.stdout:/usr/bin/ceph: stderr
2024-05-06T12:40:38.226+0000 7fcc51dae700 1 --2- 172.21.15.77:0/3121381659 >> [v2:172.21.15.77:3300/0,v1:172.21.15.77:6789/0] conn(0x7fcc4c100cd0 0x7fcc4c111590 secure :-1 s=READY pgs=23 cs=0 l=1 rev1=1 crypto rx=0x7fcc3c00b440 tx=0x7fcc3c009250 comp rx=0 tx=0).stop
2024-05-06T12:40:38.844 INFO:teuthology.orchestra.run.smithi077.stdout:/usr/bin/ceph: stderr
2024-05-06T12:40:38.226+0000 7fcc51dae700 1 -- 172.21.15.77:0/3121381659 shutdown_connections
2024-05-06T12:40:38.844 INFO:teuthology.orchestra.run.smithi077.stdout:/usr/bin/ceph: stderr
2024-05-06T12:40:38.226+0000 7fcc51dae700 1 --2- 172.21.15.77:0/3121381659 >> [v2:172.21.15.77:6800/2978186011,v1:172.21.15.77:6801/2978186011] conn(0x7fcc34036850 0x7fcc34038d00 unknown :-1 s=CLOSED pgs=8 cs=0 l=1 rev1=1 crypto rx=0 tx=0 comp rx=0 tx=0).stop
2024-05-06T12:40:38.844 INFO:teuthology.orchestra.run.smithi077.stdout:/usr/bin/ceph: stderr
2024-05-06T12:40:38.226+0000 7fcc51dae700 1 --2- 172.21.15.77:0/3121381659 >> [v2:172.21.15.77:3300/0,v1:172.21.15.77:6789/0] conn(0x7fcc4c100cd0 0x7fcc4c111590 unknown :-1 s=CLOSED pgs=23 cs=0 l=1 rev1=1 crypto rx=0 tx=0 comp rx=0 tx=0).stop
2024-05-06T12:40:38.844 INFO:teuthology.orchestra.run.smithi077.stdout:/usr/bin/ceph: stderr
2024-05-06T12:40:38.226+0000 7fcc51dae700 1 -- 172.21.15.77:0/3121381659 >> 172.21.15.77:0/3121381659 conn(0x7fcc4c0fc6f0 msgr2=0x7fcc4c0fd1f0 unknown :-1 s=STATE_NONE l=0).mark_down
2024-05-06T12:40:38.844 INFO:teuthology.orchestra.run.smithi077.stdout:/usr/bin/ceph: stderr
2024-05-06T12:40:38.226+0000 7fcc51dae700 1 -- 172.21.15.77:0/3121381659 shutdown_connections
2024-05-06T12:40:38.844 INFO:teuthology.orchestra.run.smithi077.stdout:/usr/bin/ceph: stderr
2024-05-06T12:40:38.226+0000 7fcc51dae700 1 -- 172.21.15.77:0/3121381659 wait complete.
2024-05-06T12:40:39.430 INFO:journalctl@ceph.mon.smithi077.smithi077.stdout:May 06 12:40:39 smithi077 ceph-mon[26985]: from='client.? 172.21.15.77:0/3121381659' entity='client.admin' cmd='[{"prefix": "mgr module enable", "module": "cephadm"}]': finished
2024-05-06T12:40:39.430 INFO:journalctl@ceph.mon.smithi077.smithi077.stdout:May 06 12:40:39 smithi077 ceph-mon[26985]: mgrmap e5: smithi077.yrynxw(active, since 6s)
2024-05-06T12:40:40.097 INFO:teuthology.orchestra.run.smithi077.stdout:/usr/bin/ceph: stdout {
2024-05-06T12:40:40.097 INFO:teuthology.orchestra.run.smithi077.stdout:/usr/bin/ceph: stdout "epoch": 5,
2024-05-06T12:40:40.097 INFO:teuthology.orchestra.run.smithi077.stdout:/usr/bin/ceph: stdout "available": true,
2024-05-06T12:40:40.097 INFO:teuthology.orchestra.run.smithi077.stdout:/usr/bin/ceph: stdout "active_name": "smithi077.yrynxw",
2024-05-06T12:40:40.098 INFO:teuthology.orchestra.run.smithi077.stdout:/usr/bin/ceph: stdout "num_standby": 0
2024-05-06T12:40:40.098 INFO:teuthology.orchestra.run.smithi077.stdout:/usr/bin/ceph: stdout }
2024-05-06T12:40:40.098 INFO:teuthology.orchestra.run.smithi077.stdout:/usr/bin/ceph: stderr
2024-05-06T12:40:39.223+0000 7f74135f0700 1 Processor -- start
2024-05-06T12:40:40.098 INFO:teuthology.orchestra.run.smithi077.stdout:/usr/bin/ceph: stderr
2024-05-06T12:40:39.223+0000 7f74135f0700 1 -- start start
2024-05-06T12:40:40.098 INFO:teuthology.orchestra.run.smithi077.stdout:/usr/bin/ceph: stderr
2024-05-06T12:40:39.223+0000 7f74135f0700 1 --2- >> [v2:172.21.15.77:3300/0,v1:172.21.15.77:6789/0] conn(0x7f740c071290 0x7f740c105490 unknown :-1 s=NONE pgs=0 cs=0 l=0 rev1=0 crypto rx=0 tx=0 comp rx=0 tx=0).connect
2024-05-06T12:40:40.098 INFO:teuthology.orchestra.run.smithi077.stdout:/usr/bin/ceph: stderr
2024-05-06T12:40:39.223+0000 7f74135f0700 1 -- --> [v2:172.21.15.77:3300/0,v1:172.21.15.77:6789/0] -- mon_getmap magic: 0 v1 -- 0x7f740c1059d0 con 0x7f740c071290
2024-05-06T12:40:40.098 INFO:teuthology.orchestra.run.smithi077.stdout:/usr/bin/ceph: stderr
2024-05-06T12:40:39.223+0000 7f741138c700 1 --2- >> [v2:172.21.15.77:3300/0,v1:172.21.15.77:6789/0] conn(0x7f740c071290 0x7f740c105490 unknown :-1 s=BANNER_CONNECTING pgs=0 cs=0 l=0 rev1=0 crypto rx=0 tx=0 comp rx=0 tx=0)._handle_peer_banner_payload supported=3 required=0
2024-05-06T12:40:40.098 INFO:teuthology.orchestra.run.smithi077.stdout:/usr/bin/ceph: stderr
2024-05-06T12:40:39.223+0000 7f741138c700 1 --2- >> [v2:172.21.15.77:3300/0,v1:172.21.15.77:6789/0] conn(0x7f740c071290 0x7f740c105490 unknown :-1 s=HELLO_CONNECTING pgs=0 cs=0 l=0 rev1=1 crypto rx=0 tx=0 comp rx=0 tx=0).handle_hello peer v2:172.21.15.77:3300/0 says I am v2:172.21.15.77:49456/0 (socket says 172.21.15.77:49456)
2024-05-06T12:40:40.098 INFO:teuthology.orchestra.run.smithi077.stdout:/usr/bin/ceph: stderr
2024-05-06T12:40:39.223+0000 7f741138c700 1 -- 172.21.15.77:0/915896847 learned_addr learned my addr 172.21.15.77:0/915896847 (peer_addr_for_me v2:172.21.15.77:0/0)
2024-05-06T12:40:40.098 INFO:teuthology.orchestra.run.smithi077.stdout:/usr/bin/ceph: stderr
2024-05-06T12:40:39.223+0000 7f741138c700 1 -- 172.21.15.77:0/915896847 --> [v2:172.21.15.77:3300/0,v1:172.21.15.77:6789/0] -- mon_subscribe({config=0+,monmap=0+}) v3 -- 0x7f740c105b10 con 0x7f740c071290
2024-05-06T12:40:40.098 INFO:teuthology.orchestra.run.smithi077.stdout:/usr/bin/ceph: stderr
2024-05-06T12:40:39.224+0000 7f741138c700 1 --2- 172.21.15.77:0/915896847 >> [v2:172.21.15.77:3300/0,v1:172.21.15.77:6789/0] conn(0x7f740c071290 0x7f740c105490 secure :-1 s=READY pgs=26 cs=0 l=1 rev1=1 crypto rx=0x7f74080098e0 tx=0x7f7408009250 comp rx=0 tx=0).ready entity=mon.0 client_cookie=6b99a915bbf29754 server_cookie=0 in_seq=0 out_seq=0
2024-05-06T12:40:40.099 INFO:teuthology.orchestra.run.smithi077.stdout:/usr/bin/ceph: stderr
2024-05-06T12:40:39.224+0000 7f7403fff700 1 -- 172.21.15.77:0/915896847 <== mon.0 v2:172.21.15.77:3300/0 1 ==== mon_map magic: 0 v1 ==== 229+0+0 (secure 0 0 0) 0x7f740800b860 con 0x7f740c071290
2024-05-06T12:40:40.099 INFO:teuthology.orchestra.run.smithi077.stdout:/usr/bin/ceph: stderr
2024-05-06T12:40:39.224+0000 7f7403fff700 1 -- 172.21.15.77:0/915896847 <== mon.0 v2:172.21.15.77:3300/0 2 ==== config(27 keys) v1 ==== 1044+0+0 (secure 0 0 0) 0x7f740800be50 con 0x7f740c071290
2024-05-06T12:40:40.099 INFO:teuthology.orchestra.run.smithi077.stdout:/usr/bin/ceph: stderr
2024-05-06T12:40:39.224+0000 7f7403fff700 1 -- 172.21.15.77:0/915896847 <== mon.0 v2:172.21.15.77:3300/0 3 ==== mon_map magic: 0 v1 ==== 229+0+0 (secure 0 0 0) 0x7f7408010380 con 0x7f740c071290
2024-05-06T12:40:40.099 INFO:teuthology.orchestra.run.smithi077.stdout:/usr/bin/ceph: stderr
2024-05-06T12:40:39.225+0000 7f74135f0700 1 -- 172.21.15.77:0/915896847 >> [v2:172.21.15.77:3300/0,v1:172.21.15.77:6789/0] conn(0x7f740c071290 msgr2=0x7f740c105490 secure :-1 s=STATE_CONNECTION_ESTABLISHED l=1).mark_down
2024-05-06T12:40:40.099 INFO:teuthology.orchestra.run.smithi077.stdout:/usr/bin/ceph: stderr
2024-05-06T12:40:39.225+0000 7f74135f0700 1 --2- 172.21.15.77:0/915896847 >> [v2:172.21.15.77:3300/0,v1:172.21.15.77:6789/0] conn(0x7f740c071290 0x7f740c105490 secure :-1 s=READY pgs=26 cs=0 l=1 rev1=1 crypto rx=0x7f74080098e0 tx=0x7f7408009250 comp rx=0 tx=0).stop
2024-05-06T12:40:40.099 INFO:teuthology.orchestra.run.smithi077.stdout:/usr/bin/ceph: stderr
2024-05-06T12:40:39.225+0000 7f74135f0700 1 -- 172.21.15.77:0/915896847 shutdown_connections
2024-05-06T12:40:40.099 INFO:teuthology.orchestra.run.smithi077.stdout:/usr/bin/ceph: stderr
2024-05-06T12:40:39.225+0000 7f74135f0700 1 --2- 172.21.15.77:0/915896847 >> [v2:172.21.15.77:3300/0,v1:172.21.15.77:6789/0] conn(0x7f740c071290 0x7f740c105490 unknown :-1 s=CLOSED pgs=26 cs=0 l=1 rev1=1 crypto rx=0 tx=0 comp rx=0 tx=0).stop
2024-05-06T12:40:40.099 INFO:teuthology.orchestra.run.smithi077.stdout:/usr/bin/ceph: stderr
2024-05-06T12:40:39.225+0000 7f74135f0700 1 -- 172.21.15.77:0/915896847 >> 172.21.15.77:0/915896847 conn(0x7f740c0fcec0 msgr2=0x7f740c0ff2d0 unknown :-1 s=STATE_NONE l=0).mark_down
2024-05-06T12:40:40.099 INFO:teuthology.orchestra.run.smithi077.stdout:/usr/bin/ceph: stderr
2024-05-06T12:40:39.225+0000 7f74135f0700 1 -- 172.21.15.77:0/915896847 shutdown_connections
2024-05-06T12:40:40.099 INFO:teuthology.orchestra.run.smithi077.stdout:/usr/bin/ceph: stderr
2024-05-06T12:40:39.225+0000 7f74135f0700 1 -- 172.21.15.77:0/915896847 wait complete.
2024-05-06T12:40:40.100 INFO:teuthology.orchestra.run.smithi077.stdout:/usr/bin/ceph: stderr
2024-05-06T12:40:39.225+0000 7f74135f0700 1 Processor -- start
2024-05-06T12:40:40.100 INFO:teuthology.orchestra.run.smithi077.stdout:/usr/bin/ceph: stderr
2024-05-06T12:40:39.226+0000 7f74135f0700 1 -- start start
2024-05-06T12:40:40.100 INFO:teuthology.orchestra.run.smithi077.stdout:/usr/bin/ceph: stderr
2024-05-06T12:40:39.226+0000 7f74135f0700 1 --2- >> [v2:172.21.15.77:3300/0,v1:172.21.15.77:6789/0] conn(0x7f740c071290 0x7f740c1115c0 unknown :-1 s=NONE pgs=0 cs=0 l=1 rev1=0 crypto rx=0 tx=0 comp rx=0 tx=0).connect
2024-05-06T12:40:40.100 INFO:teuthology.orchestra.run.smithi077.stdout:/usr/bin/ceph: stderr
2024-05-06T12:40:39.226+0000 7f74135f0700 1 -- --> [v2:172.21.15.77:3300/0,v1:172.21.15.77:6789/0] -- mon_getmap magic: 0 v1 -- 0x7f740c111b00 con 0x7f740c071290
2024-05-06T12:40:40.100 INFO:teuthology.orchestra.run.smithi077.stdout:/usr/bin/ceph: stderr
