2024-05-06T14:22:53.161+0000 7f85fa59c700 1 -- 172.21.15.153:0/21099447 learned_addr learned my addr 172.21.15.153:0/21099447 (peer_addr_for_me v2:172.21.15.153:0/0)
2024-05-06T14:22:53.983 INFO:teuthology.orchestra.run.smithi153.stdout:/usr/bin/ceph: stderr
2024-05-06T14:22:53.161+0000 7f85fa59c700 1 -- 172.21.15.153:0/21099447 --> [v2:172.21.15.153:3300/0,v1:172.21.15.153:6789/0] -- mon_subscribe({config=0+,monmap=0+}) v3 -- 0x7f85fc079e50 con 0x7f85fc1066a0
2024-05-06T14:22:53.983 INFO:teuthology.orchestra.run.smithi153.stdout:/usr/bin/ceph: stderr
2024-05-06T14:22:53.161+0000 7f85fa59c700 1 --2- 172.21.15.153:0/21099447 >> [v2:172.21.15.153:3300/0,v1:172.21.15.153:6789/0] conn(0x7f85fc1066a0 0x7f85fc108a80 secure :-1 s=READY pgs=49 cs=0 l=1 rev1=1 crypto rx=0x7f85ec0098a0 tx=0x7f85ec009bb0 comp rx=0 tx=0).ready entity=mon.0 client_cookie=37dace1a1cb79e1b server_cookie=0 in_seq=0 out_seq=0
2024-05-06T14:22:53.983 INFO:teuthology.orchestra.run.smithi153.stdout:/usr/bin/ceph: stderr
2024-05-06T14:22:53.161+0000 7f85f959a700 1 -- 172.21.15.153:0/21099447 <== mon.0 v2:172.21.15.153:3300/0 1 ==== mon_map magic: 0 v1 ==== 229+0+0 (secure 0 0 0) 0x7f85ec004180 con 0x7f85fc1066a0
2024-05-06T14:22:53.983 INFO:teuthology.orchestra.run.smithi153.stdout:/usr/bin/ceph: stderr
2024-05-06T14:22:53.161+0000 7f85f959a700 1 -- 172.21.15.153:0/21099447 <== mon.0 v2:172.21.15.153:3300/0 2 ==== config(27 keys) v1 ==== 1101+0+0 (secure 0 0 0) 0x7f85ec0042e0 con 0x7f85fc1066a0
2024-05-06T14:22:53.983 INFO:teuthology.orchestra.run.smithi153.stdout:/usr/bin/ceph: stderr
2024-05-06T14:22:53.161+0000 7f85f959a700 1 -- 172.21.15.153:0/21099447 <== mon.0 v2:172.21.15.153:3300/0 3 ==== mon_map magic: 0 v1 ==== 229+0+0 (secure 0 0 0) 0x7f85ec011af0 con 0x7f85fc1066a0
2024-05-06T14:22:53.983 INFO:teuthology.orchestra.run.smithi153.stdout:/usr/bin/ceph: stderr
2024-05-06T14:22:53.162+0000 7f8600b15700 1 -- 172.21.15.153:0/21099447 >> [v2:172.21.15.153:3300/0,v1:172.21.15.153:6789/0] conn(0x7f85fc1066a0 msgr2=0x7f85fc108a80 secure :-1 s=STATE_CONNECTION_ESTABLISHED l=1).mark_down
2024-05-06T14:22:53.983 INFO:teuthology.orchestra.run.smithi153.stdout:/usr/bin/ceph: stderr
2024-05-06T14:22:53.162+0000 7f8600b15700 1 --2- 172.21.15.153:0/21099447 >> [v2:172.21.15.153:3300/0,v1:172.21.15.153:6789/0] conn(0x7f85fc1066a0 0x7f85fc108a80 secure :-1 s=READY pgs=49 cs=0 l=1 rev1=1 crypto rx=0x7f85ec0098a0 tx=0x7f85ec009bb0 comp rx=0 tx=0).stop
2024-05-06T14:22:53.983 INFO:teuthology.orchestra.run.smithi153.stdout:/usr/bin/ceph: stderr
2024-05-06T14:22:53.162+0000 7f8600b15700 1 -- 172.21.15.153:0/21099447 shutdown_connections
2024-05-06T14:22:53.984 INFO:teuthology.orchestra.run.smithi153.stdout:/usr/bin/ceph: stderr
2024-05-06T14:22:53.162+0000 7f8600b15700 1 --2- 172.21.15.153:0/21099447 >> [v2:172.21.15.153:3300/0,v1:172.21.15.153:6789/0] conn(0x7f85fc1066a0 0x7f85fc108a80 unknown :-1 s=CLOSED pgs=49 cs=0 l=1 rev1=1 crypto rx=0 tx=0 comp rx=0 tx=0).stop
2024-05-06T14:22:53.984 INFO:teuthology.orchestra.run.smithi153.stdout:/usr/bin/ceph: stderr
2024-05-06T14:22:53.162+0000 7f8600b15700 1 -- 172.21.15.153:0/21099447 >> 172.21.15.153:0/21099447 conn(0x7f85fc100060 msgr2=0x7f85fc1024b0 unknown :-1 s=STATE_NONE l=0).mark_down
2024-05-06T14:22:53.984 INFO:teuthology.orchestra.run.smithi153.stdout:/usr/bin/ceph: stderr
2024-05-06T14:22:53.162+0000 7f8600b15700 1 -- 172.21.15.153:0/21099447 shutdown_connections
2024-05-06T14:22:53.984 INFO:teuthology.orchestra.run.smithi153.stdout:/usr/bin/ceph: stderr
2024-05-06T14:22:53.162+0000 7f8600b15700 1 -- 172.21.15.153:0/21099447 wait complete.
2024-05-06T14:22:53.984 INFO:teuthology.orchestra.run.smithi153.stdout:/usr/bin/ceph: stderr
2024-05-06T14:22:53.163+0000 7f8600b15700 1 Processor -- start
2024-05-06T14:22:53.984 INFO:teuthology.orchestra.run.smithi153.stdout:/usr/bin/ceph: stderr
2024-05-06T14:22:53.163+0000 7f8600b15700 1 -- start start
2024-05-06T14:22:53.984 INFO:teuthology.orchestra.run.smithi153.stdout:/usr/bin/ceph: stderr
2024-05-06T14:22:53.163+0000 7f8600b15700 1 --2- >> [v2:172.21.15.153:3300/0,v1:172.21.15.153:6789/0] conn(0x7f85fc1066a0 0x7f85fc199930 unknown :-1 s=NONE pgs=0 cs=0 l=1 rev1=0 crypto rx=0 tx=0 comp rx=0 tx=0).connect
2024-05-06T14:22:53.984 INFO:teuthology.orchestra.run.smithi153.stdout:/usr/bin/ceph: stderr
2024-05-06T14:22:53.163+0000 7f8600b15700 1 -- --> [v2:172.21.15.153:3300/0,v1:172.21.15.153:6789/0] -- mon_getmap magic: 0 v1 -- 0x7f85fc199e70 con 0x7f85fc1066a0
2024-05-06T14:22:53.984 INFO:teuthology.orchestra.run.smithi153.stdout:/usr/bin/ceph: stderr
2024-05-06T14:22:53.163+0000 7f85fa59c700 1 --2- >> [v2:172.21.15.153:3300/0,v1:172.21.15.153:6789/0] conn(0x7f85fc1066a0 0x7f85fc199930 unknown :-1 s=BANNER_CONNECTING pgs=0 cs=0 l=1 rev1=0 crypto rx=0 tx=0 comp rx=0 tx=0)._handle_peer_banner_payload supported=3 required=0
2024-05-06T14:22:53.984 INFO:teuthology.orchestra.run.smithi153.stdout:/usr/bin/ceph: stderr
2024-05-06T14:22:53.163+0000 7f85fa59c700 1 --2- >> [v2:172.21.15.153:3300/0,v1:172.21.15.153:6789/0] conn(0x7f85fc1066a0 0x7f85fc199930 unknown :-1 s=HELLO_CONNECTING pgs=0 cs=0 l=1 rev1=1 crypto rx=0 tx=0 comp rx=0 tx=0).handle_hello peer v2:172.21.15.153:3300/0 says I am v2:172.21.15.153:57570/0 (socket says 172.21.15.153:57570)
2024-05-06T14:22:53.984 INFO:teuthology.orchestra.run.smithi153.stdout:/usr/bin/ceph: stderr
2024-05-06T14:22:53.163+0000 7f85fa59c700 1 -- 172.21.15.153:0/4112302544 learned_addr learned my addr 172.21.15.153:0/4112302544 (peer_addr_for_me v2:172.21.15.153:0/0)
2024-05-06T14:22:53.984 INFO:teuthology.orchestra.run.smithi153.stdout:/usr/bin/ceph: stderr
2024-05-06T14:22:53.164+0000 7f85fa59c700 1 -- 172.21.15.153:0/4112302544 --> [v2:172.21.15.153:3300/0,v1:172.21.15.153:6789/0] -- mon_subscribe({config=0+,monmap=0+}) v3 -- 0x7f85ec009550 con 0x7f85fc1066a0
2024-05-06T14:22:53.984 INFO:teuthology.orchestra.run.smithi153.stdout:/usr/bin/ceph: stderr
2024-05-06T14:22:53.164+0000 7f85fa59c700 1 --2- 172.21.15.153:0/4112302544 >> [v2:172.21.15.153:3300/0,v1:172.21.15.153:6789/0] conn(0x7f85fc1066a0 0x7f85fc199930 secure :-1 s=READY pgs=50 cs=0 l=1 rev1=1 crypto rx=0x7f85ec011670 tx=0x7f85ec011b50 comp rx=0 tx=0).ready entity=mon.0 client_cookie=0 server_cookie=0 in_seq=0 out_seq=0
2024-05-06T14:22:53.984 INFO:teuthology.orchestra.run.smithi153.stdout:/usr/bin/ceph: stderr
2024-05-06T14:22:53.164+0000 7f85eb7fe700 1 -- 172.21.15.153:0/4112302544 <== mon.0 v2:172.21.15.153:3300/0 1 ==== mon_map magic: 0 v1 ==== 229+0+0 (secure 0 0 0) 0x7f85ec0039f0 con 0x7f85fc1066a0
2024-05-06T14:22:53.984 INFO:teuthology.orchestra.run.smithi153.stdout:/usr/bin/ceph: stderr
2024-05-06T14:22:53.164+0000 7f85eb7fe700 1 -- 172.21.15.153:0/4112302544 <== mon.0 v2:172.21.15.153:3300/0 2 ==== config(27 keys) v1 ==== 1101+0+0 (secure 0 0 0) 0x7f85ec003b50 con 0x7f85fc1066a0
2024-05-06T14:22:53.985 INFO:teuthology.orchestra.run.smithi153.stdout:/usr/bin/ceph: stderr
2024-05-06T14:22:53.164+0000 7f85eb7fe700 1 -- 172.21.15.153:0/4112302544 <== mon.0 v2:172.21.15.153:3300/0 3 ==== mon_map magic: 0 v1 ==== 229+0+0 (secure 0 0 0) 0x7f85ec0247c0 con 0x7f85fc1066a0
2024-05-06T14:22:53.985 INFO:teuthology.orchestra.run.smithi153.stdout:/usr/bin/ceph: stderr
2024-05-06T14:22:53.164+0000 7f8600b15700 1 -- 172.21.15.153:0/4112302544 --> [v2:172.21.15.153:3300/0,v1:172.21.15.153:6789/0] -- mon_subscribe({mgrmap=0+}) v3 -- 0x7f85fc19a070 con 0x7f85fc1066a0
2024-05-06T14:22:53.985 INFO:teuthology.orchestra.run.smithi153.stdout:/usr/bin/ceph: stderr
2024-05-06T14:22:53.164+0000 7f8600b15700 1 -- 172.21.15.153:0/4112302544 --> [v2:172.21.15.153:3300/0,v1:172.21.15.153:6789/0] -- mon_subscribe({osdmap=0}) v3 -- 0x7f85fc19a490 con 0x7f85fc1066a0
2024-05-06T14:22:53.985 INFO:teuthology.orchestra.run.smithi153.stdout:/usr/bin/ceph: stderr
2024-05-06T14:22:53.165+0000 7f85eb7fe700 1 -- 172.21.15.153:0/4112302544 <== mon.0 v2:172.21.15.153:3300/0 4 ==== mgrmap(e 8) v1 ==== 45084+0+0 (secure 0 0 0) 0x7f85ec01ac00 con 0x7f85fc1066a0
2024-05-06T14:22:53.985 INFO:teuthology.orchestra.run.smithi153.stdout:/usr/bin/ceph: stderr
2024-05-06T14:22:53.165+0000 7f8600b15700 1 -- 172.21.15.153:0/4112302544 --> [v2:172.21.15.153:3300/0,v1:172.21.15.153:6789/0] -- mon_command({"prefix": "get_command_descriptions"} v 0) v1 -- 0x7f85fc193950 con 0x7f85fc1066a0
2024-05-06T14:22:53.985 INFO:teuthology.orchestra.run.smithi153.stdout:/usr/bin/ceph: stderr
2024-05-06T14:22:53.165+0000 7f85eb7fe700 1 --2- 172.21.15.153:0/4112302544 >> [v2:172.21.15.153:6800/585874296,v1:172.21.15.153:6801/585874296] conn(0x7f85e4038440 0x7f85e403a8f0 unknown :-1 s=NONE pgs=0 cs=0 l=1 rev1=0 crypto rx=0 tx=0 comp rx=0 tx=0).connect
2024-05-06T14:22:53.985 INFO:teuthology.orchestra.run.smithi153.stdout:/usr/bin/ceph: stderr
2024-05-06T14:22:53.166+0000 7f85eb7fe700 1 -- 172.21.15.153:0/4112302544 <== mon.0 v2:172.21.15.153:3300/0 5 ==== osd_map(2..2 src has 1..2) v4 ==== 940+0+0 (secure 0 0 0) 0x7f85ec04c3f0 con 0x7f85fc1066a0
2024-05-06T14:22:53.985 INFO:teuthology.orchestra.run.smithi153.stdout:/usr/bin/ceph: stderr
2024-05-06T14:22:53.166+0000 7f85f9d9b700 1 --2- 172.21.15.153:0/4112302544 >> [v2:172.21.15.153:6800/585874296,v1:172.21.15.153:6801/585874296] conn(0x7f85e4038440 0x7f85e403a8f0 unknown :-1 s=BANNER_CONNECTING pgs=0 cs=0 l=1 rev1=0 crypto rx=0 tx=0 comp rx=0 tx=0)._handle_peer_banner_payload supported=3 required=0
2024-05-06T14:22:53.985 INFO:teuthology.orchestra.run.smithi153.stdout:/usr/bin/ceph: stderr
2024-05-06T14:22:53.166+0000 7f85f9d9b700 1 --2- 172.21.15.153:0/4112302544 >> [v2:172.21.15.153:6800/585874296,v1:172.21.15.153:6801/585874296] conn(0x7f85e4038440 0x7f85e403a8f0 secure :-1 s=READY pgs=13 cs=0 l=1 rev1=1 crypto rx=0x7f85f0006fd0 tx=0x7f85f0006e40 comp rx=0 tx=0).ready entity=mgr.14120 client_cookie=0 server_cookie=0 in_seq=0 out_seq=0
2024-05-06T14:22:53.985 INFO:teuthology.orchestra.run.smithi153.stdout:/usr/bin/ceph: stderr
2024-05-06T14:22:53.171+0000 7f85eb7fe700 1 -- 172.21.15.153:0/4112302544 <== mon.0 v2:172.21.15.153:3300/0 6 ==== mon_command_ack([{"prefix": "get_command_descriptions"}]=0 v0) v1 ==== 72+0+177933 (secure 0 0 0) 0x7f85ec010380 con 0x7f85fc1066a0
2024-05-06T14:22:53.985 INFO:teuthology.orchestra.run.smithi153.stdout:/usr/bin/ceph: stderr
2024-05-06T14:22:53.406+0000 7f8600b15700 1 -- 172.21.15.153:0/4112302544 --> [v2:172.21.15.153:6800/585874296,v1:172.21.15.153:6801/585874296] -- mgr_command(tid 0: {"prefix": "orch apply", "service_type": "mgr", "target": ["mon-mgr", ""]}) v1 -- 0x7f85fc061190 con 0x7f85e4038440
2024-05-06T14:22:53.985 INFO:teuthology.orchestra.run.smithi153.stdout:/usr/bin/ceph: stderr
2024-05-06T14:22:53.411+0000 7f85eb7fe700 1 -- 172.21.15.153:0/4112302544 <== mgr.14120 v2:172.21.15.153:6800/585874296 1 ==== mgr_command_reply(tid 0: 0 ) v1 ==== 8+0+24 (secure 0 0 0) 0x7f85fc061190 con 0x7f85e4038440
2024-05-06T14:22:53.985 INFO:teuthology.orchestra.run.smithi153.stdout:/usr/bin/ceph: stderr
2024-05-06T14:22:53.413+0000 7f8600b15700 1 -- 172.21.15.153:0/4112302544 >> [v2:172.21.15.153:6800/585874296,v1:172.21.15.153:6801/585874296] conn(0x7f85e4038440 msgr2=0x7f85e403a8f0 secure :-1 s=STATE_CONNECTION_ESTABLISHED l=1).mark_down
2024-05-06T14:22:53.986 INFO:teuthology.orchestra.run.smithi153.stdout:/usr/bin/ceph: stderr
2024-05-06T14:22:53.413+0000 7f8600b15700 1 --2- 172.21.15.153:0/4112302544 >> [v2:172.21.15.153:6800/585874296,v1:172.21.15.153:6801/585874296] conn(0x7f85e4038440 0x7f85e403a8f0 secure :-1 s=READY pgs=13 cs=0 l=1 rev1=1 crypto rx=0x7f85f0006fd0 tx=0x7f85f0006e40 comp rx=0 tx=0).stop
2024-05-06T14:22:53.986 INFO:teuthology.orchestra.run.smithi153.stdout:/usr/bin/ceph: stderr
2024-05-06T14:22:53.413+0000 7f8600b15700 1 -- 172.21.15.153:0/4112302544 >> [v2:172.21.15.153:3300/0,v1:172.21.15.153:6789/0] conn(0x7f85fc1066a0 msgr2=0x7f85fc199930 secure :-1 s=STATE_CONNECTION_ESTABLISHED l=1).mark_down
2024-05-06T14:22:53.986 INFO:teuthology.orchestra.run.smithi153.stdout:/usr/bin/ceph: stderr
2024-05-06T14:22:53.413+0000 7f8600b15700 1 --2- 172.21.15.153:0/4112302544 >> [v2:172.21.15.153:3300/0,v1:172.21.15.153:6789/0] conn(0x7f85fc1066a0 0x7f85fc199930 secure :-1 s=READY pgs=50 cs=0 l=1 rev1=1 crypto rx=0x7f85ec011670 tx=0x7f85ec011b50 comp rx=0 tx=0).stop
2024-05-06T14:22:53.986 INFO:teuthology.orchestra.run.smithi153.stdout:/usr/bin/ceph: stderr
2024-05-06T14:22:53.413+0000 7f8600b15700 1 -- 172.21.15.153:0/4112302544 shutdown_connections
2024-05-06T14:22:53.986 INFO:teuthology.orchestra.run.smithi153.stdout:/usr/bin/ceph: stderr
2024-05-06T14:22:53.413+0000 7f8600b15700 1 --2- 172.21.15.153:0/4112302544 >> [v2:172.21.15.153:6800/585874296,v1:172.21.15.153:6801/585874296] conn(0x7f85e4038440 0x7f85e403a8f0 unknown :-1 s=CLOSED pgs=13 cs=0 l=1 rev1=1 crypto rx=0 tx=0 comp rx=0 tx=0).stop
2024-05-06T14:22:53.986 INFO:teuthology.orchestra.run.smithi153.stdout:/usr/bin/ceph: stderr
2024-05-06T14:22:53.413+0000 7f8600b15700 1 --2- 172.21.15.153:0/4112302544 >> [v2:172.21.15.153:3300/0,v1:172.21.15.153:6789/0] conn(0x7f85fc1066a0 0x7f85fc199930 unknown :-1 s=CLOSED pgs=50 cs=0 l=1 rev1=1 crypto rx=0 tx=0 comp rx=0 tx=0).stop
2024-05-06T14:22:53.986 INFO:teuthology.orchestra.run.smithi153.stdout:/usr/bin/ceph: stderr
2024-05-06T14:22:53.413+0000 7f8600b15700 1 -- 172.21.15.153:0/4112302544 >> 172.21.15.153:0/4112302544 conn(0x7f85fc100060 msgr2=0x7f85fc1017e0 unknown :-1 s=STATE_NONE l=0).mark_down
2024-05-06T14:22:53.986 INFO:teuthology.orchestra.run.smithi153.stdout:/usr/bin/ceph: stderr
2024-05-06T14:22:53.413+0000 7f8600b15700 1 -- 172.21.15.153:0/4112302544 shutdown_connections
2024-05-06T14:22:53.986 INFO:teuthology.orchestra.run.smithi153.stdout:/usr/bin/ceph: stderr
2024-05-06T14:22:53.414+0000 7f8600b15700 1 -- 172.21.15.153:0/4112302544 wait complete.
2024-05-06T14:22:53.986 INFO:teuthology.orchestra.run.smithi153.stdout:Deploying crash service with default placement...
2024-05-06T14:22:55.190 INFO:journalctl@ceph.mon.smithi153.smithi153.stdout:May 06 14:22:54 smithi153 ceph-mon[27177]: from='client.14144 -' entity='client.admin' cmd=[{"prefix": "orch apply", "service_type": "mgr", "target": ["mon-mgr", ""]}]: dispatch
2024-05-06T14:22:55.190 INFO:journalctl@ceph.mon.smithi153.smithi153.stdout:May 06 14:22:54 smithi153 ceph-mon[27177]: Saving service mgr spec with placement count:2
2024-05-06T14:22:55.191 INFO:journalctl@ceph.mon.smithi153.smithi153.stdout:May 06 14:22:54 smithi153 ceph-mon[27177]: from='mgr.14120 172.21.15.153:0/1554990227' entity='mgr.smithi153.dolfed'
2024-05-06T14:22:55.449 INFO:teuthology.orchestra.run.smithi153.stdout:/usr/bin/ceph: stdout Scheduled crash update...
2024-05-06T14:22:55.449 INFO:teuthology.orchestra.run.smithi153.stdout:/usr/bin/ceph: stderr
2024-05-06T14:22:54.423+0000 7f823d544700 1 Processor -- start
2024-05-06T14:22:55.449 INFO:teuthology.orchestra.run.smithi153.stdout:/usr/bin/ceph: stderr
2024-05-06T14:22:54.423+0000 7f823d544700 1 -- start start
2024-05-06T14:22:55.449 INFO:teuthology.orchestra.run.smithi153.stdout:/usr/bin/ceph: stderr
2024-05-06T14:22:54.423+0000 7f823d544700 1 --2- >> [v2:172.21.15.153:3300/0,v1:172.21.15.153:6789/0] conn(0x7f8238104a30 0x7f8238104e40 unknown :-1 s=NONE pgs=0 cs=0 l=0 rev1=0 crypto rx=0 tx=0 comp rx=0 tx=0).connect
2024-05-06T14:22:55.449 INFO:teuthology.orchestra.run.smithi153.stdout:/usr/bin/ceph: stderr
2024-05-06T14:22:54.423+0000 7f823d544700 1 -- --> [v2:172.21.15.153:3300/0,v1:172.21.15.153:6789/0] -- mon_getmap magic: 0 v1 -- 0x7f8238105380 con 0x7f8238104a30
2024-05-06T14:22:55.449 INFO:teuthology.orchestra.run.smithi153.stdout:/usr/bin/ceph: stderr
2024-05-06T14:22:54.423+0000 7f8236ffd700 1 --2- >> [v2:172.21.15.153:3300/0,v1:172.21.15.153:6789/0] conn(0x7f8238104a30 0x7f8238104e40 unknown :-1 s=BANNER_CONNECTING pgs=0 cs=0 l=0 rev1=0 crypto rx=0 tx=0 comp rx=0 tx=0)._handle_peer_banner_payload supported=3 required=0
2024-05-06T14:22:55.449 INFO:teuthology.orchestra.run.smithi153.stdout:/usr/bin/ceph: stderr
2024-05-06T14:22:54.423+0000 7f8236ffd700 1 --2- >> [v2:172.21.15.153:3300/0,v1:172.21.15.153:6789/0] conn(0x7f8238104a30 0x7f8238104e40 unknown :-1 s=HELLO_CONNECTING pgs=0 cs=0 l=0 rev1=1 crypto rx=0 tx=0 comp rx=0 tx=0).handle_hello peer v2:172.21.15.153:3300/0 says I am v2:172.21.15.153:57578/0 (socket says 172.21.15.153:57578)
2024-05-06T14:22:55.450 INFO:teuthology.orchestra.run.smithi153.stdout:/usr/bin/ceph: stderr
2024-05-06T14:22:54.423+0000 7f8236ffd700 1 -- 172.21.15.153:0/1520883446 learned_addr learned my addr 172.21.15.153:0/1520883446 (peer_addr_for_me v2:172.21.15.153:0/0)
2024-05-06T14:22:55.450 INFO:teuthology.orchestra.run.smithi153.stdout:/usr/bin/ceph: stderr
2024-05-06T14:22:54.423+0000 7f8236ffd700 1 -- 172.21.15.153:0/1520883446 --> [v2:172.21.15.153:3300/0,v1:172.21.15.153:6789/0] -- mon_subscribe({config=0+,monmap=0+}) v3 -- 0x7f82381054c0 con 0x7f8238104a30
2024-05-06T14:22:55.450 INFO:teuthology.orchestra.run.smithi153.stdout:/usr/bin/ceph: stderr
2024-05-06T14:22:54.424+0000 7f8236ffd700 1 --2- 172.21.15.153:0/1520883446 >> [v2:172.21.15.153:3300/0,v1:172.21.15.153:6789/0] conn(0x7f8238104a30 0x7f8238104e40 secure :-1 s=READY pgs=51 cs=0 l=1 rev1=1 crypto rx=0x7f82280098a0 tx=0x7f8228009bb0 comp rx=0 tx=0).ready entity=mon.0 client_cookie=6369240609d529f3 server_cookie=0 in_seq=0 out_seq=0
2024-05-06T14:22:55.450 INFO:teuthology.orchestra.run.smithi153.stdout:/usr/bin/ceph: stderr
2024-05-06T14:22:54.424+0000 7f8235ffb700 1 -- 172.21.15.153:0/1520883446 <== mon.0 v2:172.21.15.153:3300/0 1 ==== mon_map magic: 0 v1 ==== 229+0+0 (secure 0 0 0) 0x7f8228004180 con 0x7f8238104a30
2024-05-06T14:22:55.450 INFO:teuthology.orchestra.run.smithi153.stdout:/usr/bin/ceph: stderr
2024-05-06T14:22:54.424+0000 7f8235ffb700 1 -- 172.21.15.153:0/1520883446 <== mon.0 v2:172.21.15.153:3300/0 2 ==== config(27 keys) v1 ==== 1101+0+0 (secure 0 0 0) 0x7f82280042e0 con 0x7f8238104a30
2024-05-06T14:22:55.450 INFO:teuthology.orchestra.run.smithi153.stdout:/usr/bin/ceph: stderr
2024-05-06T14:22:54.424+0000 7f8235ffb700 1 -- 172.21.15.153:0/1520883446 <== mon.0 v2:172.21.15.153:3300/0 3 ==== mon_map magic: 0 v1 ==== 229+0+0 (secure 0 0 0) 0x7f8228011af0 con 0x7f8238104a30
2024-05-06T14:22:55.450 INFO:teuthology.orchestra.run.smithi153.stdout:/usr/bin/ceph: stderr
2024-05-06T14:22:54.424+0000 7f823d544700 1 -- 172.21.15.153:0/1520883446 >> [v2:172.21.15.153:3300/0,v1:172.21.15.153:6789/0] conn(0x7f8238104a30 msgr2=0x7f8238104e40 secure :-1 s=STATE_CONNECTION_ESTABLISHED l=1).mark_down
2024-05-06T14:22:55.450 INFO:teuthology.orchestra.run.smithi153.stdout:/usr/bin/ceph: stderr
2024-05-06T14:22:54.424+0000 7f823d544700 1 --2- 172.21.15.153:0/1520883446 >> [v2:172.21.15.153:3300/0,v1:172.21.15.153:6789/0] conn(0x7f8238104a30 0x7f8238104e40 secure :-1 s=READY pgs=51 cs=0 l=1 rev1=1 crypto rx=0x7f82280098a0 tx=0x7f8228009bb0 comp rx=0 tx=0).stop
2024-05-06T14:22:55.450 INFO:teuthology.orchestra.run.smithi153.stdout:/usr/bin/ceph: stderr
2024-05-06T14:22:54.424+0000 7f823d544700 1 -- 172.21.15.153:0/1520883446 shutdown_connections
2024-05-06T14:22:55.450 INFO:teuthology.orchestra.run.smithi153.stdout:/usr/bin/ceph: stderr
2024-05-06T14:22:54.424+0000 7f823d544700 1 --2- 172.21.15.153:0/1520883446 >> [v2:172.21.15.153:3300/0,v1:172.21.15.153:6789/0] conn(0x7f8238104a30 0x7f8238104e40 unknown :-1 s=CLOSED pgs=51 cs=0 l=1 rev1=1 crypto rx=0 tx=0 comp rx=0 tx=0).stop
2024-05-06T14:22:55.450 INFO:teuthology.orchestra.run.smithi153.stdout:/usr/bin/ceph: stderr
2024-05-06T14:22:54.424+0000 7f823d544700 1 -- 172.21.15.153:0/1520883446 >> 172.21.15.153:0/1520883446 conn(0x7f8238100060 msgr2=0x7f82381024b0 unknown :-1 s=STATE_NONE l=0).mark_down
2024-05-06T14:22:55.450 INFO:teuthology.orchestra.run.smithi153.stdout:/usr/bin/ceph: stderr
2024-05-06T14:22:54.424+0000 7f823d544700 1 -- 172.21.15.153:0/1520883446 shutdown_connections
2024-05-06T14:22:55.450 INFO:teuthology.orchestra.run.smithi153.stdout:/usr/bin/ceph: stderr
2024-05-06T14:22:54.424+0000 7f823d544700 1 -- 172.21.15.153:0/1520883446 wait complete.
2024-05-06T14:22:55.451 INFO:teuthology.orchestra.run.smithi153.stdout:/usr/bin/ceph: stderr
2024-05-06T14:22:54.425+0000 7f823d544700 1 Processor -- start
2024-05-06T14:22:55.451 INFO:teuthology.orchestra.run.smithi153.stdout:/usr/bin/ceph: stderr
2024-05-06T14:22:54.425+0000 7f823d544700 1 -- start start
2024-05-06T14:22:55.451 INFO:teuthology.orchestra.run.smithi153.stdout:/usr/bin/ceph: stderr
2024-05-06T14:22:54.425+0000 7f823d544700 1 --2- >> [v2:172.21.15.153:3300/0,v1:172.21.15.153:6789/0] conn(0x7f8238104a30 0x7f8238079b20 unknown :-1 s=NONE pgs=0 cs=0 l=1 rev1=0 crypto rx=0 tx=0 comp rx=0 tx=0).connect
2024-05-06T14:22:55.451 INFO:teuthology.orchestra.run.smithi153.stdout:/usr/bin/ceph: stderr
2024-05-06T14:22:54.425+0000 7f823d544700 1 -- --> [v2:172.21.15.153:3300/0,v1:172.21.15.153:6789/0] -- mon_getmap magic: 0 v1 -- 0x7f823819a430 con 0x7f8238104a30
2024-05-06T14:22:55.451 INFO:teuthology.orchestra.run.smithi153.stdout:/usr/bin/ceph: stderr
2024-05-06T14:22:54.425+0000 7f8236ffd700 1 --2- >> [v2:172.21.15.153:3300/0,v1:172.21.15.153:6789/0] conn(0x7f8238104a30 0x7f8238079b20 unknown :-1 s=BANNER_CONNECTING pgs=0 cs=0 l=1 rev1=0 crypto rx=0 tx=0 comp rx=0 tx=0)._handle_peer_banner_payload supported=3 required=0
2024-05-06T14:22:55.451 INFO:teuthology.orchestra.run.smithi153.stdout:/usr/bin/ceph: stderr
2024-05-06T14:22:54.425+0000 7f8236ffd700 1 --2- >> [v2:172.21.15.153:3300/0,v1:172.21.15.153:6789/0] conn(0x7f8238104a30 0x7f8238079b20 unknown :-1 s=HELLO_CONNECTING pgs=0 cs=0 l=1 rev1=1 crypto rx=0 tx=0 comp rx=0 tx=0).handle_hello peer v2:172.21.15.153:3300/0 says I am v2:172.21.15.153:57582/0 (socket says 172.21.15.153:57582)
2024-05-06T14:22:55.451 INFO:teuthology.orchestra.run.smithi153.stdout:/usr/bin/ceph: stderr
2024-05-06T14:22:54.425+0000 7f8236ffd700 1 -- 172.21.15.153:0/3703790339 learned_addr learned my addr 172.21.15.153:0/3703790339 (peer_addr_for_me v2:172.21.15.153:0/0)
2024-05-06T14:22:55.451 INFO:teuthology.orchestra.run.smithi153.stdout:/usr/bin/ceph: stderr
2024-05-06T14:22:54.426+0000 7f8236ffd700 1 -- 172.21.15.153:0/3703790339 --> [v2:172.21.15.153:3300/0,v1:172.21.15.153:6789/0] -- mon_subscribe({config=0+,monmap=0+}) v3 -- 0x7f8228009550 con 0x7f8238104a30
2024-05-06T14:22:55.451 INFO:teuthology.orchestra.run.smithi153.stdout:/usr/bin/ceph: stderr
2024-05-06T14:22:54.426+0000 7f8236ffd700 1 --2- 172.21.15.153:0/3703790339 >> [v2:172.21.15.153:3300/0,v1:172.21.15.153:6789/0] conn(0x7f8238104a30 0x7f8238079b20 secure :-1 s=READY pgs=52 cs=0 l=1 rev1=1 crypto rx=0x7f8228011670 tx=0x7f8228011b50 comp rx=0 tx=0).ready entity=mon.0 client_cookie=0 server_cookie=0 in_seq=0 out_seq=0
2024-05-06T14:22:55.451 INFO:teuthology.orchestra.run.smithi153.stdout:/usr/bin/ceph: stderr
2024-05-06T14:22:54.426+0000 7f821ffff700 1 -- 172.21.15.153:0/3703790339 <== mon.0 v2:172.21.15.153:3300/0 1 ==== mon_map magic: 0 v1 ==== 229+0+0 (secure 0 0 0) 0x7f8228003a40 con 0x7f8238104a30
2024-05-06T14:22:55.451 INFO:teuthology.orchestra.run.smithi153.stdout:/usr/bin/ceph: stderr
2024-05-06T14:22:54.426+0000 7f823d544700 1 -- 172.21.15.153:0/3703790339 --> [v2:172.21.15.153:3300/0,v1:172.21.15.153:6789/0] -- mon_subscribe({mgrmap=0+}) v3 -- 0x7f823819ea40 con 0x7f8238104a30
2024-05-06T14:22:55.451 INFO:teuthology.orchestra.run.smithi153.stdout:/usr/bin/ceph: stderr
2024-05-06T14:22:54.426+0000 7f821ffff700 1 -- 172.21.15.153:0/3703790339 <== mon.0 v2:172.21.15.153:3300/0 2 ==== config(27 keys) v1 ==== 1101+0+0 (secure 0 0 0) 0x7f8228003ba0 con 0x7f8238104a30
2024-05-06T14:22:55.451 INFO:teuthology.orchestra.run.smithi153.stdout:/usr/bin/ceph: stderr
2024-05-06T14:22:54.426+0000 7f821ffff700 1 -- 172.21.15.153:0/3703790339 <== mon.0 v2:172.21.15.153:3300/0 3 ==== mon_map magic: 0 v1 ==== 229+0+0 (secure 0 0 0) 0x7f8228024790 con 0x7f8238104a30
2024-05-06T14:22:55.452 INFO:teuthology.orchestra.run.smithi153.stdout:/usr/bin/ceph: stderr
2024-05-06T14:22:54.426+0000 7f823d544700 1 -- 172.21.15.153:0/3703790339 --> [v2:172.21.15.153:3300/0,v1:172.21.15.153:6789/0] -- mon_subscribe({osdmap=0}) v3 -- 0x7f823819eda0 con 0x7f8238104a30
2024-05-06T14:22:55.452 INFO:teuthology.orchestra.run.smithi153.stdout:/usr/bin/ceph: stderr
2024-05-06T14:22:54.427+0000 7f821ffff700 1 -- 172.21.15.153:0/3703790339 <== mon.0 v2:172.21.15.153:3300/0 4 ==== mgrmap(e 8) v1 ==== 45084+0+0 (secure 0 0 0) 0x7f822802d3f0 con 0x7f8238104a30
2024-05-06T14:22:55.452 INFO:teuthology.orchestra.run.smithi153.stdout:/usr/bin/ceph: stderr
2024-05-06T14:22:54.427+0000 7f823d544700 1 -- 172.21.15.153:0/3703790339 --> [v2:172.21.15.153:3300/0,v1:172.21.15.153:6789/0] -- mon_command({"prefix": "get_command_descriptions"} v 0) v1 -- 0x7f8238062380 con 0x7f8238104a30
2024-05-06T14:22:55.452 INFO:teuthology.orchestra.run.smithi153.stdout:/usr/bin/ceph: stderr
2024-05-06T14:22:54.427+0000 7f821ffff700 1 --2- 172.21.15.153:0/3703790339 >> [v2:172.21.15.153:6800/585874296,v1:172.21.15.153:6801/585874296] conn(0x7f82200383f0 0x7f822003a8a0 unknown :-1 s=NONE pgs=0 cs=0 l=1 rev1=0 crypto rx=0 tx=0 comp rx=0 tx=0).connect
2024-05-06T14:22:55.452 INFO:teuthology.orchestra.run.smithi153.stdout:/usr/bin/ceph: stderr
2024-05-06T14:22:54.427+0000 7f821ffff700 1 -- 172.21.15.153:0/3703790339 <== mon.0 v2:172.21.15.153:3300/0 5 ==== osd_map(2..2 src has 1..2) v4 ==== 940+0+0 (secure 0 0 0) 0x7f822804c530 con 0x7f8238104a30
2024-05-06T14:22:55.452 INFO:teuthology.orchestra.run.smithi153.stdout:/usr/bin/ceph: stderr
2024-05-06T14:22:54.427+0000 7f82367fc700 1 --2- 172.21.15.153:0/3703790339 >> [v2:172.21.15.153:6800/585874296,v1:172.21.15.153:6801/585874296] conn(0x7f82200383f0 0x7f822003a8a0 unknown :-1 s=BANNER_CONNECTING pgs=0 cs=0 l=1 rev1=0 crypto rx=0 tx=0 comp rx=0 tx=0)._handle_peer_banner_payload supported=3 required=0
2024-05-06T14:22:55.452 INFO:teuthology.orchestra.run.smithi153.stdout:/usr/bin/ceph: stderr
2024-05-06T14:22:54.427+0000 7f82367fc700 1 --2- 172.21.15.153:0/3703790339 >> [v2:172.21.15.153:6800/585874296,v1:172.21.15.153:6801/585874296] conn(0x7f82200383f0 0x7f822003a8a0 secure :-1 s=READY pgs=14 cs=0 l=1 rev1=1 crypto rx=0x7f822c006fd0 tx=0x7f822c006e40 comp rx=0 tx=0).ready entity=mgr.14120 client_cookie=0 server_cookie=0 in_seq=0 out_seq=0
2024-05-06T14:22:55.452 INFO:teuthology.orchestra.run.smithi153.stdout:/usr/bin/ceph: stderr
2024-05-06T14:22:54.432+0000 7f821ffff700 1 -- 172.21.15.153:0/3703790339 <== mon.0 v2:172.21.15.153:3300/0 6 ==== mon_command_ack([{"prefix": "get_command_descriptions"}]=0 v0) v1 ==== 72+0+177933 (secure 0 0 0) 0x7f8228010970 con 0x7f8238104a30
2024-05-06T14:22:55.452 INFO:teuthology.orchestra.run.smithi153.stdout:/usr/bin/ceph: stderr
2024-05-06T14:22:54.653+0000 7f823d544700 1 -- 172.21.15.153:0/3703790339 --> [v2:172.21.15.153:6800/585874296,v1:172.21.15.153:6801/585874296] -- mgr_command(tid 0: {"prefix": "orch apply", "service_type": "crash", "target": ["mon-mgr", ""]}) v1 -- 0x7f82381023f0 con 0x7f82200383f0
2024-05-06T14:22:55.452 INFO:teuthology.orchestra.run.smithi153.stdout:/usr/bin/ceph: stderr
2024-05-06T14:22:54.657+0000 7f821ffff700 1 -- 172.21.15.153:0/3703790339 <== mgr.14120 v2:172.21.15.153:6800/585874296 1 ==== mgr_command_reply(tid 0: 0 ) v1 ==== 8+0+26 (secure 0 0 0) 0x7f82381023f0 con 0x7f82200383f0
2024-05-06T14:22:55.452 INFO:teuthology.orchestra.run.smithi153.stdout:/usr/bin/ceph: stderr
2024-05-06T14:22:54.659+0000 7f823d544700 1 -- 172.21.15.153:0/3703790339 >> [v2:172.21.15.153:6800/585874296,v1:172.21.15.153:6801/585874296] conn(0x7f82200383f0 msgr2=0x7f822003a8a0 secure :-1 s=STATE_CONNECTION_ESTABLISHED l=1).mark_down
2024-05-06T14:22:55.452 INFO:teuthology.orchestra.run.smithi153.stdout:/usr/bin/ceph: stderr
2024-05-06T14:22:54.659+0000 7f823d544700 1 --2- 172.21.15.153:0/3703790339 >> [v2:172.21.15.153:6800/585874296,v1:172.21.15.153:6801/585874296] conn(0x7f82200383f0 0x7f822003a8a0 secure :-1 s=READY pgs=14 cs=0 l=1 rev1=1 crypto rx=0x7f822c006fd0 tx=0x7f822c006e40 comp rx=0 tx=0).stop
2024-05-06T14:22:55.452 INFO:teuthology.orchestra.run.smithi153.stdout:/usr/bin/ceph: stderr
2024-05-06T14:22:54.659+0000 7f823d544700 1 -- 172.21.15.153:0/3703790339 >> [v2:172.21.15.153:3300/0,v1:172.21.15.153:6789/0] conn(0x7f8238104a30 msgr2=0x7f8238079b20 secure :-1 s=STATE_CONNECTION_ESTABLISHED l=1).mark_down
2024-05-06T14:22:55.453 INFO:teuthology.orchestra.run.smithi153.stdout:/usr/bin/ceph: stderr
2024-05-06T14:22:54.659+0000 7f823d544700 1 --2- 172.21.15.153:0/3703790339 >> [v2:172.21.15.153:3300/0,v1:172.21.15.153:6789/0] conn(0x7f8238104a30 0x7f8238079b20 secure :-1 s=READY pgs=52 cs=0 l=1 rev1=1 crypto rx=0x7f8228011670 tx=0x7f8228011b50 comp rx=0 tx=0).stop
2024-05-06T14:22:55.453 INFO:teuthology.orchestra.run.smithi153.stdout:/usr/bin/ceph: stderr
2024-05-06T14:22:54.659+0000 7f823d544700 1 -- 172.21.15.153:0/3703790339 shutdown_connections
2024-05-06T14:22:55.453 INFO:teuthology.orchestra.run.smithi153.stdout:/usr/bin/ceph: stderr
2024-05-06T14:22:54.659+0000 7f823d544700 1 --2- 172.21.15.153:0/3703790339 >> [v2:172.21.15.153:6800/585874296,v1:172.21.15.153:6801/585874296] conn(0x7f82200383f0 0x7f822003a8a0 unknown :-1 s=CLOSED pgs=14 cs=0 l=1 rev1=1 crypto rx=0 tx=0 comp rx=0 tx=0).stop
2024-05-06T14:22:55.453 INFO:teuthology.orchestra.run.smithi153.stdout:/usr/bin/ceph: stderr
2024-05-06T14:22:54.659+0000 7f823d544700 1 --2- 172.21.15.153:0/3703790339 >> [v2:172.21.15.153:3300/0,v1:172.21.15.153:6789/0] conn(0x7f8238104a30 0x7f8238079b20 unknown :-1 s=CLOSED pgs=52 cs=0 l=1 rev1=1 crypto rx=0 tx=0 comp rx=0 tx=0).stop
2024-05-06T14:22:55.453 INFO:teuthology.orchestra.run.smithi153.stdout:/usr/bin/ceph: stderr
2024-05-06T14:22:54.659+0000 7f823d544700 1 -- 172.21.15.153:0/3703790339 >> 172.21.15.153:0/3703790339 conn(0x7f8238100060 msgr2=0x7f82381017d0 unknown :-1 s=STATE_NONE l=0).mark_down
2024-05-06T14:22:55.453 INFO:teuthology.orchestra.run.smithi153.stdout:/usr/bin/ceph: stderr
2024-05-06T14:22:54.659+0000 7f823d544700 1 -- 172.21.15.153:0/3703790339 shutdown_connections
2024-05-06T14:22:55.453 INFO:teuthology.orchestra.run.smithi153.stdout:/usr/bin/ceph: stderr
2024-05-06T14:22:54.659+0000 7f823d544700 1 -- 172.21.15.153:0/3703790339 wait complete.
2024-05-06T14:22:55.453 INFO:teuthology.orchestra.run.smithi153.stdout:Deploying ceph-exporter service with default placement...
2024-05-06T14:22:56.032 INFO:journalctl@ceph.mon.smithi153.smithi153.stdout:May 06 14:22:55 smithi153 ceph-mon[27177]: from='client.14146 -' entity='client.admin' cmd=[{"prefix": "orch apply", "service_type": "crash", "target": ["mon-mgr", ""]}]: dispatch
2024-05-06T14:22:56.032 INFO:journalctl@ceph.mon.smithi153.smithi153.stdout:May 06 14:22:55 smithi153 ceph-mon[27177]: Saving service crash spec with placement *
2024-05-06T14:22:56.777 INFO:teuthology.orchestra.run.smithi153.stdout:/usr/bin/ceph: stdout Scheduled ceph-exporter update...
2024-05-06T14:22:56.777 INFO:teuthology.orchestra.run.smithi153.stdout:/usr/bin/ceph: stderr
2024-05-06T14:22:55.862+0000 7f56e9572700 1 Processor -- start
2024-05-06T14:22:56.777 INFO:teuthology.orchestra.run.smithi153.stdout:/usr/bin/ceph: stderr
2024-05-06T14:22:55.862+0000 7f56e9572700 1 -- start start
2024-05-06T14:22:56.777 INFO:teuthology.orchestra.run.smithi153.stdout:/usr/bin/ceph: stderr
2024-05-06T14:22:55.862+0000 7f56e9572700 1 --2- >> [v2:172.21.15.153:3300/0,v1:172.21.15.153:6789/0] conn(0x7f56e407be10 0x7f56e407a310 unknown :-1 s=NONE pgs=0 cs=0 l=0 rev1=0 crypto rx=0 tx=0 comp rx=0 tx=0).connect
2024-05-06T14:22:56.777 INFO:teuthology.orchestra.run.smithi153.stdout:/usr/bin/ceph: stderr
2024-05-06T14:22:55.862+0000 7f56e9572700 1 -- --> [v2:172.21.15.153:3300/0,v1:172.21.15.153:6789/0] -- mon_getmap magic: 0 v1 -- 0x7f56e407a850 con 0x7f56e407be10
2024-05-06T14:22:56.778 INFO:teuthology.orchestra.run.smithi153.stdout:/usr/bin/ceph: stderr
2024-05-06T14:22:55.862+0000 7f56e2ffd700 1 --2- >> [v2:172.21.15.153:3300/0,v1:172.21.15.153:6789/0] conn(0x7f56e407be10 0x7f56e407a310 unknown :-1 s=BANNER_CONNECTING pgs=0 cs=0 l=0 rev1=0 crypto rx=0 tx=0 comp rx=0 tx=0)._handle_peer_banner_payload supported=3 required=0
2024-05-06T14:22:56.778 INFO:teuthology.orchestra.run.smithi153.stdout:/usr/bin/ceph: stderr
2024-05-06T14:22:55.862+0000 7f56e2ffd700 1 --2- >> [v2:172.21.15.153:3300/0,v1:172.21.15.153:6789/0] conn(0x7f56e407be10 0x7f56e407a310 unknown :-1 s=HELLO_CONNECTING pgs=0 cs=0 l=0 rev1=1 crypto rx=0 tx=0 comp rx=0 tx=0).handle_hello peer v2:172.21.15.153:3300/0 says I am v2:172.21.15.153:57592/0 (socket says 172.21.15.153:57592)
2024-05-06T14:22:56.778 INFO:teuthology.orchestra.run.smithi153.stdout:/usr/bin/ceph: stderr
2024-05-06T14:22:55.862+0000 7f56e2ffd700 1 -- 172.21.15.153:0/2424665441 learned_addr learned my addr 172.21.15.153:0/2424665441 (peer_addr_for_me v2:172.21.15.153:0/0)
2024-05-06T14:22:56.779 INFO:teuthology.orchestra.run.smithi153.stdout:/usr/bin/ceph: stderr
2024-05-06T14:22:55.862+0000 7f56e2ffd700 1 -- 172.21.15.153:0/2424665441 --> [v2:172.21.15.153:3300/0,v1:172.21.15.153:6789/0] -- mon_subscribe({config=0+,monmap=0+}) v3 -- 0x7f56e407a990 con 0x7f56e407be10
2024-05-06T14:22:56.779 INFO:teuthology.orchestra.run.smithi153.stdout:/usr/bin/ceph: stderr
2024-05-06T14:22:55.863+0000 7f56e2ffd700 1 --2- 172.21.15.153:0/2424665441 >> [v2:172.21.15.153:3300/0,v1:172.21.15.153:6789/0] conn(0x7f56e407be10 0x7f56e407a310 secure :-1 s=READY pgs=53 cs=0 l=1 rev1=1 crypto rx=0x7f56d40098a0 tx=0x7f56d4009bb0 comp rx=0 tx=0).ready entity=mon.0 client_cookie=c3429f3b88c0d27a server_cookie=0 in_seq=0 out_seq=0
2024-05-06T14:22:56.779 INFO:teuthology.orchestra.run.smithi153.stdout:/usr/bin/ceph: stderr
2024-05-06T14:22:55.863+0000 7f56e1ffb700 1 -- 172.21.15.153:0/2424665441 <== mon.0 v2:172.21.15.153:3300/0 1 ==== mon_map magic: 0 v1 ==== 229+0+0 (secure 0 0 0) 0x7f56d4004180 con 0x7f56e407be10
2024-05-06T14:22:56.779 INFO:teuthology.orchestra.run.smithi153.stdout:/usr/bin/ceph: stderr
2024-05-06T14:22:55.863+0000 7f56e1ffb700 1 -- 172.21.15.153:0/2424665441 <== mon.0 v2:172.21.15.153:3300/0 2 ==== config(27 keys) v1 ==== 1101+0+0 (secure 0 0 0) 0x7f56d40042e0 con 0x7f56e407be10
2024-05-06T14:22:56.779 INFO:teuthology.orchestra.run.smithi153.stdout:/usr/bin/ceph: stderr
2024-05-06T14:22:55.863+0000 7f56e1ffb700 1 -- 172.21.15.153:0/2424665441 <== mon.0 v2:172.21.15.153:3300/0 3 ==== mon_map magic: 0 v1 ==== 229+0+0 (secure 0 0 0) 0x7f56d4011af0 con 0x7f56e407be10
2024-05-06T14:22:56.779 INFO:teuthology.orchestra.run.smithi153.stdout:/usr/bin/ceph: stderr
2024-05-06T14:22:55.863+0000 7f56e9572700 1 -- 172.21.15.153:0/2424665441 >> [v2:172.21.15.153:3300/0,v1:172.21.15.153:6789/0] conn(0x7f56e407be10 msgr2=0x7f56e407a310 secure :-1 s=STATE_CONNECTION_ESTABLISHED l=1).mark_down
2024-05-06T14:22:56.779 INFO:teuthology.orchestra.run.smithi153.stdout:/usr/bin/ceph: stderr
2024-05-06T14:22:55.863+0000 7f56e9572700 1 --2- 172.21.15.153:0/2424665441 >> [v2:172.21.15.153:3300/0,v1:172.21.15.153:6789/0] conn(0x7f56e407be10 0x7f56e407a310 secure :-1 s=READY pgs=53 cs=0 l=1 rev1=1 crypto rx=0x7f56d40098a0 tx=0x7f56d4009bb0 comp rx=0 tx=0).stop
2024-05-06T14:22:56.780 INFO:teuthology.orchestra.run.smithi153.stdout:/usr/bin/ceph: stderr
2024-05-06T14:22:55.863+0000 7f56e9572700 1 -- 172.21.15.153:0/2424665441 shutdown_connections
2024-05-06T14:22:56.780 INFO:teuthology.orchestra.run.smithi153.stdout:/usr/bin/ceph: stderr
2024-05-06T14:22:55.863+0000 7f56e9572700 1 --2- 172.21.15.153:0/2424665441 >> [v2:172.21.15.153:3300/0,v1:172.21.15.153:6789/0] conn(0x7f56e407be10 0x7f56e407a310 unknown :-1 s=CLOSED pgs=53 cs=0 l=1 rev1=1 crypto rx=0 tx=0 comp rx=0 tx=0).stop
2024-05-06T14:22:56.780 INFO:teuthology.orchestra.run.smithi153.stdout:/usr/bin/ceph: stderr
2024-05-06T14:22:55.863+0000 7f56e9572700 1 -- 172.21.15.153:0/2424665441 >> 172.21.15.153:0/2424665441 conn(0x7f56e4101180 msgr2=0x7f56e4103590 unknown :-1 s=STATE_NONE l=0).mark_down
2024-05-06T14:22:56.780 INFO:teuthology.orchestra.run.smithi153.stdout:/usr/bin/ceph: stderr
2024-05-06T14:22:55.863+0000 7f56e9572700 1 -- 172.21.15.153:0/2424665441 shutdown_connections
2024-05-06T14:22:56.780 INFO:teuthology.orchestra.run.smithi153.stdout:/usr/bin/ceph: stderr
2024-05-06T14:22:55.863+0000 7f56e9572700 1 -- 172.21.15.153:0/2424665441 wait complete.
2024-05-06T14:22:56.780 INFO:teuthology.orchestra.run.smithi153.stdout:/usr/bin/ceph: stderr
2024-05-06T14:22:55.864+0000 7f56e9572700 1 Processor -- start
2024-05-06T14:22:56.780 INFO:teuthology.orchestra.run.smithi153.stdout:/usr/bin/ceph: stderr
2024-05-06T14:22:55.864+0000 7f56e9572700 1 -- start start
2024-05-06T14:22:56.780 INFO:teuthology.orchestra.run.smithi153.stdout:/usr/bin/ceph: stderr
2024-05-06T14:22:55.864+0000 7f56e9572700 1 --2- >> [v2:172.21.15.153:3300/0,v1:172.21.15.153:6789/0] conn(0x7f56e407be10 0x7f56e419bad0 unknown :-1 s=NONE pgs=0 cs=0 l=1 rev1=0 crypto rx=0 tx=0 comp rx=0 tx=0).connect
2024-05-06T14:22:56.781 INFO:teuthology.orchestra.run.smithi153.stdout:/usr/bin/ceph: stderr
2024-05-06T14:22:55.864+0000 7f56e9572700 1 -- --> [v2:172.21.15.153:3300/0,v1:172.21.15.153:6789/0] -- mon_getmap magic: 0 v1 -- 0x7f56e419c010 con 0x7f56e407be10
2024-05-06T14:22:56.781 INFO:teuthology.orchestra.run.smithi153.stdout:/usr/bin/ceph: stderr
2024-05-06T14:22:55.864+0000 7f56e2ffd700 1 --2- >> [v2:172.21.15.153:3300/0,v1:172.21.15.153:6789/0] conn(0x7f56e407be10 0x7f56e419bad0 unknown :-1 s=BANNER_CONNECTING pgs=0 cs=0 l=1 rev1=0 crypto rx=0 tx=0 comp rx=0 tx=0)._handle_peer_banner_payload supported=3 required=0
2024-05-06T14:22:56.781 INFO:teuthology.orchestra.run.smithi153.stdout:/usr/bin/ceph: stderr
2024-05-06T14:22:55.864+0000 7f56e2ffd700 1 --2- >> [v2:172.21.15.153:3300/0,v1:172.21.15.153:6789/0] conn(0x7f56e407be10 0x7f56e419bad0 unknown :-1 s=HELLO_CONNECTING pgs=0 cs=0 l=1 rev1=1 crypto rx=0 tx=0 comp rx=0 tx=0).handle_hello peer v2:172.21.15.153:3300/0 says I am v2:172.21.15.153:57598/0 (socket says 172.21.15.153:57598)
2024-05-06T14:22:56.781 INFO:teuthology.orchestra.run.smithi153.stdout:/usr/bin/ceph: stderr
2024-05-06T14:22:55.865+0000 7f56e2ffd700 1 -- 172.21.15.153:0/3210813102 learned_addr learned my addr 172.21.15.153:0/3210813102 (peer_addr_for_me v2:172.21.15.153:0/0)
2024-05-06T14:22:56.781 INFO:teuthology.orchestra.run.smithi153.stdout:/usr/bin/ceph: stderr
2024-05-06T14:22:55.865+0000 7f56e2ffd700 1 -- 172.21.15.153:0/3210813102 --> [v2:172.21.15.153:3300/0,v1:172.21.15.153:6789/0] -- mon_subscribe({config=0+,monmap=0+}) v3 -- 0x7f56d4009550 con 0x7f56e407be10
2024-05-06T14:22:56.781 INFO:teuthology.orchestra.run.smithi153.stdout:/usr/bin/ceph: stderr
2024-05-06T14:22:55.865+0000 7f56e2ffd700 1 --2- 172.21.15.153:0/3210813102 >> [v2:172.21.15.153:3300/0,v1:172.21.15.153:6789/0] conn(0x7f56e407be10 0x7f56e419bad0 secure :-1 s=READY pgs=54 cs=0 l=1 rev1=1 crypto rx=0x7f56d4000c00 tx=0x7f56d4011b50 comp rx=0 tx=0).ready entity=mon.0 client_cookie=0 server_cookie=0 in_seq=0 out_seq=0
2024-05-06T14:22:56.781 INFO:teuthology.orchestra.run.smithi153.stdout:/usr/bin/ceph: stderr
2024-05-06T14:22:55.865+0000 7f56cbfff700 1 -- 172.21.15.153:0/3210813102 <== mon.0 v2:172.21.15.153:3300/0 1 ==== mon_map magic: 0 v1 ==== 229+0+0 (secure 0 0 0) 0x7f56d4003a70 con 0x7f56e407be10
2024-05-06T14:22:56.782 INFO:teuthology.orchestra.run.smithi153.stdout:/usr/bin/ceph: stderr
2024-05-06T14:22:55.865+0000 7f56cbfff700 1 -- 172.21.15.153:0/3210813102 <== mon.0 v2:172.21.15.153:3300/0 2 ==== config(27 keys) v1 ==== 1101+0+0 (secure 0 0 0) 0x7f56d4003bd0 con 0x7f56e407be10
2024-05-06T14:22:56.782 INFO:teuthology.orchestra.run.smithi153.stdout:/usr/bin/ceph: stderr
2024-05-06T14:22:55.865+0000 7f56e9572700 1 -- 172.21.15.153:0/3210813102 --> [v2:172.21.15.153:3300/0,v1:172.21.15.153:6789/0] -- mon_subscribe({mgrmap=0+}) v3 -- 0x7f56e419c210 con 0x7f56e407be10
2024-05-06T14:22:56.782 INFO:teuthology.orchestra.run.smithi153.stdout:/usr/bin/ceph: stderr
2024-05-06T14:22:55.865+0000 7f56cbfff700 1 -- 172.21.15.153:0/3210813102 <== mon.0 v2:172.21.15.153:3300/0 3 ==== mon_map magic: 0 v1 ==== 229+0+0 (secure 0 0 0) 0x7f56d40238c0 con 0x7f56e407be10
2024-05-06T14:22:56.782 INFO:teuthology.orchestra.run.smithi153.stdout:/usr/bin/ceph: stderr
2024-05-06T14:22:55.865+0000 7f56e9572700 1 -- 172.21.15.153:0/3210813102 --> [v2:172.21.15.153:3300/0,v1:172.21.15.153:6789/0] -- mon_subscribe({osdmap=0}) v3 -- 0x7f56e419c630 con 0x7f56e407be10
2024-05-06T14:22:56.782 INFO:teuthology.orchestra.run.smithi153.stdout:/usr/bin/ceph: stderr
2024-05-06T14:22:55.866+0000 7f56cbfff700 1 -- 172.21.15.153:0/3210813102 <== mon.0 v2:172.21.15.153:3300/0 4 ==== mgrmap(e 8) v1 ==== 45084+0+0 (secure 0 0 0) 0x7f56d4023b80 con 0x7f56e407be10
2024-05-06T14:22:56.782 INFO:teuthology.orchestra.run.smithi153.stdout:/usr/bin/ceph: stderr
2024-05-06T14:22:55.866+0000 7f56e9572700 1 -- 172.21.15.153:0/3210813102 --> [v2:172.21.15.153:3300/0,v1:172.21.15.153:6789/0] -- mon_command({"prefix": "get_command_descriptions"} v 0) v1 -- 0x7f56e4062380 con 0x7f56e407be10
2024-05-06T14:22:56.783 INFO:teuthology.orchestra.run.smithi153.stdout:/usr/bin/ceph: stderr
2024-05-06T14:22:55.866+0000 7f56cbfff700 1 --2- 172.21.15.153:0/3210813102 >> [v2:172.21.15.153:6800/585874296,v1:172.21.15.153:6801/585874296] conn(0x7f56cc0383f0 0x7f56cc03a8a0 unknown :-1 s=NONE pgs=0 cs=0 l=1 rev1=0 crypto rx=0 tx=0 comp rx=0 tx=0).connect
2024-05-06T14:22:56.783 INFO:teuthology.orchestra.run.smithi153.stdout:/usr/bin/ceph: stderr
2024-05-06T14:22:55.866+0000 7f56cbfff700 1 -- 172.21.15.153:0/3210813102 <== mon.0 v2:172.21.15.153:3300/0 5 ==== osd_map(2..2 src has 1..2) v4 ==== 940+0+0 (secure 0 0 0) 0x7f56d404c400 con 0x7f56e407be10
2024-05-06T14:22:56.783 INFO:teuthology.orchestra.run.smithi153.stdout:/usr/bin/ceph: stderr
2024-05-06T14:22:55.866+0000 7f56e27fc700 1 --2- 172.21.15.153:0/3210813102 >> [v2:172.21.15.153:6800/585874296,v1:172.21.15.153:6801/585874296] conn(0x7f56cc0383f0 0x7f56cc03a8a0 unknown :-1 s=BANNER_CONNECTING pgs=0 cs=0 l=1 rev1=0 crypto rx=0 tx=0 comp rx=0 tx=0)._handle_peer_banner_payload supported=3 required=0
2024-05-06T14:22:56.783 INFO:teuthology.orchestra.run.smithi153.stdout:/usr/bin/ceph: stderr
2024-05-06T14:22:55.867+0000 7f56e27fc700 1 --2- 172.21.15.153:0/3210813102 >> [v2:172.21.15.153:6800/585874296,v1:172.21.15.153:6801/585874296] conn(0x7f56cc0383f0 0x7f56cc03a8a0 secure :-1 s=READY pgs=15 cs=0 l=1 rev1=1 crypto rx=0x7f56d8006fd0 tx=0x7f56d8006e40 comp rx=0 tx=0).ready entity=mgr.14120 client_cookie=0 server_cookie=0 in_seq=0 out_seq=0
2024-05-06T14:22:56.783 INFO:teuthology.orchestra.run.smithi153.stdout:/usr/bin/ceph: stderr
2024-05-06T14:22:55.871+0000 7f56cbfff700 1 -- 172.21.15.153:0/3210813102 <== mon.0 v2:172.21.15.153:3300/0 6 ==== mon_command_ack([{"prefix": "get_command_descriptions"}]=0 v0) v1 ==== 72+0+177933 (secure 0 0 0) 0x7f56d402b300 con 0x7f56e407be10
2024-05-06T14:22:56.783 INFO:teuthology.orchestra.run.smithi153.stdout:/usr/bin/ceph: stderr
2024-05-06T14:22:56.074+0000 7f56e9572700 1 -- 172.21.15.153:0/3210813102 --> [v2:172.21.15.153:6800/585874296,v1:172.21.15.153:6801/585874296] -- mgr_command(tid 0: {"prefix": "orch apply", "service_type": "ceph-exporter", "target": ["mon-mgr", ""]}) v1 -- 0x7f56e4103440 con 0x7f56cc0383f0
2024-05-06T14:22:56.783 INFO:teuthology.orchestra.run.smithi153.stdout:/usr/bin/ceph: stderr
2024-05-06T14:22:56.081+0000 7f56cbfff700 1 -- 172.21.15.153:0/3210813102 <== mgr.14120 v2:172.21.15.153:6800/585874296 1 ==== mgr_command_reply(tid 0: 0 ) v1 ==== 8+0+34 (secure 0 0 0) 0x7f56e4103440 con 0x7f56cc0383f0
2024-05-06T14:22:56.783 INFO:teuthology.orchestra.run.smithi153.stdout:/usr/bin/ceph: stderr
2024-05-06T14:22:56.083+0000 7f56e9572700 1 -- 172.21.15.153:0/3210813102 >> [v2:172.21.15.153:6800/585874296,v1:172.21.15.153:6801/585874296] conn(0x7f56cc0383f0 msgr2=0x7f56cc03a8a0 secure :-1 s=STATE_CONNECTION_ESTABLISHED l=1).mark_down
2024-05-06T14:22:56.784 INFO:teuthology.orchestra.run.smithi153.stdout:/usr/bin/ceph: stderr
2024-05-06T14:22:56.083+0000 7f56e9572700 1 --2- 172.21.15.153:0/3210813102 >> [v2:172.21.15.153:6800/585874296,v1:172.21.15.153:6801/585874296] conn(0x7f56cc0383f0 0x7f56cc03a8a0 secure :-1 s=READY pgs=15 cs=0 l=1 rev1=1 crypto rx=0x7f56d8006fd0 tx=0x7f56d8006e40 comp rx=0 tx=0).stop
2024-05-06T14:22:56.784 INFO:teuthology.orchestra.run.smithi153.stdout:/usr/bin/ceph: stderr
2024-05-06T14:22:56.083+0000 7f56e9572700 1 -- 172.21.15.153:0/3210813102 >> [v2:172.21.15.153:3300/0,v1:172.21.15.153:6789/0] conn(0x7f56e407be10 msgr2=0x7f56e419bad0 secure :-1 s=STATE_CONNECTION_ESTABLISHED l=1).mark_down
2024-05-06T14:22:56.784 INFO:teuthology.orchestra.run.smithi153.stdout:/usr/bin/ceph: stderr
2024-05-06T14:22:56.083+0000 7f56e9572700 1 --2- 172.21.15.153:0/3210813102 >> [v2:172.21.15.153:3300/0,v1:172.21.15.153:6789/0] conn(0x7f56e407be10 0x7f56e419bad0 secure :-1 s=READY pgs=54 cs=0 l=1 rev1=1 crypto rx=0x7f56d4000c00 tx=0x7f56d4011b50 comp rx=0 tx=0).stop
2024-05-06T14:22:56.784 INFO:teuthology.orchestra.run.smithi153.stdout:/usr/bin/ceph: stderr
2024-05-06T14:22:56.083+0000 7f56e9572700 1 -- 172.21.15.153:0/3210813102 shutdown_connections
2024-05-06T14:22:56.784 INFO:teuthology.orchestra.run.smithi153.stdout:/usr/bin/ceph: stderr
2024-05-06T14:22:56.083+0000 7f56e9572700 1 --2- 172.21.15.153:0/3210813102 >> [v2:172.21.15.153:6800/585874296,v1:172.21.15.153:6801/585874296] conn(0x7f56cc0383f0 0x7f56cc03a8a0 unknown :-1 s=CLOSED pgs=15 cs=0 l=1 rev1=1 crypto rx=0 tx=0 comp rx=0 tx=0).stop
2024-05-06T14:22:56.784 INFO:teuthology.orchestra.run.smithi153.stdout:/usr/bin/ceph: stderr
2024-05-06T14:22:56.083+0000 7f56e9572700 1 --2- 172.21.15.153:0/3210813102 >> [v2:172.21.15.153:3300/0,v1:172.21.15.153:6789/0] conn(0x7f56e407be10 0x7f56e419bad0 unknown :-1 s=CLOSED pgs=54 cs=0 l=1 rev1=1 crypto rx=0 tx=0 comp rx=0 tx=0).stop
2024-05-06T14:22:56.784 INFO:teuthology.orchestra.run.smithi153.stdout:/usr/bin/ceph: stderr
2024-05-06T14:22:56.083+0000 7f56e9572700 1 -- 172.21.15.153:0/3210813102 >> 172.21.15.153:0/3210813102 conn(0x7f56e4101180 msgr2=0x7f56e4102820 unknown :-1 s=STATE_NONE l=0).mark_down
2024-05-06T14:22:56.785 INFO:teuthology.orchestra.run.smithi153.stdout:/usr/bin/ceph: stderr
2024-05-06T14:22:56.083+0000 7f56e9572700 1 -- 172.21.15.153:0/3210813102 shutdown_connections
2024-05-06T14:22:56.785 INFO:teuthology.orchestra.run.smithi153.stdout:/usr/bin/ceph: stderr
2024-05-06T14:22:56.083+0000 7f56e9572700 1 -- 172.21.15.153:0/3210813102 wait complete.
2024-05-06T14:22:56.785 INFO:teuthology.orchestra.run.smithi153.stdout:Deploying prometheus service with default placement...
2024-05-06T14:22:57.160 INFO:journalctl@ceph.mon.smithi153.smithi153.stdout:May 06 14:22:57 smithi153 ceph-mon[27177]: from='client.14148 -' entity='client.admin' cmd=[{"prefix": "orch apply", "service_type": "ceph-exporter", "target": ["mon-mgr", ""]}]: dispatch
2024-05-06T14:22:57.160 INFO:journalctl@ceph.mon.smithi153.smithi153.stdout:May 06 14:22:57 smithi153 ceph-mon[27177]: Saving service ceph-exporter spec with placement *
2024-05-06T14:22:57.161 INFO:journalctl@ceph.mon.smithi153.smithi153.stdout:May 06 14:22:57 smithi153 ceph-mon[27177]: from='mgr.14120 172.21.15.153:0/1554990227' entity='mgr.smithi153.dolfed'
2024-05-06T14:22:57.161 INFO:journalctl@ceph.mon.smithi153.smithi153.stdout:May 06 14:22:57 smithi153 ceph-mon[27177]: from='mgr.14120 172.21.15.153:0/1554990227' entity='mgr.smithi153.dolfed'
2024-05-06T14:22:58.181 INFO:teuthology.orchestra.run.smithi153.stdout:/usr/bin/ceph: stdout Scheduled prometheus update...
2024-05-06T14:22:58.181 INFO:teuthology.orchestra.run.smithi153.stdout:/usr/bin/ceph: stderr
2024-05-06T14:22:57.276+0000 7fc01f0ef700 1 Processor -- start
2024-05-06T14:22:58.181 INFO:teuthology.orchestra.run.smithi153.stdout:/usr/bin/ceph: stderr
2024-05-06T14:22:57.276+0000 7fc01f0ef700 1 -- start start
2024-05-06T14:22:58.181 INFO:teuthology.orchestra.run.smithi153.stdout:/usr/bin/ceph: stderr
2024-05-06T14:22:57.276+0000 7fc01f0ef700 1 --2- >> [v2:172.21.15.153:3300/0,v1:172.21.15.153:6789/0] conn(0x7fc018106610 0x7fc0181089f0 unknown :-1 s=NONE pgs=0 cs=0 l=0 rev1=0 crypto rx=0 tx=0 comp rx=0 tx=0).connect
2024-05-06T14:22:58.181 INFO:teuthology.orchestra.run.smithi153.stdout:/usr/bin/ceph: stderr
2024-05-06T14:22:57.277+0000 7fc01f0ef700 1 -- --> [v2:172.21.15.153:3300/0,v1:172.21.15.153:6789/0] -- mon_getmap magic: 0 v1 -- 0x7fc018074510 con 0x7fc018106610
2024-05-06T14:22:58.181 INFO:teuthology.orchestra.run.smithi153.stdout:/usr/bin/ceph: stderr
2024-05-06T14:22:57.277+0000 7fc01ce8b700 1 --2- >> [v2:172.21.15.153:3300/0,v1:172.21.15.153:6789/0] conn(0x7fc018106610 0x7fc0181089f0 unknown :-1 s=BANNER_CONNECTING pgs=0 cs=0 l=0 rev1=0 crypto rx=0 tx=0 comp rx=0 tx=0)._handle_peer_banner_payload supported=3 required=0
2024-05-06T14:22:58.181 INFO:teuthology.orchestra.run.smithi153.stdout:/usr/bin/ceph: stderr
2024-05-06T14:22:57.277+0000 7fc01ce8b700 1 --2- >> [v2:172.21.15.153:3300/0,v1:172.21.15.153:6789/0] conn(0x7fc018106610 0x7fc0181089f0 unknown :-1 s=HELLO_CONNECTING pgs=0 cs=0 l=0 rev1=1 crypto rx=0 tx=0 comp rx=0 tx=0).handle_hello peer v2:172.21.15.153:3300/0 says I am v2:172.21.15.153:57604/0 (socket says 172.21.15.153:57604)
2024-05-06T14:22:58.181 INFO:teuthology.orchestra.run.smithi153.stdout:/usr/bin/ceph: stderr
2024-05-06T14:22:57.277+0000 7fc01ce8b700 1 -- 172.21.15.153:0/2846999370 learned_addr learned my addr 172.21.15.153:0/2846999370 (peer_addr_for_me v2:172.21.15.153:0/0)
2024-05-06T14:22:58.181 INFO:teuthology.orchestra.run.smithi153.stdout:/usr/bin/ceph: stderr
2024-05-06T14:22:57.277+0000 7fc01ce8b700 1 -- 172.21.15.153:0/2846999370 --> [v2:172.21.15.153:3300/0,v1:172.21.15.153:6789/0] -- mon_subscribe({config=0+,monmap=0+}) v3 -- 0x7fc018074650 con 0x7fc018106610
2024-05-06T14:22:58.182 INFO:teuthology.orchestra.run.smithi153.stdout:/usr/bin/ceph: stderr
