2024-05-06T14:23:13.783+0000 7f7537fff700 1 --2- 172.21.15.153:0/519087543 >> [v2:172.21.15.153:6800/2228103355,v1:172.21.15.153:6801/2228103355] conn(0x7f752803bd40 0x7f752803e120 unknown :-1 s=BANNER_CONNECTING pgs=0 cs=0 l=1 rev1=0 crypto rx=0 tx=0 comp rx=0 tx=0)._handle_peer_banner_payload supported=3 required=0
2024-05-06T14:23:14.674 INFO:teuthology.orchestra.run.smithi153.stdout:/usr/bin/ceph: stderr
2024-05-06T14:23:13.783+0000 7f7537fff700 1 --2- 172.21.15.153:0/519087543 >> [v2:172.21.15.153:6800/2228103355,v1:172.21.15.153:6801/2228103355] conn(0x7f752803bd40 0x7f752803e120 secure :-1 s=READY pgs=2 cs=0 l=1 rev1=1 crypto rx=0x7f7524003a10 tx=0x7f7524009270 comp rx=0 tx=0).ready entity=mgr.14164 client_cookie=0 server_cookie=0 in_seq=0 out_seq=0
2024-05-06T14:23:14.675 INFO:teuthology.orchestra.run.smithi153.stdout:/usr/bin/ceph: stderr
2024-05-06T14:23:13.784+0000 7f7535ffb700 1 -- 172.21.15.153:0/519087543 <== mgr.14164 v2:172.21.15.153:6800/2228103355 1 ==== command_reply(tid 0: 0 ) v1 ==== 8+0+6910 (secure 0 0 0) 0x7f7538109ba0 con 0x7f752803bd40
2024-05-06T14:23:14.675 INFO:teuthology.orchestra.run.smithi153.stdout:/usr/bin/ceph: stderr
2024-05-06T14:23:13.790+0000 7f753ed0b700 1 -- 172.21.15.153:0/519087543 --> [v2:172.21.15.153:6800/2228103355,v1:172.21.15.153:6801/2228103355] -- command(tid 1: {"prefix": "mgr_status"}) v1 -- 0x7f753819abe0 con 0x7f752803bd40
2024-05-06T14:23:14.675 INFO:teuthology.orchestra.run.smithi153.stdout:/usr/bin/ceph: stderr
2024-05-06T14:23:13.790+0000 7f7535ffb700 1 -- 172.21.15.153:0/519087543 <== mgr.14164 v2:172.21.15.153:6800/2228103355 2 ==== command_reply(tid 1: 0 ) v1 ==== 8+0+52 (secure 0 0 0) 0x7f753819abe0 con 0x7f752803bd40
2024-05-06T14:23:14.675 INFO:teuthology.orchestra.run.smithi153.stdout:/usr/bin/ceph: stderr
2024-05-06T14:23:13.791+0000 7f753ed0b700 1 -- 172.21.15.153:0/519087543 >> [v2:172.21.15.153:6800/2228103355,v1:172.21.15.153:6801/2228103355] conn(0x7f752803bd40 msgr2=0x7f752803e120 secure :-1 s=STATE_CONNECTION_ESTABLISHED l=1).mark_down
2024-05-06T14:23:14.675 INFO:teuthology.orchestra.run.smithi153.stdout:/usr/bin/ceph: stderr
2024-05-06T14:23:13.791+0000 7f753ed0b700 1 --2- 172.21.15.153:0/519087543 >> [v2:172.21.15.153:6800/2228103355,v1:172.21.15.153:6801/2228103355] conn(0x7f752803bd40 0x7f752803e120 secure :-1 s=READY pgs=2 cs=0 l=1 rev1=1 crypto rx=0x7f7524003a10 tx=0x7f7524009270 comp rx=0 tx=0).stop
2024-05-06T14:23:14.675 INFO:teuthology.orchestra.run.smithi153.stdout:/usr/bin/ceph: stderr
2024-05-06T14:23:13.791+0000 7f753ed0b700 1 -- 172.21.15.153:0/519087543 >> [v2:172.21.15.153:3300/0,v1:172.21.15.153:6789/0] conn(0x7f7538106680 msgr2=0x7f75381998a0 secure :-1 s=STATE_CONNECTION_ESTABLISHED l=1).mark_down
2024-05-06T14:23:14.675 INFO:teuthology.orchestra.run.smithi153.stdout:/usr/bin/ceph: stderr
2024-05-06T14:23:13.791+0000 7f753ed0b700 1 --2- 172.21.15.153:0/519087543 >> [v2:172.21.15.153:3300/0,v1:172.21.15.153:6789/0] conn(0x7f7538106680 0x7f75381998a0 secure :-1 s=READY pgs=74 cs=0 l=1 rev1=1 crypto rx=0x7f752c011670 tx=0x7f752c011b50 comp rx=0 tx=0).stop
2024-05-06T14:23:14.675 INFO:teuthology.orchestra.run.smithi153.stdout:/usr/bin/ceph: stderr
2024-05-06T14:23:13.791+0000 7f753ed0b700 1 -- 172.21.15.153:0/519087543 shutdown_connections
2024-05-06T14:23:14.675 INFO:teuthology.orchestra.run.smithi153.stdout:/usr/bin/ceph: stderr
2024-05-06T14:23:13.791+0000 7f753ed0b700 1 --2- 172.21.15.153:0/519087543 >> [v2:172.21.15.153:6800/2228103355,v1:172.21.15.153:6801/2228103355] conn(0x7f752803bd40 0x7f752803e120 unknown :-1 s=CLOSED pgs=2 cs=0 l=1 rev1=1 crypto rx=0 tx=0 comp rx=0 tx=0).stop
2024-05-06T14:23:14.675 INFO:teuthology.orchestra.run.smithi153.stdout:/usr/bin/ceph: stderr
2024-05-06T14:23:13.791+0000 7f753ed0b700 1 --2- 172.21.15.153:0/519087543 >> [v2:172.21.15.153:3300/0,v1:172.21.15.153:6789/0] conn(0x7f7538106680 0x7f75381998a0 unknown :-1 s=CLOSED pgs=74 cs=0 l=1 rev1=1 crypto rx=0 tx=0 comp rx=0 tx=0).stop
2024-05-06T14:23:14.675 INFO:teuthology.orchestra.run.smithi153.stdout:/usr/bin/ceph: stderr
2024-05-06T14:23:13.791+0000 7f753ed0b700 1 --2- 172.21.15.153:0/519087543 >> [v2:172.21.15.153:6800/585874296,v1:172.21.15.153:6801/585874296] conn(0x7f7528038490 0x7f752803a940 unknown :-1 s=CLOSED pgs=0 cs=0 l=1 rev1=0 crypto rx=0 tx=0 comp rx=0 tx=0).stop
2024-05-06T14:23:14.675 INFO:teuthology.orchestra.run.smithi153.stdout:/usr/bin/ceph: stderr
2024-05-06T14:23:13.791+0000 7f753ed0b700 1 -- 172.21.15.153:0/519087543 >> 172.21.15.153:0/519087543 conn(0x7f7538100060 msgr2=0x7f75381017a0 unknown :-1 s=STATE_NONE l=0).mark_down
2024-05-06T14:23:14.675 INFO:teuthology.orchestra.run.smithi153.stdout:/usr/bin/ceph: stderr
2024-05-06T14:23:13.791+0000 7f753ed0b700 1 -- 172.21.15.153:0/519087543 shutdown_connections
2024-05-06T14:23:14.676 INFO:teuthology.orchestra.run.smithi153.stdout:/usr/bin/ceph: stderr
2024-05-06T14:23:13.791+0000 7f753ed0b700 1 -- 172.21.15.153:0/519087543 wait complete.
2024-05-06T14:23:14.676 INFO:teuthology.orchestra.run.smithi153.stdout:mgr epoch 9 is available
2024-05-06T14:23:14.676 INFO:teuthology.orchestra.run.smithi153.stdout:Generating a dashboard self-signed certificate...
2024-05-06T14:23:14.917 INFO:journalctl@ceph.mon.smithi153.smithi153.stdout:May 06 14:23:14 smithi153 ceph-mon[27177]: mgrmap e11: smithi153.dolfed(active, since 1.00543s)
2024-05-06T14:23:14.917 INFO:journalctl@ceph.mon.smithi153.smithi153.stdout:May 06 14:23:14 smithi153 ceph-mon[27177]: [06/May/2024:14:23:13] ENGINE Bus STARTING
2024-05-06T14:23:14.917 INFO:journalctl@ceph.mon.smithi153.smithi153.stdout:May 06 14:23:14 smithi153 ceph-mon[27177]: [06/May/2024:14:23:13] ENGINE Serving on https://172.21.15.153:7150
2024-05-06T14:23:14.917 INFO:journalctl@ceph.mon.smithi153.smithi153.stdout:May 06 14:23:14 smithi153 ceph-mon[27177]: [06/May/2024:14:23:14] ENGINE Serving on http://172.21.15.153:8765
2024-05-06T14:23:14.918 INFO:journalctl@ceph.mon.smithi153.smithi153.stdout:May 06 14:23:14 smithi153 ceph-mon[27177]: [06/May/2024:14:23:14] ENGINE Bus STARTED
2024-05-06T14:23:14.918 INFO:journalctl@ceph.mon.smithi153.smithi153.stdout:May 06 14:23:14 smithi153 ceph-mon[27177]: from='mgr.14164 172.21.15.153:0/3219776986' entity='mgr.smithi153.dolfed'
2024-05-06T14:23:16.031 INFO:teuthology.orchestra.run.smithi153.stdout:/usr/bin/ceph: stdout Self-signed certificate created
2024-05-06T14:23:16.032 INFO:teuthology.orchestra.run.smithi153.stdout:/usr/bin/ceph: stderr
2024-05-06T14:23:15.134+0000 7f252d340700 1 Processor -- start
2024-05-06T14:23:16.032 INFO:teuthology.orchestra.run.smithi153.stdout:/usr/bin/ceph: stderr
2024-05-06T14:23:15.134+0000 7f252d340700 1 -- start start
2024-05-06T14:23:16.032 INFO:teuthology.orchestra.run.smithi153.stdout:/usr/bin/ceph: stderr
2024-05-06T14:23:15.135+0000 7f252d340700 1 --2- >> [v2:172.21.15.153:3300/0,v1:172.21.15.153:6789/0] conn(0x7f2528106660 0x7f2528108a40 unknown :-1 s=NONE pgs=0 cs=0 l=0 rev1=0 crypto rx=0 tx=0 comp rx=0 tx=0).connect
2024-05-06T14:23:16.032 INFO:teuthology.orchestra.run.smithi153.stdout:/usr/bin/ceph: stderr
2024-05-06T14:23:15.135+0000 7f252d340700 1 -- --> [v2:172.21.15.153:3300/0,v1:172.21.15.153:6789/0] -- mon_getmap magic: 0 v1 -- 0x7f2528079d10 con 0x7f2528106660
2024-05-06T14:23:16.032 INFO:teuthology.orchestra.run.smithi153.stdout:/usr/bin/ceph: stderr
2024-05-06T14:23:15.135+0000 7f2526ffd700 1 --2- >> [v2:172.21.15.153:3300/0,v1:172.21.15.153:6789/0] conn(0x7f2528106660 0x7f2528108a40 unknown :-1 s=BANNER_CONNECTING pgs=0 cs=0 l=0 rev1=0 crypto rx=0 tx=0 comp rx=0 tx=0)._handle_peer_banner_payload supported=3 required=0
2024-05-06T14:23:16.032 INFO:teuthology.orchestra.run.smithi153.stdout:/usr/bin/ceph: stderr
2024-05-06T14:23:15.135+0000 7f2526ffd700 1 --2- >> [v2:172.21.15.153:3300/0,v1:172.21.15.153:6789/0] conn(0x7f2528106660 0x7f2528108a40 unknown :-1 s=HELLO_CONNECTING pgs=0 cs=0 l=0 rev1=1 crypto rx=0 tx=0 comp rx=0 tx=0).handle_hello peer v2:172.21.15.153:3300/0 says I am v2:172.21.15.153:47134/0 (socket says 172.21.15.153:47134)
2024-05-06T14:23:16.032 INFO:teuthology.orchestra.run.smithi153.stdout:/usr/bin/ceph: stderr
2024-05-06T14:23:15.135+0000 7f2526ffd700 1 -- 172.21.15.153:0/1161879830 learned_addr learned my addr 172.21.15.153:0/1161879830 (peer_addr_for_me v2:172.21.15.153:0/0)
2024-05-06T14:23:16.032 INFO:teuthology.orchestra.run.smithi153.stdout:/usr/bin/ceph: stderr
2024-05-06T14:23:15.135+0000 7f2526ffd700 1 -- 172.21.15.153:0/1161879830 --> [v2:172.21.15.153:3300/0,v1:172.21.15.153:6789/0] -- mon_subscribe({config=0+,monmap=0+}) v3 -- 0x7f2528079e50 con 0x7f2528106660
2024-05-06T14:23:16.032 INFO:teuthology.orchestra.run.smithi153.stdout:/usr/bin/ceph: stderr
2024-05-06T14:23:15.135+0000 7f2526ffd700 1 --2- 172.21.15.153:0/1161879830 >> [v2:172.21.15.153:3300/0,v1:172.21.15.153:6789/0] conn(0x7f2528106660 0x7f2528108a40 secure :-1 s=READY pgs=82 cs=0 l=1 rev1=1 crypto rx=0x7f25180098a0 tx=0x7f2518009bb0 comp rx=0 tx=0).ready entity=mon.0 client_cookie=359457e865de1cf7 server_cookie=0 in_seq=0 out_seq=0
2024-05-06T14:23:16.032 INFO:teuthology.orchestra.run.smithi153.stdout:/usr/bin/ceph: stderr
2024-05-06T14:23:15.135+0000 7f2525ffb700 1 -- 172.21.15.153:0/1161879830 <== mon.0 v2:172.21.15.153:3300/0 1 ==== mon_map magic: 0 v1 ==== 229+0+0 (secure 0 0 0) 0x7f2518004180 con 0x7f2528106660
2024-05-06T14:23:16.032 INFO:teuthology.orchestra.run.smithi153.stdout:/usr/bin/ceph: stderr
2024-05-06T14:23:15.135+0000 7f2525ffb700 1 -- 172.21.15.153:0/1161879830 <== mon.0 v2:172.21.15.153:3300/0 2 ==== config(27 keys) v1 ==== 1101+0+0 (secure 0 0 0) 0x7f25180042e0 con 0x7f2528106660
2024-05-06T14:23:16.032 INFO:teuthology.orchestra.run.smithi153.stdout:/usr/bin/ceph: stderr
2024-05-06T14:23:15.136+0000 7f2525ffb700 1 -- 172.21.15.153:0/1161879830 <== mon.0 v2:172.21.15.153:3300/0 3 ==== mon_map magic: 0 v1 ==== 229+0+0 (secure 0 0 0) 0x7f2518011af0 con 0x7f2528106660
2024-05-06T14:23:16.032 INFO:teuthology.orchestra.run.smithi153.stdout:/usr/bin/ceph: stderr
2024-05-06T14:23:15.136+0000 7f252d340700 1 -- 172.21.15.153:0/1161879830 >> [v2:172.21.15.153:3300/0,v1:172.21.15.153:6789/0] conn(0x7f2528106660 msgr2=0x7f2528108a40 secure :-1 s=STATE_CONNECTION_ESTABLISHED l=1).mark_down
2024-05-06T14:23:16.033 INFO:teuthology.orchestra.run.smithi153.stdout:/usr/bin/ceph: stderr
2024-05-06T14:23:15.136+0000 7f252d340700 1 --2- 172.21.15.153:0/1161879830 >> [v2:172.21.15.153:3300/0,v1:172.21.15.153:6789/0] conn(0x7f2528106660 0x7f2528108a40 secure :-1 s=READY pgs=82 cs=0 l=1 rev1=1 crypto rx=0x7f25180098a0 tx=0x7f2518009bb0 comp rx=0 tx=0).stop
2024-05-06T14:23:16.033 INFO:teuthology.orchestra.run.smithi153.stdout:/usr/bin/ceph: stderr
2024-05-06T14:23:15.136+0000 7f252d340700 1 -- 172.21.15.153:0/1161879830 shutdown_connections
2024-05-06T14:23:16.033 INFO:teuthology.orchestra.run.smithi153.stdout:/usr/bin/ceph: stderr
2024-05-06T14:23:15.136+0000 7f252d340700 1 --2- 172.21.15.153:0/1161879830 >> [v2:172.21.15.153:3300/0,v1:172.21.15.153:6789/0] conn(0x7f2528106660 0x7f2528108a40 unknown :-1 s=CLOSED pgs=82 cs=0 l=1 rev1=1 crypto rx=0 tx=0 comp rx=0 tx=0).stop
2024-05-06T14:23:16.033 INFO:teuthology.orchestra.run.smithi153.stdout:/usr/bin/ceph: stderr
2024-05-06T14:23:15.136+0000 7f252d340700 1 -- 172.21.15.153:0/1161879830 >> 172.21.15.153:0/1161879830 conn(0x7f2528100080 msgr2=0x7f2528102490 unknown :-1 s=STATE_NONE l=0).mark_down
2024-05-06T14:23:16.033 INFO:teuthology.orchestra.run.smithi153.stdout:/usr/bin/ceph: stderr
2024-05-06T14:23:15.136+0000 7f252d340700 1 -- 172.21.15.153:0/1161879830 shutdown_connections
2024-05-06T14:23:16.033 INFO:teuthology.orchestra.run.smithi153.stdout:/usr/bin/ceph: stderr
2024-05-06T14:23:15.136+0000 7f252d340700 1 -- 172.21.15.153:0/1161879830 wait complete.
2024-05-06T14:23:16.033 INFO:teuthology.orchestra.run.smithi153.stdout:/usr/bin/ceph: stderr
2024-05-06T14:23:15.137+0000 7f252d340700 1 Processor -- start
2024-05-06T14:23:16.033 INFO:teuthology.orchestra.run.smithi153.stdout:/usr/bin/ceph: stderr
2024-05-06T14:23:15.137+0000 7f252d340700 1 -- start start
2024-05-06T14:23:16.033 INFO:teuthology.orchestra.run.smithi153.stdout:/usr/bin/ceph: stderr
2024-05-06T14:23:15.137+0000 7f252d340700 1 --2- >> [v2:172.21.15.153:3300/0,v1:172.21.15.153:6789/0] conn(0x7f2528106660 0x7f252819ba90 unknown :-1 s=NONE pgs=0 cs=0 l=1 rev1=0 crypto rx=0 tx=0 comp rx=0 tx=0).connect
2024-05-06T14:23:16.033 INFO:teuthology.orchestra.run.smithi153.stdout:/usr/bin/ceph: stderr
2024-05-06T14:23:15.137+0000 7f252d340700 1 -- --> [v2:172.21.15.153:3300/0,v1:172.21.15.153:6789/0] -- mon_getmap magic: 0 v1 -- 0x7f252819bfd0 con 0x7f2528106660
2024-05-06T14:23:16.033 INFO:teuthology.orchestra.run.smithi153.stdout:/usr/bin/ceph: stderr
2024-05-06T14:23:15.137+0000 7f2526ffd700 1 --2- >> [v2:172.21.15.153:3300/0,v1:172.21.15.153:6789/0] conn(0x7f2528106660 0x7f252819ba90 unknown :-1 s=BANNER_CONNECTING pgs=0 cs=0 l=1 rev1=0 crypto rx=0 tx=0 comp rx=0 tx=0)._handle_peer_banner_payload supported=3 required=0
2024-05-06T14:23:16.033 INFO:teuthology.orchestra.run.smithi153.stdout:/usr/bin/ceph: stderr
2024-05-06T14:23:15.137+0000 7f2526ffd700 1 --2- >> [v2:172.21.15.153:3300/0,v1:172.21.15.153:6789/0] conn(0x7f2528106660 0x7f252819ba90 unknown :-1 s=HELLO_CONNECTING pgs=0 cs=0 l=1 rev1=1 crypto rx=0 tx=0 comp rx=0 tx=0).handle_hello peer v2:172.21.15.153:3300/0 says I am v2:172.21.15.153:47140/0 (socket says 172.21.15.153:47140)
2024-05-06T14:23:16.033 INFO:teuthology.orchestra.run.smithi153.stdout:/usr/bin/ceph: stderr
2024-05-06T14:23:15.138+0000 7f2526ffd700 1 -- 172.21.15.153:0/3210841850 learned_addr learned my addr 172.21.15.153:0/3210841850 (peer_addr_for_me v2:172.21.15.153:0/0)
2024-05-06T14:23:16.033 INFO:teuthology.orchestra.run.smithi153.stdout:/usr/bin/ceph: stderr
2024-05-06T14:23:15.138+0000 7f2526ffd700 1 -- 172.21.15.153:0/3210841850 --> [v2:172.21.15.153:3300/0,v1:172.21.15.153:6789/0] -- mon_subscribe({config=0+,monmap=0+}) v3 -- 0x7f2518009550 con 0x7f2528106660
2024-05-06T14:23:16.033 INFO:teuthology.orchestra.run.smithi153.stdout:/usr/bin/ceph: stderr
2024-05-06T14:23:15.138+0000 7f2526ffd700 1 --2- 172.21.15.153:0/3210841850 >> [v2:172.21.15.153:3300/0,v1:172.21.15.153:6789/0] conn(0x7f2528106660 0x7f252819ba90 secure :-1 s=READY pgs=83 cs=0 l=1 rev1=1 crypto rx=0x7f2518006ba0 tx=0x7f2518011b50 comp rx=0 tx=0).ready entity=mon.0 client_cookie=0 server_cookie=0 in_seq=0 out_seq=0
2024-05-06T14:23:16.034 INFO:teuthology.orchestra.run.smithi153.stdout:/usr/bin/ceph: stderr
2024-05-06T14:23:15.138+0000 7f250ffff700 1 -- 172.21.15.153:0/3210841850 <== mon.0 v2:172.21.15.153:3300/0 1 ==== mon_map magic: 0 v1 ==== 229+0+0 (secure 0 0 0) 0x7f2518003b00 con 0x7f2528106660
2024-05-06T14:23:16.034 INFO:teuthology.orchestra.run.smithi153.stdout:/usr/bin/ceph: stderr
2024-05-06T14:23:15.138+0000 7f250ffff700 1 -- 172.21.15.153:0/3210841850 <== mon.0 v2:172.21.15.153:3300/0 2 ==== config(27 keys) v1 ==== 1101+0+0 (secure 0 0 0) 0x7f251801a8e0 con 0x7f2528106660
2024-05-06T14:23:16.034 INFO:teuthology.orchestra.run.smithi153.stdout:/usr/bin/ceph: stderr
2024-05-06T14:23:15.138+0000 7f250ffff700 1 -- 172.21.15.153:0/3210841850 <== mon.0 v2:172.21.15.153:3300/0 3 ==== mon_map magic: 0 v1 ==== 229+0+0 (secure 0 0 0) 0x7f2518019990 con 0x7f2528106660
2024-05-06T14:23:16.034 INFO:teuthology.orchestra.run.smithi153.stdout:/usr/bin/ceph: stderr
2024-05-06T14:23:15.138+0000 7f252d340700 1 -- 172.21.15.153:0/3210841850 --> [v2:172.21.15.153:3300/0,v1:172.21.15.153:6789/0] -- mon_subscribe({mgrmap=0+}) v3 -- 0x7f252819c1d0 con 0x7f2528106660
2024-05-06T14:23:16.034 INFO:teuthology.orchestra.run.smithi153.stdout:/usr/bin/ceph: stderr
2024-05-06T14:23:15.138+0000 7f252d340700 1 -- 172.21.15.153:0/3210841850 --> [v2:172.21.15.153:3300/0,v1:172.21.15.153:6789/0] -- mon_subscribe({osdmap=0}) v3 -- 0x7f252819c5f0 con 0x7f2528106660
2024-05-06T14:23:16.034 INFO:teuthology.orchestra.run.smithi153.stdout:/usr/bin/ceph: stderr
2024-05-06T14:23:15.139+0000 7f250ffff700 1 -- 172.21.15.153:0/3210841850 <== mon.0 v2:172.21.15.153:3300/0 4 ==== mgrmap(e 11) v1 ==== 44991+0+0 (secure 0 0 0) 0x7f2518019c50 con 0x7f2528106660
2024-05-06T14:23:16.034 INFO:teuthology.orchestra.run.smithi153.stdout:/usr/bin/ceph: stderr
2024-05-06T14:23:15.139+0000 7f252d340700 1 -- 172.21.15.153:0/3210841850 --> [v2:172.21.15.153:3300/0,v1:172.21.15.153:6789/0] -- mon_command({"prefix": "get_command_descriptions"} v 0) v1 -- 0x7f2528062380 con 0x7f2528106660
2024-05-06T14:23:16.034 INFO:teuthology.orchestra.run.smithi153.stdout:/usr/bin/ceph: stderr
2024-05-06T14:23:15.139+0000 7f250ffff700 1 --2- 172.21.15.153:0/3210841850 >> [v2:172.21.15.153:6800/2228103355,v1:172.21.15.153:6801/2228103355] conn(0x7f25100382c0 0x7f251003a770 unknown :-1 s=NONE pgs=0 cs=0 l=1 rev1=0 crypto rx=0 tx=0 comp rx=0 tx=0).connect
2024-05-06T14:23:16.034 INFO:teuthology.orchestra.run.smithi153.stdout:/usr/bin/ceph: stderr
2024-05-06T14:23:15.140+0000 7f250ffff700 1 -- 172.21.15.153:0/3210841850 <== mon.0 v2:172.21.15.153:3300/0 5 ==== osd_map(3..3 src has 1..3) v4 ==== 1155+0+0 (secure 0 0 0) 0x7f251804c530 con 0x7f2528106660
2024-05-06T14:23:16.034 INFO:teuthology.orchestra.run.smithi153.stdout:/usr/bin/ceph: stderr
2024-05-06T14:23:15.140+0000 7f25267fc700 1 --2- 172.21.15.153:0/3210841850 >> [v2:172.21.15.153:6800/2228103355,v1:172.21.15.153:6801/2228103355] conn(0x7f25100382c0 0x7f251003a770 unknown :-1 s=BANNER_CONNECTING pgs=0 cs=0 l=1 rev1=0 crypto rx=0 tx=0 comp rx=0 tx=0)._handle_peer_banner_payload supported=3 required=0
2024-05-06T14:23:16.034 INFO:teuthology.orchestra.run.smithi153.stdout:/usr/bin/ceph: stderr
2024-05-06T14:23:15.140+0000 7f25267fc700 1 --2- 172.21.15.153:0/3210841850 >> [v2:172.21.15.153:6800/2228103355,v1:172.21.15.153:6801/2228103355] conn(0x7f25100382c0 0x7f251003a770 secure :-1 s=READY pgs=7 cs=0 l=1 rev1=1 crypto rx=0x7f251c006fd0 tx=0x7f251c006e40 comp rx=0 tx=0).ready entity=mgr.14164 client_cookie=0 server_cookie=0 in_seq=0 out_seq=0
2024-05-06T14:23:16.034 INFO:teuthology.orchestra.run.smithi153.stdout:/usr/bin/ceph: stderr
2024-05-06T14:23:15.145+0000 7f250ffff700 1 -- 172.21.15.153:0/3210841850 <== mon.0 v2:172.21.15.153:3300/0 6 ==== mon_command_ack([{"prefix": "get_command_descriptions"}]=0 v0) v1 ==== 72+0+177933 (secure 0 0 0) 0x7f251802b700 con 0x7f2528106660
2024-05-06T14:23:16.034 INFO:teuthology.orchestra.run.smithi153.stdout:/usr/bin/ceph: stderr
2024-05-06T14:23:15.182+0000 7f250ffff700 1 -- 172.21.15.153:0/3210841850 <== mon.0 v2:172.21.15.153:3300/0 7 ==== mgrmap(e 12) v1 ==== 45097+0+0 (secure 0 0 0) 0x7f251802c3a0 con 0x7f2528106660
2024-05-06T14:23:16.035 INFO:teuthology.orchestra.run.smithi153.stdout:/usr/bin/ceph: stderr
2024-05-06T14:23:15.352+0000 7f252d340700 1 -- 172.21.15.153:0/3210841850 --> [v2:172.21.15.153:6800/2228103355,v1:172.21.15.153:6801/2228103355] -- mgr_command(tid 0: {"prefix": "dashboard create-self-signed-cert", "target": ["mon-mgr", ""]}) v1 -- 0x7f2528102370 con 0x7f25100382c0
2024-05-06T14:23:16.035 INFO:teuthology.orchestra.run.smithi153.stdout:/usr/bin/ceph: stderr
2024-05-06T14:23:15.415+0000 7f250ffff700 1 -- 172.21.15.153:0/3210841850 <== mgr.14164 v2:172.21.15.153:6800/2228103355 1 ==== mgr_command_reply(tid 0: 0 ) v1 ==== 8+0+32 (secure 0 0 0) 0x7f2528102370 con 0x7f25100382c0
2024-05-06T14:23:16.035 INFO:teuthology.orchestra.run.smithi153.stdout:/usr/bin/ceph: stderr
2024-05-06T14:23:15.417+0000 7f252d340700 1 -- 172.21.15.153:0/3210841850 >> [v2:172.21.15.153:6800/2228103355,v1:172.21.15.153:6801/2228103355] conn(0x7f25100382c0 msgr2=0x7f251003a770 secure :-1 s=STATE_CONNECTION_ESTABLISHED l=1).mark_down
2024-05-06T14:23:16.035 INFO:teuthology.orchestra.run.smithi153.stdout:/usr/bin/ceph: stderr
2024-05-06T14:23:15.417+0000 7f252d340700 1 --2- 172.21.15.153:0/3210841850 >> [v2:172.21.15.153:6800/2228103355,v1:172.21.15.153:6801/2228103355] conn(0x7f25100382c0 0x7f251003a770 secure :-1 s=READY pgs=7 cs=0 l=1 rev1=1 crypto rx=0x7f251c006fd0 tx=0x7f251c006e40 comp rx=0 tx=0).stop
2024-05-06T14:23:16.035 INFO:teuthology.orchestra.run.smithi153.stdout:/usr/bin/ceph: stderr
2024-05-06T14:23:15.417+0000 7f252d340700 1 -- 172.21.15.153:0/3210841850 >> [v2:172.21.15.153:3300/0,v1:172.21.15.153:6789/0] conn(0x7f2528106660 msgr2=0x7f252819ba90 secure :-1 s=STATE_CONNECTION_ESTABLISHED l=1).mark_down
2024-05-06T14:23:16.035 INFO:teuthology.orchestra.run.smithi153.stdout:/usr/bin/ceph: stderr
2024-05-06T14:23:15.417+0000 7f252d340700 1 --2- 172.21.15.153:0/3210841850 >> [v2:172.21.15.153:3300/0,v1:172.21.15.153:6789/0] conn(0x7f2528106660 0x7f252819ba90 secure :-1 s=READY pgs=83 cs=0 l=1 rev1=1 crypto rx=0x7f2518006ba0 tx=0x7f2518011b50 comp rx=0 tx=0).stop
2024-05-06T14:23:16.035 INFO:teuthology.orchestra.run.smithi153.stdout:/usr/bin/ceph: stderr
2024-05-06T14:23:15.417+0000 7f252d340700 1 -- 172.21.15.153:0/3210841850 shutdown_connections
2024-05-06T14:23:16.035 INFO:teuthology.orchestra.run.smithi153.stdout:/usr/bin/ceph: stderr
2024-05-06T14:23:15.417+0000 7f252d340700 1 --2- 172.21.15.153:0/3210841850 >> [v2:172.21.15.153:6800/2228103355,v1:172.21.15.153:6801/2228103355] conn(0x7f25100382c0 0x7f251003a770 unknown :-1 s=CLOSED pgs=7 cs=0 l=1 rev1=1 crypto rx=0 tx=0 comp rx=0 tx=0).stop
2024-05-06T14:23:16.035 INFO:teuthology.orchestra.run.smithi153.stdout:/usr/bin/ceph: stderr
2024-05-06T14:23:15.417+0000 7f252d340700 1 --2- 172.21.15.153:0/3210841850 >> [v2:172.21.15.153:3300/0,v1:172.21.15.153:6789/0] conn(0x7f2528106660 0x7f252819ba90 unknown :-1 s=CLOSED pgs=83 cs=0 l=1 rev1=1 crypto rx=0 tx=0 comp rx=0 tx=0).stop
2024-05-06T14:23:16.035 INFO:teuthology.orchestra.run.smithi153.stdout:/usr/bin/ceph: stderr
2024-05-06T14:23:15.417+0000 7f252d340700 1 -- 172.21.15.153:0/3210841850 >> 172.21.15.153:0/3210841850 conn(0x7f2528100080 msgr2=0x7f2528101750 unknown :-1 s=STATE_NONE l=0).mark_down
2024-05-06T14:23:16.035 INFO:teuthology.orchestra.run.smithi153.stdout:/usr/bin/ceph: stderr
2024-05-06T14:23:15.417+0000 7f252d340700 1 -- 172.21.15.153:0/3210841850 shutdown_connections
2024-05-06T14:23:16.035 INFO:teuthology.orchestra.run.smithi153.stdout:/usr/bin/ceph: stderr
2024-05-06T14:23:15.417+0000 7f252d340700 1 -- 172.21.15.153:0/3210841850 wait complete.
2024-05-06T14:23:16.035 INFO:teuthology.orchestra.run.smithi153.stdout:Creating initial admin user...
2024-05-06T14:23:16.418 INFO:journalctl@ceph.mon.smithi153.smithi153.stdout:May 06 14:23:16 smithi153 ceph-mon[27177]: from='mgr.14164 172.21.15.153:0/3219776986' entity='mgr.smithi153.dolfed'
2024-05-06T14:23:16.418 INFO:journalctl@ceph.mon.smithi153.smithi153.stdout:May 06 14:23:16 smithi153 ceph-mon[27177]: mgrmap e12: smithi153.dolfed(active, since 2s)
2024-05-06T14:23:16.418 INFO:journalctl@ceph.mon.smithi153.smithi153.stdout:May 06 14:23:16 smithi153 ceph-mon[27177]: from='client.14176 -' entity='client.admin' cmd=[{"prefix": "dashboard create-self-signed-cert", "target": ["mon-mgr", ""]}]: dispatch
2024-05-06T14:23:16.418 INFO:journalctl@ceph.mon.smithi153.smithi153.stdout:May 06 14:23:16 smithi153 ceph-mon[27177]: from='mgr.14164 172.21.15.153:0/3219776986' entity='mgr.smithi153.dolfed'
2024-05-06T14:23:16.419 INFO:journalctl@ceph.mon.smithi153.smithi153.stdout:May 06 14:23:16 smithi153 ceph-mon[27177]: from='mgr.14164 172.21.15.153:0/3219776986' entity='mgr.smithi153.dolfed'
2024-05-06T14:23:18.032 INFO:journalctl@ceph.mon.smithi153.smithi153.stdout:May 06 14:23:17 smithi153 ceph-mon[27177]: from='client.14178 -' entity='client.admin' cmd=[{"prefix": "dashboard ac-user-create", "username": "admin", "rolename": "administrator", "force_password": true, "pwd_update_required": true, "target": ["mon-mgr", ""]}]: dispatch
2024-05-06T14:23:18.032 INFO:journalctl@ceph.mon.smithi153.smithi153.stdout:May 06 14:23:17 smithi153 ceph-mon[27177]: from='mgr.14164 172.21.15.153:0/3219776986' entity='mgr.smithi153.dolfed'
2024-05-06T14:23:18.197 INFO:teuthology.orchestra.run.smithi153.stdout:/usr/bin/ceph: stdout {"username": "admin", "password": "$2b$12$kUmQjG1LPQdDd1S0T42ce.bTgZomL1VFd2l0KGXm9R2K8lCNMc05m", "roles": ["administrator"], "name": null, "email": null, "lastUpdate": 1715005396, "enabled": true, "pwdExpirationDate": null, "pwdUpdateRequired": true}
2024-05-06T14:23:18.198 INFO:teuthology.orchestra.run.smithi153.stdout:/usr/bin/ceph: stderr
2024-05-06T14:23:16.472+0000 7f6d27d7f700 1 Processor -- start
2024-05-06T14:23:18.198 INFO:teuthology.orchestra.run.smithi153.stdout:/usr/bin/ceph: stderr
2024-05-06T14:23:16.472+0000 7f6d27d7f700 1 -- start start
2024-05-06T14:23:18.198 INFO:teuthology.orchestra.run.smithi153.stdout:/usr/bin/ceph: stderr
2024-05-06T14:23:16.472+0000 7f6d27d7f700 1 --2- >> [v2:172.21.15.153:3300/0,v1:172.21.15.153:6789/0] conn(0x7f6d20106610 0x7f6d201089f0 unknown :-1 s=NONE pgs=0 cs=0 l=0 rev1=0 crypto rx=0 tx=0 comp rx=0 tx=0).connect
2024-05-06T14:23:18.198 INFO:teuthology.orchestra.run.smithi153.stdout:/usr/bin/ceph: stderr
2024-05-06T14:23:16.473+0000 7f6d27d7f700 1 -- --> [v2:172.21.15.153:3300/0,v1:172.21.15.153:6789/0] -- mon_getmap magic: 0 v1 -- 0x7f6d20074510 con 0x7f6d20106610
2024-05-06T14:23:18.198 INFO:teuthology.orchestra.run.smithi153.stdout:/usr/bin/ceph: stderr
2024-05-06T14:23:16.473+0000 7f6d25b1b700 1 --2- >> [v2:172.21.15.153:3300/0,v1:172.21.15.153:6789/0] conn(0x7f6d20106610 0x7f6d201089f0 unknown :-1 s=BANNER_CONNECTING pgs=0 cs=0 l=0 rev1=0 crypto rx=0 tx=0 comp rx=0 tx=0)._handle_peer_banner_payload supported=3 required=0
2024-05-06T14:23:18.198 INFO:teuthology.orchestra.run.smithi153.stdout:/usr/bin/ceph: stderr
2024-05-06T14:23:16.473+0000 7f6d25b1b700 1 --2- >> [v2:172.21.15.153:3300/0,v1:172.21.15.153:6789/0] conn(0x7f6d20106610 0x7f6d201089f0 unknown :-1 s=HELLO_CONNECTING pgs=0 cs=0 l=0 rev1=1 crypto rx=0 tx=0 comp rx=0 tx=0).handle_hello peer v2:172.21.15.153:3300/0 says I am v2:172.21.15.153:47152/0 (socket says 172.21.15.153:47152)
2024-05-06T14:23:18.198 INFO:teuthology.orchestra.run.smithi153.stdout:/usr/bin/ceph: stderr
2024-05-06T14:23:16.473+0000 7f6d25b1b700 1 -- 172.21.15.153:0/3999216902 learned_addr learned my addr 172.21.15.153:0/3999216902 (peer_addr_for_me v2:172.21.15.153:0/0)
2024-05-06T14:23:18.198 INFO:teuthology.orchestra.run.smithi153.stdout:/usr/bin/ceph: stderr
2024-05-06T14:23:16.473+0000 7f6d25b1b700 1 -- 172.21.15.153:0/3999216902 --> [v2:172.21.15.153:3300/0,v1:172.21.15.153:6789/0] -- mon_subscribe({config=0+,monmap=0+}) v3 -- 0x7f6d20074650 con 0x7f6d20106610
2024-05-06T14:23:18.198 INFO:teuthology.orchestra.run.smithi153.stdout:/usr/bin/ceph: stderr
2024-05-06T14:23:16.473+0000 7f6d25b1b700 1 --2- 172.21.15.153:0/3999216902 >> [v2:172.21.15.153:3300/0,v1:172.21.15.153:6789/0] conn(0x7f6d20106610 0x7f6d201089f0 secure :-1 s=READY pgs=84 cs=0 l=1 rev1=1 crypto rx=0x7f6d180098a0 tx=0x7f6d18009bb0 comp rx=0 tx=0).ready entity=mon.0 client_cookie=2cacdcc95ef6721 server_cookie=0 in_seq=0 out_seq=0
2024-05-06T14:23:18.198 INFO:teuthology.orchestra.run.smithi153.stdout:/usr/bin/ceph: stderr
2024-05-06T14:23:16.473+0000 7f6d24b19700 1 -- 172.21.15.153:0/3999216902 <== mon.0 v2:172.21.15.153:3300/0 1 ==== mon_map magic: 0 v1 ==== 229+0+0 (secure 0 0 0) 0x7f6d18004180 con 0x7f6d20106610
2024-05-06T14:23:18.198 INFO:teuthology.orchestra.run.smithi153.stdout:/usr/bin/ceph: stderr
2024-05-06T14:23:16.473+0000 7f6d24b19700 1 -- 172.21.15.153:0/3999216902 <== mon.0 v2:172.21.15.153:3300/0 2 ==== config(27 keys) v1 ==== 1101+0+0 (secure 0 0 0) 0x7f6d180042e0 con 0x7f6d20106610
2024-05-06T14:23:18.199 INFO:teuthology.orchestra.run.smithi153.stdout:/usr/bin/ceph: stderr
2024-05-06T14:23:16.473+0000 7f6d24b19700 1 -- 172.21.15.153:0/3999216902 <== mon.0 v2:172.21.15.153:3300/0 3 ==== mon_map magic: 0 v1 ==== 229+0+0 (secure 0 0 0) 0x7f6d18011af0 con 0x7f6d20106610
2024-05-06T14:23:18.199 INFO:teuthology.orchestra.run.smithi153.stdout:/usr/bin/ceph: stderr
2024-05-06T14:23:16.474+0000 7f6d27d7f700 1 -- 172.21.15.153:0/3999216902 >> [v2:172.21.15.153:3300/0,v1:172.21.15.153:6789/0] conn(0x7f6d20106610 msgr2=0x7f6d201089f0 secure :-1 s=STATE_CONNECTION_ESTABLISHED l=1).mark_down
2024-05-06T14:23:18.199 INFO:teuthology.orchestra.run.smithi153.stdout:/usr/bin/ceph: stderr
2024-05-06T14:23:16.474+0000 7f6d27d7f700 1 --2- 172.21.15.153:0/3999216902 >> [v2:172.21.15.153:3300/0,v1:172.21.15.153:6789/0] conn(0x7f6d20106610 0x7f6d201089f0 secure :-1 s=READY pgs=84 cs=0 l=1 rev1=1 crypto rx=0x7f6d180098a0 tx=0x7f6d18009bb0 comp rx=0 tx=0).stop
2024-05-06T14:23:18.199 INFO:teuthology.orchestra.run.smithi153.stdout:/usr/bin/ceph: stderr
2024-05-06T14:23:16.474+0000 7f6d27d7f700 1 -- 172.21.15.153:0/3999216902 shutdown_connections
2024-05-06T14:23:18.199 INFO:teuthology.orchestra.run.smithi153.stdout:/usr/bin/ceph: stderr
2024-05-06T14:23:16.474+0000 7f6d27d7f700 1 --2- 172.21.15.153:0/3999216902 >> [v2:172.21.15.153:3300/0,v1:172.21.15.153:6789/0] conn(0x7f6d20106610 0x7f6d201089f0 unknown :-1 s=CLOSED pgs=84 cs=0 l=1 rev1=1 crypto rx=0 tx=0 comp rx=0 tx=0).stop
2024-05-06T14:23:18.199 INFO:teuthology.orchestra.run.smithi153.stdout:/usr/bin/ceph: stderr
2024-05-06T14:23:16.474+0000 7f6d27d7f700 1 -- 172.21.15.153:0/3999216902 >> 172.21.15.153:0/3999216902 conn(0x7f6d20100070 msgr2=0x7f6d20102480 unknown :-1 s=STATE_NONE l=0).mark_down
2024-05-06T14:23:18.199 INFO:teuthology.orchestra.run.smithi153.stdout:/usr/bin/ceph: stderr
2024-05-06T14:23:16.474+0000 7f6d27d7f700 1 -- 172.21.15.153:0/3999216902 shutdown_connections
2024-05-06T14:23:18.199 INFO:teuthology.orchestra.run.smithi153.stdout:/usr/bin/ceph: stderr
2024-05-06T14:23:16.474+0000 7f6d27d7f700 1 -- 172.21.15.153:0/3999216902 wait complete.
2024-05-06T14:23:18.199 INFO:teuthology.orchestra.run.smithi153.stdout:/usr/bin/ceph: stderr
2024-05-06T14:23:16.475+0000 7f6d27d7f700 1 Processor -- start
2024-05-06T14:23:18.199 INFO:teuthology.orchestra.run.smithi153.stdout:/usr/bin/ceph: stderr
2024-05-06T14:23:16.475+0000 7f6d27d7f700 1 -- start start
2024-05-06T14:23:18.199 INFO:teuthology.orchestra.run.smithi153.stdout:/usr/bin/ceph: stderr
2024-05-06T14:23:16.475+0000 7f6d27d7f700 1 --2- >> [v2:172.21.15.153:3300/0,v1:172.21.15.153:6789/0] conn(0x7f6d20199aa0 0x7f6d20199eb0 unknown :-1 s=NONE pgs=0 cs=0 l=1 rev1=0 crypto rx=0 tx=0 comp rx=0 tx=0).connect
2024-05-06T14:23:18.199 INFO:teuthology.orchestra.run.smithi153.stdout:/usr/bin/ceph: stderr
2024-05-06T14:23:16.475+0000 7f6d27d7f700 1 -- --> [v2:172.21.15.153:3300/0,v1:172.21.15.153:6789/0] -- mon_getmap magic: 0 v1 -- 0x7f6d2019a3f0 con 0x7f6d20199aa0
2024-05-06T14:23:18.199 INFO:teuthology.orchestra.run.smithi153.stdout:/usr/bin/ceph: stderr
2024-05-06T14:23:16.475+0000 7f6d25b1b700 1 --2- >> [v2:172.21.15.153:3300/0,v1:172.21.15.153:6789/0] conn(0x7f6d20199aa0 0x7f6d20199eb0 unknown :-1 s=BANNER_CONNECTING pgs=0 cs=0 l=1 rev1=0 crypto rx=0 tx=0 comp rx=0 tx=0)._handle_peer_banner_payload supported=3 required=0
2024-05-06T14:23:18.199 INFO:teuthology.orchestra.run.smithi153.stdout:/usr/bin/ceph: stderr
2024-05-06T14:23:16.475+0000 7f6d25b1b700 1 --2- >> [v2:172.21.15.153:3300/0,v1:172.21.15.153:6789/0] conn(0x7f6d20199aa0 0x7f6d20199eb0 unknown :-1 s=HELLO_CONNECTING pgs=0 cs=0 l=1 rev1=1 crypto rx=0 tx=0 comp rx=0 tx=0).handle_hello peer v2:172.21.15.153:3300/0 says I am v2:172.21.15.153:47164/0 (socket says 172.21.15.153:47164)
2024-05-06T14:23:18.200 INFO:teuthology.orchestra.run.smithi153.stdout:/usr/bin/ceph: stderr
2024-05-06T14:23:16.475+0000 7f6d25b1b700 1 -- 172.21.15.153:0/638633811 learned_addr learned my addr 172.21.15.153:0/638633811 (peer_addr_for_me v2:172.21.15.153:0/0)
2024-05-06T14:23:18.200 INFO:teuthology.orchestra.run.smithi153.stdout:/usr/bin/ceph: stderr
2024-05-06T14:23:16.475+0000 7f6d25b1b700 1 -- 172.21.15.153:0/638633811 --> [v2:172.21.15.153:3300/0,v1:172.21.15.153:6789/0] -- mon_subscribe({config=0+,monmap=0+}) v3 -- 0x7f6d18009550 con 0x7f6d20199aa0
2024-05-06T14:23:18.200 INFO:teuthology.orchestra.run.smithi153.stdout:/usr/bin/ceph: stderr
2024-05-06T14:23:16.475+0000 7f6d25b1b700 1 --2- 172.21.15.153:0/638633811 >> [v2:172.21.15.153:3300/0,v1:172.21.15.153:6789/0] conn(0x7f6d20199aa0 0x7f6d20199eb0 secure :-1 s=READY pgs=85 cs=0 l=1 rev1=1 crypto rx=0x7f6d18009fb0 tx=0x7f6d18011b50 comp rx=0 tx=0).ready entity=mon.0 client_cookie=0 server_cookie=0 in_seq=0 out_seq=0
2024-05-06T14:23:18.200 INFO:teuthology.orchestra.run.smithi153.stdout:/usr/bin/ceph: stderr
2024-05-06T14:23:16.475+0000 7f6d1effd700 1 -- 172.21.15.153:0/638633811 <== mon.0 v2:172.21.15.153:3300/0 1 ==== mon_map magic: 0 v1 ==== 229+0+0 (secure 0 0 0) 0x7f6d18003a00 con 0x7f6d20199aa0
2024-05-06T14:23:18.200 INFO:teuthology.orchestra.run.smithi153.stdout:/usr/bin/ceph: stderr
2024-05-06T14:23:16.475+0000 7f6d1effd700 1 -- 172.21.15.153:0/638633811 <== mon.0 v2:172.21.15.153:3300/0 2 ==== config(27 keys) v1 ==== 1101+0+0 (secure 0 0 0) 0x7f6d18003b60 con 0x7f6d20199aa0
2024-05-06T14:23:18.200 INFO:teuthology.orchestra.run.smithi153.stdout:/usr/bin/ceph: stderr
2024-05-06T14:23:16.475+0000 7f6d27d7f700 1 -- 172.21.15.153:0/638633811 --> [v2:172.21.15.153:3300/0,v1:172.21.15.153:6789/0] -- mon_subscribe({mgrmap=0+}) v3 -- 0x7f6d2019a5f0 con 0x7f6d20199aa0
2024-05-06T14:23:18.200 INFO:teuthology.orchestra.run.smithi153.stdout:/usr/bin/ceph: stderr
2024-05-06T14:23:16.475+0000 7f6d1effd700 1 -- 172.21.15.153:0/638633811 <== mon.0 v2:172.21.15.153:3300/0 3 ==== mon_map magic: 0 v1 ==== 229+0+0 (secure 0 0 0) 0x7f6d1801b730 con 0x7f6d20199aa0
2024-05-06T14:23:18.200 INFO:teuthology.orchestra.run.smithi153.stdout:/usr/bin/ceph: stderr
2024-05-06T14:23:16.476+0000 7f6d27d7f700 1 -- 172.21.15.153:0/638633811 --> [v2:172.21.15.153:3300/0,v1:172.21.15.153:6789/0] -- mon_subscribe({osdmap=0}) v3 -- 0x7f6d2019d250 con 0x7f6d20199aa0
2024-05-06T14:23:18.200 INFO:teuthology.orchestra.run.smithi153.stdout:/usr/bin/ceph: stderr
2024-05-06T14:23:16.476+0000 7f6d1effd700 1 -- 172.21.15.153:0/638633811 <== mon.0 v2:172.21.15.153:3300/0 4 ==== mgrmap(e 12) v1 ==== 45097+0+0 (secure 0 0 0) 0x7f6d18021070 con 0x7f6d20199aa0
2024-05-06T14:23:18.200 INFO:teuthology.orchestra.run.smithi153.stdout:/usr/bin/ceph: stderr
2024-05-06T14:23:16.477+0000 7f6d27d7f700 1 -- 172.21.15.153:0/638633811 --> [v2:172.21.15.153:3300/0,v1:172.21.15.153:6789/0] -- mon_command({"prefix": "get_command_descriptions"} v 0) v1 -- 0x7f6d201939a0 con 0x7f6d20199aa0
2024-05-06T14:23:18.200 INFO:teuthology.orchestra.run.smithi153.stdout:/usr/bin/ceph: stderr
2024-05-06T14:23:16.477+0000 7f6d1effd700 1 --2- 172.21.15.153:0/638633811 >> [v2:172.21.15.153:6800/2228103355,v1:172.21.15.153:6801/2228103355] conn(0x7f6d08038450 0x7f6d0803a900 unknown :-1 s=NONE pgs=0 cs=0 l=1 rev1=0 crypto rx=0 tx=0 comp rx=0 tx=0).connect
2024-05-06T14:23:18.200 INFO:teuthology.orchestra.run.smithi153.stdout:/usr/bin/ceph: stderr
2024-05-06T14:23:16.477+0000 7f6d1effd700 1 -- 172.21.15.153:0/638633811 <== mon.0 v2:172.21.15.153:3300/0 5 ==== osd_map(3..3 src has 1..3) v4 ==== 1155+0+0 (secure 0 0 0) 0x7f6d1804c970 con 0x7f6d20199aa0
2024-05-06T14:23:18.200 INFO:teuthology.orchestra.run.smithi153.stdout:/usr/bin/ceph: stderr
2024-05-06T14:23:16.477+0000 7f6d2531a700 1 --2- 172.21.15.153:0/638633811 >> [v2:172.21.15.153:6800/2228103355,v1:172.21.15.153:6801/2228103355] conn(0x7f6d08038450 0x7f6d0803a900 unknown :-1 s=BANNER_CONNECTING pgs=0 cs=0 l=1 rev1=0 crypto rx=0 tx=0 comp rx=0 tx=0)._handle_peer_banner_payload supported=3 required=0
2024-05-06T14:23:18.200 INFO:teuthology.orchestra.run.smithi153.stdout:/usr/bin/ceph: stderr
2024-05-06T14:23:16.477+0000 7f6d2531a700 1 --2- 172.21.15.153:0/638633811 >> [v2:172.21.15.153:6800/2228103355,v1:172.21.15.153:6801/2228103355] conn(0x7f6d08038450 0x7f6d0803a900 secure :-1 s=READY pgs=8 cs=0 l=1 rev1=1 crypto rx=0x7f6d14006fd0 tx=0x7f6d14006e40 comp rx=0 tx=0).ready entity=mgr.14164 client_cookie=0 server_cookie=0 in_seq=0 out_seq=0
2024-05-06T14:23:18.201 INFO:teuthology.orchestra.run.smithi153.stdout:/usr/bin/ceph: stderr
2024-05-06T14:23:16.481+0000 7f6d1effd700 1 -- 172.21.15.153:0/638633811 <== mon.0 v2:172.21.15.153:3300/0 6 ==== mon_command_ack([{"prefix": "get_command_descriptions"}]=0 v0) v1 ==== 72+0+177933 (secure 0 0 0) 0x7f6d1801aba0 con 0x7f6d20199aa0
2024-05-06T14:23:18.201 INFO:teuthology.orchestra.run.smithi153.stdout:/usr/bin/ceph: stderr
2024-05-06T14:23:16.696+0000 7f6d27d7f700 1 -- 172.21.15.153:0/638633811 --> [v2:172.21.15.153:6800/2228103355,v1:172.21.15.153:6801/2228103355] -- mgr_command(tid 0: {"prefix": "dashboard ac-user-create", "username": "admin", "rolename": "administrator", "force_password": true, "pwd_update_required": true, "target": ["mon-mgr", ""]}) v1 -- 0x7f6d200621a0 con 0x7f6d08038450
2024-05-06T14:23:18.201 INFO:teuthology.orchestra.run.smithi153.stdout:/usr/bin/ceph: stderr
2024-05-06T14:23:16.919+0000 7f6d1effd700 1 -- 172.21.15.153:0/638633811 <== mgr.14164 v2:172.21.15.153:6800/2228103355 1 ==== mgr_command_reply(tid 0: 0 ) v1 ==== 8+0+252 (secure 0 0 0) 0x7f6d200621a0 con 0x7f6d08038450
2024-05-06T14:23:18.201 INFO:teuthology.orchestra.run.smithi153.stdout:/usr/bin/ceph: stderr
2024-05-06T14:23:16.921+0000 7f6d27d7f700 1 -- 172.21.15.153:0/638633811 >> [v2:172.21.15.153:6800/2228103355,v1:172.21.15.153:6801/2228103355] conn(0x7f6d08038450 msgr2=0x7f6d0803a900 secure :-1 s=STATE_CONNECTION_ESTABLISHED l=1).mark_down
2024-05-06T14:23:18.201 INFO:teuthology.orchestra.run.smithi153.stdout:/usr/bin/ceph: stderr
2024-05-06T14:23:16.921+0000 7f6d27d7f700 1 --2- 172.21.15.153:0/638633811 >> [v2:172.21.15.153:6800/2228103355,v1:172.21.15.153:6801/2228103355] conn(0x7f6d08038450 0x7f6d0803a900 secure :-1 s=READY pgs=8 cs=0 l=1 rev1=1 crypto rx=0x7f6d14006fd0 tx=0x7f6d14006e40 comp rx=0 tx=0).stop
2024-05-06T14:23:18.201 INFO:teuthology.orchestra.run.smithi153.stdout:/usr/bin/ceph: stderr
2024-05-06T14:23:16.921+0000 7f6d27d7f700 1 -- 172.21.15.153:0/638633811 >> [v2:172.21.15.153:3300/0,v1:172.21.15.153:6789/0] conn(0x7f6d20199aa0 msgr2=0x7f6d20199eb0 secure :-1 s=STATE_CONNECTION_ESTABLISHED l=1).mark_down
2024-05-06T14:23:18.201 INFO:teuthology.orchestra.run.smithi153.stdout:/usr/bin/ceph: stderr
2024-05-06T14:23:16.921+0000 7f6d27d7f700 1 --2- 172.21.15.153:0/638633811 >> [v2:172.21.15.153:3300/0,v1:172.21.15.153:6789/0] conn(0x7f6d20199aa0 0x7f6d20199eb0 secure :-1 s=READY pgs=85 cs=0 l=1 rev1=1 crypto rx=0x7f6d18009fb0 tx=0x7f6d18011b50 comp rx=0 tx=0).stop
2024-05-06T14:23:18.201 INFO:teuthology.orchestra.run.smithi153.stdout:/usr/bin/ceph: stderr
2024-05-06T14:23:16.921+0000 7f6d27d7f700 1 -- 172.21.15.153:0/638633811 shutdown_connections
2024-05-06T14:23:18.202 INFO:teuthology.orchestra.run.smithi153.stdout:/usr/bin/ceph: stderr
2024-05-06T14:23:16.921+0000 7f6d27d7f700 1 --2- 172.21.15.153:0/638633811 >> [v2:172.21.15.153:6800/2228103355,v1:172.21.15.153:6801/2228103355] conn(0x7f6d08038450 0x7f6d0803a900 unknown :-1 s=CLOSED pgs=8 cs=0 l=1 rev1=1 crypto rx=0 tx=0 comp rx=0 tx=0).stop
2024-05-06T14:23:18.202 INFO:teuthology.orchestra.run.smithi153.stdout:/usr/bin/ceph: stderr
2024-05-06T14:23:16.921+0000 7f6d27d7f700 1 --2- 172.21.15.153:0/638633811 >> [v2:172.21.15.153:3300/0,v1:172.21.15.153:6789/0] conn(0x7f6d20199aa0 0x7f6d20199eb0 unknown :-1 s=CLOSED pgs=85 cs=0 l=1 rev1=1 crypto rx=0 tx=0 comp rx=0 tx=0).stop
2024-05-06T14:23:18.202 INFO:teuthology.orchestra.run.smithi153.stdout:/usr/bin/ceph: stderr
2024-05-06T14:23:16.921+0000 7f6d27d7f700 1 -- 172.21.15.153:0/638633811 >> 172.21.15.153:0/638633811 conn(0x7f6d20100070 msgr2=0x7f6d201017f0 unknown :-1 s=STATE_NONE l=0).mark_down
2024-05-06T14:23:18.202 INFO:teuthology.orchestra.run.smithi153.stdout:/usr/bin/ceph: stderr
2024-05-06T14:23:16.921+0000 7f6d27d7f700 1 -- 172.21.15.153:0/638633811 shutdown_connections
2024-05-06T14:23:18.202 INFO:teuthology.orchestra.run.smithi153.stdout:/usr/bin/ceph: stderr
2024-05-06T14:23:16.922+0000 7f6d27d7f700 1 -- 172.21.15.153:0/638633811 wait complete.
2024-05-06T14:23:18.202 INFO:teuthology.orchestra.run.smithi153.stdout:Fetching dashboard port number...
2024-05-06T14:23:19.142 INFO:journalctl@ceph.mon.smithi153.smithi153.stdout:May 06 14:23:18 smithi153 ceph-mon[27177]: from='client.? 172.21.15.153:0/2327801225' entity='client.admin' cmd=[{"prefix": "config get", "who": "mgr", "key": "mgr/dashboard/ssl_server_port"}]: dispatch
2024-05-06T14:23:19.401 INFO:teuthology.orchestra.run.smithi153.stdout:/usr/bin/ceph: stdout 8443
2024-05-06T14:23:19.401 INFO:teuthology.orchestra.run.smithi153.stdout:/usr/bin/ceph: stderr
2024-05-06T14:23:18.617+0000 7f3e6999b700 1 Processor -- start
2024-05-06T14:23:19.401 INFO:teuthology.orchestra.run.smithi153.stdout:/usr/bin/ceph: stderr
2024-05-06T14:23:18.617+0000 7f3e6999b700 1 -- start start
2024-05-06T14:23:19.401 INFO:teuthology.orchestra.run.smithi153.stdout:/usr/bin/ceph: stderr
2024-05-06T14:23:18.617+0000 7f3e6999b700 1 --2- >> [v2:172.21.15.153:3300/0,v1:172.21.15.153:6789/0] conn(0x7f3e64104f10 0x7f3e64105320 unknown :-1 s=NONE pgs=0 cs=0 l=0 rev1=0 crypto rx=0 tx=0 comp rx=0 tx=0).connect
2024-05-06T14:23:19.401 INFO:teuthology.orchestra.run.smithi153.stdout:/usr/bin/ceph: stderr
2024-05-06T14:23:18.617+0000 7f3e6999b700 1 -- --> [v2:172.21.15.153:3300/0,v1:172.21.15.153:6789/0] -- mon_getmap magic: 0 v1 -- 0x7f3e64105860 con 0x7f3e64104f10
2024-05-06T14:23:19.401 INFO:teuthology.orchestra.run.smithi153.stdout:/usr/bin/ceph: stderr
2024-05-06T14:23:18.618+0000 7f3e62ffd700 1 --2- >> [v2:172.21.15.153:3300/0,v1:172.21.15.153:6789/0] conn(0x7f3e64104f10 0x7f3e64105320 unknown :-1 s=BANNER_CONNECTING pgs=0 cs=0 l=0 rev1=0 crypto rx=0 tx=0 comp rx=0 tx=0)._handle_peer_banner_payload supported=3 required=0
2024-05-06T14:23:19.401 INFO:teuthology.orchestra.run.smithi153.stdout:/usr/bin/ceph: stderr
2024-05-06T14:23:18.618+0000 7f3e62ffd700 1 --2- >> [v2:172.21.15.153:3300/0,v1:172.21.15.153:6789/0] conn(0x7f3e64104f10 0x7f3e64105320 unknown :-1 s=HELLO_CONNECTING pgs=0 cs=0 l=0 rev1=1 crypto rx=0 tx=0 comp rx=0 tx=0).handle_hello peer v2:172.21.15.153:3300/0 says I am v2:172.21.15.153:47178/0 (socket says 172.21.15.153:47178)
2024-05-06T14:23:19.401 INFO:teuthology.orchestra.run.smithi153.stdout:/usr/bin/ceph: stderr
2024-05-06T14:23:18.618+0000 7f3e62ffd700 1 -- 172.21.15.153:0/3657256213 learned_addr learned my addr 172.21.15.153:0/3657256213 (peer_addr_for_me v2:172.21.15.153:0/0)
2024-05-06T14:23:19.401 INFO:teuthology.orchestra.run.smithi153.stdout:/usr/bin/ceph: stderr
2024-05-06T14:23:18.618+0000 7f3e62ffd700 1 -- 172.21.15.153:0/3657256213 --> [v2:172.21.15.153:3300/0,v1:172.21.15.153:6789/0] -- mon_subscribe({config=0+,monmap=0+}) v3 -- 0x7f3e641059a0 con 0x7f3e64104f10
2024-05-06T14:23:19.401 INFO:teuthology.orchestra.run.smithi153.stdout:/usr/bin/ceph: stderr
2024-05-06T14:23:18.618+0000 7f3e62ffd700 1 --2- 172.21.15.153:0/3657256213 >> [v2:172.21.15.153:3300/0,v1:172.21.15.153:6789/0] conn(0x7f3e64104f10 0x7f3e64105320 secure :-1 s=READY pgs=86 cs=0 l=1 rev1=1 crypto rx=0x7f3e54009e80 tx=0x7f3e5400b330 comp rx=0 tx=0).ready entity=mon.0 client_cookie=9e5dcfe6c883bbc3 server_cookie=0 in_seq=0 out_seq=0
2024-05-06T14:23:19.402 INFO:teuthology.orchestra.run.smithi153.stdout:/usr/bin/ceph: stderr
2024-05-06T14:23:18.618+0000 7f3e61ffb700 1 -- 172.21.15.153:0/3657256213 <== mon.0 v2:172.21.15.153:3300/0 1 ==== mon_map magic: 0 v1 ==== 229+0+0 (secure 0 0 0) 0x7f3e5400e070 con 0x7f3e64104f10
2024-05-06T14:23:19.402 INFO:teuthology.orchestra.run.smithi153.stdout:/usr/bin/ceph: stderr
2024-05-06T14:23:18.618+0000 7f3e61ffb700 1 -- 172.21.15.153:0/3657256213 <== mon.0 v2:172.21.15.153:3300/0 2 ==== config(27 keys) v1 ==== 1101+0+0 (secure 0 0 0) 0x7f3e5400b8c0 con 0x7f3e64104f10
2024-05-06T14:23:19.402 INFO:teuthology.orchestra.run.smithi153.stdout:/usr/bin/ceph: stderr
2024-05-06T14:23:18.618+0000 7f3e61ffb700 1 -- 172.21.15.153:0/3657256213 <== mon.0 v2:172.21.15.153:3300/0 3 ==== mon_map magic: 0 v1 ==== 229+0+0 (secure 0 0 0) 0x7f3e540044d0 con 0x7f3e64104f10
2024-05-06T14:23:19.402 INFO:teuthology.orchestra.run.smithi153.stdout:/usr/bin/ceph: stderr
2024-05-06T14:23:18.619+0000 7f3e6999b700 1 -- 172.21.15.153:0/3657256213 >> [v2:172.21.15.153:3300/0,v1:172.21.15.153:6789/0] conn(0x7f3e64104f10 msgr2=0x7f3e64105320 secure :-1 s=STATE_CONNECTION_ESTABLISHED l=1).mark_down
2024-05-06T14:23:19.402 INFO:teuthology.orchestra.run.smithi153.stdout:/usr/bin/ceph: stderr
2024-05-06T14:23:18.619+0000 7f3e6999b700 1 --2- 172.21.15.153:0/3657256213 >> [v2:172.21.15.153:3300/0,v1:172.21.15.153:6789/0] conn(0x7f3e64104f10 0x7f3e64105320 secure :-1 s=READY pgs=86 cs=0 l=1 rev1=1 crypto rx=0x7f3e54009e80 tx=0x7f3e5400b330 comp rx=0 tx=0).stop
2024-05-06T14:23:19.402 INFO:teuthology.orchestra.run.smithi153.stdout:/usr/bin/ceph: stderr
2024-05-06T14:23:18.619+0000 7f3e6999b700 1 -- 172.21.15.153:0/3657256213 shutdown_connections
2024-05-06T14:23:19.402 INFO:teuthology.orchestra.run.smithi153.stdout:/usr/bin/ceph: stderr
2024-05-06T14:23:18.619+0000 7f3e6999b700 1 --2- 172.21.15.153:0/3657256213 >> [v2:172.21.15.153:3300/0,v1:172.21.15.153:6789/0] conn(0x7f3e64104f10 0x7f3e64105320 unknown :-1 s=CLOSED pgs=86 cs=0 l=1 rev1=1 crypto rx=0 tx=0 comp rx=0 tx=0).stop
2024-05-06T14:23:19.402 INFO:teuthology.orchestra.run.smithi153.stdout:/usr/bin/ceph: stderr
2024-05-06T14:23:18.619+0000 7f3e6999b700 1 -- 172.21.15.153:0/3657256213 >> 172.21.15.153:0/3657256213 conn(0x7f3e640ff7e0 msgr2=0x7f3e64101c10 unknown :-1 s=STATE_NONE l=0).mark_down
2024-05-06T14:23:19.402 INFO:teuthology.orchestra.run.smithi153.stdout:/usr/bin/ceph: stderr
2024-05-06T14:23:18.619+0000 7f3e6999b700 1 -- 172.21.15.153:0/3657256213 shutdown_connections
2024-05-06T14:23:19.402 INFO:teuthology.orchestra.run.smithi153.stdout:/usr/bin/ceph: stderr
2024-05-06T14:23:18.619+0000 7f3e6999b700 1 -- 172.21.15.153:0/3657256213 wait complete.
2024-05-06T14:23:19.403 INFO:teuthology.orchestra.run.smithi153.stdout:/usr/bin/ceph: stderr
2024-05-06T14:23:18.619+0000 7f3e6999b700 1 Processor -- start
2024-05-06T14:23:19.403 INFO:teuthology.orchestra.run.smithi153.stdout:/usr/bin/ceph: stderr
2024-05-06T14:23:18.620+0000 7f3e6999b700 1 -- start start
2024-05-06T14:23:19.403 INFO:teuthology.orchestra.run.smithi153.stdout:/usr/bin/ceph: stderr
2024-05-06T14:23:18.620+0000 7f3e6999b700 1 --2- >> [v2:172.21.15.153:3300/0,v1:172.21.15.153:6789/0] conn(0x7f3e64104f10 0x7f3e64199880 unknown :-1 s=NONE pgs=0 cs=0 l=1 rev1=0 crypto rx=0 tx=0 comp rx=0 tx=0).connect
2024-05-06T14:23:19.403 INFO:teuthology.orchestra.run.smithi153.stdout:/usr/bin/ceph: stderr
2024-05-06T14:23:18.620+0000 7f3e6999b700 1 -- --> [v2:172.21.15.153:3300/0,v1:172.21.15.153:6789/0] -- mon_getmap magic: 0 v1 -- 0x7f3e64199dc0 con 0x7f3e64104f10
2024-05-06T14:23:19.403 INFO:teuthology.orchestra.run.smithi153.stdout:/usr/bin/ceph: stderr
2024-05-06T14:23:18.620+0000 7f3e62ffd700 1 --2- >> [v2:172.21.15.153:3300/0,v1:172.21.15.153:6789/0] conn(0x7f3e64104f10 0x7f3e64199880 unknown :-1 s=BANNER_CONNECTING pgs=0 cs=0 l=1 rev1=0 crypto rx=0 tx=0 comp rx=0 tx=0)._handle_peer_banner_payload supported=3 required=0
2024-05-06T14:23:19.403 INFO:teuthology.orchestra.run.smithi153.stdout:/usr/bin/ceph: stderr
2024-05-06T14:23:18.620+0000 7f3e62ffd700 1 --2- >> [v2:172.21.15.153:3300/0,v1:172.21.15.153:6789/0] conn(0x7f3e64104f10 0x7f3e64199880 unknown :-1 s=HELLO_CONNECTING pgs=0 cs=0 l=1 rev1=1 crypto rx=0 tx=0 comp rx=0 tx=0).handle_hello peer v2:172.21.15.153:3300/0 says I am v2:172.21.15.153:47190/0 (socket says 172.21.15.153:47190)
2024-05-06T14:23:19.403 INFO:teuthology.orchestra.run.smithi153.stdout:/usr/bin/ceph: stderr
2024-05-06T14:23:18.620+0000 7f3e62ffd700 1 -- 172.21.15.153:0/2327801225 learned_addr learned my addr 172.21.15.153:0/2327801225 (peer_addr_for_me v2:172.21.15.153:0/0)
2024-05-06T14:23:19.403 INFO:teuthology.orchestra.run.smithi153.stdout:/usr/bin/ceph: stderr
2024-05-06T14:23:18.620+0000 7f3e62ffd700 1 -- 172.21.15.153:0/2327801225 --> [v2:172.21.15.153:3300/0,v1:172.21.15.153:6789/0] -- mon_subscribe({config=0+,monmap=0+}) v3 -- 0x7f3e54009b30 con 0x7f3e64104f10
2024-05-06T14:23:19.403 INFO:teuthology.orchestra.run.smithi153.stdout:/usr/bin/ceph: stderr
2024-05-06T14:23:18.620+0000 7f3e62ffd700 1 --2- 172.21.15.153:0/2327801225 >> [v2:172.21.15.153:3300/0,v1:172.21.15.153:6789/0] conn(0x7f3e64104f10 0x7f3e64199880 secure :-1 s=READY pgs=87 cs=0 l=1 rev1=1 crypto rx=0x7f3e540072a0 tx=0x7f3e540049f0 comp rx=0 tx=0).ready entity=mon.0 client_cookie=0 server_cookie=0 in_seq=0 out_seq=0
2024-05-06T14:23:19.403 INFO:teuthology.orchestra.run.smithi153.stdout:/usr/bin/ceph: stderr
2024-05-06T14:23:18.620+0000 7f3e68999700 1 -- 172.21.15.153:0/2327801225 <== mon.0 v2:172.21.15.153:3300/0 1 ==== mon_map magic: 0 v1 ==== 229+0+0 (secure 0 0 0) 0x7f3e5400e040 con 0x7f3e64104f10
2024-05-06T14:23:19.403 INFO:teuthology.orchestra.run.smithi153.stdout:/usr/bin/ceph: stderr
2024-05-06T14:23:18.620+0000 7f3e68999700 1 -- 172.21.15.153:0/2327801225 <== mon.0 v2:172.21.15.153:3300/0 2 ==== config(27 keys) v1 ==== 1101+0+0 (secure 0 0 0) 0x7f3e5400bd80 con 0x7f3e64104f10
2024-05-06T14:23:19.403 INFO:teuthology.orchestra.run.smithi153.stdout:/usr/bin/ceph: stderr
2024-05-06T14:23:18.620+0000 7f3e6999b700 1 -- 172.21.15.153:0/2327801225 --> [v2:172.21.15.153:3300/0,v1:172.21.15.153:6789/0] -- mon_subscribe({mgrmap=0+}) v3 -- 0x7f3e64199fc0 con 0x7f3e64104f10
2024-05-06T14:23:19.403 INFO:teuthology.orchestra.run.smithi153.stdout:/usr/bin/ceph: stderr
2024-05-06T14:23:18.621+0000 7f3e68999700 1 -- 172.21.15.153:0/2327801225 <== mon.0 v2:172.21.15.153:3300/0 3 ==== mon_map magic: 0 v1 ==== 229+0+0 (secure 0 0 0) 0x7f3e540126c0 con 0x7f3e64104f10
2024-05-06T14:23:19.403 INFO:teuthology.orchestra.run.smithi153.stdout:/usr/bin/ceph: stderr
2024-05-06T14:23:18.621+0000 7f3e6999b700 1 -- 172.21.15.153:0/2327801225 --> [v2:172.21.15.153:3300/0,v1:172.21.15.153:6789/0] -- mon_subscribe({osdmap=0}) v3 -- 0x7f3e6419a440 con 0x7f3e64104f10
