2024-05-11T04:12:41.749+0000 7f76627fc700 1 -- 172.21.15.52:0/4037236532 <== mon.0 v2:172.21.15.52:3300/0 6 ==== mon_command_ack([{"prefix": "get_command_descriptions"}]=0 v0) v1 ==== 72+0+72422 (secure 0 0 0) 0x7f766802d440 con 0x7f766c105b10
2024-05-11T04:12:42.482 INFO:teuthology.orchestra.run.smithi052.stdout:/usr/bin/ceph: stderr
2024-05-11T04:12:41.823+0000 7f76736e2700 1 -- 172.21.15.52:0/4037236532 --> [v2:172.21.15.52:3300/0,v1:172.21.15.52:6789/0] -- mon_command({"prefix": "status", "format": "json-pretty"} v 0) v1 -- 0x7f766c1079d0 con 0x7f766c105b10
2024-05-11T04:12:42.482 INFO:teuthology.orchestra.run.smithi052.stdout:/usr/bin/ceph: stderr
2024-05-11T04:12:41.824+0000 7f76627fc700 1 -- 172.21.15.52:0/4037236532 <== mon.0 v2:172.21.15.52:3300/0 7 ==== mon_command_ack([{"prefix": "status", "format": "json-pretty"}]=0 v0) v1 ==== 79+0+1247 (secure 0 0 0) 0x7f766802b340 con 0x7f766c105b10
2024-05-11T04:12:42.482 INFO:teuthology.orchestra.run.smithi052.stdout:/usr/bin/ceph: stderr
2024-05-11T04:12:41.824+0000 7f76736e2700 1 -- 172.21.15.52:0/4037236532 >> [v2:172.21.15.52:3300/0,v1:172.21.15.52:6789/0] conn(0x7f766c105b10 msgr2=0x7f766c07bc40 secure :-1 s=STATE_CONNECTION_ESTABLISHED l=1).mark_down
2024-05-11T04:12:42.482 INFO:teuthology.orchestra.run.smithi052.stdout:/usr/bin/ceph: stderr
2024-05-11T04:12:41.824+0000 7f76736e2700 1 --2- 172.21.15.52:0/4037236532 >> [v2:172.21.15.52:3300/0,v1:172.21.15.52:6789/0] conn(0x7f766c105b10 0x7f766c07bc40 secure :-1 s=READY pgs=17 cs=0 l=1 rev1=1 crypto rx=0x7f76680119e0 tx=0x7f7668011ac0 comp rx=0 tx=0).stop
2024-05-11T04:12:42.482 INFO:teuthology.orchestra.run.smithi052.stdout:/usr/bin/ceph: stderr
2024-05-11T04:12:41.824+0000 7f76736e2700 1 -- 172.21.15.52:0/4037236532 shutdown_connections
2024-05-11T04:12:42.483 INFO:teuthology.orchestra.run.smithi052.stdout:/usr/bin/ceph: stderr
2024-05-11T04:12:41.824+0000 7f76736e2700 1 --2- 172.21.15.52:0/4037236532 >> [v2:172.21.15.52:3300/0,v1:172.21.15.52:6789/0] conn(0x7f766c105b10 0x7f766c07bc40 unknown :-1 s=CLOSED pgs=17 cs=0 l=1 rev1=1 crypto rx=0 tx=0 comp rx=0 tx=0).stop
2024-05-11T04:12:42.483 INFO:teuthology.orchestra.run.smithi052.stdout:/usr/bin/ceph: stderr
2024-05-11T04:12:41.824+0000 7f76736e2700 1 -- 172.21.15.52:0/4037236532 >> 172.21.15.52:0/4037236532 conn(0x7f766c101180 msgr2=0x7f766c101f60 unknown :-1 s=STATE_NONE l=0).mark_down
2024-05-11T04:12:42.483 INFO:teuthology.orchestra.run.smithi052.stdout:/usr/bin/ceph: stderr
2024-05-11T04:12:41.824+0000 7f76736e2700 1 -- 172.21.15.52:0/4037236532 shutdown_connections
2024-05-11T04:12:42.483 INFO:teuthology.orchestra.run.smithi052.stdout:/usr/bin/ceph: stderr
2024-05-11T04:12:41.825+0000 7f76736e2700 1 -- 172.21.15.52:0/4037236532 wait complete.
2024-05-11T04:12:42.483 INFO:teuthology.orchestra.run.smithi052.stdout:mgr not available, waiting (3/15)...
2024-05-11T04:12:42.891 INFO:journalctl@ceph.mon.smithi052.smithi052.stdout:May 11 04:12:42 smithi052 ceph-mon[26970]: Activating manager daemon smithi052.nvmdub
2024-05-11T04:12:42.891 INFO:journalctl@ceph.mon.smithi052.smithi052.stdout:May 11 04:12:42 smithi052 ceph-mon[26970]: mgrmap e2: smithi052.nvmdub(active, starting, since 0.00320927s)
2024-05-11T04:12:42.891 INFO:journalctl@ceph.mon.smithi052.smithi052.stdout:May 11 04:12:42 smithi052 ceph-mon[26970]: from='mgr.14100 172.21.15.52:0/1260704935' entity='mgr.smithi052.nvmdub' cmd=[{"prefix": "mds metadata"}]: dispatch
2024-05-11T04:12:42.891 INFO:journalctl@ceph.mon.smithi052.smithi052.stdout:May 11 04:12:42 smithi052 ceph-mon[26970]: from='mgr.14100 172.21.15.52:0/1260704935' entity='mgr.smithi052.nvmdub' cmd=[{"prefix": "osd metadata"}]: dispatch
2024-05-11T04:12:42.891 INFO:journalctl@ceph.mon.smithi052.smithi052.stdout:May 11 04:12:42 smithi052 ceph-mon[26970]: from='mgr.14100 172.21.15.52:0/1260704935' entity='mgr.smithi052.nvmdub' cmd=[{"prefix": "mon metadata"}]: dispatch
2024-05-11T04:12:42.891 INFO:journalctl@ceph.mon.smithi052.smithi052.stdout:May 11 04:12:42 smithi052 ceph-mon[26970]: from='mgr.14100 172.21.15.52:0/1260704935' entity='mgr.smithi052.nvmdub' cmd=[{"prefix": "mon metadata", "id": "smithi052"}]: dispatch
2024-05-11T04:12:42.891 INFO:journalctl@ceph.mon.smithi052.smithi052.stdout:May 11 04:12:42 smithi052 ceph-mon[26970]: from='mgr.14100 172.21.15.52:0/1260704935' entity='mgr.smithi052.nvmdub' cmd=[{"prefix": "mgr metadata", "who": "smithi052.nvmdub", "id": "smithi052.nvmdub"}]: dispatch
2024-05-11T04:12:42.891 INFO:journalctl@ceph.mon.smithi052.smithi052.stdout:May 11 04:12:42 smithi052 ceph-mon[26970]: Manager daemon smithi052.nvmdub is now available
2024-05-11T04:12:42.891 INFO:journalctl@ceph.mon.smithi052.smithi052.stdout:May 11 04:12:42 smithi052 ceph-mon[26970]: from='mgr.14100 172.21.15.52:0/1260704935' entity='mgr.smithi052.nvmdub' cmd=[{"prefix":"config rm","who":"mgr","name":"mgr/rbd_support/smithi052.nvmdub/mirror_snapshot_schedule"}]: dispatch
2024-05-11T04:12:42.892 INFO:journalctl@ceph.mon.smithi052.smithi052.stdout:May 11 04:12:42 smithi052 ceph-mon[26970]: from='mgr.14100 172.21.15.52:0/1260704935' entity='mgr.smithi052.nvmdub' cmd=[{"prefix":"config rm","who":"mgr","name":"mgr/rbd_support/smithi052.nvmdub/trash_purge_schedule"}]: dispatch
2024-05-11T04:12:42.892 INFO:journalctl@ceph.mon.smithi052.smithi052.stdout:May 11 04:12:42 smithi052 ceph-mon[26970]: from='mgr.14100 172.21.15.52:0/1260704935' entity='mgr.smithi052.nvmdub'
2024-05-11T04:12:42.892 INFO:journalctl@ceph.mon.smithi052.smithi052.stdout:May 11 04:12:42 smithi052 ceph-mon[26970]: from='mgr.14100 172.21.15.52:0/1260704935' entity='mgr.smithi052.nvmdub'
2024-05-11T04:12:42.892 INFO:journalctl@ceph.mon.smithi052.smithi052.stdout:May 11 04:12:42 smithi052 ceph-mon[26970]: from='mgr.14100 172.21.15.52:0/1260704935' entity='mgr.smithi052.nvmdub'
2024-05-11T04:12:42.892 INFO:journalctl@ceph.mon.smithi052.smithi052.stdout:May 11 04:12:42 smithi052 ceph-mon[26970]: from='client.? 172.21.15.52:0/4037236532' entity='client.admin' cmd=[{"prefix": "status", "format": "json-pretty"}]: dispatch
2024-05-11T04:12:43.807 INFO:journalctl@ceph.mon.smithi052.smithi052.stdout:May 11 04:12:43 smithi052 ceph-mon[26970]: mgrmap e3: smithi052.nvmdub(active, since 1.00677s)
2024-05-11T04:12:44.864 INFO:journalctl@ceph.mon.smithi052.smithi052.stdout:May 11 04:12:44 smithi052 ceph-mon[26970]: mgrmap e4: smithi052.nvmdub(active, since 2s)
2024-05-11T04:12:45.773 INFO:teuthology.orchestra.run.smithi052.stdout:/usr/bin/ceph: stdout
2024-05-11T04:12:45.773 INFO:teuthology.orchestra.run.smithi052.stdout:/usr/bin/ceph: stdout {
2024-05-11T04:12:45.773 INFO:teuthology.orchestra.run.smithi052.stdout:/usr/bin/ceph: stdout "fsid": "92a4b0da-0f4c-11ef-bc98-c7b262605968",
2024-05-11T04:12:45.773 INFO:teuthology.orchestra.run.smithi052.stdout:/usr/bin/ceph: stdout "health": {
2024-05-11T04:12:45.773 INFO:teuthology.orchestra.run.smithi052.stdout:/usr/bin/ceph: stdout "status": "HEALTH_OK",
2024-05-11T04:12:45.773 INFO:teuthology.orchestra.run.smithi052.stdout:/usr/bin/ceph: stdout "checks": {},
2024-05-11T04:12:45.773 INFO:teuthology.orchestra.run.smithi052.stdout:/usr/bin/ceph: stdout "mutes": []
2024-05-11T04:12:45.773 INFO:teuthology.orchestra.run.smithi052.stdout:/usr/bin/ceph: stdout },
2024-05-11T04:12:45.773 INFO:teuthology.orchestra.run.smithi052.stdout:/usr/bin/ceph: stdout "election_epoch": 5,
2024-05-11T04:12:45.773 INFO:teuthology.orchestra.run.smithi052.stdout:/usr/bin/ceph: stdout "quorum": [
2024-05-11T04:12:45.773 INFO:teuthology.orchestra.run.smithi052.stdout:/usr/bin/ceph: stdout 0
2024-05-11T04:12:45.773 INFO:teuthology.orchestra.run.smithi052.stdout:/usr/bin/ceph: stdout ],
2024-05-11T04:12:45.774 INFO:teuthology.orchestra.run.smithi052.stdout:/usr/bin/ceph: stdout "quorum_names": [
2024-05-11T04:12:45.774 INFO:teuthology.orchestra.run.smithi052.stdout:/usr/bin/ceph: stdout "smithi052"
2024-05-11T04:12:45.774 INFO:teuthology.orchestra.run.smithi052.stdout:/usr/bin/ceph: stdout ],
2024-05-11T04:12:45.774 INFO:teuthology.orchestra.run.smithi052.stdout:/usr/bin/ceph: stdout "quorum_age": 13,
2024-05-11T04:12:45.774 INFO:teuthology.orchestra.run.smithi052.stdout:/usr/bin/ceph: stdout "monmap": {
2024-05-11T04:12:45.774 INFO:teuthology.orchestra.run.smithi052.stdout:/usr/bin/ceph: stdout "epoch": 1,
2024-05-11T04:12:45.774 INFO:teuthology.orchestra.run.smithi052.stdout:/usr/bin/ceph: stdout "min_mon_release_name": "reef",
2024-05-11T04:12:45.774 INFO:teuthology.orchestra.run.smithi052.stdout:/usr/bin/ceph: stdout "num_mons": 1
2024-05-11T04:12:45.774 INFO:teuthology.orchestra.run.smithi052.stdout:/usr/bin/ceph: stdout },
2024-05-11T04:12:45.774 INFO:teuthology.orchestra.run.smithi052.stdout:/usr/bin/ceph: stdout "osdmap": {
2024-05-11T04:12:45.774 INFO:teuthology.orchestra.run.smithi052.stdout:/usr/bin/ceph: stdout "epoch": 1,
2024-05-11T04:12:45.774 INFO:teuthology.orchestra.run.smithi052.stdout:/usr/bin/ceph: stdout "num_osds": 0,
2024-05-11T04:12:45.774 INFO:teuthology.orchestra.run.smithi052.stdout:/usr/bin/ceph: stdout "num_up_osds": 0,
2024-05-11T04:12:45.774 INFO:teuthology.orchestra.run.smithi052.stdout:/usr/bin/ceph: stdout "osd_up_since": 0,
2024-05-11T04:12:45.783 INFO:teuthology.orchestra.run.smithi052.stdout:/usr/bin/ceph: stdout "num_in_osds": 0,
2024-05-11T04:12:45.783 INFO:teuthology.orchestra.run.smithi052.stdout:/usr/bin/ceph: stdout "osd_in_since": 0,
2024-05-11T04:12:45.783 INFO:teuthology.orchestra.run.smithi052.stdout:/usr/bin/ceph: stdout "num_remapped_pgs": 0
2024-05-11T04:12:45.783 INFO:teuthology.orchestra.run.smithi052.stdout:/usr/bin/ceph: stdout },
2024-05-11T04:12:45.783 INFO:teuthology.orchestra.run.smithi052.stdout:/usr/bin/ceph: stdout "pgmap": {
2024-05-11T04:12:45.783 INFO:teuthology.orchestra.run.smithi052.stdout:/usr/bin/ceph: stdout "pgs_by_state": [],
2024-05-11T04:12:45.783 INFO:teuthology.orchestra.run.smithi052.stdout:/usr/bin/ceph: stdout "num_pgs": 0,
2024-05-11T04:12:45.783 INFO:teuthology.orchestra.run.smithi052.stdout:/usr/bin/ceph: stdout "num_pools": 0,
2024-05-11T04:12:45.783 INFO:teuthology.orchestra.run.smithi052.stdout:/usr/bin/ceph: stdout "num_objects": 0,
2024-05-11T04:12:45.783 INFO:teuthology.orchestra.run.smithi052.stdout:/usr/bin/ceph: stdout "data_bytes": 0,
2024-05-11T04:12:45.783 INFO:teuthology.orchestra.run.smithi052.stdout:/usr/bin/ceph: stdout "bytes_used": 0,
2024-05-11T04:12:45.784 INFO:teuthology.orchestra.run.smithi052.stdout:/usr/bin/ceph: stdout "bytes_avail": 0,
2024-05-11T04:12:45.784 INFO:teuthology.orchestra.run.smithi052.stdout:/usr/bin/ceph: stdout "bytes_total": 0
2024-05-11T04:12:45.784 INFO:teuthology.orchestra.run.smithi052.stdout:/usr/bin/ceph: stdout },
2024-05-11T04:12:45.784 INFO:teuthology.orchestra.run.smithi052.stdout:/usr/bin/ceph: stdout "fsmap": {
2024-05-11T04:12:45.784 INFO:teuthology.orchestra.run.smithi052.stdout:/usr/bin/ceph: stdout "epoch": 1,
2024-05-11T04:12:45.784 INFO:teuthology.orchestra.run.smithi052.stdout:/usr/bin/ceph: stdout "by_rank": [],
2024-05-11T04:12:45.784 INFO:teuthology.orchestra.run.smithi052.stdout:/usr/bin/ceph: stdout "up:standby": 0
2024-05-11T04:12:45.784 INFO:teuthology.orchestra.run.smithi052.stdout:/usr/bin/ceph: stdout },
2024-05-11T04:12:45.784 INFO:teuthology.orchestra.run.smithi052.stdout:/usr/bin/ceph: stdout "mgrmap": {
2024-05-11T04:12:45.784 INFO:teuthology.orchestra.run.smithi052.stdout:/usr/bin/ceph: stdout "available": true,
2024-05-11T04:12:45.784 INFO:teuthology.orchestra.run.smithi052.stdout:/usr/bin/ceph: stdout "num_standbys": 0,
2024-05-11T04:12:45.784 INFO:teuthology.orchestra.run.smithi052.stdout:/usr/bin/ceph: stdout "modules": [
2024-05-11T04:12:45.784 INFO:teuthology.orchestra.run.smithi052.stdout:/usr/bin/ceph: stdout "iostat",
2024-05-11T04:12:45.784 INFO:teuthology.orchestra.run.smithi052.stdout:/usr/bin/ceph: stdout "nfs",
2024-05-11T04:12:45.784 INFO:teuthology.orchestra.run.smithi052.stdout:/usr/bin/ceph: stdout "restful"
2024-05-11T04:12:45.785 INFO:teuthology.orchestra.run.smithi052.stdout:/usr/bin/ceph: stdout ],
2024-05-11T04:12:45.785 INFO:teuthology.orchestra.run.smithi052.stdout:/usr/bin/ceph: stdout "services": {}
2024-05-11T04:12:45.785 INFO:teuthology.orchestra.run.smithi052.stdout:/usr/bin/ceph: stdout },
2024-05-11T04:12:45.785 INFO:teuthology.orchestra.run.smithi052.stdout:/usr/bin/ceph: stdout "servicemap": {
2024-05-11T04:12:45.785 INFO:teuthology.orchestra.run.smithi052.stdout:/usr/bin/ceph: stdout "epoch": 1,
2024-05-11T04:12:45.785 INFO:teuthology.orchestra.run.smithi052.stdout:/usr/bin/ceph: stdout "modified": "2024-05-11T04:12:17.198558+0000",
2024-05-11T04:12:45.785 INFO:teuthology.orchestra.run.smithi052.stdout:/usr/bin/ceph: stdout "services": {}
2024-05-11T04:12:45.785 INFO:teuthology.orchestra.run.smithi052.stdout:/usr/bin/ceph: stdout },
2024-05-11T04:12:45.785 INFO:teuthology.orchestra.run.smithi052.stdout:/usr/bin/ceph: stdout "progress_events": {}
2024-05-11T04:12:45.785 INFO:teuthology.orchestra.run.smithi052.stdout:/usr/bin/ceph: stdout }
2024-05-11T04:12:45.785 INFO:teuthology.orchestra.run.smithi052.stdout:/usr/bin/ceph: stderr
2024-05-11T04:12:44.891+0000 7f23c7504700 1 Processor -- start
2024-05-11T04:12:45.785 INFO:teuthology.orchestra.run.smithi052.stdout:/usr/bin/ceph: stderr
2024-05-11T04:12:44.892+0000 7f23c7504700 1 -- start start
2024-05-11T04:12:45.785 INFO:teuthology.orchestra.run.smithi052.stdout:/usr/bin/ceph: stderr
2024-05-11T04:12:44.892+0000 7f23c7504700 1 --2- >> [v2:172.21.15.52:3300/0,v1:172.21.15.52:6789/0] conn(0x7f23c01043f0 0x7f23c0104800 unknown :-1 s=NONE pgs=0 cs=0 l=0 rev1=0 crypto rx=0 tx=0 comp rx=0 tx=0).connect
2024-05-11T04:12:45.785 INFO:teuthology.orchestra.run.smithi052.stdout:/usr/bin/ceph: stderr
2024-05-11T04:12:44.892+0000 7f23c7504700 1 -- --> [v2:172.21.15.52:3300/0,v1:172.21.15.52:6789/0] -- mon_getmap magic: 0 v1 -- 0x7f23c0079d70 con 0x7f23c01043f0
2024-05-11T04:12:45.785 INFO:teuthology.orchestra.run.smithi052.stdout:/usr/bin/ceph: stderr
2024-05-11T04:12:44.892+0000 7f23c52a0700 1 --2- >> [v2:172.21.15.52:3300/0,v1:172.21.15.52:6789/0] conn(0x7f23c01043f0 0x7f23c0104800 unknown :-1 s=BANNER_CONNECTING pgs=0 cs=0 l=0 rev1=0 crypto rx=0 tx=0 comp rx=0 tx=0)._handle_peer_banner_payload supported=3 required=0
2024-05-11T04:12:45.786 INFO:teuthology.orchestra.run.smithi052.stdout:/usr/bin/ceph: stderr
2024-05-11T04:12:44.892+0000 7f23c52a0700 1 --2- >> [v2:172.21.15.52:3300/0,v1:172.21.15.52:6789/0] conn(0x7f23c01043f0 0x7f23c0104800 unknown :-1 s=HELLO_CONNECTING pgs=0 cs=0 l=0 rev1=1 crypto rx=0 tx=0 comp rx=0 tx=0).handle_hello peer v2:172.21.15.52:3300/0 says I am v2:172.21.15.52:45766/0 (socket says 172.21.15.52:45766)
2024-05-11T04:12:45.786 INFO:teuthology.orchestra.run.smithi052.stdout:/usr/bin/ceph: stderr
2024-05-11T04:12:44.892+0000 7f23c52a0700 1 -- 172.21.15.52:0/2458927737 learned_addr learned my addr 172.21.15.52:0/2458927737 (peer_addr_for_me v2:172.21.15.52:0/0)
2024-05-11T04:12:45.786 INFO:teuthology.orchestra.run.smithi052.stdout:/usr/bin/ceph: stderr
2024-05-11T04:12:44.892+0000 7f23c52a0700 1 -- 172.21.15.52:0/2458927737 --> [v2:172.21.15.52:3300/0,v1:172.21.15.52:6789/0] -- mon_subscribe({config=0+,monmap=0+}) v3 -- 0x7f23c0079eb0 con 0x7f23c01043f0
2024-05-11T04:12:45.786 INFO:teuthology.orchestra.run.smithi052.stdout:/usr/bin/ceph: stderr
2024-05-11T04:12:44.893+0000 7f23c52a0700 1 --2- 172.21.15.52:0/2458927737 >> [v2:172.21.15.52:3300/0,v1:172.21.15.52:6789/0] conn(0x7f23c01043f0 0x7f23c0104800 secure :-1 s=READY pgs=18 cs=0 l=1 rev1=1 crypto rx=0x7f23bc0098a0 tx=0x7f23bc009bb0 comp rx=0 tx=0).ready entity=mon.0 client_cookie=55749a825ec6cf7a server_cookie=0 in_seq=0 out_seq=0
2024-05-11T04:12:45.786 INFO:teuthology.orchestra.run.smithi052.stdout:/usr/bin/ceph: stderr
2024-05-11T04:12:44.893+0000 7f23b7fff700 1 -- 172.21.15.52:0/2458927737 <== mon.0 v2:172.21.15.52:3300/0 1 ==== mon_map magic: 0 v1 ==== 229+0+0 (secure 0 0 0) 0x7f23bc004180 con 0x7f23c01043f0
2024-05-11T04:12:45.786 INFO:teuthology.orchestra.run.smithi052.stdout:/usr/bin/ceph: stderr
2024-05-11T04:12:44.893+0000 7f23b7fff700 1 -- 172.21.15.52:0/2458927737 <== mon.0 v2:172.21.15.52:3300/0 2 ==== config(27 keys) v1 ==== 1037+0+0 (secure 0 0 0) 0x7f23bc0042e0 con 0x7f23c01043f0
2024-05-11T04:12:45.786 INFO:teuthology.orchestra.run.smithi052.stdout:/usr/bin/ceph: stderr
2024-05-11T04:12:44.893+0000 7f23b7fff700 1 -- 172.21.15.52:0/2458927737 <== mon.0 v2:172.21.15.52:3300/0 3 ==== mon_map magic: 0 v1 ==== 229+0+0 (secure 0 0 0) 0x7f23bc011a50 con 0x7f23c01043f0
2024-05-11T04:12:45.786 INFO:teuthology.orchestra.run.smithi052.stdout:/usr/bin/ceph: stderr
2024-05-11T04:12:44.893+0000 7f23c7504700 1 -- 172.21.15.52:0/2458927737 >> [v2:172.21.15.52:3300/0,v1:172.21.15.52:6789/0] conn(0x7f23c01043f0 msgr2=0x7f23c0104800 secure :-1 s=STATE_CONNECTION_ESTABLISHED l=1).mark_down
2024-05-11T04:12:45.786 INFO:teuthology.orchestra.run.smithi052.stdout:/usr/bin/ceph: stderr
2024-05-11T04:12:44.893+0000 7f23c7504700 1 --2- 172.21.15.52:0/2458927737 >> [v2:172.21.15.52:3300/0,v1:172.21.15.52:6789/0] conn(0x7f23c01043f0 0x7f23c0104800 secure :-1 s=READY pgs=18 cs=0 l=1 rev1=1 crypto rx=0x7f23bc0098a0 tx=0x7f23bc009bb0 comp rx=0 tx=0).stop
2024-05-11T04:12:45.786 INFO:teuthology.orchestra.run.smithi052.stdout:/usr/bin/ceph: stderr
2024-05-11T04:12:44.894+0000 7f23c7504700 1 -- 172.21.15.52:0/2458927737 shutdown_connections
2024-05-11T04:12:45.786 INFO:teuthology.orchestra.run.smithi052.stdout:/usr/bin/ceph: stderr
2024-05-11T04:12:44.894+0000 7f23c7504700 1 --2- 172.21.15.52:0/2458927737 >> [v2:172.21.15.52:3300/0,v1:172.21.15.52:6789/0] conn(0x7f23c01043f0 0x7f23c0104800 unknown :-1 s=CLOSED pgs=18 cs=0 l=1 rev1=1 crypto rx=0 tx=0 comp rx=0 tx=0).stop
2024-05-11T04:12:45.786 INFO:teuthology.orchestra.run.smithi052.stdout:/usr/bin/ceph: stderr
2024-05-11T04:12:44.894+0000 7f23c7504700 1 -- 172.21.15.52:0/2458927737 >> 172.21.15.52:0/2458927737 conn(0x7f23c0100080 msgr2=0x7f23c0102490 unknown :-1 s=STATE_NONE l=0).mark_down
2024-05-11T04:12:45.786 INFO:teuthology.orchestra.run.smithi052.stdout:/usr/bin/ceph: stderr
2024-05-11T04:12:44.894+0000 7f23c7504700 1 -- 172.21.15.52:0/2458927737 shutdown_connections
2024-05-11T04:12:45.786 INFO:teuthology.orchestra.run.smithi052.stdout:/usr/bin/ceph: stderr
2024-05-11T04:12:44.894+0000 7f23c7504700 1 -- 172.21.15.52:0/2458927737 wait complete.
2024-05-11T04:12:45.786 INFO:teuthology.orchestra.run.smithi052.stdout:/usr/bin/ceph: stderr
2024-05-11T04:12:44.894+0000 7f23c7504700 1 Processor -- start
2024-05-11T04:12:45.787 INFO:teuthology.orchestra.run.smithi052.stdout:/usr/bin/ceph: stderr
2024-05-11T04:12:44.894+0000 7f23c7504700 1 -- start start
2024-05-11T04:12:45.787 INFO:teuthology.orchestra.run.smithi052.stdout:/usr/bin/ceph: stderr
2024-05-11T04:12:44.895+0000 7f23c7504700 1 --2- >> [v2:172.21.15.52:3300/0,v1:172.21.15.52:6789/0] conn(0x7f23c01043f0 0x7f23c019ba60 unknown :-1 s=NONE pgs=0 cs=0 l=1 rev1=0 crypto rx=0 tx=0 comp rx=0 tx=0).connect
2024-05-11T04:12:45.787 INFO:teuthology.orchestra.run.smithi052.stdout:/usr/bin/ceph: stderr
2024-05-11T04:12:44.895+0000 7f23c7504700 1 -- --> [v2:172.21.15.52:3300/0,v1:172.21.15.52:6789/0] -- mon_getmap magic: 0 v1 -- 0x7f23c019bfa0 con 0x7f23c01043f0
2024-05-11T04:12:45.787 INFO:teuthology.orchestra.run.smithi052.stdout:/usr/bin/ceph: stderr
2024-05-11T04:12:44.895+0000 7f23c52a0700 1 --2- >> [v2:172.21.15.52:3300/0,v1:172.21.15.52:6789/0] conn(0x7f23c01043f0 0x7f23c019ba60 unknown :-1 s=BANNER_CONNECTING pgs=0 cs=0 l=1 rev1=0 crypto rx=0 tx=0 comp rx=0 tx=0)._handle_peer_banner_payload supported=3 required=0
2024-05-11T04:12:45.787 INFO:teuthology.orchestra.run.smithi052.stdout:/usr/bin/ceph: stderr
2024-05-11T04:12:44.895+0000 7f23c52a0700 1 --2- >> [v2:172.21.15.52:3300/0,v1:172.21.15.52:6789/0] conn(0x7f23c01043f0 0x7f23c019ba60 unknown :-1 s=HELLO_CONNECTING pgs=0 cs=0 l=1 rev1=1 crypto rx=0 tx=0 comp rx=0 tx=0).handle_hello peer v2:172.21.15.52:3300/0 says I am v2:172.21.15.52:45776/0 (socket says 172.21.15.52:45776)
2024-05-11T04:12:45.787 INFO:teuthology.orchestra.run.smithi052.stdout:/usr/bin/ceph: stderr
2024-05-11T04:12:44.895+0000 7f23c52a0700 1 -- 172.21.15.52:0/1366033888 learned_addr learned my addr 172.21.15.52:0/1366033888 (peer_addr_for_me v2:172.21.15.52:0/0)
2024-05-11T04:12:45.787 INFO:teuthology.orchestra.run.smithi052.stdout:/usr/bin/ceph: stderr
2024-05-11T04:12:44.895+0000 7f23c52a0700 1 -- 172.21.15.52:0/1366033888 --> [v2:172.21.15.52:3300/0,v1:172.21.15.52:6789/0] -- mon_subscribe({config=0+,monmap=0+}) v3 -- 0x7f23bc009550 con 0x7f23c01043f0
2024-05-11T04:12:45.787 INFO:teuthology.orchestra.run.smithi052.stdout:/usr/bin/ceph: stderr
2024-05-11T04:12:44.895+0000 7f23c52a0700 1 --2- 172.21.15.52:0/1366033888 >> [v2:172.21.15.52:3300/0,v1:172.21.15.52:6789/0] conn(0x7f23c01043f0 0x7f23c019ba60 secure :-1 s=READY pgs=19 cs=0 l=1 rev1=1 crypto rx=0x7f23bc006af0 tx=0x7f23bc011a90 comp rx=0 tx=0).ready entity=mon.0 client_cookie=0 server_cookie=0 in_seq=0 out_seq=0
2024-05-11T04:12:45.787 INFO:teuthology.orchestra.run.smithi052.stdout:/usr/bin/ceph: stderr
2024-05-11T04:12:44.895+0000 7f23b67fc700 1 -- 172.21.15.52:0/1366033888 <== mon.0 v2:172.21.15.52:3300/0 1 ==== mon_map magic: 0 v1 ==== 229+0+0 (secure 0 0 0) 0x7f23bc003b90 con 0x7f23c01043f0
2024-05-11T04:12:45.787 INFO:teuthology.orchestra.run.smithi052.stdout:/usr/bin/ceph: stderr
2024-05-11T04:12:44.895+0000 7f23b67fc700 1 -- 172.21.15.52:0/1366033888 <== mon.0 v2:172.21.15.52:3300/0 2 ==== config(27 keys) v1 ==== 1037+0+0 (secure 0 0 0) 0x7f23bc01a8a0 con 0x7f23c01043f0
2024-05-11T04:12:45.787 INFO:teuthology.orchestra.run.smithi052.stdout:/usr/bin/ceph: stderr
2024-05-11T04:12:44.895+0000 7f23c7504700 1 -- 172.21.15.52:0/1366033888 --> [v2:172.21.15.52:3300/0,v1:172.21.15.52:6789/0] -- mon_subscribe({mgrmap=0+}) v3 -- 0x7f23c019c1a0 con 0x7f23c01043f0
2024-05-11T04:12:45.787 INFO:teuthology.orchestra.run.smithi052.stdout:/usr/bin/ceph: stderr
2024-05-11T04:12:44.895+0000 7f23b67fc700 1 -- 172.21.15.52:0/1366033888 <== mon.0 v2:172.21.15.52:3300/0 3 ==== mon_map magic: 0 v1 ==== 229+0+0 (secure 0 0 0) 0x7f23bc019880 con 0x7f23c01043f0
2024-05-11T04:12:45.787 INFO:teuthology.orchestra.run.smithi052.stdout:/usr/bin/ceph: stderr
2024-05-11T04:12:44.896+0000 7f23c7504700 1 -- 172.21.15.52:0/1366033888 --> [v2:172.21.15.52:3300/0,v1:172.21.15.52:6789/0] -- mon_subscribe({osdmap=0}) v3 -- 0x7f23c019c5c0 con 0x7f23c01043f0
2024-05-11T04:12:45.787 INFO:teuthology.orchestra.run.smithi052.stdout:/usr/bin/ceph: stderr
2024-05-11T04:12:44.896+0000 7f23c7504700 1 -- 172.21.15.52:0/1366033888 --> [v2:172.21.15.52:3300/0,v1:172.21.15.52:6789/0] -- mon_command({"prefix": "get_command_descriptions"} v 0) v1 -- 0x7f23c0195270 con 0x7f23c01043f0
2024-05-11T04:12:45.787 INFO:teuthology.orchestra.run.smithi052.stdout:/usr/bin/ceph: stderr
2024-05-11T04:12:44.897+0000 7f23b67fc700 1 -- 172.21.15.52:0/1366033888 <== mon.0 v2:172.21.15.52:3300/0 4 ==== mgrmap(e 4) v1 ==== 45073+0+0 (secure 0 0 0) 0x7f23bc019af0 con 0x7f23c01043f0
2024-05-11T04:12:45.787 INFO:teuthology.orchestra.run.smithi052.stdout:/usr/bin/ceph: stderr
2024-05-11T04:12:44.897+0000 7f23b67fc700 1 --2- 172.21.15.52:0/1366033888 >> [v2:172.21.15.52:6800/3512636904,v1:172.21.15.52:6801/3512636904] conn(0x7f23ac0383b0 0x7f23ac03a860 unknown :-1 s=NONE pgs=0 cs=0 l=1 rev1=0 crypto rx=0 tx=0 comp rx=0 tx=0).connect
2024-05-11T04:12:45.788 INFO:teuthology.orchestra.run.smithi052.stdout:/usr/bin/ceph: stderr
2024-05-11T04:12:44.897+0000 7f23b67fc700 1 -- 172.21.15.52:0/1366033888 <== mon.0 v2:172.21.15.52:3300/0 5 ==== osd_map(1..1 src has 1..1) v4 ==== 725+0+0 (secure 0 0 0) 0x7f23bc04c800 con 0x7f23c01043f0
2024-05-11T04:12:45.788 INFO:teuthology.orchestra.run.smithi052.stdout:/usr/bin/ceph: stderr
2024-05-11T04:12:44.897+0000 7f23c4a9f700 1 --2- 172.21.15.52:0/1366033888 >> [v2:172.21.15.52:6800/3512636904,v1:172.21.15.52:6801/3512636904] conn(0x7f23ac0383b0 0x7f23ac03a860 unknown :-1 s=BANNER_CONNECTING pgs=0 cs=0 l=1 rev1=0 crypto rx=0 tx=0 comp rx=0 tx=0)._handle_peer_banner_payload supported=3 required=0
2024-05-11T04:12:45.788 INFO:teuthology.orchestra.run.smithi052.stdout:/usr/bin/ceph: stderr
2024-05-11T04:12:44.897+0000 7f23c4a9f700 1 --2- 172.21.15.52:0/1366033888 >> [v2:172.21.15.52:6800/3512636904,v1:172.21.15.52:6801/3512636904] conn(0x7f23ac0383b0 0x7f23ac03a860 secure :-1 s=READY pgs=6 cs=0 l=1 rev1=1 crypto rx=0x7f23b0006fd0 tx=0x7f23b0006e40 comp rx=0 tx=0).ready entity=mgr.14100 client_cookie=0 server_cookie=0 in_seq=0 out_seq=0
2024-05-11T04:12:45.788 INFO:teuthology.orchestra.run.smithi052.stdout:/usr/bin/ceph: stderr
2024-05-11T04:12:44.902+0000 7f23b67fc700 1 -- 172.21.15.52:0/1366033888 <== mon.0 v2:172.21.15.52:3300/0 6 ==== mon_command_ack([{"prefix": "get_command_descriptions"}]=0 v0) v1 ==== 72+0+177933 (secure 0 0 0) 0x7f23bc019da0 con 0x7f23c01043f0
2024-05-11T04:12:45.788 INFO:teuthology.orchestra.run.smithi052.stdout:/usr/bin/ceph: stderr
2024-05-11T04:12:45.185+0000 7f23c7504700 1 -- 172.21.15.52:0/1366033888 --> [v2:172.21.15.52:3300/0,v1:172.21.15.52:6789/0] -- mon_command({"prefix": "status", "format": "json-pretty"} v 0) v1 -- 0x7f23c00623b0 con 0x7f23c01043f0
2024-05-11T04:12:45.788 INFO:teuthology.orchestra.run.smithi052.stdout:/usr/bin/ceph: stderr
2024-05-11T04:12:45.185+0000 7f23b67fc700 1 -- 172.21.15.52:0/1366033888 <== mon.0 v2:172.21.15.52:3300/0 7 ==== mon_command_ack([{"prefix": "status", "format": "json-pretty"}]=0 v0) v1 ==== 79+0+1246 (secure 0 0 0) 0x7f23bc023390 con 0x7f23c01043f0
2024-05-11T04:12:45.788 INFO:teuthology.orchestra.run.smithi052.stdout:/usr/bin/ceph: stderr
2024-05-11T04:12:45.187+0000 7f23c7504700 1 -- 172.21.15.52:0/1366033888 >> [v2:172.21.15.52:6800/3512636904,v1:172.21.15.52:6801/3512636904] conn(0x7f23ac0383b0 msgr2=0x7f23ac03a860 secure :-1 s=STATE_CONNECTION_ESTABLISHED l=1).mark_down
2024-05-11T04:12:45.788 INFO:teuthology.orchestra.run.smithi052.stdout:/usr/bin/ceph: stderr
2024-05-11T04:12:45.187+0000 7f23c7504700 1 --2- 172.21.15.52:0/1366033888 >> [v2:172.21.15.52:6800/3512636904,v1:172.21.15.52:6801/3512636904] conn(0x7f23ac0383b0 0x7f23ac03a860 secure :-1 s=READY pgs=6 cs=0 l=1 rev1=1 crypto rx=0x7f23b0006fd0 tx=0x7f23b0006e40 comp rx=0 tx=0).stop
2024-05-11T04:12:45.788 INFO:teuthology.orchestra.run.smithi052.stdout:/usr/bin/ceph: stderr
2024-05-11T04:12:45.187+0000 7f23c7504700 1 -- 172.21.15.52:0/1366033888 >> [v2:172.21.15.52:3300/0,v1:172.21.15.52:6789/0] conn(0x7f23c01043f0 msgr2=0x7f23c019ba60 secure :-1 s=STATE_CONNECTION_ESTABLISHED l=1).mark_down
2024-05-11T04:12:45.788 INFO:teuthology.orchestra.run.smithi052.stdout:/usr/bin/ceph: stderr
2024-05-11T04:12:45.187+0000 7f23c7504700 1 --2- 172.21.15.52:0/1366033888 >> [v2:172.21.15.52:3300/0,v1:172.21.15.52:6789/0] conn(0x7f23c01043f0 0x7f23c019ba60 secure :-1 s=READY pgs=19 cs=0 l=1 rev1=1 crypto rx=0x7f23bc006af0 tx=0x7f23bc011a90 comp rx=0 tx=0).stop
2024-05-11T04:12:45.788 INFO:teuthology.orchestra.run.smithi052.stdout:/usr/bin/ceph: stderr
2024-05-11T04:12:45.188+0000 7f23c7504700 1 -- 172.21.15.52:0/1366033888 shutdown_connections
2024-05-11T04:12:45.788 INFO:teuthology.orchestra.run.smithi052.stdout:/usr/bin/ceph: stderr
2024-05-11T04:12:45.188+0000 7f23c7504700 1 --2- 172.21.15.52:0/1366033888 >> [v2:172.21.15.52:6800/3512636904,v1:172.21.15.52:6801/3512636904] conn(0x7f23ac0383b0 0x7f23ac03a860 unknown :-1 s=CLOSED pgs=6 cs=0 l=1 rev1=1 crypto rx=0 tx=0 comp rx=0 tx=0).stop
2024-05-11T04:12:45.788 INFO:teuthology.orchestra.run.smithi052.stdout:/usr/bin/ceph: stderr
2024-05-11T04:12:45.188+0000 7f23c7504700 1 --2- 172.21.15.52:0/1366033888 >> [v2:172.21.15.52:3300/0,v1:172.21.15.52:6789/0] conn(0x7f23c01043f0 0x7f23c019ba60 unknown :-1 s=CLOSED pgs=19 cs=0 l=1 rev1=1 crypto rx=0 tx=0 comp rx=0 tx=0).stop
2024-05-11T04:12:45.788 INFO:teuthology.orchestra.run.smithi052.stdout:/usr/bin/ceph: stderr
2024-05-11T04:12:45.188+0000 7f23c7504700 1 -- 172.21.15.52:0/1366033888 >> 172.21.15.52:0/1366033888 conn(0x7f23c0100080 msgr2=0x7f23c018ffb0 unknown :-1 s=STATE_NONE l=0).mark_down
2024-05-11T04:12:45.788 INFO:teuthology.orchestra.run.smithi052.stdout:/usr/bin/ceph: stderr
2024-05-11T04:12:45.188+0000 7f23c7504700 1 -- 172.21.15.52:0/1366033888 shutdown_connections
2024-05-11T04:12:45.788 INFO:teuthology.orchestra.run.smithi052.stdout:/usr/bin/ceph: stderr
2024-05-11T04:12:45.188+0000 7f23c7504700 1 -- 172.21.15.52:0/1366033888 wait complete.
2024-05-11T04:12:45.788 INFO:teuthology.orchestra.run.smithi052.stdout:mgr is available
2024-05-11T04:12:45.890 INFO:journalctl@ceph.mon.smithi052.smithi052.stdout:May 11 04:12:45 smithi052 ceph-mon[26970]: from='client.? 172.21.15.52:0/1366033888' entity='client.admin' cmd=[{"prefix": "status", "format": "json-pretty"}]: dispatch
2024-05-11T04:12:46.891 INFO:journalctl@ceph.mon.smithi052.smithi052.stdout:May 11 04:12:46 smithi052 ceph-mon[26970]: from='client.? 172.21.15.52:0/4179111277' entity='client.admin' cmd=[{"prefix": "config assimilate-conf"}]: dispatch
2024-05-11T04:12:47.084 INFO:teuthology.orchestra.run.smithi052.stdout:/usr/bin/ceph: stdout
2024-05-11T04:12:47.084 INFO:teuthology.orchestra.run.smithi052.stdout:/usr/bin/ceph: stdout [global]
2024-05-11T04:12:47.084 INFO:teuthology.orchestra.run.smithi052.stdout:/usr/bin/ceph: stdout fsid = 92a4b0da-0f4c-11ef-bc98-c7b262605968
2024-05-11T04:12:47.085 INFO:teuthology.orchestra.run.smithi052.stdout:/usr/bin/ceph: stdout mon_osd_allow_pg_remap = true
2024-05-11T04:12:47.085 INFO:teuthology.orchestra.run.smithi052.stdout:/usr/bin/ceph: stdout mon_osd_allow_primary_affinity = true
2024-05-11T04:12:47.085 INFO:teuthology.orchestra.run.smithi052.stdout:/usr/bin/ceph: stdout mon_warn_on_no_sortbitwise = false
2024-05-11T04:12:47.085 INFO:teuthology.orchestra.run.smithi052.stdout:/usr/bin/ceph: stdout osd_crush_chooseleaf_type = 0
2024-05-11T04:12:47.085 INFO:teuthology.orchestra.run.smithi052.stdout:/usr/bin/ceph: stdout
2024-05-11T04:12:47.085 INFO:teuthology.orchestra.run.smithi052.stdout:/usr/bin/ceph: stdout [mgr]
2024-05-11T04:12:47.085 INFO:teuthology.orchestra.run.smithi052.stdout:/usr/bin/ceph: stdout mgr/telemetry/nag = false
2024-05-11T04:12:47.085 INFO:teuthology.orchestra.run.smithi052.stdout:/usr/bin/ceph: stdout
2024-05-11T04:12:47.085 INFO:teuthology.orchestra.run.smithi052.stdout:/usr/bin/ceph: stdout [osd]
2024-05-11T04:12:47.085 INFO:teuthology.orchestra.run.smithi052.stdout:/usr/bin/ceph: stdout mon_osd_backfillfull_ratio = 0.85
2024-05-11T04:12:47.085 INFO:teuthology.orchestra.run.smithi052.stdout:/usr/bin/ceph: stdout mon_osd_full_ratio = 0.9
2024-05-11T04:12:47.085 INFO:teuthology.orchestra.run.smithi052.stdout:/usr/bin/ceph: stdout mon_osd_nearfull_ratio = 0.8
2024-05-11T04:12:47.085 INFO:teuthology.orchestra.run.smithi052.stdout:/usr/bin/ceph: stdout osd_map_max_advance = 10
2024-05-11T04:12:47.085 INFO:teuthology.orchestra.run.smithi052.stdout:/usr/bin/ceph: stdout osd_sloppy_crc = true
2024-05-11T04:12:47.086 INFO:teuthology.orchestra.run.smithi052.stdout:/usr/bin/ceph: stderr
2024-05-11T04:12:46.242+0000 7f9bfde4f700 1 Processor -- start
2024-05-11T04:12:47.086 INFO:teuthology.orchestra.run.smithi052.stdout:/usr/bin/ceph: stderr
2024-05-11T04:12:46.242+0000 7f9bfde4f700 1 -- start start
2024-05-11T04:12:47.086 INFO:teuthology.orchestra.run.smithi052.stdout:/usr/bin/ceph: stderr
2024-05-11T04:12:46.242+0000 7f9bfde4f700 1 --2- >> [v2:172.21.15.52:3300/0,v1:172.21.15.52:6789/0] conn(0x7f9bf8105b10 0x7f9bf8105f20 unknown :-1 s=NONE pgs=0 cs=0 l=0 rev1=0 crypto rx=0 tx=0 comp rx=0 tx=0).connect
2024-05-11T04:12:47.086 INFO:teuthology.orchestra.run.smithi052.stdout:/usr/bin/ceph: stderr
2024-05-11T04:12:46.242+0000 7f9bfde4f700 1 -- --> [v2:172.21.15.52:3300/0,v1:172.21.15.52:6789/0] -- mon_getmap magic: 0 v1 -- 0x7f9bf8106460 con 0x7f9bf8105b10
2024-05-11T04:12:47.086 INFO:teuthology.orchestra.run.smithi052.stdout:/usr/bin/ceph: stderr
2024-05-11T04:12:46.242+0000 7f9bf77fe700 1 --2- >> [v2:172.21.15.52:3300/0,v1:172.21.15.52:6789/0] conn(0x7f9bf8105b10 0x7f9bf8105f20 unknown :-1 s=BANNER_CONNECTING pgs=0 cs=0 l=0 rev1=0 crypto rx=0 tx=0 comp rx=0 tx=0)._handle_peer_banner_payload supported=3 required=0
2024-05-11T04:12:47.086 INFO:teuthology.orchestra.run.smithi052.stdout:/usr/bin/ceph: stderr
2024-05-11T04:12:46.243+0000 7f9bf77fe700 1 --2- >> [v2:172.21.15.52:3300/0,v1:172.21.15.52:6789/0] conn(0x7f9bf8105b10 0x7f9bf8105f20 unknown :-1 s=HELLO_CONNECTING pgs=0 cs=0 l=0 rev1=1 crypto rx=0 tx=0 comp rx=0 tx=0).handle_hello peer v2:172.21.15.52:3300/0 says I am v2:172.21.15.52:45780/0 (socket says 172.21.15.52:45780)
2024-05-11T04:12:47.086 INFO:teuthology.orchestra.run.smithi052.stdout:/usr/bin/ceph: stderr
2024-05-11T04:12:46.243+0000 7f9bf77fe700 1 -- 172.21.15.52:0/3235226206 learned_addr learned my addr 172.21.15.52:0/3235226206 (peer_addr_for_me v2:172.21.15.52:0/0)
2024-05-11T04:12:47.086 INFO:teuthology.orchestra.run.smithi052.stdout:/usr/bin/ceph: stderr
2024-05-11T04:12:46.243+0000 7f9bf77fe700 1 -- 172.21.15.52:0/3235226206 --> [v2:172.21.15.52:3300/0,v1:172.21.15.52:6789/0] -- mon_subscribe({config=0+,monmap=0+}) v3 -- 0x7f9bf81065a0 con 0x7f9bf8105b10
2024-05-11T04:12:47.086 INFO:teuthology.orchestra.run.smithi052.stdout:/usr/bin/ceph: stderr
2024-05-11T04:12:46.243+0000 7f9bf77fe700 1 --2- 172.21.15.52:0/3235226206 >> [v2:172.21.15.52:3300/0,v1:172.21.15.52:6789/0] conn(0x7f9bf8105b10 0x7f9bf8105f20 secure :-1 s=READY pgs=20 cs=0 l=1 rev1=1 crypto rx=0x7f9bec0098a0 tx=0x7f9bec009bb0 comp rx=0 tx=0).ready entity=mon.0 client_cookie=61a2d2728ac318fe server_cookie=0 in_seq=0 out_seq=0
2024-05-11T04:12:47.086 INFO:teuthology.orchestra.run.smithi052.stdout:/usr/bin/ceph: stderr
2024-05-11T04:12:46.243+0000 7f9bf67fc700 1 -- 172.21.15.52:0/3235226206 <== mon.0 v2:172.21.15.52:3300/0 1 ==== mon_map magic: 0 v1 ==== 229+0+0 (secure 0 0 0) 0x7f9bec004180 con 0x7f9bf8105b10
2024-05-11T04:12:47.086 INFO:teuthology.orchestra.run.smithi052.stdout:/usr/bin/ceph: stderr
2024-05-11T04:12:46.243+0000 7f9bf67fc700 1 -- 172.21.15.52:0/3235226206 <== mon.0 v2:172.21.15.52:3300/0 2 ==== config(27 keys) v1 ==== 1037+0+0 (secure 0 0 0) 0x7f9bec0042e0 con 0x7f9bf8105b10
2024-05-11T04:12:47.086 INFO:teuthology.orchestra.run.smithi052.stdout:/usr/bin/ceph: stderr
2024-05-11T04:12:46.243+0000 7f9bf67fc700 1 -- 172.21.15.52:0/3235226206 <== mon.0 v2:172.21.15.52:3300/0 3 ==== mon_map magic: 0 v1 ==== 229+0+0 (secure 0 0 0) 0x7f9bec011a50 con 0x7f9bf8105b10
2024-05-11T04:12:47.086 INFO:teuthology.orchestra.run.smithi052.stdout:/usr/bin/ceph: stderr
2024-05-11T04:12:46.244+0000 7f9bfde4f700 1 -- 172.21.15.52:0/3235226206 >> [v2:172.21.15.52:3300/0,v1:172.21.15.52:6789/0] conn(0x7f9bf8105b10 msgr2=0x7f9bf8105f20 secure :-1 s=STATE_CONNECTION_ESTABLISHED l=1).mark_down
2024-05-11T04:12:47.086 INFO:teuthology.orchestra.run.smithi052.stdout:/usr/bin/ceph: stderr
2024-05-11T04:12:46.244+0000 7f9bfde4f700 1 --2- 172.21.15.52:0/3235226206 >> [v2:172.21.15.52:3300/0,v1:172.21.15.52:6789/0] conn(0x7f9bf8105b10 0x7f9bf8105f20 secure :-1 s=READY pgs=20 cs=0 l=1 rev1=1 crypto rx=0x7f9bec0098a0 tx=0x7f9bec009bb0 comp rx=0 tx=0).stop
2024-05-11T04:12:47.087 INFO:teuthology.orchestra.run.smithi052.stdout:/usr/bin/ceph: stderr
2024-05-11T04:12:46.244+0000 7f9bfde4f700 1 -- 172.21.15.52:0/3235226206 shutdown_connections
2024-05-11T04:12:47.087 INFO:teuthology.orchestra.run.smithi052.stdout:/usr/bin/ceph: stderr
2024-05-11T04:12:46.244+0000 7f9bfde4f700 1 --2- 172.21.15.52:0/3235226206 >> [v2:172.21.15.52:3300/0,v1:172.21.15.52:6789/0] conn(0x7f9bf8105b10 0x7f9bf8105f20 unknown :-1 s=CLOSED pgs=20 cs=0 l=1 rev1=1 crypto rx=0 tx=0 comp rx=0 tx=0).stop
2024-05-11T04:12:47.087 INFO:teuthology.orchestra.run.smithi052.stdout:/usr/bin/ceph: stderr
2024-05-11T04:12:46.244+0000 7f9bfde4f700 1 -- 172.21.15.52:0/3235226206 >> 172.21.15.52:0/3235226206 conn(0x7f9bf8101180 msgr2=0x7f9bf8103590 unknown :-1 s=STATE_NONE l=0).mark_down
2024-05-11T04:12:47.087 INFO:teuthology.orchestra.run.smithi052.stdout:/usr/bin/ceph: stderr
2024-05-11T04:12:46.244+0000 7f9bfde4f700 1 -- 172.21.15.52:0/3235226206 shutdown_connections
2024-05-11T04:12:47.087 INFO:teuthology.orchestra.run.smithi052.stdout:/usr/bin/ceph: stderr
2024-05-11T04:12:46.244+0000 7f9bfde4f700 1 -- 172.21.15.52:0/3235226206 wait complete.
2024-05-11T04:12:47.087 INFO:teuthology.orchestra.run.smithi052.stdout:/usr/bin/ceph: stderr
2024-05-11T04:12:46.244+0000 7f9bfde4f700 1 Processor -- start
2024-05-11T04:12:47.087 INFO:teuthology.orchestra.run.smithi052.stdout:/usr/bin/ceph: stderr
2024-05-11T04:12:46.245+0000 7f9bfde4f700 1 -- start start
2024-05-11T04:12:47.087 INFO:teuthology.orchestra.run.smithi052.stdout:/usr/bin/ceph: stderr
2024-05-11T04:12:46.245+0000 7f9bfde4f700 1 --2- >> [v2:172.21.15.52:3300/0,v1:172.21.15.52:6789/0] conn(0x7f9bf8105b10 0x7f9bf8199810 unknown :-1 s=NONE pgs=0 cs=0 l=1 rev1=0 crypto rx=0 tx=0 comp rx=0 tx=0).connect
2024-05-11T04:12:47.087 INFO:teuthology.orchestra.run.smithi052.stdout:/usr/bin/ceph: stderr
2024-05-11T04:12:46.245+0000 7f9bfde4f700 1 -- --> [v2:172.21.15.52:3300/0,v1:172.21.15.52:6789/0] -- mon_getmap magic: 0 v1 -- 0x7f9bf8199d50 con 0x7f9bf8105b10
2024-05-11T04:12:47.087 INFO:teuthology.orchestra.run.smithi052.stdout:/usr/bin/ceph: stderr
2024-05-11T04:12:46.245+0000 7f9bf77fe700 1 --2- >> [v2:172.21.15.52:3300/0,v1:172.21.15.52:6789/0] conn(0x7f9bf8105b10 0x7f9bf8199810 unknown :-1 s=BANNER_CONNECTING pgs=0 cs=0 l=1 rev1=0 crypto rx=0 tx=0 comp rx=0 tx=0)._handle_peer_banner_payload supported=3 required=0
2024-05-11T04:12:47.087 INFO:teuthology.orchestra.run.smithi052.stdout:/usr/bin/ceph: stderr
2024-05-11T04:12:46.245+0000 7f9bf77fe700 1 --2- >> [v2:172.21.15.52:3300/0,v1:172.21.15.52:6789/0] conn(0x7f9bf8105b10 0x7f9bf8199810 unknown :-1 s=HELLO_CONNECTING pgs=0 cs=0 l=1 rev1=1 crypto rx=0 tx=0 comp rx=0 tx=0).handle_hello peer v2:172.21.15.52:3300/0 says I am v2:172.21.15.52:45794/0 (socket says 172.21.15.52:45794)
2024-05-11T04:12:47.087 INFO:teuthology.orchestra.run.smithi052.stdout:/usr/bin/ceph: stderr
2024-05-11T04:12:46.245+0000 7f9bf77fe700 1 -- 172.21.15.52:0/4179111277 learned_addr learned my addr 172.21.15.52:0/4179111277 (peer_addr_for_me v2:172.21.15.52:0/0)
2024-05-11T04:12:47.087 INFO:teuthology.orchestra.run.smithi052.stdout:/usr/bin/ceph: stderr
2024-05-11T04:12:46.245+0000 7f9bf77fe700 1 -- 172.21.15.52:0/4179111277 --> [v2:172.21.15.52:3300/0,v1:172.21.15.52:6789/0] -- mon_subscribe({config=0+,monmap=0+}) v3 -- 0x7f9bec009550 con 0x7f9bf8105b10
2024-05-11T04:12:47.087 INFO:teuthology.orchestra.run.smithi052.stdout:/usr/bin/ceph: stderr
2024-05-11T04:12:46.245+0000 7f9bf77fe700 1 --2- 172.21.15.52:0/4179111277 >> [v2:172.21.15.52:3300/0,v1:172.21.15.52:6789/0] conn(0x7f9bf8105b10 0x7f9bf8199810 secure :-1 s=READY pgs=21 cs=0 l=1 rev1=1 crypto rx=0x7f9bec000c00 tx=0x7f9bec011ab0 comp rx=0 tx=0).ready entity=mon.0 client_cookie=0 server_cookie=0 in_seq=0 out_seq=0
2024-05-11T04:12:47.087 INFO:teuthology.orchestra.run.smithi052.stdout:/usr/bin/ceph: stderr
2024-05-11T04:12:46.246+0000 7f9bf4ff9700 1 -- 172.21.15.52:0/4179111277 <== mon.0 v2:172.21.15.52:3300/0 1 ==== mon_map magic: 0 v1 ==== 229+0+0 (secure 0 0 0) 0x7f9bec003b90 con 0x7f9bf8105b10
2024-05-11T04:12:47.088 INFO:teuthology.orchestra.run.smithi052.stdout:/usr/bin/ceph: stderr
2024-05-11T04:12:46.246+0000 7f9bfde4f700 1 -- 172.21.15.52:0/4179111277 --> [v2:172.21.15.52:3300/0,v1:172.21.15.52:6789/0] -- mon_subscribe({mgrmap=0+}) v3 -- 0x7f9bf8199f50 con 0x7f9bf8105b10
2024-05-11T04:12:47.088 INFO:teuthology.orchestra.run.smithi052.stdout:/usr/bin/ceph: stderr
2024-05-11T04:12:46.246+0000 7f9bf4ff9700 1 -- 172.21.15.52:0/4179111277 <== mon.0 v2:172.21.15.52:3300/0 2 ==== config(27 keys) v1 ==== 1037+0+0 (secure 0 0 0) 0x7f9bec0248b0 con 0x7f9bf8105b10
2024-05-11T04:12:47.088 INFO:teuthology.orchestra.run.smithi052.stdout:/usr/bin/ceph: stderr
2024-05-11T04:12:46.246+0000 7f9bf4ff9700 1 -- 172.21.15.52:0/4179111277 <== mon.0 v2:172.21.15.52:3300/0 3 ==== mon_map magic: 0 v1 ==== 229+0+0 (secure 0 0 0) 0x7f9bec01a8e0 con 0x7f9bf8105b10
2024-05-11T04:12:47.088 INFO:teuthology.orchestra.run.smithi052.stdout:/usr/bin/ceph: stderr
2024-05-11T04:12:46.246+0000 7f9bfde4f700 1 -- 172.21.15.52:0/4179111277 --> [v2:172.21.15.52:3300/0,v1:172.21.15.52:6789/0] -- mon_subscribe({osdmap=0}) v3 -- 0x7f9bf819a370 con 0x7f9bf8105b10
2024-05-11T04:12:47.088 INFO:teuthology.orchestra.run.smithi052.stdout:/usr/bin/ceph: stderr
2024-05-11T04:12:46.246+0000 7f9bf4ff9700 1 -- 172.21.15.52:0/4179111277 <== mon.0 v2:172.21.15.52:3300/0 4 ==== mgrmap(e 4) v1 ==== 45073+0+0 (secure 0 0 0) 0x7f9bec01ab50 con 0x7f9bf8105b10
2024-05-11T04:12:47.088 INFO:teuthology.orchestra.run.smithi052.stdout:/usr/bin/ceph: stderr
2024-05-11T04:12:46.247+0000 7f9bf4ff9700 1 --2- 172.21.15.52:0/4179111277 >> [v2:172.21.15.52:6800/3512636904,v1:172.21.15.52:6801/3512636904] conn(0x7f9be00383f0 0x7f9be003a8a0 unknown :-1 s=NONE pgs=0 cs=0 l=1 rev1=0 crypto rx=0 tx=0 comp rx=0 tx=0).connect
2024-05-11T04:12:47.088 INFO:teuthology.orchestra.run.smithi052.stdout:/usr/bin/ceph: stderr
2024-05-11T04:12:46.247+0000 7f9bfde4f700 1 -- 172.21.15.52:0/4179111277 --> [v2:172.21.15.52:3300/0,v1:172.21.15.52:6789/0] -- mon_command({"prefix": "get_command_descriptions"} v 0) v1 -- 0x7f9bf8062380 con 0x7f9bf8105b10
2024-05-11T04:12:47.088 INFO:teuthology.orchestra.run.smithi052.stdout:/usr/bin/ceph: stderr
2024-05-11T04:12:46.247+0000 7f9bf4ff9700 1 -- 172.21.15.52:0/4179111277 <== mon.0 v2:172.21.15.52:3300/0 5 ==== osd_map(1..1 src has 1..1) v4 ==== 725+0+0 (secure 0 0 0) 0x7f9bec04c060 con 0x7f9bf8105b10
2024-05-11T04:12:47.088 INFO:teuthology.orchestra.run.smithi052.stdout:/usr/bin/ceph: stderr
2024-05-11T04:12:46.247+0000 7f9bf6ffd700 1 --2- 172.21.15.52:0/4179111277 >> [v2:172.21.15.52:6800/3512636904,v1:172.21.15.52:6801/3512636904] conn(0x7f9be00383f0 0x7f9be003a8a0 unknown :-1 s=BANNER_CONNECTING pgs=0 cs=0 l=1 rev1=0 crypto rx=0 tx=0 comp rx=0 tx=0)._handle_peer_banner_payload supported=3 required=0
2024-05-11T04:12:47.088 INFO:teuthology.orchestra.run.smithi052.stdout:/usr/bin/ceph: stderr
2024-05-11T04:12:46.247+0000 7f9bf6ffd700 1 --2- 172.21.15.52:0/4179111277 >> [v2:172.21.15.52:6800/3512636904,v1:172.21.15.52:6801/3512636904] conn(0x7f9be00383f0 0x7f9be003a8a0 secure :-1 s=READY pgs=7 cs=0 l=1 rev1=1 crypto rx=0x7f9be8006fd0 tx=0x7f9be8006e40 comp rx=0 tx=0).ready entity=mgr.14100 client_cookie=0 server_cookie=0 in_seq=0 out_seq=0
2024-05-11T04:12:47.088 INFO:teuthology.orchestra.run.smithi052.stdout:/usr/bin/ceph: stderr
2024-05-11T04:12:46.252+0000 7f9bf4ff9700 1 -- 172.21.15.52:0/4179111277 <== mon.0 v2:172.21.15.52:3300/0 6 ==== mon_command_ack([{"prefix": "get_command_descriptions"}]=0 v0) v1 ==== 72+0+177933 (secure 0 0 0) 0x7f9bec01ae00 con 0x7f9bf8105b10
2024-05-11T04:12:47.088 INFO:teuthology.orchestra.run.smithi052.stdout:/usr/bin/ceph: stderr
2024-05-11T04:12:46.450+0000 7f9bfde4f700 1 -- 172.21.15.52:0/4179111277 --> [v2:172.21.15.52:3300/0,v1:172.21.15.52:6789/0] -- mon_command({"prefix": "config assimilate-conf"} v 0) v1 -- 0x7f9bf819d1d0 con 0x7f9bf8105b10
2024-05-11T04:12:47.088 INFO:teuthology.orchestra.run.smithi052.stdout:/usr/bin/ceph: stderr
2024-05-11T04:12:46.451+0000 7f9bf4ff9700 1 -- 172.21.15.52:0/4179111277 <== mon.0 v2:172.21.15.52:3300/0 7 ==== mon_command_ack([{"prefix": "config assimilate-conf"}]=0 v3) v1 ==== 70+0+373 (secure 0 0 0) 0x7f9bec018b40 con 0x7f9bf8105b10
2024-05-11T04:12:47.088 INFO:teuthology.orchestra.run.smithi052.stdout:/usr/bin/ceph: stderr
2024-05-11T04:12:46.453+0000 7f9bfde4f700 1 -- 172.21.15.52:0/4179111277 >> [v2:172.21.15.52:6800/3512636904,v1:172.21.15.52:6801/3512636904] conn(0x7f9be00383f0 msgr2=0x7f9be003a8a0 secure :-1 s=STATE_CONNECTION_ESTABLISHED l=1).mark_down
2024-05-11T04:12:47.088 INFO:teuthology.orchestra.run.smithi052.stdout:/usr/bin/ceph: stderr
2024-05-11T04:12:46.453+0000 7f9bfde4f700 1 --2- 172.21.15.52:0/4179111277 >> [v2:172.21.15.52:6800/3512636904,v1:172.21.15.52:6801/3512636904] conn(0x7f9be00383f0 0x7f9be003a8a0 secure :-1 s=READY pgs=7 cs=0 l=1 rev1=1 crypto rx=0x7f9be8006fd0 tx=0x7f9be8006e40 comp rx=0 tx=0).stop
2024-05-11T04:12:47.089 INFO:teuthology.orchestra.run.smithi052.stdout:/usr/bin/ceph: stderr
2024-05-11T04:12:46.453+0000 7f9bfde4f700 1 -- 172.21.15.52:0/4179111277 >> [v2:172.21.15.52:3300/0,v1:172.21.15.52:6789/0] conn(0x7f9bf8105b10 msgr2=0x7f9bf8199810 secure :-1 s=STATE_CONNECTION_ESTABLISHED l=1).mark_down
2024-05-11T04:12:47.089 INFO:teuthology.orchestra.run.smithi052.stdout:/usr/bin/ceph: stderr
2024-05-11T04:12:46.453+0000 7f9bfde4f700 1 --2- 172.21.15.52:0/4179111277 >> [v2:172.21.15.52:3300/0,v1:172.21.15.52:6789/0] conn(0x7f9bf8105b10 0x7f9bf8199810 secure :-1 s=READY pgs=21 cs=0 l=1 rev1=1 crypto rx=0x7f9bec000c00 tx=0x7f9bec011ab0 comp rx=0 tx=0).stop
2024-05-11T04:12:47.089 INFO:teuthology.orchestra.run.smithi052.stdout:/usr/bin/ceph: stderr
2024-05-11T04:12:46.453+0000 7f9bfde4f700 1 -- 172.21.15.52:0/4179111277 shutdown_connections
2024-05-11T04:12:47.089 INFO:teuthology.orchestra.run.smithi052.stdout:/usr/bin/ceph: stderr
2024-05-11T04:12:46.453+0000 7f9bfde4f700 1 --2- 172.21.15.52:0/4179111277 >> [v2:172.21.15.52:6800/3512636904,v1:172.21.15.52:6801/3512636904] conn(0x7f9be00383f0 0x7f9be003a8a0 unknown :-1 s=CLOSED pgs=7 cs=0 l=1 rev1=1 crypto rx=0 tx=0 comp rx=0 tx=0).stop
2024-05-11T04:12:47.089 INFO:teuthology.orchestra.run.smithi052.stdout:/usr/bin/ceph: stderr
2024-05-11T04:12:46.453+0000 7f9bfde4f700 1 --2- 172.21.15.52:0/4179111277 >> [v2:172.21.15.52:3300/0,v1:172.21.15.52:6789/0] conn(0x7f9bf8105b10 0x7f9bf8199810 unknown :-1 s=CLOSED pgs=21 cs=0 l=1 rev1=1 crypto rx=0 tx=0 comp rx=0 tx=0).stop
2024-05-11T04:12:47.089 INFO:teuthology.orchestra.run.smithi052.stdout:/usr/bin/ceph: stderr
2024-05-11T04:12:46.453+0000 7f9bfde4f700 1 -- 172.21.15.52:0/4179111277 >> 172.21.15.52:0/4179111277 conn(0x7f9bf8101180 msgr2=0x7f9bf8101f00 unknown :-1 s=STATE_NONE l=0).mark_down
2024-05-11T04:12:47.089 INFO:teuthology.orchestra.run.smithi052.stdout:/usr/bin/ceph: stderr
2024-05-11T04:12:46.454+0000 7f9bfde4f700 1 -- 172.21.15.52:0/4179111277 shutdown_connections
2024-05-11T04:12:47.089 INFO:teuthology.orchestra.run.smithi052.stdout:/usr/bin/ceph: stderr
2024-05-11T04:12:46.454+0000 7f9bfde4f700 1 -- 172.21.15.52:0/4179111277 wait complete.
2024-05-11T04:12:47.089 INFO:teuthology.orchestra.run.smithi052.stdout:Enabling cephadm module...
2024-05-11T04:12:48.104 INFO:journalctl@ceph.mon.smithi052.smithi052.stdout:May 11 04:12:47 smithi052 ceph-mon[26970]: from='client.? 172.21.15.52:0/1985861627' entity='client.admin' cmd=[{"prefix": "mgr module enable", "module": "cephadm"}]: dispatch
2024-05-11T04:12:48.354 INFO:teuthology.orchestra.run.smithi052.stdout:/usr/bin/ceph: stderr
2024-05-11T04:12:47.473+0000 7f8055191700 1 Processor -- start
2024-05-11T04:12:48.354 INFO:teuthology.orchestra.run.smithi052.stdout:/usr/bin/ceph: stderr
2024-05-11T04:12:47.473+0000 7f8055191700 1 -- start start
2024-05-11T04:12:48.354 INFO:teuthology.orchestra.run.smithi052.stdout:/usr/bin/ceph: stderr
2024-05-11T04:12:47.473+0000 7f8055191700 1 --2- >> [v2:172.21.15.52:3300/0,v1:172.21.15.52:6789/0] conn(0x7f8050105b10 0x7f8050105f20 unknown :-1 s=NONE pgs=0 cs=0 l=0 rev1=0 crypto rx=0 tx=0 comp rx=0 tx=0).connect
2024-05-11T04:12:48.354 INFO:teuthology.orchestra.run.smithi052.stdout:/usr/bin/ceph: stderr
2024-05-11T04:12:47.473+0000 7f8055191700 1 -- --> [v2:172.21.15.52:3300/0,v1:172.21.15.52:6789/0] -- mon_getmap magic: 0 v1 -- 0x7f8050106460 con 0x7f8050105b10
2024-05-11T04:12:48.355 INFO:teuthology.orchestra.run.smithi052.stdout:/usr/bin/ceph: stderr
2024-05-11T04:12:47.474+0000 7f804ed9d700 1 --2- >> [v2:172.21.15.52:3300/0,v1:172.21.15.52:6789/0] conn(0x7f8050105b10 0x7f8050105f20 unknown :-1 s=BANNER_CONNECTING pgs=0 cs=0 l=0 rev1=0 crypto rx=0 tx=0 comp rx=0 tx=0)._handle_peer_banner_payload supported=3 required=0
2024-05-11T04:12:48.355 INFO:teuthology.orchestra.run.smithi052.stdout:/usr/bin/ceph: stderr
2024-05-11T04:12:47.474+0000 7f804ed9d700 1 --2- >> [v2:172.21.15.52:3300/0,v1:172.21.15.52:6789/0] conn(0x7f8050105b10 0x7f8050105f20 unknown :-1 s=HELLO_CONNECTING pgs=0 cs=0 l=0 rev1=1 crypto rx=0 tx=0 comp rx=0 tx=0).handle_hello peer v2:172.21.15.52:3300/0 says I am v2:172.21.15.52:45808/0 (socket says 172.21.15.52:45808)
2024-05-11T04:12:48.355 INFO:teuthology.orchestra.run.smithi052.stdout:/usr/bin/ceph: stderr
2024-05-11T04:12:47.474+0000 7f804ed9d700 1 -- 172.21.15.52:0/2956295269 learned_addr learned my addr 172.21.15.52:0/2956295269 (peer_addr_for_me v2:172.21.15.52:0/0)
2024-05-11T04:12:48.355 INFO:teuthology.orchestra.run.smithi052.stdout:/usr/bin/ceph: stderr
2024-05-11T04:12:47.474+0000 7f804ed9d700 1 -- 172.21.15.52:0/2956295269 --> [v2:172.21.15.52:3300/0,v1:172.21.15.52:6789/0] -- mon_subscribe({config=0+,monmap=0+}) v3 -- 0x7f80501065a0 con 0x7f8050105b10
2024-05-11T04:12:48.355 INFO:teuthology.orchestra.run.smithi052.stdout:/usr/bin/ceph: stderr
2024-05-11T04:12:47.474+0000 7f804ed9d700 1 --2- 172.21.15.52:0/2956295269 >> [v2:172.21.15.52:3300/0,v1:172.21.15.52:6789/0] conn(0x7f8050105b10 0x7f8050105f20 secure :-1 s=READY pgs=22 cs=0 l=1 rev1=1 crypto rx=0x7f80400098a0 tx=0x7f8040009bb0 comp rx=0 tx=0).ready entity=mon.0 client_cookie=825449b54e173e8c server_cookie=0 in_seq=0 out_seq=0
2024-05-11T04:12:48.355 INFO:teuthology.orchestra.run.smithi052.stdout:/usr/bin/ceph: stderr
2024-05-11T04:12:47.474+0000 7f804dd9b700 1 -- 172.21.15.52:0/2956295269 <== mon.0 v2:172.21.15.52:3300/0 1 ==== mon_map magic: 0 v1 ==== 229+0+0 (secure 0 0 0) 0x7f8040004180 con 0x7f8050105b10
2024-05-11T04:12:48.355 INFO:teuthology.orchestra.run.smithi052.stdout:/usr/bin/ceph: stderr
