2024-05-11T04:12:47.475+0000 7f804dd9b700 1 -- 172.21.15.52:0/2956295269 <== mon.0 v2:172.21.15.52:3300/0 2 ==== config(27 keys) v1 ==== 1037+0+0 (secure 0 0 0) 0x7f80400042e0 con 0x7f8050105b10
2024-05-11T04:12:48.355 INFO:teuthology.orchestra.run.smithi052.stdout:/usr/bin/ceph: stderr
2024-05-11T04:12:47.475+0000 7f804dd9b700 1 -- 172.21.15.52:0/2956295269 <== mon.0 v2:172.21.15.52:3300/0 3 ==== mon_map magic: 0 v1 ==== 229+0+0 (secure 0 0 0) 0x7f8040011a50 con 0x7f8050105b10
2024-05-11T04:12:48.355 INFO:teuthology.orchestra.run.smithi052.stdout:/usr/bin/ceph: stderr
2024-05-11T04:12:47.475+0000 7f8055191700 1 -- 172.21.15.52:0/2956295269 >> [v2:172.21.15.52:3300/0,v1:172.21.15.52:6789/0] conn(0x7f8050105b10 msgr2=0x7f8050105f20 secure :-1 s=STATE_CONNECTION_ESTABLISHED l=1).mark_down
2024-05-11T04:12:48.355 INFO:teuthology.orchestra.run.smithi052.stdout:/usr/bin/ceph: stderr
2024-05-11T04:12:47.475+0000 7f8055191700 1 --2- 172.21.15.52:0/2956295269 >> [v2:172.21.15.52:3300/0,v1:172.21.15.52:6789/0] conn(0x7f8050105b10 0x7f8050105f20 secure :-1 s=READY pgs=22 cs=0 l=1 rev1=1 crypto rx=0x7f80400098a0 tx=0x7f8040009bb0 comp rx=0 tx=0).stop
2024-05-11T04:12:48.355 INFO:teuthology.orchestra.run.smithi052.stdout:/usr/bin/ceph: stderr
2024-05-11T04:12:47.475+0000 7f8055191700 1 -- 172.21.15.52:0/2956295269 shutdown_connections
2024-05-11T04:12:48.355 INFO:teuthology.orchestra.run.smithi052.stdout:/usr/bin/ceph: stderr
2024-05-11T04:12:47.475+0000 7f8055191700 1 --2- 172.21.15.52:0/2956295269 >> [v2:172.21.15.52:3300/0,v1:172.21.15.52:6789/0] conn(0x7f8050105b10 0x7f8050105f20 unknown :-1 s=CLOSED pgs=22 cs=0 l=1 rev1=1 crypto rx=0 tx=0 comp rx=0 tx=0).stop
2024-05-11T04:12:48.355 INFO:teuthology.orchestra.run.smithi052.stdout:/usr/bin/ceph: stderr
2024-05-11T04:12:47.475+0000 7f8055191700 1 -- 172.21.15.52:0/2956295269 >> 172.21.15.52:0/2956295269 conn(0x7f8050101180 msgr2=0x7f8050103590 unknown :-1 s=STATE_NONE l=0).mark_down
2024-05-11T04:12:48.356 INFO:teuthology.orchestra.run.smithi052.stdout:/usr/bin/ceph: stderr
2024-05-11T04:12:47.475+0000 7f8055191700 1 -- 172.21.15.52:0/2956295269 shutdown_connections
2024-05-11T04:12:48.356 INFO:teuthology.orchestra.run.smithi052.stdout:/usr/bin/ceph: stderr
2024-05-11T04:12:47.475+0000 7f8055191700 1 -- 172.21.15.52:0/2956295269 wait complete.
2024-05-11T04:12:48.356 INFO:teuthology.orchestra.run.smithi052.stdout:/usr/bin/ceph: stderr
2024-05-11T04:12:47.476+0000 7f8055191700 1 Processor -- start
2024-05-11T04:12:48.356 INFO:teuthology.orchestra.run.smithi052.stdout:/usr/bin/ceph: stderr
2024-05-11T04:12:47.476+0000 7f8055191700 1 -- start start
2024-05-11T04:12:48.356 INFO:teuthology.orchestra.run.smithi052.stdout:/usr/bin/ceph: stderr
2024-05-11T04:12:47.476+0000 7f8055191700 1 --2- >> [v2:172.21.15.52:3300/0,v1:172.21.15.52:6789/0] conn(0x7f8050105b10 0x7f8050199860 unknown :-1 s=NONE pgs=0 cs=0 l=1 rev1=0 crypto rx=0 tx=0 comp rx=0 tx=0).connect
2024-05-11T04:12:48.356 INFO:teuthology.orchestra.run.smithi052.stdout:/usr/bin/ceph: stderr
2024-05-11T04:12:47.476+0000 7f8055191700 1 -- --> [v2:172.21.15.52:3300/0,v1:172.21.15.52:6789/0] -- mon_getmap magic: 0 v1 -- 0x7f8050199da0 con 0x7f8050105b10
2024-05-11T04:12:48.356 INFO:teuthology.orchestra.run.smithi052.stdout:/usr/bin/ceph: stderr
2024-05-11T04:12:47.476+0000 7f804ed9d700 1 --2- >> [v2:172.21.15.52:3300/0,v1:172.21.15.52:6789/0] conn(0x7f8050105b10 0x7f8050199860 unknown :-1 s=BANNER_CONNECTING pgs=0 cs=0 l=1 rev1=0 crypto rx=0 tx=0 comp rx=0 tx=0)._handle_peer_banner_payload supported=3 required=0
2024-05-11T04:12:48.356 INFO:teuthology.orchestra.run.smithi052.stdout:/usr/bin/ceph: stderr
2024-05-11T04:12:47.476+0000 7f804ed9d700 1 --2- >> [v2:172.21.15.52:3300/0,v1:172.21.15.52:6789/0] conn(0x7f8050105b10 0x7f8050199860 unknown :-1 s=HELLO_CONNECTING pgs=0 cs=0 l=1 rev1=1 crypto rx=0 tx=0 comp rx=0 tx=0).handle_hello peer v2:172.21.15.52:3300/0 says I am v2:172.21.15.52:45812/0 (socket says 172.21.15.52:45812)
2024-05-11T04:12:48.356 INFO:teuthology.orchestra.run.smithi052.stdout:/usr/bin/ceph: stderr
2024-05-11T04:12:47.476+0000 7f804ed9d700 1 -- 172.21.15.52:0/1985861627 learned_addr learned my addr 172.21.15.52:0/1985861627 (peer_addr_for_me v2:172.21.15.52:0/0)
2024-05-11T04:12:48.356 INFO:teuthology.orchestra.run.smithi052.stdout:/usr/bin/ceph: stderr
2024-05-11T04:12:47.477+0000 7f804ed9d700 1 -- 172.21.15.52:0/1985861627 --> [v2:172.21.15.52:3300/0,v1:172.21.15.52:6789/0] -- mon_subscribe({config=0+,monmap=0+}) v3 -- 0x7f8040009550 con 0x7f8050105b10
2024-05-11T04:12:48.356 INFO:teuthology.orchestra.run.smithi052.stdout:/usr/bin/ceph: stderr
2024-05-11T04:12:47.477+0000 7f804ed9d700 1 --2- 172.21.15.52:0/1985861627 >> [v2:172.21.15.52:3300/0,v1:172.21.15.52:6789/0] conn(0x7f8050105b10 0x7f8050199860 secure :-1 s=READY pgs=23 cs=0 l=1 rev1=1 crypto rx=0x7f8040000c00 tx=0x7f8040011ab0 comp rx=0 tx=0).ready entity=mon.0 client_cookie=0 server_cookie=0 in_seq=0 out_seq=0
2024-05-11T04:12:48.356 INFO:teuthology.orchestra.run.smithi052.stdout:/usr/bin/ceph: stderr
2024-05-11T04:12:47.477+0000 7f8047fff700 1 -- 172.21.15.52:0/1985861627 <== mon.0 v2:172.21.15.52:3300/0 1 ==== mon_map magic: 0 v1 ==== 229+0+0 (secure 0 0 0) 0x7f8040003b90 con 0x7f8050105b10
2024-05-11T04:12:48.356 INFO:teuthology.orchestra.run.smithi052.stdout:/usr/bin/ceph: stderr
2024-05-11T04:12:47.477+0000 7f8047fff700 1 -- 172.21.15.52:0/1985861627 <== mon.0 v2:172.21.15.52:3300/0 2 ==== config(27 keys) v1 ==== 1037+0+0 (secure 0 0 0) 0x7f80400248b0 con 0x7f8050105b10
2024-05-11T04:12:48.356 INFO:teuthology.orchestra.run.smithi052.stdout:/usr/bin/ceph: stderr
2024-05-11T04:12:47.477+0000 7f8055191700 1 -- 172.21.15.52:0/1985861627 --> [v2:172.21.15.52:3300/0,v1:172.21.15.52:6789/0] -- mon_subscribe({mgrmap=0+}) v3 -- 0x7f8050199fa0 con 0x7f8050105b10
2024-05-11T04:12:48.356 INFO:teuthology.orchestra.run.smithi052.stdout:/usr/bin/ceph: stderr
2024-05-11T04:12:47.477+0000 7f8047fff700 1 -- 172.21.15.52:0/1985861627 <== mon.0 v2:172.21.15.52:3300/0 3 ==== mon_map magic: 0 v1 ==== 229+0+0 (secure 0 0 0) 0x7f804001a8e0 con 0x7f8050105b10
2024-05-11T04:12:48.357 INFO:teuthology.orchestra.run.smithi052.stdout:/usr/bin/ceph: stderr
2024-05-11T04:12:47.477+0000 7f8055191700 1 -- 172.21.15.52:0/1985861627 --> [v2:172.21.15.52:3300/0,v1:172.21.15.52:6789/0] -- mon_subscribe({osdmap=0}) v3 -- 0x7f805019a3c0 con 0x7f8050105b10
2024-05-11T04:12:48.357 INFO:teuthology.orchestra.run.smithi052.stdout:/usr/bin/ceph: stderr
2024-05-11T04:12:47.478+0000 7f8047fff700 1 -- 172.21.15.52:0/1985861627 <== mon.0 v2:172.21.15.52:3300/0 4 ==== mgrmap(e 4) v1 ==== 45073+0+0 (secure 0 0 0) 0x7f804001aba0 con 0x7f8050105b10
2024-05-11T04:12:48.357 INFO:teuthology.orchestra.run.smithi052.stdout:/usr/bin/ceph: stderr
2024-05-11T04:12:47.478+0000 7f8055191700 1 -- 172.21.15.52:0/1985861627 --> [v2:172.21.15.52:3300/0,v1:172.21.15.52:6789/0] -- mon_command({"prefix": "get_command_descriptions"} v 0) v1 -- 0x7f8050062380 con 0x7f8050105b10
2024-05-11T04:12:48.357 INFO:teuthology.orchestra.run.smithi052.stdout:/usr/bin/ceph: stderr
2024-05-11T04:12:47.478+0000 7f8047fff700 1 --2- 172.21.15.52:0/1985861627 >> [v2:172.21.15.52:6800/3512636904,v1:172.21.15.52:6801/3512636904] conn(0x7f803c0383a0 0x7f803c03a850 unknown :-1 s=NONE pgs=0 cs=0 l=1 rev1=0 crypto rx=0 tx=0 comp rx=0 tx=0).connect
2024-05-11T04:12:48.357 INFO:teuthology.orchestra.run.smithi052.stdout:/usr/bin/ceph: stderr
2024-05-11T04:12:47.478+0000 7f8047fff700 1 -- 172.21.15.52:0/1985861627 <== mon.0 v2:172.21.15.52:3300/0 5 ==== osd_map(1..1 src has 1..1) v4 ==== 725+0+0 (secure 0 0 0) 0x7f804004c0d0 con 0x7f8050105b10
2024-05-11T04:12:48.357 INFO:teuthology.orchestra.run.smithi052.stdout:/usr/bin/ceph: stderr
2024-05-11T04:12:47.478+0000 7f804e59c700 1 --2- 172.21.15.52:0/1985861627 >> [v2:172.21.15.52:6800/3512636904,v1:172.21.15.52:6801/3512636904] conn(0x7f803c0383a0 0x7f803c03a850 unknown :-1 s=BANNER_CONNECTING pgs=0 cs=0 l=1 rev1=0 crypto rx=0 tx=0 comp rx=0 tx=0)._handle_peer_banner_payload supported=3 required=0
2024-05-11T04:12:48.357 INFO:teuthology.orchestra.run.smithi052.stdout:/usr/bin/ceph: stderr
2024-05-11T04:12:47.479+0000 7f804e59c700 1 --2- 172.21.15.52:0/1985861627 >> [v2:172.21.15.52:6800/3512636904,v1:172.21.15.52:6801/3512636904] conn(0x7f803c0383a0 0x7f803c03a850 secure :-1 s=READY pgs=8 cs=0 l=1 rev1=1 crypto rx=0x7f8038006fd0 tx=0x7f8038006e40 comp rx=0 tx=0).ready entity=mgr.14100 client_cookie=0 server_cookie=0 in_seq=0 out_seq=0
2024-05-11T04:12:48.357 INFO:teuthology.orchestra.run.smithi052.stdout:/usr/bin/ceph: stderr
2024-05-11T04:12:47.483+0000 7f8047fff700 1 -- 172.21.15.52:0/1985861627 <== mon.0 v2:172.21.15.52:3300/0 6 ==== mon_command_ack([{"prefix": "get_command_descriptions"}]=0 v0) v1 ==== 72+0+177933 (secure 0 0 0) 0x7f80400233a0 con 0x7f8050105b10
2024-05-11T04:12:48.357 INFO:teuthology.orchestra.run.smithi052.stdout:/usr/bin/ceph: stderr
2024-05-11T04:12:47.744+0000 7f8055191700 1 -- 172.21.15.52:0/1985861627 --> [v2:172.21.15.52:3300/0,v1:172.21.15.52:6789/0] -- mon_command({"prefix": "mgr module enable", "module": "cephadm"} v 0) v1 -- 0x7f8050107980 con 0x7f8050105b10
2024-05-11T04:12:48.357 INFO:teuthology.orchestra.run.smithi052.stdout:/usr/bin/ceph: stderr
2024-05-11T04:12:47.796+0000 7f8047fff700 1 -- 172.21.15.52:0/1985861627 <== mon.0 v2:172.21.15.52:3300/0 7 ==== mgrmap(e 5) v1 ==== 45084+0+0 (secure 0 0 0) 0x7f8040018350 con 0x7f8050105b10
2024-05-11T04:12:48.357 INFO:teuthology.orchestra.run.smithi052.stdout:/usr/bin/ceph: stderr
2024-05-11T04:12:47.797+0000 7f8047fff700 1 -- 172.21.15.52:0/1985861627 <== mon.0 v2:172.21.15.52:3300/0 8 ==== mon_command_ack([{"prefix": "mgr module enable", "module": "cephadm"}]=0 v5) v1 ==== 86+0+0 (secure 0 0 0) 0x7f804004be30 con 0x7f8050105b10
2024-05-11T04:12:48.357 INFO:teuthology.orchestra.run.smithi052.stdout:/usr/bin/ceph: stderr
2024-05-11T04:12:47.800+0000 7f8055191700 1 -- 172.21.15.52:0/1985861627 >> [v2:172.21.15.52:6800/3512636904,v1:172.21.15.52:6801/3512636904] conn(0x7f803c0383a0 msgr2=0x7f803c03a850 secure :-1 s=STATE_CONNECTION_ESTABLISHED l=1).mark_down
2024-05-11T04:12:48.357 INFO:teuthology.orchestra.run.smithi052.stdout:/usr/bin/ceph: stderr
2024-05-11T04:12:47.800+0000 7f8055191700 1 --2- 172.21.15.52:0/1985861627 >> [v2:172.21.15.52:6800/3512636904,v1:172.21.15.52:6801/3512636904] conn(0x7f803c0383a0 0x7f803c03a850 secure :-1 s=READY pgs=8 cs=0 l=1 rev1=1 crypto rx=0x7f8038006fd0 tx=0x7f8038006e40 comp rx=0 tx=0).stop
2024-05-11T04:12:48.357 INFO:teuthology.orchestra.run.smithi052.stdout:/usr/bin/ceph: stderr
2024-05-11T04:12:47.800+0000 7f8055191700 1 -- 172.21.15.52:0/1985861627 >> [v2:172.21.15.52:3300/0,v1:172.21.15.52:6789/0] conn(0x7f8050105b10 msgr2=0x7f8050199860 secure :-1 s=STATE_CONNECTION_ESTABLISHED l=1).mark_down
2024-05-11T04:12:48.357 INFO:teuthology.orchestra.run.smithi052.stdout:/usr/bin/ceph: stderr
2024-05-11T04:12:47.800+0000 7f8055191700 1 --2- 172.21.15.52:0/1985861627 >> [v2:172.21.15.52:3300/0,v1:172.21.15.52:6789/0] conn(0x7f8050105b10 0x7f8050199860 secure :-1 s=READY pgs=23 cs=0 l=1 rev1=1 crypto rx=0x7f8040000c00 tx=0x7f8040011ab0 comp rx=0 tx=0).stop
2024-05-11T04:12:48.358 INFO:teuthology.orchestra.run.smithi052.stdout:/usr/bin/ceph: stderr
2024-05-11T04:12:47.800+0000 7f8055191700 1 -- 172.21.15.52:0/1985861627 shutdown_connections
2024-05-11T04:12:48.358 INFO:teuthology.orchestra.run.smithi052.stdout:/usr/bin/ceph: stderr
2024-05-11T04:12:47.800+0000 7f8055191700 1 --2- 172.21.15.52:0/1985861627 >> [v2:172.21.15.52:6800/3512636904,v1:172.21.15.52:6801/3512636904] conn(0x7f803c0383a0 0x7f803c03a850 secure :-1 s=CLOSED pgs=8 cs=0 l=1 rev1=1 crypto rx=0x7f8038006fd0 tx=0x7f8038006e40 comp rx=0 tx=0).stop
2024-05-11T04:12:48.358 INFO:teuthology.orchestra.run.smithi052.stdout:/usr/bin/ceph: stderr
2024-05-11T04:12:47.800+0000 7f8055191700 1 --2- 172.21.15.52:0/1985861627 >> [v2:172.21.15.52:3300/0,v1:172.21.15.52:6789/0] conn(0x7f8050105b10 0x7f8050199860 unknown :-1 s=CLOSED pgs=23 cs=0 l=1 rev1=1 crypto rx=0 tx=0 comp rx=0 tx=0).stop
2024-05-11T04:12:48.358 INFO:teuthology.orchestra.run.smithi052.stdout:/usr/bin/ceph: stderr
2024-05-11T04:12:47.800+0000 7f8055191700 1 -- 172.21.15.52:0/1985861627 >> 172.21.15.52:0/1985861627 conn(0x7f8050101180 msgr2=0x7f80501027c0 unknown :-1 s=STATE_NONE l=0).mark_down
2024-05-11T04:12:48.358 INFO:teuthology.orchestra.run.smithi052.stdout:/usr/bin/ceph: stderr
2024-05-11T04:12:47.800+0000 7f8055191700 1 -- 172.21.15.52:0/1985861627 shutdown_connections
2024-05-11T04:12:48.358 INFO:teuthology.orchestra.run.smithi052.stdout:/usr/bin/ceph: stderr
2024-05-11T04:12:47.800+0000 7f8055191700 1 -- 172.21.15.52:0/1985861627 wait complete.
2024-05-11T04:12:49.055 INFO:journalctl@ceph.mon.smithi052.smithi052.stdout:May 11 04:12:48 smithi052 ceph-mon[26970]: from='client.? 172.21.15.52:0/1985861627' entity='client.admin' cmd='[{"prefix": "mgr module enable", "module": "cephadm"}]': finished
2024-05-11T04:12:49.055 INFO:journalctl@ceph.mon.smithi052.smithi052.stdout:May 11 04:12:48 smithi052 ceph-mon[26970]: mgrmap e5: smithi052.nvmdub(active, since 6s)
2024-05-11T04:12:49.752 INFO:teuthology.orchestra.run.smithi052.stdout:/usr/bin/ceph: stdout {
2024-05-11T04:12:49.753 INFO:teuthology.orchestra.run.smithi052.stdout:/usr/bin/ceph: stdout "epoch": 5,
2024-05-11T04:12:49.753 INFO:teuthology.orchestra.run.smithi052.stdout:/usr/bin/ceph: stdout "available": true,
2024-05-11T04:12:49.753 INFO:teuthology.orchestra.run.smithi052.stdout:/usr/bin/ceph: stdout "active_name": "smithi052.nvmdub",
2024-05-11T04:12:49.753 INFO:teuthology.orchestra.run.smithi052.stdout:/usr/bin/ceph: stdout "num_standby": 0
2024-05-11T04:12:49.753 INFO:teuthology.orchestra.run.smithi052.stdout:/usr/bin/ceph: stdout }
2024-05-11T04:12:49.753 INFO:teuthology.orchestra.run.smithi052.stdout:/usr/bin/ceph: stderr
2024-05-11T04:12:48.778+0000 7f1d9a029700 1 Processor -- start
2024-05-11T04:12:49.753 INFO:teuthology.orchestra.run.smithi052.stdout:/usr/bin/ceph: stderr
2024-05-11T04:12:48.778+0000 7f1d9a029700 1 -- start start
2024-05-11T04:12:49.753 INFO:teuthology.orchestra.run.smithi052.stdout:/usr/bin/ceph: stderr
2024-05-11T04:12:48.779+0000 7f1d9a029700 1 --2- >> [v2:172.21.15.52:3300/0,v1:172.21.15.52:6789/0] conn(0x7f1d94104a30 0x7f1d94104e40 unknown :-1 s=NONE pgs=0 cs=0 l=0 rev1=0 crypto rx=0 tx=0 comp rx=0 tx=0).connect
2024-05-11T04:12:49.753 INFO:teuthology.orchestra.run.smithi052.stdout:/usr/bin/ceph: stderr
2024-05-11T04:12:48.779+0000 7f1d9a029700 1 -- --> [v2:172.21.15.52:3300/0,v1:172.21.15.52:6789/0] -- mon_getmap magic: 0 v1 -- 0x7f1d94105380 con 0x7f1d94104a30
2024-05-11T04:12:49.753 INFO:teuthology.orchestra.run.smithi052.stdout:/usr/bin/ceph: stderr
2024-05-11T04:12:48.779+0000 7f1d937fe700 1 --2- >> [v2:172.21.15.52:3300/0,v1:172.21.15.52:6789/0] conn(0x7f1d94104a30 0x7f1d94104e40 unknown :-1 s=BANNER_CONNECTING pgs=0 cs=0 l=0 rev1=0 crypto rx=0 tx=0 comp rx=0 tx=0)._handle_peer_banner_payload supported=3 required=0
2024-05-11T04:12:49.753 INFO:teuthology.orchestra.run.smithi052.stdout:/usr/bin/ceph: stderr
2024-05-11T04:12:48.779+0000 7f1d937fe700 1 --2- >> [v2:172.21.15.52:3300/0,v1:172.21.15.52:6789/0] conn(0x7f1d94104a30 0x7f1d94104e40 unknown :-1 s=HELLO_CONNECTING pgs=0 cs=0 l=0 rev1=1 crypto rx=0 tx=0 comp rx=0 tx=0).handle_hello peer v2:172.21.15.52:3300/0 says I am v2:172.21.15.52:45846/0 (socket says 172.21.15.52:45846)
2024-05-11T04:12:49.753 INFO:teuthology.orchestra.run.smithi052.stdout:/usr/bin/ceph: stderr
2024-05-11T04:12:48.779+0000 7f1d937fe700 1 -- 172.21.15.52:0/2735933959 learned_addr learned my addr 172.21.15.52:0/2735933959 (peer_addr_for_me v2:172.21.15.52:0/0)
2024-05-11T04:12:49.753 INFO:teuthology.orchestra.run.smithi052.stdout:/usr/bin/ceph: stderr
2024-05-11T04:12:48.779+0000 7f1d937fe700 1 -- 172.21.15.52:0/2735933959 --> [v2:172.21.15.52:3300/0,v1:172.21.15.52:6789/0] -- mon_subscribe({config=0+,monmap=0+}) v3 -- 0x7f1d941054c0 con 0x7f1d94104a30
2024-05-11T04:12:49.753 INFO:teuthology.orchestra.run.smithi052.stdout:/usr/bin/ceph: stderr
2024-05-11T04:12:48.779+0000 7f1d937fe700 1 --2- 172.21.15.52:0/2735933959 >> [v2:172.21.15.52:3300/0,v1:172.21.15.52:6789/0] conn(0x7f1d94104a30 0x7f1d94104e40 secure :-1 s=READY pgs=26 cs=0 l=1 rev1=1 crypto rx=0x7f1d840098a0 tx=0x7f1d84009bb0 comp rx=0 tx=0).ready entity=mon.0 client_cookie=a17d57b1d21de0a5 server_cookie=0 in_seq=0 out_seq=0
2024-05-11T04:12:49.753 INFO:teuthology.orchestra.run.smithi052.stdout:/usr/bin/ceph: stderr
2024-05-11T04:12:48.779+0000 7f1d927fc700 1 -- 172.21.15.52:0/2735933959 <== mon.0 v2:172.21.15.52:3300/0 1 ==== mon_map magic: 0 v1 ==== 229+0+0 (secure 0 0 0) 0x7f1d84004180 con 0x7f1d94104a30
2024-05-11T04:12:49.754 INFO:teuthology.orchestra.run.smithi052.stdout:/usr/bin/ceph: stderr
2024-05-11T04:12:48.779+0000 7f1d927fc700 1 -- 172.21.15.52:0/2735933959 <== mon.0 v2:172.21.15.52:3300/0 2 ==== config(27 keys) v1 ==== 1037+0+0 (secure 0 0 0) 0x7f1d840042e0 con 0x7f1d94104a30
2024-05-11T04:12:49.754 INFO:teuthology.orchestra.run.smithi052.stdout:/usr/bin/ceph: stderr
2024-05-11T04:12:48.779+0000 7f1d927fc700 1 -- 172.21.15.52:0/2735933959 <== mon.0 v2:172.21.15.52:3300/0 3 ==== mon_map magic: 0 v1 ==== 229+0+0 (secure 0 0 0) 0x7f1d84011a50 con 0x7f1d94104a30
2024-05-11T04:12:49.754 INFO:teuthology.orchestra.run.smithi052.stdout:/usr/bin/ceph: stderr
2024-05-11T04:12:48.780+0000 7f1d9a029700 1 -- 172.21.15.52:0/2735933959 >> [v2:172.21.15.52:3300/0,v1:172.21.15.52:6789/0] conn(0x7f1d94104a30 msgr2=0x7f1d94104e40 secure :-1 s=STATE_CONNECTION_ESTABLISHED l=1).mark_down
2024-05-11T04:12:49.754 INFO:teuthology.orchestra.run.smithi052.stdout:/usr/bin/ceph: stderr
2024-05-11T04:12:48.780+0000 7f1d9a029700 1 --2- 172.21.15.52:0/2735933959 >> [v2:172.21.15.52:3300/0,v1:172.21.15.52:6789/0] conn(0x7f1d94104a30 0x7f1d94104e40 secure :-1 s=READY pgs=26 cs=0 l=1 rev1=1 crypto rx=0x7f1d840098a0 tx=0x7f1d84009bb0 comp rx=0 tx=0).stop
2024-05-11T04:12:49.754 INFO:teuthology.orchestra.run.smithi052.stdout:/usr/bin/ceph: stderr
2024-05-11T04:12:48.780+0000 7f1d9a029700 1 -- 172.21.15.52:0/2735933959 shutdown_connections
2024-05-11T04:12:49.754 INFO:teuthology.orchestra.run.smithi052.stdout:/usr/bin/ceph: stderr
2024-05-11T04:12:48.780+0000 7f1d9a029700 1 --2- 172.21.15.52:0/2735933959 >> [v2:172.21.15.52:3300/0,v1:172.21.15.52:6789/0] conn(0x7f1d94104a30 0x7f1d94104e40 unknown :-1 s=CLOSED pgs=26 cs=0 l=1 rev1=1 crypto rx=0 tx=0 comp rx=0 tx=0).stop
2024-05-11T04:12:49.754 INFO:teuthology.orchestra.run.smithi052.stdout:/usr/bin/ceph: stderr
2024-05-11T04:12:48.780+0000 7f1d9a029700 1 -- 172.21.15.52:0/2735933959 >> 172.21.15.52:0/2735933959 conn(0x7f1d94100060 msgr2=0x7f1d941024b0 unknown :-1 s=STATE_NONE l=0).mark_down
2024-05-11T04:12:49.754 INFO:teuthology.orchestra.run.smithi052.stdout:/usr/bin/ceph: stderr
2024-05-11T04:12:48.780+0000 7f1d9a029700 1 -- 172.21.15.52:0/2735933959 shutdown_connections
2024-05-11T04:12:49.754 INFO:teuthology.orchestra.run.smithi052.stdout:/usr/bin/ceph: stderr
2024-05-11T04:12:48.780+0000 7f1d9a029700 1 -- 172.21.15.52:0/2735933959 wait complete.
2024-05-11T04:12:49.754 INFO:teuthology.orchestra.run.smithi052.stdout:/usr/bin/ceph: stderr
2024-05-11T04:12:48.781+0000 7f1d9a029700 1 Processor -- start
2024-05-11T04:12:49.754 INFO:teuthology.orchestra.run.smithi052.stdout:/usr/bin/ceph: stderr
2024-05-11T04:12:48.781+0000 7f1d9a029700 1 -- start start
2024-05-11T04:12:49.754 INFO:teuthology.orchestra.run.smithi052.stdout:/usr/bin/ceph: stderr
2024-05-11T04:12:48.781+0000 7f1d9a029700 1 --2- >> [v2:172.21.15.52:3300/0,v1:172.21.15.52:6789/0] conn(0x7f1d94104a30 0x7f1d941998b0 unknown :-1 s=NONE pgs=0 cs=0 l=1 rev1=0 crypto rx=0 tx=0 comp rx=0 tx=0).connect
2024-05-11T04:12:49.754 INFO:teuthology.orchestra.run.smithi052.stdout:/usr/bin/ceph: stderr
2024-05-11T04:12:48.781+0000 7f1d9a029700 1 -- --> [v2:172.21.15.52:3300/0,v1:172.21.15.52:6789/0] -- mon_getmap magic: 0 v1 -- 0x7f1d94199df0 con 0x7f1d94104a30
2024-05-11T04:12:49.754 INFO:teuthology.orchestra.run.smithi052.stdout:/usr/bin/ceph: stderr
2024-05-11T04:12:48.781+0000 7f1d937fe700 1 --2- >> [v2:172.21.15.52:3300/0,v1:172.21.15.52:6789/0] conn(0x7f1d94104a30 0x7f1d941998b0 unknown :-1 s=BANNER_CONNECTING pgs=0 cs=0 l=1 rev1=0 crypto rx=0 tx=0 comp rx=0 tx=0)._handle_peer_banner_payload supported=3 required=0
2024-05-11T04:12:49.755 INFO:teuthology.orchestra.run.smithi052.stdout:/usr/bin/ceph: stderr
2024-05-11T04:12:48.781+0000 7f1d937fe700 1 --2- >> [v2:172.21.15.52:3300/0,v1:172.21.15.52:6789/0] conn(0x7f1d94104a30 0x7f1d941998b0 unknown :-1 s=HELLO_CONNECTING pgs=0 cs=0 l=1 rev1=1 crypto rx=0 tx=0 comp rx=0 tx=0).handle_hello peer v2:172.21.15.52:3300/0 says I am v2:172.21.15.52:45860/0 (socket says 172.21.15.52:45860)
2024-05-11T04:12:49.755 INFO:teuthology.orchestra.run.smithi052.stdout:/usr/bin/ceph: stderr
2024-05-11T04:12:48.781+0000 7f1d937fe700 1 -- 172.21.15.52:0/34474237 learned_addr learned my addr 172.21.15.52:0/34474237 (peer_addr_for_me v2:172.21.15.52:0/0)
2024-05-11T04:12:49.755 INFO:teuthology.orchestra.run.smithi052.stdout:/usr/bin/ceph: stderr
2024-05-11T04:12:48.782+0000 7f1d937fe700 1 -- 172.21.15.52:0/34474237 --> [v2:172.21.15.52:3300/0,v1:172.21.15.52:6789/0] -- mon_subscribe({config=0+,monmap=0+}) v3 -- 0x7f1d84009550 con 0x7f1d94104a30
2024-05-11T04:12:49.755 INFO:teuthology.orchestra.run.smithi052.stdout:/usr/bin/ceph: stderr
2024-05-11T04:12:48.782+0000 7f1d937fe700 1 --2- 172.21.15.52:0/34474237 >> [v2:172.21.15.52:3300/0,v1:172.21.15.52:6789/0] conn(0x7f1d94104a30 0x7f1d941998b0 secure :-1 s=READY pgs=27 cs=0 l=1 rev1=1 crypto rx=0x7f1d84003de0 tx=0x7f1d84011ab0 comp rx=0 tx=0).ready entity=mon.0 client_cookie=0 server_cookie=0 in_seq=0 out_seq=0
2024-05-11T04:12:49.755 INFO:teuthology.orchestra.run.smithi052.stdout:/usr/bin/ceph: stderr
2024-05-11T04:12:48.782+0000 7f1d90ff9700 1 -- 172.21.15.52:0/34474237 <== mon.0 v2:172.21.15.52:3300/0 1 ==== mon_map magic: 0 v1 ==== 229+0+0 (secure 0 0 0) 0x7f1d84003930 con 0x7f1d94104a30
2024-05-11T04:12:49.755 INFO:teuthology.orchestra.run.smithi052.stdout:/usr/bin/ceph: stderr
2024-05-11T04:12:48.782+0000 7f1d9a029700 1 -- 172.21.15.52:0/34474237 --> [v2:172.21.15.52:3300/0,v1:172.21.15.52:6789/0] -- mon_subscribe({mgrmap=0+}) v3 -- 0x7f1d94199ff0 con 0x7f1d94104a30
2024-05-11T04:12:49.755 INFO:teuthology.orchestra.run.smithi052.stdout:/usr/bin/ceph: stderr
2024-05-11T04:12:48.782+0000 7f1d90ff9700 1 -- 172.21.15.52:0/34474237 <== mon.0 v2:172.21.15.52:3300/0 2 ==== config(27 keys) v1 ==== 1037+0+0 (secure 0 0 0) 0x7f1d84003a90 con 0x7f1d94104a30
2024-05-11T04:12:49.755 INFO:teuthology.orchestra.run.smithi052.stdout:/usr/bin/ceph: stderr
2024-05-11T04:12:48.782+0000 7f1d90ff9700 1 -- 172.21.15.52:0/34474237 <== mon.0 v2:172.21.15.52:3300/0 3 ==== mon_map magic: 0 v1 ==== 229+0+0 (secure 0 0 0) 0x7f1d84019730 con 0x7f1d94104a30
2024-05-11T04:12:49.755 INFO:teuthology.orchestra.run.smithi052.stdout:/usr/bin/ceph: stderr
2024-05-11T04:12:48.782+0000 7f1d9a029700 1 -- 172.21.15.52:0/34474237 --> [v2:172.21.15.52:3300/0,v1:172.21.15.52:6789/0] -- mon_subscribe({osdmap=0}) v3 -- 0x7f1d9419a410 con 0x7f1d94104a30
2024-05-11T04:12:49.755 INFO:teuthology.orchestra.run.smithi052.stdout:/usr/bin/ceph: stderr
2024-05-11T04:12:48.783+0000 7f1d9a029700 1 -- 172.21.15.52:0/34474237 --> [v2:172.21.15.52:3300/0,v1:172.21.15.52:6789/0] -- mon_command({"prefix": "get_command_descriptions"} v 0) v1 -- 0x7f1d94108ec0 con 0x7f1d94104a30
2024-05-11T04:12:49.755 INFO:teuthology.orchestra.run.smithi052.stdout:/usr/bin/ceph: stderr
2024-05-11T04:12:48.783+0000 7f1d90ff9700 1 -- 172.21.15.52:0/34474237 <== mon.0 v2:172.21.15.52:3300/0 4 ==== mgrmap(e 5) v1 ==== 45084+0+0 (secure 0 0 0) 0x7f1d840199b0 con 0x7f1d94104a30
2024-05-11T04:12:49.755 INFO:teuthology.orchestra.run.smithi052.stdout:/usr/bin/ceph: stderr
2024-05-11T04:12:48.784+0000 7f1d90ff9700 1 --2- 172.21.15.52:0/34474237 >> [v2:172.21.15.52:6800/3512636904,v1:172.21.15.52:6801/3512636904] conn(0x7f1d800383f0 0x7f1d8003a8a0 unknown :-1 s=NONE pgs=0 cs=0 l=1 rev1=0 crypto rx=0 tx=0 comp rx=0 tx=0).connect
2024-05-11T04:12:49.755 INFO:teuthology.orchestra.run.smithi052.stdout:/usr/bin/ceph: stderr
2024-05-11T04:12:48.784+0000 7f1d90ff9700 1 -- 172.21.15.52:0/34474237 <== mon.0 v2:172.21.15.52:3300/0 5 ==== osd_map(1..1 src has 1..1) v4 ==== 725+0+0 (secure 0 0 0) 0x7f1d8404c110 con 0x7f1d94104a30
2024-05-11T04:12:49.755 INFO:teuthology.orchestra.run.smithi052.stdout:/usr/bin/ceph: stderr
2024-05-11T04:12:48.784+0000 7f1d92ffd700 1 -- 172.21.15.52:0/34474237 >> [v2:172.21.15.52:6800/3512636904,v1:172.21.15.52:6801/3512636904] conn(0x7f1d800383f0 msgr2=0x7f1d8003a8a0 unknown :-1 s=STATE_CONNECTING_RE l=1).process reconnect failed to v2:172.21.15.52:6800/3512636904
2024-05-11T04:12:49.755 INFO:teuthology.orchestra.run.smithi052.stdout:/usr/bin/ceph: stderr
2024-05-11T04:12:48.784+0000 7f1d92ffd700 1 --2- 172.21.15.52:0/34474237 >> [v2:172.21.15.52:6800/3512636904,v1:172.21.15.52:6801/3512636904] conn(0x7f1d800383f0 0x7f1d8003a8a0 unknown :-1 s=START_CONNECT pgs=0 cs=0 l=1 rev1=0 crypto rx=0 tx=0 comp rx=0 tx=0)._fault waiting 0.200000
2024-05-11T04:12:49.755 INFO:teuthology.orchestra.run.smithi052.stdout:/usr/bin/ceph: stderr
2024-05-11T04:12:48.792+0000 7f1d90ff9700 1 -- 172.21.15.52:0/34474237 <== mon.0 v2:172.21.15.52:3300/0 6 ==== mon_command_ack([{"prefix": "get_command_descriptions"}]=0 v0) v1 ==== 72+0+177933 (secure 0 0 0) 0x7f1d84010dc0 con 0x7f1d94104a30
2024-05-11T04:12:49.756 INFO:teuthology.orchestra.run.smithi052.stdout:/usr/bin/ceph: stderr
2024-05-11T04:12:48.985+0000 7f1d92ffd700 1 -- 172.21.15.52:0/34474237 >> [v2:172.21.15.52:6800/3512636904,v1:172.21.15.52:6801/3512636904] conn(0x7f1d800383f0 msgr2=0x7f1d8003a8a0 unknown :-1 s=STATE_CONNECTING_RE l=1).process reconnect failed to v2:172.21.15.52:6800/3512636904
2024-05-11T04:12:49.756 INFO:teuthology.orchestra.run.smithi052.stdout:/usr/bin/ceph: stderr
2024-05-11T04:12:48.985+0000 7f1d92ffd700 1 --2- 172.21.15.52:0/34474237 >> [v2:172.21.15.52:6800/3512636904,v1:172.21.15.52:6801/3512636904] conn(0x7f1d800383f0 0x7f1d8003a8a0 unknown :-1 s=START_CONNECT pgs=0 cs=0 l=1 rev1=0 crypto rx=0 tx=0 comp rx=0 tx=0)._fault waiting 0.400000
2024-05-11T04:12:49.756 INFO:teuthology.orchestra.run.smithi052.stdout:/usr/bin/ceph: stderr
2024-05-11T04:12:49.055+0000 7f1d9a029700 1 -- 172.21.15.52:0/34474237 --> [v2:172.21.15.52:3300/0,v1:172.21.15.52:6789/0] -- mon_command({"prefix": "mgr stat"} v 0) v1 -- 0x7f1d940623d0 con 0x7f1d94104a30
2024-05-11T04:12:49.756 INFO:teuthology.orchestra.run.smithi052.stdout:/usr/bin/ceph: stderr
2024-05-11T04:12:49.056+0000 7f1d90ff9700 1 -- 172.21.15.52:0/34474237 <== mon.0 v2:172.21.15.52:3300/0 7 ==== mon_command_ack([{"prefix": "mgr stat"}]=0 v5) v1 ==== 56+0+103 (secure 0 0 0) 0x7f1d84010380 con 0x7f1d94104a30
2024-05-11T04:12:49.756 INFO:teuthology.orchestra.run.smithi052.stdout:/usr/bin/ceph: stderr
2024-05-11T04:12:49.061+0000 7f1d9a029700 1 -- 172.21.15.52:0/34474237 >> [v2:172.21.15.52:6800/3512636904,v1:172.21.15.52:6801/3512636904] conn(0x7f1d800383f0 msgr2=0x7f1d8003a8a0 unknown :-1 s=STATE_CONNECTING l=1).mark_down
2024-05-11T04:12:49.756 INFO:teuthology.orchestra.run.smithi052.stdout:/usr/bin/ceph: stderr
2024-05-11T04:12:49.061+0000 7f1d9a029700 1 --2- 172.21.15.52:0/34474237 >> [v2:172.21.15.52:6800/3512636904,v1:172.21.15.52:6801/3512636904] conn(0x7f1d800383f0 0x7f1d8003a8a0 unknown :-1 s=START_CONNECT pgs=0 cs=0 l=1 rev1=0 crypto rx=0 tx=0 comp rx=0 tx=0).stop
2024-05-11T04:12:49.756 INFO:teuthology.orchestra.run.smithi052.stdout:/usr/bin/ceph: stderr
2024-05-11T04:12:49.061+0000 7f1d9a029700 1 -- 172.21.15.52:0/34474237 >> [v2:172.21.15.52:3300/0,v1:172.21.15.52:6789/0] conn(0x7f1d94104a30 msgr2=0x7f1d941998b0 secure :-1 s=STATE_CONNECTION_ESTABLISHED l=1).mark_down
2024-05-11T04:12:49.756 INFO:teuthology.orchestra.run.smithi052.stdout:/usr/bin/ceph: stderr
2024-05-11T04:12:49.061+0000 7f1d9a029700 1 --2- 172.21.15.52:0/34474237 >> [v2:172.21.15.52:3300/0,v1:172.21.15.52:6789/0] conn(0x7f1d94104a30 0x7f1d941998b0 secure :-1 s=READY pgs=27 cs=0 l=1 rev1=1 crypto rx=0x7f1d84003de0 tx=0x7f1d84011ab0 comp rx=0 tx=0).stop
2024-05-11T04:12:49.756 INFO:teuthology.orchestra.run.smithi052.stdout:/usr/bin/ceph: stderr
2024-05-11T04:12:49.061+0000 7f1d9a029700 1 -- 172.21.15.52:0/34474237 shutdown_connections
2024-05-11T04:12:49.756 INFO:teuthology.orchestra.run.smithi052.stdout:/usr/bin/ceph: stderr
2024-05-11T04:12:49.061+0000 7f1d9a029700 1 --2- 172.21.15.52:0/34474237 >> [v2:172.21.15.52:6800/3512636904,v1:172.21.15.52:6801/3512636904] conn(0x7f1d800383f0 0x7f1d8003a8a0 unknown :-1 s=CLOSED pgs=0 cs=0 l=1 rev1=0 crypto rx=0 tx=0 comp rx=0 tx=0).stop
2024-05-11T04:12:49.756 INFO:teuthology.orchestra.run.smithi052.stdout:/usr/bin/ceph: stderr
2024-05-11T04:12:49.061+0000 7f1d9a029700 1 --2- 172.21.15.52:0/34474237 >> [v2:172.21.15.52:3300/0,v1:172.21.15.52:6789/0] conn(0x7f1d94104a30 0x7f1d941998b0 unknown :-1 s=CLOSED pgs=27 cs=0 l=1 rev1=1 crypto rx=0 tx=0 comp rx=0 tx=0).stop
2024-05-11T04:12:49.756 INFO:teuthology.orchestra.run.smithi052.stdout:/usr/bin/ceph: stderr
2024-05-11T04:12:49.061+0000 7f1d9a029700 1 -- 172.21.15.52:0/34474237 >> 172.21.15.52:0/34474237 conn(0x7f1d94100060 msgr2=0x7f1d94079850 unknown :-1 s=STATE_NONE l=0).mark_down
2024-05-11T04:12:49.756 INFO:teuthology.orchestra.run.smithi052.stdout:/usr/bin/ceph: stderr
2024-05-11T04:12:49.065+0000 7f1d9a029700 1 -- 172.21.15.52:0/34474237 shutdown_connections
2024-05-11T04:12:49.756 INFO:teuthology.orchestra.run.smithi052.stdout:/usr/bin/ceph: stderr
2024-05-11T04:12:49.065+0000 7f1d9a029700 1 -- 172.21.15.52:0/34474237 wait complete.
2024-05-11T04:12:49.756 INFO:teuthology.orchestra.run.smithi052.stdout:Waiting for the mgr to restart...
2024-05-11T04:12:49.756 INFO:teuthology.orchestra.run.smithi052.stdout:Waiting for mgr epoch 5...
2024-05-11T04:12:50.032 INFO:journalctl@ceph.mon.smithi052.smithi052.stdout:May 11 04:12:49 smithi052 ceph-mon[26970]: from='client.? 172.21.15.52:0/34474237' entity='client.admin' cmd=[{"prefix": "mgr stat"}]: dispatch
2024-05-11T04:12:55.123 INFO:journalctl@ceph.mon.smithi052.smithi052.stdout:May 11 04:12:54 smithi052 ceph-mon[26970]: Active manager daemon smithi052.nvmdub restarted
2024-05-11T04:12:55.123 INFO:journalctl@ceph.mon.smithi052.smithi052.stdout:May 11 04:12:54 smithi052 ceph-mon[26970]: Activating manager daemon smithi052.nvmdub
2024-05-11T04:12:55.124 INFO:journalctl@ceph.mon.smithi052.smithi052.stdout:May 11 04:12:54 smithi052 ceph-mon[26970]: osdmap e2: 0 total, 0 up, 0 in
2024-05-11T04:12:55.124 INFO:journalctl@ceph.mon.smithi052.smithi052.stdout:May 11 04:12:54 smithi052 ceph-mon[26970]: mgrmap e6: smithi052.nvmdub(active, starting, since 0.0033127s)
2024-05-11T04:12:55.124 INFO:journalctl@ceph.mon.smithi052.smithi052.stdout:May 11 04:12:54 smithi052 ceph-mon[26970]: from='mgr.14120 172.21.15.52:0/3155178656' entity='mgr.smithi052.nvmdub' cmd=[{"prefix": "mon metadata", "id": "smithi052"}]: dispatch
2024-05-11T04:12:55.124 INFO:journalctl@ceph.mon.smithi052.smithi052.stdout:May 11 04:12:54 smithi052 ceph-mon[26970]: from='mgr.14120 172.21.15.52:0/3155178656' entity='mgr.smithi052.nvmdub' cmd=[{"prefix": "mgr metadata", "who": "smithi052.nvmdub", "id": "smithi052.nvmdub"}]: dispatch
2024-05-11T04:12:55.124 INFO:journalctl@ceph.mon.smithi052.smithi052.stdout:May 11 04:12:54 smithi052 ceph-mon[26970]: from='mgr.14120 172.21.15.52:0/3155178656' entity='mgr.smithi052.nvmdub' cmd=[{"prefix": "mds metadata"}]: dispatch
2024-05-11T04:12:55.124 INFO:journalctl@ceph.mon.smithi052.smithi052.stdout:May 11 04:12:54 smithi052 ceph-mon[26970]: from='mgr.14120 172.21.15.52:0/3155178656' entity='mgr.smithi052.nvmdub' cmd=[{"prefix": "osd metadata"}]: dispatch
2024-05-11T04:12:55.124 INFO:journalctl@ceph.mon.smithi052.smithi052.stdout:May 11 04:12:54 smithi052 ceph-mon[26970]: from='mgr.14120 172.21.15.52:0/3155178656' entity='mgr.smithi052.nvmdub' cmd=[{"prefix": "mon metadata"}]: dispatch
2024-05-11T04:12:55.124 INFO:journalctl@ceph.mon.smithi052.smithi052.stdout:May 11 04:12:54 smithi052 ceph-mon[26970]: Manager daemon smithi052.nvmdub is now available
2024-05-11T04:12:55.124 INFO:journalctl@ceph.mon.smithi052.smithi052.stdout:May 11 04:12:54 smithi052 ceph-mon[26970]: from='mgr.14120 172.21.15.52:0/3155178656' entity='mgr.smithi052.nvmdub'
2024-05-11T04:12:55.124 INFO:journalctl@ceph.mon.smithi052.smithi052.stdout:May 11 04:12:54 smithi052 ceph-mon[26970]: from='mgr.14120 172.21.15.52:0/3155178656' entity='mgr.smithi052.nvmdub'
2024-05-11T04:12:55.124 INFO:journalctl@ceph.mon.smithi052.smithi052.stdout:May 11 04:12:54 smithi052 ceph-mon[26970]: from='mgr.14120 172.21.15.52:0/3155178656' entity='mgr.smithi052.nvmdub' cmd=[{"prefix": "config dump", "format": "json"}]: dispatch
2024-05-11T04:12:55.124 INFO:journalctl@ceph.mon.smithi052.smithi052.stdout:May 11 04:12:54 smithi052 ceph-mon[26970]: from='mgr.14120 172.21.15.52:0/3155178656' entity='mgr.smithi052.nvmdub' cmd=[{"prefix": "config dump", "format": "json"}]: dispatch
2024-05-11T04:12:55.124 INFO:journalctl@ceph.mon.smithi052.smithi052.stdout:May 11 04:12:54 smithi052 ceph-mon[26970]: from='mgr.14120 172.21.15.52:0/3155178656' entity='mgr.smithi052.nvmdub' cmd=[{"prefix": "config dump", "format": "json"}]: dispatch
2024-05-11T04:12:55.125 INFO:journalctl@ceph.mon.smithi052.smithi052.stdout:May 11 04:12:54 smithi052 ceph-mon[26970]: from='mgr.14120 172.21.15.52:0/3155178656' entity='mgr.smithi052.nvmdub' cmd=[{"prefix":"config rm","who":"mgr","name":"mgr/rbd_support/smithi052.nvmdub/mirror_snapshot_schedule"}]: dispatch
2024-05-11T04:12:55.125 INFO:journalctl@ceph.mon.smithi052.smithi052.stdout:May 11 04:12:54 smithi052 ceph-mon[26970]: from='mgr.14120 172.21.15.52:0/3155178656' entity='mgr.smithi052.nvmdub' cmd=[{"prefix":"config rm","who":"mgr","name":"mgr/rbd_support/smithi052.nvmdub/trash_purge_schedule"}]: dispatch
2024-05-11T04:12:56.026 INFO:journalctl@ceph.mon.smithi052.smithi052.stdout:May 11 04:12:55 smithi052 ceph-mon[26970]: Found migration_current of "None". Setting to last migration.
2024-05-11T04:12:56.026 INFO:journalctl@ceph.mon.smithi052.smithi052.stdout:May 11 04:12:55 smithi052 ceph-mon[26970]: from='mgr.14120 172.21.15.52:0/3155178656' entity='mgr.smithi052.nvmdub'
2024-05-11T04:12:56.026 INFO:journalctl@ceph.mon.smithi052.smithi052.stdout:May 11 04:12:55 smithi052 ceph-mon[26970]: from='mgr.14120 172.21.15.52:0/3155178656' entity='mgr.smithi052.nvmdub'
2024-05-11T04:12:56.026 INFO:journalctl@ceph.mon.smithi052.smithi052.stdout:May 11 04:12:55 smithi052 ceph-mon[26970]: mgrmap e7: smithi052.nvmdub(active, since 1.00553s)
2024-05-11T04:12:56.320 INFO:teuthology.orchestra.run.smithi052.stdout:/usr/bin/ceph: stdout {
2024-05-11T04:12:56.321 INFO:teuthology.orchestra.run.smithi052.stdout:/usr/bin/ceph: stdout "mgrmap_epoch": 7,
2024-05-11T04:12:56.321 INFO:teuthology.orchestra.run.smithi052.stdout:/usr/bin/ceph: stdout "initialized": true
2024-05-11T04:12:56.321 INFO:teuthology.orchestra.run.smithi052.stdout:/usr/bin/ceph: stdout }
2024-05-11T04:12:56.321 INFO:teuthology.orchestra.run.smithi052.stdout:/usr/bin/ceph: stderr
2024-05-11T04:12:50.229+0000 7f4565f12700 1 Processor -- start
2024-05-11T04:12:56.321 INFO:teuthology.orchestra.run.smithi052.stdout:/usr/bin/ceph: stderr
2024-05-11T04:12:50.229+0000 7f4565f12700 1 -- start start
2024-05-11T04:12:56.321 INFO:teuthology.orchestra.run.smithi052.stdout:/usr/bin/ceph: stderr
2024-05-11T04:12:50.229+0000 7f4565f12700 1 --2- >> [v2:172.21.15.52:3300/0,v1:172.21.15.52:6789/0] conn(0x7f4560105b10 0x7f4560105f20 unknown :-1 s=NONE pgs=0 cs=0 l=0 rev1=0 crypto rx=0 tx=0 comp rx=0 tx=0).connect
2024-05-11T04:12:56.321 INFO:teuthology.orchestra.run.smithi052.stdout:/usr/bin/ceph: stderr
2024-05-11T04:12:50.229+0000 7f4565f12700 1 -- --> [v2:172.21.15.52:3300/0,v1:172.21.15.52:6789/0] -- mon_getmap magic: 0 v1 -- 0x7f4560106460 con 0x7f4560105b10
2024-05-11T04:12:56.321 INFO:teuthology.orchestra.run.smithi052.stdout:/usr/bin/ceph: stderr
2024-05-11T04:12:50.230+0000 7f455f7fe700 1 --2- >> [v2:172.21.15.52:3300/0,v1:172.21.15.52:6789/0] conn(0x7f4560105b10 0x7f4560105f20 unknown :-1 s=BANNER_CONNECTING pgs=0 cs=0 l=0 rev1=0 crypto rx=0 tx=0 comp rx=0 tx=0)._handle_peer_banner_payload supported=3 required=0
2024-05-11T04:12:56.321 INFO:teuthology.orchestra.run.smithi052.stdout:/usr/bin/ceph: stderr
2024-05-11T04:12:50.230+0000 7f455f7fe700 1 --2- >> [v2:172.21.15.52:3300/0,v1:172.21.15.52:6789/0] conn(0x7f4560105b10 0x7f4560105f20 unknown :-1 s=HELLO_CONNECTING pgs=0 cs=0 l=0 rev1=1 crypto rx=0 tx=0 comp rx=0 tx=0).handle_hello peer v2:172.21.15.52:3300/0 says I am v2:172.21.15.52:40182/0 (socket says 172.21.15.52:40182)
2024-05-11T04:12:56.321 INFO:teuthology.orchestra.run.smithi052.stdout:/usr/bin/ceph: stderr
2024-05-11T04:12:50.230+0000 7f455f7fe700 1 -- 172.21.15.52:0/89648264 learned_addr learned my addr 172.21.15.52:0/89648264 (peer_addr_for_me v2:172.21.15.52:0/0)
2024-05-11T04:12:56.321 INFO:teuthology.orchestra.run.smithi052.stdout:/usr/bin/ceph: stderr
2024-05-11T04:12:50.230+0000 7f455f7fe700 1 -- 172.21.15.52:0/89648264 --> [v2:172.21.15.52:3300/0,v1:172.21.15.52:6789/0] -- mon_subscribe({config=0+,monmap=0+}) v3 -- 0x7f45601065a0 con 0x7f4560105b10
2024-05-11T04:12:56.321 INFO:teuthology.orchestra.run.smithi052.stdout:/usr/bin/ceph: stderr
2024-05-11T04:12:50.230+0000 7f455f7fe700 1 --2- 172.21.15.52:0/89648264 >> [v2:172.21.15.52:3300/0,v1:172.21.15.52:6789/0] conn(0x7f4560105b10 0x7f4560105f20 secure :-1 s=READY pgs=28 cs=0 l=1 rev1=1 crypto rx=0x7f45500098a0 tx=0x7f4550009bb0 comp rx=0 tx=0).ready entity=mon.0 client_cookie=d53b6aa30ac1a754 server_cookie=0 in_seq=0 out_seq=0
2024-05-11T04:12:56.322 INFO:teuthology.orchestra.run.smithi052.stdout:/usr/bin/ceph: stderr
2024-05-11T04:12:50.230+0000 7f455e7fc700 1 -- 172.21.15.52:0/89648264 <== mon.0 v2:172.21.15.52:3300/0 1 ==== mon_map magic: 0 v1 ==== 229+0+0 (secure 0 0 0) 0x7f4550004180 con 0x7f4560105b10
2024-05-11T04:12:56.322 INFO:teuthology.orchestra.run.smithi052.stdout:/usr/bin/ceph: stderr
2024-05-11T04:12:50.230+0000 7f455e7fc700 1 -- 172.21.15.52:0/89648264 <== mon.0 v2:172.21.15.52:3300/0 2 ==== config(27 keys) v1 ==== 1037+0+0 (secure 0 0 0) 0x7f45500042e0 con 0x7f4560105b10
2024-05-11T04:12:56.322 INFO:teuthology.orchestra.run.smithi052.stdout:/usr/bin/ceph: stderr
2024-05-11T04:12:50.230+0000 7f455e7fc700 1 -- 172.21.15.52:0/89648264 <== mon.0 v2:172.21.15.52:3300/0 3 ==== mon_map magic: 0 v1 ==== 229+0+0 (secure 0 0 0) 0x7f4550011a50 con 0x7f4560105b10
2024-05-11T04:12:56.322 INFO:teuthology.orchestra.run.smithi052.stdout:/usr/bin/ceph: stderr
2024-05-11T04:12:50.231+0000 7f4565f12700 1 -- 172.21.15.52:0/89648264 >> [v2:172.21.15.52:3300/0,v1:172.21.15.52:6789/0] conn(0x7f4560105b10 msgr2=0x7f4560105f20 secure :-1 s=STATE_CONNECTION_ESTABLISHED l=1).mark_down
2024-05-11T04:12:56.322 INFO:teuthology.orchestra.run.smithi052.stdout:/usr/bin/ceph: stderr
2024-05-11T04:12:50.231+0000 7f4565f12700 1 --2- 172.21.15.52:0/89648264 >> [v2:172.21.15.52:3300/0,v1:172.21.15.52:6789/0] conn(0x7f4560105b10 0x7f4560105f20 secure :-1 s=READY pgs=28 cs=0 l=1 rev1=1 crypto rx=0x7f45500098a0 tx=0x7f4550009bb0 comp rx=0 tx=0).stop
2024-05-11T04:12:56.322 INFO:teuthology.orchestra.run.smithi052.stdout:/usr/bin/ceph: stderr
2024-05-11T04:12:50.231+0000 7f4565f12700 1 -- 172.21.15.52:0/89648264 shutdown_connections
2024-05-11T04:12:56.322 INFO:teuthology.orchestra.run.smithi052.stdout:/usr/bin/ceph: stderr
2024-05-11T04:12:50.231+0000 7f4565f12700 1 --2- 172.21.15.52:0/89648264 >> [v2:172.21.15.52:3300/0,v1:172.21.15.52:6789/0] conn(0x7f4560105b10 0x7f4560105f20 unknown :-1 s=CLOSED pgs=28 cs=0 l=1 rev1=1 crypto rx=0 tx=0 comp rx=0 tx=0).stop
2024-05-11T04:12:56.322 INFO:teuthology.orchestra.run.smithi052.stdout:/usr/bin/ceph: stderr
2024-05-11T04:12:50.231+0000 7f4565f12700 1 -- 172.21.15.52:0/89648264 >> 172.21.15.52:0/89648264 conn(0x7f4560101180 msgr2=0x7f4560103590 unknown :-1 s=STATE_NONE l=0).mark_down
2024-05-11T04:12:56.322 INFO:teuthology.orchestra.run.smithi052.stdout:/usr/bin/ceph: stderr
2024-05-11T04:12:50.231+0000 7f4565f12700 1 -- 172.21.15.52:0/89648264 shutdown_connections
2024-05-11T04:12:56.322 INFO:teuthology.orchestra.run.smithi052.stdout:/usr/bin/ceph: stderr
2024-05-11T04:12:50.231+0000 7f4565f12700 1 -- 172.21.15.52:0/89648264 wait complete.
2024-05-11T04:12:56.322 INFO:teuthology.orchestra.run.smithi052.stdout:/usr/bin/ceph: stderr
2024-05-11T04:12:50.232+0000 7f4565f12700 1 Processor -- start
2024-05-11T04:12:56.322 INFO:teuthology.orchestra.run.smithi052.stdout:/usr/bin/ceph: stderr
2024-05-11T04:12:50.232+0000 7f4565f12700 1 -- start start
2024-05-11T04:12:56.322 INFO:teuthology.orchestra.run.smithi052.stdout:/usr/bin/ceph: stderr
2024-05-11T04:12:50.232+0000 7f4565f12700 1 --2- >> [v2:172.21.15.52:3300/0,v1:172.21.15.52:6789/0] conn(0x7f4560105b10 0x7f4560199850 unknown :-1 s=NONE pgs=0 cs=0 l=1 rev1=0 crypto rx=0 tx=0 comp rx=0 tx=0).connect
2024-05-11T04:12:56.322 INFO:teuthology.orchestra.run.smithi052.stdout:/usr/bin/ceph: stderr
2024-05-11T04:12:50.232+0000 7f4565f12700 1 -- --> [v2:172.21.15.52:3300/0,v1:172.21.15.52:6789/0] -- mon_getmap magic: 0 v1 -- 0x7f4560199d90 con 0x7f4560105b10
2024-05-11T04:12:56.323 INFO:teuthology.orchestra.run.smithi052.stdout:/usr/bin/ceph: stderr
2024-05-11T04:12:50.232+0000 7f455f7fe700 1 --2- >> [v2:172.21.15.52:3300/0,v1:172.21.15.52:6789/0] conn(0x7f4560105b10 0x7f4560199850 unknown :-1 s=BANNER_CONNECTING pgs=0 cs=0 l=1 rev1=0 crypto rx=0 tx=0 comp rx=0 tx=0)._handle_peer_banner_payload supported=3 required=0
2024-05-11T04:12:56.323 INFO:teuthology.orchestra.run.smithi052.stdout:/usr/bin/ceph: stderr
2024-05-11T04:12:50.232+0000 7f455f7fe700 1 --2- >> [v2:172.21.15.52:3300/0,v1:172.21.15.52:6789/0] conn(0x7f4560105b10 0x7f4560199850 unknown :-1 s=HELLO_CONNECTING pgs=0 cs=0 l=1 rev1=1 crypto rx=0 tx=0 comp rx=0 tx=0).handle_hello peer v2:172.21.15.52:3300/0 says I am v2:172.21.15.52:40188/0 (socket says 172.21.15.52:40188)
2024-05-11T04:12:56.323 INFO:teuthology.orchestra.run.smithi052.stdout:/usr/bin/ceph: stderr
2024-05-11T04:12:50.233+0000 7f455f7fe700 1 -- 172.21.15.52:0/1247851661 learned_addr learned my addr 172.21.15.52:0/1247851661 (peer_addr_for_me v2:172.21.15.52:0/0)
2024-05-11T04:12:56.323 INFO:teuthology.orchestra.run.smithi052.stdout:/usr/bin/ceph: stderr
2024-05-11T04:12:50.233+0000 7f455f7fe700 1 -- 172.21.15.52:0/1247851661 --> [v2:172.21.15.52:3300/0,v1:172.21.15.52:6789/0] -- mon_subscribe({config=0+,monmap=0+}) v3 -- 0x7f4550009550 con 0x7f4560105b10
2024-05-11T04:12:56.323 INFO:teuthology.orchestra.run.smithi052.stdout:/usr/bin/ceph: stderr
2024-05-11T04:12:50.233+0000 7f455f7fe700 1 --2- 172.21.15.52:0/1247851661 >> [v2:172.21.15.52:3300/0,v1:172.21.15.52:6789/0] conn(0x7f4560105b10 0x7f4560199850 secure :-1 s=READY pgs=29 cs=0 l=1 rev1=1 crypto rx=0x7f4550000c00 tx=0x7f4550011ab0 comp rx=0 tx=0).ready entity=mon.0 client_cookie=0 server_cookie=0 in_seq=0 out_seq=0
2024-05-11T04:12:56.323 INFO:teuthology.orchestra.run.smithi052.stdout:/usr/bin/ceph: stderr
2024-05-11T04:12:50.233+0000 7f455cff9700 1 -- 172.21.15.52:0/1247851661 <== mon.0 v2:172.21.15.52:3300/0 1 ==== mon_map magic: 0 v1 ==== 229+0+0 (secure 0 0 0) 0x7f4550003b90 con 0x7f4560105b10
2024-05-11T04:12:56.323 INFO:teuthology.orchestra.run.smithi052.stdout:/usr/bin/ceph: stderr
2024-05-11T04:12:50.233+0000 7f455cff9700 1 -- 172.21.15.52:0/1247851661 <== mon.0 v2:172.21.15.52:3300/0 2 ==== config(27 keys) v1 ==== 1037+0+0 (secure 0 0 0) 0x7f45500248b0 con 0x7f4560105b10
2024-05-11T04:12:56.323 INFO:teuthology.orchestra.run.smithi052.stdout:/usr/bin/ceph: stderr
2024-05-11T04:12:50.233+0000 7f4565f12700 1 -- 172.21.15.52:0/1247851661 --> [v2:172.21.15.52:3300/0,v1:172.21.15.52:6789/0] -- mon_subscribe({mgrmap=0+}) v3 -- 0x7f4560199f90 con 0x7f4560105b10
2024-05-11T04:12:56.323 INFO:teuthology.orchestra.run.smithi052.stdout:/usr/bin/ceph: stderr
2024-05-11T04:12:50.233+0000 7f455cff9700 1 -- 172.21.15.52:0/1247851661 <== mon.0 v2:172.21.15.52:3300/0 3 ==== mon_map magic: 0 v1 ==== 229+0+0 (secure 0 0 0) 0x7f455001a8e0 con 0x7f4560105b10
2024-05-11T04:12:56.323 INFO:teuthology.orchestra.run.smithi052.stdout:/usr/bin/ceph: stderr
2024-05-11T04:12:50.233+0000 7f4565f12700 1 -- 172.21.15.52:0/1247851661 --> [v2:172.21.15.52:3300/0,v1:172.21.15.52:6789/0] -- mon_subscribe({osdmap=0}) v3 -- 0x7f456019a3b0 con 0x7f4560105b10
2024-05-11T04:12:56.323 INFO:teuthology.orchestra.run.smithi052.stdout:/usr/bin/ceph: stderr
2024-05-11T04:12:50.234+0000 7f455cff9700 1 -- 172.21.15.52:0/1247851661 <== mon.0 v2:172.21.15.52:3300/0 4 ==== mgrmap(e 5) v1 ==== 45084+0+0 (secure 0 0 0) 0x7f455001ab50 con 0x7f4560105b10
2024-05-11T04:12:56.323 INFO:teuthology.orchestra.run.smithi052.stdout:/usr/bin/ceph: stderr
2024-05-11T04:12:50.234+0000 7f455cff9700 1 --2- 172.21.15.52:0/1247851661 >> [v2:172.21.15.52:6800/3512636904,v1:172.21.15.52:6801/3512636904] conn(0x7f454c038440 0x7f454c03a8f0 unknown :-1 s=NONE pgs=0 cs=0 l=1 rev1=0 crypto rx=0 tx=0 comp rx=0 tx=0).connect
2024-05-11T04:12:56.323 INFO:teuthology.orchestra.run.smithi052.stdout:/usr/bin/ceph: stderr
2024-05-11T04:12:50.234+0000 7f455cff9700 1 -- 172.21.15.52:0/1247851661 --> [v2:172.21.15.52:6800/3512636904,v1:172.21.15.52:6801/3512636904] -- command(tid 0: {"prefix": "get_command_descriptions"}) v1 -- 0x7f454c03b000 con 0x7f454c038440
2024-05-11T04:12:56.323 INFO:teuthology.orchestra.run.smithi052.stdout:/usr/bin/ceph: stderr
2024-05-11T04:12:50.234+0000 7f455cff9700 1 -- 172.21.15.52:0/1247851661 <== mon.0 v2:172.21.15.52:3300/0 5 ==== osd_map(1..1 src has 1..1) v4 ==== 725+0+0 (secure 0 0 0) 0x7f455004c2f0 con 0x7f4560105b10
2024-05-11T04:12:56.324 INFO:teuthology.orchestra.run.smithi052.stdout:/usr/bin/ceph: stderr
2024-05-11T04:12:50.234+0000 7f455effd700 1 -- 172.21.15.52:0/1247851661 >> [v2:172.21.15.52:6800/3512636904,v1:172.21.15.52:6801/3512636904] conn(0x7f454c038440 msgr2=0x7f454c03a8f0 unknown :-1 s=STATE_CONNECTING_RE l=1).process reconnect failed to v2:172.21.15.52:6800/3512636904
2024-05-11T04:12:56.324 INFO:teuthology.orchestra.run.smithi052.stdout:/usr/bin/ceph: stderr
2024-05-11T04:12:50.234+0000 7f455effd700 1 --2- 172.21.15.52:0/1247851661 >> [v2:172.21.15.52:6800/3512636904,v1:172.21.15.52:6801/3512636904] conn(0x7f454c038440 0x7f454c03a8f0 unknown :-1 s=START_CONNECT pgs=0 cs=0 l=1 rev1=0 crypto rx=0 tx=0 comp rx=0 tx=0)._fault waiting 0.200000
2024-05-11T04:12:56.324 INFO:teuthology.orchestra.run.smithi052.stdout:/usr/bin/ceph: stderr
2024-05-11T04:12:50.435+0000 7f455effd700 1 -- 172.21.15.52:0/1247851661 >> [v2:172.21.15.52:6800/3512636904,v1:172.21.15.52:6801/3512636904] conn(0x7f454c038440 msgr2=0x7f454c03a8f0 unknown :-1 s=STATE_CONNECTING_RE l=1).process reconnect failed to v2:172.21.15.52:6800/3512636904
2024-05-11T04:12:56.324 INFO:teuthology.orchestra.run.smithi052.stdout:/usr/bin/ceph: stderr
2024-05-11T04:12:50.435+0000 7f455effd700 1 --2- 172.21.15.52:0/1247851661 >> [v2:172.21.15.52:6800/3512636904,v1:172.21.15.52:6801/3512636904] conn(0x7f454c038440 0x7f454c03a8f0 unknown :-1 s=START_CONNECT pgs=0 cs=0 l=1 rev1=0 crypto rx=0 tx=0 comp rx=0 tx=0)._fault waiting 0.400000
2024-05-11T04:12:56.324 INFO:teuthology.orchestra.run.smithi052.stdout:/usr/bin/ceph: stderr
2024-05-11T04:12:50.836+0000 7f455effd700 1 -- 172.21.15.52:0/1247851661 >> [v2:172.21.15.52:6800/3512636904,v1:172.21.15.52:6801/3512636904] conn(0x7f454c038440 msgr2=0x7f454c03a8f0 unknown :-1 s=STATE_CONNECTING_RE l=1).process reconnect failed to v2:172.21.15.52:6800/3512636904
2024-05-11T04:12:56.324 INFO:teuthology.orchestra.run.smithi052.stdout:/usr/bin/ceph: stderr
2024-05-11T04:12:50.836+0000 7f455effd700 1 --2- 172.21.15.52:0/1247851661 >> [v2:172.21.15.52:6800/3512636904,v1:172.21.15.52:6801/3512636904] conn(0x7f454c038440 0x7f454c03a8f0 unknown :-1 s=START_CONNECT pgs=0 cs=0 l=1 rev1=0 crypto rx=0 tx=0 comp rx=0 tx=0)._fault waiting 0.800000
2024-05-11T04:12:56.324 INFO:teuthology.orchestra.run.smithi052.stdout:/usr/bin/ceph: stderr
2024-05-11T04:12:51.637+0000 7f455effd700 1 -- 172.21.15.52:0/1247851661 >> [v2:172.21.15.52:6800/3512636904,v1:172.21.15.52:6801/3512636904] conn(0x7f454c038440 msgr2=0x7f454c03a8f0 unknown :-1 s=STATE_CONNECTING_RE l=1).process reconnect failed to v2:172.21.15.52:6800/3512636904
2024-05-11T04:12:56.324 INFO:teuthology.orchestra.run.smithi052.stdout:/usr/bin/ceph: stderr
2024-05-11T04:12:51.637+0000 7f455effd700 1 --2- 172.21.15.52:0/1247851661 >> [v2:172.21.15.52:6800/3512636904,v1:172.21.15.52:6801/3512636904] conn(0x7f454c038440 0x7f454c03a8f0 unknown :-1 s=START_CONNECT pgs=0 cs=0 l=1 rev1=0 crypto rx=0 tx=0 comp rx=0 tx=0)._fault waiting 1.600000
2024-05-11T04:12:56.324 INFO:teuthology.orchestra.run.smithi052.stdout:/usr/bin/ceph: stderr
2024-05-11T04:12:53.238+0000 7f455effd700 1 -- 172.21.15.52:0/1247851661 >> [v2:172.21.15.52:6800/3512636904,v1:172.21.15.52:6801/3512636904] conn(0x7f454c038440 msgr2=0x7f454c03a8f0 unknown :-1 s=STATE_CONNECTING_RE l=1).process reconnect failed to v2:172.21.15.52:6800/3512636904
2024-05-11T04:12:56.324 INFO:teuthology.orchestra.run.smithi052.stdout:/usr/bin/ceph: stderr
2024-05-11T04:12:53.238+0000 7f455effd700 1 --2- 172.21.15.52:0/1247851661 >> [v2:172.21.15.52:6800/3512636904,v1:172.21.15.52:6801/3512636904] conn(0x7f454c038440 0x7f454c03a8f0 unknown :-1 s=START_CONNECT pgs=0 cs=0 l=1 rev1=0 crypto rx=0 tx=0 comp rx=0 tx=0)._fault waiting 3.200000
2024-05-11T04:12:56.324 INFO:teuthology.orchestra.run.smithi052.stdout:/usr/bin/ceph: stderr
2024-05-11T04:12:54.694+0000 7f455cff9700 1 -- 172.21.15.52:0/1247851661 <== mon.0 v2:172.21.15.52:3300/0 6 ==== mgrmap(e 6) v1 ==== 44851+0+0 (secure 0 0 0) 0x7f455002d3f0 con 0x7f4560105b10
