2024-05-07T10:13:06.368 INFO:teuthology.orchestra.run.smithi064.stdout:/usr/bin/ceph: stderr
2024-05-07T10:13:05.703+0000 7fc84552b700 1 -- 172.21.15.64:0/1361771161 --> [v2:172.21.15.64:3300/0,v1:172.21.15.64:6789/0] -- mon_subscribe({config=0+,monmap=0+}) v3 -- 0x7fc83c009550 con 0x7fc840104a00
2024-05-07T10:13:06.368 INFO:teuthology.orchestra.run.smithi064.stdout:/usr/bin/ceph: stderr
2024-05-07T10:13:05.703+0000 7fc84552b700 1 --2- 172.21.15.64:0/1361771161 >> [v2:172.21.15.64:3300/0,v1:172.21.15.64:6789/0] conn(0x7fc840104a00 0x7fc84018fba0 secure :-1 s=READY pgs=10 cs=0 l=1 rev1=1 crypto rx=0x7fc83c0119e0 tx=0x7fc83c011ac0 comp rx=0 tx=0).ready entity=mon.0 client_cookie=0 server_cookie=0 in_seq=0 out_seq=0
2024-05-07T10:13:06.368 INFO:teuthology.orchestra.run.smithi064.stdout:/usr/bin/ceph: stderr
2024-05-07T10:13:05.703+0000 7fc8367fc700 1 -- 172.21.15.64:0/1361771161 <== mon.0 v2:172.21.15.64:3300/0 1 ==== mon_map magic: 0 v1 ==== 229+0+0 (secure 0 0 0) 0x7fc83c003b90 con 0x7fc840104a00
2024-05-07T10:13:06.368 INFO:teuthology.orchestra.run.smithi064.stdout:/usr/bin/ceph: stderr
2024-05-07T10:13:05.703+0000 7fc8367fc700 1 -- 172.21.15.64:0/1361771161 <== mon.0 v2:172.21.15.64:3300/0 2 ==== config(27 keys) v1 ==== 1037+0+0 (secure 0 0 0) 0x7fc83c01a8a0 con 0x7fc840104a00
2024-05-07T10:13:06.368 INFO:teuthology.orchestra.run.smithi064.stdout:/usr/bin/ceph: stderr
2024-05-07T10:13:05.703+0000 7fc84778f700 1 -- 172.21.15.64:0/1361771161 --> [v2:172.21.15.64:3300/0,v1:172.21.15.64:6789/0] -- mon_subscribe({mgrmap=0+}) v3 -- 0x7fc84018e1f0 con 0x7fc840104a00
2024-05-07T10:13:06.368 INFO:teuthology.orchestra.run.smithi064.stdout:/usr/bin/ceph: stderr
2024-05-07T10:13:05.703+0000 7fc8367fc700 1 -- 172.21.15.64:0/1361771161 <== mon.0 v2:172.21.15.64:3300/0 3 ==== mon_map magic: 0 v1 ==== 229+0+0 (secure 0 0 0) 0x7fc83c019930 con 0x7fc840104a00
2024-05-07T10:13:06.369 INFO:teuthology.orchestra.run.smithi064.stdout:/usr/bin/ceph: stderr
2024-05-07T10:13:05.703+0000 7fc84778f700 1 -- 172.21.15.64:0/1361771161 --> [v2:172.21.15.64:3300/0,v1:172.21.15.64:6789/0] -- mon_subscribe({osdmap=0}) v3 -- 0x7fc84018e610 con 0x7fc840104a00
2024-05-07T10:13:06.369 INFO:teuthology.orchestra.run.smithi064.stdout:/usr/bin/ceph: stderr
2024-05-07T10:13:05.704+0000 7fc8367fc700 1 -- 172.21.15.64:0/1361771161 <== mon.0 v2:172.21.15.64:3300/0 4 ==== mgrmap(e 1) v1 ==== 660+0+0 (secure 0 0 0) 0x7fc83c02d440 con 0x7fc840104a00
2024-05-07T10:13:06.369 INFO:teuthology.orchestra.run.smithi064.stdout:/usr/bin/ceph: stderr
2024-05-07T10:13:05.704+0000 7fc8367fc700 1 -- 172.21.15.64:0/1361771161 <== mon.0 v2:172.21.15.64:3300/0 5 ==== osd_map(1..1 src has 1..1) v4 ==== 725+0+0 (secure 0 0 0) 0x7fc83c0248e0 con 0x7fc840104a00
2024-05-07T10:13:06.369 INFO:teuthology.orchestra.run.smithi064.stdout:/usr/bin/ceph: stderr
2024-05-07T10:13:05.705+0000 7fc84778f700 1 -- 172.21.15.64:0/1361771161 --> [v2:172.21.15.64:3300/0,v1:172.21.15.64:6789/0] -- mon_command({"prefix": "get_command_descriptions"} v 0) v1 -- 0x7fc840062380 con 0x7fc840104a00
2024-05-07T10:13:06.369 INFO:teuthology.orchestra.run.smithi064.stdout:/usr/bin/ceph: stderr
2024-05-07T10:13:05.707+0000 7fc8367fc700 1 -- 172.21.15.64:0/1361771161 <== mon.0 v2:172.21.15.64:3300/0 6 ==== mon_command_ack([{"prefix": "get_command_descriptions"}]=0 v0) v1 ==== 72+0+72422 (secure 0 0 0) 0x7fc83c01aa10 con 0x7fc840104a00
2024-05-07T10:13:06.369 INFO:teuthology.orchestra.run.smithi064.stdout:/usr/bin/ceph: stderr
2024-05-07T10:13:05.782+0000 7fc84778f700 1 -- 172.21.15.64:0/1361771161 --> [v2:172.21.15.64:3300/0,v1:172.21.15.64:6789/0] -- mon_command({"prefix": "status", "format": "json-pretty"} v 0) v1 -- 0x7fc840106870 con 0x7fc840104a00
2024-05-07T10:13:06.369 INFO:teuthology.orchestra.run.smithi064.stdout:/usr/bin/ceph: stderr
2024-05-07T10:13:05.783+0000 7fc8367fc700 1 -- 172.21.15.64:0/1361771161 <== mon.0 v2:172.21.15.64:3300/0 7 ==== mon_command_ack([{"prefix": "status", "format": "json-pretty"}]=0 v0) v1 ==== 79+0+1246 (secure 0 0 0) 0x7fc83c01abb0 con 0x7fc840104a00
2024-05-07T10:13:06.369 INFO:teuthology.orchestra.run.smithi064.stdout:/usr/bin/ceph: stderr
2024-05-07T10:13:05.784+0000 7fc84778f700 1 -- 172.21.15.64:0/1361771161 >> [v2:172.21.15.64:3300/0,v1:172.21.15.64:6789/0] conn(0x7fc840104a00 msgr2=0x7fc84018fba0 secure :-1 s=STATE_CONNECTION_ESTABLISHED l=1).mark_down
2024-05-07T10:13:06.369 INFO:teuthology.orchestra.run.smithi064.stdout:/usr/bin/ceph: stderr
2024-05-07T10:13:05.784+0000 7fc84778f700 1 --2- 172.21.15.64:0/1361771161 >> [v2:172.21.15.64:3300/0,v1:172.21.15.64:6789/0] conn(0x7fc840104a00 0x7fc84018fba0 secure :-1 s=READY pgs=10 cs=0 l=1 rev1=1 crypto rx=0x7fc83c0119e0 tx=0x7fc83c011ac0 comp rx=0 tx=0).stop
2024-05-07T10:13:06.369 INFO:teuthology.orchestra.run.smithi064.stdout:/usr/bin/ceph: stderr
2024-05-07T10:13:05.784+0000 7fc84778f700 1 -- 172.21.15.64:0/1361771161 shutdown_connections
2024-05-07T10:13:06.369 INFO:teuthology.orchestra.run.smithi064.stdout:/usr/bin/ceph: stderr
2024-05-07T10:13:05.784+0000 7fc84778f700 1 --2- 172.21.15.64:0/1361771161 >> [v2:172.21.15.64:3300/0,v1:172.21.15.64:6789/0] conn(0x7fc840104a00 0x7fc84018fba0 unknown :-1 s=CLOSED pgs=10 cs=0 l=1 rev1=1 crypto rx=0 tx=0 comp rx=0 tx=0).stop
2024-05-07T10:13:06.369 INFO:teuthology.orchestra.run.smithi064.stdout:/usr/bin/ceph: stderr
2024-05-07T10:13:05.784+0000 7fc84778f700 1 -- 172.21.15.64:0/1361771161 >> 172.21.15.64:0/1361771161 conn(0x7fc840100070 msgr2=0x7fc8400740b0 unknown :-1 s=STATE_NONE l=0).mark_down
2024-05-07T10:13:06.369 INFO:teuthology.orchestra.run.smithi064.stdout:/usr/bin/ceph: stderr
2024-05-07T10:13:05.784+0000 7fc84778f700 1 -- 172.21.15.64:0/1361771161 shutdown_connections
2024-05-07T10:13:06.369 INFO:teuthology.orchestra.run.smithi064.stdout:/usr/bin/ceph: stderr
2024-05-07T10:13:05.784+0000 7fc84778f700 1 -- 172.21.15.64:0/1361771161 wait complete.
2024-05-07T10:13:06.369 INFO:teuthology.orchestra.run.smithi064.stdout:mgr not available, waiting (3/15)...
2024-05-07T10:13:07.234 INFO:journalctl@ceph.mon.smithi064.smithi064.stdout:May 07 10:13:06 smithi064 ceph-mon[26864]: from='mgr.14100 172.21.15.64:0/2519234105' entity='mgr.smithi064.mzbmej'
2024-05-07T10:13:07.235 INFO:journalctl@ceph.mon.smithi064.smithi064.stdout:May 07 10:13:06 smithi064 ceph-mon[26864]: mgrmap e3: smithi064.mzbmej(active, since 1.00786s)
2024-05-07T10:13:09.096 INFO:journalctl@ceph.mon.smithi064.smithi064.stdout:May 07 10:13:08 smithi064 ceph-mon[26864]: mgrmap e4: smithi064.mzbmej(active, since 2s)
2024-05-07T10:13:09.752 INFO:teuthology.orchestra.run.smithi064.stdout:/usr/bin/ceph: stdout
2024-05-07T10:13:09.752 INFO:teuthology.orchestra.run.smithi064.stdout:/usr/bin/ceph: stdout {
2024-05-07T10:13:09.752 INFO:teuthology.orchestra.run.smithi064.stdout:/usr/bin/ceph: stdout "fsid": "41b51d08-0c5a-11ef-bc97-c7b262605968",
2024-05-07T10:13:09.752 INFO:teuthology.orchestra.run.smithi064.stdout:/usr/bin/ceph: stdout "health": {
2024-05-07T10:13:09.752 INFO:teuthology.orchestra.run.smithi064.stdout:/usr/bin/ceph: stdout "status": "HEALTH_OK",
2024-05-07T10:13:09.752 INFO:teuthology.orchestra.run.smithi064.stdout:/usr/bin/ceph: stdout "checks": {},
2024-05-07T10:13:09.752 INFO:teuthology.orchestra.run.smithi064.stdout:/usr/bin/ceph: stdout "mutes": []
2024-05-07T10:13:09.752 INFO:teuthology.orchestra.run.smithi064.stdout:/usr/bin/ceph: stdout },
2024-05-07T10:13:09.752 INFO:teuthology.orchestra.run.smithi064.stdout:/usr/bin/ceph: stdout "election_epoch": 5,
2024-05-07T10:13:09.752 INFO:teuthology.orchestra.run.smithi064.stdout:/usr/bin/ceph: stdout "quorum": [
2024-05-07T10:13:09.752 INFO:teuthology.orchestra.run.smithi064.stdout:/usr/bin/ceph: stdout 0
2024-05-07T10:13:09.752 INFO:teuthology.orchestra.run.smithi064.stdout:/usr/bin/ceph: stdout ],
2024-05-07T10:13:09.753 INFO:teuthology.orchestra.run.smithi064.stdout:/usr/bin/ceph: stdout "quorum_names": [
2024-05-07T10:13:09.753 INFO:teuthology.orchestra.run.smithi064.stdout:/usr/bin/ceph: stdout "smithi064"
2024-05-07T10:13:09.753 INFO:teuthology.orchestra.run.smithi064.stdout:/usr/bin/ceph: stdout ],
2024-05-07T10:13:09.753 INFO:teuthology.orchestra.run.smithi064.stdout:/usr/bin/ceph: stdout "quorum_age": 12,
2024-05-07T10:13:09.753 INFO:teuthology.orchestra.run.smithi064.stdout:/usr/bin/ceph: stdout "monmap": {
2024-05-07T10:13:09.753 INFO:teuthology.orchestra.run.smithi064.stdout:/usr/bin/ceph: stdout "epoch": 1,
2024-05-07T10:13:09.753 INFO:teuthology.orchestra.run.smithi064.stdout:/usr/bin/ceph: stdout "min_mon_release_name": "reef",
2024-05-07T10:13:09.753 INFO:teuthology.orchestra.run.smithi064.stdout:/usr/bin/ceph: stdout "num_mons": 1
2024-05-07T10:13:09.753 INFO:teuthology.orchestra.run.smithi064.stdout:/usr/bin/ceph: stdout },
2024-05-07T10:13:09.753 INFO:teuthology.orchestra.run.smithi064.stdout:/usr/bin/ceph: stdout "osdmap": {
2024-05-07T10:13:09.753 INFO:teuthology.orchestra.run.smithi064.stdout:/usr/bin/ceph: stdout "epoch": 1,
2024-05-07T10:13:09.753 INFO:teuthology.orchestra.run.smithi064.stdout:/usr/bin/ceph: stdout "num_osds": 0,
2024-05-07T10:13:09.753 INFO:teuthology.orchestra.run.smithi064.stdout:/usr/bin/ceph: stdout "num_up_osds": 0,
2024-05-07T10:13:09.753 INFO:teuthology.orchestra.run.smithi064.stdout:/usr/bin/ceph: stdout "osd_up_since": 0,
2024-05-07T10:13:09.761 INFO:teuthology.orchestra.run.smithi064.stdout:/usr/bin/ceph: stdout "num_in_osds": 0,
2024-05-07T10:13:09.762 INFO:teuthology.orchestra.run.smithi064.stdout:/usr/bin/ceph: stdout "osd_in_since": 0,
2024-05-07T10:13:09.762 INFO:teuthology.orchestra.run.smithi064.stdout:/usr/bin/ceph: stdout "num_remapped_pgs": 0
2024-05-07T10:13:09.762 INFO:teuthology.orchestra.run.smithi064.stdout:/usr/bin/ceph: stdout },
2024-05-07T10:13:09.762 INFO:teuthology.orchestra.run.smithi064.stdout:/usr/bin/ceph: stdout "pgmap": {
2024-05-07T10:13:09.762 INFO:teuthology.orchestra.run.smithi064.stdout:/usr/bin/ceph: stdout "pgs_by_state": [],
2024-05-07T10:13:09.762 INFO:teuthology.orchestra.run.smithi064.stdout:/usr/bin/ceph: stdout "num_pgs": 0,
2024-05-07T10:13:09.762 INFO:teuthology.orchestra.run.smithi064.stdout:/usr/bin/ceph: stdout "num_pools": 0,
2024-05-07T10:13:09.762 INFO:teuthology.orchestra.run.smithi064.stdout:/usr/bin/ceph: stdout "num_objects": 0,
2024-05-07T10:13:09.762 INFO:teuthology.orchestra.run.smithi064.stdout:/usr/bin/ceph: stdout "data_bytes": 0,
2024-05-07T10:13:09.762 INFO:teuthology.orchestra.run.smithi064.stdout:/usr/bin/ceph: stdout "bytes_used": 0,
2024-05-07T10:13:09.762 INFO:teuthology.orchestra.run.smithi064.stdout:/usr/bin/ceph: stdout "bytes_avail": 0,
2024-05-07T10:13:09.762 INFO:teuthology.orchestra.run.smithi064.stdout:/usr/bin/ceph: stdout "bytes_total": 0
2024-05-07T10:13:09.762 INFO:teuthology.orchestra.run.smithi064.stdout:/usr/bin/ceph: stdout },
2024-05-07T10:13:09.762 INFO:teuthology.orchestra.run.smithi064.stdout:/usr/bin/ceph: stdout "fsmap": {
2024-05-07T10:13:09.763 INFO:teuthology.orchestra.run.smithi064.stdout:/usr/bin/ceph: stdout "epoch": 1,
2024-05-07T10:13:09.763 INFO:teuthology.orchestra.run.smithi064.stdout:/usr/bin/ceph: stdout "by_rank": [],
2024-05-07T10:13:09.763 INFO:teuthology.orchestra.run.smithi064.stdout:/usr/bin/ceph: stdout "up:standby": 0
2024-05-07T10:13:09.763 INFO:teuthology.orchestra.run.smithi064.stdout:/usr/bin/ceph: stdout },
2024-05-07T10:13:09.763 INFO:teuthology.orchestra.run.smithi064.stdout:/usr/bin/ceph: stdout "mgrmap": {
2024-05-07T10:13:09.763 INFO:teuthology.orchestra.run.smithi064.stdout:/usr/bin/ceph: stdout "available": true,
2024-05-07T10:13:09.763 INFO:teuthology.orchestra.run.smithi064.stdout:/usr/bin/ceph: stdout "num_standbys": 0,
2024-05-07T10:13:09.763 INFO:teuthology.orchestra.run.smithi064.stdout:/usr/bin/ceph: stdout "modules": [
2024-05-07T10:13:09.763 INFO:teuthology.orchestra.run.smithi064.stdout:/usr/bin/ceph: stdout "iostat",
2024-05-07T10:13:09.763 INFO:teuthology.orchestra.run.smithi064.stdout:/usr/bin/ceph: stdout "nfs",
2024-05-07T10:13:09.763 INFO:teuthology.orchestra.run.smithi064.stdout:/usr/bin/ceph: stdout "restful"
2024-05-07T10:13:09.763 INFO:teuthology.orchestra.run.smithi064.stdout:/usr/bin/ceph: stdout ],
2024-05-07T10:13:09.763 INFO:teuthology.orchestra.run.smithi064.stdout:/usr/bin/ceph: stdout "services": {}
2024-05-07T10:13:09.763 INFO:teuthology.orchestra.run.smithi064.stdout:/usr/bin/ceph: stdout },
2024-05-07T10:13:09.763 INFO:teuthology.orchestra.run.smithi064.stdout:/usr/bin/ceph: stdout "servicemap": {
2024-05-07T10:13:09.763 INFO:teuthology.orchestra.run.smithi064.stdout:/usr/bin/ceph: stdout "epoch": 1,
2024-05-07T10:13:09.764 INFO:teuthology.orchestra.run.smithi064.stdout:/usr/bin/ceph: stdout "modified": "2024-05-07T10:12:48.873870+0000",
2024-05-07T10:13:09.764 INFO:teuthology.orchestra.run.smithi064.stdout:/usr/bin/ceph: stdout "services": {}
2024-05-07T10:13:09.764 INFO:teuthology.orchestra.run.smithi064.stdout:/usr/bin/ceph: stdout },
2024-05-07T10:13:09.764 INFO:teuthology.orchestra.run.smithi064.stdout:/usr/bin/ceph: stdout "progress_events": {}
2024-05-07T10:13:09.764 INFO:teuthology.orchestra.run.smithi064.stdout:/usr/bin/ceph: stdout }
2024-05-07T10:13:09.764 INFO:teuthology.orchestra.run.smithi064.stdout:/usr/bin/ceph: stderr
2024-05-07T10:13:08.805+0000 7f693256f700 1 Processor -- start
2024-05-07T10:13:09.764 INFO:teuthology.orchestra.run.smithi064.stdout:/usr/bin/ceph: stderr
2024-05-07T10:13:08.805+0000 7f693256f700 1 -- start start
2024-05-07T10:13:09.764 INFO:teuthology.orchestra.run.smithi064.stdout:/usr/bin/ceph: stderr
2024-05-07T10:13:08.805+0000 7f693256f700 1 --2- >> [v2:172.21.15.64:3300/0,v1:172.21.15.64:6789/0] conn(0x7f692c104a00 0x7f692c104e10 unknown :-1 s=NONE pgs=0 cs=0 l=0 rev1=0 crypto rx=0 tx=0 comp rx=0 tx=0).connect
2024-05-07T10:13:09.764 INFO:teuthology.orchestra.run.smithi064.stdout:/usr/bin/ceph: stderr
2024-05-07T10:13:08.805+0000 7f693256f700 1 -- --> [v2:172.21.15.64:3300/0,v1:172.21.15.64:6789/0] -- mon_getmap magic: 0 v1 -- 0x7f692c105350 con 0x7f692c104a00
2024-05-07T10:13:09.764 INFO:teuthology.orchestra.run.smithi064.stdout:/usr/bin/ceph: stderr
2024-05-07T10:13:08.805+0000 7f692bfff700 1 --2- >> [v2:172.21.15.64:3300/0,v1:172.21.15.64:6789/0] conn(0x7f692c104a00 0x7f692c104e10 unknown :-1 s=BANNER_CONNECTING pgs=0 cs=0 l=0 rev1=0 crypto rx=0 tx=0 comp rx=0 tx=0)._handle_peer_banner_payload supported=3 required=0
2024-05-07T10:13:09.764 INFO:teuthology.orchestra.run.smithi064.stdout:/usr/bin/ceph: stderr
2024-05-07T10:13:08.805+0000 7f692bfff700 1 --2- >> [v2:172.21.15.64:3300/0,v1:172.21.15.64:6789/0] conn(0x7f692c104a00 0x7f692c104e10 unknown :-1 s=HELLO_CONNECTING pgs=0 cs=0 l=0 rev1=1 crypto rx=0 tx=0 comp rx=0 tx=0).handle_hello peer v2:172.21.15.64:3300/0 says I am v2:172.21.15.64:41344/0 (socket says 172.21.15.64:41344)
2024-05-07T10:13:09.764 INFO:teuthology.orchestra.run.smithi064.stdout:/usr/bin/ceph: stderr
2024-05-07T10:13:08.805+0000 7f692bfff700 1 -- 172.21.15.64:0/2061449640 learned_addr learned my addr 172.21.15.64:0/2061449640 (peer_addr_for_me v2:172.21.15.64:0/0)
2024-05-07T10:13:09.764 INFO:teuthology.orchestra.run.smithi064.stdout:/usr/bin/ceph: stderr
2024-05-07T10:13:08.805+0000 7f692bfff700 1 -- 172.21.15.64:0/2061449640 --> [v2:172.21.15.64:3300/0,v1:172.21.15.64:6789/0] -- mon_subscribe({config=0+,monmap=0+}) v3 -- 0x7f692c105490 con 0x7f692c104a00
2024-05-07T10:13:09.764 INFO:teuthology.orchestra.run.smithi064.stdout:/usr/bin/ceph: stderr
2024-05-07T10:13:08.806+0000 7f692bfff700 1 --2- 172.21.15.64:0/2061449640 >> [v2:172.21.15.64:3300/0,v1:172.21.15.64:6789/0] conn(0x7f692c104a00 0x7f692c104e10 secure :-1 s=READY pgs=18 cs=0 l=1 rev1=1 crypto rx=0x7f691c0098a0 tx=0x7f691c009bb0 comp rx=0 tx=0).ready entity=mon.0 client_cookie=8e2fabf8feca7e5e server_cookie=0 in_seq=0 out_seq=0
2024-05-07T10:13:09.764 INFO:teuthology.orchestra.run.smithi064.stdout:/usr/bin/ceph: stderr
2024-05-07T10:13:08.806+0000 7f692b7fe700 1 -- 172.21.15.64:0/2061449640 <== mon.0 v2:172.21.15.64:3300/0 1 ==== mon_map magic: 0 v1 ==== 229+0+0 (secure 0 0 0) 0x7f691c004180 con 0x7f692c104a00
2024-05-07T10:13:09.764 INFO:teuthology.orchestra.run.smithi064.stdout:/usr/bin/ceph: stderr
2024-05-07T10:13:08.806+0000 7f692b7fe700 1 -- 172.21.15.64:0/2061449640 <== mon.0 v2:172.21.15.64:3300/0 2 ==== config(27 keys) v1 ==== 1037+0+0 (secure 0 0 0) 0x7f691c0042e0 con 0x7f692c104a00
2024-05-07T10:13:09.765 INFO:teuthology.orchestra.run.smithi064.stdout:/usr/bin/ceph: stderr
2024-05-07T10:13:08.806+0000 7f692b7fe700 1 -- 172.21.15.64:0/2061449640 <== mon.0 v2:172.21.15.64:3300/0 3 ==== mon_map magic: 0 v1 ==== 229+0+0 (secure 0 0 0) 0x7f691c011a50 con 0x7f692c104a00
2024-05-07T10:13:09.765 INFO:teuthology.orchestra.run.smithi064.stdout:/usr/bin/ceph: stderr
2024-05-07T10:13:08.806+0000 7f693256f700 1 -- 172.21.15.64:0/2061449640 >> [v2:172.21.15.64:3300/0,v1:172.21.15.64:6789/0] conn(0x7f692c104a00 msgr2=0x7f692c104e10 secure :-1 s=STATE_CONNECTION_ESTABLISHED l=1).mark_down
2024-05-07T10:13:09.765 INFO:teuthology.orchestra.run.smithi064.stdout:/usr/bin/ceph: stderr
2024-05-07T10:13:08.806+0000 7f693256f700 1 --2- 172.21.15.64:0/2061449640 >> [v2:172.21.15.64:3300/0,v1:172.21.15.64:6789/0] conn(0x7f692c104a00 0x7f692c104e10 secure :-1 s=READY pgs=18 cs=0 l=1 rev1=1 crypto rx=0x7f691c0098a0 tx=0x7f691c009bb0 comp rx=0 tx=0).stop
2024-05-07T10:13:09.765 INFO:teuthology.orchestra.run.smithi064.stdout:/usr/bin/ceph: stderr
2024-05-07T10:13:08.807+0000 7f693256f700 1 -- 172.21.15.64:0/2061449640 shutdown_connections
2024-05-07T10:13:09.765 INFO:teuthology.orchestra.run.smithi064.stdout:/usr/bin/ceph: stderr
2024-05-07T10:13:08.807+0000 7f693256f700 1 --2- 172.21.15.64:0/2061449640 >> [v2:172.21.15.64:3300/0,v1:172.21.15.64:6789/0] conn(0x7f692c104a00 0x7f692c104e10 unknown :-1 s=CLOSED pgs=18 cs=0 l=1 rev1=1 crypto rx=0 tx=0 comp rx=0 tx=0).stop
2024-05-07T10:13:09.765 INFO:teuthology.orchestra.run.smithi064.stdout:/usr/bin/ceph: stderr
2024-05-07T10:13:08.807+0000 7f693256f700 1 -- 172.21.15.64:0/2061449640 >> 172.21.15.64:0/2061449640 conn(0x7f692c100070 msgr2=0x7f692c102480 unknown :-1 s=STATE_NONE l=0).mark_down
2024-05-07T10:13:09.765 INFO:teuthology.orchestra.run.smithi064.stdout:/usr/bin/ceph: stderr
2024-05-07T10:13:08.807+0000 7f693256f700 1 -- 172.21.15.64:0/2061449640 shutdown_connections
2024-05-07T10:13:09.765 INFO:teuthology.orchestra.run.smithi064.stdout:/usr/bin/ceph: stderr
2024-05-07T10:13:08.807+0000 7f693256f700 1 -- 172.21.15.64:0/2061449640 wait complete.
2024-05-07T10:13:09.765 INFO:teuthology.orchestra.run.smithi064.stdout:/usr/bin/ceph: stderr
2024-05-07T10:13:08.807+0000 7f693256f700 1 Processor -- start
2024-05-07T10:13:09.765 INFO:teuthology.orchestra.run.smithi064.stdout:/usr/bin/ceph: stderr
2024-05-07T10:13:08.807+0000 7f693256f700 1 -- start start
2024-05-07T10:13:09.765 INFO:teuthology.orchestra.run.smithi064.stdout:/usr/bin/ceph: stderr
2024-05-07T10:13:08.807+0000 7f693256f700 1 --2- >> [v2:172.21.15.64:3300/0,v1:172.21.15.64:6789/0] conn(0x7f692c104a00 0x7f692c199850 unknown :-1 s=NONE pgs=0 cs=0 l=1 rev1=0 crypto rx=0 tx=0 comp rx=0 tx=0).connect
2024-05-07T10:13:09.765 INFO:teuthology.orchestra.run.smithi064.stdout:/usr/bin/ceph: stderr
2024-05-07T10:13:08.807+0000 7f693256f700 1 -- --> [v2:172.21.15.64:3300/0,v1:172.21.15.64:6789/0] -- mon_getmap magic: 0 v1 -- 0x7f692c199d90 con 0x7f692c104a00
2024-05-07T10:13:09.765 INFO:teuthology.orchestra.run.smithi064.stdout:/usr/bin/ceph: stderr
2024-05-07T10:13:08.808+0000 7f692bfff700 1 --2- >> [v2:172.21.15.64:3300/0,v1:172.21.15.64:6789/0] conn(0x7f692c104a00 0x7f692c199850 unknown :-1 s=BANNER_CONNECTING pgs=0 cs=0 l=1 rev1=0 crypto rx=0 tx=0 comp rx=0 tx=0)._handle_peer_banner_payload supported=3 required=0
2024-05-07T10:13:09.765 INFO:teuthology.orchestra.run.smithi064.stdout:/usr/bin/ceph: stderr
2024-05-07T10:13:08.808+0000 7f692bfff700 1 --2- >> [v2:172.21.15.64:3300/0,v1:172.21.15.64:6789/0] conn(0x7f692c104a00 0x7f692c199850 unknown :-1 s=HELLO_CONNECTING pgs=0 cs=0 l=1 rev1=1 crypto rx=0 tx=0 comp rx=0 tx=0).handle_hello peer v2:172.21.15.64:3300/0 says I am v2:172.21.15.64:41352/0 (socket says 172.21.15.64:41352)
2024-05-07T10:13:09.765 INFO:teuthology.orchestra.run.smithi064.stdout:/usr/bin/ceph: stderr
2024-05-07T10:13:08.808+0000 7f692bfff700 1 -- 172.21.15.64:0/4053167787 learned_addr learned my addr 172.21.15.64:0/4053167787 (peer_addr_for_me v2:172.21.15.64:0/0)
2024-05-07T10:13:09.765 INFO:teuthology.orchestra.run.smithi064.stdout:/usr/bin/ceph: stderr
2024-05-07T10:13:08.808+0000 7f692bfff700 1 -- 172.21.15.64:0/4053167787 --> [v2:172.21.15.64:3300/0,v1:172.21.15.64:6789/0] -- mon_subscribe({config=0+,monmap=0+}) v3 -- 0x7f691c009550 con 0x7f692c104a00
2024-05-07T10:13:09.765 INFO:teuthology.orchestra.run.smithi064.stdout:/usr/bin/ceph: stderr
2024-05-07T10:13:08.808+0000 7f692bfff700 1 --2- 172.21.15.64:0/4053167787 >> [v2:172.21.15.64:3300/0,v1:172.21.15.64:6789/0] conn(0x7f692c104a00 0x7f692c199850 secure :-1 s=READY pgs=19 cs=0 l=1 rev1=1 crypto rx=0x7f691c0119e0 tx=0x7f691c011ac0 comp rx=0 tx=0).ready entity=mon.0 client_cookie=0 server_cookie=0 in_seq=0 out_seq=0
2024-05-07T10:13:09.766 INFO:teuthology.orchestra.run.smithi064.stdout:/usr/bin/ceph: stderr
2024-05-07T10:13:08.808+0000 7f6929ffb700 1 -- 172.21.15.64:0/4053167787 <== mon.0 v2:172.21.15.64:3300/0 1 ==== mon_map magic: 0 v1 ==== 229+0+0 (secure 0 0 0) 0x7f691c003b90 con 0x7f692c104a00
2024-05-07T10:13:09.766 INFO:teuthology.orchestra.run.smithi064.stdout:/usr/bin/ceph: stderr
2024-05-07T10:13:08.808+0000 7f6929ffb700 1 -- 172.21.15.64:0/4053167787 <== mon.0 v2:172.21.15.64:3300/0 2 ==== config(27 keys) v1 ==== 1037+0+0 (secure 0 0 0) 0x7f691c01a8a0 con 0x7f692c104a00
2024-05-07T10:13:09.766 INFO:teuthology.orchestra.run.smithi064.stdout:/usr/bin/ceph: stderr
2024-05-07T10:13:08.808+0000 7f6929ffb700 1 -- 172.21.15.64:0/4053167787 <== mon.0 v2:172.21.15.64:3300/0 3 ==== mon_map magic: 0 v1 ==== 229+0+0 (secure 0 0 0) 0x7f691c019930 con 0x7f692c104a00
2024-05-07T10:13:09.766 INFO:teuthology.orchestra.run.smithi064.stdout:/usr/bin/ceph: stderr
2024-05-07T10:13:08.808+0000 7f693256f700 1 -- 172.21.15.64:0/4053167787 --> [v2:172.21.15.64:3300/0,v1:172.21.15.64:6789/0] -- mon_subscribe({mgrmap=0+}) v3 -- 0x7f692c199f90 con 0x7f692c104a00
2024-05-07T10:13:09.766 INFO:teuthology.orchestra.run.smithi064.stdout:/usr/bin/ceph: stderr
2024-05-07T10:13:08.808+0000 7f693256f700 1 -- 172.21.15.64:0/4053167787 --> [v2:172.21.15.64:3300/0,v1:172.21.15.64:6789/0] -- mon_subscribe({osdmap=0}) v3 -- 0x7f692c19a3b0 con 0x7f692c104a00
2024-05-07T10:13:09.766 INFO:teuthology.orchestra.run.smithi064.stdout:/usr/bin/ceph: stderr
2024-05-07T10:13:08.809+0000 7f6929ffb700 1 -- 172.21.15.64:0/4053167787 <== mon.0 v2:172.21.15.64:3300/0 4 ==== mgrmap(e 4) v1 ==== 45073+0+0 (secure 0 0 0) 0x7f691c01aa10 con 0x7f692c104a00
2024-05-07T10:13:09.766 INFO:teuthology.orchestra.run.smithi064.stdout:/usr/bin/ceph: stderr
2024-05-07T10:13:08.809+0000 7f693256f700 1 -- 172.21.15.64:0/4053167787 --> [v2:172.21.15.64:3300/0,v1:172.21.15.64:6789/0] -- mon_command({"prefix": "get_command_descriptions"} v 0) v1 -- 0x7f692c062380 con 0x7f692c104a00
2024-05-07T10:13:09.766 INFO:teuthology.orchestra.run.smithi064.stdout:/usr/bin/ceph: stderr
2024-05-07T10:13:08.809+0000 7f6929ffb700 1 --2- 172.21.15.64:0/4053167787 >> [v2:172.21.15.64:6800/820002601,v1:172.21.15.64:6801/820002601] conn(0x7f6918038360 0x7f691803a810 unknown :-1 s=NONE pgs=0 cs=0 l=1 rev1=0 crypto rx=0 tx=0 comp rx=0 tx=0).connect
2024-05-07T10:13:09.766 INFO:teuthology.orchestra.run.smithi064.stdout:/usr/bin/ceph: stderr
2024-05-07T10:13:08.809+0000 7f6929ffb700 1 -- 172.21.15.64:0/4053167787 <== mon.0 v2:172.21.15.64:3300/0 5 ==== osd_map(1..1 src has 1..1) v4 ==== 725+0+0 (secure 0 0 0) 0x7f691c04c670 con 0x7f692c104a00
2024-05-07T10:13:09.766 INFO:teuthology.orchestra.run.smithi064.stdout:/usr/bin/ceph: stderr
2024-05-07T10:13:08.810+0000 7f6923fff700 1 --2- 172.21.15.64:0/4053167787 >> [v2:172.21.15.64:6800/820002601,v1:172.21.15.64:6801/820002601] conn(0x7f6918038360 0x7f691803a810 unknown :-1 s=BANNER_CONNECTING pgs=0 cs=0 l=1 rev1=0 crypto rx=0 tx=0 comp rx=0 tx=0)._handle_peer_banner_payload supported=3 required=0
2024-05-07T10:13:09.766 INFO:teuthology.orchestra.run.smithi064.stdout:/usr/bin/ceph: stderr
2024-05-07T10:13:08.810+0000 7f6923fff700 1 --2- 172.21.15.64:0/4053167787 >> [v2:172.21.15.64:6800/820002601,v1:172.21.15.64:6801/820002601] conn(0x7f6918038360 0x7f691803a810 secure :-1 s=READY pgs=6 cs=0 l=1 rev1=1 crypto rx=0x7f6914006fd0 tx=0x7f6914006e40 comp rx=0 tx=0).ready entity=mgr.14100 client_cookie=0 server_cookie=0 in_seq=0 out_seq=0
2024-05-07T10:13:09.766 INFO:teuthology.orchestra.run.smithi064.stdout:/usr/bin/ceph: stderr
2024-05-07T10:13:08.815+0000 7f6929ffb700 1 -- 172.21.15.64:0/4053167787 <== mon.0 v2:172.21.15.64:3300/0 6 ==== mon_command_ack([{"prefix": "get_command_descriptions"}]=0 v0) v1 ==== 72+0+177933 (secure 0 0 0) 0x7f691c018530 con 0x7f692c104a00
2024-05-07T10:13:09.766 INFO:teuthology.orchestra.run.smithi064.stdout:/usr/bin/ceph: stderr
2024-05-07T10:13:09.096+0000 7f693256f700 1 -- 172.21.15.64:0/4053167787 --> [v2:172.21.15.64:3300/0,v1:172.21.15.64:6789/0] -- mon_command({"prefix": "status", "format": "json-pretty"} v 0) v1 -- 0x7f692c19d550 con 0x7f692c104a00
2024-05-07T10:13:09.766 INFO:teuthology.orchestra.run.smithi064.stdout:/usr/bin/ceph: stderr
2024-05-07T10:13:09.096+0000 7f6929ffb700 1 -- 172.21.15.64:0/4053167787 <== mon.0 v2:172.21.15.64:3300/0 7 ==== mon_command_ack([{"prefix": "status", "format": "json-pretty"}]=0 v0) v1 ==== 79+0+1246 (secure 0 0 0) 0x7f691c018350 con 0x7f692c104a00
2024-05-07T10:13:09.767 INFO:teuthology.orchestra.run.smithi064.stdout:/usr/bin/ceph: stderr
2024-05-07T10:13:09.098+0000 7f693256f700 1 -- 172.21.15.64:0/4053167787 >> [v2:172.21.15.64:6800/820002601,v1:172.21.15.64:6801/820002601] conn(0x7f6918038360 msgr2=0x7f691803a810 secure :-1 s=STATE_CONNECTION_ESTABLISHED l=1).mark_down
2024-05-07T10:13:09.767 INFO:teuthology.orchestra.run.smithi064.stdout:/usr/bin/ceph: stderr
2024-05-07T10:13:09.098+0000 7f693256f700 1 --2- 172.21.15.64:0/4053167787 >> [v2:172.21.15.64:6800/820002601,v1:172.21.15.64:6801/820002601] conn(0x7f6918038360 0x7f691803a810 secure :-1 s=READY pgs=6 cs=0 l=1 rev1=1 crypto rx=0x7f6914006fd0 tx=0x7f6914006e40 comp rx=0 tx=0).stop
2024-05-07T10:13:09.767 INFO:teuthology.orchestra.run.smithi064.stdout:/usr/bin/ceph: stderr
2024-05-07T10:13:09.098+0000 7f693256f700 1 -- 172.21.15.64:0/4053167787 >> [v2:172.21.15.64:3300/0,v1:172.21.15.64:6789/0] conn(0x7f692c104a00 msgr2=0x7f692c199850 secure :-1 s=STATE_CONNECTION_ESTABLISHED l=1).mark_down
2024-05-07T10:13:09.767 INFO:teuthology.orchestra.run.smithi064.stdout:/usr/bin/ceph: stderr
2024-05-07T10:13:09.098+0000 7f693256f700 1 --2- 172.21.15.64:0/4053167787 >> [v2:172.21.15.64:3300/0,v1:172.21.15.64:6789/0] conn(0x7f692c104a00 0x7f692c199850 secure :-1 s=READY pgs=19 cs=0 l=1 rev1=1 crypto rx=0x7f691c0119e0 tx=0x7f691c011ac0 comp rx=0 tx=0).stop
2024-05-07T10:13:09.767 INFO:teuthology.orchestra.run.smithi064.stdout:/usr/bin/ceph: stderr
2024-05-07T10:13:09.099+0000 7f693256f700 1 -- 172.21.15.64:0/4053167787 shutdown_connections
2024-05-07T10:13:09.767 INFO:teuthology.orchestra.run.smithi064.stdout:/usr/bin/ceph: stderr
2024-05-07T10:13:09.099+0000 7f693256f700 1 --2- 172.21.15.64:0/4053167787 >> [v2:172.21.15.64:6800/820002601,v1:172.21.15.64:6801/820002601] conn(0x7f6918038360 0x7f691803a810 unknown :-1 s=CLOSED pgs=6 cs=0 l=1 rev1=1 crypto rx=0 tx=0 comp rx=0 tx=0).stop
2024-05-07T10:13:09.767 INFO:teuthology.orchestra.run.smithi064.stdout:/usr/bin/ceph: stderr
2024-05-07T10:13:09.099+0000 7f693256f700 1 --2- 172.21.15.64:0/4053167787 >> [v2:172.21.15.64:3300/0,v1:172.21.15.64:6789/0] conn(0x7f692c104a00 0x7f692c199850 unknown :-1 s=CLOSED pgs=19 cs=0 l=1 rev1=1 crypto rx=0 tx=0 comp rx=0 tx=0).stop
2024-05-07T10:13:09.767 INFO:teuthology.orchestra.run.smithi064.stdout:/usr/bin/ceph: stderr
2024-05-07T10:13:09.099+0000 7f693256f700 1 -- 172.21.15.64:0/4053167787 >> 172.21.15.64:0/4053167787 conn(0x7f692c100070 msgr2=0x7f692c100e40 unknown :-1 s=STATE_NONE l=0).mark_down
2024-05-07T10:13:09.767 INFO:teuthology.orchestra.run.smithi064.stdout:/usr/bin/ceph: stderr
2024-05-07T10:13:09.099+0000 7f693256f700 1 -- 172.21.15.64:0/4053167787 shutdown_connections
2024-05-07T10:13:09.767 INFO:teuthology.orchestra.run.smithi064.stdout:/usr/bin/ceph: stderr
2024-05-07T10:13:09.099+0000 7f693256f700 1 -- 172.21.15.64:0/4053167787 wait complete.
2024-05-07T10:13:09.767 INFO:teuthology.orchestra.run.smithi064.stdout:mgr is available
2024-05-07T10:13:10.133 INFO:journalctl@ceph.mon.smithi064.smithi064.stdout:May 07 10:13:09 smithi064 ceph-mon[26864]: from='client.? 172.21.15.64:0/4053167787' entity='client.admin' cmd=[{"prefix": "status", "format": "json-pretty"}]: dispatch
2024-05-07T10:13:11.028 INFO:journalctl@ceph.mon.smithi064.smithi064.stdout:May 07 10:13:10 smithi064 ceph-mon[26864]: from='client.? 172.21.15.64:0/1640984463' entity='client.admin' cmd=[{"prefix": "config assimilate-conf"}]: dispatch
2024-05-07T10:13:11.038 INFO:teuthology.orchestra.run.smithi064.stdout:/usr/bin/ceph: stdout
2024-05-07T10:13:11.038 INFO:teuthology.orchestra.run.smithi064.stdout:/usr/bin/ceph: stdout [global]
2024-05-07T10:13:11.038 INFO:teuthology.orchestra.run.smithi064.stdout:/usr/bin/ceph: stdout fsid = 41b51d08-0c5a-11ef-bc97-c7b262605968
2024-05-07T10:13:11.038 INFO:teuthology.orchestra.run.smithi064.stdout:/usr/bin/ceph: stdout mon_osd_allow_pg_remap = true
2024-05-07T10:13:11.038 INFO:teuthology.orchestra.run.smithi064.stdout:/usr/bin/ceph: stdout mon_osd_allow_primary_affinity = true
2024-05-07T10:13:11.038 INFO:teuthology.orchestra.run.smithi064.stdout:/usr/bin/ceph: stdout mon_warn_on_no_sortbitwise = false
2024-05-07T10:13:11.038 INFO:teuthology.orchestra.run.smithi064.stdout:/usr/bin/ceph: stdout osd_crush_chooseleaf_type = 0
2024-05-07T10:13:11.038 INFO:teuthology.orchestra.run.smithi064.stdout:/usr/bin/ceph: stdout
2024-05-07T10:13:11.038 INFO:teuthology.orchestra.run.smithi064.stdout:/usr/bin/ceph: stdout [mgr]
2024-05-07T10:13:11.038 INFO:teuthology.orchestra.run.smithi064.stdout:/usr/bin/ceph: stdout mgr/telemetry/nag = false
2024-05-07T10:13:11.038 INFO:teuthology.orchestra.run.smithi064.stdout:/usr/bin/ceph: stdout
2024-05-07T10:13:11.038 INFO:teuthology.orchestra.run.smithi064.stdout:/usr/bin/ceph: stdout [osd]
2024-05-07T10:13:11.038 INFO:teuthology.orchestra.run.smithi064.stdout:/usr/bin/ceph: stdout mon_osd_backfillfull_ratio = 0.85
2024-05-07T10:13:11.039 INFO:teuthology.orchestra.run.smithi064.stdout:/usr/bin/ceph: stdout mon_osd_full_ratio = 0.9
2024-05-07T10:13:11.039 INFO:teuthology.orchestra.run.smithi064.stdout:/usr/bin/ceph: stdout mon_osd_nearfull_ratio = 0.8
2024-05-07T10:13:11.039 INFO:teuthology.orchestra.run.smithi064.stdout:/usr/bin/ceph: stdout osd_map_max_advance = 10
2024-05-07T10:13:11.039 INFO:teuthology.orchestra.run.smithi064.stdout:/usr/bin/ceph: stdout osd_sloppy_crc = true
2024-05-07T10:13:11.039 INFO:teuthology.orchestra.run.smithi064.stdout:/usr/bin/ceph: stderr
2024-05-07T10:13:10.247+0000 7f2dc906e700 1 Processor -- start
2024-05-07T10:13:11.039 INFO:teuthology.orchestra.run.smithi064.stdout:/usr/bin/ceph: stderr
2024-05-07T10:13:10.247+0000 7f2dc906e700 1 -- start start
2024-05-07T10:13:11.039 INFO:teuthology.orchestra.run.smithi064.stdout:/usr/bin/ceph: stderr
2024-05-07T10:13:10.247+0000 7f2dc906e700 1 --2- >> [v2:172.21.15.64:3300/0,v1:172.21.15.64:6789/0] conn(0x7f2dc4104450 0x7f2dc4104860 unknown :-1 s=NONE pgs=0 cs=0 l=0 rev1=0 crypto rx=0 tx=0 comp rx=0 tx=0).connect
2024-05-07T10:13:11.039 INFO:teuthology.orchestra.run.smithi064.stdout:/usr/bin/ceph: stderr
2024-05-07T10:13:10.247+0000 7f2dc906e700 1 -- --> [v2:172.21.15.64:3300/0,v1:172.21.15.64:6789/0] -- mon_getmap magic: 0 v1 -- 0x7f2dc4079d30 con 0x7f2dc4104450
2024-05-07T10:13:11.039 INFO:teuthology.orchestra.run.smithi064.stdout:/usr/bin/ceph: stderr
2024-05-07T10:13:10.247+0000 7f2dc2d9d700 1 --2- >> [v2:172.21.15.64:3300/0,v1:172.21.15.64:6789/0] conn(0x7f2dc4104450 0x7f2dc4104860 unknown :-1 s=BANNER_CONNECTING pgs=0 cs=0 l=0 rev1=0 crypto rx=0 tx=0 comp rx=0 tx=0)._handle_peer_banner_payload supported=3 required=0
2024-05-07T10:13:11.039 INFO:teuthology.orchestra.run.smithi064.stdout:/usr/bin/ceph: stderr
2024-05-07T10:13:10.247+0000 7f2dc2d9d700 1 --2- >> [v2:172.21.15.64:3300/0,v1:172.21.15.64:6789/0] conn(0x7f2dc4104450 0x7f2dc4104860 unknown :-1 s=HELLO_CONNECTING pgs=0 cs=0 l=0 rev1=1 crypto rx=0 tx=0 comp rx=0 tx=0).handle_hello peer v2:172.21.15.64:3300/0 says I am v2:172.21.15.64:41360/0 (socket says 172.21.15.64:41360)
2024-05-07T10:13:11.039 INFO:teuthology.orchestra.run.smithi064.stdout:/usr/bin/ceph: stderr
2024-05-07T10:13:10.247+0000 7f2dc2d9d700 1 -- 172.21.15.64:0/137264382 learned_addr learned my addr 172.21.15.64:0/137264382 (peer_addr_for_me v2:172.21.15.64:0/0)
2024-05-07T10:13:11.039 INFO:teuthology.orchestra.run.smithi064.stdout:/usr/bin/ceph: stderr
2024-05-07T10:13:10.247+0000 7f2dc2d9d700 1 -- 172.21.15.64:0/137264382 --> [v2:172.21.15.64:3300/0,v1:172.21.15.64:6789/0] -- mon_subscribe({config=0+,monmap=0+}) v3 -- 0x7f2dc4079e70 con 0x7f2dc4104450
2024-05-07T10:13:11.039 INFO:teuthology.orchestra.run.smithi064.stdout:/usr/bin/ceph: stderr
2024-05-07T10:13:10.248+0000 7f2dc2d9d700 1 --2- 172.21.15.64:0/137264382 >> [v2:172.21.15.64:3300/0,v1:172.21.15.64:6789/0] conn(0x7f2dc4104450 0x7f2dc4104860 secure :-1 s=READY pgs=20 cs=0 l=1 rev1=1 crypto rx=0x7f2db40098a0 tx=0x7f2db4009bb0 comp rx=0 tx=0).ready entity=mon.0 client_cookie=369bdbc30a830aae server_cookie=0 in_seq=0 out_seq=0
2024-05-07T10:13:11.039 INFO:teuthology.orchestra.run.smithi064.stdout:/usr/bin/ceph: stderr
2024-05-07T10:13:10.248+0000 7f2dc1d9b700 1 -- 172.21.15.64:0/137264382 <== mon.0 v2:172.21.15.64:3300/0 1 ==== mon_map magic: 0 v1 ==== 229+0+0 (secure 0 0 0) 0x7f2db4004180 con 0x7f2dc4104450
2024-05-07T10:13:11.039 INFO:teuthology.orchestra.run.smithi064.stdout:/usr/bin/ceph: stderr
2024-05-07T10:13:10.248+0000 7f2dc1d9b700 1 -- 172.21.15.64:0/137264382 <== mon.0 v2:172.21.15.64:3300/0 2 ==== config(27 keys) v1 ==== 1037+0+0 (secure 0 0 0) 0x7f2db40042e0 con 0x7f2dc4104450
2024-05-07T10:13:11.039 INFO:teuthology.orchestra.run.smithi064.stdout:/usr/bin/ceph: stderr
2024-05-07T10:13:10.248+0000 7f2dc1d9b700 1 -- 172.21.15.64:0/137264382 <== mon.0 v2:172.21.15.64:3300/0 3 ==== mon_map magic: 0 v1 ==== 229+0+0 (secure 0 0 0) 0x7f2db4011a50 con 0x7f2dc4104450
2024-05-07T10:13:11.040 INFO:teuthology.orchestra.run.smithi064.stdout:/usr/bin/ceph: stderr
2024-05-07T10:13:10.248+0000 7f2dc906e700 1 -- 172.21.15.64:0/137264382 >> [v2:172.21.15.64:3300/0,v1:172.21.15.64:6789/0] conn(0x7f2dc4104450 msgr2=0x7f2dc4104860 secure :-1 s=STATE_CONNECTION_ESTABLISHED l=1).mark_down
2024-05-07T10:13:11.040 INFO:teuthology.orchestra.run.smithi064.stdout:/usr/bin/ceph: stderr
2024-05-07T10:13:10.248+0000 7f2dc906e700 1 --2- 172.21.15.64:0/137264382 >> [v2:172.21.15.64:3300/0,v1:172.21.15.64:6789/0] conn(0x7f2dc4104450 0x7f2dc4104860 secure :-1 s=READY pgs=20 cs=0 l=1 rev1=1 crypto rx=0x7f2db40098a0 tx=0x7f2db4009bb0 comp rx=0 tx=0).stop
2024-05-07T10:13:11.040 INFO:teuthology.orchestra.run.smithi064.stdout:/usr/bin/ceph: stderr
2024-05-07T10:13:10.248+0000 7f2dc906e700 1 -- 172.21.15.64:0/137264382 shutdown_connections
2024-05-07T10:13:11.040 INFO:teuthology.orchestra.run.smithi064.stdout:/usr/bin/ceph: stderr
2024-05-07T10:13:10.248+0000 7f2dc906e700 1 --2- 172.21.15.64:0/137264382 >> [v2:172.21.15.64:3300/0,v1:172.21.15.64:6789/0] conn(0x7f2dc4104450 0x7f2dc4104860 unknown :-1 s=CLOSED pgs=20 cs=0 l=1 rev1=1 crypto rx=0 tx=0 comp rx=0 tx=0).stop
2024-05-07T10:13:11.040 INFO:teuthology.orchestra.run.smithi064.stdout:/usr/bin/ceph: stderr
2024-05-07T10:13:10.248+0000 7f2dc906e700 1 -- 172.21.15.64:0/137264382 >> 172.21.15.64:0/137264382 conn(0x7f2dc4100060 msgr2=0x7f2dc4102490 unknown :-1 s=STATE_NONE l=0).mark_down
2024-05-07T10:13:11.040 INFO:teuthology.orchestra.run.smithi064.stdout:/usr/bin/ceph: stderr
2024-05-07T10:13:10.248+0000 7f2dc906e700 1 -- 172.21.15.64:0/137264382 shutdown_connections
2024-05-07T10:13:11.040 INFO:teuthology.orchestra.run.smithi064.stdout:/usr/bin/ceph: stderr
2024-05-07T10:13:10.248+0000 7f2dc906e700 1 -- 172.21.15.64:0/137264382 wait complete.
2024-05-07T10:13:11.040 INFO:teuthology.orchestra.run.smithi064.stdout:/usr/bin/ceph: stderr
2024-05-07T10:13:10.249+0000 7f2dc906e700 1 Processor -- start
2024-05-07T10:13:11.040 INFO:teuthology.orchestra.run.smithi064.stdout:/usr/bin/ceph: stderr
2024-05-07T10:13:10.249+0000 7f2dc906e700 1 -- start start
2024-05-07T10:13:11.040 INFO:teuthology.orchestra.run.smithi064.stdout:/usr/bin/ceph: stderr
2024-05-07T10:13:10.250+0000 7f2dc906e700 1 --2- >> [v2:172.21.15.64:3300/0,v1:172.21.15.64:6789/0] conn(0x7f2dc4104450 0x7f2dc419ba10 unknown :-1 s=NONE pgs=0 cs=0 l=1 rev1=0 crypto rx=0 tx=0 comp rx=0 tx=0).connect
2024-05-07T10:13:11.040 INFO:teuthology.orchestra.run.smithi064.stdout:/usr/bin/ceph: stderr
2024-05-07T10:13:10.250+0000 7f2dc906e700 1 -- --> [v2:172.21.15.64:3300/0,v1:172.21.15.64:6789/0] -- mon_getmap magic: 0 v1 -- 0x7f2dc419bf50 con 0x7f2dc4104450
2024-05-07T10:13:11.040 INFO:teuthology.orchestra.run.smithi064.stdout:/usr/bin/ceph: stderr
2024-05-07T10:13:10.250+0000 7f2dc2d9d700 1 --2- >> [v2:172.21.15.64:3300/0,v1:172.21.15.64:6789/0] conn(0x7f2dc4104450 0x7f2dc419ba10 unknown :-1 s=BANNER_CONNECTING pgs=0 cs=0 l=1 rev1=0 crypto rx=0 tx=0 comp rx=0 tx=0)._handle_peer_banner_payload supported=3 required=0
2024-05-07T10:13:11.040 INFO:teuthology.orchestra.run.smithi064.stdout:/usr/bin/ceph: stderr
2024-05-07T10:13:10.250+0000 7f2dc2d9d700 1 --2- >> [v2:172.21.15.64:3300/0,v1:172.21.15.64:6789/0] conn(0x7f2dc4104450 0x7f2dc419ba10 unknown :-1 s=HELLO_CONNECTING pgs=0 cs=0 l=1 rev1=1 crypto rx=0 tx=0 comp rx=0 tx=0).handle_hello peer v2:172.21.15.64:3300/0 says I am v2:172.21.15.64:41364/0 (socket says 172.21.15.64:41364)
2024-05-07T10:13:11.040 INFO:teuthology.orchestra.run.smithi064.stdout:/usr/bin/ceph: stderr
2024-05-07T10:13:10.250+0000 7f2dc2d9d700 1 -- 172.21.15.64:0/1640984463 learned_addr learned my addr 172.21.15.64:0/1640984463 (peer_addr_for_me v2:172.21.15.64:0/0)
2024-05-07T10:13:11.040 INFO:teuthology.orchestra.run.smithi064.stdout:/usr/bin/ceph: stderr
2024-05-07T10:13:10.250+0000 7f2dc2d9d700 1 -- 172.21.15.64:0/1640984463 --> [v2:172.21.15.64:3300/0,v1:172.21.15.64:6789/0] -- mon_subscribe({config=0+,monmap=0+}) v3 -- 0x7f2db4009550 con 0x7f2dc4104450
2024-05-07T10:13:11.040 INFO:teuthology.orchestra.run.smithi064.stdout:/usr/bin/ceph: stderr
2024-05-07T10:13:10.250+0000 7f2dc2d9d700 1 --2- 172.21.15.64:0/1640984463 >> [v2:172.21.15.64:3300/0,v1:172.21.15.64:6789/0] conn(0x7f2dc4104450 0x7f2dc419ba10 secure :-1 s=READY pgs=21 cs=0 l=1 rev1=1 crypto rx=0x7f2db4000c00 tx=0x7f2db4011ab0 comp rx=0 tx=0).ready entity=mon.0 client_cookie=0 server_cookie=0 in_seq=0 out_seq=0
2024-05-07T10:13:11.041 INFO:teuthology.orchestra.run.smithi064.stdout:/usr/bin/ceph: stderr
2024-05-07T10:13:10.250+0000 7f2dbbfff700 1 -- 172.21.15.64:0/1640984463 <== mon.0 v2:172.21.15.64:3300/0 1 ==== mon_map magic: 0 v1 ==== 229+0+0 (secure 0 0 0) 0x7f2db4003b90 con 0x7f2dc4104450
2024-05-07T10:13:11.041 INFO:teuthology.orchestra.run.smithi064.stdout:/usr/bin/ceph: stderr
2024-05-07T10:13:10.250+0000 7f2dc906e700 1 -- 172.21.15.64:0/1640984463 --> [v2:172.21.15.64:3300/0,v1:172.21.15.64:6789/0] -- mon_subscribe({mgrmap=0+}) v3 -- 0x7f2dc419c1b0 con 0x7f2dc4104450
2024-05-07T10:13:11.041 INFO:teuthology.orchestra.run.smithi064.stdout:/usr/bin/ceph: stderr
2024-05-07T10:13:10.251+0000 7f2dbbfff700 1 -- 172.21.15.64:0/1640984463 <== mon.0 v2:172.21.15.64:3300/0 2 ==== config(27 keys) v1 ==== 1037+0+0 (secure 0 0 0) 0x7f2db40248b0 con 0x7f2dc4104450
2024-05-07T10:13:11.041 INFO:teuthology.orchestra.run.smithi064.stdout:/usr/bin/ceph: stderr
2024-05-07T10:13:10.251+0000 7f2dbbfff700 1 -- 172.21.15.64:0/1640984463 <== mon.0 v2:172.21.15.64:3300/0 3 ==== mon_map magic: 0 v1 ==== 229+0+0 (secure 0 0 0) 0x7f2db401a8e0 con 0x7f2dc4104450
2024-05-07T10:13:11.041 INFO:teuthology.orchestra.run.smithi064.stdout:/usr/bin/ceph: stderr
2024-05-07T10:13:10.251+0000 7f2dc906e700 1 -- 172.21.15.64:0/1640984463 --> [v2:172.21.15.64:3300/0,v1:172.21.15.64:6789/0] -- mon_subscribe({osdmap=0}) v3 -- 0x7f2dc419c630 con 0x7f2dc4104450
2024-05-07T10:13:11.041 INFO:teuthology.orchestra.run.smithi064.stdout:/usr/bin/ceph: stderr
2024-05-07T10:13:10.251+0000 7f2dbbfff700 1 -- 172.21.15.64:0/1640984463 <== mon.0 v2:172.21.15.64:3300/0 4 ==== mgrmap(e 4) v1 ==== 45073+0+0 (secure 0 0 0) 0x7f2db401aba0 con 0x7f2dc4104450
2024-05-07T10:13:11.041 INFO:teuthology.orchestra.run.smithi064.stdout:/usr/bin/ceph: stderr
2024-05-07T10:13:10.252+0000 7f2dbbfff700 1 --2- 172.21.15.64:0/1640984463 >> [v2:172.21.15.64:6800/820002601,v1:172.21.15.64:6801/820002601] conn(0x7f2db00383a0 0x7f2db003a850 unknown :-1 s=NONE pgs=0 cs=0 l=1 rev1=0 crypto rx=0 tx=0 comp rx=0 tx=0).connect
2024-05-07T10:13:11.041 INFO:teuthology.orchestra.run.smithi064.stdout:/usr/bin/ceph: stderr
2024-05-07T10:13:10.252+0000 7f2dbbfff700 1 -- 172.21.15.64:0/1640984463 <== mon.0 v2:172.21.15.64:3300/0 5 ==== osd_map(1..1 src has 1..1) v4 ==== 725+0+0 (secure 0 0 0) 0x7f2db404c090 con 0x7f2dc4104450
2024-05-07T10:13:11.041 INFO:teuthology.orchestra.run.smithi064.stdout:/usr/bin/ceph: stderr
2024-05-07T10:13:10.252+0000 7f2dc259c700 1 --2- 172.21.15.64:0/1640984463 >> [v2:172.21.15.64:6800/820002601,v1:172.21.15.64:6801/820002601] conn(0x7f2db00383a0 0x7f2db003a850 unknown :-1 s=BANNER_CONNECTING pgs=0 cs=0 l=1 rev1=0 crypto rx=0 tx=0 comp rx=0 tx=0)._handle_peer_banner_payload supported=3 required=0
2024-05-07T10:13:11.041 INFO:teuthology.orchestra.run.smithi064.stdout:/usr/bin/ceph: stderr
2024-05-07T10:13:10.252+0000 7f2dc906e700 1 -- 172.21.15.64:0/1640984463 --> [v2:172.21.15.64:3300/0,v1:172.21.15.64:6789/0] -- mon_command({"prefix": "get_command_descriptions"} v 0) v1 -- 0x7f2dc4195200 con 0x7f2dc4104450
2024-05-07T10:13:11.041 INFO:teuthology.orchestra.run.smithi064.stdout:/usr/bin/ceph: stderr
2024-05-07T10:13:10.252+0000 7f2dc259c700 1 --2- 172.21.15.64:0/1640984463 >> [v2:172.21.15.64:6800/820002601,v1:172.21.15.64:6801/820002601] conn(0x7f2db00383a0 0x7f2db003a850 secure :-1 s=READY pgs=7 cs=0 l=1 rev1=1 crypto rx=0x7f2dac006fd0 tx=0x7f2dac006e40 comp rx=0 tx=0).ready entity=mgr.14100 client_cookie=0 server_cookie=0 in_seq=0 out_seq=0
2024-05-07T10:13:11.041 INFO:teuthology.orchestra.run.smithi064.stdout:/usr/bin/ceph: stderr
2024-05-07T10:13:10.257+0000 7f2dbbfff700 1 -- 172.21.15.64:0/1640984463 <== mon.0 v2:172.21.15.64:3300/0 6 ==== mon_command_ack([{"prefix": "get_command_descriptions"}]=0 v0) v1 ==== 72+0+177933 (secure 0 0 0) 0x7f2db40237b0 con 0x7f2dc4104450
2024-05-07T10:13:11.041 INFO:teuthology.orchestra.run.smithi064.stdout:/usr/bin/ceph: stderr
2024-05-07T10:13:10.458+0000 7f2dc906e700 1 -- 172.21.15.64:0/1640984463 --> [v2:172.21.15.64:3300/0,v1:172.21.15.64:6789/0] -- mon_command({"prefix": "config assimilate-conf"} v 0) v1 -- 0x7f2dc402c280 con 0x7f2dc4104450
2024-05-07T10:13:11.041 INFO:teuthology.orchestra.run.smithi064.stdout:/usr/bin/ceph: stderr
2024-05-07T10:13:10.459+0000 7f2dbbfff700 1 -- 172.21.15.64:0/1640984463 <== mon.0 v2:172.21.15.64:3300/0 7 ==== mon_command_ack([{"prefix": "config assimilate-conf"}]=0 v3) v1 ==== 70+0+373 (secure 0 0 0) 0x7f2db40233a0 con 0x7f2dc4104450
2024-05-07T10:13:11.041 INFO:teuthology.orchestra.run.smithi064.stdout:/usr/bin/ceph: stderr
2024-05-07T10:13:10.462+0000 7f2dc906e700 1 -- 172.21.15.64:0/1640984463 >> [v2:172.21.15.64:6800/820002601,v1:172.21.15.64:6801/820002601] conn(0x7f2db00383a0 msgr2=0x7f2db003a850 secure :-1 s=STATE_CONNECTION_ESTABLISHED l=1).mark_down
2024-05-07T10:13:11.042 INFO:teuthology.orchestra.run.smithi064.stdout:/usr/bin/ceph: stderr
2024-05-07T10:13:10.462+0000 7f2dc906e700 1 --2- 172.21.15.64:0/1640984463 >> [v2:172.21.15.64:6800/820002601,v1:172.21.15.64:6801/820002601] conn(0x7f2db00383a0 0x7f2db003a850 secure :-1 s=READY pgs=7 cs=0 l=1 rev1=1 crypto rx=0x7f2dac006fd0 tx=0x7f2dac006e40 comp rx=0 tx=0).stop
2024-05-07T10:13:11.042 INFO:teuthology.orchestra.run.smithi064.stdout:/usr/bin/ceph: stderr
2024-05-07T10:13:10.462+0000 7f2dc906e700 1 -- 172.21.15.64:0/1640984463 >> [v2:172.21.15.64:3300/0,v1:172.21.15.64:6789/0] conn(0x7f2dc4104450 msgr2=0x7f2dc419ba10 secure :-1 s=STATE_CONNECTION_ESTABLISHED l=1).mark_down
2024-05-07T10:13:11.042 INFO:teuthology.orchestra.run.smithi064.stdout:/usr/bin/ceph: stderr
2024-05-07T10:13:10.462+0000 7f2dc906e700 1 --2- 172.21.15.64:0/1640984463 >> [v2:172.21.15.64:3300/0,v1:172.21.15.64:6789/0] conn(0x7f2dc4104450 0x7f2dc419ba10 secure :-1 s=READY pgs=21 cs=0 l=1 rev1=1 crypto rx=0x7f2db4000c00 tx=0x7f2db4011ab0 comp rx=0 tx=0).stop
2024-05-07T10:13:11.042 INFO:teuthology.orchestra.run.smithi064.stdout:/usr/bin/ceph: stderr
2024-05-07T10:13:10.462+0000 7f2dc906e700 1 -- 172.21.15.64:0/1640984463 shutdown_connections
2024-05-07T10:13:11.042 INFO:teuthology.orchestra.run.smithi064.stdout:/usr/bin/ceph: stderr
2024-05-07T10:13:10.462+0000 7f2dc906e700 1 --2- 172.21.15.64:0/1640984463 >> [v2:172.21.15.64:6800/820002601,v1:172.21.15.64:6801/820002601] conn(0x7f2db00383a0 0x7f2db003a850 unknown :-1 s=CLOSED pgs=7 cs=0 l=1 rev1=1 crypto rx=0 tx=0 comp rx=0 tx=0).stop
2024-05-07T10:13:11.042 INFO:teuthology.orchestra.run.smithi064.stdout:/usr/bin/ceph: stderr
2024-05-07T10:13:10.462+0000 7f2dc906e700 1 --2- 172.21.15.64:0/1640984463 >> [v2:172.21.15.64:3300/0,v1:172.21.15.64:6789/0] conn(0x7f2dc4104450 0x7f2dc419ba10 unknown :-1 s=CLOSED pgs=21 cs=0 l=1 rev1=1 crypto rx=0 tx=0 comp rx=0 tx=0).stop
2024-05-07T10:13:11.042 INFO:teuthology.orchestra.run.smithi064.stdout:/usr/bin/ceph: stderr
2024-05-07T10:13:10.462+0000 7f2dc906e700 1 -- 172.21.15.64:0/1640984463 >> 172.21.15.64:0/1640984463 conn(0x7f2dc4100060 msgr2=0x7f2dc4190010 unknown :-1 s=STATE_NONE l=0).mark_down
2024-05-07T10:13:11.042 INFO:teuthology.orchestra.run.smithi064.stdout:/usr/bin/ceph: stderr
2024-05-07T10:13:10.462+0000 7f2dc906e700 1 -- 172.21.15.64:0/1640984463 shutdown_connections
2024-05-07T10:13:11.042 INFO:teuthology.orchestra.run.smithi064.stdout:/usr/bin/ceph: stderr
2024-05-07T10:13:10.462+0000 7f2dc906e700 1 -- 172.21.15.64:0/1640984463 wait complete.
2024-05-07T10:13:11.042 INFO:teuthology.orchestra.run.smithi064.stdout:Enabling cephadm module...
2024-05-07T10:13:12.841 INFO:journalctl@ceph.mon.smithi064.smithi064.stdout:May 07 10:13:12 smithi064 ceph-mon[26864]: from='client.? 172.21.15.64:0/3398036315' entity='client.admin' cmd=[{"prefix": "mgr module enable", "module": "cephadm"}]: dispatch
2024-05-07T10:13:13.401 INFO:teuthology.orchestra.run.smithi064.stdout:/usr/bin/ceph: stderr
2024-05-07T10:13:11.584+0000 7fa15c66d700 1 Processor -- start
2024-05-07T10:13:13.401 INFO:teuthology.orchestra.run.smithi064.stdout:/usr/bin/ceph: stderr
2024-05-07T10:13:11.584+0000 7fa15c66d700 1 -- start start
2024-05-07T10:13:13.402 INFO:teuthology.orchestra.run.smithi064.stdout:/usr/bin/ceph: stderr
2024-05-07T10:13:11.584+0000 7fa15c66d700 1 --2- >> [v2:172.21.15.64:3300/0,v1:172.21.15.64:6789/0] conn(0x7fa15407bdd0 0x7fa15407a2d0 unknown :-1 s=NONE pgs=0 cs=0 l=0 rev1=0 crypto rx=0 tx=0 comp rx=0 tx=0).connect
2024-05-07T10:13:13.402 INFO:teuthology.orchestra.run.smithi064.stdout:/usr/bin/ceph: stderr
2024-05-07T10:13:11.584+0000 7fa15c66d700 1 -- --> [v2:172.21.15.64:3300/0,v1:172.21.15.64:6789/0] -- mon_getmap magic: 0 v1 -- 0x7fa15407a810 con 0x7fa15407bdd0
2024-05-07T10:13:13.402 INFO:teuthology.orchestra.run.smithi064.stdout:/usr/bin/ceph: stderr
2024-05-07T10:13:11.584+0000 7fa15a409700 1 --2- >> [v2:172.21.15.64:3300/0,v1:172.21.15.64:6789/0] conn(0x7fa15407bdd0 0x7fa15407a2d0 unknown :-1 s=BANNER_CONNECTING pgs=0 cs=0 l=0 rev1=0 crypto rx=0 tx=0 comp rx=0 tx=0)._handle_peer_banner_payload supported=3 required=0
2024-05-07T10:13:13.402 INFO:teuthology.orchestra.run.smithi064.stdout:/usr/bin/ceph: stderr
2024-05-07T10:13:11.584+0000 7fa15a409700 1 --2- >> [v2:172.21.15.64:3300/0,v1:172.21.15.64:6789/0] conn(0x7fa15407bdd0 0x7fa15407a2d0 unknown :-1 s=HELLO_CONNECTING pgs=0 cs=0 l=0 rev1=1 crypto rx=0 tx=0 comp rx=0 tx=0).handle_hello peer v2:172.21.15.64:3300/0 says I am v2:172.21.15.64:41370/0 (socket says 172.21.15.64:41370)
2024-05-07T10:13:13.402 INFO:teuthology.orchestra.run.smithi064.stdout:/usr/bin/ceph: stderr
2024-05-07T10:13:11.584+0000 7fa15a409700 1 -- 172.21.15.64:0/36929347 learned_addr learned my addr 172.21.15.64:0/36929347 (peer_addr_for_me v2:172.21.15.64:0/0)
2024-05-07T10:13:13.402 INFO:teuthology.orchestra.run.smithi064.stdout:/usr/bin/ceph: stderr
2024-05-07T10:13:11.585+0000 7fa15a409700 1 -- 172.21.15.64:0/36929347 --> [v2:172.21.15.64:3300/0,v1:172.21.15.64:6789/0] -- mon_subscribe({config=0+,monmap=0+}) v3 -- 0x7fa15407a950 con 0x7fa15407bdd0
2024-05-07T10:13:13.402 INFO:teuthology.orchestra.run.smithi064.stdout:/usr/bin/ceph: stderr
2024-05-07T10:13:11.585+0000 7fa15a409700 1 --2- 172.21.15.64:0/36929347 >> [v2:172.21.15.64:3300/0,v1:172.21.15.64:6789/0] conn(0x7fa15407bdd0 0x7fa15407a2d0 secure :-1 s=READY pgs=22 cs=0 l=1 rev1=1 crypto rx=0x7fa1500098a0 tx=0x7fa150009bb0 comp rx=0 tx=0).ready entity=mon.0 client_cookie=eadacf66db656bd0 server_cookie=0 in_seq=0 out_seq=0
2024-05-07T10:13:13.402 INFO:teuthology.orchestra.run.smithi064.stdout:/usr/bin/ceph: stderr
2024-05-07T10:13:11.585+0000 7fa159407700 1 -- 172.21.15.64:0/36929347 <== mon.0 v2:172.21.15.64:3300/0 1 ==== mon_map magic: 0 v1 ==== 229+0+0 (secure 0 0 0) 0x7fa150004180 con 0x7fa15407bdd0
2024-05-07T10:13:13.403 INFO:teuthology.orchestra.run.smithi064.stdout:/usr/bin/ceph: stderr
