2024-05-09T06:29:08.857 INFO:journalctl@ceph.mon.smithi063.smithi063.stdout:May 09 06:29:08 smithi063 ceph-mon[27171]: from='mgr.14164 172.21.15.63:0/1493552534' entity='mgr.smithi063.egfguy'
2024-05-09T06:29:09.789 INFO:journalctl@ceph.mon.smithi063.smithi063.stdout:May 09 06:29:09 smithi063 ceph-mon[27171]: from='client.? 172.21.15.63:0/630376657' entity='client.admin' cmd=[{"prefix": "config get", "who": "mgr", "key": "mgr/dashboard/ssl_server_port"}]: dispatch
2024-05-09T06:29:09.797 INFO:teuthology.orchestra.run.smithi063.stdout:/usr/bin/ceph: stdout 8443
2024-05-09T06:29:09.797 INFO:teuthology.orchestra.run.smithi063.stdout:/usr/bin/ceph: stderr
2024-05-09T06:29:08.980+0000 7fb6fba85700 1 Processor -- start
2024-05-09T06:29:09.797 INFO:teuthology.orchestra.run.smithi063.stdout:/usr/bin/ceph: stderr
2024-05-09T06:29:08.980+0000 7fb6fba85700 1 -- start start
2024-05-09T06:29:09.797 INFO:teuthology.orchestra.run.smithi063.stdout:/usr/bin/ceph: stderr
2024-05-09T06:29:08.980+0000 7fb6fba85700 1 --2- >> [v2:172.21.15.63:3300/0,v1:172.21.15.63:6789/0] conn(0x7fb6f4104f10 0x7fb6f4105330 unknown :-1 s=NONE pgs=0 cs=0 l=0 rev1=0 crypto rx=0 tx=0 comp rx=0 tx=0).connect
2024-05-09T06:29:09.798 INFO:teuthology.orchestra.run.smithi063.stdout:/usr/bin/ceph: stderr
2024-05-09T06:29:08.980+0000 7fb6fba85700 1 -- --> [v2:172.21.15.63:3300/0,v1:172.21.15.63:6789/0] -- mon_getmap magic: 0 v1 -- 0x7fb6f4079e10 con 0x7fb6f4104f10
2024-05-09T06:29:09.798 INFO:teuthology.orchestra.run.smithi063.stdout:/usr/bin/ceph: stderr
2024-05-09T06:29:08.980+0000 7fb6f9821700 1 --2- >> [v2:172.21.15.63:3300/0,v1:172.21.15.63:6789/0] conn(0x7fb6f4104f10 0x7fb6f4105330 unknown :-1 s=BANNER_CONNECTING pgs=0 cs=0 l=0 rev1=0 crypto rx=0 tx=0 comp rx=0 tx=0)._handle_peer_banner_payload supported=3 required=0
2024-05-09T06:29:09.798 INFO:teuthology.orchestra.run.smithi063.stdout:/usr/bin/ceph: stderr
2024-05-09T06:29:08.981+0000 7fb6f9821700 1 --2- >> [v2:172.21.15.63:3300/0,v1:172.21.15.63:6789/0] conn(0x7fb6f4104f10 0x7fb6f4105330 unknown :-1 s=HELLO_CONNECTING pgs=0 cs=0 l=0 rev1=1 crypto rx=0 tx=0 comp rx=0 tx=0).handle_hello peer v2:172.21.15.63:3300/0 says I am v2:172.21.15.63:35428/0 (socket says 172.21.15.63:35428)
2024-05-09T06:29:09.798 INFO:teuthology.orchestra.run.smithi063.stdout:/usr/bin/ceph: stderr
2024-05-09T06:29:08.981+0000 7fb6f9821700 1 -- 172.21.15.63:0/3175317759 learned_addr learned my addr 172.21.15.63:0/3175317759 (peer_addr_for_me v2:172.21.15.63:0/0)
2024-05-09T06:29:09.798 INFO:teuthology.orchestra.run.smithi063.stdout:/usr/bin/ceph: stderr
2024-05-09T06:29:08.981+0000 7fb6f9821700 1 -- 172.21.15.63:0/3175317759 --> [v2:172.21.15.63:3300/0,v1:172.21.15.63:6789/0] -- mon_subscribe({config=0+,monmap=0+}) v3 -- 0x7fb6f4105870 con 0x7fb6f4104f10
2024-05-09T06:29:09.798 INFO:teuthology.orchestra.run.smithi063.stdout:/usr/bin/ceph: stderr
2024-05-09T06:29:08.981+0000 7fb6f9821700 1 --2- 172.21.15.63:0/3175317759 >> [v2:172.21.15.63:3300/0,v1:172.21.15.63:6789/0] conn(0x7fb6f4104f10 0x7fb6f4105330 secure :-1 s=READY pgs=86 cs=0 l=1 rev1=1 crypto rx=0x7fb6f00098a0 tx=0x7fb6f0009bb0 comp rx=0 tx=0).ready entity=mon.0 client_cookie=159e9dbfea933154 server_cookie=0 in_seq=0 out_seq=0
2024-05-09T06:29:09.798 INFO:teuthology.orchestra.run.smithi063.stdout:/usr/bin/ceph: stderr
2024-05-09T06:29:08.981+0000 7fb6f881f700 1 -- 172.21.15.63:0/3175317759 <== mon.0 v2:172.21.15.63:3300/0 1 ==== mon_map magic: 0 v1 ==== 229+0+0 (secure 0 0 0) 0x7fb6f0004180 con 0x7fb6f4104f10
2024-05-09T06:29:09.798 INFO:teuthology.orchestra.run.smithi063.stdout:/usr/bin/ceph: stderr
2024-05-09T06:29:08.981+0000 7fb6f881f700 1 -- 172.21.15.63:0/3175317759 <== mon.0 v2:172.21.15.63:3300/0 2 ==== config(27 keys) v1 ==== 1109+0+0 (secure 0 0 0) 0x7fb6f00042e0 con 0x7fb6f4104f10
2024-05-09T06:29:09.798 INFO:teuthology.orchestra.run.smithi063.stdout:/usr/bin/ceph: stderr
2024-05-09T06:29:08.981+0000 7fb6f881f700 1 -- 172.21.15.63:0/3175317759 <== mon.0 v2:172.21.15.63:3300/0 3 ==== mon_map magic: 0 v1 ==== 229+0+0 (secure 0 0 0) 0x7fb6f0011b10 con 0x7fb6f4104f10
2024-05-09T06:29:09.798 INFO:teuthology.orchestra.run.smithi063.stdout:/usr/bin/ceph: stderr
2024-05-09T06:29:08.982+0000 7fb6fba85700 1 -- 172.21.15.63:0/3175317759 >> [v2:172.21.15.63:3300/0,v1:172.21.15.63:6789/0] conn(0x7fb6f4104f10 msgr2=0x7fb6f4105330 secure :-1 s=STATE_CONNECTION_ESTABLISHED l=1).mark_down
2024-05-09T06:29:09.798 INFO:teuthology.orchestra.run.smithi063.stdout:/usr/bin/ceph: stderr
2024-05-09T06:29:08.982+0000 7fb6fba85700 1 --2- 172.21.15.63:0/3175317759 >> [v2:172.21.15.63:3300/0,v1:172.21.15.63:6789/0] conn(0x7fb6f4104f10 0x7fb6f4105330 secure :-1 s=READY pgs=86 cs=0 l=1 rev1=1 crypto rx=0x7fb6f00098a0 tx=0x7fb6f0009bb0 comp rx=0 tx=0).stop
2024-05-09T06:29:09.798 INFO:teuthology.orchestra.run.smithi063.stdout:/usr/bin/ceph: stderr
2024-05-09T06:29:08.982+0000 7fb6fba85700 1 -- 172.21.15.63:0/3175317759 shutdown_connections
2024-05-09T06:29:09.798 INFO:teuthology.orchestra.run.smithi063.stdout:/usr/bin/ceph: stderr
2024-05-09T06:29:08.982+0000 7fb6fba85700 1 --2- 172.21.15.63:0/3175317759 >> [v2:172.21.15.63:3300/0,v1:172.21.15.63:6789/0] conn(0x7fb6f4104f10 0x7fb6f4105330 unknown :-1 s=CLOSED pgs=86 cs=0 l=1 rev1=1 crypto rx=0 tx=0 comp rx=0 tx=0).stop
2024-05-09T06:29:09.799 INFO:teuthology.orchestra.run.smithi063.stdout:/usr/bin/ceph: stderr
2024-05-09T06:29:08.982+0000 7fb6fba85700 1 -- 172.21.15.63:0/3175317759 >> 172.21.15.63:0/3175317759 conn(0x7fb6f4100ad0 msgr2=0x7fb6f4102f10 unknown :-1 s=STATE_NONE l=0).mark_down
2024-05-09T06:29:09.799 INFO:teuthology.orchestra.run.smithi063.stdout:/usr/bin/ceph: stderr
2024-05-09T06:29:08.982+0000 7fb6fba85700 1 -- 172.21.15.63:0/3175317759 shutdown_connections
2024-05-09T06:29:09.799 INFO:teuthology.orchestra.run.smithi063.stdout:/usr/bin/ceph: stderr
2024-05-09T06:29:08.982+0000 7fb6fba85700 1 -- 172.21.15.63:0/3175317759 wait complete.
2024-05-09T06:29:09.799 INFO:teuthology.orchestra.run.smithi063.stdout:/usr/bin/ceph: stderr
2024-05-09T06:29:08.982+0000 7fb6fba85700 1 Processor -- start
2024-05-09T06:29:09.799 INFO:teuthology.orchestra.run.smithi063.stdout:/usr/bin/ceph: stderr
2024-05-09T06:29:08.982+0000 7fb6fba85700 1 -- start start
2024-05-09T06:29:09.799 INFO:teuthology.orchestra.run.smithi063.stdout:/usr/bin/ceph: stderr
2024-05-09T06:29:08.983+0000 7fb6fba85700 1 --2- >> [v2:172.21.15.63:3300/0,v1:172.21.15.63:6789/0] conn(0x7fb6f4104f10 0x7fb6f419c580 unknown :-1 s=NONE pgs=0 cs=0 l=1 rev1=0 crypto rx=0 tx=0 comp rx=0 tx=0).connect
2024-05-09T06:29:09.799 INFO:teuthology.orchestra.run.smithi063.stdout:/usr/bin/ceph: stderr
2024-05-09T06:29:08.983+0000 7fb6fba85700 1 -- --> [v2:172.21.15.63:3300/0,v1:172.21.15.63:6789/0] -- mon_getmap magic: 0 v1 -- 0x7fb6f419cac0 con 0x7fb6f4104f10
2024-05-09T06:29:09.799 INFO:teuthology.orchestra.run.smithi063.stdout:/usr/bin/ceph: stderr
2024-05-09T06:29:08.983+0000 7fb6f9821700 1 --2- >> [v2:172.21.15.63:3300/0,v1:172.21.15.63:6789/0] conn(0x7fb6f4104f10 0x7fb6f419c580 unknown :-1 s=BANNER_CONNECTING pgs=0 cs=0 l=1 rev1=0 crypto rx=0 tx=0 comp rx=0 tx=0)._handle_peer_banner_payload supported=3 required=0
2024-05-09T06:29:09.799 INFO:teuthology.orchestra.run.smithi063.stdout:/usr/bin/ceph: stderr
2024-05-09T06:29:08.983+0000 7fb6f9821700 1 --2- >> [v2:172.21.15.63:3300/0,v1:172.21.15.63:6789/0] conn(0x7fb6f4104f10 0x7fb6f419c580 unknown :-1 s=HELLO_CONNECTING pgs=0 cs=0 l=1 rev1=1 crypto rx=0 tx=0 comp rx=0 tx=0).handle_hello peer v2:172.21.15.63:3300/0 says I am v2:172.21.15.63:35430/0 (socket says 172.21.15.63:35430)
2024-05-09T06:29:09.799 INFO:teuthology.orchestra.run.smithi063.stdout:/usr/bin/ceph: stderr
2024-05-09T06:29:08.983+0000 7fb6f9821700 1 -- 172.21.15.63:0/630376657 learned_addr learned my addr 172.21.15.63:0/630376657 (peer_addr_for_me v2:172.21.15.63:0/0)
2024-05-09T06:29:09.799 INFO:teuthology.orchestra.run.smithi063.stdout:/usr/bin/ceph: stderr
2024-05-09T06:29:08.983+0000 7fb6f9821700 1 -- 172.21.15.63:0/630376657 --> [v2:172.21.15.63:3300/0,v1:172.21.15.63:6789/0] -- mon_subscribe({config=0+,monmap=0+}) v3 -- 0x7fb6f0009550 con 0x7fb6f4104f10
2024-05-09T06:29:09.799 INFO:teuthology.orchestra.run.smithi063.stdout:/usr/bin/ceph: stderr
2024-05-09T06:29:08.983+0000 7fb6f9821700 1 --2- 172.21.15.63:0/630376657 >> [v2:172.21.15.63:3300/0,v1:172.21.15.63:6789/0] conn(0x7fb6f4104f10 0x7fb6f419c580 secure :-1 s=READY pgs=87 cs=0 l=1 rev1=1 crypto rx=0x7fb6f00117b0 tx=0x7fb6f0011890 comp rx=0 tx=0).ready entity=mon.0 client_cookie=0 server_cookie=0 in_seq=0 out_seq=0
2024-05-09T06:29:09.799 INFO:teuthology.orchestra.run.smithi063.stdout:/usr/bin/ceph: stderr
2024-05-09T06:29:08.983+0000 7fb6eaffd700 1 -- 172.21.15.63:0/630376657 <== mon.0 v2:172.21.15.63:3300/0 1 ==== mon_map magic: 0 v1 ==== 229+0+0 (secure 0 0 0) 0x7fb6f00038b0 con 0x7fb6f4104f10
2024-05-09T06:29:09.799 INFO:teuthology.orchestra.run.smithi063.stdout:/usr/bin/ceph: stderr
2024-05-09T06:29:08.983+0000 7fb6eaffd700 1 -- 172.21.15.63:0/630376657 <== mon.0 v2:172.21.15.63:3300/0 2 ==== config(27 keys) v1 ==== 1109+0+0 (secure 0 0 0) 0x7fb6f0003a10 con 0x7fb6f4104f10
2024-05-09T06:29:09.800 INFO:teuthology.orchestra.run.smithi063.stdout:/usr/bin/ceph: stderr
2024-05-09T06:29:08.983+0000 7fb6eaffd700 1 -- 172.21.15.63:0/630376657 <== mon.0 v2:172.21.15.63:3300/0 3 ==== mon_map magic: 0 v1 ==== 229+0+0 (secure 0 0 0) 0x7fb6f0024780 con 0x7fb6f4104f10
2024-05-09T06:29:09.800 INFO:teuthology.orchestra.run.smithi063.stdout:/usr/bin/ceph: stderr
2024-05-09T06:29:08.983+0000 7fb6fba85700 1 -- 172.21.15.63:0/630376657 --> [v2:172.21.15.63:3300/0,v1:172.21.15.63:6789/0] -- mon_subscribe({mgrmap=0+}) v3 -- 0x7fb6f419ccc0 con 0x7fb6f4104f10
2024-05-09T06:29:09.800 INFO:teuthology.orchestra.run.smithi063.stdout:/usr/bin/ceph: stderr
2024-05-09T06:29:08.983+0000 7fb6fba85700 1 -- 172.21.15.63:0/630376657 --> [v2:172.21.15.63:3300/0,v1:172.21.15.63:6789/0] -- mon_subscribe({osdmap=0}) v3 -- 0x7fb6f419d160 con 0x7fb6f4104f10
2024-05-09T06:29:09.800 INFO:teuthology.orchestra.run.smithi063.stdout:/usr/bin/ceph: stderr
2024-05-09T06:29:08.984+0000 7fb6eaffd700 1 -- 172.21.15.63:0/630376657 <== mon.0 v2:172.21.15.63:3300/0 4 ==== mgrmap(e 12) v1 ==== 45569+0+0 (secure 0 0 0) 0x7fb6f001ac10 con 0x7fb6f4104f10
2024-05-09T06:29:09.800 INFO:teuthology.orchestra.run.smithi063.stdout:/usr/bin/ceph: stderr
2024-05-09T06:29:08.984+0000 7fb6fba85700 1 -- 172.21.15.63:0/630376657 --> [v2:172.21.15.63:3300/0,v1:172.21.15.63:6789/0] -- mon_command({"prefix": "get_command_descriptions"} v 0) v1 -- 0x7fb6f4196230 con 0x7fb6f4104f10
2024-05-09T06:29:09.800 INFO:teuthology.orchestra.run.smithi063.stdout:/usr/bin/ceph: stderr
2024-05-09T06:29:08.985+0000 7fb6eaffd700 1 --2- 172.21.15.63:0/630376657 >> [v2:172.21.15.63:6800/3098785268,v1:172.21.15.63:6801/3098785268] conn(0x7fb6e00387c0 0x7fb6e003ac80 unknown :-1 s=NONE pgs=0 cs=0 l=1 rev1=0 crypto rx=0 tx=0 comp rx=0 tx=0).connect
2024-05-09T06:29:09.800 INFO:teuthology.orchestra.run.smithi063.stdout:/usr/bin/ceph: stderr
2024-05-09T06:29:08.985+0000 7fb6eaffd700 1 -- 172.21.15.63:0/630376657 <== mon.0 v2:172.21.15.63:3300/0 5 ==== osd_map(3..3 src has 1..3) v4 ==== 1155+0+0 (secure 0 0 0) 0x7fb6f004c900 con 0x7fb6f4104f10
2024-05-09T06:29:09.800 INFO:teuthology.orchestra.run.smithi063.stdout:/usr/bin/ceph: stderr
2024-05-09T06:29:08.985+0000 7fb6f9020700 1 --2- 172.21.15.63:0/630376657 >> [v2:172.21.15.63:6800/3098785268,v1:172.21.15.63:6801/3098785268] conn(0x7fb6e00387c0 0x7fb6e003ac80 unknown :-1 s=BANNER_CONNECTING pgs=0 cs=0 l=1 rev1=0 crypto rx=0 tx=0 comp rx=0 tx=0)._handle_peer_banner_payload supported=3 required=0
2024-05-09T06:29:09.800 INFO:teuthology.orchestra.run.smithi063.stdout:/usr/bin/ceph: stderr
2024-05-09T06:29:08.985+0000 7fb6f9020700 1 --2- 172.21.15.63:0/630376657 >> [v2:172.21.15.63:6800/3098785268,v1:172.21.15.63:6801/3098785268] conn(0x7fb6e00387c0 0x7fb6e003ac80 secure :-1 s=READY pgs=9 cs=0 l=1 rev1=1 crypto rx=0x7fb6e4006fd0 tx=0x7fb6e4006e40 comp rx=0 tx=0).ready entity=mgr.14164 client_cookie=0 server_cookie=0 in_seq=0 out_seq=0
2024-05-09T06:29:09.800 INFO:teuthology.orchestra.run.smithi063.stdout:/usr/bin/ceph: stderr
2024-05-09T06:29:08.989+0000 7fb6eaffd700 1 -- 172.21.15.63:0/630376657 <== mon.0 v2:172.21.15.63:3300/0 6 ==== mon_command_ack([{"prefix": "get_command_descriptions"}]=0 v0) v1 ==== 72+0+183351 (secure 0 0 0) 0x7fb6f002cb00 con 0x7fb6f4104f10
2024-05-09T06:29:09.800 INFO:teuthology.orchestra.run.smithi063.stdout:/usr/bin/ceph: stderr
2024-05-09T06:29:09.192+0000 7fb6fba85700 1 -- 172.21.15.63:0/630376657 --> [v2:172.21.15.63:3300/0,v1:172.21.15.63:6789/0] -- mon_command({"prefix": "config get", "who": "mgr", "key": "mgr/dashboard/ssl_server_port"} v 0) v1 -- 0x7fb6f402cf40 con 0x7fb6f4104f10
2024-05-09T06:29:09.800 INFO:teuthology.orchestra.run.smithi063.stdout:/usr/bin/ceph: stderr
2024-05-09T06:29:09.192+0000 7fb6eaffd700 1 -- 172.21.15.63:0/630376657 <== mon.0 v2:172.21.15.63:3300/0 7 ==== mon_command_ack([{"prefix": "config get", "who": "mgr", "key": "mgr/dashboard/ssl_server_port"}]=0 v8) v1 ==== 112+0+5 (secure 0 0 0) 0x7fb6f002cb00 con 0x7fb6f4104f10
2024-05-09T06:29:09.800 INFO:teuthology.orchestra.run.smithi063.stdout:/usr/bin/ceph: stderr
2024-05-09T06:29:09.194+0000 7fb6fba85700 1 -- 172.21.15.63:0/630376657 >> [v2:172.21.15.63:6800/3098785268,v1:172.21.15.63:6801/3098785268] conn(0x7fb6e00387c0 msgr2=0x7fb6e003ac80 secure :-1 s=STATE_CONNECTION_ESTABLISHED l=1).mark_down
2024-05-09T06:29:09.800 INFO:teuthology.orchestra.run.smithi063.stdout:/usr/bin/ceph: stderr
2024-05-09T06:29:09.194+0000 7fb6fba85700 1 --2- 172.21.15.63:0/630376657 >> [v2:172.21.15.63:6800/3098785268,v1:172.21.15.63:6801/3098785268] conn(0x7fb6e00387c0 0x7fb6e003ac80 secure :-1 s=READY pgs=9 cs=0 l=1 rev1=1 crypto rx=0x7fb6e4006fd0 tx=0x7fb6e4006e40 comp rx=0 tx=0).stop
2024-05-09T06:29:09.801 INFO:teuthology.orchestra.run.smithi063.stdout:/usr/bin/ceph: stderr
2024-05-09T06:29:09.194+0000 7fb6fba85700 1 -- 172.21.15.63:0/630376657 >> [v2:172.21.15.63:3300/0,v1:172.21.15.63:6789/0] conn(0x7fb6f4104f10 msgr2=0x7fb6f419c580 secure :-1 s=STATE_CONNECTION_ESTABLISHED l=1).mark_down
2024-05-09T06:29:09.801 INFO:teuthology.orchestra.run.smithi063.stdout:/usr/bin/ceph: stderr
2024-05-09T06:29:09.194+0000 7fb6fba85700 1 --2- 172.21.15.63:0/630376657 >> [v2:172.21.15.63:3300/0,v1:172.21.15.63:6789/0] conn(0x7fb6f4104f10 0x7fb6f419c580 secure :-1 s=READY pgs=87 cs=0 l=1 rev1=1 crypto rx=0x7fb6f00117b0 tx=0x7fb6f0011890 comp rx=0 tx=0).stop
2024-05-09T06:29:09.801 INFO:teuthology.orchestra.run.smithi063.stdout:/usr/bin/ceph: stderr
2024-05-09T06:29:09.195+0000 7fb6fba85700 1 -- 172.21.15.63:0/630376657 shutdown_connections
2024-05-09T06:29:09.801 INFO:teuthology.orchestra.run.smithi063.stdout:/usr/bin/ceph: stderr
2024-05-09T06:29:09.195+0000 7fb6fba85700 1 --2- 172.21.15.63:0/630376657 >> [v2:172.21.15.63:6800/3098785268,v1:172.21.15.63:6801/3098785268] conn(0x7fb6e00387c0 0x7fb6e003ac80 unknown :-1 s=CLOSED pgs=9 cs=0 l=1 rev1=1 crypto rx=0 tx=0 comp rx=0 tx=0).stop
2024-05-09T06:29:09.801 INFO:teuthology.orchestra.run.smithi063.stdout:/usr/bin/ceph: stderr
2024-05-09T06:29:09.195+0000 7fb6fba85700 1 --2- 172.21.15.63:0/630376657 >> [v2:172.21.15.63:3300/0,v1:172.21.15.63:6789/0] conn(0x7fb6f4104f10 0x7fb6f419c580 unknown :-1 s=CLOSED pgs=87 cs=0 l=1 rev1=1 crypto rx=0 tx=0 comp rx=0 tx=0).stop
2024-05-09T06:29:09.801 INFO:teuthology.orchestra.run.smithi063.stdout:/usr/bin/ceph: stderr
2024-05-09T06:29:09.195+0000 7fb6fba85700 1 -- 172.21.15.63:0/630376657 >> 172.21.15.63:0/630376657 conn(0x7fb6f4100ad0 msgr2=0x7fb6f4193370 unknown :-1 s=STATE_NONE l=0).mark_down
2024-05-09T06:29:09.801 INFO:teuthology.orchestra.run.smithi063.stdout:/usr/bin/ceph: stderr
2024-05-09T06:29:09.195+0000 7fb6fba85700 1 -- 172.21.15.63:0/630376657 shutdown_connections
2024-05-09T06:29:09.801 INFO:teuthology.orchestra.run.smithi063.stdout:/usr/bin/ceph: stderr
2024-05-09T06:29:09.195+0000 7fb6fba85700 1 -- 172.21.15.63:0/630376657 wait complete.
2024-05-09T06:29:09.805 INFO:teuthology.orchestra.run.smithi063.stdout:Non-zero exit code 1 from systemctl is-enabled firewalld.service
2024-05-09T06:29:09.805 INFO:teuthology.orchestra.run.smithi063.stdout:systemctl: stdout disabled
2024-05-09T06:29:09.813 INFO:teuthology.orchestra.run.smithi063.stdout:Non-zero exit code 3 from systemctl is-active firewalld.service
2024-05-09T06:29:09.813 INFO:teuthology.orchestra.run.smithi063.stdout:systemctl: stdout inactive
2024-05-09T06:29:09.813 INFO:teuthology.orchestra.run.smithi063.stdout:firewalld.service is not enabled
2024-05-09T06:29:09.813 INFO:teuthology.orchestra.run.smithi063.stdout:Not possible to open ports <[8443]>. firewalld.service is not available
2024-05-09T06:29:09.814 INFO:teuthology.orchestra.run.smithi063.stdout:Ceph Dashboard is now available at:
2024-05-09T06:29:09.814 INFO:teuthology.orchestra.run.smithi063.stdout:
2024-05-09T06:29:09.814 INFO:teuthology.orchestra.run.smithi063.stdout: URL: https://smithi063.front.sepia.ceph.com:8443/
2024-05-09T06:29:09.814 INFO:teuthology.orchestra.run.smithi063.stdout: User: admin
2024-05-09T06:29:09.815 INFO:teuthology.orchestra.run.smithi063.stdout: Password: zmekv67zgc
2024-05-09T06:29:09.815 INFO:teuthology.orchestra.run.smithi063.stdout:
2024-05-09T06:29:09.815 INFO:teuthology.orchestra.run.smithi063.stdout:Saving cluster configuration to /var/lib/ceph/2386be1c-0dcd-11ef-bc97-c7b262605968/config directory
2024-05-09T06:29:09.815 INFO:teuthology.orchestra.run.smithi063.stdout:Enabling autotune for osd_memory_target
2024-05-09T06:29:10.751 INFO:journalctl@ceph.mon.smithi063.smithi063.stdout:May 09 06:29:10 smithi063 ceph-mon[27171]: mgrmap e13: smithi063.egfguy(active, since 6s)
2024-05-09T06:29:11.036 INFO:teuthology.orchestra.run.smithi063.stdout:/usr/bin/ceph: stderr
2024-05-09T06:29:10.248+0000 7f3893424700 1 Processor -- start
2024-05-09T06:29:11.036 INFO:teuthology.orchestra.run.smithi063.stdout:/usr/bin/ceph: stderr
2024-05-09T06:29:10.248+0000 7f3893424700 1 -- start start
2024-05-09T06:29:11.036 INFO:teuthology.orchestra.run.smithi063.stdout:/usr/bin/ceph: stderr
2024-05-09T06:29:10.248+0000 7f3893424700 1 --2- >> [v2:172.21.15.63:3300/0,v1:172.21.15.63:6789/0] conn(0x7f388c106630 0x7f388c106a50 unknown :-1 s=NONE pgs=0 cs=0 l=0 rev1=0 crypto rx=0 tx=0 comp rx=0 tx=0).connect
2024-05-09T06:29:11.036 INFO:teuthology.orchestra.run.smithi063.stdout:/usr/bin/ceph: stderr
2024-05-09T06:29:10.248+0000 7f3893424700 1 -- --> [v2:172.21.15.63:3300/0,v1:172.21.15.63:6789/0] -- mon_getmap magic: 0 v1 -- 0x7f388c107020 con 0x7f388c106630
2024-05-09T06:29:11.036 INFO:teuthology.orchestra.run.smithi063.stdout:/usr/bin/ceph: stderr
2024-05-09T06:29:10.248+0000 7f38911c0700 1 --2- >> [v2:172.21.15.63:3300/0,v1:172.21.15.63:6789/0] conn(0x7f388c106630 0x7f388c106a50 unknown :-1 s=BANNER_CONNECTING pgs=0 cs=0 l=0 rev1=0 crypto rx=0 tx=0 comp rx=0 tx=0)._handle_peer_banner_payload supported=3 required=0
2024-05-09T06:29:11.036 INFO:teuthology.orchestra.run.smithi063.stdout:/usr/bin/ceph: stderr
2024-05-09T06:29:10.248+0000 7f38911c0700 1 --2- >> [v2:172.21.15.63:3300/0,v1:172.21.15.63:6789/0] conn(0x7f388c106630 0x7f388c106a50 unknown :-1 s=HELLO_CONNECTING pgs=0 cs=0 l=0 rev1=1 crypto rx=0 tx=0 comp rx=0 tx=0).handle_hello peer v2:172.21.15.63:3300/0 says I am v2:172.21.15.63:35434/0 (socket says 172.21.15.63:35434)
2024-05-09T06:29:11.036 INFO:teuthology.orchestra.run.smithi063.stdout:/usr/bin/ceph: stderr
2024-05-09T06:29:10.248+0000 7f38911c0700 1 -- 172.21.15.63:0/1779310722 learned_addr learned my addr 172.21.15.63:0/1779310722 (peer_addr_for_me v2:172.21.15.63:0/0)
2024-05-09T06:29:11.036 INFO:teuthology.orchestra.run.smithi063.stdout:/usr/bin/ceph: stderr
2024-05-09T06:29:10.249+0000 7f38911c0700 1 -- 172.21.15.63:0/1779310722 --> [v2:172.21.15.63:3300/0,v1:172.21.15.63:6789/0] -- mon_subscribe({config=0+,monmap=0+}) v3 -- 0x7f388c1077e0 con 0x7f388c106630
2024-05-09T06:29:11.036 INFO:teuthology.orchestra.run.smithi063.stdout:/usr/bin/ceph: stderr
2024-05-09T06:29:10.249+0000 7f38911c0700 1 --2- 172.21.15.63:0/1779310722 >> [v2:172.21.15.63:3300/0,v1:172.21.15.63:6789/0] conn(0x7f388c106630 0x7f388c106a50 secure :-1 s=READY pgs=88 cs=0 l=1 rev1=1 crypto rx=0x7f38880098a0 tx=0x7f3888009bb0 comp rx=0 tx=0).ready entity=mon.0 client_cookie=8bfe869bb67759f server_cookie=0 in_seq=0 out_seq=0
2024-05-09T06:29:11.037 INFO:teuthology.orchestra.run.smithi063.stdout:/usr/bin/ceph: stderr
2024-05-09T06:29:10.249+0000 7f3883fff700 1 -- 172.21.15.63:0/1779310722 <== mon.0 v2:172.21.15.63:3300/0 1 ==== mon_map magic: 0 v1 ==== 229+0+0 (secure 0 0 0) 0x7f3888004180 con 0x7f388c106630
2024-05-09T06:29:11.037 INFO:teuthology.orchestra.run.smithi063.stdout:/usr/bin/ceph: stderr
2024-05-09T06:29:10.249+0000 7f3883fff700 1 -- 172.21.15.63:0/1779310722 <== mon.0 v2:172.21.15.63:3300/0 2 ==== config(27 keys) v1 ==== 1109+0+0 (secure 0 0 0) 0x7f38880042e0 con 0x7f388c106630
2024-05-09T06:29:11.037 INFO:teuthology.orchestra.run.smithi063.stdout:/usr/bin/ceph: stderr
2024-05-09T06:29:10.249+0000 7f3883fff700 1 -- 172.21.15.63:0/1779310722 <== mon.0 v2:172.21.15.63:3300/0 3 ==== mon_map magic: 0 v1 ==== 229+0+0 (secure 0 0 0) 0x7f3888011b10 con 0x7f388c106630
2024-05-09T06:29:11.037 INFO:teuthology.orchestra.run.smithi063.stdout:/usr/bin/ceph: stderr
2024-05-09T06:29:10.249+0000 7f3893424700 1 -- 172.21.15.63:0/1779310722 >> [v2:172.21.15.63:3300/0,v1:172.21.15.63:6789/0] conn(0x7f388c106630 msgr2=0x7f388c106a50 secure :-1 s=STATE_CONNECTION_ESTABLISHED l=1).mark_down
2024-05-09T06:29:11.037 INFO:teuthology.orchestra.run.smithi063.stdout:/usr/bin/ceph: stderr
2024-05-09T06:29:10.249+0000 7f3893424700 1 --2- 172.21.15.63:0/1779310722 >> [v2:172.21.15.63:3300/0,v1:172.21.15.63:6789/0] conn(0x7f388c106630 0x7f388c106a50 secure :-1 s=READY pgs=88 cs=0 l=1 rev1=1 crypto rx=0x7f38880098a0 tx=0x7f3888009bb0 comp rx=0 tx=0).stop
2024-05-09T06:29:11.037 INFO:teuthology.orchestra.run.smithi063.stdout:/usr/bin/ceph: stderr
2024-05-09T06:29:10.250+0000 7f3893424700 1 -- 172.21.15.63:0/1779310722 shutdown_connections
2024-05-09T06:29:11.037 INFO:teuthology.orchestra.run.smithi063.stdout:/usr/bin/ceph: stderr
2024-05-09T06:29:10.250+0000 7f3893424700 1 --2- 172.21.15.63:0/1779310722 >> [v2:172.21.15.63:3300/0,v1:172.21.15.63:6789/0] conn(0x7f388c106630 0x7f388c106a50 unknown :-1 s=CLOSED pgs=88 cs=0 l=1 rev1=1 crypto rx=0 tx=0 comp rx=0 tx=0).stop
2024-05-09T06:29:11.037 INFO:teuthology.orchestra.run.smithi063.stdout:/usr/bin/ceph: stderr
2024-05-09T06:29:10.250+0000 7f3893424700 1 -- 172.21.15.63:0/1779310722 >> 172.21.15.63:0/1779310722 conn(0x7f388c101c30 msgr2=0x7f388c104050 unknown :-1 s=STATE_NONE l=0).mark_down
2024-05-09T06:29:11.037 INFO:teuthology.orchestra.run.smithi063.stdout:/usr/bin/ceph: stderr
2024-05-09T06:29:10.250+0000 7f3893424700 1 -- 172.21.15.63:0/1779310722 shutdown_connections
2024-05-09T06:29:11.037 INFO:teuthology.orchestra.run.smithi063.stdout:/usr/bin/ceph: stderr
2024-05-09T06:29:10.250+0000 7f3893424700 1 -- 172.21.15.63:0/1779310722 wait complete.
2024-05-09T06:29:11.037 INFO:teuthology.orchestra.run.smithi063.stdout:/usr/bin/ceph: stderr
2024-05-09T06:29:10.250+0000 7f3893424700 1 Processor -- start
2024-05-09T06:29:11.037 INFO:teuthology.orchestra.run.smithi063.stdout:/usr/bin/ceph: stderr
2024-05-09T06:29:10.250+0000 7f3893424700 1 -- start start
2024-05-09T06:29:11.038 INFO:teuthology.orchestra.run.smithi063.stdout:/usr/bin/ceph: stderr
2024-05-09T06:29:10.250+0000 7f3893424700 1 --2- >> [v2:172.21.15.63:3300/0,v1:172.21.15.63:6789/0] conn(0x7f388c106630 0x7f388c19a420 unknown :-1 s=NONE pgs=0 cs=0 l=1 rev1=0 crypto rx=0 tx=0 comp rx=0 tx=0).connect
2024-05-09T06:29:11.038 INFO:teuthology.orchestra.run.smithi063.stdout:/usr/bin/ceph: stderr
2024-05-09T06:29:10.250+0000 7f3893424700 1 -- --> [v2:172.21.15.63:3300/0,v1:172.21.15.63:6789/0] -- mon_getmap magic: 0 v1 -- 0x7f388c19a960 con 0x7f388c106630
2024-05-09T06:29:11.038 INFO:teuthology.orchestra.run.smithi063.stdout:/usr/bin/ceph: stderr
2024-05-09T06:29:10.251+0000 7f38911c0700 1 --2- >> [v2:172.21.15.63:3300/0,v1:172.21.15.63:6789/0] conn(0x7f388c106630 0x7f388c19a420 unknown :-1 s=BANNER_CONNECTING pgs=0 cs=0 l=1 rev1=0 crypto rx=0 tx=0 comp rx=0 tx=0)._handle_peer_banner_payload supported=3 required=0
2024-05-09T06:29:11.038 INFO:teuthology.orchestra.run.smithi063.stdout:/usr/bin/ceph: stderr
2024-05-09T06:29:10.251+0000 7f38911c0700 1 --2- >> [v2:172.21.15.63:3300/0,v1:172.21.15.63:6789/0] conn(0x7f388c106630 0x7f388c19a420 unknown :-1 s=HELLO_CONNECTING pgs=0 cs=0 l=1 rev1=1 crypto rx=0 tx=0 comp rx=0 tx=0).handle_hello peer v2:172.21.15.63:3300/0 says I am v2:172.21.15.63:35440/0 (socket says 172.21.15.63:35440)
2024-05-09T06:29:11.038 INFO:teuthology.orchestra.run.smithi063.stdout:/usr/bin/ceph: stderr
2024-05-09T06:29:10.251+0000 7f38911c0700 1 -- 172.21.15.63:0/3969097968 learned_addr learned my addr 172.21.15.63:0/3969097968 (peer_addr_for_me v2:172.21.15.63:0/0)
2024-05-09T06:29:11.038 INFO:teuthology.orchestra.run.smithi063.stdout:/usr/bin/ceph: stderr
2024-05-09T06:29:10.251+0000 7f38911c0700 1 -- 172.21.15.63:0/3969097968 --> [v2:172.21.15.63:3300/0,v1:172.21.15.63:6789/0] -- mon_subscribe({config=0+,monmap=0+}) v3 -- 0x7f3888009550 con 0x7f388c106630
2024-05-09T06:29:11.038 INFO:teuthology.orchestra.run.smithi063.stdout:/usr/bin/ceph: stderr
2024-05-09T06:29:10.251+0000 7f38911c0700 1 --2- 172.21.15.63:0/3969097968 >> [v2:172.21.15.63:3300/0,v1:172.21.15.63:6789/0] conn(0x7f388c106630 0x7f388c19a420 secure :-1 s=READY pgs=89 cs=0 l=1 rev1=1 crypto rx=0x7f3888000c00 tx=0x7f3888011890 comp rx=0 tx=0).ready entity=mon.0 client_cookie=0 server_cookie=0 in_seq=0 out_seq=0
2024-05-09T06:29:11.038 INFO:teuthology.orchestra.run.smithi063.stdout:/usr/bin/ceph: stderr
2024-05-09T06:29:10.251+0000 7f38827fc700 1 -- 172.21.15.63:0/3969097968 <== mon.0 v2:172.21.15.63:3300/0 1 ==== mon_map magic: 0 v1 ==== 229+0+0 (secure 0 0 0) 0x7f38880038b0 con 0x7f388c106630
2024-05-09T06:29:11.038 INFO:teuthology.orchestra.run.smithi063.stdout:/usr/bin/ceph: stderr
2024-05-09T06:29:10.251+0000 7f3893424700 1 -- 172.21.15.63:0/3969097968 --> [v2:172.21.15.63:3300/0,v1:172.21.15.63:6789/0] -- mon_subscribe({mgrmap=0+}) v3 -- 0x7f388c19ab60 con 0x7f388c106630
2024-05-09T06:29:11.038 INFO:teuthology.orchestra.run.smithi063.stdout:/usr/bin/ceph: stderr
2024-05-09T06:29:10.251+0000 7f38827fc700 1 -- 172.21.15.63:0/3969097968 <== mon.0 v2:172.21.15.63:3300/0 2 ==== config(27 keys) v1 ==== 1109+0+0 (secure 0 0 0) 0x7f3888003a10 con 0x7f388c106630
2024-05-09T06:29:11.038 INFO:teuthology.orchestra.run.smithi063.stdout:/usr/bin/ceph: stderr
2024-05-09T06:29:10.251+0000 7f38827fc700 1 -- 172.21.15.63:0/3969097968 <== mon.0 v2:172.21.15.63:3300/0 3 ==== mon_map magic: 0 v1 ==== 229+0+0 (secure 0 0 0) 0x7f3888024780 con 0x7f388c106630
2024-05-09T06:29:11.038 INFO:teuthology.orchestra.run.smithi063.stdout:/usr/bin/ceph: stderr
2024-05-09T06:29:10.251+0000 7f3893424700 1 -- 172.21.15.63:0/3969097968 --> [v2:172.21.15.63:3300/0,v1:172.21.15.63:6789/0] -- mon_subscribe({osdmap=0}) v3 -- 0x7f388c19b000 con 0x7f388c106630
2024-05-09T06:29:11.039 INFO:teuthology.orchestra.run.smithi063.stdout:/usr/bin/ceph: stderr
2024-05-09T06:29:10.252+0000 7f38827fc700 1 -- 172.21.15.63:0/3969097968 <== mon.0 v2:172.21.15.63:3300/0 4 ==== mgrmap(e 13) v1 ==== 45612+0+0 (secure 0 0 0) 0x7f388801ac10 con 0x7f388c106630
2024-05-09T06:29:11.039 INFO:teuthology.orchestra.run.smithi063.stdout:/usr/bin/ceph: stderr
2024-05-09T06:29:10.252+0000 7f3893424700 1 -- 172.21.15.63:0/3969097968 --> [v2:172.21.15.63:3300/0,v1:172.21.15.63:6789/0] -- mon_command({"prefix": "get_command_descriptions"} v 0) v1 -- 0x7f388c10aa10 con 0x7f388c106630
2024-05-09T06:29:11.039 INFO:teuthology.orchestra.run.smithi063.stdout:/usr/bin/ceph: stderr
2024-05-09T06:29:10.252+0000 7f38827fc700 1 --2- 172.21.15.63:0/3969097968 >> [v2:172.21.15.63:6800/3098785268,v1:172.21.15.63:6801/3098785268] conn(0x7f3878038810 0x7f387803acd0 unknown :-1 s=NONE pgs=0 cs=0 l=1 rev1=0 crypto rx=0 tx=0 comp rx=0 tx=0).connect
2024-05-09T06:29:11.039 INFO:teuthology.orchestra.run.smithi063.stdout:/usr/bin/ceph: stderr
2024-05-09T06:29:10.252+0000 7f38827fc700 1 -- 172.21.15.63:0/3969097968 <== mon.0 v2:172.21.15.63:3300/0 5 ==== osd_map(3..3 src has 1..3) v4 ==== 1155+0+0 (secure 0 0 0) 0x7f388804c7d0 con 0x7f388c106630
2024-05-09T06:29:11.039 INFO:teuthology.orchestra.run.smithi063.stdout:/usr/bin/ceph: stderr
2024-05-09T06:29:10.252+0000 7f38909bf700 1 --2- 172.21.15.63:0/3969097968 >> [v2:172.21.15.63:6800/3098785268,v1:172.21.15.63:6801/3098785268] conn(0x7f3878038810 0x7f387803acd0 unknown :-1 s=BANNER_CONNECTING pgs=0 cs=0 l=1 rev1=0 crypto rx=0 tx=0 comp rx=0 tx=0)._handle_peer_banner_payload supported=3 required=0
2024-05-09T06:29:11.039 INFO:teuthology.orchestra.run.smithi063.stdout:/usr/bin/ceph: stderr
2024-05-09T06:29:10.253+0000 7f38909bf700 1 --2- 172.21.15.63:0/3969097968 >> [v2:172.21.15.63:6800/3098785268,v1:172.21.15.63:6801/3098785268] conn(0x7f3878038810 0x7f387803acd0 secure :-1 s=READY pgs=10 cs=0 l=1 rev1=1 crypto rx=0x7f387c006fd0 tx=0x7f387c006e40 comp rx=0 tx=0).ready entity=mgr.14164 client_cookie=0 server_cookie=0 in_seq=0 out_seq=0
2024-05-09T06:29:11.039 INFO:teuthology.orchestra.run.smithi063.stdout:/usr/bin/ceph: stderr
2024-05-09T06:29:10.257+0000 7f38827fc700 1 -- 172.21.15.63:0/3969097968 <== mon.0 v2:172.21.15.63:3300/0 6 ==== mon_command_ack([{"prefix": "get_command_descriptions"}]=0 v0) v1 ==== 72+0+183351 (secure 0 0 0) 0x7f388801a430 con 0x7f388c106630
2024-05-09T06:29:11.039 INFO:teuthology.orchestra.run.smithi063.stdout:/usr/bin/ceph: stderr
2024-05-09T06:29:10.460+0000 7f3893424700 1 -- 172.21.15.63:0/3969097968 --> [v2:172.21.15.63:3300/0,v1:172.21.15.63:6789/0] -- mon_command([{prefix=config set, name=osd_memory_target_autotune}] v 0) v1 -- 0x7f388c19d890 con 0x7f388c106630
2024-05-09T06:29:11.039 INFO:teuthology.orchestra.run.smithi063.stdout:/usr/bin/ceph: stderr
2024-05-09T06:29:10.460+0000 7f38827fc700 1 -- 172.21.15.63:0/3969097968 <== mon.0 v2:172.21.15.63:3300/0 7 ==== mon_command_ack([{prefix=config set, name=osd_memory_target_autotune}]=0 v8)=0 v8) v1 ==== 127+0+0 (secure 0 0 0) 0x7f3888018b40 con 0x7f388c106630
2024-05-09T06:29:11.039 INFO:teuthology.orchestra.run.smithi063.stdout:/usr/bin/ceph: stderr
2024-05-09T06:29:10.462+0000 7f3893424700 1 -- 172.21.15.63:0/3969097968 >> [v2:172.21.15.63:6800/3098785268,v1:172.21.15.63:6801/3098785268] conn(0x7f3878038810 msgr2=0x7f387803acd0 secure :-1 s=STATE_CONNECTION_ESTABLISHED l=1).mark_down
2024-05-09T06:29:11.040 INFO:teuthology.orchestra.run.smithi063.stdout:/usr/bin/ceph: stderr
2024-05-09T06:29:10.462+0000 7f3893424700 1 --2- 172.21.15.63:0/3969097968 >> [v2:172.21.15.63:6800/3098785268,v1:172.21.15.63:6801/3098785268] conn(0x7f3878038810 0x7f387803acd0 secure :-1 s=READY pgs=10 cs=0 l=1 rev1=1 crypto rx=0x7f387c006fd0 tx=0x7f387c006e40 comp rx=0 tx=0).stop
2024-05-09T06:29:11.040 INFO:teuthology.orchestra.run.smithi063.stdout:/usr/bin/ceph: stderr
2024-05-09T06:29:10.462+0000 7f3893424700 1 -- 172.21.15.63:0/3969097968 >> [v2:172.21.15.63:3300/0,v1:172.21.15.63:6789/0] conn(0x7f388c106630 msgr2=0x7f388c19a420 secure :-1 s=STATE_CONNECTION_ESTABLISHED l=1).mark_down
2024-05-09T06:29:11.040 INFO:teuthology.orchestra.run.smithi063.stdout:/usr/bin/ceph: stderr
2024-05-09T06:29:10.462+0000 7f3893424700 1 --2- 172.21.15.63:0/3969097968 >> [v2:172.21.15.63:3300/0,v1:172.21.15.63:6789/0] conn(0x7f388c106630 0x7f388c19a420 secure :-1 s=READY pgs=89 cs=0 l=1 rev1=1 crypto rx=0x7f3888000c00 tx=0x7f3888011890 comp rx=0 tx=0).stop
2024-05-09T06:29:11.040 INFO:teuthology.orchestra.run.smithi063.stdout:/usr/bin/ceph: stderr
2024-05-09T06:29:10.462+0000 7f3893424700 1 -- 172.21.15.63:0/3969097968 shutdown_connections
2024-05-09T06:29:11.040 INFO:teuthology.orchestra.run.smithi063.stdout:/usr/bin/ceph: stderr
2024-05-09T06:29:10.462+0000 7f3893424700 1 --2- 172.21.15.63:0/3969097968 >> [v2:172.21.15.63:6800/3098785268,v1:172.21.15.63:6801/3098785268] conn(0x7f3878038810 0x7f387803acd0 unknown :-1 s=CLOSED pgs=10 cs=0 l=1 rev1=1 crypto rx=0 tx=0 comp rx=0 tx=0).stop
2024-05-09T06:29:11.040 INFO:teuthology.orchestra.run.smithi063.stdout:/usr/bin/ceph: stderr
2024-05-09T06:29:10.462+0000 7f3893424700 1 --2- 172.21.15.63:0/3969097968 >> [v2:172.21.15.63:3300/0,v1:172.21.15.63:6789/0] conn(0x7f388c106630 0x7f388c19a420 unknown :-1 s=CLOSED pgs=89 cs=0 l=1 rev1=1 crypto rx=0 tx=0 comp rx=0 tx=0).stop
2024-05-09T06:29:11.040 INFO:teuthology.orchestra.run.smithi063.stdout:/usr/bin/ceph: stderr
2024-05-09T06:29:10.462+0000 7f3893424700 1 -- 172.21.15.63:0/3969097968 >> 172.21.15.63:0/3969097968 conn(0x7f388c101c30 msgr2=0x7f388c102820 unknown :-1 s=STATE_NONE l=0).mark_down
2024-05-09T06:29:11.040 INFO:teuthology.orchestra.run.smithi063.stdout:/usr/bin/ceph: stderr
2024-05-09T06:29:10.462+0000 7f3893424700 1 -- 172.21.15.63:0/3969097968 shutdown_connections
2024-05-09T06:29:11.040 INFO:teuthology.orchestra.run.smithi063.stdout:/usr/bin/ceph: stderr
2024-05-09T06:29:10.462+0000 7f3893424700 1 -- 172.21.15.63:0/3969097968 wait complete.
2024-05-09T06:29:12.400 INFO:teuthology.orchestra.run.smithi063.stdout:/usr/bin/ceph: stderr
2024-05-09T06:29:11.481+0000 7fad39ddb700 1 Processor -- start
2024-05-09T06:29:12.400 INFO:teuthology.orchestra.run.smithi063.stdout:/usr/bin/ceph: stderr
2024-05-09T06:29:11.481+0000 7fad39ddb700 1 -- start start
2024-05-09T06:29:12.400 INFO:teuthology.orchestra.run.smithi063.stdout:/usr/bin/ceph: stderr
2024-05-09T06:29:11.481+0000 7fad39ddb700 1 --2- >> [v2:172.21.15.63:3300/0,v1:172.21.15.63:6789/0] conn(0x7fad34107100 0x7fad341094f0 unknown :-1 s=NONE pgs=0 cs=0 l=0 rev1=0 crypto rx=0 tx=0 comp rx=0 tx=0).connect
2024-05-09T06:29:12.401 INFO:teuthology.orchestra.run.smithi063.stdout:/usr/bin/ceph: stderr
2024-05-09T06:29:11.481+0000 7fad39ddb700 1 -- --> [v2:172.21.15.63:3300/0,v1:172.21.15.63:6789/0] -- mon_getmap magic: 0 v1 -- 0x7fad34079e10 con 0x7fad34107100
2024-05-09T06:29:12.401 INFO:teuthology.orchestra.run.smithi063.stdout:/usr/bin/ceph: stderr
2024-05-09T06:29:11.481+0000 7fad337fe700 1 --2- >> [v2:172.21.15.63:3300/0,v1:172.21.15.63:6789/0] conn(0x7fad34107100 0x7fad341094f0 unknown :-1 s=BANNER_CONNECTING pgs=0 cs=0 l=0 rev1=0 crypto rx=0 tx=0 comp rx=0 tx=0)._handle_peer_banner_payload supported=3 required=0
2024-05-09T06:29:12.401 INFO:teuthology.orchestra.run.smithi063.stdout:/usr/bin/ceph: stderr
2024-05-09T06:29:11.481+0000 7fad337fe700 1 --2- >> [v2:172.21.15.63:3300/0,v1:172.21.15.63:6789/0] conn(0x7fad34107100 0x7fad341094f0 unknown :-1 s=HELLO_CONNECTING pgs=0 cs=0 l=0 rev1=1 crypto rx=0 tx=0 comp rx=0 tx=0).handle_hello peer v2:172.21.15.63:3300/0 says I am v2:172.21.15.63:35446/0 (socket says 172.21.15.63:35446)
2024-05-09T06:29:12.401 INFO:teuthology.orchestra.run.smithi063.stdout:/usr/bin/ceph: stderr
2024-05-09T06:29:11.481+0000 7fad337fe700 1 -- 172.21.15.63:0/2217231216 learned_addr learned my addr 172.21.15.63:0/2217231216 (peer_addr_for_me v2:172.21.15.63:0/0)
2024-05-09T06:29:12.401 INFO:teuthology.orchestra.run.smithi063.stdout:/usr/bin/ceph: stderr
2024-05-09T06:29:11.481+0000 7fad337fe700 1 -- 172.21.15.63:0/2217231216 --> [v2:172.21.15.63:3300/0,v1:172.21.15.63:6789/0] -- mon_subscribe({config=0+,monmap=0+}) v3 -- 0x7fad34109a30 con 0x7fad34107100
2024-05-09T06:29:12.401 INFO:teuthology.orchestra.run.smithi063.stdout:/usr/bin/ceph: stderr
2024-05-09T06:29:11.481+0000 7fad337fe700 1 --2- 172.21.15.63:0/2217231216 >> [v2:172.21.15.63:3300/0,v1:172.21.15.63:6789/0] conn(0x7fad34107100 0x7fad341094f0 secure :-1 s=READY pgs=90 cs=0 l=1 rev1=1 crypto rx=0x7fad24009e80 tx=0x7fad2400b330 comp rx=0 tx=0).ready entity=mon.0 client_cookie=b2b51a8b54f1d353 server_cookie=0 in_seq=0 out_seq=0
2024-05-09T06:29:12.401 INFO:teuthology.orchestra.run.smithi063.stdout:/usr/bin/ceph: stderr
2024-05-09T06:29:11.482+0000 7fad327fc700 1 -- 172.21.15.63:0/2217231216 <== mon.0 v2:172.21.15.63:3300/0 1 ==== mon_map magic: 0 v1 ==== 229+0+0 (secure 0 0 0) 0x7fad2400e070 con 0x7fad34107100
2024-05-09T06:29:12.401 INFO:teuthology.orchestra.run.smithi063.stdout:/usr/bin/ceph: stderr
2024-05-09T06:29:11.482+0000 7fad327fc700 1 -- 172.21.15.63:0/2217231216 <== mon.0 v2:172.21.15.63:3300/0 2 ==== config(27 keys) v1 ==== 1109+0+0 (secure 0 0 0) 0x7fad2400b8c0 con 0x7fad34107100
2024-05-09T06:29:12.401 INFO:teuthology.orchestra.run.smithi063.stdout:/usr/bin/ceph: stderr
2024-05-09T06:29:11.482+0000 7fad327fc700 1 -- 172.21.15.63:0/2217231216 <== mon.0 v2:172.21.15.63:3300/0 3 ==== mon_map magic: 0 v1 ==== 229+0+0 (secure 0 0 0) 0x7fad240044d0 con 0x7fad34107100
2024-05-09T06:29:12.401 INFO:teuthology.orchestra.run.smithi063.stdout:/usr/bin/ceph: stderr
2024-05-09T06:29:11.482+0000 7fad39ddb700 1 -- 172.21.15.63:0/2217231216 >> [v2:172.21.15.63:3300/0,v1:172.21.15.63:6789/0] conn(0x7fad34107100 msgr2=0x7fad341094f0 secure :-1 s=STATE_CONNECTION_ESTABLISHED l=1).mark_down
2024-05-09T06:29:12.401 INFO:teuthology.orchestra.run.smithi063.stdout:/usr/bin/ceph: stderr
2024-05-09T06:29:11.482+0000 7fad39ddb700 1 --2- 172.21.15.63:0/2217231216 >> [v2:172.21.15.63:3300/0,v1:172.21.15.63:6789/0] conn(0x7fad34107100 0x7fad341094f0 secure :-1 s=READY pgs=90 cs=0 l=1 rev1=1 crypto rx=0x7fad24009e80 tx=0x7fad2400b330 comp rx=0 tx=0).stop
2024-05-09T06:29:12.401 INFO:teuthology.orchestra.run.smithi063.stdout:/usr/bin/ceph: stderr
2024-05-09T06:29:11.482+0000 7fad39ddb700 1 -- 172.21.15.63:0/2217231216 shutdown_connections
2024-05-09T06:29:12.401 INFO:teuthology.orchestra.run.smithi063.stdout:/usr/bin/ceph: stderr
2024-05-09T06:29:11.482+0000 7fad39ddb700 1 --2- 172.21.15.63:0/2217231216 >> [v2:172.21.15.63:3300/0,v1:172.21.15.63:6789/0] conn(0x7fad34107100 0x7fad341094f0 unknown :-1 s=CLOSED pgs=90 cs=0 l=1 rev1=1 crypto rx=0 tx=0 comp rx=0 tx=0).stop
2024-05-09T06:29:12.402 INFO:teuthology.orchestra.run.smithi063.stdout:/usr/bin/ceph: stderr
2024-05-09T06:29:11.482+0000 7fad39ddb700 1 -- 172.21.15.63:0/2217231216 >> 172.21.15.63:0/2217231216 conn(0x7fad34100ad0 msgr2=0x7fad34102ef0 unknown :-1 s=STATE_NONE l=0).mark_down
2024-05-09T06:29:12.402 INFO:teuthology.orchestra.run.smithi063.stdout:/usr/bin/ceph: stderr
2024-05-09T06:29:11.482+0000 7fad39ddb700 1 -- 172.21.15.63:0/2217231216 shutdown_connections
2024-05-09T06:29:12.402 INFO:teuthology.orchestra.run.smithi063.stdout:/usr/bin/ceph: stderr
2024-05-09T06:29:11.482+0000 7fad39ddb700 1 -- 172.21.15.63:0/2217231216 wait complete.
2024-05-09T06:29:12.402 INFO:teuthology.orchestra.run.smithi063.stdout:/usr/bin/ceph: stderr
2024-05-09T06:29:11.483+0000 7fad39ddb700 1 Processor -- start
2024-05-09T06:29:12.402 INFO:teuthology.orchestra.run.smithi063.stdout:/usr/bin/ceph: stderr
2024-05-09T06:29:11.483+0000 7fad39ddb700 1 -- start start
2024-05-09T06:29:12.402 INFO:teuthology.orchestra.run.smithi063.stdout:/usr/bin/ceph: stderr
2024-05-09T06:29:11.483+0000 7fad39ddb700 1 --2- >> [v2:172.21.15.63:3300/0,v1:172.21.15.63:6789/0] conn(0x7fad34107100 0x7fad3419a320 unknown :-1 s=NONE pgs=0 cs=0 l=1 rev1=0 crypto rx=0 tx=0 comp rx=0 tx=0).connect
2024-05-09T06:29:12.402 INFO:teuthology.orchestra.run.smithi063.stdout:/usr/bin/ceph: stderr
2024-05-09T06:29:11.483+0000 7fad39ddb700 1 -- --> [v2:172.21.15.63:3300/0,v1:172.21.15.63:6789/0] -- mon_getmap magic: 0 v1 -- 0x7fad3419a860 con 0x7fad34107100
2024-05-09T06:29:12.402 INFO:teuthology.orchestra.run.smithi063.stdout:/usr/bin/ceph: stderr
2024-05-09T06:29:11.483+0000 7fad337fe700 1 --2- >> [v2:172.21.15.63:3300/0,v1:172.21.15.63:6789/0] conn(0x7fad34107100 0x7fad3419a320 unknown :-1 s=BANNER_CONNECTING pgs=0 cs=0 l=1 rev1=0 crypto rx=0 tx=0 comp rx=0 tx=0)._handle_peer_banner_payload supported=3 required=0
2024-05-09T06:29:12.402 INFO:teuthology.orchestra.run.smithi063.stdout:/usr/bin/ceph: stderr
2024-05-09T06:29:11.483+0000 7fad337fe700 1 --2- >> [v2:172.21.15.63:3300/0,v1:172.21.15.63:6789/0] conn(0x7fad34107100 0x7fad3419a320 unknown :-1 s=HELLO_CONNECTING pgs=0 cs=0 l=1 rev1=1 crypto rx=0 tx=0 comp rx=0 tx=0).handle_hello peer v2:172.21.15.63:3300/0 says I am v2:172.21.15.63:35462/0 (socket says 172.21.15.63:35462)
2024-05-09T06:29:12.402 INFO:teuthology.orchestra.run.smithi063.stdout:/usr/bin/ceph: stderr
2024-05-09T06:29:11.483+0000 7fad337fe700 1 -- 172.21.15.63:0/171260416 learned_addr learned my addr 172.21.15.63:0/171260416 (peer_addr_for_me v2:172.21.15.63:0/0)
2024-05-09T06:29:12.402 INFO:teuthology.orchestra.run.smithi063.stdout:/usr/bin/ceph: stderr
2024-05-09T06:29:11.484+0000 7fad337fe700 1 -- 172.21.15.63:0/171260416 --> [v2:172.21.15.63:3300/0,v1:172.21.15.63:6789/0] -- mon_subscribe({config=0+,monmap=0+}) v3 -- 0x7fad24009b30 con 0x7fad34107100
2024-05-09T06:29:12.402 INFO:teuthology.orchestra.run.smithi063.stdout:/usr/bin/ceph: stderr
2024-05-09T06:29:11.484+0000 7fad337fe700 1 --2- 172.21.15.63:0/171260416 >> [v2:172.21.15.63:3300/0,v1:172.21.15.63:6789/0] conn(0x7fad34107100 0x7fad3419a320 secure :-1 s=READY pgs=91 cs=0 l=1 rev1=1 crypto rx=0x7fad240072a0 tx=0x7fad2400be00 comp rx=0 tx=0).ready entity=mon.0 client_cookie=0 server_cookie=0 in_seq=0 out_seq=0
2024-05-09T06:29:12.402 INFO:teuthology.orchestra.run.smithi063.stdout:/usr/bin/ceph: stderr
2024-05-09T06:29:11.484+0000 7fad30ff9700 1 -- 172.21.15.63:0/171260416 <== mon.0 v2:172.21.15.63:3300/0 1 ==== mon_map magic: 0 v1 ==== 229+0+0 (secure 0 0 0) 0x7fad2400e040 con 0x7fad34107100
2024-05-09T06:29:12.402 INFO:teuthology.orchestra.run.smithi063.stdout:/usr/bin/ceph: stderr
2024-05-09T06:29:11.484+0000 7fad30ff9700 1 -- 172.21.15.63:0/171260416 <== mon.0 v2:172.21.15.63:3300/0 2 ==== config(27 keys) v1 ==== 1109+0+0 (secure 0 0 0) 0x7fad24003dc0 con 0x7fad34107100
2024-05-09T06:29:12.403 INFO:teuthology.orchestra.run.smithi063.stdout:/usr/bin/ceph: stderr
2024-05-09T06:29:11.484+0000 7fad39ddb700 1 -- 172.21.15.63:0/171260416 --> [v2:172.21.15.63:3300/0,v1:172.21.15.63:6789/0] -- mon_subscribe({mgrmap=0+}) v3 -- 0x7fad3419aa60 con 0x7fad34107100
2024-05-09T06:29:12.403 INFO:teuthology.orchestra.run.smithi063.stdout:/usr/bin/ceph: stderr
2024-05-09T06:29:11.484+0000 7fad30ff9700 1 -- 172.21.15.63:0/171260416 <== mon.0 v2:172.21.15.63:3300/0 3 ==== mon_map magic: 0 v1 ==== 229+0+0 (secure 0 0 0) 0x7fad24012750 con 0x7fad34107100
2024-05-09T06:29:12.403 INFO:teuthology.orchestra.run.smithi063.stdout:/usr/bin/ceph: stderr
2024-05-09T06:29:11.484+0000 7fad39ddb700 1 -- 172.21.15.63:0/171260416 --> [v2:172.21.15.63:3300/0,v1:172.21.15.63:6789/0] -- mon_subscribe({osdmap=0}) v3 -- 0x7fad3419af60 con 0x7fad34107100
2024-05-09T06:29:12.403 INFO:teuthology.orchestra.run.smithi063.stdout:/usr/bin/ceph: stderr
2024-05-09T06:29:11.485+0000 7fad30ff9700 1 -- 172.21.15.63:0/171260416 <== mon.0 v2:172.21.15.63:3300/0 4 ==== mgrmap(e 13) v1 ==== 45612+0+0 (secure 0 0 0) 0x7fad24019040 con 0x7fad34107100
2024-05-09T06:29:12.403 INFO:teuthology.orchestra.run.smithi063.stdout:/usr/bin/ceph: stderr
2024-05-09T06:29:11.485+0000 7fad39ddb700 1 -- 172.21.15.63:0/171260416 --> [v2:172.21.15.63:3300/0,v1:172.21.15.63:6789/0] -- mon_command({"prefix": "get_command_descriptions"} v 0) v1 -- 0x7fad3410a770 con 0x7fad34107100
2024-05-09T06:29:12.403 INFO:teuthology.orchestra.run.smithi063.stdout:/usr/bin/ceph: stderr
2024-05-09T06:29:11.485+0000 7fad30ff9700 1 --2- 172.21.15.63:0/171260416 >> [v2:172.21.15.63:6800/3098785268,v1:172.21.15.63:6801/3098785268] conn(0x7fad1c038860 0x7fad1c03ad20 unknown :-1 s=NONE pgs=0 cs=0 l=1 rev1=0 crypto rx=0 tx=0 comp rx=0 tx=0).connect
2024-05-09T06:29:12.403 INFO:teuthology.orchestra.run.smithi063.stdout:/usr/bin/ceph: stderr
2024-05-09T06:29:11.485+0000 7fad30ff9700 1 -- 172.21.15.63:0/171260416 <== mon.0 v2:172.21.15.63:3300/0 5 ==== osd_map(3..3 src has 1..3) v4 ==== 1155+0+0 (secure 0 0 0) 0x7fad2404c3c0 con 0x7fad34107100
2024-05-09T06:29:12.403 INFO:teuthology.orchestra.run.smithi063.stdout:/usr/bin/ceph: stderr
2024-05-09T06:29:11.485+0000 7fad32ffd700 1 --2- 172.21.15.63:0/171260416 >> [v2:172.21.15.63:6800/3098785268,v1:172.21.15.63:6801/3098785268] conn(0x7fad1c038860 0x7fad1c03ad20 unknown :-1 s=BANNER_CONNECTING pgs=0 cs=0 l=1 rev1=0 crypto rx=0 tx=0 comp rx=0 tx=0)._handle_peer_banner_payload supported=3 required=0
2024-05-09T06:29:12.403 INFO:teuthology.orchestra.run.smithi063.stdout:/usr/bin/ceph: stderr
2024-05-09T06:29:11.486+0000 7fad32ffd700 1 --2- 172.21.15.63:0/171260416 >> [v2:172.21.15.63:6800/3098785268,v1:172.21.15.63:6801/3098785268] conn(0x7fad1c038860 0x7fad1c03ad20 secure :-1 s=READY pgs=11 cs=0 l=1 rev1=1 crypto rx=0x7fad28006fd0 tx=0x7fad28006e40 comp rx=0 tx=0).ready entity=mgr.14164 client_cookie=0 server_cookie=0 in_seq=0 out_seq=0
2024-05-09T06:29:12.403 INFO:teuthology.orchestra.run.smithi063.stdout:/usr/bin/ceph: stderr
2024-05-09T06:29:11.490+0000 7fad30ff9700 1 -- 172.21.15.63:0/171260416 <== mon.0 v2:172.21.15.63:3300/0 6 ==== mon_command_ack([{"prefix": "get_command_descriptions"}]=0 v0) v1 ==== 72+0+183351 (secure 0 0 0) 0x7fad2402cb40 con 0x7fad34107100
2024-05-09T06:29:12.403 INFO:teuthology.orchestra.run.smithi063.stdout:/usr/bin/ceph: stderr
2024-05-09T06:29:11.803+0000 7fad39ddb700 1 -- 172.21.15.63:0/171260416 --> [v2:172.21.15.63:3300/0,v1:172.21.15.63:6789/0] -- mon_command([{prefix=config-key set, key=mgr/dashboard/cluster/status}] v 0) v1 -- 0x7fad3410a9e0 con 0x7fad34107100
2024-05-09T06:29:12.403 INFO:teuthology.orchestra.run.smithi063.stdout:/usr/bin/ceph: stderr
2024-05-09T06:29:11.805+0000 7fad30ff9700 1 -- 172.21.15.63:0/171260416 <== mon.0 v2:172.21.15.63:3300/0 7 ==== mon_command_ack([{prefix=config-key set, key=mgr/dashboard/cluster/status}]=0 set mgr/dashboard/cluster/status v34)=0 set mgr/dashboard/cluster/status v34) v1 ==== 153+0+0 (secure 0 0 0) 0x7fad2401f070 con 0x7fad34107100
2024-05-09T06:29:12.403 INFO:teuthology.orchestra.run.smithi063.stdout:/usr/bin/ceph: stderr
2024-05-09T06:29:11.807+0000 7fad39ddb700 1 -- 172.21.15.63:0/171260416 >> [v2:172.21.15.63:6800/3098785268,v1:172.21.15.63:6801/3098785268] conn(0x7fad1c038860 msgr2=0x7fad1c03ad20 secure :-1 s=STATE_CONNECTION_ESTABLISHED l=1).mark_down
2024-05-09T06:29:12.403 INFO:teuthology.orchestra.run.smithi063.stdout:/usr/bin/ceph: stderr
2024-05-09T06:29:11.807+0000 7fad39ddb700 1 --2- 172.21.15.63:0/171260416 >> [v2:172.21.15.63:6800/3098785268,v1:172.21.15.63:6801/3098785268] conn(0x7fad1c038860 0x7fad1c03ad20 secure :-1 s=READY pgs=11 cs=0 l=1 rev1=1 crypto rx=0x7fad28006fd0 tx=0x7fad28006e40 comp rx=0 tx=0).stop
2024-05-09T06:29:12.404 INFO:teuthology.orchestra.run.smithi063.stdout:/usr/bin/ceph: stderr
2024-05-09T06:29:11.807+0000 7fad39ddb700 1 -- 172.21.15.63:0/171260416 >> [v2:172.21.15.63:3300/0,v1:172.21.15.63:6789/0] conn(0x7fad34107100 msgr2=0x7fad3419a320 secure :-1 s=STATE_CONNECTION_ESTABLISHED l=1).mark_down
2024-05-09T06:29:12.404 INFO:teuthology.orchestra.run.smithi063.stdout:/usr/bin/ceph: stderr
2024-05-09T06:29:11.807+0000 7fad39ddb700 1 --2- 172.21.15.63:0/171260416 >> [v2:172.21.15.63:3300/0,v1:172.21.15.63:6789/0] conn(0x7fad34107100 0x7fad3419a320 secure :-1 s=READY pgs=91 cs=0 l=1 rev1=1 crypto rx=0x7fad240072a0 tx=0x7fad2400be00 comp rx=0 tx=0).stop
2024-05-09T06:29:12.404 INFO:teuthology.orchestra.run.smithi063.stdout:/usr/bin/ceph: stderr
2024-05-09T06:29:11.807+0000 7fad39ddb700 1 -- 172.21.15.63:0/171260416 shutdown_connections
2024-05-09T06:29:12.404 INFO:teuthology.orchestra.run.smithi063.stdout:/usr/bin/ceph: stderr
2024-05-09T06:29:11.807+0000 7fad39ddb700 1 --2- 172.21.15.63:0/171260416 >> [v2:172.21.15.63:6800/3098785268,v1:172.21.15.63:6801/3098785268] conn(0x7fad1c038860 0x7fad1c03ad20 unknown :-1 s=CLOSED pgs=11 cs=0 l=1 rev1=1 crypto rx=0 tx=0 comp rx=0 tx=0).stop
2024-05-09T06:29:12.404 INFO:teuthology.orchestra.run.smithi063.stdout:/usr/bin/ceph: stderr
2024-05-09T06:29:11.807+0000 7fad39ddb700 1 --2- 172.21.15.63:0/171260416 >> [v2:172.21.15.63:3300/0,v1:172.21.15.63:6789/0] conn(0x7fad34107100 0x7fad3419a320 unknown :-1 s=CLOSED pgs=91 cs=0 l=1 rev1=1 crypto rx=0 tx=0 comp rx=0 tx=0).stop
2024-05-09T06:29:12.404 INFO:teuthology.orchestra.run.smithi063.stdout:/usr/bin/ceph: stderr
2024-05-09T06:29:11.807+0000 7fad39ddb700 1 -- 172.21.15.63:0/171260416 >> 172.21.15.63:0/171260416 conn(0x7fad34100ad0 msgr2=0x7fad34101640 unknown :-1 s=STATE_NONE l=0).mark_down
2024-05-09T06:29:12.404 INFO:teuthology.orchestra.run.smithi063.stdout:/usr/bin/ceph: stderr
2024-05-09T06:29:11.808+0000 7fad39ddb700 1 -- 172.21.15.63:0/171260416 shutdown_connections
2024-05-09T06:29:12.404 INFO:teuthology.orchestra.run.smithi063.stdout:/usr/bin/ceph: stderr
2024-05-09T06:29:11.808+0000 7fad39ddb700 1 -- 172.21.15.63:0/171260416 wait complete.
2024-05-09T06:29:12.404 INFO:teuthology.orchestra.run.smithi063.stdout:/usr/bin/ceph: stderr set mgr/dashboard/cluster/status
2024-05-09T06:29:12.404 INFO:teuthology.orchestra.run.smithi063.stdout:You can access the Ceph CLI as following in case of multi-cluster or non-default config:
2024-05-09T06:29:12.404 INFO:teuthology.orchestra.run.smithi063.stdout:
2024-05-09T06:29:12.404 INFO:teuthology.orchestra.run.smithi063.stdout: sudo /home/ubuntu/cephtest/cephadm shell --fsid 2386be1c-0dcd-11ef-bc97-c7b262605968 -c /etc/ceph/ceph.conf -k /etc/ceph/ceph.client.admin.keyring
2024-05-09T06:29:12.404 INFO:teuthology.orchestra.run.smithi063.stdout:
2024-05-09T06:29:12.404 INFO:teuthology.orchestra.run.smithi063.stdout:Or, if you are only running a single cluster on this host:
2024-05-09T06:29:12.405 INFO:teuthology.orchestra.run.smithi063.stdout:
2024-05-09T06:29:12.405 INFO:teuthology.orchestra.run.smithi063.stdout: sudo /home/ubuntu/cephtest/cephadm shell
2024-05-09T06:29:12.405 INFO:teuthology.orchestra.run.smithi063.stdout:
2024-05-09T06:29:12.405 INFO:teuthology.orchestra.run.smithi063.stdout:Please consider enabling telemetry to help improve Ceph:
