2024-05-09T06:28:54.055+0000 7f02ecff9700 1 -- 172.21.15.63:0/786528781 <== mon.0 v2:172.21.15.63:3300/0 4 ==== mgrmap(e 8) v1 ==== 45556+0+0 (secure 0 0 0) 0x7f02e00248e0 con 0x7f02f0104940
2024-05-09T06:28:54.846 INFO:teuthology.orchestra.run.smithi063.stdout:/usr/bin/ceph: stderr
2024-05-09T06:28:54.056+0000 7f02f6152700 1 -- 172.21.15.63:0/786528781 --> [v2:172.21.15.63:3300/0,v1:172.21.15.63:6789/0] -- mon_command({"prefix": "get_command_descriptions"} v 0) v1 -- 0x7f02f010ab10 con 0x7f02f0104940
2024-05-09T06:28:54.846 INFO:teuthology.orchestra.run.smithi063.stdout:/usr/bin/ceph: stderr
2024-05-09T06:28:54.056+0000 7f02ecff9700 1 --2- 172.21.15.63:0/786528781 >> [v2:172.21.15.63:6800/3629307253,v1:172.21.15.63:6801/3629307253] conn(0x7f02d8038720 0x7f02d803abe0 unknown :-1 s=NONE pgs=0 cs=0 l=1 rev1=0 crypto rx=0 tx=0 comp rx=0 tx=0).connect
2024-05-09T06:28:54.846 INFO:teuthology.orchestra.run.smithi063.stdout:/usr/bin/ceph: stderr
2024-05-09T06:28:54.056+0000 7f02ecff9700 1 -- 172.21.15.63:0/786528781 <== mon.0 v2:172.21.15.63:3300/0 5 ==== osd_map(2..2 src has 1..2) v4 ==== 940+0+0 (secure 0 0 0) 0x7f02e004c7b0 con 0x7f02f0104940
2024-05-09T06:28:54.846 INFO:teuthology.orchestra.run.smithi063.stdout:/usr/bin/ceph: stderr
2024-05-09T06:28:54.056+0000 7f02eeffd700 1 --2- 172.21.15.63:0/786528781 >> [v2:172.21.15.63:6800/3629307253,v1:172.21.15.63:6801/3629307253] conn(0x7f02d8038720 0x7f02d803abe0 unknown :-1 s=BANNER_CONNECTING pgs=0 cs=0 l=1 rev1=0 crypto rx=0 tx=0 comp rx=0 tx=0)._handle_peer_banner_payload supported=3 required=0
2024-05-09T06:28:54.846 INFO:teuthology.orchestra.run.smithi063.stdout:/usr/bin/ceph: stderr
2024-05-09T06:28:54.056+0000 7f02eeffd700 1 --2- 172.21.15.63:0/786528781 >> [v2:172.21.15.63:6800/3629307253,v1:172.21.15.63:6801/3629307253] conn(0x7f02d8038720 0x7f02d803abe0 secure :-1 s=READY pgs=21 cs=0 l=1 rev1=1 crypto rx=0x7f02e4006fd0 tx=0x7f02e4006e40 comp rx=0 tx=0).ready entity=mgr.14120 client_cookie=0 server_cookie=0 in_seq=0 out_seq=0
2024-05-09T06:28:54.847 INFO:teuthology.orchestra.run.smithi063.stdout:/usr/bin/ceph: stderr
2024-05-09T06:28:54.061+0000 7f02ecff9700 1 -- 172.21.15.63:0/786528781 <== mon.0 v2:172.21.15.63:3300/0 6 ==== mon_command_ack([{"prefix": "get_command_descriptions"}]=0 v0) v1 ==== 72+0+183351 (secure 0 0 0) 0x7f02e0024b90 con 0x7f02f0104940
2024-05-09T06:28:54.847 INFO:teuthology.orchestra.run.smithi063.stdout:/usr/bin/ceph: stderr
2024-05-09T06:28:54.263+0000 7f02f6152700 1 -- 172.21.15.63:0/786528781 --> [v2:172.21.15.63:3300/0,v1:172.21.15.63:6789/0] -- mon_command([{prefix=config set, name=mgr/dashboard/ssl_server_port}] v 0) v1 -- 0x7f02f019d810 con 0x7f02f0104940
2024-05-09T06:28:54.847 INFO:teuthology.orchestra.run.smithi063.stdout:/usr/bin/ceph: stderr
2024-05-09T06:28:54.266+0000 7f02ecff9700 1 -- 172.21.15.63:0/786528781 <== mon.0 v2:172.21.15.63:3300/0 7 ==== mon_command_ack([{prefix=config set, name=mgr/dashboard/ssl_server_port}]=0 v8)=0 v8) v1 ==== 130+0+0 (secure 0 0 0) 0x7f02e0018350 con 0x7f02f0104940
2024-05-09T06:28:54.847 INFO:teuthology.orchestra.run.smithi063.stdout:/usr/bin/ceph: stderr
2024-05-09T06:28:54.268+0000 7f02f6152700 1 -- 172.21.15.63:0/786528781 >> [v2:172.21.15.63:6800/3629307253,v1:172.21.15.63:6801/3629307253] conn(0x7f02d8038720 msgr2=0x7f02d803abe0 secure :-1 s=STATE_CONNECTION_ESTABLISHED l=1).mark_down
2024-05-09T06:28:54.847 INFO:teuthology.orchestra.run.smithi063.stdout:/usr/bin/ceph: stderr
2024-05-09T06:28:54.268+0000 7f02f6152700 1 --2- 172.21.15.63:0/786528781 >> [v2:172.21.15.63:6800/3629307253,v1:172.21.15.63:6801/3629307253] conn(0x7f02d8038720 0x7f02d803abe0 secure :-1 s=READY pgs=21 cs=0 l=1 rev1=1 crypto rx=0x7f02e4006fd0 tx=0x7f02e4006e40 comp rx=0 tx=0).stop
2024-05-09T06:28:54.847 INFO:teuthology.orchestra.run.smithi063.stdout:/usr/bin/ceph: stderr
2024-05-09T06:28:54.268+0000 7f02f6152700 1 -- 172.21.15.63:0/786528781 >> [v2:172.21.15.63:3300/0,v1:172.21.15.63:6789/0] conn(0x7f02f0104940 msgr2=0x7f02f019a3a0 secure :-1 s=STATE_CONNECTION_ESTABLISHED l=1).mark_down
2024-05-09T06:28:54.847 INFO:teuthology.orchestra.run.smithi063.stdout:/usr/bin/ceph: stderr
2024-05-09T06:28:54.268+0000 7f02f6152700 1 --2- 172.21.15.63:0/786528781 >> [v2:172.21.15.63:3300/0,v1:172.21.15.63:6789/0] conn(0x7f02f0104940 0x7f02f019a3a0 secure :-1 s=READY pgs=66 cs=0 l=1 rev1=1 crypto rx=0x7f02e00117b0 tx=0x7f02e0011890 comp rx=0 tx=0).stop
2024-05-09T06:28:54.847 INFO:teuthology.orchestra.run.smithi063.stdout:/usr/bin/ceph: stderr
2024-05-09T06:28:54.268+0000 7f02f6152700 1 -- 172.21.15.63:0/786528781 shutdown_connections
2024-05-09T06:28:54.847 INFO:teuthology.orchestra.run.smithi063.stdout:/usr/bin/ceph: stderr
2024-05-09T06:28:54.268+0000 7f02f6152700 1 --2- 172.21.15.63:0/786528781 >> [v2:172.21.15.63:6800/3629307253,v1:172.21.15.63:6801/3629307253] conn(0x7f02d8038720 0x7f02d803abe0 unknown :-1 s=CLOSED pgs=21 cs=0 l=1 rev1=1 crypto rx=0 tx=0 comp rx=0 tx=0).stop
2024-05-09T06:28:54.847 INFO:teuthology.orchestra.run.smithi063.stdout:/usr/bin/ceph: stderr
2024-05-09T06:28:54.268+0000 7f02f6152700 1 --2- 172.21.15.63:0/786528781 >> [v2:172.21.15.63:3300/0,v1:172.21.15.63:6789/0] conn(0x7f02f0104940 0x7f02f019a3a0 secure :-1 s=CLOSED pgs=66 cs=0 l=1 rev1=1 crypto rx=0x7f02e00117b0 tx=0x7f02e0011890 comp rx=0 tx=0).stop
2024-05-09T06:28:54.847 INFO:teuthology.orchestra.run.smithi063.stdout:/usr/bin/ceph: stderr
2024-05-09T06:28:54.268+0000 7f02f6152700 1 -- 172.21.15.63:0/786528781 >> 172.21.15.63:0/786528781 conn(0x7f02f01001e0 msgr2=0x7f02f0100dc0 unknown :-1 s=STATE_NONE l=0).mark_down
2024-05-09T06:28:54.847 INFO:teuthology.orchestra.run.smithi063.stdout:/usr/bin/ceph: stderr
2024-05-09T06:28:54.269+0000 7f02f6152700 1 -- 172.21.15.63:0/786528781 shutdown_connections
2024-05-09T06:28:54.848 INFO:teuthology.orchestra.run.smithi063.stdout:/usr/bin/ceph: stderr
2024-05-09T06:28:54.269+0000 7f02f6152700 1 -- 172.21.15.63:0/786528781 wait complete.
2024-05-09T06:28:54.848 INFO:teuthology.orchestra.run.smithi063.stdout:Enabling the dashboard module...
2024-05-09T06:28:55.357 INFO:journalctl@ceph.mon.smithi063.smithi063.stdout:May 09 06:28:55 smithi063 ceph-mon[27171]: pgmap v5: 0 pgs: ; 0 B data, 0 B used, 0 B / 0 B avail
2024-05-09T06:28:55.357 INFO:journalctl@ceph.mon.smithi063.smithi063.stdout:May 09 06:28:55 smithi063 ceph-mon[27171]: from='client.? 172.21.15.63:0/786528781' entity='client.admin'
2024-05-09T06:28:56.576 INFO:journalctl@ceph.mon.smithi063.smithi063.stdout:May 09 06:28:56 smithi063 ceph-mon[27171]: from='client.? 172.21.15.63:0/1675708292' entity='client.admin' cmd=[{"prefix": "mgr module enable", "module": "dashboard"}]: dispatch
2024-05-09T06:28:56.872 INFO:teuthology.orchestra.run.smithi063.stdout:/usr/bin/ceph: stderr
2024-05-09T06:28:55.321+0000 7f0df2a69700 1 Processor -- start
2024-05-09T06:28:56.872 INFO:teuthology.orchestra.run.smithi063.stdout:/usr/bin/ceph: stderr
2024-05-09T06:28:55.321+0000 7f0df2a69700 1 -- start start
2024-05-09T06:28:56.872 INFO:teuthology.orchestra.run.smithi063.stdout:/usr/bin/ceph: stderr
2024-05-09T06:28:55.322+0000 7f0df2a69700 1 --2- >> [v2:172.21.15.63:3300/0,v1:172.21.15.63:6789/0] conn(0x7f0dec1054f0 0x7f0dec105910 unknown :-1 s=NONE pgs=0 cs=0 l=0 rev1=0 crypto rx=0 tx=0 comp rx=0 tx=0).connect
2024-05-09T06:28:56.873 INFO:teuthology.orchestra.run.smithi063.stdout:/usr/bin/ceph: stderr
2024-05-09T06:28:55.322+0000 7f0df2a69700 1 -- --> [v2:172.21.15.63:3300/0,v1:172.21.15.63:6789/0] -- mon_getmap magic: 0 v1 -- 0x7f0dec105ee0 con 0x7f0dec1054f0
2024-05-09T06:28:56.873 INFO:teuthology.orchestra.run.smithi063.stdout:/usr/bin/ceph: stderr
2024-05-09T06:28:55.322+0000 7f0df0805700 1 --2- >> [v2:172.21.15.63:3300/0,v1:172.21.15.63:6789/0] conn(0x7f0dec1054f0 0x7f0dec105910 unknown :-1 s=BANNER_CONNECTING pgs=0 cs=0 l=0 rev1=0 crypto rx=0 tx=0 comp rx=0 tx=0)._handle_peer_banner_payload supported=3 required=0
2024-05-09T06:28:56.873 INFO:teuthology.orchestra.run.smithi063.stdout:/usr/bin/ceph: stderr
2024-05-09T06:28:55.322+0000 7f0df0805700 1 --2- >> [v2:172.21.15.63:3300/0,v1:172.21.15.63:6789/0] conn(0x7f0dec1054f0 0x7f0dec105910 unknown :-1 s=HELLO_CONNECTING pgs=0 cs=0 l=0 rev1=1 crypto rx=0 tx=0 comp rx=0 tx=0).handle_hello peer v2:172.21.15.63:3300/0 says I am v2:172.21.15.63:50864/0 (socket says 172.21.15.63:50864)
2024-05-09T06:28:56.873 INFO:teuthology.orchestra.run.smithi063.stdout:/usr/bin/ceph: stderr
2024-05-09T06:28:55.322+0000 7f0df0805700 1 -- 172.21.15.63:0/1435343109 learned_addr learned my addr 172.21.15.63:0/1435343109 (peer_addr_for_me v2:172.21.15.63:0/0)
2024-05-09T06:28:56.873 INFO:teuthology.orchestra.run.smithi063.stdout:/usr/bin/ceph: stderr
2024-05-09T06:28:55.322+0000 7f0df0805700 1 -- 172.21.15.63:0/1435343109 --> [v2:172.21.15.63:3300/0,v1:172.21.15.63:6789/0] -- mon_subscribe({config=0+,monmap=0+}) v3 -- 0x7f0dec1066f0 con 0x7f0dec1054f0
2024-05-09T06:28:56.873 INFO:teuthology.orchestra.run.smithi063.stdout:/usr/bin/ceph: stderr
2024-05-09T06:28:55.322+0000 7f0df0805700 1 --2- 172.21.15.63:0/1435343109 >> [v2:172.21.15.63:3300/0,v1:172.21.15.63:6789/0] conn(0x7f0dec1054f0 0x7f0dec105910 secure :-1 s=READY pgs=67 cs=0 l=1 rev1=1 crypto rx=0x7f0ddc0098a0 tx=0x7f0ddc009bb0 comp rx=0 tx=0).ready entity=mon.0 client_cookie=63811a6cd3d8d72c server_cookie=0 in_seq=0 out_seq=0
2024-05-09T06:28:56.874 INFO:teuthology.orchestra.run.smithi063.stdout:/usr/bin/ceph: stderr
2024-05-09T06:28:55.322+0000 7f0de37fe700 1 -- 172.21.15.63:0/1435343109 <== mon.0 v2:172.21.15.63:3300/0 1 ==== mon_map magic: 0 v1 ==== 229+0+0 (secure 0 0 0) 0x7f0ddc004180 con 0x7f0dec1054f0
2024-05-09T06:28:56.874 INFO:teuthology.orchestra.run.smithi063.stdout:/usr/bin/ceph: stderr
2024-05-09T06:28:55.322+0000 7f0de37fe700 1 -- 172.21.15.63:0/1435343109 <== mon.0 v2:172.21.15.63:3300/0 2 ==== config(27 keys) v1 ==== 1109+0+0 (secure 0 0 0) 0x7f0ddc0042e0 con 0x7f0dec1054f0
2024-05-09T06:28:56.874 INFO:teuthology.orchestra.run.smithi063.stdout:/usr/bin/ceph: stderr
2024-05-09T06:28:55.322+0000 7f0de37fe700 1 -- 172.21.15.63:0/1435343109 <== mon.0 v2:172.21.15.63:3300/0 3 ==== mon_map magic: 0 v1 ==== 229+0+0 (secure 0 0 0) 0x7f0ddc011b10 con 0x7f0dec1054f0
2024-05-09T06:28:56.874 INFO:teuthology.orchestra.run.smithi063.stdout:/usr/bin/ceph: stderr
2024-05-09T06:28:55.323+0000 7f0df2a69700 1 -- 172.21.15.63:0/1435343109 >> [v2:172.21.15.63:3300/0,v1:172.21.15.63:6789/0] conn(0x7f0dec1054f0 msgr2=0x7f0dec105910 secure :-1 s=STATE_CONNECTION_ESTABLISHED l=1).mark_down
2024-05-09T06:28:56.874 INFO:teuthology.orchestra.run.smithi063.stdout:/usr/bin/ceph: stderr
2024-05-09T06:28:55.323+0000 7f0df2a69700 1 --2- 172.21.15.63:0/1435343109 >> [v2:172.21.15.63:3300/0,v1:172.21.15.63:6789/0] conn(0x7f0dec1054f0 0x7f0dec105910 secure :-1 s=READY pgs=67 cs=0 l=1 rev1=1 crypto rx=0x7f0ddc0098a0 tx=0x7f0ddc009bb0 comp rx=0 tx=0).stop
2024-05-09T06:28:56.874 INFO:teuthology.orchestra.run.smithi063.stdout:/usr/bin/ceph: stderr
2024-05-09T06:28:55.323+0000 7f0df2a69700 1 -- 172.21.15.63:0/1435343109 shutdown_connections
2024-05-09T06:28:56.875 INFO:teuthology.orchestra.run.smithi063.stdout:/usr/bin/ceph: stderr
2024-05-09T06:28:55.323+0000 7f0df2a69700 1 --2- 172.21.15.63:0/1435343109 >> [v2:172.21.15.63:3300/0,v1:172.21.15.63:6789/0] conn(0x7f0dec1054f0 0x7f0dec105910 unknown :-1 s=CLOSED pgs=67 cs=0 l=1 rev1=1 crypto rx=0 tx=0 comp rx=0 tx=0).stop
2024-05-09T06:28:56.875 INFO:teuthology.orchestra.run.smithi063.stdout:/usr/bin/ceph: stderr
2024-05-09T06:28:55.323+0000 7f0df2a69700 1 -- 172.21.15.63:0/1435343109 >> 172.21.15.63:0/1435343109 conn(0x7f0dec100ad0 msgr2=0x7f0dec102ef0 unknown :-1 s=STATE_NONE l=0).mark_down
2024-05-09T06:28:56.875 INFO:teuthology.orchestra.run.smithi063.stdout:/usr/bin/ceph: stderr
2024-05-09T06:28:55.323+0000 7f0df2a69700 1 -- 172.21.15.63:0/1435343109 shutdown_connections
2024-05-09T06:28:56.875 INFO:teuthology.orchestra.run.smithi063.stdout:/usr/bin/ceph: stderr
2024-05-09T06:28:55.323+0000 7f0df2a69700 1 -- 172.21.15.63:0/1435343109 wait complete.
2024-05-09T06:28:56.875 INFO:teuthology.orchestra.run.smithi063.stdout:/usr/bin/ceph: stderr
2024-05-09T06:28:55.324+0000 7f0df2a69700 1 Processor -- start
2024-05-09T06:28:56.876 INFO:teuthology.orchestra.run.smithi063.stdout:/usr/bin/ceph: stderr
2024-05-09T06:28:55.324+0000 7f0df2a69700 1 -- start start
2024-05-09T06:28:56.876 INFO:teuthology.orchestra.run.smithi063.stdout:/usr/bin/ceph: stderr
2024-05-09T06:28:55.324+0000 7f0df2a69700 1 --2- >> [v2:172.21.15.63:3300/0,v1:172.21.15.63:6789/0] conn(0x7f0dec1054f0 0x7f0dec19a3c0 unknown :-1 s=NONE pgs=0 cs=0 l=1 rev1=0 crypto rx=0 tx=0 comp rx=0 tx=0).connect
2024-05-09T06:28:56.876 INFO:teuthology.orchestra.run.smithi063.stdout:/usr/bin/ceph: stderr
2024-05-09T06:28:55.324+0000 7f0df2a69700 1 -- --> [v2:172.21.15.63:3300/0,v1:172.21.15.63:6789/0] -- mon_getmap magic: 0 v1 -- 0x7f0dec19a900 con 0x7f0dec1054f0
2024-05-09T06:28:56.876 INFO:teuthology.orchestra.run.smithi063.stdout:/usr/bin/ceph: stderr
2024-05-09T06:28:55.324+0000 7f0df0805700 1 --2- >> [v2:172.21.15.63:3300/0,v1:172.21.15.63:6789/0] conn(0x7f0dec1054f0 0x7f0dec19a3c0 unknown :-1 s=BANNER_CONNECTING pgs=0 cs=0 l=1 rev1=0 crypto rx=0 tx=0 comp rx=0 tx=0)._handle_peer_banner_payload supported=3 required=0
2024-05-09T06:28:56.876 INFO:teuthology.orchestra.run.smithi063.stdout:/usr/bin/ceph: stderr
2024-05-09T06:28:55.324+0000 7f0df0805700 1 --2- >> [v2:172.21.15.63:3300/0,v1:172.21.15.63:6789/0] conn(0x7f0dec1054f0 0x7f0dec19a3c0 unknown :-1 s=HELLO_CONNECTING pgs=0 cs=0 l=1 rev1=1 crypto rx=0 tx=0 comp rx=0 tx=0).handle_hello peer v2:172.21.15.63:3300/0 says I am v2:172.21.15.63:50870/0 (socket says 172.21.15.63:50870)
2024-05-09T06:28:56.876 INFO:teuthology.orchestra.run.smithi063.stdout:/usr/bin/ceph: stderr
2024-05-09T06:28:55.324+0000 7f0df0805700 1 -- 172.21.15.63:0/1675708292 learned_addr learned my addr 172.21.15.63:0/1675708292 (peer_addr_for_me v2:172.21.15.63:0/0)
2024-05-09T06:28:56.876 INFO:teuthology.orchestra.run.smithi063.stdout:/usr/bin/ceph: stderr
2024-05-09T06:28:55.324+0000 7f0df0805700 1 -- 172.21.15.63:0/1675708292 --> [v2:172.21.15.63:3300/0,v1:172.21.15.63:6789/0] -- mon_subscribe({config=0+,monmap=0+}) v3 -- 0x7f0ddc009550 con 0x7f0dec1054f0
2024-05-09T06:28:56.877 INFO:teuthology.orchestra.run.smithi063.stdout:/usr/bin/ceph: stderr
2024-05-09T06:28:55.324+0000 7f0df0805700 1 --2- 172.21.15.63:0/1675708292 >> [v2:172.21.15.63:3300/0,v1:172.21.15.63:6789/0] conn(0x7f0dec1054f0 0x7f0dec19a3c0 secure :-1 s=READY pgs=68 cs=0 l=1 rev1=1 crypto rx=0x7f0ddc0117b0 tx=0x7f0ddc011890 comp rx=0 tx=0).ready entity=mon.0 client_cookie=0 server_cookie=0 in_seq=0 out_seq=0
2024-05-09T06:28:56.877 INFO:teuthology.orchestra.run.smithi063.stdout:/usr/bin/ceph: stderr
2024-05-09T06:28:55.324+0000 7f0de1ffb700 1 -- 172.21.15.63:0/1675708292 <== mon.0 v2:172.21.15.63:3300/0 1 ==== mon_map magic: 0 v1 ==== 229+0+0 (secure 0 0 0) 0x7f0ddc0038b0 con 0x7f0dec1054f0
2024-05-09T06:28:56.877 INFO:teuthology.orchestra.run.smithi063.stdout:/usr/bin/ceph: stderr
2024-05-09T06:28:55.325+0000 7f0de1ffb700 1 -- 172.21.15.63:0/1675708292 <== mon.0 v2:172.21.15.63:3300/0 2 ==== config(27 keys) v1 ==== 1109+0+0 (secure 0 0 0) 0x7f0ddc003a10 con 0x7f0dec1054f0
2024-05-09T06:28:56.877 INFO:teuthology.orchestra.run.smithi063.stdout:/usr/bin/ceph: stderr
2024-05-09T06:28:55.325+0000 7f0df2a69700 1 -- 172.21.15.63:0/1675708292 --> [v2:172.21.15.63:3300/0,v1:172.21.15.63:6789/0] -- mon_subscribe({mgrmap=0+}) v3 -- 0x7f0dec19ab00 con 0x7f0dec1054f0
2024-05-09T06:28:56.877 INFO:teuthology.orchestra.run.smithi063.stdout:/usr/bin/ceph: stderr
2024-05-09T06:28:55.325+0000 7f0de1ffb700 1 -- 172.21.15.63:0/1675708292 <== mon.0 v2:172.21.15.63:3300/0 3 ==== mon_map magic: 0 v1 ==== 229+0+0 (secure 0 0 0) 0x7f0ddc0246e0 con 0x7f0dec1054f0
2024-05-09T06:28:56.877 INFO:teuthology.orchestra.run.smithi063.stdout:/usr/bin/ceph: stderr
2024-05-09T06:28:55.325+0000 7f0df2a69700 1 -- 172.21.15.63:0/1675708292 --> [v2:172.21.15.63:3300/0,v1:172.21.15.63:6789/0] -- mon_subscribe({osdmap=0}) v3 -- 0x7f0dec19afa0 con 0x7f0dec1054f0
2024-05-09T06:28:56.878 INFO:teuthology.orchestra.run.smithi063.stdout:/usr/bin/ceph: stderr
2024-05-09T06:28:55.326+0000 7f0de1ffb700 1 -- 172.21.15.63:0/1675708292 <== mon.0 v2:172.21.15.63:3300/0 4 ==== mgrmap(e 8) v1 ==== 45556+0+0 (secure 0 0 0) 0x7f0ddc02d3f0 con 0x7f0dec1054f0
2024-05-09T06:28:56.878 INFO:teuthology.orchestra.run.smithi063.stdout:/usr/bin/ceph: stderr
2024-05-09T06:28:55.326+0000 7f0df2a69700 1 -- 172.21.15.63:0/1675708292 --> [v2:172.21.15.63:3300/0,v1:172.21.15.63:6789/0] -- mon_command({"prefix": "get_command_descriptions"} v 0) v1 -- 0x7f0dec194530 con 0x7f0dec1054f0
2024-05-09T06:28:56.878 INFO:teuthology.orchestra.run.smithi063.stdout:/usr/bin/ceph: stderr
2024-05-09T06:28:55.326+0000 7f0de1ffb700 1 --2- 172.21.15.63:0/1675708292 >> [v2:172.21.15.63:6800/3629307253,v1:172.21.15.63:6801/3629307253] conn(0x7f0dd4038770 0x7f0dd403ac30 unknown :-1 s=NONE pgs=0 cs=0 l=1 rev1=0 crypto rx=0 tx=0 comp rx=0 tx=0).connect
2024-05-09T06:28:56.878 INFO:teuthology.orchestra.run.smithi063.stdout:/usr/bin/ceph: stderr
2024-05-09T06:28:55.326+0000 7f0de1ffb700 1 -- 172.21.15.63:0/1675708292 <== mon.0 v2:172.21.15.63:3300/0 5 ==== osd_map(2..2 src has 1..2) v4 ==== 940+0+0 (secure 0 0 0) 0x7f0ddc04c9d0 con 0x7f0dec1054f0
2024-05-09T06:28:56.878 INFO:teuthology.orchestra.run.smithi063.stdout:/usr/bin/ceph: stderr
2024-05-09T06:28:55.326+0000 7f0de3fff700 1 --2- 172.21.15.63:0/1675708292 >> [v2:172.21.15.63:6800/3629307253,v1:172.21.15.63:6801/3629307253] conn(0x7f0dd4038770 0x7f0dd403ac30 unknown :-1 s=BANNER_CONNECTING pgs=0 cs=0 l=1 rev1=0 crypto rx=0 tx=0 comp rx=0 tx=0)._handle_peer_banner_payload supported=3 required=0
2024-05-09T06:28:56.878 INFO:teuthology.orchestra.run.smithi063.stdout:/usr/bin/ceph: stderr
2024-05-09T06:28:55.327+0000 7f0de3fff700 1 --2- 172.21.15.63:0/1675708292 >> [v2:172.21.15.63:6800/3629307253,v1:172.21.15.63:6801/3629307253] conn(0x7f0dd4038770 0x7f0dd403ac30 secure :-1 s=READY pgs=22 cs=0 l=1 rev1=1 crypto rx=0x7f0de8006fd0 tx=0x7f0de8006e40 comp rx=0 tx=0).ready entity=mgr.14120 client_cookie=0 server_cookie=0 in_seq=0 out_seq=0
2024-05-09T06:28:56.879 INFO:teuthology.orchestra.run.smithi063.stdout:/usr/bin/ceph: stderr
2024-05-09T06:28:55.331+0000 7f0de1ffb700 1 -- 172.21.15.63:0/1675708292 <== mon.0 v2:172.21.15.63:3300/0 6 ==== mon_command_ack([{"prefix": "get_command_descriptions"}]=0 v0) v1 ==== 72+0+183351 (secure 0 0 0) 0x7f0ddc018cd0 con 0x7f0dec1054f0
2024-05-09T06:28:56.879 INFO:teuthology.orchestra.run.smithi063.stdout:/usr/bin/ceph: stderr
2024-05-09T06:28:55.593+0000 7f0df2a69700 1 -- 172.21.15.63:0/1675708292 --> [v2:172.21.15.63:3300/0,v1:172.21.15.63:6789/0] -- mon_command({"prefix": "mgr module enable", "module": "dashboard"} v 0) v1 -- 0x7f0dec109920 con 0x7f0dec1054f0
2024-05-09T06:28:56.879 INFO:teuthology.orchestra.run.smithi063.stdout:/usr/bin/ceph: stderr
2024-05-09T06:28:56.270+0000 7f0de1ffb700 1 -- 172.21.15.63:0/1675708292 <== mon.0 v2:172.21.15.63:3300/0 7 ==== mgrmap(e 9) v1 ==== 45569+0+0 (secure 0 0 0) 0x7f0ddc01ab80 con 0x7f0dec1054f0
2024-05-09T06:28:56.879 INFO:teuthology.orchestra.run.smithi063.stdout:/usr/bin/ceph: stderr
2024-05-09T06:28:56.271+0000 7f0de1ffb700 1 -- 172.21.15.63:0/1675708292 <== mon.0 v2:172.21.15.63:3300/0 8 ==== mon_command_ack([{"prefix": "mgr module enable", "module": "dashboard"}]=0 v9) v1 ==== 88+0+0 (secure 0 0 0) 0x7f0ddc02d6a0 con 0x7f0dec1054f0
2024-05-09T06:28:56.879 INFO:teuthology.orchestra.run.smithi063.stdout:/usr/bin/ceph: stderr
2024-05-09T06:28:56.274+0000 7f0df2a69700 1 -- 172.21.15.63:0/1675708292 >> [v2:172.21.15.63:6800/3629307253,v1:172.21.15.63:6801/3629307253] conn(0x7f0dd4038770 msgr2=0x7f0dd403ac30 secure :-1 s=STATE_CONNECTION_ESTABLISHED l=1).mark_down
2024-05-09T06:28:56.880 INFO:teuthology.orchestra.run.smithi063.stdout:/usr/bin/ceph: stderr
2024-05-09T06:28:56.274+0000 7f0df2a69700 1 --2- 172.21.15.63:0/1675708292 >> [v2:172.21.15.63:6800/3629307253,v1:172.21.15.63:6801/3629307253] conn(0x7f0dd4038770 0x7f0dd403ac30 secure :-1 s=READY pgs=22 cs=0 l=1 rev1=1 crypto rx=0x7f0de8006fd0 tx=0x7f0de8006e40 comp rx=0 tx=0).stop
2024-05-09T06:28:56.880 INFO:teuthology.orchestra.run.smithi063.stdout:/usr/bin/ceph: stderr
2024-05-09T06:28:56.274+0000 7f0df2a69700 1 -- 172.21.15.63:0/1675708292 >> [v2:172.21.15.63:3300/0,v1:172.21.15.63:6789/0] conn(0x7f0dec1054f0 msgr2=0x7f0dec19a3c0 secure :-1 s=STATE_CONNECTION_ESTABLISHED l=1).mark_down
2024-05-09T06:28:56.880 INFO:teuthology.orchestra.run.smithi063.stdout:/usr/bin/ceph: stderr
2024-05-09T06:28:56.274+0000 7f0df2a69700 1 --2- 172.21.15.63:0/1675708292 >> [v2:172.21.15.63:3300/0,v1:172.21.15.63:6789/0] conn(0x7f0dec1054f0 0x7f0dec19a3c0 secure :-1 s=READY pgs=68 cs=0 l=1 rev1=1 crypto rx=0x7f0ddc0117b0 tx=0x7f0ddc011890 comp rx=0 tx=0).stop
2024-05-09T06:28:56.880 INFO:teuthology.orchestra.run.smithi063.stdout:/usr/bin/ceph: stderr
2024-05-09T06:28:56.274+0000 7f0df2a69700 1 -- 172.21.15.63:0/1675708292 shutdown_connections
2024-05-09T06:28:56.880 INFO:teuthology.orchestra.run.smithi063.stdout:/usr/bin/ceph: stderr
2024-05-09T06:28:56.274+0000 7f0df2a69700 1 --2- 172.21.15.63:0/1675708292 >> [v2:172.21.15.63:6800/3629307253,v1:172.21.15.63:6801/3629307253] conn(0x7f0dd4038770 0x7f0dd403ac30 unknown :-1 s=CLOSED pgs=22 cs=0 l=1 rev1=1 crypto rx=0 tx=0 comp rx=0 tx=0).stop
2024-05-09T06:28:56.881 INFO:teuthology.orchestra.run.smithi063.stdout:/usr/bin/ceph: stderr
2024-05-09T06:28:56.274+0000 7f0df2a69700 1 --2- 172.21.15.63:0/1675708292 >> [v2:172.21.15.63:3300/0,v1:172.21.15.63:6789/0] conn(0x7f0dec1054f0 0x7f0dec19a3c0 unknown :-1 s=CLOSED pgs=68 cs=0 l=1 rev1=1 crypto rx=0 tx=0 comp rx=0 tx=0).stop
2024-05-09T06:28:56.881 INFO:teuthology.orchestra.run.smithi063.stdout:/usr/bin/ceph: stderr
2024-05-09T06:28:56.274+0000 7f0df2a69700 1 -- 172.21.15.63:0/1675708292 >> 172.21.15.63:0/1675708292 conn(0x7f0dec100ad0 msgr2=0x7f0dec101a20 unknown :-1 s=STATE_NONE l=0).mark_down
2024-05-09T06:28:56.881 INFO:teuthology.orchestra.run.smithi063.stdout:/usr/bin/ceph: stderr
2024-05-09T06:28:56.274+0000 7f0df2a69700 1 -- 172.21.15.63:0/1675708292 shutdown_connections
2024-05-09T06:28:56.881 INFO:teuthology.orchestra.run.smithi063.stdout:/usr/bin/ceph: stderr
2024-05-09T06:28:56.274+0000 7f0df2a69700 1 -- 172.21.15.63:0/1675708292 wait complete.
2024-05-09T06:28:57.516 INFO:journalctl@ceph.mon.smithi063.smithi063.stdout:May 09 06:28:57 smithi063 ceph-mon[27171]: from='client.? 172.21.15.63:0/1675708292' entity='client.admin' cmd='[{"prefix": "mgr module enable", "module": "dashboard"}]': finished
2024-05-09T06:28:57.517 INFO:journalctl@ceph.mon.smithi063.smithi063.stdout:May 09 06:28:57 smithi063 ceph-mon[27171]: mgrmap e9: smithi063.egfguy(active, since 26s)
2024-05-09T06:28:58.175 INFO:teuthology.orchestra.run.smithi063.stdout:/usr/bin/ceph: stdout {
2024-05-09T06:28:58.175 INFO:teuthology.orchestra.run.smithi063.stdout:/usr/bin/ceph: stdout "epoch": 9,
2024-05-09T06:28:58.175 INFO:teuthology.orchestra.run.smithi063.stdout:/usr/bin/ceph: stdout "available": true,
2024-05-09T06:28:58.175 INFO:teuthology.orchestra.run.smithi063.stdout:/usr/bin/ceph: stdout "active_name": "smithi063.egfguy",
2024-05-09T06:28:58.175 INFO:teuthology.orchestra.run.smithi063.stdout:/usr/bin/ceph: stdout "num_standby": 0
2024-05-09T06:28:58.175 INFO:teuthology.orchestra.run.smithi063.stdout:/usr/bin/ceph: stdout }
2024-05-09T06:28:58.175 INFO:teuthology.orchestra.run.smithi063.stdout:/usr/bin/ceph: stderr
2024-05-09T06:28:57.328+0000 7f79a452c700 1 Processor -- start
2024-05-09T06:28:58.175 INFO:teuthology.orchestra.run.smithi063.stdout:/usr/bin/ceph: stderr
2024-05-09T06:28:57.328+0000 7f79a452c700 1 -- start start
2024-05-09T06:28:58.175 INFO:teuthology.orchestra.run.smithi063.stdout:/usr/bin/ceph: stderr
2024-05-09T06:28:57.328+0000 7f79a452c700 1 --2- >> [v2:172.21.15.63:3300/0,v1:172.21.15.63:6789/0] conn(0x7f799c1070e0 0x7f799c1094d0 unknown :-1 s=NONE pgs=0 cs=0 l=0 rev1=0 crypto rx=0 tx=0 comp rx=0 tx=0).connect
2024-05-09T06:28:58.175 INFO:teuthology.orchestra.run.smithi063.stdout:/usr/bin/ceph: stderr
2024-05-09T06:28:57.328+0000 7f79a452c700 1 -- --> [v2:172.21.15.63:3300/0,v1:172.21.15.63:6789/0] -- mon_getmap magic: 0 v1 -- 0x7f799c0748c0 con 0x7f799c1070e0
2024-05-09T06:28:58.175 INFO:teuthology.orchestra.run.smithi063.stdout:/usr/bin/ceph: stderr
2024-05-09T06:28:57.329+0000 7f79a22c8700 1 --2- >> [v2:172.21.15.63:3300/0,v1:172.21.15.63:6789/0] conn(0x7f799c1070e0 0x7f799c1094d0 unknown :-1 s=BANNER_CONNECTING pgs=0 cs=0 l=0 rev1=0 crypto rx=0 tx=0 comp rx=0 tx=0)._handle_peer_banner_payload supported=3 required=0
2024-05-09T06:28:58.175 INFO:teuthology.orchestra.run.smithi063.stdout:/usr/bin/ceph: stderr
2024-05-09T06:28:57.329+0000 7f79a22c8700 1 --2- >> [v2:172.21.15.63:3300/0,v1:172.21.15.63:6789/0] conn(0x7f799c1070e0 0x7f799c1094d0 unknown :-1 s=HELLO_CONNECTING pgs=0 cs=0 l=0 rev1=1 crypto rx=0 tx=0 comp rx=0 tx=0).handle_hello peer v2:172.21.15.63:3300/0 says I am v2:172.21.15.63:50890/0 (socket says 172.21.15.63:50890)
2024-05-09T06:28:58.176 INFO:teuthology.orchestra.run.smithi063.stdout:/usr/bin/ceph: stderr
2024-05-09T06:28:57.329+0000 7f79a22c8700 1 -- 172.21.15.63:0/3137385075 learned_addr learned my addr 172.21.15.63:0/3137385075 (peer_addr_for_me v2:172.21.15.63:0/0)
2024-05-09T06:28:58.176 INFO:teuthology.orchestra.run.smithi063.stdout:/usr/bin/ceph: stderr
2024-05-09T06:28:57.329+0000 7f79a22c8700 1 -- 172.21.15.63:0/3137385075 --> [v2:172.21.15.63:3300/0,v1:172.21.15.63:6789/0] -- mon_subscribe({config=0+,monmap=0+}) v3 -- 0x7f799c109a10 con 0x7f799c1070e0
2024-05-09T06:28:58.176 INFO:teuthology.orchestra.run.smithi063.stdout:/usr/bin/ceph: stderr
2024-05-09T06:28:57.329+0000 7f79a22c8700 1 --2- 172.21.15.63:0/3137385075 >> [v2:172.21.15.63:3300/0,v1:172.21.15.63:6789/0] conn(0x7f799c1070e0 0x7f799c1094d0 secure :-1 s=READY pgs=71 cs=0 l=1 rev1=1 crypto rx=0x7f7998009e80 tx=0x7f799800b330 comp rx=0 tx=0).ready entity=mon.0 client_cookie=52a15548f1485d75 server_cookie=0 in_seq=0 out_seq=0
2024-05-09T06:28:58.176 INFO:teuthology.orchestra.run.smithi063.stdout:/usr/bin/ceph: stderr
2024-05-09T06:28:57.329+0000 7f79a12c6700 1 -- 172.21.15.63:0/3137385075 <== mon.0 v2:172.21.15.63:3300/0 1 ==== mon_map magic: 0 v1 ==== 229+0+0 (secure 0 0 0) 0x7f799800e070 con 0x7f799c1070e0
2024-05-09T06:28:58.176 INFO:teuthology.orchestra.run.smithi063.stdout:/usr/bin/ceph: stderr
2024-05-09T06:28:57.329+0000 7f79a12c6700 1 -- 172.21.15.63:0/3137385075 <== mon.0 v2:172.21.15.63:3300/0 2 ==== config(27 keys) v1 ==== 1109+0+0 (secure 0 0 0) 0x7f799800b8c0 con 0x7f799c1070e0
2024-05-09T06:28:58.176 INFO:teuthology.orchestra.run.smithi063.stdout:/usr/bin/ceph: stderr
2024-05-09T06:28:57.329+0000 7f79a12c6700 1 -- 172.21.15.63:0/3137385075 <== mon.0 v2:172.21.15.63:3300/0 3 ==== mon_map magic: 0 v1 ==== 229+0+0 (secure 0 0 0) 0x7f79980044d0 con 0x7f799c1070e0
2024-05-09T06:28:58.176 INFO:teuthology.orchestra.run.smithi063.stdout:/usr/bin/ceph: stderr
2024-05-09T06:28:57.330+0000 7f79a452c700 1 -- 172.21.15.63:0/3137385075 >> [v2:172.21.15.63:3300/0,v1:172.21.15.63:6789/0] conn(0x7f799c1070e0 msgr2=0x7f799c1094d0 secure :-1 s=STATE_CONNECTION_ESTABLISHED l=1).mark_down
2024-05-09T06:28:58.176 INFO:teuthology.orchestra.run.smithi063.stdout:/usr/bin/ceph: stderr
2024-05-09T06:28:57.330+0000 7f79a452c700 1 --2- 172.21.15.63:0/3137385075 >> [v2:172.21.15.63:3300/0,v1:172.21.15.63:6789/0] conn(0x7f799c1070e0 0x7f799c1094d0 secure :-1 s=READY pgs=71 cs=0 l=1 rev1=1 crypto rx=0x7f7998009e80 tx=0x7f799800b330 comp rx=0 tx=0).stop
2024-05-09T06:28:58.176 INFO:teuthology.orchestra.run.smithi063.stdout:/usr/bin/ceph: stderr
2024-05-09T06:28:57.330+0000 7f79a452c700 1 -- 172.21.15.63:0/3137385075 shutdown_connections
2024-05-09T06:28:58.176 INFO:teuthology.orchestra.run.smithi063.stdout:/usr/bin/ceph: stderr
2024-05-09T06:28:57.330+0000 7f79a452c700 1 --2- 172.21.15.63:0/3137385075 >> [v2:172.21.15.63:3300/0,v1:172.21.15.63:6789/0] conn(0x7f799c1070e0 0x7f799c1094d0 unknown :-1 s=CLOSED pgs=71 cs=0 l=1 rev1=1 crypto rx=0 tx=0 comp rx=0 tx=0).stop
2024-05-09T06:28:58.176 INFO:teuthology.orchestra.run.smithi063.stdout:/usr/bin/ceph: stderr
2024-05-09T06:28:57.330+0000 7f79a452c700 1 -- 172.21.15.63:0/3137385075 >> 172.21.15.63:0/3137385075 conn(0x7f799c100a90 msgr2=0x7f799c102f10 unknown :-1 s=STATE_NONE l=0).mark_down
2024-05-09T06:28:58.176 INFO:teuthology.orchestra.run.smithi063.stdout:/usr/bin/ceph: stderr
2024-05-09T06:28:57.330+0000 7f79a452c700 1 -- 172.21.15.63:0/3137385075 shutdown_connections
2024-05-09T06:28:58.176 INFO:teuthology.orchestra.run.smithi063.stdout:/usr/bin/ceph: stderr
2024-05-09T06:28:57.330+0000 7f79a452c700 1 -- 172.21.15.63:0/3137385075 wait complete.
2024-05-09T06:28:58.176 INFO:teuthology.orchestra.run.smithi063.stdout:/usr/bin/ceph: stderr
2024-05-09T06:28:57.331+0000 7f79a452c700 1 Processor -- start
2024-05-09T06:28:58.177 INFO:teuthology.orchestra.run.smithi063.stdout:/usr/bin/ceph: stderr
2024-05-09T06:28:57.331+0000 7f79a452c700 1 -- start start
2024-05-09T06:28:58.177 INFO:teuthology.orchestra.run.smithi063.stdout:/usr/bin/ceph: stderr
2024-05-09T06:28:57.331+0000 7f79a452c700 1 --2- >> [v2:172.21.15.63:3300/0,v1:172.21.15.63:6789/0] conn(0x7f799c1070e0 0x7f799c19a350 unknown :-1 s=NONE pgs=0 cs=0 l=1 rev1=0 crypto rx=0 tx=0 comp rx=0 tx=0).connect
2024-05-09T06:28:58.177 INFO:teuthology.orchestra.run.smithi063.stdout:/usr/bin/ceph: stderr
2024-05-09T06:28:57.331+0000 7f79a452c700 1 -- --> [v2:172.21.15.63:3300/0,v1:172.21.15.63:6789/0] -- mon_getmap magic: 0 v1 -- 0x7f799c19a890 con 0x7f799c1070e0
2024-05-09T06:28:58.177 INFO:teuthology.orchestra.run.smithi063.stdout:/usr/bin/ceph: stderr
2024-05-09T06:28:57.331+0000 7f79a22c8700 1 --2- >> [v2:172.21.15.63:3300/0,v1:172.21.15.63:6789/0] conn(0x7f799c1070e0 0x7f799c19a350 unknown :-1 s=BANNER_CONNECTING pgs=0 cs=0 l=1 rev1=0 crypto rx=0 tx=0 comp rx=0 tx=0)._handle_peer_banner_payload supported=3 required=0
2024-05-09T06:28:58.177 INFO:teuthology.orchestra.run.smithi063.stdout:/usr/bin/ceph: stderr
2024-05-09T06:28:57.331+0000 7f79a22c8700 1 --2- >> [v2:172.21.15.63:3300/0,v1:172.21.15.63:6789/0] conn(0x7f799c1070e0 0x7f799c19a350 unknown :-1 s=HELLO_CONNECTING pgs=0 cs=0 l=1 rev1=1 crypto rx=0 tx=0 comp rx=0 tx=0).handle_hello peer v2:172.21.15.63:3300/0 says I am v2:172.21.15.63:50902/0 (socket says 172.21.15.63:50902)
2024-05-09T06:28:58.177 INFO:teuthology.orchestra.run.smithi063.stdout:/usr/bin/ceph: stderr
2024-05-09T06:28:57.331+0000 7f79a22c8700 1 -- 172.21.15.63:0/286914438 learned_addr learned my addr 172.21.15.63:0/286914438 (peer_addr_for_me v2:172.21.15.63:0/0)
2024-05-09T06:28:58.177 INFO:teuthology.orchestra.run.smithi063.stdout:/usr/bin/ceph: stderr
2024-05-09T06:28:57.332+0000 7f79a22c8700 1 -- 172.21.15.63:0/286914438 --> [v2:172.21.15.63:3300/0,v1:172.21.15.63:6789/0] -- mon_subscribe({config=0+,monmap=0+}) v3 -- 0x7f7998009b30 con 0x7f799c1070e0
2024-05-09T06:28:58.177 INFO:teuthology.orchestra.run.smithi063.stdout:/usr/bin/ceph: stderr
2024-05-09T06:28:57.332+0000 7f79a22c8700 1 --2- 172.21.15.63:0/286914438 >> [v2:172.21.15.63:3300/0,v1:172.21.15.63:6789/0] conn(0x7f799c1070e0 0x7f799c19a350 secure :-1 s=READY pgs=72 cs=0 l=1 rev1=1 crypto rx=0x7f79980072a0 tx=0x7f799800be00 comp rx=0 tx=0).ready entity=mon.0 client_cookie=0 server_cookie=0 in_seq=0 out_seq=0
2024-05-09T06:28:58.177 INFO:teuthology.orchestra.run.smithi063.stdout:/usr/bin/ceph: stderr
2024-05-09T06:28:57.332+0000 7f798f7fe700 1 -- 172.21.15.63:0/286914438 <== mon.0 v2:172.21.15.63:3300/0 1 ==== mon_map magic: 0 v1 ==== 229+0+0 (secure 0 0 0) 0x7f799800e040 con 0x7f799c1070e0
2024-05-09T06:28:58.177 INFO:teuthology.orchestra.run.smithi063.stdout:/usr/bin/ceph: stderr
2024-05-09T06:28:57.332+0000 7f798f7fe700 1 -- 172.21.15.63:0/286914438 <== mon.0 v2:172.21.15.63:3300/0 2 ==== config(27 keys) v1 ==== 1109+0+0 (secure 0 0 0) 0x7f7998003dc0 con 0x7f799c1070e0
2024-05-09T06:28:58.177 INFO:teuthology.orchestra.run.smithi063.stdout:/usr/bin/ceph: stderr
2024-05-09T06:28:57.332+0000 7f79a452c700 1 -- 172.21.15.63:0/286914438 --> [v2:172.21.15.63:3300/0,v1:172.21.15.63:6789/0] -- mon_subscribe({mgrmap=0+}) v3 -- 0x7f799c19aa90 con 0x7f799c1070e0
2024-05-09T06:28:58.177 INFO:teuthology.orchestra.run.smithi063.stdout:/usr/bin/ceph: stderr
2024-05-09T06:28:57.332+0000 7f798f7fe700 1 -- 172.21.15.63:0/286914438 <== mon.0 v2:172.21.15.63:3300/0 3 ==== mon_map magic: 0 v1 ==== 229+0+0 (secure 0 0 0) 0x7f7998012750 con 0x7f799c1070e0
2024-05-09T06:28:58.177 INFO:teuthology.orchestra.run.smithi063.stdout:/usr/bin/ceph: stderr
2024-05-09T06:28:57.332+0000 7f79a452c700 1 -- 172.21.15.63:0/286914438 --> [v2:172.21.15.63:3300/0,v1:172.21.15.63:6789/0] -- mon_subscribe({osdmap=0}) v3 -- 0x7f799c19af90 con 0x7f799c1070e0
2024-05-09T06:28:58.177 INFO:teuthology.orchestra.run.smithi063.stdout:/usr/bin/ceph: stderr
2024-05-09T06:28:57.333+0000 7f79a452c700 1 -- 172.21.15.63:0/286914438 --> [v2:172.21.15.63:3300/0,v1:172.21.15.63:6789/0] -- mon_command({"prefix": "get_command_descriptions"} v 0) v1 -- 0x7f799c10a7a0 con 0x7f799c1070e0
2024-05-09T06:28:58.178 INFO:teuthology.orchestra.run.smithi063.stdout:/usr/bin/ceph: stderr
2024-05-09T06:28:57.333+0000 7f798f7fe700 1 -- 172.21.15.63:0/286914438 <== mon.0 v2:172.21.15.63:3300/0 4 ==== mgrmap(e 9) v1 ==== 45569+0+0 (secure 0 0 0) 0x7f7998019040 con 0x7f799c1070e0
2024-05-09T06:28:58.178 INFO:teuthology.orchestra.run.smithi063.stdout:/usr/bin/ceph: stderr
2024-05-09T06:28:57.334+0000 7f798f7fe700 1 --2- 172.21.15.63:0/286914438 >> [v2:172.21.15.63:6800/3629307253,v1:172.21.15.63:6801/3629307253] conn(0x7f79880387c0 0x7f798803ac80 unknown :-1 s=NONE pgs=0 cs=0 l=1 rev1=0 crypto rx=0 tx=0 comp rx=0 tx=0).connect
2024-05-09T06:28:58.178 INFO:teuthology.orchestra.run.smithi063.stdout:/usr/bin/ceph: stderr
2024-05-09T06:28:57.334+0000 7f798f7fe700 1 -- 172.21.15.63:0/286914438 <== mon.0 v2:172.21.15.63:3300/0 5 ==== osd_map(2..2 src has 1..2) v4 ==== 940+0+0 (secure 0 0 0) 0x7f799804c110 con 0x7f799c1070e0
2024-05-09T06:28:58.178 INFO:teuthology.orchestra.run.smithi063.stdout:/usr/bin/ceph: stderr
2024-05-09T06:28:57.334+0000 7f79a1ac7700 1 -- 172.21.15.63:0/286914438 >> [v2:172.21.15.63:6800/3629307253,v1:172.21.15.63:6801/3629307253] conn(0x7f79880387c0 msgr2=0x7f798803ac80 unknown :-1 s=STATE_CONNECTING_RE l=1).process reconnect failed to v2:172.21.15.63:6800/3629307253
2024-05-09T06:28:58.178 INFO:teuthology.orchestra.run.smithi063.stdout:/usr/bin/ceph: stderr
2024-05-09T06:28:57.334+0000 7f79a1ac7700 1 --2- 172.21.15.63:0/286914438 >> [v2:172.21.15.63:6800/3629307253,v1:172.21.15.63:6801/3629307253] conn(0x7f79880387c0 0x7f798803ac80 unknown :-1 s=START_CONNECT pgs=0 cs=0 l=1 rev1=0 crypto rx=0 tx=0 comp rx=0 tx=0)._fault waiting 0.200000
2024-05-09T06:28:58.178 INFO:teuthology.orchestra.run.smithi063.stdout:/usr/bin/ceph: stderr
2024-05-09T06:28:57.339+0000 7f798f7fe700 1 -- 172.21.15.63:0/286914438 <== mon.0 v2:172.21.15.63:3300/0 6 ==== mon_command_ack([{"prefix": "get_command_descriptions"}]=0 v0) v1 ==== 72+0+183351 (secure 0 0 0) 0x7f799801a570 con 0x7f799c1070e0
2024-05-09T06:28:58.178 INFO:teuthology.orchestra.run.smithi063.stdout:/usr/bin/ceph: stderr
2024-05-09T06:28:57.535+0000 7f79a1ac7700 1 -- 172.21.15.63:0/286914438 >> [v2:172.21.15.63:6800/3629307253,v1:172.21.15.63:6801/3629307253] conn(0x7f79880387c0 msgr2=0x7f798803ac80 unknown :-1 s=STATE_CONNECTING_RE l=1).process reconnect failed to v2:172.21.15.63:6800/3629307253
2024-05-09T06:28:58.178 INFO:teuthology.orchestra.run.smithi063.stdout:/usr/bin/ceph: stderr
2024-05-09T06:28:57.535+0000 7f79a1ac7700 1 --2- 172.21.15.63:0/286914438 >> [v2:172.21.15.63:6800/3629307253,v1:172.21.15.63:6801/3629307253] conn(0x7f79880387c0 0x7f798803ac80 unknown :-1 s=START_CONNECT pgs=0 cs=0 l=1 rev1=0 crypto rx=0 tx=0 comp rx=0 tx=0)._fault waiting 0.400000
2024-05-09T06:28:58.178 INFO:teuthology.orchestra.run.smithi063.stdout:/usr/bin/ceph: stderr
2024-05-09T06:28:57.613+0000 7f79a452c700 1 -- 172.21.15.63:0/286914438 --> [v2:172.21.15.63:3300/0,v1:172.21.15.63:6789/0] -- mon_command({"prefix": "mgr stat"} v 0) v1 -- 0x7f799c19dba0 con 0x7f799c1070e0
2024-05-09T06:28:58.178 INFO:teuthology.orchestra.run.smithi063.stdout:/usr/bin/ceph: stderr
2024-05-09T06:28:57.615+0000 7f798f7fe700 1 -- 172.21.15.63:0/286914438 <== mon.0 v2:172.21.15.63:3300/0 7 ==== mon_command_ack([{"prefix": "mgr stat"}]=0 v9) v1 ==== 56+0+103 (secure 0 0 0) 0x7f799801f020 con 0x7f799c1070e0
2024-05-09T06:28:58.178 INFO:teuthology.orchestra.run.smithi063.stdout:/usr/bin/ceph: stderr
2024-05-09T06:28:57.620+0000 7f79a452c700 1 -- 172.21.15.63:0/286914438 >> [v2:172.21.15.63:6800/3629307253,v1:172.21.15.63:6801/3629307253] conn(0x7f79880387c0 msgr2=0x7f798803ac80 unknown :-1 s=STATE_CONNECTING l=1).mark_down
2024-05-09T06:28:58.178 INFO:teuthology.orchestra.run.smithi063.stdout:/usr/bin/ceph: stderr
2024-05-09T06:28:57.620+0000 7f79a452c700 1 --2- 172.21.15.63:0/286914438 >> [v2:172.21.15.63:6800/3629307253,v1:172.21.15.63:6801/3629307253] conn(0x7f79880387c0 0x7f798803ac80 unknown :-1 s=START_CONNECT pgs=0 cs=0 l=1 rev1=0 crypto rx=0 tx=0 comp rx=0 tx=0).stop
2024-05-09T06:28:58.178 INFO:teuthology.orchestra.run.smithi063.stdout:/usr/bin/ceph: stderr
2024-05-09T06:28:57.620+0000 7f79a452c700 1 -- 172.21.15.63:0/286914438 >> [v2:172.21.15.63:3300/0,v1:172.21.15.63:6789/0] conn(0x7f799c1070e0 msgr2=0x7f799c19a350 secure :-1 s=STATE_CONNECTION_ESTABLISHED l=1).mark_down
2024-05-09T06:28:58.179 INFO:teuthology.orchestra.run.smithi063.stdout:/usr/bin/ceph: stderr
2024-05-09T06:28:57.620+0000 7f79a452c700 1 --2- 172.21.15.63:0/286914438 >> [v2:172.21.15.63:3300/0,v1:172.21.15.63:6789/0] conn(0x7f799c1070e0 0x7f799c19a350 secure :-1 s=READY pgs=72 cs=0 l=1 rev1=1 crypto rx=0x7f79980072a0 tx=0x7f799800be00 comp rx=0 tx=0).stop
2024-05-09T06:28:58.179 INFO:teuthology.orchestra.run.smithi063.stdout:/usr/bin/ceph: stderr
2024-05-09T06:28:57.620+0000 7f79a452c700 1 -- 172.21.15.63:0/286914438 shutdown_connections
2024-05-09T06:28:58.179 INFO:teuthology.orchestra.run.smithi063.stdout:/usr/bin/ceph: stderr
2024-05-09T06:28:57.620+0000 7f79a452c700 1 --2- 172.21.15.63:0/286914438 >> [v2:172.21.15.63:6800/3629307253,v1:172.21.15.63:6801/3629307253] conn(0x7f79880387c0 0x7f798803ac80 unknown :-1 s=CLOSED pgs=0 cs=0 l=1 rev1=0 crypto rx=0 tx=0 comp rx=0 tx=0).stop
2024-05-09T06:28:58.179 INFO:teuthology.orchestra.run.smithi063.stdout:/usr/bin/ceph: stderr
2024-05-09T06:28:57.620+0000 7f79a452c700 1 --2- 172.21.15.63:0/286914438 >> [v2:172.21.15.63:3300/0,v1:172.21.15.63:6789/0] conn(0x7f799c1070e0 0x7f799c19a350 secure :-1 s=CLOSED pgs=72 cs=0 l=1 rev1=1 crypto rx=0x7f79980072a0 tx=0x7f799800be00 comp rx=0 tx=0).stop
2024-05-09T06:28:58.179 INFO:teuthology.orchestra.run.smithi063.stdout:/usr/bin/ceph: stderr
2024-05-09T06:28:57.620+0000 7f79a452c700 1 -- 172.21.15.63:0/286914438 >> 172.21.15.63:0/286914438 conn(0x7f799c100a90 msgr2=0x7f799c1015f0 unknown :-1 s=STATE_NONE l=0).mark_down
2024-05-09T06:28:58.179 INFO:teuthology.orchestra.run.smithi063.stdout:/usr/bin/ceph: stderr
2024-05-09T06:28:57.621+0000 7f79a452c700 1 -- 172.21.15.63:0/286914438 shutdown_connections
2024-05-09T06:28:58.179 INFO:teuthology.orchestra.run.smithi063.stdout:/usr/bin/ceph: stderr
2024-05-09T06:28:57.622+0000 7f79a452c700 1 -- 172.21.15.63:0/286914438 wait complete.
2024-05-09T06:28:58.179 INFO:teuthology.orchestra.run.smithi063.stdout:Waiting for the mgr to restart...
2024-05-09T06:28:58.179 INFO:teuthology.orchestra.run.smithi063.stdout:Waiting for mgr epoch 9...
2024-05-09T06:28:58.294 INFO:journalctl@ceph.mon.smithi063.smithi063.stdout:May 09 06:28:58 smithi063 ceph-mon[27171]: from='client.? 172.21.15.63:0/286914438' entity='client.admin' cmd=[{"prefix": "mgr stat"}]: dispatch
2024-05-09T06:29:03.857 INFO:journalctl@ceph.mon.smithi063.smithi063.stdout:May 09 06:29:03 smithi063 ceph-mon[27171]: Active manager daemon smithi063.egfguy restarted
2024-05-09T06:29:03.857 INFO:journalctl@ceph.mon.smithi063.smithi063.stdout:May 09 06:29:03 smithi063 ceph-mon[27171]: Activating manager daemon smithi063.egfguy
2024-05-09T06:29:03.857 INFO:journalctl@ceph.mon.smithi063.smithi063.stdout:May 09 06:29:03 smithi063 ceph-mon[27171]: osdmap e3: 0 total, 0 up, 0 in
2024-05-09T06:29:03.857 INFO:journalctl@ceph.mon.smithi063.smithi063.stdout:May 09 06:29:03 smithi063 ceph-mon[27171]: mgrmap e10: smithi063.egfguy(active, starting, since 0.00565816s)
2024-05-09T06:29:03.857 INFO:journalctl@ceph.mon.smithi063.smithi063.stdout:May 09 06:29:03 smithi063 ceph-mon[27171]: from='mgr.14164 172.21.15.63:0/1493552534' entity='mgr.smithi063.egfguy' cmd=[{"prefix": "mon metadata", "id": "smithi063"}]: dispatch
2024-05-09T06:29:03.857 INFO:journalctl@ceph.mon.smithi063.smithi063.stdout:May 09 06:29:03 smithi063 ceph-mon[27171]: from='mgr.14164 172.21.15.63:0/1493552534' entity='mgr.smithi063.egfguy' cmd=[{"prefix": "mgr metadata", "who": "smithi063.egfguy", "id": "smithi063.egfguy"}]: dispatch
2024-05-09T06:29:03.857 INFO:journalctl@ceph.mon.smithi063.smithi063.stdout:May 09 06:29:03 smithi063 ceph-mon[27171]: from='mgr.14164 172.21.15.63:0/1493552534' entity='mgr.smithi063.egfguy' cmd=[{"prefix": "mds metadata"}]: dispatch
2024-05-09T06:29:03.857 INFO:journalctl@ceph.mon.smithi063.smithi063.stdout:May 09 06:29:03 smithi063 ceph-mon[27171]: from='mgr.14164 172.21.15.63:0/1493552534' entity='mgr.smithi063.egfguy' cmd=[{"prefix": "osd metadata"}]: dispatch
2024-05-09T06:29:03.857 INFO:journalctl@ceph.mon.smithi063.smithi063.stdout:May 09 06:29:03 smithi063 ceph-mon[27171]: from='mgr.14164 172.21.15.63:0/1493552534' entity='mgr.smithi063.egfguy' cmd=[{"prefix": "mon metadata"}]: dispatch
2024-05-09T06:29:03.857 INFO:journalctl@ceph.mon.smithi063.smithi063.stdout:May 09 06:29:03 smithi063 ceph-mon[27171]: Manager daemon smithi063.egfguy is now available
2024-05-09T06:29:03.857 INFO:journalctl@ceph.mon.smithi063.smithi063.stdout:May 09 06:29:03 smithi063 ceph-mon[27171]: from='mgr.14164 172.21.15.63:0/1493552534' entity='mgr.smithi063.egfguy' cmd=[{"prefix": "config dump", "format": "json"}]: dispatch
2024-05-09T06:29:03.857 INFO:journalctl@ceph.mon.smithi063.smithi063.stdout:May 09 06:29:03 smithi063 ceph-mon[27171]: from='mgr.14164 172.21.15.63:0/1493552534' entity='mgr.smithi063.egfguy' cmd=[{"prefix":"config rm","who":"mgr","name":"mgr/rbd_support/smithi063.egfguy/mirror_snapshot_schedule"}]: dispatch
2024-05-09T06:29:04.856 INFO:journalctl@ceph.mon.smithi063.smithi063.stdout:May 09 06:29:04 smithi063 ceph-mon[27171]: from='mgr.14164 172.21.15.63:0/1493552534' entity='mgr.smithi063.egfguy' cmd=[{"prefix":"config rm","who":"mgr","name":"mgr/rbd_support/smithi063.egfguy/trash_purge_schedule"}]: dispatch
2024-05-09T06:29:04.857 INFO:journalctl@ceph.mon.smithi063.smithi063.stdout:May 09 06:29:04 smithi063 ceph-mon[27171]: [09/May/2024:06:29:04] ENGINE Bus STARTING
2024-05-09T06:29:04.857 INFO:journalctl@ceph.mon.smithi063.smithi063.stdout:May 09 06:29:04 smithi063 ceph-mon[27171]: mgrmap e11: smithi063.egfguy(active, since 1.00542s)
2024-05-09T06:29:05.136 INFO:teuthology.orchestra.run.smithi063.stdout:/usr/bin/ceph: stdout {
2024-05-09T06:29:05.136 INFO:teuthology.orchestra.run.smithi063.stdout:/usr/bin/ceph: stdout "mgrmap_epoch": 11,
2024-05-09T06:29:05.136 INFO:teuthology.orchestra.run.smithi063.stdout:/usr/bin/ceph: stdout "initialized": true
2024-05-09T06:29:05.136 INFO:teuthology.orchestra.run.smithi063.stdout:/usr/bin/ceph: stdout }
2024-05-09T06:29:05.137 INFO:teuthology.orchestra.run.smithi063.stdout:/usr/bin/ceph: stderr
2024-05-09T06:28:58.675+0000 7f0da4db2700 1 Processor -- start
2024-05-09T06:29:05.137 INFO:teuthology.orchestra.run.smithi063.stdout:/usr/bin/ceph: stderr
2024-05-09T06:28:58.675+0000 7f0da4db2700 1 -- start start
2024-05-09T06:29:05.137 INFO:teuthology.orchestra.run.smithi063.stdout:/usr/bin/ceph: stderr
2024-05-09T06:28:58.676+0000 7f0da4db2700 1 --2- >> [v2:172.21.15.63:3300/0,v1:172.21.15.63:6789/0] conn(0x7f0da0107120 0x7f0da0109510 unknown :-1 s=NONE pgs=0 cs=0 l=0 rev1=0 crypto rx=0 tx=0 comp rx=0 tx=0).connect
2024-05-09T06:29:05.137 INFO:teuthology.orchestra.run.smithi063.stdout:/usr/bin/ceph: stderr
2024-05-09T06:28:58.676+0000 7f0da4db2700 1 -- --> [v2:172.21.15.63:3300/0,v1:172.21.15.63:6789/0] -- mon_getmap magic: 0 v1 -- 0x7f0da0074880 con 0x7f0da0107120
2024-05-09T06:29:05.137 INFO:teuthology.orchestra.run.smithi063.stdout:/usr/bin/ceph: stderr
2024-05-09T06:28:58.676+0000 7f0d9e59c700 1 --2- >> [v2:172.21.15.63:3300/0,v1:172.21.15.63:6789/0] conn(0x7f0da0107120 0x7f0da0109510 unknown :-1 s=BANNER_CONNECTING pgs=0 cs=0 l=0 rev1=0 crypto rx=0 tx=0 comp rx=0 tx=0)._handle_peer_banner_payload supported=3 required=0
2024-05-09T06:29:05.137 INFO:teuthology.orchestra.run.smithi063.stdout:/usr/bin/ceph: stderr
2024-05-09T06:28:58.676+0000 7f0d9e59c700 1 --2- >> [v2:172.21.15.63:3300/0,v1:172.21.15.63:6789/0] conn(0x7f0da0107120 0x7f0da0109510 unknown :-1 s=HELLO_CONNECTING pgs=0 cs=0 l=0 rev1=1 crypto rx=0 tx=0 comp rx=0 tx=0).handle_hello peer v2:172.21.15.63:3300/0 says I am v2:172.21.15.63:50918/0 (socket says 172.21.15.63:50918)
2024-05-09T06:29:05.137 INFO:teuthology.orchestra.run.smithi063.stdout:/usr/bin/ceph: stderr
2024-05-09T06:28:58.676+0000 7f0d9e59c700 1 -- 172.21.15.63:0/3787348860 learned_addr learned my addr 172.21.15.63:0/3787348860 (peer_addr_for_me v2:172.21.15.63:0/0)
2024-05-09T06:29:05.137 INFO:teuthology.orchestra.run.smithi063.stdout:/usr/bin/ceph: stderr
2024-05-09T06:28:58.676+0000 7f0d9e59c700 1 -- 172.21.15.63:0/3787348860 --> [v2:172.21.15.63:3300/0,v1:172.21.15.63:6789/0] -- mon_subscribe({config=0+,monmap=0+}) v3 -- 0x7f0da0109a50 con 0x7f0da0107120
2024-05-09T06:29:05.137 INFO:teuthology.orchestra.run.smithi063.stdout:/usr/bin/ceph: stderr
2024-05-09T06:28:58.676+0000 7f0d9e59c700 1 --2- 172.21.15.63:0/3787348860 >> [v2:172.21.15.63:3300/0,v1:172.21.15.63:6789/0] conn(0x7f0da0107120 0x7f0da0109510 secure :-1 s=READY pgs=73 cs=0 l=1 rev1=1 crypto rx=0x7f0d900098a0 tx=0x7f0d90009bb0 comp rx=0 tx=0).ready entity=mon.0 client_cookie=ea6bf14affb0e346 server_cookie=0 in_seq=0 out_seq=0
2024-05-09T06:29:05.137 INFO:teuthology.orchestra.run.smithi063.stdout:/usr/bin/ceph: stderr
2024-05-09T06:28:58.676+0000 7f0d9d59a700 1 -- 172.21.15.63:0/3787348860 <== mon.0 v2:172.21.15.63:3300/0 1 ==== mon_map magic: 0 v1 ==== 229+0+0 (secure 0 0 0) 0x7f0d90004180 con 0x7f0da0107120
2024-05-09T06:29:05.137 INFO:teuthology.orchestra.run.smithi063.stdout:/usr/bin/ceph: stderr
2024-05-09T06:28:58.677+0000 7f0d9d59a700 1 -- 172.21.15.63:0/3787348860 <== mon.0 v2:172.21.15.63:3300/0 2 ==== config(27 keys) v1 ==== 1109+0+0 (secure 0 0 0) 0x7f0d900042e0 con 0x7f0da0107120
2024-05-09T06:29:05.137 INFO:teuthology.orchestra.run.smithi063.stdout:/usr/bin/ceph: stderr
2024-05-09T06:28:58.677+0000 7f0d9d59a700 1 -- 172.21.15.63:0/3787348860 <== mon.0 v2:172.21.15.63:3300/0 3 ==== mon_map magic: 0 v1 ==== 229+0+0 (secure 0 0 0) 0x7f0d90011b10 con 0x7f0da0107120
2024-05-09T06:29:05.137 INFO:teuthology.orchestra.run.smithi063.stdout:/usr/bin/ceph: stderr
2024-05-09T06:28:58.677+0000 7f0da4db2700 1 -- 172.21.15.63:0/3787348860 >> [v2:172.21.15.63:3300/0,v1:172.21.15.63:6789/0] conn(0x7f0da0107120 msgr2=0x7f0da0109510 secure :-1 s=STATE_CONNECTION_ESTABLISHED l=1).mark_down
2024-05-09T06:29:05.137 INFO:teuthology.orchestra.run.smithi063.stdout:/usr/bin/ceph: stderr
2024-05-09T06:28:58.677+0000 7f0da4db2700 1 --2- 172.21.15.63:0/3787348860 >> [v2:172.21.15.63:3300/0,v1:172.21.15.63:6789/0] conn(0x7f0da0107120 0x7f0da0109510 secure :-1 s=READY pgs=73 cs=0 l=1 rev1=1 crypto rx=0x7f0d900098a0 tx=0x7f0d90009bb0 comp rx=0 tx=0).stop
2024-05-09T06:29:05.137 INFO:teuthology.orchestra.run.smithi063.stdout:/usr/bin/ceph: stderr
2024-05-09T06:28:58.677+0000 7f0da4db2700 1 -- 172.21.15.63:0/3787348860 shutdown_connections
2024-05-09T06:29:05.138 INFO:teuthology.orchestra.run.smithi063.stdout:/usr/bin/ceph: stderr
2024-05-09T06:28:58.677+0000 7f0da4db2700 1 --2- 172.21.15.63:0/3787348860 >> [v2:172.21.15.63:3300/0,v1:172.21.15.63:6789/0] conn(0x7f0da0107120 0x7f0da0109510 unknown :-1 s=CLOSED pgs=73 cs=0 l=1 rev1=1 crypto rx=0 tx=0 comp rx=0 tx=0).stop
2024-05-09T06:29:05.138 INFO:teuthology.orchestra.run.smithi063.stdout:/usr/bin/ceph: stderr
2024-05-09T06:28:58.677+0000 7f0da4db2700 1 -- 172.21.15.63:0/3787348860 >> 172.21.15.63:0/3787348860 conn(0x7f0da0100a90 msgr2=0x7f0da0102f10 unknown :-1 s=STATE_NONE l=0).mark_down
2024-05-09T06:29:05.138 INFO:teuthology.orchestra.run.smithi063.stdout:/usr/bin/ceph: stderr
2024-05-09T06:28:58.677+0000 7f0da4db2700 1 -- 172.21.15.63:0/3787348860 shutdown_connections
2024-05-09T06:29:05.138 INFO:teuthology.orchestra.run.smithi063.stdout:/usr/bin/ceph: stderr
2024-05-09T06:28:58.677+0000 7f0da4db2700 1 -- 172.21.15.63:0/3787348860 wait complete.
2024-05-09T06:29:05.138 INFO:teuthology.orchestra.run.smithi063.stdout:/usr/bin/ceph: stderr
2024-05-09T06:28:58.678+0000 7f0da4db2700 1 Processor -- start
2024-05-09T06:29:05.138 INFO:teuthology.orchestra.run.smithi063.stdout:/usr/bin/ceph: stderr
2024-05-09T06:28:58.678+0000 7f0da4db2700 1 -- start start
2024-05-09T06:29:05.138 INFO:teuthology.orchestra.run.smithi063.stdout:/usr/bin/ceph: stderr
2024-05-09T06:28:58.678+0000 7f0da4db2700 1 --2- >> [v2:172.21.15.63:3300/0,v1:172.21.15.63:6789/0] conn(0x7f0da0107120 0x7f0da019a380 unknown :-1 s=NONE pgs=0 cs=0 l=1 rev1=0 crypto rx=0 tx=0 comp rx=0 tx=0).connect
2024-05-09T06:29:05.138 INFO:teuthology.orchestra.run.smithi063.stdout:/usr/bin/ceph: stderr
2024-05-09T06:28:58.678+0000 7f0da4db2700 1 -- --> [v2:172.21.15.63:3300/0,v1:172.21.15.63:6789/0] -- mon_getmap magic: 0 v1 -- 0x7f0da019a8c0 con 0x7f0da0107120
