2024-05-09T07:01:47.655+0000 7f6a81af0700 1 -- 172.21.15.52:0/238586238 >> [v2:172.21.15.52:6800/2930544568,v1:172.21.15.52:6801/2930544568] conn(0x7f6a640390b0 msgr2=0x7f6a6403b570 secure :-1 s=STATE_CONNECTION_ESTABLISHED l=1).mark_down
2024-05-09T07:01:48.242 INFO:teuthology.orchestra.run.smithi052.stdout:/usr/bin/ceph: stderr
2024-05-09T07:01:47.655+0000 7f6a81af0700 1 --2- 172.21.15.52:0/238586238 >> [v2:172.21.15.52:6800/2930544568,v1:172.21.15.52:6801/2930544568] conn(0x7f6a640390b0 0x7f6a6403b570 secure :-1 s=READY pgs=8 cs=0 l=1 rev1=1 crypto rx=0x7f6a70006fd0 tx=0x7f6a70006e40 comp rx=0 tx=0).stop
2024-05-09T07:01:48.242 INFO:teuthology.orchestra.run.smithi052.stdout:/usr/bin/ceph: stderr
2024-05-09T07:01:47.655+0000 7f6a81af0700 1 -- 172.21.15.52:0/238586238 >> [v2:172.21.15.52:3300/0,v1:172.21.15.52:6789/0] conn(0x7f6a7c108790 msgr2=0x7f6a7c19bb90 secure :-1 s=STATE_CONNECTION_ESTABLISHED l=1).mark_down
2024-05-09T07:01:48.242 INFO:teuthology.orchestra.run.smithi052.stdout:/usr/bin/ceph: stderr
2024-05-09T07:01:47.655+0000 7f6a81af0700 1 --2- 172.21.15.52:0/238586238 >> [v2:172.21.15.52:3300/0,v1:172.21.15.52:6789/0] conn(0x7f6a7c108790 0x7f6a7c19bb90 secure :-1 s=READY pgs=71 cs=0 l=1 rev1=1 crypto rx=0x7f6a6c0117e0 tx=0x7f6a6c011c10 comp rx=0 tx=0).stop
2024-05-09T07:01:48.242 INFO:teuthology.orchestra.run.smithi052.stdout:/usr/bin/ceph: stderr
2024-05-09T07:01:47.656+0000 7f6a81af0700 1 -- 172.21.15.52:0/238586238 shutdown_connections
2024-05-09T07:01:48.242 INFO:teuthology.orchestra.run.smithi052.stdout:/usr/bin/ceph: stderr
2024-05-09T07:01:47.656+0000 7f6a81af0700 1 --2- 172.21.15.52:0/238586238 >> [v2:172.21.15.52:6800/2930544568,v1:172.21.15.52:6801/2930544568] conn(0x7f6a640390b0 0x7f6a6403b570 unknown :-1 s=CLOSED pgs=8 cs=0 l=1 rev1=1 crypto rx=0 tx=0 comp rx=0 tx=0).stop
2024-05-09T07:01:48.242 INFO:teuthology.orchestra.run.smithi052.stdout:/usr/bin/ceph: stderr
2024-05-09T07:01:47.656+0000 7f6a81af0700 1 --2- 172.21.15.52:0/238586238 >> [v2:172.21.15.52:3300/0,v1:172.21.15.52:6789/0] conn(0x7f6a7c108790 0x7f6a7c19bb90 unknown :-1 s=CLOSED pgs=71 cs=0 l=1 rev1=1 crypto rx=0 tx=0 comp rx=0 tx=0).stop
2024-05-09T07:01:48.242 INFO:teuthology.orchestra.run.smithi052.stdout:/usr/bin/ceph: stderr
2024-05-09T07:01:47.656+0000 7f6a81af0700 1 -- 172.21.15.52:0/238586238 >> 172.21.15.52:0/238586238 conn(0x7f6a7c102180 msgr2=0x7f6a7c102ba0 unknown :-1 s=STATE_NONE l=0).mark_down
2024-05-09T07:01:48.242 INFO:teuthology.orchestra.run.smithi052.stdout:/usr/bin/ceph: stderr
2024-05-09T07:01:47.656+0000 7f6a81af0700 1 -- 172.21.15.52:0/238586238 shutdown_connections
2024-05-09T07:01:48.242 INFO:teuthology.orchestra.run.smithi052.stdout:/usr/bin/ceph: stderr
2024-05-09T07:01:47.656+0000 7f6a81af0700 1 -- 172.21.15.52:0/238586238 wait complete.
2024-05-09T07:01:48.242 INFO:teuthology.orchestra.run.smithi052.stdout:Fetching dashboard port number...
2024-05-09T07:01:48.478 INFO:journalctl@ceph.mon.a.smithi052.stdout:May 09 07:01:48 smithi052 ceph-mon[30674]: from='mgr.14150 172.21.15.52:0/3544089179' entity='mgr.x'
2024-05-09T07:01:48.479 INFO:journalctl@ceph.mon.a.smithi052.stdout:May 09 07:01:48 smithi052 ceph-mon[30674]: from='client.14164 -' entity='client.admin' cmd=[{"prefix": "dashboard ac-user-create", "username": "admin", "rolename": "administrator", "force_password": true, "pwd_update_required": true, "target": ["mon-mgr", ""]}]: dispatch
2024-05-09T07:01:48.479 INFO:journalctl@ceph.mon.a.smithi052.stdout:May 09 07:01:48 smithi052 ceph-mon[30674]: from='mgr.14150 172.21.15.52:0/3544089179' entity='mgr.x'
2024-05-09T07:01:49.581 INFO:journalctl@ceph.mon.a.smithi052.stdout:May 09 07:01:49 smithi052 ceph-mon[30674]: from='client.? 172.21.15.52:0/222841831' entity='client.admin' cmd=[{"prefix": "config get", "who": "mgr", "key": "mgr/dashboard/ssl_server_port"}]: dispatch
2024-05-09T07:01:50.245 INFO:teuthology.orchestra.run.smithi052.stdout:/usr/bin/ceph: stdout 8443
2024-05-09T07:01:50.245 INFO:teuthology.orchestra.run.smithi052.stdout:/usr/bin/ceph: stderr
2024-05-09T07:01:48.678+0000 7fbe01230700 1 Processor -- start
2024-05-09T07:01:50.246 INFO:teuthology.orchestra.run.smithi052.stdout:/usr/bin/ceph: stderr
2024-05-09T07:01:48.678+0000 7fbe01230700 1 -- start start
2024-05-09T07:01:50.246 INFO:teuthology.orchestra.run.smithi052.stdout:/usr/bin/ceph: stderr
2024-05-09T07:01:48.678+0000 7fbe01230700 1 --2- >> [v2:172.21.15.52:3300/0,v1:172.21.15.52:6789/0] conn(0x7fbdfc1087d0 0x7fbdfc10abc0 unknown :-1 s=NONE pgs=0 cs=0 l=0 rev1=0 crypto rx=0 tx=0 comp rx=0 tx=0).connect
2024-05-09T07:01:50.249 INFO:teuthology.orchestra.run.smithi052.stdout:/usr/bin/ceph: stderr
2024-05-09T07:01:48.678+0000 7fbe01230700 1 -- --> [v2:172.21.15.52:3300/0,v1:172.21.15.52:6789/0] -- mon_getmap magic: 0 -- 0x7fbdfc07be40 con 0x7fbdfc1087d0
2024-05-09T07:01:50.249 INFO:teuthology.orchestra.run.smithi052.stdout:/usr/bin/ceph: stderr
2024-05-09T07:01:48.678+0000 7fbdfad9d700 1 --2- >> [v2:172.21.15.52:3300/0,v1:172.21.15.52:6789/0] conn(0x7fbdfc1087d0 0x7fbdfc10abc0 unknown :-1 s=BANNER_CONNECTING pgs=0 cs=0 l=0 rev1=0 crypto rx=0 tx=0 comp rx=0 tx=0)._handle_peer_banner_payload supported=3 required=0
2024-05-09T07:01:50.249 INFO:teuthology.orchestra.run.smithi052.stdout:/usr/bin/ceph: stderr
2024-05-09T07:01:48.678+0000 7fbdfad9d700 1 --2- >> [v2:172.21.15.52:3300/0,v1:172.21.15.52:6789/0] conn(0x7fbdfc1087d0 0x7fbdfc10abc0 unknown :-1 s=HELLO_CONNECTING pgs=0 cs=0 l=0 rev1=1 crypto rx=0 tx=0 comp rx=0 tx=0).handle_hello peer v2:172.21.15.52:3300/0 says I am v2:172.21.15.52:59626/0 (socket says 172.21.15.52:59626)
2024-05-09T07:01:50.249 INFO:teuthology.orchestra.run.smithi052.stdout:/usr/bin/ceph: stderr
2024-05-09T07:01:48.678+0000 7fbdfad9d700 1 -- 172.21.15.52:0/3756574357 learned_addr learned my addr 172.21.15.52:0/3756574357 (peer_addr_for_me v2:172.21.15.52:0/0)
2024-05-09T07:01:50.249 INFO:teuthology.orchestra.run.smithi052.stdout:/usr/bin/ceph: stderr
2024-05-09T07:01:48.679+0000 7fbdfad9d700 1 -- 172.21.15.52:0/3756574357 --> [v2:172.21.15.52:3300/0,v1:172.21.15.52:6789/0] -- mon_subscribe({config=0+,monmap=0+}) -- 0x7fbdfc10b100 con 0x7fbdfc1087d0
2024-05-09T07:01:50.249 INFO:teuthology.orchestra.run.smithi052.stdout:/usr/bin/ceph: stderr
2024-05-09T07:01:48.679+0000 7fbdfad9d700 1 --2- 172.21.15.52:0/3756574357 >> [v2:172.21.15.52:3300/0,v1:172.21.15.52:6789/0] conn(0x7fbdfc1087d0 0x7fbdfc10abc0 secure :-1 s=READY pgs=72 cs=0 l=1 rev1=1 crypto rx=0x7fbdec0098a0 tx=0x7fbdec009bb0 comp rx=0 tx=0).ready entity=mon.0 client_cookie=bccb1c958259928f server_cookie=0 in_seq=0 out_seq=0
2024-05-09T07:01:50.249 INFO:teuthology.orchestra.run.smithi052.stdout:/usr/bin/ceph: stderr
2024-05-09T07:01:48.679+0000 7fbdf9d9b700 1 -- 172.21.15.52:0/3756574357 <== mon.0 v2:172.21.15.52:3300/0 1 ==== mon_map magic: 0 ==== 205+0+0 (secure 0 0 0) 0x7fbdec004160 con 0x7fbdfc1087d0
2024-05-09T07:01:50.249 INFO:teuthology.orchestra.run.smithi052.stdout:/usr/bin/ceph: stderr
2024-05-09T07:01:48.679+0000 7fbdf9d9b700 1 -- 172.21.15.52:0/3756574357 <== mon.0 v2:172.21.15.52:3300/0 2 ==== config(27 keys) ==== 1140+0+0 (secure 0 0 0) 0x7fbdec004300 con 0x7fbdfc1087d0
2024-05-09T07:01:50.249 INFO:teuthology.orchestra.run.smithi052.stdout:/usr/bin/ceph: stderr
2024-05-09T07:01:48.679+0000 7fbdf9d9b700 1 -- 172.21.15.52:0/3756574357 <== mon.0 v2:172.21.15.52:3300/0 3 ==== mon_map magic: 0 ==== 205+0+0 (secure 0 0 0) 0x7fbdec011b20 con 0x7fbdfc1087d0
2024-05-09T07:01:50.249 INFO:teuthology.orchestra.run.smithi052.stdout:/usr/bin/ceph: stderr
2024-05-09T07:01:48.680+0000 7fbe01230700 1 -- 172.21.15.52:0/3756574357 >> [v2:172.21.15.52:3300/0,v1:172.21.15.52:6789/0] conn(0x7fbdfc1087d0 msgr2=0x7fbdfc10abc0 secure :-1 s=STATE_CONNECTION_ESTABLISHED l=1).mark_down
2024-05-09T07:01:50.250 INFO:teuthology.orchestra.run.smithi052.stdout:/usr/bin/ceph: stderr
2024-05-09T07:01:48.680+0000 7fbe01230700 1 --2- 172.21.15.52:0/3756574357 >> [v2:172.21.15.52:3300/0,v1:172.21.15.52:6789/0] conn(0x7fbdfc1087d0 0x7fbdfc10abc0 secure :-1 s=READY pgs=72 cs=0 l=1 rev1=1 crypto rx=0x7fbdec0098a0 tx=0x7fbdec009bb0 comp rx=0 tx=0).stop
2024-05-09T07:01:50.250 INFO:teuthology.orchestra.run.smithi052.stdout:/usr/bin/ceph: stderr
2024-05-09T07:01:48.680+0000 7fbe01230700 1 -- 172.21.15.52:0/3756574357 shutdown_connections
2024-05-09T07:01:50.251 INFO:teuthology.orchestra.run.smithi052.stdout:/usr/bin/ceph: stderr
2024-05-09T07:01:48.680+0000 7fbe01230700 1 --2- 172.21.15.52:0/3756574357 >> [v2:172.21.15.52:3300/0,v1:172.21.15.52:6789/0] conn(0x7fbdfc1087d0 0x7fbdfc10abc0 unknown :-1 s=CLOSED pgs=72 cs=0 l=1 rev1=1 crypto rx=0 tx=0 comp rx=0 tx=0).stop
2024-05-09T07:01:50.251 INFO:teuthology.orchestra.run.smithi052.stdout:/usr/bin/ceph: stderr
2024-05-09T07:01:48.680+0000 7fbe01230700 1 -- 172.21.15.52:0/3756574357 >> 172.21.15.52:0/3756574357 conn(0x7fbdfc1021a0 msgr2=0x7fbdfc104600 unknown :-1 s=STATE_NONE l=0).mark_down
2024-05-09T07:01:50.251 INFO:teuthology.orchestra.run.smithi052.stdout:/usr/bin/ceph: stderr
2024-05-09T07:01:48.680+0000 7fbe01230700 1 -- 172.21.15.52:0/3756574357 shutdown_connections
2024-05-09T07:01:50.251 INFO:teuthology.orchestra.run.smithi052.stdout:/usr/bin/ceph: stderr
2024-05-09T07:01:48.680+0000 7fbe01230700 1 -- 172.21.15.52:0/3756574357 wait complete.
2024-05-09T07:01:50.251 INFO:teuthology.orchestra.run.smithi052.stdout:/usr/bin/ceph: stderr
2024-05-09T07:01:48.681+0000 7fbe01230700 1 Processor -- start
2024-05-09T07:01:50.251 INFO:teuthology.orchestra.run.smithi052.stdout:/usr/bin/ceph: stderr
2024-05-09T07:01:48.681+0000 7fbe01230700 1 -- start start
2024-05-09T07:01:50.251 INFO:teuthology.orchestra.run.smithi052.stdout:/usr/bin/ceph: stderr
2024-05-09T07:01:48.681+0000 7fbe01230700 1 --2- >> [v2:172.21.15.52:3300/0,v1:172.21.15.52:6789/0] conn(0x7fbdfc1087d0 0x7fbdfc19bbb0 unknown :-1 s=NONE pgs=0 cs=0 l=1 rev1=0 crypto rx=0 tx=0 comp rx=0 tx=0).connect
2024-05-09T07:01:50.251 INFO:teuthology.orchestra.run.smithi052.stdout:/usr/bin/ceph: stderr
2024-05-09T07:01:48.681+0000 7fbe01230700 1 -- --> [v2:172.21.15.52:3300/0,v1:172.21.15.52:6789/0] -- mon_getmap magic: 0 -- 0x7fbdfc10c160 con 0x7fbdfc1087d0
2024-05-09T07:01:50.251 INFO:teuthology.orchestra.run.smithi052.stdout:/usr/bin/ceph: stderr
2024-05-09T07:01:48.682+0000 7fbdfad9d700 1 --2- >> [v2:172.21.15.52:3300/0,v1:172.21.15.52:6789/0] conn(0x7fbdfc1087d0 0x7fbdfc19bbb0 unknown :-1 s=BANNER_CONNECTING pgs=0 cs=0 l=1 rev1=0 crypto rx=0 tx=0 comp rx=0 tx=0)._handle_peer_banner_payload supported=3 required=0
2024-05-09T07:01:50.251 INFO:teuthology.orchestra.run.smithi052.stdout:/usr/bin/ceph: stderr
2024-05-09T07:01:48.682+0000 7fbdfad9d700 1 --2- >> [v2:172.21.15.52:3300/0,v1:172.21.15.52:6789/0] conn(0x7fbdfc1087d0 0x7fbdfc19bbb0 unknown :-1 s=HELLO_CONNECTING pgs=0 cs=0 l=1 rev1=1 crypto rx=0 tx=0 comp rx=0 tx=0).handle_hello peer v2:172.21.15.52:3300/0 says I am v2:172.21.15.52:59634/0 (socket says 172.21.15.52:59634)
2024-05-09T07:01:50.252 INFO:teuthology.orchestra.run.smithi052.stdout:/usr/bin/ceph: stderr
2024-05-09T07:01:48.682+0000 7fbdfad9d700 1 -- 172.21.15.52:0/222841831 learned_addr learned my addr 172.21.15.52:0/222841831 (peer_addr_for_me v2:172.21.15.52:0/0)
2024-05-09T07:01:50.255 INFO:teuthology.orchestra.run.smithi052.stdout:/usr/bin/ceph: stderr
2024-05-09T07:01:48.682+0000 7fbdfad9d700 1 -- 172.21.15.52:0/222841831 --> [v2:172.21.15.52:3300/0,v1:172.21.15.52:6789/0] -- mon_subscribe({config=0+,monmap=0+}) -- 0x7fbdfc19c0f0 con 0x7fbdfc1087d0
2024-05-09T07:01:50.255 INFO:teuthology.orchestra.run.smithi052.stdout:/usr/bin/ceph: stderr
2024-05-09T07:01:48.682+0000 7fbdfad9d700 1 --2- 172.21.15.52:0/222841831 >> [v2:172.21.15.52:3300/0,v1:172.21.15.52:6789/0] conn(0x7fbdfc1087d0 0x7fbdfc19bbb0 secure :-1 s=READY pgs=73 cs=0 l=1 rev1=1 crypto rx=0x7fbdec0117e0 tx=0x7fbdec011ba0 comp rx=0 tx=0).ready entity=mon.0 client_cookie=0 server_cookie=0 in_seq=0 out_seq=0
2024-05-09T07:01:50.255 INFO:teuthology.orchestra.run.smithi052.stdout:/usr/bin/ceph: stderr
2024-05-09T07:01:48.682+0000 7fbde3fff700 1 -- 172.21.15.52:0/222841831 <== mon.0 v2:172.21.15.52:3300/0 1 ==== mon_map magic: 0 ==== 205+0+0 (secure 0 0 0) 0x7fbdec003ba0 con 0x7fbdfc1087d0
2024-05-09T07:01:50.255 INFO:teuthology.orchestra.run.smithi052.stdout:/usr/bin/ceph: stderr
2024-05-09T07:01:48.682+0000 7fbde3fff700 1 -- 172.21.15.52:0/222841831 <== mon.0 v2:172.21.15.52:3300/0 2 ==== config(27 keys) ==== 1140+0+0 (secure 0 0 0) 0x7fbdec01a910 con 0x7fbdfc1087d0
2024-05-09T07:01:50.255 INFO:teuthology.orchestra.run.smithi052.stdout:/usr/bin/ceph: stderr
2024-05-09T07:01:48.682+0000 7fbe01230700 1 -- 172.21.15.52:0/222841831 --> [v2:172.21.15.52:3300/0,v1:172.21.15.52:6789/0] -- mon_subscribe({mgrmap=0+}) -- 0x7fbdfc19c380 con 0x7fbdfc1087d0
2024-05-09T07:01:50.255 INFO:teuthology.orchestra.run.smithi052.stdout:/usr/bin/ceph: stderr
2024-05-09T07:01:48.682+0000 7fbe01230700 1 -- 172.21.15.52:0/222841831 --> [v2:172.21.15.52:3300/0,v1:172.21.15.52:6789/0] -- mon_subscribe({osdmap=0}) -- 0x7fbdfc19c7e0 con 0x7fbdfc1087d0
2024-05-09T07:01:50.255 INFO:teuthology.orchestra.run.smithi052.stdout:/usr/bin/ceph: stderr
2024-05-09T07:01:48.683+0000 7fbde3fff700 1 -- 172.21.15.52:0/222841831 <== mon.0 v2:172.21.15.52:3300/0 3 ==== mon_map magic: 0 ==== 205+0+0 (secure 0 0 0) 0x7fbdec0248f0 con 0x7fbdfc1087d0
2024-05-09T07:01:50.255 INFO:teuthology.orchestra.run.smithi052.stdout:/usr/bin/ceph: stderr
2024-05-09T07:01:48.683+0000 7fbde3fff700 1 -- 172.21.15.52:0/222841831 <== mon.0 v2:172.21.15.52:3300/0 4 ==== mgrmap(e 12) ==== 46300+0+0 (secure 0 0 0) 0x7fbdec022020 con 0x7fbdfc1087d0
2024-05-09T07:01:50.255 INFO:teuthology.orchestra.run.smithi052.stdout:/usr/bin/ceph: stderr
2024-05-09T07:01:48.684+0000 7fbde3fff700 1 --2- 172.21.15.52:0/222841831 >> [v2:172.21.15.52:6800/2930544568,v1:172.21.15.52:6801/2930544568] conn(0x7fbde40390a0 0x7fbde403b560 unknown :-1 s=NONE pgs=0 cs=0 l=1 rev1=0 crypto rx=0 tx=0 comp rx=0 tx=0).connect
2024-05-09T07:01:50.255 INFO:teuthology.orchestra.run.smithi052.stdout:/usr/bin/ceph: stderr
2024-05-09T07:01:48.684+0000 7fbde3fff700 1 -- 172.21.15.52:0/222841831 <== mon.0 v2:172.21.15.52:3300/0 5 ==== osd_map(3..3 src has 1..3) ==== 1155+0+0 (secure 0 0 0) 0x7fbdec01a680 con 0x7fbdfc1087d0
2024-05-09T07:01:50.255 INFO:teuthology.orchestra.run.smithi052.stdout:/usr/bin/ceph: stderr
2024-05-09T07:01:48.684+0000 7fbe01230700 1 -- 172.21.15.52:0/222841831 --> [v2:172.21.15.52:3300/0,v1:172.21.15.52:6789/0] -- mon_command({"prefix": "get_command_descriptions"} v 0) -- 0x7fbdfc063980 con 0x7fbdfc1087d0
2024-05-09T07:01:50.255 INFO:teuthology.orchestra.run.smithi052.stdout:/usr/bin/ceph: stderr
2024-05-09T07:01:48.684+0000 7fbdfa59c700 1 --2- 172.21.15.52:0/222841831 >> [v2:172.21.15.52:6800/2930544568,v1:172.21.15.52:6801/2930544568] conn(0x7fbde40390a0 0x7fbde403b560 unknown :-1 s=BANNER_CONNECTING pgs=0 cs=0 l=1 rev1=0 crypto rx=0 tx=0 comp rx=0 tx=0)._handle_peer_banner_payload supported=3 required=0
2024-05-09T07:01:50.255 INFO:teuthology.orchestra.run.smithi052.stdout:/usr/bin/ceph: stderr
2024-05-09T07:01:48.684+0000 7fbdfa59c700 1 --2- 172.21.15.52:0/222841831 >> [v2:172.21.15.52:6800/2930544568,v1:172.21.15.52:6801/2930544568] conn(0x7fbde40390a0 0x7fbde403b560 secure :-1 s=READY pgs=9 cs=0 l=1 rev1=1 crypto rx=0x7fbdf0006fd0 tx=0x7fbdf0006e40 comp rx=0 tx=0).ready entity=mgr.14150 client_cookie=0 server_cookie=0 in_seq=0 out_seq=0
2024-05-09T07:01:50.256 INFO:teuthology.orchestra.run.smithi052.stdout:/usr/bin/ceph: stderr
2024-05-09T07:01:48.689+0000 7fbde3fff700 1 -- 172.21.15.52:0/222841831 <== mon.0 v2:172.21.15.52:3300/0 6 ==== mon_command_ack([{"prefix": "get_command_descriptions"}]=0 v0) ==== 72+0+186147 (secure 0 0 0) 0x7fbdec020c10 con 0x7fbdfc1087d0
2024-05-09T07:01:50.256 INFO:teuthology.orchestra.run.smithi052.stdout:/usr/bin/ceph: stderr
2024-05-09T07:01:48.910+0000 7fbe01230700 1 -- 172.21.15.52:0/222841831 --> [v2:172.21.15.52:3300/0,v1:172.21.15.52:6789/0] -- mon_command({"prefix": "config get", "who": "mgr", "key": "mgr/dashboard/ssl_server_port"} v 0) -- 0x7fbdfc19f270 con 0x7fbdfc1087d0
2024-05-09T07:01:50.256 INFO:teuthology.orchestra.run.smithi052.stdout:/usr/bin/ceph: stderr
2024-05-09T07:01:48.910+0000 7fbde3fff700 1 -- 172.21.15.52:0/222841831 <== mon.0 v2:172.21.15.52:3300/0 7 ==== mon_command_ack([{"prefix": "config get", "who": "mgr", "key": "mgr/dashboard/ssl_server_port"}]=0 v8) ==== 112+0+5 (secure 0 0 0) 0x7fbdec021d80 con 0x7fbdfc1087d0
2024-05-09T07:01:50.256 INFO:teuthology.orchestra.run.smithi052.stdout:/usr/bin/ceph: stderr
2024-05-09T07:01:48.912+0000 7fbe01230700 1 -- 172.21.15.52:0/222841831 >> [v2:172.21.15.52:6800/2930544568,v1:172.21.15.52:6801/2930544568] conn(0x7fbde40390a0 msgr2=0x7fbde403b560 secure :-1 s=STATE_CONNECTION_ESTABLISHED l=1).mark_down
2024-05-09T07:01:50.256 INFO:teuthology.orchestra.run.smithi052.stdout:/usr/bin/ceph: stderr
2024-05-09T07:01:48.912+0000 7fbe01230700 1 --2- 172.21.15.52:0/222841831 >> [v2:172.21.15.52:6800/2930544568,v1:172.21.15.52:6801/2930544568] conn(0x7fbde40390a0 0x7fbde403b560 secure :-1 s=READY pgs=9 cs=0 l=1 rev1=1 crypto rx=0x7fbdf0006fd0 tx=0x7fbdf0006e40 comp rx=0 tx=0).stop
2024-05-09T07:01:50.256 INFO:teuthology.orchestra.run.smithi052.stdout:/usr/bin/ceph: stderr
2024-05-09T07:01:48.912+0000 7fbe01230700 1 -- 172.21.15.52:0/222841831 >> [v2:172.21.15.52:3300/0,v1:172.21.15.52:6789/0] conn(0x7fbdfc1087d0 msgr2=0x7fbdfc19bbb0 secure :-1 s=STATE_CONNECTION_ESTABLISHED l=1).mark_down
2024-05-09T07:01:50.256 INFO:teuthology.orchestra.run.smithi052.stdout:/usr/bin/ceph: stderr
2024-05-09T07:01:48.912+0000 7fbe01230700 1 --2- 172.21.15.52:0/222841831 >> [v2:172.21.15.52:3300/0,v1:172.21.15.52:6789/0] conn(0x7fbdfc1087d0 0x7fbdfc19bbb0 secure :-1 s=READY pgs=73 cs=0 l=1 rev1=1 crypto rx=0x7fbdec0117e0 tx=0x7fbdec011ba0 comp rx=0 tx=0).stop
2024-05-09T07:01:50.256 INFO:teuthology.orchestra.run.smithi052.stdout:/usr/bin/ceph: stderr
2024-05-09T07:01:48.912+0000 7fbe01230700 1 -- 172.21.15.52:0/222841831 shutdown_connections
2024-05-09T07:01:50.256 INFO:teuthology.orchestra.run.smithi052.stdout:/usr/bin/ceph: stderr
2024-05-09T07:01:48.912+0000 7fbe01230700 1 --2- 172.21.15.52:0/222841831 >> [v2:172.21.15.52:6800/2930544568,v1:172.21.15.52:6801/2930544568] conn(0x7fbde40390a0 0x7fbde403b560 unknown :-1 s=CLOSED pgs=9 cs=0 l=1 rev1=1 crypto rx=0 tx=0 comp rx=0 tx=0).stop
2024-05-09T07:01:50.256 INFO:teuthology.orchestra.run.smithi052.stdout:/usr/bin/ceph: stderr
2024-05-09T07:01:48.912+0000 7fbe01230700 1 --2- 172.21.15.52:0/222841831 >> [v2:172.21.15.52:3300/0,v1:172.21.15.52:6789/0] conn(0x7fbdfc1087d0 0x7fbdfc19bbb0 unknown :-1 s=CLOSED pgs=73 cs=0 l=1 rev1=1 crypto rx=0 tx=0 comp rx=0 tx=0).stop
2024-05-09T07:01:50.256 INFO:teuthology.orchestra.run.smithi052.stdout:/usr/bin/ceph: stderr
2024-05-09T07:01:48.912+0000 7fbe01230700 1 -- 172.21.15.52:0/222841831 >> 172.21.15.52:0/222841831 conn(0x7fbdfc1021a0 msgr2=0x7fbdfc102c40 unknown :-1 s=STATE_NONE l=0).mark_down
2024-05-09T07:01:50.256 INFO:teuthology.orchestra.run.smithi052.stdout:/usr/bin/ceph: stderr
2024-05-09T07:01:48.913+0000 7fbe01230700 1 -- 172.21.15.52:0/222841831 shutdown_connections
2024-05-09T07:01:50.256 INFO:teuthology.orchestra.run.smithi052.stdout:/usr/bin/ceph: stderr
2024-05-09T07:01:48.913+0000 7fbe01230700 1 -- 172.21.15.52:0/222841831 wait complete.
2024-05-09T07:01:50.260 INFO:teuthology.orchestra.run.smithi052.stdout:Non-zero exit code 1 from systemctl is-enabled firewalld.service
2024-05-09T07:01:50.263 INFO:teuthology.orchestra.run.smithi052.stdout:systemctl: stdout disabled
2024-05-09T07:01:50.270 INFO:teuthology.orchestra.run.smithi052.stdout:Non-zero exit code 3 from systemctl is-active firewalld.service
2024-05-09T07:01:50.270 INFO:teuthology.orchestra.run.smithi052.stdout:systemctl: stdout inactive
2024-05-09T07:01:50.270 INFO:teuthology.orchestra.run.smithi052.stdout:firewalld.service is not enabled
2024-05-09T07:01:50.270 INFO:teuthology.orchestra.run.smithi052.stdout:Not possible to open ports <[8443]>. firewalld.service is not available
2024-05-09T07:01:50.272 INFO:teuthology.orchestra.run.smithi052.stdout:Ceph Dashboard is now available at:
2024-05-09T07:01:50.272 INFO:teuthology.orchestra.run.smithi052.stdout:
2024-05-09T07:01:50.272 INFO:teuthology.orchestra.run.smithi052.stdout: URL: https://smithi052.front.sepia.ceph.com:8443/
2024-05-09T07:01:50.272 INFO:teuthology.orchestra.run.smithi052.stdout: User: admin
2024-05-09T07:01:50.272 INFO:teuthology.orchestra.run.smithi052.stdout: Password: riyrvyxtt4
2024-05-09T07:01:50.272 INFO:teuthology.orchestra.run.smithi052.stdout:
2024-05-09T07:01:50.273 INFO:teuthology.orchestra.run.smithi052.stdout:Saving cluster configuration to /var/lib/ceph/bef4f248-0dd1-11ef-bc97-c7b262605968/config directory
2024-05-09T07:01:50.273 INFO:teuthology.orchestra.run.smithi052.stdout:Enabling autotune for osd_memory_target
2024-05-09T07:01:51.456 INFO:teuthology.orchestra.run.smithi052.stdout:/usr/bin/ceph: stderr
2024-05-09T07:01:50.717+0000 7fcc4af83700 1 Processor -- start
2024-05-09T07:01:51.456 INFO:teuthology.orchestra.run.smithi052.stdout:/usr/bin/ceph: stderr
2024-05-09T07:01:50.717+0000 7fcc4af83700 1 -- start start
2024-05-09T07:01:51.456 INFO:teuthology.orchestra.run.smithi052.stdout:/usr/bin/ceph: stderr
2024-05-09T07:01:50.717+0000 7fcc4af83700 1 --2- >> [v2:172.21.15.52:3300/0,v1:172.21.15.52:6789/0] conn(0x7fcc44106be0 0x7fcc44107000 unknown :-1 s=NONE pgs=0 cs=0 l=0 rev1=0 crypto rx=0 tx=0 comp rx=0 tx=0).connect
2024-05-09T07:01:51.456 INFO:teuthology.orchestra.run.smithi052.stdout:/usr/bin/ceph: stderr
2024-05-09T07:01:50.717+0000 7fcc4af83700 1 -- --> [v2:172.21.15.52:3300/0,v1:172.21.15.52:6789/0] -- mon_getmap magic: 0 -- 0x7fcc441075d0 con 0x7fcc44106be0
2024-05-09T07:01:51.457 INFO:teuthology.orchestra.run.smithi052.stdout:/usr/bin/ceph: stderr
2024-05-09T07:01:50.718+0000 7fcc48d1f700 1 --2- >> [v2:172.21.15.52:3300/0,v1:172.21.15.52:6789/0] conn(0x7fcc44106be0 0x7fcc44107000 unknown :-1 s=BANNER_CONNECTING pgs=0 cs=0 l=0 rev1=0 crypto rx=0 tx=0 comp rx=0 tx=0)._handle_peer_banner_payload supported=3 required=0
2024-05-09T07:01:51.457 INFO:teuthology.orchestra.run.smithi052.stdout:/usr/bin/ceph: stderr
2024-05-09T07:01:50.718+0000 7fcc48d1f700 1 --2- >> [v2:172.21.15.52:3300/0,v1:172.21.15.52:6789/0] conn(0x7fcc44106be0 0x7fcc44107000 unknown :-1 s=HELLO_CONNECTING pgs=0 cs=0 l=0 rev1=1 crypto rx=0 tx=0 comp rx=0 tx=0).handle_hello peer v2:172.21.15.52:3300/0 says I am v2:172.21.15.52:59638/0 (socket says 172.21.15.52:59638)
2024-05-09T07:01:51.457 INFO:teuthology.orchestra.run.smithi052.stdout:/usr/bin/ceph: stderr
2024-05-09T07:01:50.718+0000 7fcc48d1f700 1 -- 172.21.15.52:0/667316310 learned_addr learned my addr 172.21.15.52:0/667316310 (peer_addr_for_me v2:172.21.15.52:0/0)
2024-05-09T07:01:51.457 INFO:teuthology.orchestra.run.smithi052.stdout:/usr/bin/ceph: stderr
2024-05-09T07:01:50.718+0000 7fcc48d1f700 1 -- 172.21.15.52:0/667316310 --> [v2:172.21.15.52:3300/0,v1:172.21.15.52:6789/0] -- mon_subscribe({config=0+,monmap=0+}) -- 0x7fcc44107de0 con 0x7fcc44106be0
2024-05-09T07:01:51.457 INFO:teuthology.orchestra.run.smithi052.stdout:/usr/bin/ceph: stderr
2024-05-09T07:01:50.718+0000 7fcc48d1f700 1 --2- 172.21.15.52:0/667316310 >> [v2:172.21.15.52:3300/0,v1:172.21.15.52:6789/0] conn(0x7fcc44106be0 0x7fcc44107000 secure :-1 s=READY pgs=74 cs=0 l=1 rev1=1 crypto rx=0x7fcc3c0098a0 tx=0x7fcc3c009bb0 comp rx=0 tx=0).ready entity=mon.0 client_cookie=3730f59901d50523 server_cookie=0 in_seq=0 out_seq=0
2024-05-09T07:01:51.457 INFO:teuthology.orchestra.run.smithi052.stdout:/usr/bin/ceph: stderr
2024-05-09T07:01:50.718+0000 7fcc437fe700 1 -- 172.21.15.52:0/667316310 <== mon.0 v2:172.21.15.52:3300/0 1 ==== mon_map magic: 0 ==== 205+0+0 (secure 0 0 0) 0x7fcc3c004160 con 0x7fcc44106be0
2024-05-09T07:01:51.457 INFO:teuthology.orchestra.run.smithi052.stdout:/usr/bin/ceph: stderr
2024-05-09T07:01:50.718+0000 7fcc437fe700 1 -- 172.21.15.52:0/667316310 <== mon.0 v2:172.21.15.52:3300/0 2 ==== config(27 keys) ==== 1140+0+0 (secure 0 0 0) 0x7fcc3c004300 con 0x7fcc44106be0
2024-05-09T07:01:51.457 INFO:teuthology.orchestra.run.smithi052.stdout:/usr/bin/ceph: stderr
2024-05-09T07:01:50.718+0000 7fcc437fe700 1 -- 172.21.15.52:0/667316310 <== mon.0 v2:172.21.15.52:3300/0 3 ==== mon_map magic: 0 ==== 205+0+0 (secure 0 0 0) 0x7fcc3c011b20 con 0x7fcc44106be0
2024-05-09T07:01:51.457 INFO:teuthology.orchestra.run.smithi052.stdout:/usr/bin/ceph: stderr
2024-05-09T07:01:50.719+0000 7fcc4af83700 1 -- 172.21.15.52:0/667316310 >> [v2:172.21.15.52:3300/0,v1:172.21.15.52:6789/0] conn(0x7fcc44106be0 msgr2=0x7fcc44107000 secure :-1 s=STATE_CONNECTION_ESTABLISHED l=1).mark_down
2024-05-09T07:01:51.457 INFO:teuthology.orchestra.run.smithi052.stdout:/usr/bin/ceph: stderr
2024-05-09T07:01:50.719+0000 7fcc4af83700 1 --2- 172.21.15.52:0/667316310 >> [v2:172.21.15.52:3300/0,v1:172.21.15.52:6789/0] conn(0x7fcc44106be0 0x7fcc44107000 secure :-1 s=READY pgs=74 cs=0 l=1 rev1=1 crypto rx=0x7fcc3c0098a0 tx=0x7fcc3c009bb0 comp rx=0 tx=0).stop
2024-05-09T07:01:51.457 INFO:teuthology.orchestra.run.smithi052.stdout:/usr/bin/ceph: stderr
2024-05-09T07:01:50.719+0000 7fcc4af83700 1 -- 172.21.15.52:0/667316310 shutdown_connections
2024-05-09T07:01:51.457 INFO:teuthology.orchestra.run.smithi052.stdout:/usr/bin/ceph: stderr
2024-05-09T07:01:50.719+0000 7fcc4af83700 1 --2- 172.21.15.52:0/667316310 >> [v2:172.21.15.52:3300/0,v1:172.21.15.52:6789/0] conn(0x7fcc44106be0 0x7fcc44107000 unknown :-1 s=CLOSED pgs=74 cs=0 l=1 rev1=1 crypto rx=0 tx=0 comp rx=0 tx=0).stop
2024-05-09T07:01:51.457 INFO:teuthology.orchestra.run.smithi052.stdout:/usr/bin/ceph: stderr
2024-05-09T07:01:50.719+0000 7fcc4af83700 1 -- 172.21.15.52:0/667316310 >> 172.21.15.52:0/667316310 conn(0x7fcc441021a0 msgr2=0x7fcc441045c0 unknown :-1 s=STATE_NONE l=0).mark_down
2024-05-09T07:01:51.457 INFO:teuthology.orchestra.run.smithi052.stdout:/usr/bin/ceph: stderr
2024-05-09T07:01:50.719+0000 7fcc4af83700 1 -- 172.21.15.52:0/667316310 shutdown_connections
2024-05-09T07:01:51.458 INFO:teuthology.orchestra.run.smithi052.stdout:/usr/bin/ceph: stderr
2024-05-09T07:01:50.719+0000 7fcc4af83700 1 -- 172.21.15.52:0/667316310 wait complete.
2024-05-09T07:01:51.458 INFO:teuthology.orchestra.run.smithi052.stdout:/usr/bin/ceph: stderr
2024-05-09T07:01:50.720+0000 7fcc4af83700 1 Processor -- start
2024-05-09T07:01:51.458 INFO:teuthology.orchestra.run.smithi052.stdout:/usr/bin/ceph: stderr
2024-05-09T07:01:50.720+0000 7fcc4af83700 1 -- start start
2024-05-09T07:01:51.458 INFO:teuthology.orchestra.run.smithi052.stdout:/usr/bin/ceph: stderr
2024-05-09T07:01:50.720+0000 7fcc4af83700 1 --2- >> [v2:172.21.15.52:3300/0,v1:172.21.15.52:6789/0] conn(0x7fcc44106be0 0x7fcc44191d90 unknown :-1 s=NONE pgs=0 cs=0 l=1 rev1=0 crypto rx=0 tx=0 comp rx=0 tx=0).connect
2024-05-09T07:01:51.458 INFO:teuthology.orchestra.run.smithi052.stdout:/usr/bin/ceph: stderr
2024-05-09T07:01:50.720+0000 7fcc4af83700 1 -- --> [v2:172.21.15.52:3300/0,v1:172.21.15.52:6789/0] -- mon_getmap magic: 0 -- 0x7fcc4410b190 con 0x7fcc44106be0
2024-05-09T07:01:51.458 INFO:teuthology.orchestra.run.smithi052.stdout:/usr/bin/ceph: stderr
2024-05-09T07:01:50.720+0000 7fcc48d1f700 1 --2- >> [v2:172.21.15.52:3300/0,v1:172.21.15.52:6789/0] conn(0x7fcc44106be0 0x7fcc44191d90 unknown :-1 s=BANNER_CONNECTING pgs=0 cs=0 l=1 rev1=0 crypto rx=0 tx=0 comp rx=0 tx=0)._handle_peer_banner_payload supported=3 required=0
2024-05-09T07:01:51.458 INFO:teuthology.orchestra.run.smithi052.stdout:/usr/bin/ceph: stderr
2024-05-09T07:01:50.720+0000 7fcc48d1f700 1 --2- >> [v2:172.21.15.52:3300/0,v1:172.21.15.52:6789/0] conn(0x7fcc44106be0 0x7fcc44191d90 unknown :-1 s=HELLO_CONNECTING pgs=0 cs=0 l=1 rev1=1 crypto rx=0 tx=0 comp rx=0 tx=0).handle_hello peer v2:172.21.15.52:3300/0 says I am v2:172.21.15.52:59642/0 (socket says 172.21.15.52:59642)
2024-05-09T07:01:51.458 INFO:teuthology.orchestra.run.smithi052.stdout:/usr/bin/ceph: stderr
2024-05-09T07:01:50.720+0000 7fcc48d1f700 1 -- 172.21.15.52:0/4106718956 learned_addr learned my addr 172.21.15.52:0/4106718956 (peer_addr_for_me v2:172.21.15.52:0/0)
2024-05-09T07:01:51.458 INFO:teuthology.orchestra.run.smithi052.stdout:/usr/bin/ceph: stderr
2024-05-09T07:01:50.720+0000 7fcc48d1f700 1 -- 172.21.15.52:0/4106718956 --> [v2:172.21.15.52:3300/0,v1:172.21.15.52:6789/0] -- mon_subscribe({config=0+,monmap=0+}) -- 0x7fcc441922d0 con 0x7fcc44106be0
2024-05-09T07:01:51.458 INFO:teuthology.orchestra.run.smithi052.stdout:/usr/bin/ceph: stderr
2024-05-09T07:01:50.720+0000 7fcc48d1f700 1 --2- 172.21.15.52:0/4106718956 >> [v2:172.21.15.52:3300/0,v1:172.21.15.52:6789/0] conn(0x7fcc44106be0 0x7fcc44191d90 secure :-1 s=READY pgs=75 cs=0 l=1 rev1=1 crypto rx=0x7fcc3c0117e0 tx=0x7fcc3c011ba0 comp rx=0 tx=0).ready entity=mon.0 client_cookie=0 server_cookie=0 in_seq=0 out_seq=0
2024-05-09T07:01:51.459 INFO:teuthology.orchestra.run.smithi052.stdout:/usr/bin/ceph: stderr
2024-05-09T07:01:50.720+0000 7fcc41ffb700 1 -- 172.21.15.52:0/4106718956 <== mon.0 v2:172.21.15.52:3300/0 1 ==== mon_map magic: 0 ==== 205+0+0 (secure 0 0 0) 0x7fcc3c003bf0 con 0x7fcc44106be0
2024-05-09T07:01:51.459 INFO:teuthology.orchestra.run.smithi052.stdout:/usr/bin/ceph: stderr
2024-05-09T07:01:50.720+0000 7fcc41ffb700 1 -- 172.21.15.52:0/4106718956 <== mon.0 v2:172.21.15.52:3300/0 2 ==== config(27 keys) ==== 1140+0+0 (secure 0 0 0) 0x7fcc3c01a910 con 0x7fcc44106be0
2024-05-09T07:01:51.459 INFO:teuthology.orchestra.run.smithi052.stdout:/usr/bin/ceph: stderr
2024-05-09T07:01:50.720+0000 7fcc4af83700 1 -- 172.21.15.52:0/4106718956 --> [v2:172.21.15.52:3300/0,v1:172.21.15.52:6789/0] -- mon_subscribe({mgrmap=0+}) -- 0x7fcc441904c0 con 0x7fcc44106be0
2024-05-09T07:01:51.459 INFO:teuthology.orchestra.run.smithi052.stdout:/usr/bin/ceph: stderr
2024-05-09T07:01:50.721+0000 7fcc41ffb700 1 -- 172.21.15.52:0/4106718956 <== mon.0 v2:172.21.15.52:3300/0 3 ==== mon_map magic: 0 ==== 205+0+0 (secure 0 0 0) 0x7fcc3c024970 con 0x7fcc44106be0
2024-05-09T07:01:51.459 INFO:teuthology.orchestra.run.smithi052.stdout:/usr/bin/ceph: stderr
2024-05-09T07:01:50.721+0000 7fcc4af83700 1 -- 172.21.15.52:0/4106718956 --> [v2:172.21.15.52:3300/0,v1:172.21.15.52:6789/0] -- mon_subscribe({osdmap=0}) -- 0x7fcc44190980 con 0x7fcc44106be0
2024-05-09T07:01:51.459 INFO:teuthology.orchestra.run.smithi052.stdout:/usr/bin/ceph: stderr
2024-05-09T07:01:50.722+0000 7fcc41ffb700 1 -- 172.21.15.52:0/4106718956 <== mon.0 v2:172.21.15.52:3300/0 4 ==== mgrmap(e 13) ==== 46343+0+0 (secure 0 0 0) 0x7fcc3c022020 con 0x7fcc44106be0
2024-05-09T07:01:51.459 INFO:teuthology.orchestra.run.smithi052.stdout:/usr/bin/ceph: stderr
2024-05-09T07:01:50.722+0000 7fcc41ffb700 1 --2- 172.21.15.52:0/4106718956 >> [v2:172.21.15.52:6800/2930544568,v1:172.21.15.52:6801/2930544568] conn(0x7fcc30039140 0x7fcc3003b600 unknown :-1 s=NONE pgs=0 cs=0 l=1 rev1=0 crypto rx=0 tx=0 comp rx=0 tx=0).connect
2024-05-09T07:01:51.459 INFO:teuthology.orchestra.run.smithi052.stdout:/usr/bin/ceph: stderr
2024-05-09T07:01:50.722+0000 7fcc4af83700 1 -- 172.21.15.52:0/4106718956 --> [v2:172.21.15.52:3300/0,v1:172.21.15.52:6789/0] -- mon_command({"prefix": "get_command_descriptions"} v 0) -- 0x7fcc44063980 con 0x7fcc44106be0
2024-05-09T07:01:51.459 INFO:teuthology.orchestra.run.smithi052.stdout:/usr/bin/ceph: stderr
2024-05-09T07:01:50.722+0000 7fcc41ffb700 1 -- 172.21.15.52:0/4106718956 <== mon.0 v2:172.21.15.52:3300/0 5 ==== osd_map(3..3 src has 1..3) ==== 1155+0+0 (secure 0 0 0) 0x7fcc3c04da40 con 0x7fcc44106be0
2024-05-09T07:01:51.459 INFO:teuthology.orchestra.run.smithi052.stdout:/usr/bin/ceph: stderr
2024-05-09T07:01:50.722+0000 7fcc43fff700 1 --2- 172.21.15.52:0/4106718956 >> [v2:172.21.15.52:6800/2930544568,v1:172.21.15.52:6801/2930544568] conn(0x7fcc30039140 0x7fcc3003b600 unknown :-1 s=BANNER_CONNECTING pgs=0 cs=0 l=1 rev1=0 crypto rx=0 tx=0 comp rx=0 tx=0)._handle_peer_banner_payload supported=3 required=0
2024-05-09T07:01:51.459 INFO:teuthology.orchestra.run.smithi052.stdout:/usr/bin/ceph: stderr
2024-05-09T07:01:50.722+0000 7fcc43fff700 1 --2- 172.21.15.52:0/4106718956 >> [v2:172.21.15.52:6800/2930544568,v1:172.21.15.52:6801/2930544568] conn(0x7fcc30039140 0x7fcc3003b600 secure :-1 s=READY pgs=10 cs=0 l=1 rev1=1 crypto rx=0x7fcc3400ad30 tx=0x7fcc340093f0 comp rx=0 tx=0).ready entity=mgr.14150 client_cookie=0 server_cookie=0 in_seq=0 out_seq=0
2024-05-09T07:01:51.459 INFO:teuthology.orchestra.run.smithi052.stdout:/usr/bin/ceph: stderr
2024-05-09T07:01:50.727+0000 7fcc41ffb700 1 -- 172.21.15.52:0/4106718956 <== mon.0 v2:172.21.15.52:3300/0 6 ==== mon_command_ack([{"prefix": "get_command_descriptions"}]=0 v0) ==== 72+0+186147 (secure 0 0 0) 0x7fcc3c012040 con 0x7fcc44106be0
2024-05-09T07:01:51.459 INFO:teuthology.orchestra.run.smithi052.stdout:/usr/bin/ceph: stderr
2024-05-09T07:01:50.934+0000 7fcc4af83700 1 -- 172.21.15.52:0/4106718956 --> [v2:172.21.15.52:3300/0,v1:172.21.15.52:6789/0] -- mon_command([{prefix=config set, name=osd_memory_target_autotune}] v 0) -- 0x7fcc44195b20 con 0x7fcc44106be0
2024-05-09T07:01:51.459 INFO:teuthology.orchestra.run.smithi052.stdout:/usr/bin/ceph: stderr
2024-05-09T07:01:50.934+0000 7fcc41ffb700 1 -- 172.21.15.52:0/4106718956 <== mon.0 v2:172.21.15.52:3300/0 7 ==== mon_command_ack([{prefix=config set, name=osd_memory_target_autotune}]=0 v8)=0 v8) ==== 127+0+0 (secure 0 0 0) 0x7fcc3c032020 con 0x7fcc44106be0
2024-05-09T07:01:51.459 INFO:teuthology.orchestra.run.smithi052.stdout:/usr/bin/ceph: stderr
2024-05-09T07:01:50.936+0000 7fcc4af83700 1 -- 172.21.15.52:0/4106718956 >> [v2:172.21.15.52:6800/2930544568,v1:172.21.15.52:6801/2930544568] conn(0x7fcc30039140 msgr2=0x7fcc3003b600 secure :-1 s=STATE_CONNECTION_ESTABLISHED l=1).mark_down
2024-05-09T07:01:51.460 INFO:teuthology.orchestra.run.smithi052.stdout:/usr/bin/ceph: stderr
2024-05-09T07:01:50.936+0000 7fcc4af83700 1 --2- 172.21.15.52:0/4106718956 >> [v2:172.21.15.52:6800/2930544568,v1:172.21.15.52:6801/2930544568] conn(0x7fcc30039140 0x7fcc3003b600 secure :-1 s=READY pgs=10 cs=0 l=1 rev1=1 crypto rx=0x7fcc3400ad30 tx=0x7fcc340093f0 comp rx=0 tx=0).stop
2024-05-09T07:01:51.460 INFO:teuthology.orchestra.run.smithi052.stdout:/usr/bin/ceph: stderr
2024-05-09T07:01:50.936+0000 7fcc4af83700 1 -- 172.21.15.52:0/4106718956 >> [v2:172.21.15.52:3300/0,v1:172.21.15.52:6789/0] conn(0x7fcc44106be0 msgr2=0x7fcc44191d90 secure :-1 s=STATE_CONNECTION_ESTABLISHED l=1).mark_down
2024-05-09T07:01:51.460 INFO:teuthology.orchestra.run.smithi052.stdout:/usr/bin/ceph: stderr
2024-05-09T07:01:50.936+0000 7fcc4af83700 1 --2- 172.21.15.52:0/4106718956 >> [v2:172.21.15.52:3300/0,v1:172.21.15.52:6789/0] conn(0x7fcc44106be0 0x7fcc44191d90 secure :-1 s=READY pgs=75 cs=0 l=1 rev1=1 crypto rx=0x7fcc3c0117e0 tx=0x7fcc3c011ba0 comp rx=0 tx=0).stop
2024-05-09T07:01:51.460 INFO:teuthology.orchestra.run.smithi052.stdout:/usr/bin/ceph: stderr
2024-05-09T07:01:50.936+0000 7fcc4af83700 1 -- 172.21.15.52:0/4106718956 shutdown_connections
2024-05-09T07:01:51.460 INFO:teuthology.orchestra.run.smithi052.stdout:/usr/bin/ceph: stderr
2024-05-09T07:01:50.936+0000 7fcc4af83700 1 --2- 172.21.15.52:0/4106718956 >> [v2:172.21.15.52:6800/2930544568,v1:172.21.15.52:6801/2930544568] conn(0x7fcc30039140 0x7fcc3003b600 unknown :-1 s=CLOSED pgs=10 cs=0 l=1 rev1=1 crypto rx=0 tx=0 comp rx=0 tx=0).stop
2024-05-09T07:01:51.460 INFO:teuthology.orchestra.run.smithi052.stdout:/usr/bin/ceph: stderr
2024-05-09T07:01:50.936+0000 7fcc4af83700 1 --2- 172.21.15.52:0/4106718956 >> [v2:172.21.15.52:3300/0,v1:172.21.15.52:6789/0] conn(0x7fcc44106be0 0x7fcc44191d90 unknown :-1 s=CLOSED pgs=75 cs=0 l=1 rev1=1 crypto rx=0 tx=0 comp rx=0 tx=0).stop
2024-05-09T07:01:51.460 INFO:teuthology.orchestra.run.smithi052.stdout:/usr/bin/ceph: stderr
2024-05-09T07:01:50.936+0000 7fcc4af83700 1 -- 172.21.15.52:0/4106718956 >> 172.21.15.52:0/4106718956 conn(0x7fcc441021a0 msgr2=0x7fcc44102fa0 unknown :-1 s=STATE_NONE l=0).mark_down
2024-05-09T07:01:51.460 INFO:teuthology.orchestra.run.smithi052.stdout:/usr/bin/ceph: stderr
2024-05-09T07:01:50.936+0000 7fcc4af83700 1 -- 172.21.15.52:0/4106718956 shutdown_connections
2024-05-09T07:01:51.460 INFO:teuthology.orchestra.run.smithi052.stdout:/usr/bin/ceph: stderr
2024-05-09T07:01:50.937+0000 7fcc4af83700 1 -- 172.21.15.52:0/4106718956 wait complete.
2024-05-09T07:01:51.578 INFO:journalctl@ceph.mon.a.smithi052.stdout:May 09 07:01:51 smithi052 ceph-mon[30674]: mgrmap e13: x(active, since 6s)
2024-05-09T07:01:52.831 INFO:teuthology.orchestra.run.smithi052.stdout:/usr/bin/ceph: stderr
2024-05-09T07:01:51.923+0000 7f32de6d7700 1 Processor -- start
2024-05-09T07:01:52.831 INFO:teuthology.orchestra.run.smithi052.stdout:/usr/bin/ceph: stderr
2024-05-09T07:01:51.923+0000 7f32de6d7700 1 -- start start
2024-05-09T07:01:52.831 INFO:teuthology.orchestra.run.smithi052.stdout:/usr/bin/ceph: stderr
2024-05-09T07:01:51.924+0000 7f32de6d7700 1 --2- >> [v2:172.21.15.52:3300/0,v1:172.21.15.52:6789/0] conn(0x7f32d8108730 0x7f32d810ab20 unknown :-1 s=NONE pgs=0 cs=0 l=0 rev1=0 crypto rx=0 tx=0 comp rx=0 tx=0).connect
2024-05-09T07:01:52.832 INFO:teuthology.orchestra.run.smithi052.stdout:/usr/bin/ceph: stderr
2024-05-09T07:01:51.924+0000 7f32de6d7700 1 -- --> [v2:172.21.15.52:3300/0,v1:172.21.15.52:6789/0] -- mon_getmap magic: 0 -- 0x7f32d807be80 con 0x7f32d8108730
2024-05-09T07:01:52.832 INFO:teuthology.orchestra.run.smithi052.stdout:/usr/bin/ceph: stderr
2024-05-09T07:01:51.924+0000 7f32d7fff700 1 --2- >> [v2:172.21.15.52:3300/0,v1:172.21.15.52:6789/0] conn(0x7f32d8108730 0x7f32d810ab20 unknown :-1 s=BANNER_CONNECTING pgs=0 cs=0 l=0 rev1=0 crypto rx=0 tx=0 comp rx=0 tx=0)._handle_peer_banner_payload supported=3 required=0
2024-05-09T07:01:52.832 INFO:teuthology.orchestra.run.smithi052.stdout:/usr/bin/ceph: stderr
2024-05-09T07:01:51.924+0000 7f32d7fff700 1 --2- >> [v2:172.21.15.52:3300/0,v1:172.21.15.52:6789/0] conn(0x7f32d8108730 0x7f32d810ab20 unknown :-1 s=HELLO_CONNECTING pgs=0 cs=0 l=0 rev1=1 crypto rx=0 tx=0 comp rx=0 tx=0).handle_hello peer v2:172.21.15.52:3300/0 says I am v2:172.21.15.52:59646/0 (socket says 172.21.15.52:59646)
2024-05-09T07:01:52.832 INFO:teuthology.orchestra.run.smithi052.stdout:/usr/bin/ceph: stderr
2024-05-09T07:01:51.924+0000 7f32d7fff700 1 -- 172.21.15.52:0/4218573863 learned_addr learned my addr 172.21.15.52:0/4218573863 (peer_addr_for_me v2:172.21.15.52:0/0)
2024-05-09T07:01:52.832 INFO:teuthology.orchestra.run.smithi052.stdout:/usr/bin/ceph: stderr
2024-05-09T07:01:51.924+0000 7f32d7fff700 1 -- 172.21.15.52:0/4218573863 --> [v2:172.21.15.52:3300/0,v1:172.21.15.52:6789/0] -- mon_subscribe({config=0+,monmap=0+}) -- 0x7f32d810b060 con 0x7f32d8108730
2024-05-09T07:01:52.832 INFO:teuthology.orchestra.run.smithi052.stdout:/usr/bin/ceph: stderr
2024-05-09T07:01:51.924+0000 7f32d7fff700 1 --2- 172.21.15.52:0/4218573863 >> [v2:172.21.15.52:3300/0,v1:172.21.15.52:6789/0] conn(0x7f32d8108730 0x7f32d810ab20 secure :-1 s=READY pgs=76 cs=0 l=1 rev1=1 crypto rx=0x7f32c80098a0 tx=0x7f32c8009bb0 comp rx=0 tx=0).ready entity=mon.0 client_cookie=b9f030eda87abab7 server_cookie=0 in_seq=0 out_seq=0
2024-05-09T07:01:52.832 INFO:teuthology.orchestra.run.smithi052.stdout:/usr/bin/ceph: stderr
2024-05-09T07:01:51.925+0000 7f32d77fe700 1 -- 172.21.15.52:0/4218573863 <== mon.0 v2:172.21.15.52:3300/0 1 ==== mon_map magic: 0 ==== 205+0+0 (secure 0 0 0) 0x7f32c8004160 con 0x7f32d8108730
2024-05-09T07:01:52.832 INFO:teuthology.orchestra.run.smithi052.stdout:/usr/bin/ceph: stderr
2024-05-09T07:01:51.925+0000 7f32d77fe700 1 -- 172.21.15.52:0/4218573863 <== mon.0 v2:172.21.15.52:3300/0 2 ==== config(27 keys) ==== 1140+0+0 (secure 0 0 0) 0x7f32c8004300 con 0x7f32d8108730
2024-05-09T07:01:52.832 INFO:teuthology.orchestra.run.smithi052.stdout:/usr/bin/ceph: stderr
2024-05-09T07:01:51.925+0000 7f32d77fe700 1 -- 172.21.15.52:0/4218573863 <== mon.0 v2:172.21.15.52:3300/0 3 ==== mon_map magic: 0 ==== 205+0+0 (secure 0 0 0) 0x7f32c8011b20 con 0x7f32d8108730
2024-05-09T07:01:52.832 INFO:teuthology.orchestra.run.smithi052.stdout:/usr/bin/ceph: stderr
2024-05-09T07:01:51.925+0000 7f32de6d7700 1 -- 172.21.15.52:0/4218573863 >> [v2:172.21.15.52:3300/0,v1:172.21.15.52:6789/0] conn(0x7f32d8108730 msgr2=0x7f32d810ab20 secure :-1 s=STATE_CONNECTION_ESTABLISHED l=1).mark_down
2024-05-09T07:01:52.832 INFO:teuthology.orchestra.run.smithi052.stdout:/usr/bin/ceph: stderr
2024-05-09T07:01:51.925+0000 7f32de6d7700 1 --2- 172.21.15.52:0/4218573863 >> [v2:172.21.15.52:3300/0,v1:172.21.15.52:6789/0] conn(0x7f32d8108730 0x7f32d810ab20 secure :-1 s=READY pgs=76 cs=0 l=1 rev1=1 crypto rx=0x7f32c80098a0 tx=0x7f32c8009bb0 comp rx=0 tx=0).stop
2024-05-09T07:01:52.832 INFO:teuthology.orchestra.run.smithi052.stdout:/usr/bin/ceph: stderr
2024-05-09T07:01:51.925+0000 7f32de6d7700 1 -- 172.21.15.52:0/4218573863 shutdown_connections
2024-05-09T07:01:52.832 INFO:teuthology.orchestra.run.smithi052.stdout:/usr/bin/ceph: stderr
2024-05-09T07:01:51.925+0000 7f32de6d7700 1 --2- 172.21.15.52:0/4218573863 >> [v2:172.21.15.52:3300/0,v1:172.21.15.52:6789/0] conn(0x7f32d8108730 0x7f32d810ab20 unknown :-1 s=CLOSED pgs=76 cs=0 l=1 rev1=1 crypto rx=0 tx=0 comp rx=0 tx=0).stop
2024-05-09T07:01:52.832 INFO:teuthology.orchestra.run.smithi052.stdout:/usr/bin/ceph: stderr
2024-05-09T07:01:51.925+0000 7f32de6d7700 1 -- 172.21.15.52:0/4218573863 >> 172.21.15.52:0/4218573863 conn(0x7f32d8102180 msgr2=0x7f32d81045a0 unknown :-1 s=STATE_NONE l=0).mark_down
2024-05-09T07:01:52.833 INFO:teuthology.orchestra.run.smithi052.stdout:/usr/bin/ceph: stderr
2024-05-09T07:01:51.925+0000 7f32de6d7700 1 -- 172.21.15.52:0/4218573863 shutdown_connections
2024-05-09T07:01:52.833 INFO:teuthology.orchestra.run.smithi052.stdout:/usr/bin/ceph: stderr
2024-05-09T07:01:51.925+0000 7f32de6d7700 1 -- 172.21.15.52:0/4218573863 wait complete.
2024-05-09T07:01:52.833 INFO:teuthology.orchestra.run.smithi052.stdout:/usr/bin/ceph: stderr
2024-05-09T07:01:51.926+0000 7f32de6d7700 1 Processor -- start
2024-05-09T07:01:52.833 INFO:teuthology.orchestra.run.smithi052.stdout:/usr/bin/ceph: stderr
2024-05-09T07:01:51.926+0000 7f32de6d7700 1 -- start start
2024-05-09T07:01:52.833 INFO:teuthology.orchestra.run.smithi052.stdout:/usr/bin/ceph: stderr
2024-05-09T07:01:51.926+0000 7f32de6d7700 1 --2- >> [v2:172.21.15.52:3300/0,v1:172.21.15.52:6789/0] conn(0x7f32d8108730 0x7f32d819bba0 unknown :-1 s=NONE pgs=0 cs=0 l=1 rev1=0 crypto rx=0 tx=0 comp rx=0 tx=0).connect
2024-05-09T07:01:52.833 INFO:teuthology.orchestra.run.smithi052.stdout:/usr/bin/ceph: stderr
2024-05-09T07:01:51.926+0000 7f32de6d7700 1 -- --> [v2:172.21.15.52:3300/0,v1:172.21.15.52:6789/0] -- mon_getmap magic: 0 -- 0x7f32d810c0d0 con 0x7f32d8108730
2024-05-09T07:01:52.833 INFO:teuthology.orchestra.run.smithi052.stdout:/usr/bin/ceph: stderr
2024-05-09T07:01:51.926+0000 7f32d7fff700 1 --2- >> [v2:172.21.15.52:3300/0,v1:172.21.15.52:6789/0] conn(0x7f32d8108730 0x7f32d819bba0 unknown :-1 s=BANNER_CONNECTING pgs=0 cs=0 l=1 rev1=0 crypto rx=0 tx=0 comp rx=0 tx=0)._handle_peer_banner_payload supported=3 required=0
2024-05-09T07:01:52.833 INFO:teuthology.orchestra.run.smithi052.stdout:/usr/bin/ceph: stderr
2024-05-09T07:01:51.926+0000 7f32d7fff700 1 --2- >> [v2:172.21.15.52:3300/0,v1:172.21.15.52:6789/0] conn(0x7f32d8108730 0x7f32d819bba0 unknown :-1 s=HELLO_CONNECTING pgs=0 cs=0 l=1 rev1=1 crypto rx=0 tx=0 comp rx=0 tx=0).handle_hello peer v2:172.21.15.52:3300/0 says I am v2:172.21.15.52:59652/0 (socket says 172.21.15.52:59652)
2024-05-09T07:01:52.833 INFO:teuthology.orchestra.run.smithi052.stdout:/usr/bin/ceph: stderr
2024-05-09T07:01:51.926+0000 7f32d7fff700 1 -- 172.21.15.52:0/1175865278 learned_addr learned my addr 172.21.15.52:0/1175865278 (peer_addr_for_me v2:172.21.15.52:0/0)
2024-05-09T07:01:52.833 INFO:teuthology.orchestra.run.smithi052.stdout:/usr/bin/ceph: stderr
2024-05-09T07:01:51.927+0000 7f32d7fff700 1 -- 172.21.15.52:0/1175865278 --> [v2:172.21.15.52:3300/0,v1:172.21.15.52:6789/0] -- mon_subscribe({config=0+,monmap=0+}) -- 0x7f32d819c0e0 con 0x7f32d8108730
2024-05-09T07:01:52.833 INFO:teuthology.orchestra.run.smithi052.stdout:/usr/bin/ceph: stderr
2024-05-09T07:01:51.927+0000 7f32d7fff700 1 --2- 172.21.15.52:0/1175865278 >> [v2:172.21.15.52:3300/0,v1:172.21.15.52:6789/0] conn(0x7f32d8108730 0x7f32d819bba0 secure :-1 s=READY pgs=77 cs=0 l=1 rev1=1 crypto rx=0x7f32c80117e0 tx=0x7f32c8011ba0 comp rx=0 tx=0).ready entity=mon.0 client_cookie=0 server_cookie=0 in_seq=0 out_seq=0
2024-05-09T07:01:52.833 INFO:teuthology.orchestra.run.smithi052.stdout:/usr/bin/ceph: stderr
2024-05-09T07:01:51.927+0000 7f32d5ffb700 1 -- 172.21.15.52:0/1175865278 <== mon.0 v2:172.21.15.52:3300/0 1 ==== mon_map magic: 0 ==== 205+0+0 (secure 0 0 0) 0x7f32c8003ba0 con 0x7f32d8108730
2024-05-09T07:01:52.833 INFO:teuthology.orchestra.run.smithi052.stdout:/usr/bin/ceph: stderr
2024-05-09T07:01:51.927+0000 7f32d5ffb700 1 -- 172.21.15.52:0/1175865278 <== mon.0 v2:172.21.15.52:3300/0 2 ==== config(27 keys) ==== 1140+0+0 (secure 0 0 0) 0x7f32c801a910 con 0x7f32d8108730
2024-05-09T07:01:52.833 INFO:teuthology.orchestra.run.smithi052.stdout:/usr/bin/ceph: stderr
2024-05-09T07:01:51.927+0000 7f32d5ffb700 1 -- 172.21.15.52:0/1175865278 <== mon.0 v2:172.21.15.52:3300/0 3 ==== mon_map magic: 0 ==== 205+0+0 (secure 0 0 0) 0x7f32c80248f0 con 0x7f32d8108730
2024-05-09T07:01:52.833 INFO:teuthology.orchestra.run.smithi052.stdout:/usr/bin/ceph: stderr
2024-05-09T07:01:51.927+0000 7f32de6d7700 1 -- 172.21.15.52:0/1175865278 --> [v2:172.21.15.52:3300/0,v1:172.21.15.52:6789/0] -- mon_subscribe({mgrmap=0+}) -- 0x7f32d819c370 con 0x7f32d8108730
2024-05-09T07:01:52.834 INFO:teuthology.orchestra.run.smithi052.stdout:/usr/bin/ceph: stderr
2024-05-09T07:01:51.927+0000 7f32de6d7700 1 -- 172.21.15.52:0/1175865278 --> [v2:172.21.15.52:3300/0,v1:172.21.15.52:6789/0] -- mon_subscribe({osdmap=0}) -- 0x7f32d819c7d0 con 0x7f32d8108730
2024-05-09T07:01:52.834 INFO:teuthology.orchestra.run.smithi052.stdout:/usr/bin/ceph: stderr
2024-05-09T07:01:51.928+0000 7f32d5ffb700 1 -- 172.21.15.52:0/1175865278 <== mon.0 v2:172.21.15.52:3300/0 4 ==== mgrmap(e 13) ==== 46343+0+0 (secure 0 0 0) 0x7f32c8022020 con 0x7f32d8108730
2024-05-09T07:01:52.834 INFO:teuthology.orchestra.run.smithi052.stdout:/usr/bin/ceph: stderr
2024-05-09T07:01:51.928+0000 7f32de6d7700 1 -- 172.21.15.52:0/1175865278 --> [v2:172.21.15.52:3300/0,v1:172.21.15.52:6789/0] -- mon_command({"prefix": "get_command_descriptions"} v 0) -- 0x7f32d8063980 con 0x7f32d8108730
2024-05-09T07:01:52.834 INFO:teuthology.orchestra.run.smithi052.stdout:/usr/bin/ceph: stderr
2024-05-09T07:01:51.928+0000 7f32d5ffb700 1 --2- 172.21.15.52:0/1175865278 >> [v2:172.21.15.52:6800/2930544568,v1:172.21.15.52:6801/2930544568] conn(0x7f32c40391a0 0x7f32c403b660 unknown :-1 s=NONE pgs=0 cs=0 l=1 rev1=0 crypto rx=0 tx=0 comp rx=0 tx=0).connect
2024-05-09T07:01:52.834 INFO:teuthology.orchestra.run.smithi052.stdout:/usr/bin/ceph: stderr
2024-05-09T07:01:51.928+0000 7f32d5ffb700 1 -- 172.21.15.52:0/1175865278 <== mon.0 v2:172.21.15.52:3300/0 5 ==== osd_map(3..3 src has 1..3) ==== 1155+0+0 (secure 0 0 0) 0x7f32c804d6a0 con 0x7f32d8108730
2024-05-09T07:01:52.834 INFO:teuthology.orchestra.run.smithi052.stdout:/usr/bin/ceph: stderr
2024-05-09T07:01:51.928+0000 7f32cffff700 1 --2- 172.21.15.52:0/1175865278 >> [v2:172.21.15.52:6800/2930544568,v1:172.21.15.52:6801/2930544568] conn(0x7f32c40391a0 0x7f32c403b660 unknown :-1 s=BANNER_CONNECTING pgs=0 cs=0 l=1 rev1=0 crypto rx=0 tx=0 comp rx=0 tx=0)._handle_peer_banner_payload supported=3 required=0
2024-05-09T07:01:52.834 INFO:teuthology.orchestra.run.smithi052.stdout:/usr/bin/ceph: stderr
2024-05-09T07:01:51.929+0000 7f32cffff700 1 --2- 172.21.15.52:0/1175865278 >> [v2:172.21.15.52:6800/2930544568,v1:172.21.15.52:6801/2930544568] conn(0x7f32c40391a0 0x7f32c403b660 secure :-1 s=READY pgs=11 cs=0 l=1 rev1=1 crypto rx=0x7f32c0006fd0 tx=0x7f32c0006e40 comp rx=0 tx=0).ready entity=mgr.14150 client_cookie=0 server_cookie=0 in_seq=0 out_seq=0
2024-05-09T07:01:52.834 INFO:teuthology.orchestra.run.smithi052.stdout:/usr/bin/ceph: stderr
2024-05-09T07:01:51.933+0000 7f32d5ffb700 1 -- 172.21.15.52:0/1175865278 <== mon.0 v2:172.21.15.52:3300/0 6 ==== mon_command_ack([{"prefix": "get_command_descriptions"}]=0 v0) ==== 72+0+186147 (secure 0 0 0) 0x7f32c80212c0 con 0x7f32d8108730
2024-05-09T07:01:52.834 INFO:teuthology.orchestra.run.smithi052.stdout:/usr/bin/ceph: stderr
2024-05-09T07:01:52.254+0000 7f32de6d7700 1 -- 172.21.15.52:0/1175865278 --> [v2:172.21.15.52:3300/0,v1:172.21.15.52:6789/0] -- mon_command([{prefix=config-key set, key=mgr/dashboard/cluster/status}] v 0) -- 0x7f32d819f1a0 con 0x7f32d8108730
2024-05-09T07:01:52.834 INFO:teuthology.orchestra.run.smithi052.stdout:/usr/bin/ceph: stderr
2024-05-09T07:01:52.257+0000 7f32d5ffb700 1 -- 172.21.15.52:0/1175865278 <== mon.0 v2:172.21.15.52:3300/0 7 ==== mon_command_ack([{prefix=config-key set, key=mgr/dashboard/cluster/status}]=0 set mgr/dashboard/cluster/status v28)=0 set mgr/dashboard/cluster/status v28) ==== 153+0+0 (secure 0 0 0) 0x7f32c802d3f0 con 0x7f32d8108730
2024-05-09T07:01:52.834 INFO:teuthology.orchestra.run.smithi052.stdout:/usr/bin/ceph: stderr
2024-05-09T07:01:52.259+0000 7f32de6d7700 1 -- 172.21.15.52:0/1175865278 >> [v2:172.21.15.52:6800/2930544568,v1:172.21.15.52:6801/2930544568] conn(0x7f32c40391a0 msgr2=0x7f32c403b660 secure :-1 s=STATE_CONNECTION_ESTABLISHED l=1).mark_down
2024-05-09T07:01:52.834 INFO:teuthology.orchestra.run.smithi052.stdout:/usr/bin/ceph: stderr
2024-05-09T07:01:52.259+0000 7f32de6d7700 1 --2- 172.21.15.52:0/1175865278 >> [v2:172.21.15.52:6800/2930544568,v1:172.21.15.52:6801/2930544568] conn(0x7f32c40391a0 0x7f32c403b660 secure :-1 s=READY pgs=11 cs=0 l=1 rev1=1 crypto rx=0x7f32c0006fd0 tx=0x7f32c0006e40 comp rx=0 tx=0).stop
2024-05-09T07:01:52.834 INFO:teuthology.orchestra.run.smithi052.stdout:/usr/bin/ceph: stderr
