2024-05-09T07:47:25.290 INFO:teuthology.orchestra.run.smithi003.stdout:/usr/bin/ceph: stderr
2024-05-09T07:47:23.783+0000 7f9e36a00700 1 -- 172.21.15.3:0/1293581506 learned_addr learned my addr 172.21.15.3:0/1293581506 (peer_addr_for_me v2:172.21.15.3:0/0)
2024-05-09T07:47:25.290 INFO:teuthology.orchestra.run.smithi003.stdout:/usr/bin/ceph: stderr
2024-05-09T07:47:23.783+0000 7f9e36a00700 1 -- 172.21.15.3:0/1293581506 --> [v2:172.21.15.3:3300/0,v1:172.21.15.3:6789/0] -- mon_subscribe({config=0+,monmap=0+}) -- 0x7f9e3819e360 con 0x7f9e3807de10
2024-05-09T07:47:25.290 INFO:teuthology.orchestra.run.smithi003.stdout:/usr/bin/ceph: stderr
2024-05-09T07:47:23.783+0000 7f9e36a00700 1 --2- 172.21.15.3:0/1293581506 >> [v2:172.21.15.3:3300/0,v1:172.21.15.3:6789/0] conn(0x7f9e3807de10 0x7f9e3819de20 secure :-1 s=READY pgs=48 cs=0 l=1 rev1=1 crypto rx=0x7f9e28011b60 tx=0x7f9e28011c40 comp rx=0 tx=0).ready entity=mon.0 client_cookie=0 server_cookie=0 in_seq=0 out_seq=0
2024-05-09T07:47:25.290 INFO:teuthology.orchestra.run.smithi003.stdout:/usr/bin/ceph: stderr
2024-05-09T07:47:23.783+0000 7f9e2fe00700 1 -- 172.21.15.3:0/1293581506 <== mon.0 v2:172.21.15.3:3300/0 1 ==== mon_map magic: 0 ==== 205+0+0 (secure 0 0 0) 0x7f9e28003b20 con 0x7f9e3807de10
2024-05-09T07:47:25.290 INFO:teuthology.orchestra.run.smithi003.stdout:/usr/bin/ceph: stderr
2024-05-09T07:47:23.783+0000 7f9e2fe00700 1 -- 172.21.15.3:0/1293581506 <== mon.0 v2:172.21.15.3:3300/0 2 ==== config(27 keys) ==== 1109+0+0 (secure 0 0 0) 0x7f9e28003cc0 con 0x7f9e3807de10
2024-05-09T07:47:25.290 INFO:teuthology.orchestra.run.smithi003.stdout:/usr/bin/ceph: stderr
2024-05-09T07:47:23.783+0000 7f9e3dc00700 1 -- 172.21.15.3:0/1293581506 --> [v2:172.21.15.3:3300/0,v1:172.21.15.3:6789/0] -- mon_subscribe({mgrmap=0+}) -- 0x7f9e3819e5f0 con 0x7f9e3807de10
2024-05-09T07:47:25.290 INFO:teuthology.orchestra.run.smithi003.stdout:/usr/bin/ceph: stderr
2024-05-09T07:47:23.783+0000 7f9e2fe00700 1 -- 172.21.15.3:0/1293581506 <== mon.0 v2:172.21.15.3:3300/0 3 ==== mon_map magic: 0 ==== 205+0+0 (secure 0 0 0) 0x7f9e28024840 con 0x7f9e3807de10
2024-05-09T07:47:25.290 INFO:teuthology.orchestra.run.smithi003.stdout:/usr/bin/ceph: stderr
2024-05-09T07:47:23.784+0000 7f9e3dc00700 1 -- 172.21.15.3:0/1293581506 --> [v2:172.21.15.3:3300/0,v1:172.21.15.3:6789/0] -- mon_subscribe({osdmap=0}) -- 0x7f9e381a12e0 con 0x7f9e3807de10
2024-05-09T07:47:25.291 INFO:teuthology.orchestra.run.smithi003.stdout:/usr/bin/ceph: stderr
2024-05-09T07:47:23.785+0000 7f9e2fe00700 1 -- 172.21.15.3:0/1293581506 <== mon.0 v2:172.21.15.3:3300/0 4 ==== mgrmap(e 8) ==== 46287+0+0 (secure 0 0 0) 0x7f9e28022020 con 0x7f9e3807de10
2024-05-09T07:47:25.291 INFO:teuthology.orchestra.run.smithi003.stdout:/usr/bin/ceph: stderr
2024-05-09T07:47:23.785+0000 7f9e3dc00700 1 -- 172.21.15.3:0/1293581506 --> [v2:172.21.15.3:3300/0,v1:172.21.15.3:6789/0] -- mon_command({"prefix": "get_command_descriptions"} v 0) -- 0x7f9e38063980 con 0x7f9e3807de10
2024-05-09T07:47:25.291 INFO:teuthology.orchestra.run.smithi003.stdout:/usr/bin/ceph: stderr
2024-05-09T07:47:23.785+0000 7f9e2fe00700 1 --2- 172.21.15.3:0/1293581506 >> [v2:172.21.15.3:6800/2650463476,v1:172.21.15.3:6801/2650463476] conn(0x7f9e1c039110 0x7f9e1c03b5d0 unknown :-1 s=NONE pgs=0 cs=0 l=1 rev1=0 crypto rx=0 tx=0 comp rx=0 tx=0).connect
2024-05-09T07:47:25.291 INFO:teuthology.orchestra.run.smithi003.stdout:/usr/bin/ceph: stderr
2024-05-09T07:47:23.785+0000 7f9e2fe00700 1 -- 172.21.15.3:0/1293581506 <== mon.0 v2:172.21.15.3:3300/0 5 ==== osd_map(2..2 src has 1..2) ==== 940+0+0 (secure 0 0 0) 0x7f9e28011e00 con 0x7f9e3807de10
2024-05-09T07:47:25.291 INFO:teuthology.orchestra.run.smithi003.stdout:/usr/bin/ceph: stderr
2024-05-09T07:47:23.786+0000 7f9e2e000700 1 --2- 172.21.15.3:0/1293581506 >> [v2:172.21.15.3:6800/2650463476,v1:172.21.15.3:6801/2650463476] conn(0x7f9e1c039110 0x7f9e1c03b5d0 unknown :-1 s=BANNER_CONNECTING pgs=0 cs=0 l=1 rev1=0 crypto rx=0 tx=0 comp rx=0 tx=0)._handle_peer_banner_payload supported=3 required=0
2024-05-09T07:47:25.291 INFO:teuthology.orchestra.run.smithi003.stdout:/usr/bin/ceph: stderr
2024-05-09T07:47:23.786+0000 7f9e2e000700 1 --2- 172.21.15.3:0/1293581506 >> [v2:172.21.15.3:6800/2650463476,v1:172.21.15.3:6801/2650463476] conn(0x7f9e1c039110 0x7f9e1c03b5d0 secure :-1 s=READY pgs=12 cs=0 l=1 rev1=1 crypto rx=0x7f9e20006fd0 tx=0x7f9e20006e40 comp rx=0 tx=0).ready entity=mgr.14120 client_cookie=0 server_cookie=0 in_seq=0 out_seq=0
2024-05-09T07:47:25.291 INFO:teuthology.orchestra.run.smithi003.stdout:/usr/bin/ceph: stderr
2024-05-09T07:47:23.791+0000 7f9e2fe00700 1 -- 172.21.15.3:0/1293581506 <== mon.0 v2:172.21.15.3:3300/0 6 ==== mon_command_ack([{"prefix": "get_command_descriptions"}]=0 v0) ==== 72+0+186147 (secure 0 0 0) 0x7f9e2801a430 con 0x7f9e3807de10
2024-05-09T07:47:25.291 INFO:teuthology.orchestra.run.smithi003.stdout:/usr/bin/ceph: stderr
2024-05-09T07:47:24.041+0000 7f9e3dc00700 1 -- 172.21.15.3:0/1293581506 --> [v2:172.21.15.3:6800/2650463476,v1:172.21.15.3:6801/2650463476] -- mgr_command(tid 0: {"prefix": "orch apply", "service_type": "mon", "unmanaged": true, "target": ["mon-mgr", ""]}) -- 0x7f9e381044e0 con 0x7f9e1c039110
2024-05-09T07:47:25.291 INFO:teuthology.orchestra.run.smithi003.stdout:/usr/bin/ceph: stderr
2024-05-09T07:47:24.048+0000 7f9e2fe00700 1 -- 172.21.15.3:0/1293581506 <== mgr.14120 v2:172.21.15.3:6800/2650463476 1 ==== mgr_command_reply(tid 0: 0 ) ==== 8+0+24 (secure 0 0 0) 0x7f9e381044e0 con 0x7f9e1c039110
2024-05-09T07:47:25.291 INFO:teuthology.orchestra.run.smithi003.stdout:/usr/bin/ceph: stderr
2024-05-09T07:47:24.051+0000 7f9e3dc00700 1 -- 172.21.15.3:0/1293581506 >> [v2:172.21.15.3:6800/2650463476,v1:172.21.15.3:6801/2650463476] conn(0x7f9e1c039110 msgr2=0x7f9e1c03b5d0 secure :-1 s=STATE_CONNECTION_ESTABLISHED l=1).mark_down
2024-05-09T07:47:25.291 INFO:teuthology.orchestra.run.smithi003.stdout:/usr/bin/ceph: stderr
2024-05-09T07:47:24.051+0000 7f9e3dc00700 1 --2- 172.21.15.3:0/1293581506 >> [v2:172.21.15.3:6800/2650463476,v1:172.21.15.3:6801/2650463476] conn(0x7f9e1c039110 0x7f9e1c03b5d0 secure :-1 s=READY pgs=12 cs=0 l=1 rev1=1 crypto rx=0x7f9e20006fd0 tx=0x7f9e20006e40 comp rx=0 tx=0).stop
2024-05-09T07:47:25.291 INFO:teuthology.orchestra.run.smithi003.stdout:/usr/bin/ceph: stderr
2024-05-09T07:47:24.051+0000 7f9e3dc00700 1 -- 172.21.15.3:0/1293581506 >> [v2:172.21.15.3:3300/0,v1:172.21.15.3:6789/0] conn(0x7f9e3807de10 msgr2=0x7f9e3819de20 secure :-1 s=STATE_CONNECTION_ESTABLISHED l=1).mark_down
2024-05-09T07:47:25.291 INFO:teuthology.orchestra.run.smithi003.stdout:/usr/bin/ceph: stderr
2024-05-09T07:47:24.051+0000 7f9e3dc00700 1 --2- 172.21.15.3:0/1293581506 >> [v2:172.21.15.3:3300/0,v1:172.21.15.3:6789/0] conn(0x7f9e3807de10 0x7f9e3819de20 secure :-1 s=READY pgs=48 cs=0 l=1 rev1=1 crypto rx=0x7f9e28011b60 tx=0x7f9e28011c40 comp rx=0 tx=0).stop
2024-05-09T07:47:25.291 INFO:teuthology.orchestra.run.smithi003.stdout:/usr/bin/ceph: stderr
2024-05-09T07:47:24.051+0000 7f9e3dc00700 1 -- 172.21.15.3:0/1293581506 shutdown_connections
2024-05-09T07:47:25.292 INFO:teuthology.orchestra.run.smithi003.stdout:/usr/bin/ceph: stderr
2024-05-09T07:47:24.051+0000 7f9e3dc00700 1 --2- 172.21.15.3:0/1293581506 >> [v2:172.21.15.3:6800/2650463476,v1:172.21.15.3:6801/2650463476] conn(0x7f9e1c039110 0x7f9e1c03b5d0 unknown :-1 s=CLOSED pgs=12 cs=0 l=1 rev1=1 crypto rx=0 tx=0 comp rx=0 tx=0).stop
2024-05-09T07:47:25.292 INFO:teuthology.orchestra.run.smithi003.stdout:/usr/bin/ceph: stderr
2024-05-09T07:47:24.051+0000 7f9e3dc00700 1 --2- 172.21.15.3:0/1293581506 >> [v2:172.21.15.3:3300/0,v1:172.21.15.3:6789/0] conn(0x7f9e3807de10 0x7f9e3819de20 unknown :-1 s=CLOSED pgs=48 cs=0 l=1 rev1=1 crypto rx=0 tx=0 comp rx=0 tx=0).stop
2024-05-09T07:47:25.292 INFO:teuthology.orchestra.run.smithi003.stdout:/usr/bin/ceph: stderr
2024-05-09T07:47:24.051+0000 7f9e3dc00700 1 -- 172.21.15.3:0/1293581506 >> 172.21.15.3:0/1293581506 conn(0x7f9e381032e0 msgr2=0x7f9e38103dd0 unknown :-1 s=STATE_NONE l=0).mark_down
2024-05-09T07:47:25.292 INFO:teuthology.orchestra.run.smithi003.stdout:/usr/bin/ceph: stderr
2024-05-09T07:47:24.051+0000 7f9e3dc00700 1 -- 172.21.15.3:0/1293581506 shutdown_connections
2024-05-09T07:47:25.292 INFO:teuthology.orchestra.run.smithi003.stdout:/usr/bin/ceph: stderr
2024-05-09T07:47:24.051+0000 7f9e3dc00700 1 -- 172.21.15.3:0/1293581506 wait complete.
2024-05-09T07:47:25.292 INFO:teuthology.orchestra.run.smithi003.stdout:Deploying unmanaged mgr service...
2024-05-09T07:47:25.411 INFO:journalctl@ceph.mon.a.smithi003.stdout:May 09 07:47:25 smithi003 ceph-mon[30041]: from='client.14142 -' entity='client.admin' cmd=[{"prefix": "orch apply", "service_type": "mon", "unmanaged": true, "target": ["mon-mgr", ""]}]: dispatch
2024-05-09T07:47:25.412 INFO:journalctl@ceph.mon.a.smithi003.stdout:May 09 07:47:25 smithi003 ceph-mon[30041]: Saving service mon spec with placement count:5
2024-05-09T07:47:25.412 INFO:journalctl@ceph.mon.a.smithi003.stdout:May 09 07:47:25 smithi003 ceph-mon[30041]: from='mgr.14120 172.21.15.3:0/2746106244' entity='mgr.x'
2024-05-09T07:47:27.342 INFO:teuthology.orchestra.run.smithi003.stdout:/usr/bin/ceph: stdout Scheduled mgr update...
2024-05-09T07:47:27.342 INFO:teuthology.orchestra.run.smithi003.stdout:/usr/bin/ceph: stderr
2024-05-09T07:47:26.373+0000 7f3098a00700 1 Processor -- start
2024-05-09T07:47:27.343 INFO:teuthology.orchestra.run.smithi003.stdout:/usr/bin/ceph: stderr
2024-05-09T07:47:26.374+0000 7f3098a00700 1 -- start start
2024-05-09T07:47:27.343 INFO:teuthology.orchestra.run.smithi003.stdout:/usr/bin/ceph: stderr
2024-05-09T07:47:26.374+0000 7f3098a00700 1 --2- >> [v2:172.21.15.3:3300/0,v1:172.21.15.3:6789/0] conn(0x7f309407dec0 0x7f309407c320 unknown :-1 s=NONE pgs=0 cs=0 l=0 rev1=0 crypto rx=0 tx=0 comp rx=0 tx=0).connect
2024-05-09T07:47:27.343 INFO:teuthology.orchestra.run.smithi003.stdout:/usr/bin/ceph: stderr
2024-05-09T07:47:26.374+0000 7f3098a00700 1 -- --> [v2:172.21.15.3:3300/0,v1:172.21.15.3:6789/0] -- mon_getmap magic: 0 -- 0x7f309407c8f0 con 0x7f309407dec0
2024-05-09T07:47:27.343 INFO:teuthology.orchestra.run.smithi003.stdout:/usr/bin/ceph: stderr
2024-05-09T07:47:26.374+0000 7f3093400700 1 --2- >> [v2:172.21.15.3:3300/0,v1:172.21.15.3:6789/0] conn(0x7f309407dec0 0x7f309407c320 unknown :-1 s=BANNER_CONNECTING pgs=0 cs=0 l=0 rev1=0 crypto rx=0 tx=0 comp rx=0 tx=0)._handle_peer_banner_payload supported=3 required=0
2024-05-09T07:47:27.343 INFO:teuthology.orchestra.run.smithi003.stdout:/usr/bin/ceph: stderr
2024-05-09T07:47:26.375+0000 7f3093400700 1 --2- >> [v2:172.21.15.3:3300/0,v1:172.21.15.3:6789/0] conn(0x7f309407dec0 0x7f309407c320 unknown :-1 s=HELLO_CONNECTING pgs=0 cs=0 l=0 rev1=1 crypto rx=0 tx=0 comp rx=0 tx=0).handle_hello peer v2:172.21.15.3:3300/0 says I am v2:172.21.15.3:50398/0 (socket says 172.21.15.3:50398)
2024-05-09T07:47:27.350 INFO:teuthology.orchestra.run.smithi003.stdout:/usr/bin/ceph: stderr
2024-05-09T07:47:26.375+0000 7f3093400700 1 -- 172.21.15.3:0/1096899914 learned_addr learned my addr 172.21.15.3:0/1096899914 (peer_addr_for_me v2:172.21.15.3:0/0)
2024-05-09T07:47:27.350 INFO:teuthology.orchestra.run.smithi003.stdout:/usr/bin/ceph: stderr
2024-05-09T07:47:26.375+0000 7f3093400700 1 -- 172.21.15.3:0/1096899914 --> [v2:172.21.15.3:3300/0,v1:172.21.15.3:6789/0] -- mon_subscribe({config=0+,monmap=0+}) -- 0x7f309407ca70 con 0x7f309407dec0
2024-05-09T07:47:27.350 INFO:teuthology.orchestra.run.smithi003.stdout:/usr/bin/ceph: stderr
2024-05-09T07:47:26.375+0000 7f3093400700 1 --2- 172.21.15.3:0/1096899914 >> [v2:172.21.15.3:3300/0,v1:172.21.15.3:6789/0] conn(0x7f309407dec0 0x7f309407c320 secure :-1 s=READY pgs=49 cs=0 l=1 rev1=1 crypto rx=0x7f3084009e80 tx=0x7f308400b330 comp rx=0 tx=0).ready entity=mon.0 client_cookie=3a5a07ecf016575 server_cookie=0 in_seq=0 out_seq=0
2024-05-09T07:47:27.350 INFO:teuthology.orchestra.run.smithi003.stdout:/usr/bin/ceph: stderr
2024-05-09T07:47:26.376+0000 7f3092a00700 1 -- 172.21.15.3:0/1096899914 <== mon.0 v2:172.21.15.3:3300/0 1 ==== mon_map magic: 0 ==== 205+0+0 (secure 0 0 0) 0x7f3084017070 con 0x7f309407dec0
2024-05-09T07:47:27.350 INFO:teuthology.orchestra.run.smithi003.stdout:/usr/bin/ceph: stderr
2024-05-09T07:47:26.376+0000 7f3092a00700 1 -- 172.21.15.3:0/1096899914 <== mon.0 v2:172.21.15.3:3300/0 2 ==== config(27 keys) ==== 1109+0+0 (secure 0 0 0) 0x7f308400b8c0 con 0x7f309407dec0
2024-05-09T07:47:27.350 INFO:teuthology.orchestra.run.smithi003.stdout:/usr/bin/ceph: stderr
2024-05-09T07:47:26.376+0000 7f3092a00700 1 -- 172.21.15.3:0/1096899914 <== mon.0 v2:172.21.15.3:3300/0 3 ==== mon_map magic: 0 ==== 205+0+0 (secure 0 0 0) 0x7f30840045c0 con 0x7f309407dec0
2024-05-09T07:47:27.350 INFO:teuthology.orchestra.run.smithi003.stdout:/usr/bin/ceph: stderr
2024-05-09T07:47:26.377+0000 7f3098a00700 1 -- 172.21.15.3:0/1096899914 >> [v2:172.21.15.3:3300/0,v1:172.21.15.3:6789/0] conn(0x7f309407dec0 msgr2=0x7f309407c320 secure :-1 s=STATE_CONNECTION_ESTABLISHED l=1).mark_down
2024-05-09T07:47:27.350 INFO:teuthology.orchestra.run.smithi003.stdout:/usr/bin/ceph: stderr
2024-05-09T07:47:26.377+0000 7f3098a00700 1 --2- 172.21.15.3:0/1096899914 >> [v2:172.21.15.3:3300/0,v1:172.21.15.3:6789/0] conn(0x7f309407dec0 0x7f309407c320 secure :-1 s=READY pgs=49 cs=0 l=1 rev1=1 crypto rx=0x7f3084009e80 tx=0x7f308400b330 comp rx=0 tx=0).stop
2024-05-09T07:47:27.350 INFO:teuthology.orchestra.run.smithi003.stdout:/usr/bin/ceph: stderr
2024-05-09T07:47:26.377+0000 7f3098a00700 1 -- 172.21.15.3:0/1096899914 shutdown_connections
2024-05-09T07:47:27.350 INFO:teuthology.orchestra.run.smithi003.stdout:/usr/bin/ceph: stderr
2024-05-09T07:47:26.377+0000 7f3098a00700 1 --2- 172.21.15.3:0/1096899914 >> [v2:172.21.15.3:3300/0,v1:172.21.15.3:6789/0] conn(0x7f309407dec0 0x7f309407c320 unknown :-1 s=CLOSED pgs=49 cs=0 l=1 rev1=1 crypto rx=0 tx=0 comp rx=0 tx=0).stop
2024-05-09T07:47:27.350 INFO:teuthology.orchestra.run.smithi003.stdout:/usr/bin/ceph: stderr
2024-05-09T07:47:26.377+0000 7f3098a00700 1 -- 172.21.15.3:0/1096899914 >> 172.21.15.3:0/1096899914 conn(0x7f3094103170 msgr2=0x7f3094105590 unknown :-1 s=STATE_NONE l=0).mark_down
2024-05-09T07:47:27.350 INFO:teuthology.orchestra.run.smithi003.stdout:/usr/bin/ceph: stderr
2024-05-09T07:47:26.377+0000 7f3098a00700 1 -- 172.21.15.3:0/1096899914 shutdown_connections
2024-05-09T07:47:27.351 INFO:teuthology.orchestra.run.smithi003.stdout:/usr/bin/ceph: stderr
2024-05-09T07:47:26.377+0000 7f3098a00700 1 -- 172.21.15.3:0/1096899914 wait complete.
2024-05-09T07:47:27.351 INFO:teuthology.orchestra.run.smithi003.stdout:/usr/bin/ceph: stderr
2024-05-09T07:47:26.378+0000 7f3098a00700 1 Processor -- start
2024-05-09T07:47:27.351 INFO:teuthology.orchestra.run.smithi003.stdout:/usr/bin/ceph: stderr
2024-05-09T07:47:26.378+0000 7f3098a00700 1 -- start start
2024-05-09T07:47:27.351 INFO:teuthology.orchestra.run.smithi003.stdout:/usr/bin/ceph: stderr
2024-05-09T07:47:26.378+0000 7f3098a00700 1 --2- >> [v2:172.21.15.3:3300/0,v1:172.21.15.3:6789/0] conn(0x7f309407dec0 0x7f309419dc70 unknown :-1 s=NONE pgs=0 cs=0 l=1 rev1=0 crypto rx=0 tx=0 comp rx=0 tx=0).connect
2024-05-09T07:47:27.351 INFO:teuthology.orchestra.run.smithi003.stdout:/usr/bin/ceph: stderr
2024-05-09T07:47:26.379+0000 7f3098a00700 1 -- --> [v2:172.21.15.3:3300/0,v1:172.21.15.3:6789/0] -- mon_getmap magic: 0 -- 0x7f309410e180 con 0x7f309407dec0
2024-05-09T07:47:27.351 INFO:teuthology.orchestra.run.smithi003.stdout:/usr/bin/ceph: stderr
2024-05-09T07:47:26.379+0000 7f3093400700 1 --2- >> [v2:172.21.15.3:3300/0,v1:172.21.15.3:6789/0] conn(0x7f309407dec0 0x7f309419dc70 unknown :-1 s=BANNER_CONNECTING pgs=0 cs=0 l=1 rev1=0 crypto rx=0 tx=0 comp rx=0 tx=0)._handle_peer_banner_payload supported=3 required=0
2024-05-09T07:47:27.351 INFO:teuthology.orchestra.run.smithi003.stdout:/usr/bin/ceph: stderr
2024-05-09T07:47:26.379+0000 7f3093400700 1 --2- >> [v2:172.21.15.3:3300/0,v1:172.21.15.3:6789/0] conn(0x7f309407dec0 0x7f309419dc70 unknown :-1 s=HELLO_CONNECTING pgs=0 cs=0 l=1 rev1=1 crypto rx=0 tx=0 comp rx=0 tx=0).handle_hello peer v2:172.21.15.3:3300/0 says I am v2:172.21.15.3:50406/0 (socket says 172.21.15.3:50406)
2024-05-09T07:47:27.351 INFO:teuthology.orchestra.run.smithi003.stdout:/usr/bin/ceph: stderr
2024-05-09T07:47:26.379+0000 7f3093400700 1 -- 172.21.15.3:0/1335768537 learned_addr learned my addr 172.21.15.3:0/1335768537 (peer_addr_for_me v2:172.21.15.3:0/0)
2024-05-09T07:47:27.351 INFO:teuthology.orchestra.run.smithi003.stdout:/usr/bin/ceph: stderr
2024-05-09T07:47:26.379+0000 7f3093400700 1 -- 172.21.15.3:0/1335768537 --> [v2:172.21.15.3:3300/0,v1:172.21.15.3:6789/0] -- mon_subscribe({config=0+,monmap=0+}) -- 0x7f309419e1b0 con 0x7f309407dec0
2024-05-09T07:47:27.351 INFO:teuthology.orchestra.run.smithi003.stdout:/usr/bin/ceph: stderr
2024-05-09T07:47:26.379+0000 7f3093400700 1 --2- 172.21.15.3:0/1335768537 >> [v2:172.21.15.3:3300/0,v1:172.21.15.3:6789/0] conn(0x7f309407dec0 0x7f309419dc70 secure :-1 s=READY pgs=50 cs=0 l=1 rev1=1 crypto rx=0x7f3084004210 tx=0x7f308400bd50 comp rx=0 tx=0).ready entity=mon.0 client_cookie=0 server_cookie=0 in_seq=0 out_seq=0
2024-05-09T07:47:27.351 INFO:teuthology.orchestra.run.smithi003.stdout:/usr/bin/ceph: stderr
2024-05-09T07:47:26.380+0000 7f3090c00700 1 -- 172.21.15.3:0/1335768537 <== mon.0 v2:172.21.15.3:3300/0 1 ==== mon_map magic: 0 ==== 205+0+0 (secure 0 0 0) 0x7f3084020020 con 0x7f309407dec0
2024-05-09T07:47:27.351 INFO:teuthology.orchestra.run.smithi003.stdout:/usr/bin/ceph: stderr
2024-05-09T07:47:26.380+0000 7f3090c00700 1 -- 172.21.15.3:0/1335768537 <== mon.0 v2:172.21.15.3:3300/0 2 ==== config(27 keys) ==== 1109+0+0 (secure 0 0 0) 0x7f3084003b50 con 0x7f309407dec0
2024-05-09T07:47:27.351 INFO:teuthology.orchestra.run.smithi003.stdout:/usr/bin/ceph: stderr
2024-05-09T07:47:26.380+0000 7f3098a00700 1 -- 172.21.15.3:0/1335768537 --> [v2:172.21.15.3:3300/0,v1:172.21.15.3:6789/0] -- mon_subscribe({mgrmap=0+}) -- 0x7f309419e440 con 0x7f309407dec0
2024-05-09T07:47:27.351 INFO:teuthology.orchestra.run.smithi003.stdout:/usr/bin/ceph: stderr
2024-05-09T07:47:26.380+0000 7f3090c00700 1 -- 172.21.15.3:0/1335768537 <== mon.0 v2:172.21.15.3:3300/0 3 ==== mon_map magic: 0 ==== 205+0+0 (secure 0 0 0) 0x7f3084017040 con 0x7f309407dec0
2024-05-09T07:47:27.352 INFO:teuthology.orchestra.run.smithi003.stdout:/usr/bin/ceph: stderr
2024-05-09T07:47:26.380+0000 7f3098a00700 1 -- 172.21.15.3:0/1335768537 --> [v2:172.21.15.3:3300/0,v1:172.21.15.3:6789/0] -- mon_subscribe({osdmap=0}) -- 0x7f30941a1130 con 0x7f309407dec0
2024-05-09T07:47:27.352 INFO:teuthology.orchestra.run.smithi003.stdout:/usr/bin/ceph: stderr
2024-05-09T07:47:26.381+0000 7f3098a00700 1 -- 172.21.15.3:0/1335768537 --> [v2:172.21.15.3:3300/0,v1:172.21.15.3:6789/0] -- mon_command({"prefix": "get_command_descriptions"} v 0) -- 0x7f3094069440 con 0x7f309407dec0
2024-05-09T07:47:27.352 INFO:teuthology.orchestra.run.smithi003.stdout:/usr/bin/ceph: stderr
2024-05-09T07:47:26.381+0000 7f3090c00700 1 -- 172.21.15.3:0/1335768537 <== mon.0 v2:172.21.15.3:3300/0 4 ==== mgrmap(e 8) ==== 46287+0+0 (secure 0 0 0) 0x7f3084023020 con 0x7f309407dec0
2024-05-09T07:47:27.352 INFO:teuthology.orchestra.run.smithi003.stdout:/usr/bin/ceph: stderr
2024-05-09T07:47:26.382+0000 7f3090c00700 1 --2- 172.21.15.3:0/1335768537 >> [v2:172.21.15.3:6800/2650463476,v1:172.21.15.3:6801/2650463476] conn(0x7f3078039110 0x7f307803b5d0 unknown :-1 s=NONE pgs=0 cs=0 l=1 rev1=0 crypto rx=0 tx=0 comp rx=0 tx=0).connect
2024-05-09T07:47:27.352 INFO:teuthology.orchestra.run.smithi003.stdout:/usr/bin/ceph: stderr
2024-05-09T07:47:26.382+0000 7f3090c00700 1 -- 172.21.15.3:0/1335768537 <== mon.0 v2:172.21.15.3:3300/0 5 ==== osd_map(2..2 src has 1..2) ==== 940+0+0 (secure 0 0 0) 0x7f308400f050 con 0x7f309407dec0
2024-05-09T07:47:27.352 INFO:teuthology.orchestra.run.smithi003.stdout:/usr/bin/ceph: stderr
2024-05-09T07:47:26.382+0000 7f308aa00700 1 --2- 172.21.15.3:0/1335768537 >> [v2:172.21.15.3:6800/2650463476,v1:172.21.15.3:6801/2650463476] conn(0x7f3078039110 0x7f307803b5d0 unknown :-1 s=BANNER_CONNECTING pgs=0 cs=0 l=1 rev1=0 crypto rx=0 tx=0 comp rx=0 tx=0)._handle_peer_banner_payload supported=3 required=0
2024-05-09T07:47:27.352 INFO:teuthology.orchestra.run.smithi003.stdout:/usr/bin/ceph: stderr
2024-05-09T07:47:26.383+0000 7f308aa00700 1 --2- 172.21.15.3:0/1335768537 >> [v2:172.21.15.3:6800/2650463476,v1:172.21.15.3:6801/2650463476] conn(0x7f3078039110 0x7f307803b5d0 secure :-1 s=READY pgs=13 cs=0 l=1 rev1=1 crypto rx=0x7f307c006fd0 tx=0x7f307c006e40 comp rx=0 tx=0).ready entity=mgr.14120 client_cookie=0 server_cookie=0 in_seq=0 out_seq=0
2024-05-09T07:47:27.352 INFO:teuthology.orchestra.run.smithi003.stdout:/usr/bin/ceph: stderr
2024-05-09T07:47:26.387+0000 7f3090c00700 1 -- 172.21.15.3:0/1335768537 <== mon.0 v2:172.21.15.3:3300/0 6 ==== mon_command_ack([{"prefix": "get_command_descriptions"}]=0 v0) ==== 72+0+186147 (secure 0 0 0) 0x7f308402a020 con 0x7f309407dec0
2024-05-09T07:47:27.352 INFO:teuthology.orchestra.run.smithi003.stdout:/usr/bin/ceph: stderr
2024-05-09T07:47:26.636+0000 7f3098a00700 1 -- 172.21.15.3:0/1335768537 --> [v2:172.21.15.3:6800/2650463476,v1:172.21.15.3:6801/2650463476] -- mgr_command(tid 0: {"prefix": "orch apply", "service_type": "mgr", "unmanaged": true, "target": ["mon-mgr", ""]}) -- 0x7f3094104270 con 0x7f3078039110
2024-05-09T07:47:27.352 INFO:teuthology.orchestra.run.smithi003.stdout:/usr/bin/ceph: stderr
2024-05-09T07:47:26.646+0000 7f3090c00700 1 -- 172.21.15.3:0/1335768537 <== mgr.14120 v2:172.21.15.3:6800/2650463476 1 ==== mgr_command_reply(tid 0: 0 ) ==== 8+0+24 (secure 0 0 0) 0x7f3094104270 con 0x7f3078039110
2024-05-09T07:47:27.352 INFO:teuthology.orchestra.run.smithi003.stdout:/usr/bin/ceph: stderr
2024-05-09T07:47:26.649+0000 7f3098a00700 1 -- 172.21.15.3:0/1335768537 >> [v2:172.21.15.3:6800/2650463476,v1:172.21.15.3:6801/2650463476] conn(0x7f3078039110 msgr2=0x7f307803b5d0 secure :-1 s=STATE_CONNECTION_ESTABLISHED l=1).mark_down
2024-05-09T07:47:27.352 INFO:teuthology.orchestra.run.smithi003.stdout:/usr/bin/ceph: stderr
2024-05-09T07:47:26.649+0000 7f3098a00700 1 --2- 172.21.15.3:0/1335768537 >> [v2:172.21.15.3:6800/2650463476,v1:172.21.15.3:6801/2650463476] conn(0x7f3078039110 0x7f307803b5d0 secure :-1 s=READY pgs=13 cs=0 l=1 rev1=1 crypto rx=0x7f307c006fd0 tx=0x7f307c006e40 comp rx=0 tx=0).stop
2024-05-09T07:47:27.352 INFO:teuthology.orchestra.run.smithi003.stdout:/usr/bin/ceph: stderr
2024-05-09T07:47:26.649+0000 7f3098a00700 1 -- 172.21.15.3:0/1335768537 >> [v2:172.21.15.3:3300/0,v1:172.21.15.3:6789/0] conn(0x7f309407dec0 msgr2=0x7f309419dc70 secure :-1 s=STATE_CONNECTION_ESTABLISHED l=1).mark_down
2024-05-09T07:47:27.352 INFO:teuthology.orchestra.run.smithi003.stdout:/usr/bin/ceph: stderr
2024-05-09T07:47:26.649+0000 7f3098a00700 1 --2- 172.21.15.3:0/1335768537 >> [v2:172.21.15.3:3300/0,v1:172.21.15.3:6789/0] conn(0x7f309407dec0 0x7f309419dc70 secure :-1 s=READY pgs=50 cs=0 l=1 rev1=1 crypto rx=0x7f3084004210 tx=0x7f308400bd50 comp rx=0 tx=0).stop
2024-05-09T07:47:27.353 INFO:teuthology.orchestra.run.smithi003.stdout:/usr/bin/ceph: stderr
2024-05-09T07:47:26.650+0000 7f3098a00700 1 -- 172.21.15.3:0/1335768537 shutdown_connections
2024-05-09T07:47:27.353 INFO:teuthology.orchestra.run.smithi003.stdout:/usr/bin/ceph: stderr
2024-05-09T07:47:26.650+0000 7f3098a00700 1 --2- 172.21.15.3:0/1335768537 >> [v2:172.21.15.3:6800/2650463476,v1:172.21.15.3:6801/2650463476] conn(0x7f3078039110 0x7f307803b5d0 unknown :-1 s=CLOSED pgs=13 cs=0 l=1 rev1=1 crypto rx=0 tx=0 comp rx=0 tx=0).stop
2024-05-09T07:47:27.353 INFO:teuthology.orchestra.run.smithi003.stdout:/usr/bin/ceph: stderr
2024-05-09T07:47:26.650+0000 7f3098a00700 1 --2- 172.21.15.3:0/1335768537 >> [v2:172.21.15.3:3300/0,v1:172.21.15.3:6789/0] conn(0x7f309407dec0 0x7f309419dc70 unknown :-1 s=CLOSED pgs=50 cs=0 l=1 rev1=1 crypto rx=0 tx=0 comp rx=0 tx=0).stop
2024-05-09T07:47:27.353 INFO:teuthology.orchestra.run.smithi003.stdout:/usr/bin/ceph: stderr
2024-05-09T07:47:26.650+0000 7f3098a00700 1 -- 172.21.15.3:0/1335768537 >> 172.21.15.3:0/1335768537 conn(0x7f3094103170 msgr2=0x7f3094103b60 unknown :-1 s=STATE_NONE l=0).mark_down
2024-05-09T07:47:27.353 INFO:teuthology.orchestra.run.smithi003.stdout:/usr/bin/ceph: stderr
2024-05-09T07:47:26.650+0000 7f3098a00700 1 -- 172.21.15.3:0/1335768537 shutdown_connections
2024-05-09T07:47:27.353 INFO:teuthology.orchestra.run.smithi003.stdout:/usr/bin/ceph: stderr
2024-05-09T07:47:26.650+0000 7f3098a00700 1 -- 172.21.15.3:0/1335768537 wait complete.
2024-05-09T07:47:27.839 INFO:journalctl@ceph.mon.a.smithi003.stdout:May 09 07:47:27 smithi003 ceph-mon[30041]: pgmap v3: 0 pgs: ; 0 B data, 0 B used, 0 B / 0 B avail
2024-05-09T07:47:27.840 INFO:journalctl@ceph.mon.a.smithi003.stdout:May 09 07:47:27 smithi003 ceph-mon[30041]: from='client.14144 -' entity='client.admin' cmd=[{"prefix": "orch apply", "service_type": "mgr", "unmanaged": true, "target": ["mon-mgr", ""]}]: dispatch
2024-05-09T07:47:27.840 INFO:journalctl@ceph.mon.a.smithi003.stdout:May 09 07:47:27 smithi003 ceph-mon[30041]: Saving service mgr spec with placement count:2
2024-05-09T07:47:27.840 INFO:journalctl@ceph.mon.a.smithi003.stdout:May 09 07:47:27 smithi003 ceph-mon[30041]: from='mgr.14120 172.21.15.3:0/2746106244' entity='mgr.x'
2024-05-09T07:47:27.840 INFO:journalctl@ceph.mon.a.smithi003.stdout:May 09 07:47:27 smithi003 ceph-mon[30041]: from='mgr.14120 172.21.15.3:0/2746106244' entity='mgr.x'
2024-05-09T07:47:28.994 INFO:teuthology.orchestra.run.smithi003.stdout:/usr/bin/ceph: stderr
2024-05-09T07:47:28.001+0000 7fcfc6200700 1 Processor -- start
2024-05-09T07:47:28.994 INFO:teuthology.orchestra.run.smithi003.stdout:/usr/bin/ceph: stderr
2024-05-09T07:47:28.002+0000 7fcfc6200700 1 -- start start
2024-05-09T07:47:28.995 INFO:teuthology.orchestra.run.smithi003.stdout:/usr/bin/ceph: stderr
2024-05-09T07:47:28.002+0000 7fcfc6200700 1 --2- >> [v2:172.21.15.3:3300/0,v1:172.21.15.3:6789/0] conn(0x7fcfc007dee0 0x7fcfc007c340 unknown :-1 s=NONE pgs=0 cs=0 l=0 rev1=0 crypto rx=0 tx=0 comp rx=0 tx=0).connect
2024-05-09T07:47:28.995 INFO:teuthology.orchestra.run.smithi003.stdout:/usr/bin/ceph: stderr
2024-05-09T07:47:28.002+0000 7fcfc6200700 1 -- --> [v2:172.21.15.3:3300/0,v1:172.21.15.3:6789/0] -- mon_getmap magic: 0 -- 0x7fcfc007c910 con 0x7fcfc007dee0
2024-05-09T07:47:28.996 INFO:teuthology.orchestra.run.smithi003.stdout:/usr/bin/ceph: stderr
2024-05-09T07:47:28.002+0000 7fcfbf400700 1 --2- >> [v2:172.21.15.3:3300/0,v1:172.21.15.3:6789/0] conn(0x7fcfc007dee0 0x7fcfc007c340 unknown :-1 s=BANNER_CONNECTING pgs=0 cs=0 l=0 rev1=0 crypto rx=0 tx=0 comp rx=0 tx=0)._handle_peer_banner_payload supported=3 required=0
2024-05-09T07:47:28.996 INFO:teuthology.orchestra.run.smithi003.stdout:/usr/bin/ceph: stderr
2024-05-09T07:47:28.002+0000 7fcfbf400700 1 --2- >> [v2:172.21.15.3:3300/0,v1:172.21.15.3:6789/0] conn(0x7fcfc007dee0 0x7fcfc007c340 unknown :-1 s=HELLO_CONNECTING pgs=0 cs=0 l=0 rev1=1 crypto rx=0 tx=0 comp rx=0 tx=0).handle_hello peer v2:172.21.15.3:3300/0 says I am v2:172.21.15.3:50420/0 (socket says 172.21.15.3:50420)
2024-05-09T07:47:28.996 INFO:teuthology.orchestra.run.smithi003.stdout:/usr/bin/ceph: stderr
2024-05-09T07:47:28.002+0000 7fcfbf400700 1 -- 172.21.15.3:0/2075243182 learned_addr learned my addr 172.21.15.3:0/2075243182 (peer_addr_for_me v2:172.21.15.3:0/0)
2024-05-09T07:47:28.996 INFO:teuthology.orchestra.run.smithi003.stdout:/usr/bin/ceph: stderr
2024-05-09T07:47:28.003+0000 7fcfbf400700 1 -- 172.21.15.3:0/2075243182 --> [v2:172.21.15.3:3300/0,v1:172.21.15.3:6789/0] -- mon_subscribe({config=0+,monmap=0+}) -- 0x7fcfc007ca90 con 0x7fcfc007dee0
2024-05-09T07:47:28.996 INFO:teuthology.orchestra.run.smithi003.stdout:/usr/bin/ceph: stderr
2024-05-09T07:47:28.003+0000 7fcfbf400700 1 --2- 172.21.15.3:0/2075243182 >> [v2:172.21.15.3:3300/0,v1:172.21.15.3:6789/0] conn(0x7fcfc007dee0 0x7fcfc007c340 secure :-1 s=READY pgs=51 cs=0 l=1 rev1=1 crypto rx=0x7fcfb00098a0 tx=0x7fcfb0009bb0 comp rx=0 tx=0).ready entity=mon.0 client_cookie=c4dd7c77beba7b77 server_cookie=0 in_seq=0 out_seq=0
2024-05-09T07:47:28.997 INFO:teuthology.orchestra.run.smithi003.stdout:/usr/bin/ceph: stderr
2024-05-09T07:47:28.004+0000 7fcfbe000700 1 -- 172.21.15.3:0/2075243182 <== mon.0 v2:172.21.15.3:3300/0 1 ==== mon_map magic: 0 ==== 205+0+0 (secure 0 0 0) 0x7fcfb0004160 con 0x7fcfc007dee0
2024-05-09T07:47:28.997 INFO:teuthology.orchestra.run.smithi003.stdout:/usr/bin/ceph: stderr
2024-05-09T07:47:28.004+0000 7fcfbe000700 1 -- 172.21.15.3:0/2075243182 <== mon.0 v2:172.21.15.3:3300/0 2 ==== config(27 keys) ==== 1140+0+0 (secure 0 0 0) 0x7fcfb0004300 con 0x7fcfc007dee0
2024-05-09T07:47:28.997 INFO:teuthology.orchestra.run.smithi003.stdout:/usr/bin/ceph: stderr
2024-05-09T07:47:28.004+0000 7fcfbe000700 1 -- 172.21.15.3:0/2075243182 <== mon.0 v2:172.21.15.3:3300/0 3 ==== mon_map magic: 0 ==== 205+0+0 (secure 0 0 0) 0x7fcfb0011b20 con 0x7fcfc007dee0
2024-05-09T07:47:28.998 INFO:teuthology.orchestra.run.smithi003.stdout:/usr/bin/ceph: stderr
2024-05-09T07:47:28.005+0000 7fcfc6200700 1 -- 172.21.15.3:0/2075243182 >> [v2:172.21.15.3:3300/0,v1:172.21.15.3:6789/0] conn(0x7fcfc007dee0 msgr2=0x7fcfc007c340 secure :-1 s=STATE_CONNECTION_ESTABLISHED l=1).mark_down
2024-05-09T07:47:28.998 INFO:teuthology.orchestra.run.smithi003.stdout:/usr/bin/ceph: stderr
2024-05-09T07:47:28.005+0000 7fcfc6200700 1 --2- 172.21.15.3:0/2075243182 >> [v2:172.21.15.3:3300/0,v1:172.21.15.3:6789/0] conn(0x7fcfc007dee0 0x7fcfc007c340 secure :-1 s=READY pgs=51 cs=0 l=1 rev1=1 crypto rx=0x7fcfb00098a0 tx=0x7fcfb0009bb0 comp rx=0 tx=0).stop
2024-05-09T07:47:28.998 INFO:teuthology.orchestra.run.smithi003.stdout:/usr/bin/ceph: stderr
2024-05-09T07:47:28.005+0000 7fcfc6200700 1 -- 172.21.15.3:0/2075243182 shutdown_connections
2024-05-09T07:47:28.998 INFO:teuthology.orchestra.run.smithi003.stdout:/usr/bin/ceph: stderr
2024-05-09T07:47:28.005+0000 7fcfc6200700 1 --2- 172.21.15.3:0/2075243182 >> [v2:172.21.15.3:3300/0,v1:172.21.15.3:6789/0] conn(0x7fcfc007dee0 0x7fcfc007c340 unknown :-1 s=CLOSED pgs=51 cs=0 l=1 rev1=1 crypto rx=0 tx=0 comp rx=0 tx=0).stop
2024-05-09T07:47:28.999 INFO:teuthology.orchestra.run.smithi003.stdout:/usr/bin/ceph: stderr
2024-05-09T07:47:28.005+0000 7fcfc6200700 1 -- 172.21.15.3:0/2075243182 >> 172.21.15.3:0/2075243182 conn(0x7fcfc0103330 msgr2=0x7fcfc0105750 unknown :-1 s=STATE_NONE l=0).mark_down
2024-05-09T07:47:28.999 INFO:teuthology.orchestra.run.smithi003.stdout:/usr/bin/ceph: stderr
2024-05-09T07:47:28.005+0000 7fcfc6200700 1 -- 172.21.15.3:0/2075243182 shutdown_connections
2024-05-09T07:47:28.999 INFO:teuthology.orchestra.run.smithi003.stdout:/usr/bin/ceph: stderr
2024-05-09T07:47:28.005+0000 7fcfc6200700 1 -- 172.21.15.3:0/2075243182 wait complete.
2024-05-09T07:47:29.000 INFO:teuthology.orchestra.run.smithi003.stdout:/usr/bin/ceph: stderr
2024-05-09T07:47:28.006+0000 7fcfc6200700 1 Processor -- start
2024-05-09T07:47:29.000 INFO:teuthology.orchestra.run.smithi003.stdout:/usr/bin/ceph: stderr
2024-05-09T07:47:28.006+0000 7fcfc6200700 1 -- start start
2024-05-09T07:47:29.000 INFO:teuthology.orchestra.run.smithi003.stdout:/usr/bin/ceph: stderr
2024-05-09T07:47:28.006+0000 7fcfc6200700 1 --2- >> [v2:172.21.15.3:3300/0,v1:172.21.15.3:6789/0] conn(0x7fcfc007dee0 0x7fcfc019ddf0 unknown :-1 s=NONE pgs=0 cs=0 l=1 rev1=0 crypto rx=0 tx=0 comp rx=0 tx=0).connect
2024-05-09T07:47:29.001 INFO:teuthology.orchestra.run.smithi003.stdout:/usr/bin/ceph: stderr
2024-05-09T07:47:28.006+0000 7fcfc6200700 1 -- --> [v2:172.21.15.3:3300/0,v1:172.21.15.3:6789/0] -- mon_getmap magic: 0 -- 0x7fcfc010e3a0 con 0x7fcfc007dee0
2024-05-09T07:47:29.001 INFO:teuthology.orchestra.run.smithi003.stdout:/usr/bin/ceph: stderr
2024-05-09T07:47:28.007+0000 7fcfbf400700 1 --2- >> [v2:172.21.15.3:3300/0,v1:172.21.15.3:6789/0] conn(0x7fcfc007dee0 0x7fcfc019ddf0 unknown :-1 s=BANNER_CONNECTING pgs=0 cs=0 l=1 rev1=0 crypto rx=0 tx=0 comp rx=0 tx=0)._handle_peer_banner_payload supported=3 required=0
2024-05-09T07:47:29.001 INFO:teuthology.orchestra.run.smithi003.stdout:/usr/bin/ceph: stderr
2024-05-09T07:47:28.007+0000 7fcfbf400700 1 --2- >> [v2:172.21.15.3:3300/0,v1:172.21.15.3:6789/0] conn(0x7fcfc007dee0 0x7fcfc019ddf0 unknown :-1 s=HELLO_CONNECTING pgs=0 cs=0 l=1 rev1=1 crypto rx=0 tx=0 comp rx=0 tx=0).handle_hello peer v2:172.21.15.3:3300/0 says I am v2:172.21.15.3:50428/0 (socket says 172.21.15.3:50428)
2024-05-09T07:47:29.001 INFO:teuthology.orchestra.run.smithi003.stdout:/usr/bin/ceph: stderr
2024-05-09T07:47:28.007+0000 7fcfbf400700 1 -- 172.21.15.3:0/1314480676 learned_addr learned my addr 172.21.15.3:0/1314480676 (peer_addr_for_me v2:172.21.15.3:0/0)
2024-05-09T07:47:29.001 INFO:teuthology.orchestra.run.smithi003.stdout:/usr/bin/ceph: stderr
2024-05-09T07:47:28.007+0000 7fcfbf400700 1 -- 172.21.15.3:0/1314480676 --> [v2:172.21.15.3:3300/0,v1:172.21.15.3:6789/0] -- mon_subscribe({config=0+,monmap=0+}) -- 0x7fcfc019e330 con 0x7fcfc007dee0
2024-05-09T07:47:29.001 INFO:teuthology.orchestra.run.smithi003.stdout:/usr/bin/ceph: stderr
2024-05-09T07:47:28.007+0000 7fcfbf400700 1 --2- 172.21.15.3:0/1314480676 >> [v2:172.21.15.3:3300/0,v1:172.21.15.3:6789/0] conn(0x7fcfc007dee0 0x7fcfc019ddf0 secure :-1 s=READY pgs=52 cs=0 l=1 rev1=1 crypto rx=0x7fcfb00117e0 tx=0x7fcfb0011ba0 comp rx=0 tx=0).ready entity=mon.0 client_cookie=0 server_cookie=0 in_seq=0 out_seq=0
2024-05-09T07:47:29.001 INFO:teuthology.orchestra.run.smithi003.stdout:/usr/bin/ceph: stderr
2024-05-09T07:47:28.008+0000 7fcfb7e00700 1 -- 172.21.15.3:0/1314480676 <== mon.0 v2:172.21.15.3:3300/0 1 ==== mon_map magic: 0 ==== 205+0+0 (secure 0 0 0) 0x7fcfb0003bf0 con 0x7fcfc007dee0
2024-05-09T07:47:29.002 INFO:teuthology.orchestra.run.smithi003.stdout:/usr/bin/ceph: stderr
2024-05-09T07:47:28.008+0000 7fcfb7e00700 1 -- 172.21.15.3:0/1314480676 <== mon.0 v2:172.21.15.3:3300/0 2 ==== config(27 keys) ==== 1140+0+0 (secure 0 0 0) 0x7fcfb0003d90 con 0x7fcfc007dee0
2024-05-09T07:47:29.005 INFO:teuthology.orchestra.run.smithi003.stdout:/usr/bin/ceph: stderr
2024-05-09T07:47:28.008+0000 7fcfc6200700 1 -- 172.21.15.3:0/1314480676 --> [v2:172.21.15.3:3300/0,v1:172.21.15.3:6789/0] -- mon_subscribe({mgrmap=0+}) -- 0x7fcfc019e5c0 con 0x7fcfc007dee0
2024-05-09T07:47:29.005 INFO:teuthology.orchestra.run.smithi003.stdout:/usr/bin/ceph: stderr
2024-05-09T07:47:28.008+0000 7fcfb7e00700 1 -- 172.21.15.3:0/1314480676 <== mon.0 v2:172.21.15.3:3300/0 3 ==== mon_map magic: 0 ==== 205+0+0 (secure 0 0 0) 0x7fcfb0024800 con 0x7fcfc007dee0
2024-05-09T07:47:29.005 INFO:teuthology.orchestra.run.smithi003.stdout:/usr/bin/ceph: stderr
2024-05-09T07:47:28.008+0000 7fcfc6200700 1 -- 172.21.15.3:0/1314480676 --> [v2:172.21.15.3:3300/0,v1:172.21.15.3:6789/0] -- mon_subscribe({osdmap=0}) -- 0x7fcfc019ea20 con 0x7fcfc007dee0
2024-05-09T07:47:29.005 INFO:teuthology.orchestra.run.smithi003.stdout:/usr/bin/ceph: stderr
2024-05-09T07:47:28.009+0000 7fcfb7e00700 1 -- 172.21.15.3:0/1314480676 <== mon.0 v2:172.21.15.3:3300/0 4 ==== mgrmap(e 8) ==== 46287+0+0 (secure 0 0 0) 0x7fcfb0022020 con 0x7fcfc007dee0
2024-05-09T07:47:29.005 INFO:teuthology.orchestra.run.smithi003.stdout:/usr/bin/ceph: stderr
2024-05-09T07:47:28.009+0000 7fcfc6200700 1 -- 172.21.15.3:0/1314480676 --> [v2:172.21.15.3:3300/0,v1:172.21.15.3:6789/0] -- mon_command({"prefix": "get_command_descriptions"} v 0) -- 0x7fcfc0063980 con 0x7fcfc007dee0
2024-05-09T07:47:29.005 INFO:teuthology.orchestra.run.smithi003.stdout:/usr/bin/ceph: stderr
2024-05-09T07:47:28.010+0000 7fcfb7e00700 1 --2- 172.21.15.3:0/1314480676 >> [v2:172.21.15.3:6800/2650463476,v1:172.21.15.3:6801/2650463476] conn(0x7fcfa4039160 0x7fcfa403b620 unknown :-1 s=NONE pgs=0 cs=0 l=1 rev1=0 crypto rx=0 tx=0 comp rx=0 tx=0).connect
2024-05-09T07:47:29.005 INFO:teuthology.orchestra.run.smithi003.stdout:/usr/bin/ceph: stderr
2024-05-09T07:47:28.010+0000 7fcfb7e00700 1 -- 172.21.15.3:0/1314480676 <== mon.0 v2:172.21.15.3:3300/0 5 ==== osd_map(2..2 src has 1..2) ==== 940+0+0 (secure 0 0 0) 0x7fcfb004d3b0 con 0x7fcfc007dee0
2024-05-09T07:47:29.005 INFO:teuthology.orchestra.run.smithi003.stdout:/usr/bin/ceph: stderr
2024-05-09T07:47:28.010+0000 7fcfbea00700 1 --2- 172.21.15.3:0/1314480676 >> [v2:172.21.15.3:6800/2650463476,v1:172.21.15.3:6801/2650463476] conn(0x7fcfa4039160 0x7fcfa403b620 unknown :-1 s=BANNER_CONNECTING pgs=0 cs=0 l=1 rev1=0 crypto rx=0 tx=0 comp rx=0 tx=0)._handle_peer_banner_payload supported=3 required=0
2024-05-09T07:47:29.005 INFO:teuthology.orchestra.run.smithi003.stdout:/usr/bin/ceph: stderr
2024-05-09T07:47:28.011+0000 7fcfbea00700 1 --2- 172.21.15.3:0/1314480676 >> [v2:172.21.15.3:6800/2650463476,v1:172.21.15.3:6801/2650463476] conn(0x7fcfa4039160 0x7fcfa403b620 secure :-1 s=READY pgs=14 cs=0 l=1 rev1=1 crypto rx=0x7fcfac006fd0 tx=0x7fcfac006e40 comp rx=0 tx=0).ready entity=mgr.14120 client_cookie=0 server_cookie=0 in_seq=0 out_seq=0
2024-05-09T07:47:29.005 INFO:teuthology.orchestra.run.smithi003.stdout:/usr/bin/ceph: stderr
2024-05-09T07:47:28.015+0000 7fcfb7e00700 1 -- 172.21.15.3:0/1314480676 <== mon.0 v2:172.21.15.3:3300/0 6 ==== mon_command_ack([{"prefix": "get_command_descriptions"}]=0 v0) ==== 72+0+186147 (secure 0 0 0) 0x7fcfb001a950 con 0x7fcfc007dee0
2024-05-09T07:47:29.005 INFO:teuthology.orchestra.run.smithi003.stdout:/usr/bin/ceph: stderr
2024-05-09T07:47:28.247+0000 7fcfc6200700 1 -- 172.21.15.3:0/1314480676 --> [v2:172.21.15.3:3300/0,v1:172.21.15.3:6789/0] -- mon_command([{prefix=config set, name=mgr/cephadm/container_init}] v 0) -- 0x7fcfc01a1370 con 0x7fcfc007dee0
2024-05-09T07:47:29.006 INFO:teuthology.orchestra.run.smithi003.stdout:/usr/bin/ceph: stderr
2024-05-09T07:47:28.254+0000 7fcfb7e00700 1 -- 172.21.15.3:0/1314480676 <== mon.0 v2:172.21.15.3:3300/0 7 ==== mon_command_ack([{prefix=config set, name=mgr/cephadm/container_init}]=0 v7)=0 v7) ==== 142+0+0 (secure 0 0 0) 0x7fcfb004cd00 con 0x7fcfc007dee0
2024-05-09T07:47:29.006 INFO:teuthology.orchestra.run.smithi003.stdout:/usr/bin/ceph: stderr
2024-05-09T07:47:28.258+0000 7fcfc6200700 1 -- 172.21.15.3:0/1314480676 >> [v2:172.21.15.3:6800/2650463476,v1:172.21.15.3:6801/2650463476] conn(0x7fcfa4039160 msgr2=0x7fcfa403b620 secure :-1 s=STATE_CONNECTION_ESTABLISHED l=1).mark_down
2024-05-09T07:47:29.006 INFO:teuthology.orchestra.run.smithi003.stdout:/usr/bin/ceph: stderr
2024-05-09T07:47:28.258+0000 7fcfc6200700 1 --2- 172.21.15.3:0/1314480676 >> [v2:172.21.15.3:6800/2650463476,v1:172.21.15.3:6801/2650463476] conn(0x7fcfa4039160 0x7fcfa403b620 secure :-1 s=READY pgs=14 cs=0 l=1 rev1=1 crypto rx=0x7fcfac006fd0 tx=0x7fcfac006e40 comp rx=0 tx=0).stop
2024-05-09T07:47:29.006 INFO:teuthology.orchestra.run.smithi003.stdout:/usr/bin/ceph: stderr
2024-05-09T07:47:28.258+0000 7fcfc6200700 1 -- 172.21.15.3:0/1314480676 >> [v2:172.21.15.3:3300/0,v1:172.21.15.3:6789/0] conn(0x7fcfc007dee0 msgr2=0x7fcfc019ddf0 secure :-1 s=STATE_CONNECTION_ESTABLISHED l=1).mark_down
2024-05-09T07:47:29.006 INFO:teuthology.orchestra.run.smithi003.stdout:/usr/bin/ceph: stderr
2024-05-09T07:47:28.258+0000 7fcfc6200700 1 --2- 172.21.15.3:0/1314480676 >> [v2:172.21.15.3:3300/0,v1:172.21.15.3:6789/0] conn(0x7fcfc007dee0 0x7fcfc019ddf0 secure :-1 s=READY pgs=52 cs=0 l=1 rev1=1 crypto rx=0x7fcfb00117e0 tx=0x7fcfb0011ba0 comp rx=0 tx=0).stop
2024-05-09T07:47:29.006 INFO:teuthology.orchestra.run.smithi003.stdout:/usr/bin/ceph: stderr
2024-05-09T07:47:28.258+0000 7fcfc6200700 1 -- 172.21.15.3:0/1314480676 shutdown_connections
2024-05-09T07:47:29.006 INFO:teuthology.orchestra.run.smithi003.stdout:/usr/bin/ceph: stderr
2024-05-09T07:47:28.259+0000 7fcfc6200700 1 --2- 172.21.15.3:0/1314480676 >> [v2:172.21.15.3:6800/2650463476,v1:172.21.15.3:6801/2650463476] conn(0x7fcfa4039160 0x7fcfa403b620 unknown :-1 s=CLOSED pgs=14 cs=0 l=1 rev1=1 crypto rx=0 tx=0 comp rx=0 tx=0).stop
2024-05-09T07:47:29.006 INFO:teuthology.orchestra.run.smithi003.stdout:/usr/bin/ceph: stderr
2024-05-09T07:47:28.259+0000 7fcfc6200700 1 --2- 172.21.15.3:0/1314480676 >> [v2:172.21.15.3:3300/0,v1:172.21.15.3:6789/0] conn(0x7fcfc007dee0 0x7fcfc019ddf0 unknown :-1 s=CLOSED pgs=52 cs=0 l=1 rev1=1 crypto rx=0 tx=0 comp rx=0 tx=0).stop
2024-05-09T07:47:29.006 INFO:teuthology.orchestra.run.smithi003.stdout:/usr/bin/ceph: stderr
2024-05-09T07:47:28.259+0000 7fcfc6200700 1 -- 172.21.15.3:0/1314480676 >> 172.21.15.3:0/1314480676 conn(0x7fcfc0103330 msgr2=0x7fcfc0103d40 unknown :-1 s=STATE_NONE l=0).mark_down
2024-05-09T07:47:29.006 INFO:teuthology.orchestra.run.smithi003.stdout:/usr/bin/ceph: stderr
2024-05-09T07:47:28.259+0000 7fcfc6200700 1 -- 172.21.15.3:0/1314480676 shutdown_connections
2024-05-09T07:47:29.006 INFO:teuthology.orchestra.run.smithi003.stdout:/usr/bin/ceph: stderr
2024-05-09T07:47:28.259+0000 7fcfc6200700 1 -- 172.21.15.3:0/1314480676 wait complete.
2024-05-09T07:47:29.155 INFO:journalctl@ceph.mon.a.smithi003.stdout:May 09 07:47:28 smithi003 ceph-mon[30041]: from='mgr.14120 172.21.15.3:0/2746106244' entity='mgr.x'
2024-05-09T07:47:29.155 INFO:journalctl@ceph.mon.a.smithi003.stdout:May 09 07:47:28 smithi003 ceph-mon[30041]: from='client.? 172.21.15.3:0/1314480676' entity='client.admin'
2024-05-09T07:47:30.224 INFO:journalctl@ceph.mon.a.smithi003.stdout:May 09 07:47:29 smithi003 ceph-mon[30041]: pgmap v4: 0 pgs: ; 0 B data, 0 B used, 0 B / 0 B avail
2024-05-09T07:47:31.224 INFO:journalctl@ceph.mon.a.smithi003.stdout:May 09 07:47:30 smithi003 ceph-mon[30041]: from='client.? 172.21.15.3:0/3495473745' entity='client.admin'
2024-05-09T07:47:31.491 INFO:teuthology.orchestra.run.smithi003.stdout:/usr/bin/ceph: stderr
2024-05-09T07:47:29.652+0000 7f86e3000700 1 Processor -- start
2024-05-09T07:47:31.491 INFO:teuthology.orchestra.run.smithi003.stdout:/usr/bin/ceph: stderr
2024-05-09T07:47:29.652+0000 7f86e3000700 1 -- start start
2024-05-09T07:47:31.491 INFO:teuthology.orchestra.run.smithi003.stdout:/usr/bin/ceph: stderr
2024-05-09T07:47:29.652+0000 7f86e3000700 1 --2- >> [v2:172.21.15.3:3300/0,v1:172.21.15.3:6789/0] conn(0x7f86dc108890 0x7f86dc10ac80 unknown :-1 s=NONE pgs=0 cs=0 l=0 rev1=0 crypto rx=0 tx=0 comp rx=0 tx=0).connect
2024-05-09T07:47:31.491 INFO:teuthology.orchestra.run.smithi003.stdout:/usr/bin/ceph: stderr
2024-05-09T07:47:29.652+0000 7f86e3000700 1 -- --> [v2:172.21.15.3:3300/0,v1:172.21.15.3:6789/0] -- mon_getmap magic: 0 -- 0x7f86dc07bdd0 con 0x7f86dc108890
2024-05-09T07:47:31.491 INFO:teuthology.orchestra.run.smithi003.stdout:/usr/bin/ceph: stderr
2024-05-09T07:47:29.653+0000 7f86dbe00700 1 --2- >> [v2:172.21.15.3:3300/0,v1:172.21.15.3:6789/0] conn(0x7f86dc108890 0x7f86dc10ac80 unknown :-1 s=BANNER_CONNECTING pgs=0 cs=0 l=0 rev1=0 crypto rx=0 tx=0 comp rx=0 tx=0)._handle_peer_banner_payload supported=3 required=0
2024-05-09T07:47:31.491 INFO:teuthology.orchestra.run.smithi003.stdout:/usr/bin/ceph: stderr
2024-05-09T07:47:29.653+0000 7f86dbe00700 1 --2- >> [v2:172.21.15.3:3300/0,v1:172.21.15.3:6789/0] conn(0x7f86dc108890 0x7f86dc10ac80 unknown :-1 s=HELLO_CONNECTING pgs=0 cs=0 l=0 rev1=1 crypto rx=0 tx=0 comp rx=0 tx=0).handle_hello peer v2:172.21.15.3:3300/0 says I am v2:172.21.15.3:50444/0 (socket says 172.21.15.3:50444)
2024-05-09T07:47:31.491 INFO:teuthology.orchestra.run.smithi003.stdout:/usr/bin/ceph: stderr
2024-05-09T07:47:29.653+0000 7f86dbe00700 1 -- 172.21.15.3:0/774344370 learned_addr learned my addr 172.21.15.3:0/774344370 (peer_addr_for_me v2:172.21.15.3:0/0)
2024-05-09T07:47:31.491 INFO:teuthology.orchestra.run.smithi003.stdout:/usr/bin/ceph: stderr
2024-05-09T07:47:29.653+0000 7f86dbe00700 1 -- 172.21.15.3:0/774344370 --> [v2:172.21.15.3:3300/0,v1:172.21.15.3:6789/0] -- mon_subscribe({config=0+,monmap=0+}) -- 0x7f86dc10b1c0 con 0x7f86dc108890
2024-05-09T07:47:31.491 INFO:teuthology.orchestra.run.smithi003.stdout:/usr/bin/ceph: stderr
2024-05-09T07:47:29.654+0000 7f86dbe00700 1 --2- 172.21.15.3:0/774344370 >> [v2:172.21.15.3:3300/0,v1:172.21.15.3:6789/0] conn(0x7f86dc108890 0x7f86dc10ac80 secure :-1 s=READY pgs=53 cs=0 l=1 rev1=1 crypto rx=0x7f86cc0098a0 tx=0x7f86cc009bb0 comp rx=0 tx=0).ready entity=mon.0 client_cookie=980881c44cdf77cb server_cookie=0 in_seq=0 out_seq=0
2024-05-09T07:47:31.492 INFO:teuthology.orchestra.run.smithi003.stdout:/usr/bin/ceph: stderr
2024-05-09T07:47:29.654+0000 7f86daa00700 1 -- 172.21.15.3:0/774344370 <== mon.0 v2:172.21.15.3:3300/0 1 ==== mon_map magic: 0 ==== 205+0+0 (secure 0 0 0) 0x7f86cc004160 con 0x7f86dc108890
2024-05-09T07:47:31.492 INFO:teuthology.orchestra.run.smithi003.stdout:/usr/bin/ceph: stderr
2024-05-09T07:47:29.654+0000 7f86daa00700 1 -- 172.21.15.3:0/774344370 <== mon.0 v2:172.21.15.3:3300/0 2 ==== config(27 keys) ==== 1140+0+0 (secure 0 0 0) 0x7f86cc004300 con 0x7f86dc108890
2024-05-09T07:47:31.492 INFO:teuthology.orchestra.run.smithi003.stdout:/usr/bin/ceph: stderr
2024-05-09T07:47:29.654+0000 7f86daa00700 1 -- 172.21.15.3:0/774344370 <== mon.0 v2:172.21.15.3:3300/0 3 ==== mon_map magic: 0 ==== 205+0+0 (secure 0 0 0) 0x7f86cc011b20 con 0x7f86dc108890
2024-05-09T07:47:31.492 INFO:teuthology.orchestra.run.smithi003.stdout:/usr/bin/ceph: stderr
2024-05-09T07:47:29.655+0000 7f86e3000700 1 -- 172.21.15.3:0/774344370 >> [v2:172.21.15.3:3300/0,v1:172.21.15.3:6789/0] conn(0x7f86dc108890 msgr2=0x7f86dc10ac80 secure :-1 s=STATE_CONNECTION_ESTABLISHED l=1).mark_down
2024-05-09T07:47:31.492 INFO:teuthology.orchestra.run.smithi003.stdout:/usr/bin/ceph: stderr
2024-05-09T07:47:29.655+0000 7f86e3000700 1 --2- 172.21.15.3:0/774344370 >> [v2:172.21.15.3:3300/0,v1:172.21.15.3:6789/0] conn(0x7f86dc108890 0x7f86dc10ac80 secure :-1 s=READY pgs=53 cs=0 l=1 rev1=1 crypto rx=0x7f86cc0098a0 tx=0x7f86cc009bb0 comp rx=0 tx=0).stop
2024-05-09T07:47:31.492 INFO:teuthology.orchestra.run.smithi003.stdout:/usr/bin/ceph: stderr
2024-05-09T07:47:29.655+0000 7f86e3000700 1 -- 172.21.15.3:0/774344370 shutdown_connections
2024-05-09T07:47:31.492 INFO:teuthology.orchestra.run.smithi003.stdout:/usr/bin/ceph: stderr
2024-05-09T07:47:29.655+0000 7f86e3000700 1 --2- 172.21.15.3:0/774344370 >> [v2:172.21.15.3:3300/0,v1:172.21.15.3:6789/0] conn(0x7f86dc108890 0x7f86dc10ac80 unknown :-1 s=CLOSED pgs=53 cs=0 l=1 rev1=1 crypto rx=0 tx=0 comp rx=0 tx=0).stop
2024-05-09T07:47:31.492 INFO:teuthology.orchestra.run.smithi003.stdout:/usr/bin/ceph: stderr
2024-05-09T07:47:29.655+0000 7f86e3000700 1 -- 172.21.15.3:0/774344370 >> 172.21.15.3:0/774344370 conn(0x7f86dc1021c0 msgr2=0x7f86dc104620 unknown :-1 s=STATE_NONE l=0).mark_down
2024-05-09T07:47:31.492 INFO:teuthology.orchestra.run.smithi003.stdout:/usr/bin/ceph: stderr
2024-05-09T07:47:29.655+0000 7f86e3000700 1 -- 172.21.15.3:0/774344370 shutdown_connections
2024-05-09T07:47:31.492 INFO:teuthology.orchestra.run.smithi003.stdout:/usr/bin/ceph: stderr
2024-05-09T07:47:29.655+0000 7f86e3000700 1 -- 172.21.15.3:0/774344370 wait complete.
2024-05-09T07:47:31.492 INFO:teuthology.orchestra.run.smithi003.stdout:/usr/bin/ceph: stderr
2024-05-09T07:47:29.656+0000 7f86e3000700 1 Processor -- start
2024-05-09T07:47:31.492 INFO:teuthology.orchestra.run.smithi003.stdout:/usr/bin/ceph: stderr
2024-05-09T07:47:29.657+0000 7f86e3000700 1 -- start start
2024-05-09T07:47:31.492 INFO:teuthology.orchestra.run.smithi003.stdout:/usr/bin/ceph: stderr
2024-05-09T07:47:29.657+0000 7f86e3000700 1 --2- >> [v2:172.21.15.3:3300/0,v1:172.21.15.3:6789/0] conn(0x7f86dc108890 0x7f86dc19bbb0 unknown :-1 s=NONE pgs=0 cs=0 l=1 rev1=0 crypto rx=0 tx=0 comp rx=0 tx=0).connect
2024-05-09T07:47:31.492 INFO:teuthology.orchestra.run.smithi003.stdout:/usr/bin/ceph: stderr
2024-05-09T07:47:29.657+0000 7f86e3000700 1 -- --> [v2:172.21.15.3:3300/0,v1:172.21.15.3:6789/0] -- mon_getmap magic: 0 -- 0x7f86dc10c160 con 0x7f86dc108890
2024-05-09T07:47:31.493 INFO:teuthology.orchestra.run.smithi003.stdout:/usr/bin/ceph: stderr
2024-05-09T07:47:29.657+0000 7f86dbe00700 1 --2- >> [v2:172.21.15.3:3300/0,v1:172.21.15.3:6789/0] conn(0x7f86dc108890 0x7f86dc19bbb0 unknown :-1 s=BANNER_CONNECTING pgs=0 cs=0 l=1 rev1=0 crypto rx=0 tx=0 comp rx=0 tx=0)._handle_peer_banner_payload supported=3 required=0
2024-05-09T07:47:31.493 INFO:teuthology.orchestra.run.smithi003.stdout:/usr/bin/ceph: stderr
2024-05-09T07:47:29.657+0000 7f86dbe00700 1 --2- >> [v2:172.21.15.3:3300/0,v1:172.21.15.3:6789/0] conn(0x7f86dc108890 0x7f86dc19bbb0 unknown :-1 s=HELLO_CONNECTING pgs=0 cs=0 l=1 rev1=1 crypto rx=0 tx=0 comp rx=0 tx=0).handle_hello peer v2:172.21.15.3:3300/0 says I am v2:172.21.15.3:50448/0 (socket says 172.21.15.3:50448)
2024-05-09T07:47:31.493 INFO:teuthology.orchestra.run.smithi003.stdout:/usr/bin/ceph: stderr
2024-05-09T07:47:29.657+0000 7f86dbe00700 1 -- 172.21.15.3:0/3495473745 learned_addr learned my addr 172.21.15.3:0/3495473745 (peer_addr_for_me v2:172.21.15.3:0/0)
2024-05-09T07:47:31.493 INFO:teuthology.orchestra.run.smithi003.stdout:/usr/bin/ceph: stderr
2024-05-09T07:47:29.658+0000 7f86dbe00700 1 -- 172.21.15.3:0/3495473745 --> [v2:172.21.15.3:3300/0,v1:172.21.15.3:6789/0] -- mon_subscribe({config=0+,monmap=0+}) -- 0x7f86dc19c0f0 con 0x7f86dc108890
2024-05-09T07:47:31.493 INFO:teuthology.orchestra.run.smithi003.stdout:/usr/bin/ceph: stderr
2024-05-09T07:47:29.658+0000 7f86dbe00700 1 --2- 172.21.15.3:0/3495473745 >> [v2:172.21.15.3:3300/0,v1:172.21.15.3:6789/0] conn(0x7f86dc108890 0x7f86dc19bbb0 secure :-1 s=READY pgs=54 cs=0 l=1 rev1=1 crypto rx=0x7f86cc0117e0 tx=0x7f86cc011c10 comp rx=0 tx=0).ready entity=mon.0 client_cookie=0 server_cookie=0 in_seq=0 out_seq=0
2024-05-09T07:47:31.493 INFO:teuthology.orchestra.run.smithi003.stdout:/usr/bin/ceph: stderr
2024-05-09T07:47:29.658+0000 7f86d8c00700 1 -- 172.21.15.3:0/3495473745 <== mon.0 v2:172.21.15.3:3300/0 1 ==== mon_map magic: 0 ==== 205+0+0 (secure 0 0 0) 0x7f86cc003bf0 con 0x7f86dc108890
2024-05-09T07:47:31.493 INFO:teuthology.orchestra.run.smithi003.stdout:/usr/bin/ceph: stderr
2024-05-09T07:47:29.658+0000 7f86e3000700 1 -- 172.21.15.3:0/3495473745 --> [v2:172.21.15.3:3300/0,v1:172.21.15.3:6789/0] -- mon_subscribe({mgrmap=0+}) -- 0x7f86dc19c380 con 0x7f86dc108890
