2024-05-09T07:46:51.475 INFO:journalctl@ceph.mon.a.smithi003.stdout:May 09 07:46:51 smithi003 ceph-mon[30041]: from='mgr.14100 172.21.15.3:0/4185834678' entity='mgr.x' cmd=[{"prefix": "mon metadata", "id": "a"}]: dispatch
2024-05-09T07:46:51.475 INFO:journalctl@ceph.mon.a.smithi003.stdout:May 09 07:46:51 smithi003 ceph-mon[30041]: from='mgr.14100 172.21.15.3:0/4185834678' entity='mgr.x' cmd=[{"prefix": "mgr metadata", "who": "x", "id": "x"}]: dispatch
2024-05-09T07:46:51.475 INFO:journalctl@ceph.mon.a.smithi003.stdout:May 09 07:46:51 smithi003 ceph-mon[30041]: Manager daemon x is now available
2024-05-09T07:46:51.475 INFO:journalctl@ceph.mon.a.smithi003.stdout:May 09 07:46:51 smithi003 ceph-mon[30041]: from='mgr.14100 172.21.15.3:0/4185834678' entity='mgr.x' cmd=[{"prefix":"config rm","who":"mgr","name":"mgr/rbd_support/x/mirror_snapshot_schedule"}]: dispatch
2024-05-09T07:46:51.475 INFO:journalctl@ceph.mon.a.smithi003.stdout:May 09 07:46:51 smithi003 ceph-mon[30041]: from='mgr.14100 172.21.15.3:0/4185834678' entity='mgr.x' cmd=[{"prefix":"config rm","who":"mgr","name":"mgr/rbd_support/x/trash_purge_schedule"}]: dispatch
2024-05-09T07:46:51.476 INFO:journalctl@ceph.mon.a.smithi003.stdout:May 09 07:46:51 smithi003 ceph-mon[30041]: from='mgr.14100 172.21.15.3:0/4185834678' entity='mgr.x'
2024-05-09T07:46:52.475 INFO:journalctl@ceph.mon.a.smithi003.stdout:May 09 07:46:52 smithi003 ceph-mon[30041]: from='mgr.14100 172.21.15.3:0/4185834678' entity='mgr.x'
2024-05-09T07:46:52.475 INFO:journalctl@ceph.mon.a.smithi003.stdout:May 09 07:46:52 smithi003 ceph-mon[30041]: from='mgr.14100 172.21.15.3:0/4185834678' entity='mgr.x'
2024-05-09T07:46:52.475 INFO:journalctl@ceph.mon.a.smithi003.stdout:May 09 07:46:52 smithi003 ceph-mon[30041]: mgrmap e3: x(active, since 1.02068s)
2024-05-09T07:46:54.198 INFO:teuthology.orchestra.run.smithi003.stdout:/usr/bin/ceph: stdout
2024-05-09T07:46:54.198 INFO:teuthology.orchestra.run.smithi003.stdout:/usr/bin/ceph: stdout {
2024-05-09T07:46:54.198 INFO:teuthology.orchestra.run.smithi003.stdout:/usr/bin/ceph: stdout "fsid": "1279af52-0dd8-11ef-bc97-c7b262605968",
2024-05-09T07:46:54.198 INFO:teuthology.orchestra.run.smithi003.stdout:/usr/bin/ceph: stdout "health": {
2024-05-09T07:46:54.198 INFO:teuthology.orchestra.run.smithi003.stdout:/usr/bin/ceph: stdout "status": "HEALTH_OK",
2024-05-09T07:46:54.198 INFO:teuthology.orchestra.run.smithi003.stdout:/usr/bin/ceph: stdout "checks": {},
2024-05-09T07:46:54.198 INFO:teuthology.orchestra.run.smithi003.stdout:/usr/bin/ceph: stdout "mutes": []
2024-05-09T07:46:54.199 INFO:teuthology.orchestra.run.smithi003.stdout:/usr/bin/ceph: stdout },
2024-05-09T07:46:54.199 INFO:teuthology.orchestra.run.smithi003.stdout:/usr/bin/ceph: stdout "election_epoch": 5,
2024-05-09T07:46:54.199 INFO:teuthology.orchestra.run.smithi003.stdout:/usr/bin/ceph: stdout "quorum": [
2024-05-09T07:46:54.199 INFO:teuthology.orchestra.run.smithi003.stdout:/usr/bin/ceph: stdout 0
2024-05-09T07:46:54.199 INFO:teuthology.orchestra.run.smithi003.stdout:/usr/bin/ceph: stdout ],
2024-05-09T07:46:54.199 INFO:teuthology.orchestra.run.smithi003.stdout:/usr/bin/ceph: stdout "quorum_names": [
2024-05-09T07:46:54.199 INFO:teuthology.orchestra.run.smithi003.stdout:/usr/bin/ceph: stdout "a"
2024-05-09T07:46:54.199 INFO:teuthology.orchestra.run.smithi003.stdout:/usr/bin/ceph: stdout ],
2024-05-09T07:46:54.199 INFO:teuthology.orchestra.run.smithi003.stdout:/usr/bin/ceph: stdout "quorum_age": 14,
2024-05-09T07:46:54.199 INFO:teuthology.orchestra.run.smithi003.stdout:/usr/bin/ceph: stdout "monmap": {
2024-05-09T07:46:54.199 INFO:teuthology.orchestra.run.smithi003.stdout:/usr/bin/ceph: stdout "epoch": 1,
2024-05-09T07:46:54.199 INFO:teuthology.orchestra.run.smithi003.stdout:/usr/bin/ceph: stdout "min_mon_release_name": "squid",
2024-05-09T07:46:54.199 INFO:teuthology.orchestra.run.smithi003.stdout:/usr/bin/ceph: stdout "num_mons": 1
2024-05-09T07:46:54.199 INFO:teuthology.orchestra.run.smithi003.stdout:/usr/bin/ceph: stdout },
2024-05-09T07:46:54.199 INFO:teuthology.orchestra.run.smithi003.stdout:/usr/bin/ceph: stdout "osdmap": {
2024-05-09T07:46:54.200 INFO:teuthology.orchestra.run.smithi003.stdout:/usr/bin/ceph: stdout "epoch": 1,
2024-05-09T07:46:54.200 INFO:teuthology.orchestra.run.smithi003.stdout:/usr/bin/ceph: stdout "num_osds": 0,
2024-05-09T07:46:54.200 INFO:teuthology.orchestra.run.smithi003.stdout:/usr/bin/ceph: stdout "num_up_osds": 0,
2024-05-09T07:46:54.200 INFO:teuthology.orchestra.run.smithi003.stdout:/usr/bin/ceph: stdout "osd_up_since": 0,
2024-05-09T07:46:54.204 INFO:teuthology.orchestra.run.smithi003.stdout:/usr/bin/ceph: stdout "num_in_osds": 0,
2024-05-09T07:46:54.204 INFO:teuthology.orchestra.run.smithi003.stdout:/usr/bin/ceph: stdout "osd_in_since": 0,
2024-05-09T07:46:54.204 INFO:teuthology.orchestra.run.smithi003.stdout:/usr/bin/ceph: stdout "num_remapped_pgs": 0
2024-05-09T07:46:54.204 INFO:teuthology.orchestra.run.smithi003.stdout:/usr/bin/ceph: stdout },
2024-05-09T07:46:54.205 INFO:teuthology.orchestra.run.smithi003.stdout:/usr/bin/ceph: stdout "pgmap": {
2024-05-09T07:46:54.205 INFO:teuthology.orchestra.run.smithi003.stdout:/usr/bin/ceph: stdout "pgs_by_state": [],
2024-05-09T07:46:54.205 INFO:teuthology.orchestra.run.smithi003.stdout:/usr/bin/ceph: stdout "num_pgs": 0,
2024-05-09T07:46:54.205 INFO:teuthology.orchestra.run.smithi003.stdout:/usr/bin/ceph: stdout "num_pools": 0,
2024-05-09T07:46:54.205 INFO:teuthology.orchestra.run.smithi003.stdout:/usr/bin/ceph: stdout "num_objects": 0,
2024-05-09T07:46:54.205 INFO:teuthology.orchestra.run.smithi003.stdout:/usr/bin/ceph: stdout "data_bytes": 0,
2024-05-09T07:46:54.205 INFO:teuthology.orchestra.run.smithi003.stdout:/usr/bin/ceph: stdout "bytes_used": 0,
2024-05-09T07:46:54.205 INFO:teuthology.orchestra.run.smithi003.stdout:/usr/bin/ceph: stdout "bytes_avail": 0,
2024-05-09T07:46:54.205 INFO:teuthology.orchestra.run.smithi003.stdout:/usr/bin/ceph: stdout "bytes_total": 0
2024-05-09T07:46:54.205 INFO:teuthology.orchestra.run.smithi003.stdout:/usr/bin/ceph: stdout },
2024-05-09T07:46:54.205 INFO:teuthology.orchestra.run.smithi003.stdout:/usr/bin/ceph: stdout "fsmap": {
2024-05-09T07:46:54.205 INFO:teuthology.orchestra.run.smithi003.stdout:/usr/bin/ceph: stdout "epoch": 1,
2024-05-09T07:46:54.205 INFO:teuthology.orchestra.run.smithi003.stdout:/usr/bin/ceph: stdout "by_rank": [],
2024-05-09T07:46:54.205 INFO:teuthology.orchestra.run.smithi003.stdout:/usr/bin/ceph: stdout "up:standby": 0
2024-05-09T07:46:54.206 INFO:teuthology.orchestra.run.smithi003.stdout:/usr/bin/ceph: stdout },
2024-05-09T07:46:54.206 INFO:teuthology.orchestra.run.smithi003.stdout:/usr/bin/ceph: stdout "mgrmap": {
2024-05-09T07:46:54.206 INFO:teuthology.orchestra.run.smithi003.stdout:/usr/bin/ceph: stdout "available": true,
2024-05-09T07:46:54.206 INFO:teuthology.orchestra.run.smithi003.stdout:/usr/bin/ceph: stdout "num_standbys": 0,
2024-05-09T07:46:54.206 INFO:teuthology.orchestra.run.smithi003.stdout:/usr/bin/ceph: stdout "modules": [
2024-05-09T07:46:54.206 INFO:teuthology.orchestra.run.smithi003.stdout:/usr/bin/ceph: stdout "iostat",
2024-05-09T07:46:54.206 INFO:teuthology.orchestra.run.smithi003.stdout:/usr/bin/ceph: stdout "nfs",
2024-05-09T07:46:54.206 INFO:teuthology.orchestra.run.smithi003.stdout:/usr/bin/ceph: stdout "restful"
2024-05-09T07:46:54.206 INFO:teuthology.orchestra.run.smithi003.stdout:/usr/bin/ceph: stdout ],
2024-05-09T07:46:54.206 INFO:teuthology.orchestra.run.smithi003.stdout:/usr/bin/ceph: stdout "services": {}
2024-05-09T07:46:54.206 INFO:teuthology.orchestra.run.smithi003.stdout:/usr/bin/ceph: stdout },
2024-05-09T07:46:54.206 INFO:teuthology.orchestra.run.smithi003.stdout:/usr/bin/ceph: stdout "servicemap": {
2024-05-09T07:46:54.206 INFO:teuthology.orchestra.run.smithi003.stdout:/usr/bin/ceph: stdout "epoch": 1,
2024-05-09T07:46:54.207 INFO:teuthology.orchestra.run.smithi003.stdout:/usr/bin/ceph: stdout "modified": "2024-05-09T07:46:31.451006+0000",
2024-05-09T07:46:54.207 INFO:teuthology.orchestra.run.smithi003.stdout:/usr/bin/ceph: stdout "services": {}
2024-05-09T07:46:54.207 INFO:teuthology.orchestra.run.smithi003.stdout:/usr/bin/ceph: stdout },
2024-05-09T07:46:54.207 INFO:teuthology.orchestra.run.smithi003.stdout:/usr/bin/ceph: stdout "progress_events": {}
2024-05-09T07:46:54.207 INFO:teuthology.orchestra.run.smithi003.stdout:/usr/bin/ceph: stdout }
2024-05-09T07:46:54.207 INFO:teuthology.orchestra.run.smithi003.stdout:/usr/bin/ceph: stderr
2024-05-09T07:46:53.172+0000 7f7aab200700 1 Processor -- start
2024-05-09T07:46:54.207 INFO:teuthology.orchestra.run.smithi003.stdout:/usr/bin/ceph: stderr
2024-05-09T07:46:53.172+0000 7f7aab200700 1 -- start start
2024-05-09T07:46:54.207 INFO:teuthology.orchestra.run.smithi003.stdout:/usr/bin/ceph: stderr
2024-05-09T07:46:53.173+0000 7f7aab200700 1 --2- >> [v2:172.21.15.3:3300/0,v1:172.21.15.3:6789/0] conn(0x7f7aa407de80 0x7f7aa407c2e0 unknown :-1 s=NONE pgs=0 cs=0 l=0 rev1=0 crypto rx=0 tx=0 comp rx=0 tx=0).connect
2024-05-09T07:46:54.207 INFO:teuthology.orchestra.run.smithi003.stdout:/usr/bin/ceph: stderr
2024-05-09T07:46:53.173+0000 7f7aab200700 1 -- --> [v2:172.21.15.3:3300/0,v1:172.21.15.3:6789/0] -- mon_getmap magic: 0 -- 0x7f7aa407c8b0 con 0x7f7aa407de80
2024-05-09T07:46:54.207 INFO:teuthology.orchestra.run.smithi003.stdout:/usr/bin/ceph: stderr
2024-05-09T07:46:53.173+0000 7f7aa9e00700 1 --2- >> [v2:172.21.15.3:3300/0,v1:172.21.15.3:6789/0] conn(0x7f7aa407de80 0x7f7aa407c2e0 unknown :-1 s=BANNER_CONNECTING pgs=0 cs=0 l=0 rev1=0 crypto rx=0 tx=0 comp rx=0 tx=0)._handle_peer_banner_payload supported=3 required=0
2024-05-09T07:46:54.207 INFO:teuthology.orchestra.run.smithi003.stdout:/usr/bin/ceph: stderr
2024-05-09T07:46:53.173+0000 7f7aa9e00700 1 --2- >> [v2:172.21.15.3:3300/0,v1:172.21.15.3:6789/0] conn(0x7f7aa407de80 0x7f7aa407c2e0 unknown :-1 s=HELLO_CONNECTING pgs=0 cs=0 l=0 rev1=1 crypto rx=0 tx=0 comp rx=0 tx=0).handle_hello peer v2:172.21.15.3:3300/0 says I am v2:172.21.15.3:55560/0 (socket says 172.21.15.3:55560)
2024-05-09T07:46:54.207 INFO:teuthology.orchestra.run.smithi003.stdout:/usr/bin/ceph: stderr
2024-05-09T07:46:53.173+0000 7f7aa9e00700 1 -- 172.21.15.3:0/3411430370 learned_addr learned my addr 172.21.15.3:0/3411430370 (peer_addr_for_me v2:172.21.15.3:0/0)
2024-05-09T07:46:54.207 INFO:teuthology.orchestra.run.smithi003.stdout:/usr/bin/ceph: stderr
2024-05-09T07:46:53.174+0000 7f7aa9e00700 1 -- 172.21.15.3:0/3411430370 --> [v2:172.21.15.3:3300/0,v1:172.21.15.3:6789/0] -- mon_subscribe({config=0+,monmap=0+}) -- 0x7f7aa407ca30 con 0x7f7aa407de80
2024-05-09T07:46:54.207 INFO:teuthology.orchestra.run.smithi003.stdout:/usr/bin/ceph: stderr
2024-05-09T07:46:53.174+0000 7f7aa9e00700 1 --2- 172.21.15.3:0/3411430370 >> [v2:172.21.15.3:3300/0,v1:172.21.15.3:6789/0] conn(0x7f7aa407de80 0x7f7aa407c2e0 secure :-1 s=READY pgs=18 cs=0 l=1 rev1=1 crypto rx=0x7f7a980098a0 tx=0x7f7a98009bb0 comp rx=0 tx=0).ready entity=mon.0 client_cookie=eda08051521291f1 server_cookie=0 in_seq=0 out_seq=0
2024-05-09T07:46:54.212 INFO:teuthology.orchestra.run.smithi003.stdout:/usr/bin/ceph: stderr
2024-05-09T07:46:53.174+0000 7f7aa8a00700 1 -- 172.21.15.3:0/3411430370 <== mon.0 v2:172.21.15.3:3300/0 1 ==== mon_map magic: 0 ==== 205+0+0 (secure 0 0 0) 0x7f7a98004160 con 0x7f7aa407de80
2024-05-09T07:46:54.212 INFO:teuthology.orchestra.run.smithi003.stdout:/usr/bin/ceph: stderr
2024-05-09T07:46:53.174+0000 7f7aa8a00700 1 -- 172.21.15.3:0/3411430370 <== mon.0 v2:172.21.15.3:3300/0 2 ==== config(27 keys) ==== 1109+0+0 (secure 0 0 0) 0x7f7a98004300 con 0x7f7aa407de80
2024-05-09T07:46:54.212 INFO:teuthology.orchestra.run.smithi003.stdout:/usr/bin/ceph: stderr
2024-05-09T07:46:53.174+0000 7f7aa8a00700 1 -- 172.21.15.3:0/3411430370 <== mon.0 v2:172.21.15.3:3300/0 3 ==== mon_map magic: 0 ==== 205+0+0 (secure 0 0 0) 0x7f7a98011b50 con 0x7f7aa407de80
2024-05-09T07:46:54.212 INFO:teuthology.orchestra.run.smithi003.stdout:/usr/bin/ceph: stderr
2024-05-09T07:46:53.175+0000 7f7aab200700 1 -- 172.21.15.3:0/3411430370 >> [v2:172.21.15.3:3300/0,v1:172.21.15.3:6789/0] conn(0x7f7aa407de80 msgr2=0x7f7aa407c2e0 secure :-1 s=STATE_CONNECTION_ESTABLISHED l=1).mark_down
2024-05-09T07:46:54.212 INFO:teuthology.orchestra.run.smithi003.stdout:/usr/bin/ceph: stderr
2024-05-09T07:46:53.175+0000 7f7aab200700 1 --2- 172.21.15.3:0/3411430370 >> [v2:172.21.15.3:3300/0,v1:172.21.15.3:6789/0] conn(0x7f7aa407de80 0x7f7aa407c2e0 secure :-1 s=READY pgs=18 cs=0 l=1 rev1=1 crypto rx=0x7f7a980098a0 tx=0x7f7a98009bb0 comp rx=0 tx=0).stop
2024-05-09T07:46:54.212 INFO:teuthology.orchestra.run.smithi003.stdout:/usr/bin/ceph: stderr
2024-05-09T07:46:53.175+0000 7f7aab200700 1 -- 172.21.15.3:0/3411430370 shutdown_connections
2024-05-09T07:46:54.212 INFO:teuthology.orchestra.run.smithi003.stdout:/usr/bin/ceph: stderr
2024-05-09T07:46:53.175+0000 7f7aab200700 1 --2- 172.21.15.3:0/3411430370 >> [v2:172.21.15.3:3300/0,v1:172.21.15.3:6789/0] conn(0x7f7aa407de80 0x7f7aa407c2e0 unknown :-1 s=CLOSED pgs=18 cs=0 l=1 rev1=1 crypto rx=0 tx=0 comp rx=0 tx=0).stop
2024-05-09T07:46:54.213 INFO:teuthology.orchestra.run.smithi003.stdout:/usr/bin/ceph: stderr
2024-05-09T07:46:53.175+0000 7f7aab200700 1 -- 172.21.15.3:0/3411430370 >> 172.21.15.3:0/3411430370 conn(0x7f7aa4103170 msgr2=0x7f7aa4105590 unknown :-1 s=STATE_NONE l=0).mark_down
2024-05-09T07:46:54.213 INFO:teuthology.orchestra.run.smithi003.stdout:/usr/bin/ceph: stderr
2024-05-09T07:46:53.175+0000 7f7aab200700 1 -- 172.21.15.3:0/3411430370 shutdown_connections
2024-05-09T07:46:54.213 INFO:teuthology.orchestra.run.smithi003.stdout:/usr/bin/ceph: stderr
2024-05-09T07:46:53.175+0000 7f7aab200700 1 -- 172.21.15.3:0/3411430370 wait complete.
2024-05-09T07:46:54.213 INFO:teuthology.orchestra.run.smithi003.stdout:/usr/bin/ceph: stderr
2024-05-09T07:46:53.176+0000 7f7aab200700 1 Processor -- start
2024-05-09T07:46:54.213 INFO:teuthology.orchestra.run.smithi003.stdout:/usr/bin/ceph: stderr
2024-05-09T07:46:53.176+0000 7f7aab200700 1 -- start start
2024-05-09T07:46:54.213 INFO:teuthology.orchestra.run.smithi003.stdout:/usr/bin/ceph: stderr
2024-05-09T07:46:53.177+0000 7f7aab200700 1 --2- >> [v2:172.21.15.3:3300/0,v1:172.21.15.3:6789/0] conn(0x7f7aa419dec0 0x7f7aa419e2e0 unknown :-1 s=NONE pgs=0 cs=0 l=1 rev1=0 crypto rx=0 tx=0 comp rx=0 tx=0).connect
2024-05-09T07:46:54.213 INFO:teuthology.orchestra.run.smithi003.stdout:/usr/bin/ceph: stderr
2024-05-09T07:46:53.177+0000 7f7aab200700 1 -- --> [v2:172.21.15.3:3300/0,v1:172.21.15.3:6789/0] -- mon_getmap magic: 0 -- 0x7f7aa410e1c0 con 0x7f7aa419dec0
2024-05-09T07:46:54.213 INFO:teuthology.orchestra.run.smithi003.stdout:/usr/bin/ceph: stderr
2024-05-09T07:46:53.177+0000 7f7aa9e00700 1 --2- >> [v2:172.21.15.3:3300/0,v1:172.21.15.3:6789/0] conn(0x7f7aa419dec0 0x7f7aa419e2e0 unknown :-1 s=BANNER_CONNECTING pgs=0 cs=0 l=1 rev1=0 crypto rx=0 tx=0 comp rx=0 tx=0)._handle_peer_banner_payload supported=3 required=0
2024-05-09T07:46:54.213 INFO:teuthology.orchestra.run.smithi003.stdout:/usr/bin/ceph: stderr
2024-05-09T07:46:53.177+0000 7f7aa9e00700 1 --2- >> [v2:172.21.15.3:3300/0,v1:172.21.15.3:6789/0] conn(0x7f7aa419dec0 0x7f7aa419e2e0 unknown :-1 s=HELLO_CONNECTING pgs=0 cs=0 l=1 rev1=1 crypto rx=0 tx=0 comp rx=0 tx=0).handle_hello peer v2:172.21.15.3:3300/0 says I am v2:172.21.15.3:55568/0 (socket says 172.21.15.3:55568)
2024-05-09T07:46:54.213 INFO:teuthology.orchestra.run.smithi003.stdout:/usr/bin/ceph: stderr
2024-05-09T07:46:53.177+0000 7f7aa9e00700 1 -- 172.21.15.3:0/1804890821 learned_addr learned my addr 172.21.15.3:0/1804890821 (peer_addr_for_me v2:172.21.15.3:0/0)
2024-05-09T07:46:54.213 INFO:teuthology.orchestra.run.smithi003.stdout:/usr/bin/ceph: stderr
2024-05-09T07:46:53.177+0000 7f7aa9e00700 1 -- 172.21.15.3:0/1804890821 --> [v2:172.21.15.3:3300/0,v1:172.21.15.3:6789/0] -- mon_subscribe({config=0+,monmap=0+}) -- 0x7f7aa419e820 con 0x7f7aa419dec0
2024-05-09T07:46:54.213 INFO:teuthology.orchestra.run.smithi003.stdout:/usr/bin/ceph: stderr
2024-05-09T07:46:53.178+0000 7f7aa9e00700 1 --2- 172.21.15.3:0/1804890821 >> [v2:172.21.15.3:3300/0,v1:172.21.15.3:6789/0] conn(0x7f7aa419dec0 0x7f7aa419e2e0 secure :-1 s=READY pgs=19 cs=0 l=1 rev1=1 crypto rx=0x7f7a98000c00 tx=0x7f7a980119e0 comp rx=0 tx=0).ready entity=mon.0 client_cookie=0 server_cookie=0 in_seq=0 out_seq=0
2024-05-09T07:46:54.213 INFO:teuthology.orchestra.run.smithi003.stdout:/usr/bin/ceph: stderr
2024-05-09T07:46:53.178+0000 7f7a9ea00700 1 -- 172.21.15.3:0/1804890821 <== mon.0 v2:172.21.15.3:3300/0 1 ==== mon_map magic: 0 ==== 205+0+0 (secure 0 0 0) 0x7f7a980038b0 con 0x7f7aa419dec0
2024-05-09T07:46:54.213 INFO:teuthology.orchestra.run.smithi003.stdout:/usr/bin/ceph: stderr
2024-05-09T07:46:53.178+0000 7f7a9ea00700 1 -- 172.21.15.3:0/1804890821 <== mon.0 v2:172.21.15.3:3300/0 2 ==== config(27 keys) ==== 1109+0+0 (secure 0 0 0) 0x7f7a98003a50 con 0x7f7aa419dec0
2024-05-09T07:46:54.214 INFO:teuthology.orchestra.run.smithi003.stdout:/usr/bin/ceph: stderr
2024-05-09T07:46:53.178+0000 7f7aab200700 1 -- 172.21.15.3:0/1804890821 --> [v2:172.21.15.3:3300/0,v1:172.21.15.3:6789/0] -- mon_subscribe({mgrmap=0+}) -- 0x7f7aa419eab0 con 0x7f7aa419dec0
2024-05-09T07:46:54.214 INFO:teuthology.orchestra.run.smithi003.stdout:/usr/bin/ceph: stderr
2024-05-09T07:46:53.178+0000 7f7a9ea00700 1 -- 172.21.15.3:0/1804890821 <== mon.0 v2:172.21.15.3:3300/0 3 ==== mon_map magic: 0 ==== 205+0+0 (secure 0 0 0) 0x7f7a9801b440 con 0x7f7aa419dec0
2024-05-09T07:46:54.214 INFO:teuthology.orchestra.run.smithi003.stdout:/usr/bin/ceph: stderr
2024-05-09T07:46:53.178+0000 7f7aab200700 1 -- 172.21.15.3:0/1804890821 --> [v2:172.21.15.3:3300/0,v1:172.21.15.3:6789/0] -- mon_subscribe({osdmap=0}) -- 0x7f7aa41a1590 con 0x7f7aa419dec0
2024-05-09T07:46:54.214 INFO:teuthology.orchestra.run.smithi003.stdout:/usr/bin/ceph: stderr
2024-05-09T07:46:53.179+0000 7f7a9ea00700 1 -- 172.21.15.3:0/1804890821 <== mon.0 v2:172.21.15.3:3300/0 4 ==== mgrmap(e 3) ==== 46170+0+0 (secure 0 0 0) 0x7f7a9801a440 con 0x7f7aa419dec0
2024-05-09T07:46:54.214 INFO:teuthology.orchestra.run.smithi003.stdout:/usr/bin/ceph: stderr
2024-05-09T07:46:53.179+0000 7f7aab200700 1 -- 172.21.15.3:0/1804890821 --> [v2:172.21.15.3:3300/0,v1:172.21.15.3:6789/0] -- mon_command({"prefix": "get_command_descriptions"} v 0) -- 0x7f7aa4069440 con 0x7f7aa419dec0
2024-05-09T07:46:54.214 INFO:teuthology.orchestra.run.smithi003.stdout:/usr/bin/ceph: stderr
2024-05-09T07:46:53.180+0000 7f7a9ea00700 1 --2- 172.21.15.3:0/1804890821 >> [v2:172.21.15.3:6800/2585490118,v1:172.21.15.3:6801/2585490118] conn(0x7f7a8c038ff0 0x7f7a8c03b4b0 unknown :-1 s=NONE pgs=0 cs=0 l=1 rev1=0 crypto rx=0 tx=0 comp rx=0 tx=0).connect
2024-05-09T07:46:54.214 INFO:teuthology.orchestra.run.smithi003.stdout:/usr/bin/ceph: stderr
2024-05-09T07:46:53.180+0000 7f7a9ea00700 1 -- 172.21.15.3:0/1804890821 <== mon.0 v2:172.21.15.3:3300/0 5 ==== osd_map(1..1 src has 1..1) ==== 725+0+0 (secure 0 0 0) 0x7f7a9804d230 con 0x7f7aa419dec0
2024-05-09T07:46:54.214 INFO:teuthology.orchestra.run.smithi003.stdout:/usr/bin/ceph: stderr
2024-05-09T07:46:53.180+0000 7f7aa9400700 1 --2- 172.21.15.3:0/1804890821 >> [v2:172.21.15.3:6800/2585490118,v1:172.21.15.3:6801/2585490118] conn(0x7f7a8c038ff0 0x7f7a8c03b4b0 unknown :-1 s=BANNER_CONNECTING pgs=0 cs=0 l=1 rev1=0 crypto rx=0 tx=0 comp rx=0 tx=0)._handle_peer_banner_payload supported=3 required=0
2024-05-09T07:46:54.214 INFO:teuthology.orchestra.run.smithi003.stdout:/usr/bin/ceph: stderr
2024-05-09T07:46:53.181+0000 7f7aa9400700 1 --2- 172.21.15.3:0/1804890821 >> [v2:172.21.15.3:6800/2585490118,v1:172.21.15.3:6801/2585490118] conn(0x7f7a8c038ff0 0x7f7a8c03b4b0 secure :-1 s=READY pgs=6 cs=0 l=1 rev1=1 crypto rx=0x7f7a94006fd0 tx=0x7f7a94006e40 comp rx=0 tx=0).ready entity=mgr.14100 client_cookie=0 server_cookie=0 in_seq=0 out_seq=0
2024-05-09T07:46:54.214 INFO:teuthology.orchestra.run.smithi003.stdout:/usr/bin/ceph: stderr
2024-05-09T07:46:53.186+0000 7f7a9ea00700 1 -- 172.21.15.3:0/1804890821 <== mon.0 v2:172.21.15.3:3300/0 6 ==== mon_command_ack([{"prefix": "get_command_descriptions"}]=0 v0) ==== 72+0+186147 (secure 0 0 0) 0x7f7a98016df0 con 0x7f7aa419dec0
2024-05-09T07:46:54.214 INFO:teuthology.orchestra.run.smithi003.stdout:/usr/bin/ceph: stderr
2024-05-09T07:46:53.195+0000 7f7a9ea00700 1 -- 172.21.15.3:0/1804890821 <== mon.0 v2:172.21.15.3:3300/0 7 ==== mgrmap(e 4) ==== 46276+0+0 (secure 0 0 0) 0x7f7a9801a730 con 0x7f7aa419dec0
2024-05-09T07:46:54.214 INFO:teuthology.orchestra.run.smithi003.stdout:/usr/bin/ceph: stderr
2024-05-09T07:46:53.504+0000 7f7aab200700 1 -- 172.21.15.3:0/1804890821 --> [v2:172.21.15.3:3300/0,v1:172.21.15.3:6789/0] -- mon_command({"prefix": "status", "format": "json-pretty"} v 0) -- 0x7f7aa41a1d90 con 0x7f7aa419dec0
2024-05-09T07:46:54.214 INFO:teuthology.orchestra.run.smithi003.stdout:/usr/bin/ceph: stderr
2024-05-09T07:46:53.505+0000 7f7a9ea00700 1 -- 172.21.15.3:0/1804890821 <== mon.0 v2:172.21.15.3:3300/0 8 ==== mon_command_ack([{"prefix": "status", "format": "json-pretty"}]=0 v0) ==== 79+0+1239 (secure 0 0 0) 0x7f7a9802c300 con 0x7f7aa419dec0
2024-05-09T07:46:54.215 INFO:teuthology.orchestra.run.smithi003.stdout:/usr/bin/ceph: stderr
2024-05-09T07:46:53.508+0000 7f7aab200700 1 -- 172.21.15.3:0/1804890821 >> [v2:172.21.15.3:6800/2585490118,v1:172.21.15.3:6801/2585490118] conn(0x7f7a8c038ff0 msgr2=0x7f7a8c03b4b0 secure :-1 s=STATE_CONNECTION_ESTABLISHED l=1).mark_down
2024-05-09T07:46:54.215 INFO:teuthology.orchestra.run.smithi003.stdout:/usr/bin/ceph: stderr
2024-05-09T07:46:53.508+0000 7f7aab200700 1 --2- 172.21.15.3:0/1804890821 >> [v2:172.21.15.3:6800/2585490118,v1:172.21.15.3:6801/2585490118] conn(0x7f7a8c038ff0 0x7f7a8c03b4b0 secure :-1 s=READY pgs=6 cs=0 l=1 rev1=1 crypto rx=0x7f7a94006fd0 tx=0x7f7a94006e40 comp rx=0 tx=0).stop
2024-05-09T07:46:54.215 INFO:teuthology.orchestra.run.smithi003.stdout:/usr/bin/ceph: stderr
2024-05-09T07:46:53.508+0000 7f7aab200700 1 -- 172.21.15.3:0/1804890821 >> [v2:172.21.15.3:3300/0,v1:172.21.15.3:6789/0] conn(0x7f7aa419dec0 msgr2=0x7f7aa419e2e0 secure :-1 s=STATE_CONNECTION_ESTABLISHED l=1).mark_down
2024-05-09T07:46:54.215 INFO:teuthology.orchestra.run.smithi003.stdout:/usr/bin/ceph: stderr
2024-05-09T07:46:53.508+0000 7f7aab200700 1 --2- 172.21.15.3:0/1804890821 >> [v2:172.21.15.3:3300/0,v1:172.21.15.3:6789/0] conn(0x7f7aa419dec0 0x7f7aa419e2e0 secure :-1 s=READY pgs=19 cs=0 l=1 rev1=1 crypto rx=0x7f7a98000c00 tx=0x7f7a980119e0 comp rx=0 tx=0).stop
2024-05-09T07:46:54.215 INFO:teuthology.orchestra.run.smithi003.stdout:/usr/bin/ceph: stderr
2024-05-09T07:46:53.508+0000 7f7aab200700 1 -- 172.21.15.3:0/1804890821 shutdown_connections
2024-05-09T07:46:54.215 INFO:teuthology.orchestra.run.smithi003.stdout:/usr/bin/ceph: stderr
2024-05-09T07:46:53.508+0000 7f7aab200700 1 --2- 172.21.15.3:0/1804890821 >> [v2:172.21.15.3:6800/2585490118,v1:172.21.15.3:6801/2585490118] conn(0x7f7a8c038ff0 0x7f7a8c03b4b0 unknown :-1 s=CLOSED pgs=6 cs=0 l=1 rev1=1 crypto rx=0 tx=0 comp rx=0 tx=0).stop
2024-05-09T07:46:54.215 INFO:teuthology.orchestra.run.smithi003.stdout:/usr/bin/ceph: stderr
2024-05-09T07:46:53.508+0000 7f7aab200700 1 --2- 172.21.15.3:0/1804890821 >> [v2:172.21.15.3:3300/0,v1:172.21.15.3:6789/0] conn(0x7f7aa419dec0 0x7f7aa419e2e0 unknown :-1 s=CLOSED pgs=19 cs=0 l=1 rev1=1 crypto rx=0 tx=0 comp rx=0 tx=0).stop
2024-05-09T07:46:54.215 INFO:teuthology.orchestra.run.smithi003.stdout:/usr/bin/ceph: stderr
2024-05-09T07:46:53.508+0000 7f7aab200700 1 -- 172.21.15.3:0/1804890821 >> 172.21.15.3:0/1804890821 conn(0x7f7aa4103170 msgr2=0x7f7aa4103c10 unknown :-1 s=STATE_NONE l=0).mark_down
2024-05-09T07:46:54.215 INFO:teuthology.orchestra.run.smithi003.stdout:/usr/bin/ceph: stderr
2024-05-09T07:46:53.508+0000 7f7aab200700 1 -- 172.21.15.3:0/1804890821 shutdown_connections
2024-05-09T07:46:54.215 INFO:teuthology.orchestra.run.smithi003.stdout:/usr/bin/ceph: stderr
2024-05-09T07:46:53.508+0000 7f7aab200700 1 -- 172.21.15.3:0/1804890821 wait complete.
2024-05-09T07:46:54.215 INFO:teuthology.orchestra.run.smithi003.stdout:mgr is available
2024-05-09T07:46:54.470 INFO:journalctl@ceph.mon.a.smithi003.stdout:May 09 07:46:54 smithi003 ceph-mon[30041]: mgrmap e4: x(active, since 2s)
2024-05-09T07:46:54.470 INFO:journalctl@ceph.mon.a.smithi003.stdout:May 09 07:46:54 smithi003 ceph-mon[30041]: from='client.? 172.21.15.3:0/1804890821' entity='client.admin' cmd=[{"prefix": "status", "format": "json-pretty"}]: dispatch
2024-05-09T07:46:55.474 INFO:journalctl@ceph.mon.a.smithi003.stdout:May 09 07:46:55 smithi003 ceph-mon[30041]: from='client.? 172.21.15.3:0/4014362850' entity='client.admin' cmd=[{"prefix": "config assimilate-conf"}]: dispatch
2024-05-09T07:46:55.852 INFO:teuthology.orchestra.run.smithi003.stdout:/usr/bin/ceph: stdout
2024-05-09T07:46:55.852 INFO:teuthology.orchestra.run.smithi003.stdout:/usr/bin/ceph: stdout [global]
2024-05-09T07:46:55.852 INFO:teuthology.orchestra.run.smithi003.stdout:/usr/bin/ceph: stdout fsid = 1279af52-0dd8-11ef-bc97-c7b262605968
2024-05-09T07:46:55.852 INFO:teuthology.orchestra.run.smithi003.stdout:/usr/bin/ceph: stdout mon_osd_allow_pg_remap = true
2024-05-09T07:46:55.852 INFO:teuthology.orchestra.run.smithi003.stdout:/usr/bin/ceph: stdout mon_osd_allow_primary_affinity = true
2024-05-09T07:46:55.852 INFO:teuthology.orchestra.run.smithi003.stdout:/usr/bin/ceph: stdout mon_warn_on_no_sortbitwise = false
2024-05-09T07:46:55.853 INFO:teuthology.orchestra.run.smithi003.stdout:/usr/bin/ceph: stdout osd_crush_chooseleaf_type = 0
2024-05-09T07:46:55.853 INFO:teuthology.orchestra.run.smithi003.stdout:/usr/bin/ceph: stdout
2024-05-09T07:46:55.853 INFO:teuthology.orchestra.run.smithi003.stdout:/usr/bin/ceph: stdout [mgr]
2024-05-09T07:46:55.853 INFO:teuthology.orchestra.run.smithi003.stdout:/usr/bin/ceph: stdout mgr/telemetry/nag = false
2024-05-09T07:46:55.853 INFO:teuthology.orchestra.run.smithi003.stdout:/usr/bin/ceph: stdout
2024-05-09T07:46:55.853 INFO:teuthology.orchestra.run.smithi003.stdout:/usr/bin/ceph: stdout [osd]
2024-05-09T07:46:55.853 INFO:teuthology.orchestra.run.smithi003.stdout:/usr/bin/ceph: stdout mon_osd_backfillfull_ratio = 0.85
2024-05-09T07:46:55.853 INFO:teuthology.orchestra.run.smithi003.stdout:/usr/bin/ceph: stdout mon_osd_full_ratio = 0.9
2024-05-09T07:46:55.853 INFO:teuthology.orchestra.run.smithi003.stdout:/usr/bin/ceph: stdout mon_osd_nearfull_ratio = 0.8
2024-05-09T07:46:55.853 INFO:teuthology.orchestra.run.smithi003.stdout:/usr/bin/ceph: stdout osd_map_max_advance = 10
2024-05-09T07:46:55.853 INFO:teuthology.orchestra.run.smithi003.stdout:/usr/bin/ceph: stdout osd_sloppy_crc = true
2024-05-09T07:46:55.853 INFO:teuthology.orchestra.run.smithi003.stdout:/usr/bin/ceph: stderr
2024-05-09T07:46:54.949+0000 7f3975800700 1 Processor -- start
2024-05-09T07:46:55.853 INFO:teuthology.orchestra.run.smithi003.stdout:/usr/bin/ceph: stderr
2024-05-09T07:46:54.950+0000 7f3975800700 1 -- start start
2024-05-09T07:46:55.854 INFO:teuthology.orchestra.run.smithi003.stdout:/usr/bin/ceph: stderr
2024-05-09T07:46:54.950+0000 7f3975800700 1 --2- >> [v2:172.21.15.3:3300/0,v1:172.21.15.3:6789/0] conn(0x7f3970109f20 0x7f397010a340 unknown :-1 s=NONE pgs=0 cs=0 l=0 rev1=0 crypto rx=0 tx=0 comp rx=0 tx=0).connect
2024-05-09T07:46:55.854 INFO:teuthology.orchestra.run.smithi003.stdout:/usr/bin/ceph: stderr
2024-05-09T07:46:54.950+0000 7f3975800700 1 -- --> [v2:172.21.15.3:3300/0,v1:172.21.15.3:6789/0] -- mon_getmap magic: 0 -- 0x7f397010a880 con 0x7f3970109f20
2024-05-09T07:46:55.854 INFO:teuthology.orchestra.run.smithi003.stdout:/usr/bin/ceph: stderr
2024-05-09T07:46:54.950+0000 7f396ea00700 1 --2- >> [v2:172.21.15.3:3300/0,v1:172.21.15.3:6789/0] conn(0x7f3970109f20 0x7f397010a340 unknown :-1 s=BANNER_CONNECTING pgs=0 cs=0 l=0 rev1=0 crypto rx=0 tx=0 comp rx=0 tx=0)._handle_peer_banner_payload supported=3 required=0
2024-05-09T07:46:55.854 INFO:teuthology.orchestra.run.smithi003.stdout:/usr/bin/ceph: stderr
2024-05-09T07:46:54.950+0000 7f396ea00700 1 --2- >> [v2:172.21.15.3:3300/0,v1:172.21.15.3:6789/0] conn(0x7f3970109f20 0x7f397010a340 unknown :-1 s=HELLO_CONNECTING pgs=0 cs=0 l=0 rev1=1 crypto rx=0 tx=0 comp rx=0 tx=0).handle_hello peer v2:172.21.15.3:3300/0 says I am v2:172.21.15.3:55574/0 (socket says 172.21.15.3:55574)
2024-05-09T07:46:55.854 INFO:teuthology.orchestra.run.smithi003.stdout:/usr/bin/ceph: stderr
2024-05-09T07:46:54.951+0000 7f396ea00700 1 -- 172.21.15.3:0/1567174388 learned_addr learned my addr 172.21.15.3:0/1567174388 (peer_addr_for_me v2:172.21.15.3:0/0)
2024-05-09T07:46:55.854 INFO:teuthology.orchestra.run.smithi003.stdout:/usr/bin/ceph: stderr
2024-05-09T07:46:54.951+0000 7f396ea00700 1 -- 172.21.15.3:0/1567174388 --> [v2:172.21.15.3:3300/0,v1:172.21.15.3:6789/0] -- mon_subscribe({config=0+,monmap=0+}) -- 0x7f397010b080 con 0x7f3970109f20
2024-05-09T07:46:55.854 INFO:teuthology.orchestra.run.smithi003.stdout:/usr/bin/ceph: stderr
2024-05-09T07:46:54.951+0000 7f396ea00700 1 --2- 172.21.15.3:0/1567174388 >> [v2:172.21.15.3:3300/0,v1:172.21.15.3:6789/0] conn(0x7f3970109f20 0x7f397010a340 secure :-1 s=READY pgs=20 cs=0 l=1 rev1=1 crypto rx=0x7f3960009e80 tx=0x7f396000b330 comp rx=0 tx=0).ready entity=mon.0 client_cookie=a0823607074be4db server_cookie=0 in_seq=0 out_seq=0
2024-05-09T07:46:55.854 INFO:teuthology.orchestra.run.smithi003.stdout:/usr/bin/ceph: stderr
2024-05-09T07:46:54.952+0000 7f396e000700 1 -- 172.21.15.3:0/1567174388 <== mon.0 v2:172.21.15.3:3300/0 1 ==== mon_map magic: 0 ==== 205+0+0 (secure 0 0 0) 0x7f3960017070 con 0x7f3970109f20
2024-05-09T07:46:55.854 INFO:teuthology.orchestra.run.smithi003.stdout:/usr/bin/ceph: stderr
2024-05-09T07:46:54.952+0000 7f396e000700 1 -- 172.21.15.3:0/1567174388 <== mon.0 v2:172.21.15.3:3300/0 2 ==== config(27 keys) ==== 1109+0+0 (secure 0 0 0) 0x7f396000b8c0 con 0x7f3970109f20
2024-05-09T07:46:55.854 INFO:teuthology.orchestra.run.smithi003.stdout:/usr/bin/ceph: stderr
2024-05-09T07:46:54.952+0000 7f396e000700 1 -- 172.21.15.3:0/1567174388 <== mon.0 v2:172.21.15.3:3300/0 3 ==== mon_map magic: 0 ==== 205+0+0 (secure 0 0 0) 0x7f39600045c0 con 0x7f3970109f20
2024-05-09T07:46:55.854 INFO:teuthology.orchestra.run.smithi003.stdout:/usr/bin/ceph: stderr
2024-05-09T07:46:54.952+0000 7f3975800700 1 -- 172.21.15.3:0/1567174388 >> [v2:172.21.15.3:3300/0,v1:172.21.15.3:6789/0] conn(0x7f3970109f20 msgr2=0x7f397010a340 secure :-1 s=STATE_CONNECTION_ESTABLISHED l=1).mark_down
2024-05-09T07:46:55.855 INFO:teuthology.orchestra.run.smithi003.stdout:/usr/bin/ceph: stderr
2024-05-09T07:46:54.952+0000 7f3975800700 1 --2- 172.21.15.3:0/1567174388 >> [v2:172.21.15.3:3300/0,v1:172.21.15.3:6789/0] conn(0x7f3970109f20 0x7f397010a340 secure :-1 s=READY pgs=20 cs=0 l=1 rev1=1 crypto rx=0x7f3960009e80 tx=0x7f396000b330 comp rx=0 tx=0).stop
2024-05-09T07:46:55.855 INFO:teuthology.orchestra.run.smithi003.stdout:/usr/bin/ceph: stderr
2024-05-09T07:46:54.952+0000 7f3975800700 1 -- 172.21.15.3:0/1567174388 shutdown_connections
2024-05-09T07:46:55.855 INFO:teuthology.orchestra.run.smithi003.stdout:/usr/bin/ceph: stderr
2024-05-09T07:46:54.952+0000 7f3975800700 1 --2- 172.21.15.3:0/1567174388 >> [v2:172.21.15.3:3300/0,v1:172.21.15.3:6789/0] conn(0x7f3970109f20 0x7f397010a340 unknown :-1 s=CLOSED pgs=20 cs=0 l=1 rev1=1 crypto rx=0 tx=0 comp rx=0 tx=0).stop
2024-05-09T07:46:55.855 INFO:teuthology.orchestra.run.smithi003.stdout:/usr/bin/ceph: stderr
2024-05-09T07:46:54.952+0000 7f3975800700 1 -- 172.21.15.3:0/1567174388 >> 172.21.15.3:0/1567174388 conn(0x7f397007d2d0 msgr2=0x7f397007d720 unknown :-1 s=STATE_NONE l=0).mark_down
2024-05-09T07:46:55.855 INFO:teuthology.orchestra.run.smithi003.stdout:/usr/bin/ceph: stderr
2024-05-09T07:46:54.952+0000 7f3975800700 1 -- 172.21.15.3:0/1567174388 shutdown_connections
2024-05-09T07:46:55.855 INFO:teuthology.orchestra.run.smithi003.stdout:/usr/bin/ceph: stderr
2024-05-09T07:46:54.953+0000 7f3975800700 1 -- 172.21.15.3:0/1567174388 wait complete.
2024-05-09T07:46:55.855 INFO:teuthology.orchestra.run.smithi003.stdout:/usr/bin/ceph: stderr
2024-05-09T07:46:54.954+0000 7f3975800700 1 Processor -- start
2024-05-09T07:46:55.855 INFO:teuthology.orchestra.run.smithi003.stdout:/usr/bin/ceph: stderr
2024-05-09T07:46:54.954+0000 7f3975800700 1 -- start start
2024-05-09T07:46:55.855 INFO:teuthology.orchestra.run.smithi003.stdout:/usr/bin/ceph: stderr
2024-05-09T07:46:54.954+0000 7f3975800700 1 --2- >> [v2:172.21.15.3:3300/0,v1:172.21.15.3:6789/0] conn(0x7f3970109f20 0x7f397019ddb0 unknown :-1 s=NONE pgs=0 cs=0 l=1 rev1=0 crypto rx=0 tx=0 comp rx=0 tx=0).connect
2024-05-09T07:46:55.855 INFO:teuthology.orchestra.run.smithi003.stdout:/usr/bin/ceph: stderr
2024-05-09T07:46:54.954+0000 7f3975800700 1 -- --> [v2:172.21.15.3:3300/0,v1:172.21.15.3:6789/0] -- mon_getmap magic: 0 -- 0x7f397010e4c0 con 0x7f3970109f20
2024-05-09T07:46:55.855 INFO:teuthology.orchestra.run.smithi003.stdout:/usr/bin/ceph: stderr
2024-05-09T07:46:54.954+0000 7f396ea00700 1 --2- >> [v2:172.21.15.3:3300/0,v1:172.21.15.3:6789/0] conn(0x7f3970109f20 0x7f397019ddb0 unknown :-1 s=BANNER_CONNECTING pgs=0 cs=0 l=1 rev1=0 crypto rx=0 tx=0 comp rx=0 tx=0)._handle_peer_banner_payload supported=3 required=0
2024-05-09T07:46:55.855 INFO:teuthology.orchestra.run.smithi003.stdout:/usr/bin/ceph: stderr
2024-05-09T07:46:54.954+0000 7f396ea00700 1 --2- >> [v2:172.21.15.3:3300/0,v1:172.21.15.3:6789/0] conn(0x7f3970109f20 0x7f397019ddb0 unknown :-1 s=HELLO_CONNECTING pgs=0 cs=0 l=1 rev1=1 crypto rx=0 tx=0 comp rx=0 tx=0).handle_hello peer v2:172.21.15.3:3300/0 says I am v2:172.21.15.3:55590/0 (socket says 172.21.15.3:55590)
2024-05-09T07:46:55.855 INFO:teuthology.orchestra.run.smithi003.stdout:/usr/bin/ceph: stderr
2024-05-09T07:46:54.954+0000 7f396ea00700 1 -- 172.21.15.3:0/4014362850 learned_addr learned my addr 172.21.15.3:0/4014362850 (peer_addr_for_me v2:172.21.15.3:0/0)
2024-05-09T07:46:55.855 INFO:teuthology.orchestra.run.smithi003.stdout:/usr/bin/ceph: stderr
2024-05-09T07:46:54.955+0000 7f396ea00700 1 -- 172.21.15.3:0/4014362850 --> [v2:172.21.15.3:3300/0,v1:172.21.15.3:6789/0] -- mon_subscribe({config=0+,monmap=0+}) -- 0x7f397019e2f0 con 0x7f3970109f20
2024-05-09T07:46:55.856 INFO:teuthology.orchestra.run.smithi003.stdout:/usr/bin/ceph: stderr
2024-05-09T07:46:54.955+0000 7f396ea00700 1 --2- 172.21.15.3:0/4014362850 >> [v2:172.21.15.3:3300/0,v1:172.21.15.3:6789/0] conn(0x7f3970109f20 0x7f397019ddb0 secure :-1 s=READY pgs=21 cs=0 l=1 rev1=1 crypto rx=0x7f3960004350 tx=0x7f396000bd50 comp rx=0 tx=0).ready entity=mon.0 client_cookie=0 server_cookie=0 in_seq=0 out_seq=0
2024-05-09T07:46:55.856 INFO:teuthology.orchestra.run.smithi003.stdout:/usr/bin/ceph: stderr
2024-05-09T07:46:54.955+0000 7f3967e00700 1 -- 172.21.15.3:0/4014362850 <== mon.0 v2:172.21.15.3:3300/0 1 ==== mon_map magic: 0 ==== 205+0+0 (secure 0 0 0) 0x7f3960020020 con 0x7f3970109f20
2024-05-09T07:46:55.856 INFO:teuthology.orchestra.run.smithi003.stdout:/usr/bin/ceph: stderr
2024-05-09T07:46:54.955+0000 7f3967e00700 1 -- 172.21.15.3:0/4014362850 <== mon.0 v2:172.21.15.3:3300/0 2 ==== config(27 keys) ==== 1109+0+0 (secure 0 0 0) 0x7f3960003c10 con 0x7f3970109f20
2024-05-09T07:46:55.856 INFO:teuthology.orchestra.run.smithi003.stdout:/usr/bin/ceph: stderr
2024-05-09T07:46:54.955+0000 7f3975800700 1 -- 172.21.15.3:0/4014362850 --> [v2:172.21.15.3:3300/0,v1:172.21.15.3:6789/0] -- mon_subscribe({mgrmap=0+}) -- 0x7f397019e580 con 0x7f3970109f20
2024-05-09T07:46:55.856 INFO:teuthology.orchestra.run.smithi003.stdout:/usr/bin/ceph: stderr
2024-05-09T07:46:54.955+0000 7f3967e00700 1 -- 172.21.15.3:0/4014362850 <== mon.0 v2:172.21.15.3:3300/0 3 ==== mon_map magic: 0 ==== 205+0+0 (secure 0 0 0) 0x7f3960017040 con 0x7f3970109f20
2024-05-09T07:46:55.856 INFO:teuthology.orchestra.run.smithi003.stdout:/usr/bin/ceph: stderr
2024-05-09T07:46:54.956+0000 7f3975800700 1 -- 172.21.15.3:0/4014362850 --> [v2:172.21.15.3:3300/0,v1:172.21.15.3:6789/0] -- mon_subscribe({osdmap=0}) -- 0x7f39701a1230 con 0x7f3970109f20
2024-05-09T07:46:55.856 INFO:teuthology.orchestra.run.smithi003.stdout:/usr/bin/ceph: stderr
2024-05-09T07:46:54.957+0000 7f3975800700 1 -- 172.21.15.3:0/4014362850 --> [v2:172.21.15.3:3300/0,v1:172.21.15.3:6789/0] -- mon_command({"prefix": "get_command_descriptions"} v 0) -- 0x7f3970063980 con 0x7f3970109f20
2024-05-09T07:46:55.856 INFO:teuthology.orchestra.run.smithi003.stdout:/usr/bin/ceph: stderr
2024-05-09T07:46:54.957+0000 7f3967e00700 1 -- 172.21.15.3:0/4014362850 <== mon.0 v2:172.21.15.3:3300/0 4 ==== mgrmap(e 4) ==== 46276+0+0 (secure 0 0 0) 0x7f3960023020 con 0x7f3970109f20
2024-05-09T07:46:55.856 INFO:teuthology.orchestra.run.smithi003.stdout:/usr/bin/ceph: stderr
2024-05-09T07:46:54.957+0000 7f3967e00700 1 --2- 172.21.15.3:0/4014362850 >> [v2:172.21.15.3:6800/2585490118,v1:172.21.15.3:6801/2585490118] conn(0x7f3954039160 0x7f395403b620 unknown :-1 s=NONE pgs=0 cs=0 l=1 rev1=0 crypto rx=0 tx=0 comp rx=0 tx=0).connect
2024-05-09T07:46:55.856 INFO:teuthology.orchestra.run.smithi003.stdout:/usr/bin/ceph: stderr
2024-05-09T07:46:54.957+0000 7f3967e00700 1 -- 172.21.15.3:0/4014362850 <== mon.0 v2:172.21.15.3:3300/0 5 ==== osd_map(1..1 src has 1..1) ==== 725+0+0 (secure 0 0 0) 0x7f396000f050 con 0x7f3970109f20
2024-05-09T07:46:55.856 INFO:teuthology.orchestra.run.smithi003.stdout:/usr/bin/ceph: stderr
2024-05-09T07:46:54.958+0000 7f3966000700 1 --2- 172.21.15.3:0/4014362850 >> [v2:172.21.15.3:6800/2585490118,v1:172.21.15.3:6801/2585490118] conn(0x7f3954039160 0x7f395403b620 unknown :-1 s=BANNER_CONNECTING pgs=0 cs=0 l=1 rev1=0 crypto rx=0 tx=0 comp rx=0 tx=0)._handle_peer_banner_payload supported=3 required=0
2024-05-09T07:46:55.856 INFO:teuthology.orchestra.run.smithi003.stdout:/usr/bin/ceph: stderr
2024-05-09T07:46:54.958+0000 7f3966000700 1 --2- 172.21.15.3:0/4014362850 >> [v2:172.21.15.3:6800/2585490118,v1:172.21.15.3:6801/2585490118] conn(0x7f3954039160 0x7f395403b620 secure :-1 s=READY pgs=7 cs=0 l=1 rev1=1 crypto rx=0x7f3958006fd0 tx=0x7f3958006e40 comp rx=0 tx=0).ready entity=mgr.14100 client_cookie=0 server_cookie=0 in_seq=0 out_seq=0
2024-05-09T07:46:55.856 INFO:teuthology.orchestra.run.smithi003.stdout:/usr/bin/ceph: stderr
2024-05-09T07:46:54.963+0000 7f3967e00700 1 -- 172.21.15.3:0/4014362850 <== mon.0 v2:172.21.15.3:3300/0 6 ==== mon_command_ack([{"prefix": "get_command_descriptions"}]=0 v0) ==== 72+0+186147 (secure 0 0 0) 0x7f396002a020 con 0x7f3970109f20
2024-05-09T07:46:55.856 INFO:teuthology.orchestra.run.smithi003.stdout:/usr/bin/ceph: stderr
2024-05-09T07:46:55.191+0000 7f3975800700 1 -- 172.21.15.3:0/4014362850 --> [v2:172.21.15.3:3300/0,v1:172.21.15.3:6789/0] -- mon_command({"prefix": "config assimilate-conf"} v 0) -- 0x7f39701a2b40 con 0x7f3970109f20
2024-05-09T07:46:55.857 INFO:teuthology.orchestra.run.smithi003.stdout:/usr/bin/ceph: stderr
2024-05-09T07:46:55.194+0000 7f3967e00700 1 -- 172.21.15.3:0/4014362850 <== mon.0 v2:172.21.15.3:3300/0 7 ==== mon_command_ack([{"prefix": "config assimilate-conf"}]=0 v3) ==== 70+0+373 (secure 0 0 0) 0x7f396002b260 con 0x7f3970109f20
2024-05-09T07:46:55.857 INFO:teuthology.orchestra.run.smithi003.stdout:/usr/bin/ceph: stderr
2024-05-09T07:46:55.197+0000 7f3975800700 1 -- 172.21.15.3:0/4014362850 >> [v2:172.21.15.3:6800/2585490118,v1:172.21.15.3:6801/2585490118] conn(0x7f3954039160 msgr2=0x7f395403b620 secure :-1 s=STATE_CONNECTION_ESTABLISHED l=1).mark_down
2024-05-09T07:46:55.857 INFO:teuthology.orchestra.run.smithi003.stdout:/usr/bin/ceph: stderr
2024-05-09T07:46:55.197+0000 7f3975800700 1 --2- 172.21.15.3:0/4014362850 >> [v2:172.21.15.3:6800/2585490118,v1:172.21.15.3:6801/2585490118] conn(0x7f3954039160 0x7f395403b620 secure :-1 s=READY pgs=7 cs=0 l=1 rev1=1 crypto rx=0x7f3958006fd0 tx=0x7f3958006e40 comp rx=0 tx=0).stop
2024-05-09T07:46:55.857 INFO:teuthology.orchestra.run.smithi003.stdout:/usr/bin/ceph: stderr
2024-05-09T07:46:55.197+0000 7f3975800700 1 -- 172.21.15.3:0/4014362850 >> [v2:172.21.15.3:3300/0,v1:172.21.15.3:6789/0] conn(0x7f3970109f20 msgr2=0x7f397019ddb0 secure :-1 s=STATE_CONNECTION_ESTABLISHED l=1).mark_down
2024-05-09T07:46:55.857 INFO:teuthology.orchestra.run.smithi003.stdout:/usr/bin/ceph: stderr
2024-05-09T07:46:55.197+0000 7f3975800700 1 --2- 172.21.15.3:0/4014362850 >> [v2:172.21.15.3:3300/0,v1:172.21.15.3:6789/0] conn(0x7f3970109f20 0x7f397019ddb0 secure :-1 s=READY pgs=21 cs=0 l=1 rev1=1 crypto rx=0x7f3960004350 tx=0x7f396000bd50 comp rx=0 tx=0).stop
2024-05-09T07:46:55.857 INFO:teuthology.orchestra.run.smithi003.stdout:/usr/bin/ceph: stderr
2024-05-09T07:46:55.197+0000 7f3975800700 1 -- 172.21.15.3:0/4014362850 shutdown_connections
2024-05-09T07:46:55.857 INFO:teuthology.orchestra.run.smithi003.stdout:/usr/bin/ceph: stderr
2024-05-09T07:46:55.197+0000 7f3975800700 1 --2- 172.21.15.3:0/4014362850 >> [v2:172.21.15.3:6800/2585490118,v1:172.21.15.3:6801/2585490118] conn(0x7f3954039160 0x7f395403b620 unknown :-1 s=CLOSED pgs=7 cs=0 l=1 rev1=1 crypto rx=0 tx=0 comp rx=0 tx=0).stop
2024-05-09T07:46:55.857 INFO:teuthology.orchestra.run.smithi003.stdout:/usr/bin/ceph: stderr
2024-05-09T07:46:55.197+0000 7f3975800700 1 --2- 172.21.15.3:0/4014362850 >> [v2:172.21.15.3:3300/0,v1:172.21.15.3:6789/0] conn(0x7f3970109f20 0x7f397019ddb0 unknown :-1 s=CLOSED pgs=21 cs=0 l=1 rev1=1 crypto rx=0 tx=0 comp rx=0 tx=0).stop
2024-05-09T07:46:55.857 INFO:teuthology.orchestra.run.smithi003.stdout:/usr/bin/ceph: stderr
2024-05-09T07:46:55.197+0000 7f3975800700 1 -- 172.21.15.3:0/4014362850 >> 172.21.15.3:0/4014362850 conn(0x7f397007d2d0 msgr2=0x7f3970107370 unknown :-1 s=STATE_NONE l=0).mark_down
2024-05-09T07:46:55.857 INFO:teuthology.orchestra.run.smithi003.stdout:/usr/bin/ceph: stderr
2024-05-09T07:46:55.198+0000 7f3975800700 1 -- 172.21.15.3:0/4014362850 shutdown_connections
2024-05-09T07:46:55.857 INFO:teuthology.orchestra.run.smithi003.stdout:/usr/bin/ceph: stderr
2024-05-09T07:46:55.198+0000 7f3975800700 1 -- 172.21.15.3:0/4014362850 wait complete.
2024-05-09T07:46:55.857 INFO:teuthology.orchestra.run.smithi003.stdout:Enabling cephadm module...
2024-05-09T07:46:57.218 INFO:journalctl@ceph.mon.a.smithi003.stdout:May 09 07:46:56 smithi003 ceph-mon[30041]: from='client.? 172.21.15.3:0/1677583332' entity='client.admin' cmd=[{"prefix": "mgr module enable", "module": "cephadm"}]: dispatch
2024-05-09T07:46:57.218 INFO:journalctl@ceph.mgr.x.smithi003.stdout:May 09 07:46:57 smithi003 ceph-1279af52-0dd8-11ef-bc97-c7b262605968-mgr-x[30277]: ignoring --setuser ceph since I am not root
2024-05-09T07:46:57.218 INFO:journalctl@ceph.mgr.x.smithi003.stdout:May 09 07:46:57 smithi003 ceph-1279af52-0dd8-11ef-bc97-c7b262605968-mgr-x[30277]: ignoring --setgroup ceph since I am not root
2024-05-09T07:46:57.218 INFO:journalctl@ceph.mgr.x.smithi003.stdout:May 09 07:46:57 smithi003 ceph-1279af52-0dd8-11ef-bc97-c7b262605968-mgr-x[30277]:
2024-05-09T07:46:57.204+0000 7f74774e6200 -1 mgr[py] Module balancer has missing NOTIFY_TYPES member
2024-05-09T07:46:57.857 INFO:journalctl@ceph.mgr.x.smithi003.stdout:May 09 07:46:57 smithi003 ceph-1279af52-0dd8-11ef-bc97-c7b262605968-mgr-x[30277]:
2024-05-09T07:46:57.467+0000 7f74774e6200 -1 mgr[py] Module orchestrator has missing NOTIFY_TYPES member
2024-05-09T07:46:57.857 INFO:journalctl@ceph.mgr.x.smithi003.stdout:May 09 07:46:57 smithi003 ceph-1279af52-0dd8-11ef-bc97-c7b262605968-mgr-x[30277]:
2024-05-09T07:46:57.612+0000 7f74774e6200 -1 mgr[py] Module snap_schedule has missing NOTIFY_TYPES member
2024-05-09T07:46:57.868 INFO:teuthology.orchestra.run.smithi003.stdout:/usr/bin/ceph: stderr
2024-05-09T07:46:56.546+0000 7f28d7000700 1 Processor -- start
2024-05-09T07:46:57.868 INFO:teuthology.orchestra.run.smithi003.stdout:/usr/bin/ceph: stderr
2024-05-09T07:46:56.547+0000 7f28d7000700 1 -- start start
2024-05-09T07:46:57.869 INFO:teuthology.orchestra.run.smithi003.stdout:/usr/bin/ceph: stderr
2024-05-09T07:46:56.547+0000 7f28d7000700 1 --2- >> [v2:172.21.15.3:3300/0,v1:172.21.15.3:6789/0] conn(0x7f28d0109ef0 0x7f28d010a330 unknown :-1 s=NONE pgs=0 cs=0 l=0 rev1=0 crypto rx=0 tx=0 comp rx=0 tx=0).connect
2024-05-09T07:46:57.869 INFO:teuthology.orchestra.run.smithi003.stdout:/usr/bin/ceph: stderr
2024-05-09T07:46:56.547+0000 7f28d7000700 1 -- --> [v2:172.21.15.3:3300/0,v1:172.21.15.3:6789/0] -- mon_getmap magic: 0 -- 0x7f28d010a870 con 0x7f28d0109ef0
2024-05-09T07:46:57.869 INFO:teuthology.orchestra.run.smithi003.stdout:/usr/bin/ceph: stderr
2024-05-09T07:46:56.548+0000 7f28cfe00700 1 --2- >> [v2:172.21.15.3:3300/0,v1:172.21.15.3:6789/0] conn(0x7f28d0109ef0 0x7f28d010a330 unknown :-1 s=BANNER_CONNECTING pgs=0 cs=0 l=0 rev1=0 crypto rx=0 tx=0 comp rx=0 tx=0)._handle_peer_banner_payload supported=3 required=0
2024-05-09T07:46:57.869 INFO:teuthology.orchestra.run.smithi003.stdout:/usr/bin/ceph: stderr
2024-05-09T07:46:56.548+0000 7f28cfe00700 1 --2- >> [v2:172.21.15.3:3300/0,v1:172.21.15.3:6789/0] conn(0x7f28d0109ef0 0x7f28d010a330 unknown :-1 s=HELLO_CONNECTING pgs=0 cs=0 l=0 rev1=1 crypto rx=0 tx=0 comp rx=0 tx=0).handle_hello peer v2:172.21.15.3:3300/0 says I am v2:172.21.15.3:41372/0 (socket says 172.21.15.3:41372)
2024-05-09T07:46:57.869 INFO:teuthology.orchestra.run.smithi003.stdout:/usr/bin/ceph: stderr
2024-05-09T07:46:56.548+0000 7f28cfe00700 1 -- 172.21.15.3:0/2251228369 learned_addr learned my addr 172.21.15.3:0/2251228369 (peer_addr_for_me v2:172.21.15.3:0/0)
2024-05-09T07:46:57.869 INFO:teuthology.orchestra.run.smithi003.stdout:/usr/bin/ceph: stderr
2024-05-09T07:46:56.548+0000 7f28cfe00700 1 -- 172.21.15.3:0/2251228369 --> [v2:172.21.15.3:3300/0,v1:172.21.15.3:6789/0] -- mon_subscribe({config=0+,monmap=0+}) -- 0x7f28d010b0d0 con 0x7f28d0109ef0
2024-05-09T07:46:57.869 INFO:teuthology.orchestra.run.smithi003.stdout:/usr/bin/ceph: stderr
2024-05-09T07:46:56.549+0000 7f28cfe00700 1 --2- 172.21.15.3:0/2251228369 >> [v2:172.21.15.3:3300/0,v1:172.21.15.3:6789/0] conn(0x7f28d0109ef0 0x7f28d010a330 secure :-1 s=READY pgs=22 cs=0 l=1 rev1=1 crypto rx=0x7f28c00098a0 tx=0x7f28c0009bb0 comp rx=0 tx=0).ready entity=mon.0 client_cookie=fb58c6a31552e9b8 server_cookie=0 in_seq=0 out_seq=0
2024-05-09T07:46:57.869 INFO:teuthology.orchestra.run.smithi003.stdout:/usr/bin/ceph: stderr
2024-05-09T07:46:56.549+0000 7f28cf400700 1 -- 172.21.15.3:0/2251228369 <== mon.0 v2:172.21.15.3:3300/0 1 ==== mon_map magic: 0 ==== 205+0+0 (secure 0 0 0) 0x7f28c0004160 con 0x7f28d0109ef0
2024-05-09T07:46:57.869 INFO:teuthology.orchestra.run.smithi003.stdout:/usr/bin/ceph: stderr
2024-05-09T07:46:56.549+0000 7f28cf400700 1 -- 172.21.15.3:0/2251228369 <== mon.0 v2:172.21.15.3:3300/0 2 ==== config(27 keys) ==== 1109+0+0 (secure 0 0 0) 0x7f28c0004300 con 0x7f28d0109ef0
2024-05-09T07:46:57.869 INFO:teuthology.orchestra.run.smithi003.stdout:/usr/bin/ceph: stderr
2024-05-09T07:46:56.549+0000 7f28cf400700 1 -- 172.21.15.3:0/2251228369 <== mon.0 v2:172.21.15.3:3300/0 3 ==== mon_map magic: 0 ==== 205+0+0 (secure 0 0 0) 0x7f28c0011b50 con 0x7f28d0109ef0
2024-05-09T07:46:57.869 INFO:teuthology.orchestra.run.smithi003.stdout:/usr/bin/ceph: stderr
2024-05-09T07:46:56.550+0000 7f28d7000700 1 -- 172.21.15.3:0/2251228369 >> [v2:172.21.15.3:3300/0,v1:172.21.15.3:6789/0] conn(0x7f28d0109ef0 msgr2=0x7f28d010a330 secure :-1 s=STATE_CONNECTION_ESTABLISHED l=1).mark_down
2024-05-09T07:46:57.869 INFO:teuthology.orchestra.run.smithi003.stdout:/usr/bin/ceph: stderr
2024-05-09T07:46:56.550+0000 7f28d7000700 1 --2- 172.21.15.3:0/2251228369 >> [v2:172.21.15.3:3300/0,v1:172.21.15.3:6789/0] conn(0x7f28d0109ef0 0x7f28d010a330 secure :-1 s=READY pgs=22 cs=0 l=1 rev1=1 crypto rx=0x7f28c00098a0 tx=0x7f28c0009bb0 comp rx=0 tx=0).stop
2024-05-09T07:46:57.869 INFO:teuthology.orchestra.run.smithi003.stdout:/usr/bin/ceph: stderr
2024-05-09T07:46:56.550+0000 7f28d7000700 1 -- 172.21.15.3:0/2251228369 shutdown_connections
2024-05-09T07:46:57.870 INFO:teuthology.orchestra.run.smithi003.stdout:/usr/bin/ceph: stderr
2024-05-09T07:46:56.550+0000 7f28d7000700 1 --2- 172.21.15.3:0/2251228369 >> [v2:172.21.15.3:3300/0,v1:172.21.15.3:6789/0] conn(0x7f28d0109ef0 0x7f28d010a330 unknown :-1 s=CLOSED pgs=22 cs=0 l=1 rev1=1 crypto rx=0 tx=0 comp rx=0 tx=0).stop
2024-05-09T07:46:57.870 INFO:teuthology.orchestra.run.smithi003.stdout:/usr/bin/ceph: stderr
2024-05-09T07:46:56.550+0000 7f28d7000700 1 -- 172.21.15.3:0/2251228369 >> 172.21.15.3:0/2251228369 conn(0x7f28d007d330 msgr2=0x7f28d007d740 unknown :-1 s=STATE_NONE l=0).mark_down
2024-05-09T07:46:57.870 INFO:teuthology.orchestra.run.smithi003.stdout:/usr/bin/ceph: stderr
2024-05-09T07:46:56.550+0000 7f28d7000700 1 -- 172.21.15.3:0/2251228369 shutdown_connections
2024-05-09T07:46:57.870 INFO:teuthology.orchestra.run.smithi003.stdout:/usr/bin/ceph: stderr
2024-05-09T07:46:56.550+0000 7f28d7000700 1 -- 172.21.15.3:0/2251228369 wait complete.
2024-05-09T07:46:57.870 INFO:teuthology.orchestra.run.smithi003.stdout:/usr/bin/ceph: stderr
2024-05-09T07:46:56.551+0000 7f28d7000700 1 Processor -- start
2024-05-09T07:46:57.870 INFO:teuthology.orchestra.run.smithi003.stdout:/usr/bin/ceph: stderr
2024-05-09T07:46:56.552+0000 7f28d7000700 1 -- start start
2024-05-09T07:46:57.870 INFO:teuthology.orchestra.run.smithi003.stdout:/usr/bin/ceph: stderr
2024-05-09T07:46:56.552+0000 7f28d7000700 1 --2- >> [v2:172.21.15.3:3300/0,v1:172.21.15.3:6789/0] conn(0x7f28d0109ef0 0x7f28d019de70 unknown :-1 s=NONE pgs=0 cs=0 l=1 rev1=0 crypto rx=0 tx=0 comp rx=0 tx=0).connect
2024-05-09T07:46:57.870 INFO:teuthology.orchestra.run.smithi003.stdout:/usr/bin/ceph: stderr
2024-05-09T07:46:56.552+0000 7f28d7000700 1 -- --> [v2:172.21.15.3:3300/0,v1:172.21.15.3:6789/0] -- mon_getmap magic: 0 -- 0x7f28d010e390 con 0x7f28d0109ef0
2024-05-09T07:46:57.870 INFO:teuthology.orchestra.run.smithi003.stdout:/usr/bin/ceph: stderr
2024-05-09T07:46:56.552+0000 7f28cfe00700 1 --2- >> [v2:172.21.15.3:3300/0,v1:172.21.15.3:6789/0] conn(0x7f28d0109ef0 0x7f28d019de70 unknown :-1 s=BANNER_CONNECTING pgs=0 cs=0 l=1 rev1=0 crypto rx=0 tx=0 comp rx=0 tx=0)._handle_peer_banner_payload supported=3 required=0
