2024-05-09T07:47:12.079+0000 7fe093400700 1 --2- >> [v2:172.21.15.3:3300/0,v1:172.21.15.3:6789/0] conn(0x7fe09419dfa0 0x7fe09419e3c0 unknown :-1 s=BANNER_CONNECTING pgs=0 cs=0 l=1 rev1=0 crypto rx=0 tx=0 comp rx=0 tx=0)._handle_peer_banner_payload supported=3 required=0
2024-05-09T07:47:13.346 INFO:teuthology.orchestra.run.smithi003.stdout:/usr/bin/ceph: stderr
2024-05-09T07:47:12.079+0000 7fe093400700 1 --2- >> [v2:172.21.15.3:3300/0,v1:172.21.15.3:6789/0] conn(0x7fe09419dfa0 0x7fe09419e3c0 unknown :-1 s=HELLO_CONNECTING pgs=0 cs=0 l=1 rev1=1 crypto rx=0 tx=0 comp rx=0 tx=0).handle_hello peer v2:172.21.15.3:3300/0 says I am v2:172.21.15.3:42414/0 (socket says 172.21.15.3:42414)
2024-05-09T07:47:13.346 INFO:teuthology.orchestra.run.smithi003.stdout:/usr/bin/ceph: stderr
2024-05-09T07:47:12.079+0000 7fe093400700 1 -- 172.21.15.3:0/2152647229 learned_addr learned my addr 172.21.15.3:0/2152647229 (peer_addr_for_me v2:172.21.15.3:0/0)
2024-05-09T07:47:13.346 INFO:teuthology.orchestra.run.smithi003.stdout:/usr/bin/ceph: stderr
2024-05-09T07:47:12.080+0000 7fe093400700 1 -- 172.21.15.3:0/2152647229 --> [v2:172.21.15.3:3300/0,v1:172.21.15.3:6789/0] -- mon_subscribe({config=0+,monmap=0+}) -- 0x7fe09419e900 con 0x7fe09419dfa0
2024-05-09T07:47:13.346 INFO:teuthology.orchestra.run.smithi003.stdout:/usr/bin/ceph: stderr
2024-05-09T07:47:12.080+0000 7fe093400700 1 --2- 172.21.15.3:0/2152647229 >> [v2:172.21.15.3:3300/0,v1:172.21.15.3:6789/0] conn(0x7fe09419dfa0 0x7fe09419e3c0 secure :-1 s=READY pgs=42 cs=0 l=1 rev1=1 crypto rx=0x7fe084015000 tx=0x7fe084011c10 comp rx=0 tx=0).ready entity=mon.0 client_cookie=0 server_cookie=0 in_seq=0 out_seq=0
2024-05-09T07:47:13.346 INFO:teuthology.orchestra.run.smithi003.stdout:/usr/bin/ceph: stderr
2024-05-09T07:47:12.080+0000 7fe08be00700 1 -- 172.21.15.3:0/2152647229 <== mon.0 v2:172.21.15.3:3300/0 1 ==== mon_map magic: 0 ==== 205+0+0 (secure 0 0 0) 0x7fe0840036a0 con 0x7fe09419dfa0
2024-05-09T07:47:13.346 INFO:teuthology.orchestra.run.smithi003.stdout:/usr/bin/ceph: stderr
2024-05-09T07:47:12.081+0000 7fe08be00700 1 -- 172.21.15.3:0/2152647229 <== mon.0 v2:172.21.15.3:3300/0 2 ==== config(27 keys) ==== 1109+0+0 (secure 0 0 0) 0x7fe08401a460 con 0x7fe09419dfa0
2024-05-09T07:47:13.346 INFO:teuthology.orchestra.run.smithi003.stdout:/usr/bin/ceph: stderr
2024-05-09T07:47:12.081+0000 7fe09a400700 1 -- 172.21.15.3:0/2152647229 --> [v2:172.21.15.3:3300/0,v1:172.21.15.3:6789/0] -- mon_subscribe({mgrmap=0+}) -- 0x7fe09419eb90 con 0x7fe09419dfa0
2024-05-09T07:47:13.346 INFO:teuthology.orchestra.run.smithi003.stdout:/usr/bin/ceph: stderr
2024-05-09T07:47:12.081+0000 7fe08be00700 1 -- 172.21.15.3:0/2152647229 <== mon.0 v2:172.21.15.3:3300/0 3 ==== mon_map magic: 0 ==== 205+0+0 (secure 0 0 0) 0x7fe08401b440 con 0x7fe09419dfa0
2024-05-09T07:47:13.346 INFO:teuthology.orchestra.run.smithi003.stdout:/usr/bin/ceph: stderr
2024-05-09T07:47:12.081+0000 7fe09a400700 1 -- 172.21.15.3:0/2152647229 --> [v2:172.21.15.3:3300/0,v1:172.21.15.3:6789/0] -- mon_subscribe({osdmap=0}) -- 0x7fe0941a1670 con 0x7fe09419dfa0
2024-05-09T07:47:13.346 INFO:teuthology.orchestra.run.smithi003.stdout:/usr/bin/ceph: stderr
2024-05-09T07:47:12.082+0000 7fe08be00700 1 -- 172.21.15.3:0/2152647229 <== mon.0 v2:172.21.15.3:3300/0 4 ==== mgrmap(e 8) ==== 46287+0+0 (secure 0 0 0) 0x7fe084003840 con 0x7fe09419dfa0
2024-05-09T07:47:13.346 INFO:teuthology.orchestra.run.smithi003.stdout:/usr/bin/ceph: stderr
2024-05-09T07:47:12.082+0000 7fe09a400700 1 -- 172.21.15.3:0/2152647229 --> [v2:172.21.15.3:3300/0,v1:172.21.15.3:6789/0] -- mon_command({"prefix": "get_command_descriptions"} v 0) -- 0x7fe074005360 con 0x7fe09419dfa0
2024-05-09T07:47:13.347 INFO:teuthology.orchestra.run.smithi003.stdout:/usr/bin/ceph: stderr
2024-05-09T07:47:12.082+0000 7fe08be00700 1 --2- 172.21.15.3:0/2152647229 >> [v2:172.21.15.3:6800/2650463476,v1:172.21.15.3:6801/2650463476] conn(0x7fe078039160 0x7fe07803b620 unknown :-1 s=NONE pgs=0 cs=0 l=1 rev1=0 crypto rx=0 tx=0 comp rx=0 tx=0).connect
2024-05-09T07:47:13.347 INFO:teuthology.orchestra.run.smithi003.stdout:/usr/bin/ceph: stderr
2024-05-09T07:47:12.083+0000 7fe08be00700 1 -- 172.21.15.3:0/2152647229 <== mon.0 v2:172.21.15.3:3300/0 5 ==== osd_map(2..2 src has 1..2) ==== 940+0+0 (secure 0 0 0) 0x7fe08404d650 con 0x7fe09419dfa0
2024-05-09T07:47:13.347 INFO:teuthology.orchestra.run.smithi003.stdout:/usr/bin/ceph: stderr
2024-05-09T07:47:12.083+0000 7fe092a00700 1 --2- 172.21.15.3:0/2152647229 >> [v2:172.21.15.3:6800/2650463476,v1:172.21.15.3:6801/2650463476] conn(0x7fe078039160 0x7fe07803b620 unknown :-1 s=BANNER_CONNECTING pgs=0 cs=0 l=1 rev1=0 crypto rx=0 tx=0 comp rx=0 tx=0)._handle_peer_banner_payload supported=3 required=0
2024-05-09T07:47:13.347 INFO:teuthology.orchestra.run.smithi003.stdout:/usr/bin/ceph: stderr
2024-05-09T07:47:12.083+0000 7fe092a00700 1 --2- 172.21.15.3:0/2152647229 >> [v2:172.21.15.3:6800/2650463476,v1:172.21.15.3:6801/2650463476] conn(0x7fe078039160 0x7fe07803b620 secure :-1 s=READY pgs=9 cs=0 l=1 rev1=1 crypto rx=0x7fe080006fd0 tx=0x7fe080006e40 comp rx=0 tx=0).ready entity=mgr.14120 client_cookie=0 server_cookie=0 in_seq=0 out_seq=0
2024-05-09T07:47:13.347 INFO:teuthology.orchestra.run.smithi003.stdout:/usr/bin/ceph: stderr
2024-05-09T07:47:12.088+0000 7fe08be00700 1 -- 172.21.15.3:0/2152647229 <== mon.0 v2:172.21.15.3:3300/0 6 ==== mon_command_ack([{"prefix": "get_command_descriptions"}]=0 v0) ==== 72+0+186147 (secure 0 0 0) 0x7fe08404cfa0 con 0x7fe09419dfa0
2024-05-09T07:47:13.347 INFO:teuthology.orchestra.run.smithi003.stdout:/usr/bin/ceph: stderr
2024-05-09T07:47:12.318+0000 7fe09a400700 1 -- 172.21.15.3:0/2152647229 --> [v2:172.21.15.3:6800/2650463476,v1:172.21.15.3:6801/2650463476] -- mgr_command(tid 0: {"prefix": "cephadm generate-key", "target": ["mon-mgr", ""]}) -- 0x7fe074000bf0 con 0x7fe078039160
2024-05-09T07:47:13.347 INFO:teuthology.orchestra.run.smithi003.stdout:/usr/bin/ceph: stderr
2024-05-09T07:47:12.504+0000 7fe08be00700 1 -- 172.21.15.3:0/2152647229 <== mgr.14120 v2:172.21.15.3:6800/2650463476 1 ==== mgr_command_reply(tid 0: 0 ) ==== 8+0+0 (secure 0 0 0) 0x7fe074000bf0 con 0x7fe078039160
2024-05-09T07:47:13.347 INFO:teuthology.orchestra.run.smithi003.stdout:/usr/bin/ceph: stderr
2024-05-09T07:47:12.507+0000 7fe09a400700 1 -- 172.21.15.3:0/2152647229 >> [v2:172.21.15.3:6800/2650463476,v1:172.21.15.3:6801/2650463476] conn(0x7fe078039160 msgr2=0x7fe07803b620 secure :-1 s=STATE_CONNECTION_ESTABLISHED l=1).mark_down
2024-05-09T07:47:13.347 INFO:teuthology.orchestra.run.smithi003.stdout:/usr/bin/ceph: stderr
2024-05-09T07:47:12.507+0000 7fe09a400700 1 --2- 172.21.15.3:0/2152647229 >> [v2:172.21.15.3:6800/2650463476,v1:172.21.15.3:6801/2650463476] conn(0x7fe078039160 0x7fe07803b620 secure :-1 s=READY pgs=9 cs=0 l=1 rev1=1 crypto rx=0x7fe080006fd0 tx=0x7fe080006e40 comp rx=0 tx=0).stop
2024-05-09T07:47:13.347 INFO:teuthology.orchestra.run.smithi003.stdout:/usr/bin/ceph: stderr
2024-05-09T07:47:12.507+0000 7fe09a400700 1 -- 172.21.15.3:0/2152647229 >> [v2:172.21.15.3:3300/0,v1:172.21.15.3:6789/0] conn(0x7fe09419dfa0 msgr2=0x7fe09419e3c0 secure :-1 s=STATE_CONNECTION_ESTABLISHED l=1).mark_down
2024-05-09T07:47:13.347 INFO:teuthology.orchestra.run.smithi003.stdout:/usr/bin/ceph: stderr
2024-05-09T07:47:12.507+0000 7fe09a400700 1 --2- 172.21.15.3:0/2152647229 >> [v2:172.21.15.3:3300/0,v1:172.21.15.3:6789/0] conn(0x7fe09419dfa0 0x7fe09419e3c0 secure :-1 s=READY pgs=42 cs=0 l=1 rev1=1 crypto rx=0x7fe084015000 tx=0x7fe084011c10 comp rx=0 tx=0).stop
2024-05-09T07:47:13.347 INFO:teuthology.orchestra.run.smithi003.stdout:/usr/bin/ceph: stderr
2024-05-09T07:47:12.508+0000 7fe09a400700 1 -- 172.21.15.3:0/2152647229 shutdown_connections
2024-05-09T07:47:13.347 INFO:teuthology.orchestra.run.smithi003.stdout:/usr/bin/ceph: stderr
2024-05-09T07:47:12.508+0000 7fe09a400700 1 --2- 172.21.15.3:0/2152647229 >> [v2:172.21.15.3:6800/2650463476,v1:172.21.15.3:6801/2650463476] conn(0x7fe078039160 0x7fe07803b620 unknown :-1 s=CLOSED pgs=9 cs=0 l=1 rev1=1 crypto rx=0 tx=0 comp rx=0 tx=0).stop
2024-05-09T07:47:13.348 INFO:teuthology.orchestra.run.smithi003.stdout:/usr/bin/ceph: stderr
2024-05-09T07:47:12.508+0000 7fe09a400700 1 --2- 172.21.15.3:0/2152647229 >> [v2:172.21.15.3:3300/0,v1:172.21.15.3:6789/0] conn(0x7fe09419dfa0 0x7fe09419e3c0 unknown :-1 s=CLOSED pgs=42 cs=0 l=1 rev1=1 crypto rx=0 tx=0 comp rx=0 tx=0).stop
2024-05-09T07:47:13.348 INFO:teuthology.orchestra.run.smithi003.stdout:/usr/bin/ceph: stderr
2024-05-09T07:47:12.508+0000 7fe09a400700 1 -- 172.21.15.3:0/2152647229 >> 172.21.15.3:0/2152647229 conn(0x7fe09407d2d0 msgr2=0x7fe0941073b0 unknown :-1 s=STATE_NONE l=0).mark_down
2024-05-09T07:47:13.348 INFO:teuthology.orchestra.run.smithi003.stdout:/usr/bin/ceph: stderr
2024-05-09T07:47:12.508+0000 7fe09a400700 1 -- 172.21.15.3:0/2152647229 shutdown_connections
2024-05-09T07:47:13.348 INFO:teuthology.orchestra.run.smithi003.stdout:/usr/bin/ceph: stderr
2024-05-09T07:47:12.508+0000 7fe09a400700 1 -- 172.21.15.3:0/2152647229 wait complete.
2024-05-09T07:47:13.868 INFO:journalctl@ceph.mon.a.smithi003.stdout:May 09 07:47:13 smithi003 ceph-mon[30041]: from='client.14136 -' entity='client.admin' cmd=[{"prefix": "cephadm generate-key", "target": ["mon-mgr", ""]}]: dispatch
2024-05-09T07:47:13.868 INFO:journalctl@ceph.mon.a.smithi003.stdout:May 09 07:47:13 smithi003 ceph-mon[30041]: Generating ssh key...
2024-05-09T07:47:13.868 INFO:journalctl@ceph.mon.a.smithi003.stdout:May 09 07:47:13 smithi003 ceph-mon[30041]: from='mgr.14120 172.21.15.3:0/2746106244' entity='mgr.x'
2024-05-09T07:47:13.868 INFO:journalctl@ceph.mon.a.smithi003.stdout:May 09 07:47:13 smithi003 ceph-mon[30041]: from='mgr.14120 172.21.15.3:0/2746106244' entity='mgr.x'
2024-05-09T07:47:14.954 INFO:teuthology.orchestra.run.smithi003.stdout:/usr/bin/ceph: stdout ssh-rsa AAAAB3NzaC1yc2EAAAADAQABAAABgQDQZy0C5k5CijbqsAZyEJaLqtbsQh1O9wQkU5iyYrpGIOD9ngG3DXbFn1bNidDp+I8QisRWGtnCmjlybkXnueG0HGYhcYhnW3nFRmlxPxjjHeWZ3xtz5v7W5jRNugJUTqQG8I6A8H5PuT8hHI3LxdDRPm6NJqVaLJNj0jT42SiDu++Aj3GtUvMIcfgJd8pfEoPtSf6DXi8EoA5vfX6uAJV1zwmFi/LC0Y0+W/vyENra2pJIvWBenNnYpqpPykYjQF2G7xv4FTpHa5HpwMuP2f7bE57hkzaLpUZPXFO9CtjpQ5dOtabbbCNfC7Mpmv5nxAtJo72t6t6hS6/rOqhYNcmMhvFWtGoFss2TjQSQrvY5t1j7+2dNb8Hawz5exXr4LGWPE43GqO5nCL/EQQJYhBSr2eb7WoSKy4gDRSuMCwy9fD0+KAcRI9StdEWkgI3VNphJ67j0KGvyBspMFixAkQilYGZEDboqsb9KBmkExtHQ9iRVqa+vSn7Bt1L+Re96jqU= ceph-1279af52-0dd8-11ef-bc97-c7b262605968
2024-05-09T07:47:14.954 INFO:teuthology.orchestra.run.smithi003.stdout:/usr/bin/ceph: stderr
2024-05-09T07:47:14.010+0000 7f1d99000700 1 Processor -- start
2024-05-09T07:47:14.954 INFO:teuthology.orchestra.run.smithi003.stdout:/usr/bin/ceph: stderr
2024-05-09T07:47:14.010+0000 7f1d99000700 1 -- start start
2024-05-09T07:47:14.954 INFO:teuthology.orchestra.run.smithi003.stdout:/usr/bin/ceph: stderr
2024-05-09T07:47:14.011+0000 7f1d99000700 1 --2- >> [v2:172.21.15.3:3300/0,v1:172.21.15.3:6789/0] conn(0x7f1d94107d40 0x7f1d94108160 unknown :-1 s=NONE pgs=0 cs=0 l=0 rev1=0 crypto rx=0 tx=0 comp rx=0 tx=0).connect
2024-05-09T07:47:14.954 INFO:teuthology.orchestra.run.smithi003.stdout:/usr/bin/ceph: stderr
2024-05-09T07:47:14.011+0000 7f1d99000700 1 -- --> [v2:172.21.15.3:3300/0,v1:172.21.15.3:6789/0] -- mon_getmap magic: 0 -- 0x7f1d94108730 con 0x7f1d94107d40
2024-05-09T07:47:14.954 INFO:teuthology.orchestra.run.smithi003.stdout:/usr/bin/ceph: stderr
2024-05-09T07:47:14.011+0000 7f1d91e00700 1 --2- >> [v2:172.21.15.3:3300/0,v1:172.21.15.3:6789/0] conn(0x7f1d94107d40 0x7f1d94108160 unknown :-1 s=BANNER_CONNECTING pgs=0 cs=0 l=0 rev1=0 crypto rx=0 tx=0 comp rx=0 tx=0)._handle_peer_banner_payload supported=3 required=0
2024-05-09T07:47:14.955 INFO:teuthology.orchestra.run.smithi003.stdout:/usr/bin/ceph: stderr
2024-05-09T07:47:14.011+0000 7f1d91e00700 1 --2- >> [v2:172.21.15.3:3300/0,v1:172.21.15.3:6789/0] conn(0x7f1d94107d40 0x7f1d94108160 unknown :-1 s=HELLO_CONNECTING pgs=0 cs=0 l=0 rev1=1 crypto rx=0 tx=0 comp rx=0 tx=0).handle_hello peer v2:172.21.15.3:3300/0 says I am v2:172.21.15.3:42430/0 (socket says 172.21.15.3:42430)
2024-05-09T07:47:14.955 INFO:teuthology.orchestra.run.smithi003.stdout:/usr/bin/ceph: stderr
2024-05-09T07:47:14.011+0000 7f1d91e00700 1 -- 172.21.15.3:0/2056773255 learned_addr learned my addr 172.21.15.3:0/2056773255 (peer_addr_for_me v2:172.21.15.3:0/0)
2024-05-09T07:47:14.955 INFO:teuthology.orchestra.run.smithi003.stdout:/usr/bin/ceph: stderr
2024-05-09T07:47:14.012+0000 7f1d91e00700 1 -- 172.21.15.3:0/2056773255 --> [v2:172.21.15.3:3300/0,v1:172.21.15.3:6789/0] -- mon_subscribe({config=0+,monmap=0+}) -- 0x7f1d94108ef0 con 0x7f1d94107d40
2024-05-09T07:47:14.955 INFO:teuthology.orchestra.run.smithi003.stdout:/usr/bin/ceph: stderr
2024-05-09T07:47:14.012+0000 7f1d91e00700 1 --2- 172.21.15.3:0/2056773255 >> [v2:172.21.15.3:3300/0,v1:172.21.15.3:6789/0] conn(0x7f1d94107d40 0x7f1d94108160 secure :-1 s=READY pgs=43 cs=0 l=1 rev1=1 crypto rx=0x7f1d840098a0 tx=0x7f1d84009bb0 comp rx=0 tx=0).ready entity=mon.0 client_cookie=4bfb8b77af15cb94 server_cookie=0 in_seq=0 out_seq=0
2024-05-09T07:47:14.955 INFO:teuthology.orchestra.run.smithi003.stdout:/usr/bin/ceph: stderr
2024-05-09T07:47:14.012+0000 7f1d90a00700 1 -- 172.21.15.3:0/2056773255 <== mon.0 v2:172.21.15.3:3300/0 1 ==== mon_map magic: 0 ==== 205+0+0 (secure 0 0 0) 0x7f1d84004160 con 0x7f1d94107d40
2024-05-09T07:47:14.955 INFO:teuthology.orchestra.run.smithi003.stdout:/usr/bin/ceph: stderr
2024-05-09T07:47:14.012+0000 7f1d90a00700 1 -- 172.21.15.3:0/2056773255 <== mon.0 v2:172.21.15.3:3300/0 2 ==== config(27 keys) ==== 1109+0+0 (secure 0 0 0) 0x7f1d84004300 con 0x7f1d94107d40
2024-05-09T07:47:14.955 INFO:teuthology.orchestra.run.smithi003.stdout:/usr/bin/ceph: stderr
2024-05-09T07:47:14.012+0000 7f1d90a00700 1 -- 172.21.15.3:0/2056773255 <== mon.0 v2:172.21.15.3:3300/0 3 ==== mon_map magic: 0 ==== 205+0+0 (secure 0 0 0) 0x7f1d84011b50 con 0x7f1d94107d40
2024-05-09T07:47:14.955 INFO:teuthology.orchestra.run.smithi003.stdout:/usr/bin/ceph: stderr
2024-05-09T07:47:14.013+0000 7f1d99000700 1 -- 172.21.15.3:0/2056773255 >> [v2:172.21.15.3:3300/0,v1:172.21.15.3:6789/0] conn(0x7f1d94107d40 msgr2=0x7f1d94108160 secure :-1 s=STATE_CONNECTION_ESTABLISHED l=1).mark_down
2024-05-09T07:47:14.955 INFO:teuthology.orchestra.run.smithi003.stdout:/usr/bin/ceph: stderr
2024-05-09T07:47:14.013+0000 7f1d99000700 1 --2- 172.21.15.3:0/2056773255 >> [v2:172.21.15.3:3300/0,v1:172.21.15.3:6789/0] conn(0x7f1d94107d40 0x7f1d94108160 secure :-1 s=READY pgs=43 cs=0 l=1 rev1=1 crypto rx=0x7f1d840098a0 tx=0x7f1d84009bb0 comp rx=0 tx=0).stop
2024-05-09T07:47:14.955 INFO:teuthology.orchestra.run.smithi003.stdout:/usr/bin/ceph: stderr
2024-05-09T07:47:14.013+0000 7f1d99000700 1 -- 172.21.15.3:0/2056773255 shutdown_connections
2024-05-09T07:47:14.959 INFO:teuthology.orchestra.run.smithi003.stdout:/usr/bin/ceph: stderr
2024-05-09T07:47:14.013+0000 7f1d99000700 1 --2- 172.21.15.3:0/2056773255 >> [v2:172.21.15.3:3300/0,v1:172.21.15.3:6789/0] conn(0x7f1d94107d40 0x7f1d94108160 unknown :-1 s=CLOSED pgs=43 cs=0 l=1 rev1=1 crypto rx=0 tx=0 comp rx=0 tx=0).stop
2024-05-09T07:47:14.959 INFO:teuthology.orchestra.run.smithi003.stdout:/usr/bin/ceph: stderr
2024-05-09T07:47:14.013+0000 7f1d99000700 1 -- 172.21.15.3:0/2056773255 >> 172.21.15.3:0/2056773255 conn(0x7f1d941032e0 msgr2=0x7f1d94105720 unknown :-1 s=STATE_NONE l=0).mark_down
2024-05-09T07:47:14.959 INFO:teuthology.orchestra.run.smithi003.stdout:/usr/bin/ceph: stderr
2024-05-09T07:47:14.013+0000 7f1d99000700 1 -- 172.21.15.3:0/2056773255 shutdown_connections
2024-05-09T07:47:14.959 INFO:teuthology.orchestra.run.smithi003.stdout:/usr/bin/ceph: stderr
2024-05-09T07:47:14.013+0000 7f1d99000700 1 -- 172.21.15.3:0/2056773255 wait complete.
2024-05-09T07:47:14.959 INFO:teuthology.orchestra.run.smithi003.stdout:/usr/bin/ceph: stderr
2024-05-09T07:47:14.014+0000 7f1d99000700 1 Processor -- start
2024-05-09T07:47:14.959 INFO:teuthology.orchestra.run.smithi003.stdout:/usr/bin/ceph: stderr
2024-05-09T07:47:14.015+0000 7f1d99000700 1 -- start start
2024-05-09T07:47:14.959 INFO:teuthology.orchestra.run.smithi003.stdout:/usr/bin/ceph: stderr
2024-05-09T07:47:14.015+0000 7f1d99000700 1 --2- >> [v2:172.21.15.3:3300/0,v1:172.21.15.3:6789/0] conn(0x7f1d94107d40 0x7f1d9419bc20 unknown :-1 s=NONE pgs=0 cs=0 l=1 rev1=0 crypto rx=0 tx=0 comp rx=0 tx=0).connect
2024-05-09T07:47:14.959 INFO:teuthology.orchestra.run.smithi003.stdout:/usr/bin/ceph: stderr
2024-05-09T07:47:14.015+0000 7f1d99000700 1 -- --> [v2:172.21.15.3:3300/0,v1:172.21.15.3:6789/0] -- mon_getmap magic: 0 -- 0x7f1d9410c2a0 con 0x7f1d94107d40
2024-05-09T07:47:14.960 INFO:teuthology.orchestra.run.smithi003.stdout:/usr/bin/ceph: stderr
2024-05-09T07:47:14.015+0000 7f1d91e00700 1 --2- >> [v2:172.21.15.3:3300/0,v1:172.21.15.3:6789/0] conn(0x7f1d94107d40 0x7f1d9419bc20 unknown :-1 s=BANNER_CONNECTING pgs=0 cs=0 l=1 rev1=0 crypto rx=0 tx=0 comp rx=0 tx=0)._handle_peer_banner_payload supported=3 required=0
2024-05-09T07:47:14.960 INFO:teuthology.orchestra.run.smithi003.stdout:/usr/bin/ceph: stderr
2024-05-09T07:47:14.015+0000 7f1d91e00700 1 --2- >> [v2:172.21.15.3:3300/0,v1:172.21.15.3:6789/0] conn(0x7f1d94107d40 0x7f1d9419bc20 unknown :-1 s=HELLO_CONNECTING pgs=0 cs=0 l=1 rev1=1 crypto rx=0 tx=0 comp rx=0 tx=0).handle_hello peer v2:172.21.15.3:3300/0 says I am v2:172.21.15.3:42432/0 (socket says 172.21.15.3:42432)
2024-05-09T07:47:14.960 INFO:teuthology.orchestra.run.smithi003.stdout:/usr/bin/ceph: stderr
2024-05-09T07:47:14.015+0000 7f1d91e00700 1 -- 172.21.15.3:0/1583049746 learned_addr learned my addr 172.21.15.3:0/1583049746 (peer_addr_for_me v2:172.21.15.3:0/0)
2024-05-09T07:47:14.960 INFO:teuthology.orchestra.run.smithi003.stdout:/usr/bin/ceph: stderr
2024-05-09T07:47:14.016+0000 7f1d91e00700 1 -- 172.21.15.3:0/1583049746 --> [v2:172.21.15.3:3300/0,v1:172.21.15.3:6789/0] -- mon_subscribe({config=0+,monmap=0+}) -- 0x7f1d9419c160 con 0x7f1d94107d40
2024-05-09T07:47:14.960 INFO:teuthology.orchestra.run.smithi003.stdout:/usr/bin/ceph: stderr
2024-05-09T07:47:14.016+0000 7f1d91e00700 1 --2- 172.21.15.3:0/1583049746 >> [v2:172.21.15.3:3300/0,v1:172.21.15.3:6789/0] conn(0x7f1d94107d40 0x7f1d9419bc20 secure :-1 s=READY pgs=44 cs=0 l=1 rev1=1 crypto rx=0x7f1d84000c00 tx=0x7f1d84011c10 comp rx=0 tx=0).ready entity=mon.0 client_cookie=0 server_cookie=0 in_seq=0 out_seq=0
2024-05-09T07:47:14.960 INFO:teuthology.orchestra.run.smithi003.stdout:/usr/bin/ceph: stderr
2024-05-09T07:47:14.016+0000 7f1d8aa00700 1 -- 172.21.15.3:0/1583049746 <== mon.0 v2:172.21.15.3:3300/0 1 ==== mon_map magic: 0 ==== 205+0+0 (secure 0 0 0) 0x7f1d84003b20 con 0x7f1d94107d40
2024-05-09T07:47:14.960 INFO:teuthology.orchestra.run.smithi003.stdout:/usr/bin/ceph: stderr
2024-05-09T07:47:14.016+0000 7f1d8aa00700 1 -- 172.21.15.3:0/1583049746 <== mon.0 v2:172.21.15.3:3300/0 2 ==== config(27 keys) ==== 1109+0+0 (secure 0 0 0) 0x7f1d84003cc0 con 0x7f1d94107d40
2024-05-09T07:47:14.960 INFO:teuthology.orchestra.run.smithi003.stdout:/usr/bin/ceph: stderr
2024-05-09T07:47:14.016+0000 7f1d8aa00700 1 -- 172.21.15.3:0/1583049746 <== mon.0 v2:172.21.15.3:3300/0 3 ==== mon_map magic: 0 ==== 205+0+0 (secure 0 0 0) 0x7f1d84024910 con 0x7f1d94107d40
2024-05-09T07:47:14.960 INFO:teuthology.orchestra.run.smithi003.stdout:/usr/bin/ceph: stderr
2024-05-09T07:47:14.016+0000 7f1d99000700 1 -- 172.21.15.3:0/1583049746 --> [v2:172.21.15.3:3300/0,v1:172.21.15.3:6789/0] -- mon_subscribe({mgrmap=0+}) -- 0x7f1d9419c3f0 con 0x7f1d94107d40
2024-05-09T07:47:14.960 INFO:teuthology.orchestra.run.smithi003.stdout:/usr/bin/ceph: stderr
2024-05-09T07:47:14.016+0000 7f1d99000700 1 -- 172.21.15.3:0/1583049746 --> [v2:172.21.15.3:3300/0,v1:172.21.15.3:6789/0] -- mon_subscribe({osdmap=0}) -- 0x7f1d9419f0e0 con 0x7f1d94107d40
2024-05-09T07:47:14.960 INFO:teuthology.orchestra.run.smithi003.stdout:/usr/bin/ceph: stderr
2024-05-09T07:47:14.017+0000 7f1d99000700 1 -- 172.21.15.3:0/1583049746 --> [v2:172.21.15.3:3300/0,v1:172.21.15.3:6789/0] -- mon_command({"prefix": "get_command_descriptions"} v 0) -- 0x7f1d94063980 con 0x7f1d94107d40
2024-05-09T07:47:14.960 INFO:teuthology.orchestra.run.smithi003.stdout:/usr/bin/ceph: stderr
2024-05-09T07:47:14.018+0000 7f1d8aa00700 1 -- 172.21.15.3:0/1583049746 <== mon.0 v2:172.21.15.3:3300/0 4 ==== mgrmap(e 8) ==== 46287+0+0 (secure 0 0 0) 0x7f1d84022020 con 0x7f1d94107d40
2024-05-09T07:47:14.960 INFO:teuthology.orchestra.run.smithi003.stdout:/usr/bin/ceph: stderr
2024-05-09T07:47:14.018+0000 7f1d8aa00700 1 --2- 172.21.15.3:0/1583049746 >> [v2:172.21.15.3:6800/2650463476,v1:172.21.15.3:6801/2650463476] conn(0x7f1d78039160 0x7f1d7803b620 unknown :-1 s=NONE pgs=0 cs=0 l=1 rev1=0 crypto rx=0 tx=0 comp rx=0 tx=0).connect
2024-05-09T07:47:14.960 INFO:teuthology.orchestra.run.smithi003.stdout:/usr/bin/ceph: stderr
2024-05-09T07:47:14.018+0000 7f1d8aa00700 1 -- 172.21.15.3:0/1583049746 <== mon.0 v2:172.21.15.3:3300/0 5 ==== osd_map(2..2 src has 1..2) ==== 940+0+0 (secure 0 0 0) 0x7f1d84011e00 con 0x7f1d94107d40
2024-05-09T07:47:14.961 INFO:teuthology.orchestra.run.smithi003.stdout:/usr/bin/ceph: stderr
2024-05-09T07:47:14.018+0000 7f1d91400700 1 --2- 172.21.15.3:0/1583049746 >> [v2:172.21.15.3:6800/2650463476,v1:172.21.15.3:6801/2650463476] conn(0x7f1d78039160 0x7f1d7803b620 unknown :-1 s=BANNER_CONNECTING pgs=0 cs=0 l=1 rev1=0 crypto rx=0 tx=0 comp rx=0 tx=0)._handle_peer_banner_payload supported=3 required=0
2024-05-09T07:47:14.961 INFO:teuthology.orchestra.run.smithi003.stdout:/usr/bin/ceph: stderr
2024-05-09T07:47:14.019+0000 7f1d91400700 1 --2- 172.21.15.3:0/1583049746 >> [v2:172.21.15.3:6800/2650463476,v1:172.21.15.3:6801/2650463476] conn(0x7f1d78039160 0x7f1d7803b620 secure :-1 s=READY pgs=10 cs=0 l=1 rev1=1 crypto rx=0x7f1d80006fd0 tx=0x7f1d80006e40 comp rx=0 tx=0).ready entity=mgr.14120 client_cookie=0 server_cookie=0 in_seq=0 out_seq=0
2024-05-09T07:47:14.961 INFO:teuthology.orchestra.run.smithi003.stdout:/usr/bin/ceph: stderr
2024-05-09T07:47:14.028+0000 7f1d8aa00700 1 -- 172.21.15.3:0/1583049746 <== mon.0 v2:172.21.15.3:3300/0 6 ==== mon_command_ack([{"prefix": "get_command_descriptions"}]=0 v0) ==== 72+0+186147 (secure 0 0 0) 0x7f1d8404cb30 con 0x7f1d94107d40
2024-05-09T07:47:14.961 INFO:teuthology.orchestra.run.smithi003.stdout:/usr/bin/ceph: stderr
2024-05-09T07:47:14.256+0000 7f1d99000700 1 -- 172.21.15.3:0/1583049746 --> [v2:172.21.15.3:6800/2650463476,v1:172.21.15.3:6801/2650463476] -- mgr_command(tid 0: {"prefix": "cephadm get-pub-key", "target": ["mon-mgr", ""]}) -- 0x7f1d94104530 con 0x7f1d78039160
2024-05-09T07:47:14.961 INFO:teuthology.orchestra.run.smithi003.stdout:/usr/bin/ceph: stderr
2024-05-09T07:47:14.257+0000 7f1d8aa00700 1 -- 172.21.15.3:0/1583049746 <== mgr.14120 v2:172.21.15.3:6800/2650463476 1 ==== mgr_command_reply(tid 0: 0 ) ==== 8+0+595 (secure 0 0 0) 0x7f1d94104530 con 0x7f1d78039160
2024-05-09T07:47:14.961 INFO:teuthology.orchestra.run.smithi003.stdout:/usr/bin/ceph: stderr
2024-05-09T07:47:14.260+0000 7f1d99000700 1 -- 172.21.15.3:0/1583049746 >> [v2:172.21.15.3:6800/2650463476,v1:172.21.15.3:6801/2650463476] conn(0x7f1d78039160 msgr2=0x7f1d7803b620 secure :-1 s=STATE_CONNECTION_ESTABLISHED l=1).mark_down
2024-05-09T07:47:14.961 INFO:teuthology.orchestra.run.smithi003.stdout:/usr/bin/ceph: stderr
2024-05-09T07:47:14.260+0000 7f1d99000700 1 --2- 172.21.15.3:0/1583049746 >> [v2:172.21.15.3:6800/2650463476,v1:172.21.15.3:6801/2650463476] conn(0x7f1d78039160 0x7f1d7803b620 secure :-1 s=READY pgs=10 cs=0 l=1 rev1=1 crypto rx=0x7f1d80006fd0 tx=0x7f1d80006e40 comp rx=0 tx=0).stop
2024-05-09T07:47:14.961 INFO:teuthology.orchestra.run.smithi003.stdout:/usr/bin/ceph: stderr
2024-05-09T07:47:14.260+0000 7f1d99000700 1 -- 172.21.15.3:0/1583049746 >> [v2:172.21.15.3:3300/0,v1:172.21.15.3:6789/0] conn(0x7f1d94107d40 msgr2=0x7f1d9419bc20 secure :-1 s=STATE_CONNECTION_ESTABLISHED l=1).mark_down
2024-05-09T07:47:14.961 INFO:teuthology.orchestra.run.smithi003.stdout:/usr/bin/ceph: stderr
2024-05-09T07:47:14.260+0000 7f1d99000700 1 --2- 172.21.15.3:0/1583049746 >> [v2:172.21.15.3:3300/0,v1:172.21.15.3:6789/0] conn(0x7f1d94107d40 0x7f1d9419bc20 secure :-1 s=READY pgs=44 cs=0 l=1 rev1=1 crypto rx=0x7f1d84000c00 tx=0x7f1d84011c10 comp rx=0 tx=0).stop
2024-05-09T07:47:14.961 INFO:teuthology.orchestra.run.smithi003.stdout:/usr/bin/ceph: stderr
2024-05-09T07:47:14.260+0000 7f1d99000700 1 -- 172.21.15.3:0/1583049746 shutdown_connections
2024-05-09T07:47:14.961 INFO:teuthology.orchestra.run.smithi003.stdout:/usr/bin/ceph: stderr
2024-05-09T07:47:14.260+0000 7f1d99000700 1 --2- 172.21.15.3:0/1583049746 >> [v2:172.21.15.3:6800/2650463476,v1:172.21.15.3:6801/2650463476] conn(0x7f1d78039160 0x7f1d7803b620 unknown :-1 s=CLOSED pgs=10 cs=0 l=1 rev1=1 crypto rx=0 tx=0 comp rx=0 tx=0).stop
2024-05-09T07:47:14.961 INFO:teuthology.orchestra.run.smithi003.stdout:/usr/bin/ceph: stderr
2024-05-09T07:47:14.260+0000 7f1d99000700 1 --2- 172.21.15.3:0/1583049746 >> [v2:172.21.15.3:3300/0,v1:172.21.15.3:6789/0] conn(0x7f1d94107d40 0x7f1d9419bc20 unknown :-1 s=CLOSED pgs=44 cs=0 l=1 rev1=1 crypto rx=0 tx=0 comp rx=0 tx=0).stop
2024-05-09T07:47:14.961 INFO:teuthology.orchestra.run.smithi003.stdout:/usr/bin/ceph: stderr
2024-05-09T07:47:14.260+0000 7f1d99000700 1 -- 172.21.15.3:0/1583049746 >> 172.21.15.3:0/1583049746 conn(0x7f1d941032e0 msgr2=0x7f1d94103e20 unknown :-1 s=STATE_NONE l=0).mark_down
2024-05-09T07:47:14.961 INFO:teuthology.orchestra.run.smithi003.stdout:/usr/bin/ceph: stderr
2024-05-09T07:47:14.260+0000 7f1d99000700 1 -- 172.21.15.3:0/1583049746 shutdown_connections
2024-05-09T07:47:14.962 INFO:teuthology.orchestra.run.smithi003.stdout:/usr/bin/ceph: stderr
2024-05-09T07:47:14.260+0000 7f1d99000700 1 -- 172.21.15.3:0/1583049746 wait complete.
2024-05-09T07:47:14.962 INFO:teuthology.orchestra.run.smithi003.stdout:Wrote public SSH key to /home/ubuntu/cephtest/ceph.pub
2024-05-09T07:47:14.962 INFO:teuthology.orchestra.run.smithi003.stdout:Adding key to root@localhost authorized_keys...
2024-05-09T07:47:14.962 INFO:teuthology.orchestra.run.smithi003.stdout:Adding host smithi003...
2024-05-09T07:47:15.224 INFO:journalctl@ceph.mon.a.smithi003.stdout:May 09 07:47:15 smithi003 ceph-mon[30041]: from='client.14138 -' entity='client.admin' cmd=[{"prefix": "cephadm get-pub-key", "target": ["mon-mgr", ""]}]: dispatch
2024-05-09T07:47:16.225 INFO:journalctl@ceph.mon.a.smithi003.stdout:May 09 07:47:16 smithi003 ceph-mon[30041]: from='client.14140 -' entity='client.admin' cmd=[{"prefix": "orch host add", "hostname": "smithi003", "addr": "172.21.15.3", "target": ["mon-mgr", ""]}]: dispatch
2024-05-09T07:47:18.190 INFO:journalctl@ceph.mon.a.smithi003.stdout:May 09 07:47:18 smithi003 ceph-mon[30041]: Deploying cephadm binary to smithi003
2024-05-09T07:47:23.086 INFO:teuthology.orchestra.run.smithi003.stdout:/usr/bin/ceph: stdout Added host 'smithi003' with addr '172.21.15.3'
2024-05-09T07:47:23.087 INFO:teuthology.orchestra.run.smithi003.stdout:/usr/bin/ceph: stderr
2024-05-09T07:47:15.588+0000 7f9fd1000700 1 Processor -- start
2024-05-09T07:47:23.087 INFO:teuthology.orchestra.run.smithi003.stdout:/usr/bin/ceph: stderr
2024-05-09T07:47:15.588+0000 7f9fd1000700 1 -- start start
2024-05-09T07:47:23.087 INFO:teuthology.orchestra.run.smithi003.stdout:/usr/bin/ceph: stderr
2024-05-09T07:47:15.588+0000 7f9fd1000700 1 --2- >> [v2:172.21.15.3:3300/0,v1:172.21.15.3:6789/0] conn(0x7f9fcc10ecd0 0x7f9fcc1110c0 unknown :-1 s=NONE pgs=0 cs=0 l=0 rev1=0 crypto rx=0 tx=0 comp rx=0 tx=0).connect
2024-05-09T07:47:23.087 INFO:teuthology.orchestra.run.smithi003.stdout:/usr/bin/ceph: stderr
2024-05-09T07:47:15.588+0000 7f9fd1000700 1 -- --> [v2:172.21.15.3:3300/0,v1:172.21.15.3:6789/0] -- mon_getmap magic: 0 -- 0x7f9fcc111600 con 0x7f9fcc10ecd0
2024-05-09T07:47:23.087 INFO:teuthology.orchestra.run.smithi003.stdout:/usr/bin/ceph: stderr
2024-05-09T07:47:15.588+0000 7f9fc9e00700 1 --2- >> [v2:172.21.15.3:3300/0,v1:172.21.15.3:6789/0] conn(0x7f9fcc10ecd0 0x7f9fcc1110c0 unknown :-1 s=BANNER_CONNECTING pgs=0 cs=0 l=0 rev1=0 crypto rx=0 tx=0 comp rx=0 tx=0)._handle_peer_banner_payload supported=3 required=0
2024-05-09T07:47:23.087 INFO:teuthology.orchestra.run.smithi003.stdout:/usr/bin/ceph: stderr
2024-05-09T07:47:15.588+0000 7f9fc9e00700 1 --2- >> [v2:172.21.15.3:3300/0,v1:172.21.15.3:6789/0] conn(0x7f9fcc10ecd0 0x7f9fcc1110c0 unknown :-1 s=HELLO_CONNECTING pgs=0 cs=0 l=0 rev1=1 crypto rx=0 tx=0 comp rx=0 tx=0).handle_hello peer v2:172.21.15.3:3300/0 says I am v2:172.21.15.3:42448/0 (socket says 172.21.15.3:42448)
2024-05-09T07:47:23.087 INFO:teuthology.orchestra.run.smithi003.stdout:/usr/bin/ceph: stderr
2024-05-09T07:47:15.589+0000 7f9fc9e00700 1 -- 172.21.15.3:0/2215248705 learned_addr learned my addr 172.21.15.3:0/2215248705 (peer_addr_for_me v2:172.21.15.3:0/0)
2024-05-09T07:47:23.087 INFO:teuthology.orchestra.run.smithi003.stdout:/usr/bin/ceph: stderr
2024-05-09T07:47:15.589+0000 7f9fc9e00700 1 -- 172.21.15.3:0/2215248705 --> [v2:172.21.15.3:3300/0,v1:172.21.15.3:6789/0] -- mon_subscribe({config=0+,monmap=0+}) -- 0x7f9fcc111780 con 0x7f9fcc10ecd0
2024-05-09T07:47:23.087 INFO:teuthology.orchestra.run.smithi003.stdout:/usr/bin/ceph: stderr
2024-05-09T07:47:15.589+0000 7f9fc9e00700 1 --2- 172.21.15.3:0/2215248705 >> [v2:172.21.15.3:3300/0,v1:172.21.15.3:6789/0] conn(0x7f9fcc10ecd0 0x7f9fcc1110c0 secure :-1 s=READY pgs=45 cs=0 l=1 rev1=1 crypto rx=0x7f9fbc0098a0 tx=0x7f9fbc009bb0 comp rx=0 tx=0).ready entity=mon.0 client_cookie=b7c5d3a15a7d9ae1 server_cookie=0 in_seq=0 out_seq=0
2024-05-09T07:47:23.087 INFO:teuthology.orchestra.run.smithi003.stdout:/usr/bin/ceph: stderr
2024-05-09T07:47:15.590+0000 7f9fc8a00700 1 -- 172.21.15.3:0/2215248705 <== mon.0 v2:172.21.15.3:3300/0 1 ==== mon_map magic: 0 ==== 205+0+0 (secure 0 0 0) 0x7f9fbc004160 con 0x7f9fcc10ecd0
2024-05-09T07:47:23.087 INFO:teuthology.orchestra.run.smithi003.stdout:/usr/bin/ceph: stderr
2024-05-09T07:47:15.590+0000 7f9fc8a00700 1 -- 172.21.15.3:0/2215248705 <== mon.0 v2:172.21.15.3:3300/0 2 ==== config(27 keys) ==== 1109+0+0 (secure 0 0 0) 0x7f9fbc004300 con 0x7f9fcc10ecd0
2024-05-09T07:47:23.087 INFO:teuthology.orchestra.run.smithi003.stdout:/usr/bin/ceph: stderr
2024-05-09T07:47:15.590+0000 7f9fc8a00700 1 -- 172.21.15.3:0/2215248705 <== mon.0 v2:172.21.15.3:3300/0 3 ==== mon_map magic: 0 ==== 205+0+0 (secure 0 0 0) 0x7f9fbc011b50 con 0x7f9fcc10ecd0
2024-05-09T07:47:23.088 INFO:teuthology.orchestra.run.smithi003.stdout:/usr/bin/ceph: stderr
2024-05-09T07:47:15.590+0000 7f9fd1000700 1 -- 172.21.15.3:0/2215248705 >> [v2:172.21.15.3:3300/0,v1:172.21.15.3:6789/0] conn(0x7f9fcc10ecd0 msgr2=0x7f9fcc1110c0 secure :-1 s=STATE_CONNECTION_ESTABLISHED l=1).mark_down
2024-05-09T07:47:23.088 INFO:teuthology.orchestra.run.smithi003.stdout:/usr/bin/ceph: stderr
2024-05-09T07:47:15.590+0000 7f9fd1000700 1 --2- 172.21.15.3:0/2215248705 >> [v2:172.21.15.3:3300/0,v1:172.21.15.3:6789/0] conn(0x7f9fcc10ecd0 0x7f9fcc1110c0 secure :-1 s=READY pgs=45 cs=0 l=1 rev1=1 crypto rx=0x7f9fbc0098a0 tx=0x7f9fbc009bb0 comp rx=0 tx=0).stop
2024-05-09T07:47:23.088 INFO:teuthology.orchestra.run.smithi003.stdout:/usr/bin/ceph: stderr
2024-05-09T07:47:15.591+0000 7f9fd1000700 1 -- 172.21.15.3:0/2215248705 shutdown_connections
2024-05-09T07:47:23.088 INFO:teuthology.orchestra.run.smithi003.stdout:/usr/bin/ceph: stderr
2024-05-09T07:47:15.591+0000 7f9fd1000700 1 --2- 172.21.15.3:0/2215248705 >> [v2:172.21.15.3:3300/0,v1:172.21.15.3:6789/0] conn(0x7f9fcc10ecd0 0x7f9fcc1110c0 unknown :-1 s=CLOSED pgs=45 cs=0 l=1 rev1=1 crypto rx=0 tx=0 comp rx=0 tx=0).stop
2024-05-09T07:47:23.088 INFO:teuthology.orchestra.run.smithi003.stdout:/usr/bin/ceph: stderr
2024-05-09T07:47:15.591+0000 7f9fd1000700 1 -- 172.21.15.3:0/2215248705 >> 172.21.15.3:0/2215248705 conn(0x7f9fcc07d2d0 msgr2=0x7f9fcc07f730 unknown :-1 s=STATE_NONE l=0).mark_down
2024-05-09T07:47:23.088 INFO:teuthology.orchestra.run.smithi003.stdout:/usr/bin/ceph: stderr
2024-05-09T07:47:15.591+0000 7f9fd1000700 1 -- 172.21.15.3:0/2215248705 shutdown_connections
2024-05-09T07:47:23.088 INFO:teuthology.orchestra.run.smithi003.stdout:/usr/bin/ceph: stderr
2024-05-09T07:47:15.591+0000 7f9fd1000700 1 -- 172.21.15.3:0/2215248705 wait complete.
2024-05-09T07:47:23.088 INFO:teuthology.orchestra.run.smithi003.stdout:/usr/bin/ceph: stderr
2024-05-09T07:47:15.592+0000 7f9fd1000700 1 Processor -- start
2024-05-09T07:47:23.088 INFO:teuthology.orchestra.run.smithi003.stdout:/usr/bin/ceph: stderr
2024-05-09T07:47:15.592+0000 7f9fd1000700 1 -- start start
2024-05-09T07:47:23.088 INFO:teuthology.orchestra.run.smithi003.stdout:/usr/bin/ceph: stderr
2024-05-09T07:47:15.592+0000 7f9fd1000700 1 --2- >> [v2:172.21.15.3:3300/0,v1:172.21.15.3:6789/0] conn(0x7f9fcc10ecd0 0x7f9fcc1a2180 unknown :-1 s=NONE pgs=0 cs=0 l=1 rev1=0 crypto rx=0 tx=0 comp rx=0 tx=0).connect
2024-05-09T07:47:23.088 INFO:teuthology.orchestra.run.smithi003.stdout:/usr/bin/ceph: stderr
2024-05-09T07:47:15.592+0000 7f9fd1000700 1 -- --> [v2:172.21.15.3:3300/0,v1:172.21.15.3:6789/0] -- mon_getmap magic: 0 -- 0x7f9fcc1126f0 con 0x7f9fcc10ecd0
2024-05-09T07:47:23.088 INFO:teuthology.orchestra.run.smithi003.stdout:/usr/bin/ceph: stderr
2024-05-09T07:47:15.593+0000 7f9fc9e00700 1 --2- >> [v2:172.21.15.3:3300/0,v1:172.21.15.3:6789/0] conn(0x7f9fcc10ecd0 0x7f9fcc1a2180 unknown :-1 s=BANNER_CONNECTING pgs=0 cs=0 l=1 rev1=0 crypto rx=0 tx=0 comp rx=0 tx=0)._handle_peer_banner_payload supported=3 required=0
2024-05-09T07:47:23.088 INFO:teuthology.orchestra.run.smithi003.stdout:/usr/bin/ceph: stderr
2024-05-09T07:47:15.593+0000 7f9fc9e00700 1 --2- >> [v2:172.21.15.3:3300/0,v1:172.21.15.3:6789/0] conn(0x7f9fcc10ecd0 0x7f9fcc1a2180 unknown :-1 s=HELLO_CONNECTING pgs=0 cs=0 l=1 rev1=1 crypto rx=0 tx=0 comp rx=0 tx=0).handle_hello peer v2:172.21.15.3:3300/0 says I am v2:172.21.15.3:42454/0 (socket says 172.21.15.3:42454)
2024-05-09T07:47:23.088 INFO:teuthology.orchestra.run.smithi003.stdout:/usr/bin/ceph: stderr
2024-05-09T07:47:15.593+0000 7f9fc9e00700 1 -- 172.21.15.3:0/4091344205 learned_addr learned my addr 172.21.15.3:0/4091344205 (peer_addr_for_me v2:172.21.15.3:0/0)
2024-05-09T07:47:23.089 INFO:teuthology.orchestra.run.smithi003.stdout:/usr/bin/ceph: stderr
2024-05-09T07:47:15.593+0000 7f9fc9e00700 1 -- 172.21.15.3:0/4091344205 --> [v2:172.21.15.3:3300/0,v1:172.21.15.3:6789/0] -- mon_subscribe({config=0+,monmap=0+}) -- 0x7f9fcc1a26c0 con 0x7f9fcc10ecd0
2024-05-09T07:47:23.089 INFO:teuthology.orchestra.run.smithi003.stdout:/usr/bin/ceph: stderr
2024-05-09T07:47:15.593+0000 7f9fc9e00700 1 --2- 172.21.15.3:0/4091344205 >> [v2:172.21.15.3:3300/0,v1:172.21.15.3:6789/0] conn(0x7f9fcc10ecd0 0x7f9fcc1a2180 secure :-1 s=READY pgs=46 cs=0 l=1 rev1=1 crypto rx=0x7f9fbc011b60 tx=0x7f9fbc011c40 comp rx=0 tx=0).ready entity=mon.0 client_cookie=0 server_cookie=0 in_seq=0 out_seq=0
2024-05-09T07:47:23.089 INFO:teuthology.orchestra.run.smithi003.stdout:/usr/bin/ceph: stderr
2024-05-09T07:47:15.594+0000 7f9fc2a00700 1 -- 172.21.15.3:0/4091344205 <== mon.0 v2:172.21.15.3:3300/0 1 ==== mon_map magic: 0 ==== 205+0+0 (secure 0 0 0) 0x7f9fbc003b20 con 0x7f9fcc10ecd0
2024-05-09T07:47:23.089 INFO:teuthology.orchestra.run.smithi003.stdout:/usr/bin/ceph: stderr
2024-05-09T07:47:15.594+0000 7f9fc2a00700 1 -- 172.21.15.3:0/4091344205 <== mon.0 v2:172.21.15.3:3300/0 2 ==== config(27 keys) ==== 1109+0+0 (secure 0 0 0) 0x7f9fbc003cc0 con 0x7f9fcc10ecd0
2024-05-09T07:47:23.089 INFO:teuthology.orchestra.run.smithi003.stdout:/usr/bin/ceph: stderr
2024-05-09T07:47:15.594+0000 7f9fc2a00700 1 -- 172.21.15.3:0/4091344205 <== mon.0 v2:172.21.15.3:3300/0 3 ==== mon_map magic: 0 ==== 205+0+0 (secure 0 0 0) 0x7f9fbc024840 con 0x7f9fcc10ecd0
2024-05-09T07:47:23.089 INFO:teuthology.orchestra.run.smithi003.stdout:/usr/bin/ceph: stderr
2024-05-09T07:47:15.594+0000 7f9fd1000700 1 -- 172.21.15.3:0/4091344205 --> [v2:172.21.15.3:3300/0,v1:172.21.15.3:6789/0] -- mon_subscribe({mgrmap=0+}) -- 0x7f9fcc1a2950 con 0x7f9fcc10ecd0
2024-05-09T07:47:23.089 INFO:teuthology.orchestra.run.smithi003.stdout:/usr/bin/ceph: stderr
2024-05-09T07:47:15.594+0000 7f9fd1000700 1 -- 172.21.15.3:0/4091344205 --> [v2:172.21.15.3:3300/0,v1:172.21.15.3:6789/0] -- mon_subscribe({osdmap=0}) -- 0x7f9fcc1a5640 con 0x7f9fcc10ecd0
2024-05-09T07:47:23.089 INFO:teuthology.orchestra.run.smithi003.stdout:/usr/bin/ceph: stderr
2024-05-09T07:47:15.595+0000 7f9fc2a00700 1 -- 172.21.15.3:0/4091344205 <== mon.0 v2:172.21.15.3:3300/0 4 ==== mgrmap(e 8) ==== 46287+0+0 (secure 0 0 0) 0x7f9fbc022020 con 0x7f9fcc10ecd0
2024-05-09T07:47:23.089 INFO:teuthology.orchestra.run.smithi003.stdout:/usr/bin/ceph: stderr
2024-05-09T07:47:15.595+0000 7f9fd1000700 1 -- 172.21.15.3:0/4091344205 --> [v2:172.21.15.3:3300/0,v1:172.21.15.3:6789/0] -- mon_command({"prefix": "get_command_descriptions"} v 0) -- 0x7f9fcc063980 con 0x7f9fcc10ecd0
2024-05-09T07:47:23.089 INFO:teuthology.orchestra.run.smithi003.stdout:/usr/bin/ceph: stderr
2024-05-09T07:47:15.595+0000 7f9fc2a00700 1 --2- 172.21.15.3:0/4091344205 >> [v2:172.21.15.3:6800/2650463476,v1:172.21.15.3:6801/2650463476] conn(0x7f9fb0039160 0x7f9fb003b620 unknown :-1 s=NONE pgs=0 cs=0 l=1 rev1=0 crypto rx=0 tx=0 comp rx=0 tx=0).connect
2024-05-09T07:47:23.089 INFO:teuthology.orchestra.run.smithi003.stdout:/usr/bin/ceph: stderr
2024-05-09T07:47:15.596+0000 7f9fc2a00700 1 -- 172.21.15.3:0/4091344205 <== mon.0 v2:172.21.15.3:3300/0 5 ==== osd_map(2..2 src has 1..2) ==== 940+0+0 (secure 0 0 0) 0x7f9fbc011e00 con 0x7f9fcc10ecd0
2024-05-09T07:47:23.089 INFO:teuthology.orchestra.run.smithi003.stdout:/usr/bin/ceph: stderr
2024-05-09T07:47:15.596+0000 7f9fc9400700 1 --2- 172.21.15.3:0/4091344205 >> [v2:172.21.15.3:6800/2650463476,v1:172.21.15.3:6801/2650463476] conn(0x7f9fb0039160 0x7f9fb003b620 unknown :-1 s=BANNER_CONNECTING pgs=0 cs=0 l=1 rev1=0 crypto rx=0 tx=0 comp rx=0 tx=0)._handle_peer_banner_payload supported=3 required=0
2024-05-09T07:47:23.089 INFO:teuthology.orchestra.run.smithi003.stdout:/usr/bin/ceph: stderr
2024-05-09T07:47:15.597+0000 7f9fc9400700 1 --2- 172.21.15.3:0/4091344205 >> [v2:172.21.15.3:6800/2650463476,v1:172.21.15.3:6801/2650463476] conn(0x7f9fb0039160 0x7f9fb003b620 secure :-1 s=READY pgs=11 cs=0 l=1 rev1=1 crypto rx=0x7f9fb8006fd0 tx=0x7f9fb8006e40 comp rx=0 tx=0).ready entity=mgr.14120 client_cookie=0 server_cookie=0 in_seq=0 out_seq=0
2024-05-09T07:47:23.089 INFO:teuthology.orchestra.run.smithi003.stdout:/usr/bin/ceph: stderr
2024-05-09T07:47:15.601+0000 7f9fc2a00700 1 -- 172.21.15.3:0/4091344205 <== mon.0 v2:172.21.15.3:3300/0 6 ==== mon_command_ack([{"prefix": "get_command_descriptions"}]=0 v0) ==== 72+0+186147 (secure 0 0 0) 0x7f9fbc00b3e0 con 0x7f9fcc10ecd0
2024-05-09T07:47:23.090 INFO:teuthology.orchestra.run.smithi003.stdout:/usr/bin/ceph: stderr
2024-05-09T07:47:15.835+0000 7f9fd1000700 1 -- 172.21.15.3:0/4091344205 --> [v2:172.21.15.3:6800/2650463476,v1:172.21.15.3:6801/2650463476] -- mgr_command(tid 0: {"prefix": "orch host add", "hostname": "smithi003", "addr": "172.21.15.3", "target": ["mon-mgr", ""]}) -- 0x7f9fcc07e3e0 con 0x7f9fb0039160
2024-05-09T07:47:23.090 INFO:teuthology.orchestra.run.smithi003.stdout:/usr/bin/ceph: stderr
2024-05-09T07:47:22.201+0000 7f9fc2a00700 1 -- 172.21.15.3:0/4091344205 <== mgr.14120 v2:172.21.15.3:6800/2650463476 1 ==== mgr_command_reply(tid 0: 0 ) ==== 8+0+47 (secure 0 0 0) 0x7f9fcc07e3e0 con 0x7f9fb0039160
2024-05-09T07:47:23.090 INFO:teuthology.orchestra.run.smithi003.stdout:/usr/bin/ceph: stderr
2024-05-09T07:47:22.205+0000 7f9fd1000700 1 -- 172.21.15.3:0/4091344205 >> [v2:172.21.15.3:6800/2650463476,v1:172.21.15.3:6801/2650463476] conn(0x7f9fb0039160 msgr2=0x7f9fb003b620 secure :-1 s=STATE_CONNECTION_ESTABLISHED l=1).mark_down
2024-05-09T07:47:23.090 INFO:teuthology.orchestra.run.smithi003.stdout:/usr/bin/ceph: stderr
2024-05-09T07:47:22.205+0000 7f9fd1000700 1 --2- 172.21.15.3:0/4091344205 >> [v2:172.21.15.3:6800/2650463476,v1:172.21.15.3:6801/2650463476] conn(0x7f9fb0039160 0x7f9fb003b620 secure :-1 s=READY pgs=11 cs=0 l=1 rev1=1 crypto rx=0x7f9fb8006fd0 tx=0x7f9fb8006e40 comp rx=0 tx=0).stop
2024-05-09T07:47:23.090 INFO:teuthology.orchestra.run.smithi003.stdout:/usr/bin/ceph: stderr
2024-05-09T07:47:22.205+0000 7f9fd1000700 1 -- 172.21.15.3:0/4091344205 >> [v2:172.21.15.3:3300/0,v1:172.21.15.3:6789/0] conn(0x7f9fcc10ecd0 msgr2=0x7f9fcc1a2180 secure :-1 s=STATE_CONNECTION_ESTABLISHED l=1).mark_down
2024-05-09T07:47:23.090 INFO:teuthology.orchestra.run.smithi003.stdout:/usr/bin/ceph: stderr
2024-05-09T07:47:22.205+0000 7f9fd1000700 1 --2- 172.21.15.3:0/4091344205 >> [v2:172.21.15.3:3300/0,v1:172.21.15.3:6789/0] conn(0x7f9fcc10ecd0 0x7f9fcc1a2180 secure :-1 s=READY pgs=46 cs=0 l=1 rev1=1 crypto rx=0x7f9fbc011b60 tx=0x7f9fbc011c40 comp rx=0 tx=0).stop
2024-05-09T07:47:23.090 INFO:teuthology.orchestra.run.smithi003.stdout:/usr/bin/ceph: stderr
2024-05-09T07:47:22.205+0000 7f9fd1000700 1 -- 172.21.15.3:0/4091344205 shutdown_connections
2024-05-09T07:47:23.090 INFO:teuthology.orchestra.run.smithi003.stdout:/usr/bin/ceph: stderr
2024-05-09T07:47:22.205+0000 7f9fd1000700 1 --2- 172.21.15.3:0/4091344205 >> [v2:172.21.15.3:6800/2650463476,v1:172.21.15.3:6801/2650463476] conn(0x7f9fb0039160 0x7f9fb003b620 unknown :-1 s=CLOSED pgs=11 cs=0 l=1 rev1=1 crypto rx=0 tx=0 comp rx=0 tx=0).stop
2024-05-09T07:47:23.090 INFO:teuthology.orchestra.run.smithi003.stdout:/usr/bin/ceph: stderr
2024-05-09T07:47:22.205+0000 7f9fd1000700 1 --2- 172.21.15.3:0/4091344205 >> [v2:172.21.15.3:3300/0,v1:172.21.15.3:6789/0] conn(0x7f9fcc10ecd0 0x7f9fcc1a2180 unknown :-1 s=CLOSED pgs=46 cs=0 l=1 rev1=1 crypto rx=0 tx=0 comp rx=0 tx=0).stop
2024-05-09T07:47:23.090 INFO:teuthology.orchestra.run.smithi003.stdout:/usr/bin/ceph: stderr
2024-05-09T07:47:22.205+0000 7f9fd1000700 1 -- 172.21.15.3:0/4091344205 >> 172.21.15.3:0/4091344205 conn(0x7f9fcc07d2d0 msgr2=0x7f9fcc07dcd0 unknown :-1 s=STATE_NONE l=0).mark_down
2024-05-09T07:47:23.090 INFO:teuthology.orchestra.run.smithi003.stdout:/usr/bin/ceph: stderr
2024-05-09T07:47:22.205+0000 7f9fd1000700 1 -- 172.21.15.3:0/4091344205 shutdown_connections
2024-05-09T07:47:23.090 INFO:teuthology.orchestra.run.smithi003.stdout:/usr/bin/ceph: stderr
2024-05-09T07:47:22.206+0000 7f9fd1000700 1 -- 172.21.15.3:0/4091344205 wait complete.
2024-05-09T07:47:23.090 INFO:teuthology.orchestra.run.smithi003.stdout:Deploying unmanaged mon service...
2024-05-09T07:47:23.414 INFO:journalctl@ceph.mon.a.smithi003.stdout:May 09 07:47:23 smithi003 ceph-mon[30041]: from='mgr.14120 172.21.15.3:0/2746106244' entity='mgr.x'
2024-05-09T07:47:23.414 INFO:journalctl@ceph.mon.a.smithi003.stdout:May 09 07:47:23 smithi003 ceph-mon[30041]: Added host smithi003
2024-05-09T07:47:23.414 INFO:journalctl@ceph.mon.a.smithi003.stdout:May 09 07:47:23 smithi003 ceph-mon[30041]: from='mgr.14120 172.21.15.3:0/2746106244' entity='mgr.x' cmd=[{"prefix": "config dump", "format": "json"}]: dispatch
2024-05-09T07:47:25.282 INFO:teuthology.orchestra.run.smithi003.stdout:/usr/bin/ceph: stdout Scheduled mon update...
2024-05-09T07:47:25.283 INFO:teuthology.orchestra.run.smithi003.stdout:/usr/bin/ceph: stderr
2024-05-09T07:47:23.777+0000 7f9e3dc00700 1 Processor -- start
2024-05-09T07:47:25.283 INFO:teuthology.orchestra.run.smithi003.stdout:/usr/bin/ceph: stderr
2024-05-09T07:47:23.777+0000 7f9e3dc00700 1 -- start start
2024-05-09T07:47:25.283 INFO:teuthology.orchestra.run.smithi003.stdout:/usr/bin/ceph: stderr
2024-05-09T07:47:23.778+0000 7f9e3dc00700 1 --2- >> [v2:172.21.15.3:3300/0,v1:172.21.15.3:6789/0] conn(0x7f9e3807de10 0x7f9e3807c2c0 unknown :-1 s=NONE pgs=0 cs=0 l=0 rev1=0 crypto rx=0 tx=0 comp rx=0 tx=0).connect
2024-05-09T07:47:25.284 INFO:teuthology.orchestra.run.smithi003.stdout:/usr/bin/ceph: stderr
2024-05-09T07:47:23.778+0000 7f9e3dc00700 1 -- --> [v2:172.21.15.3:3300/0,v1:172.21.15.3:6789/0] -- mon_getmap magic: 0 -- 0x7f9e3807c800 con 0x7f9e3807de10
2024-05-09T07:47:25.284 INFO:teuthology.orchestra.run.smithi003.stdout:/usr/bin/ceph: stderr
2024-05-09T07:47:23.779+0000 7f9e36a00700 1 --2- >> [v2:172.21.15.3:3300/0,v1:172.21.15.3:6789/0] conn(0x7f9e3807de10 0x7f9e3807c2c0 unknown :-1 s=BANNER_CONNECTING pgs=0 cs=0 l=0 rev1=0 crypto rx=0 tx=0 comp rx=0 tx=0)._handle_peer_banner_payload supported=3 required=0
2024-05-09T07:47:25.284 INFO:teuthology.orchestra.run.smithi003.stdout:/usr/bin/ceph: stderr
2024-05-09T07:47:23.779+0000 7f9e36a00700 1 --2- >> [v2:172.21.15.3:3300/0,v1:172.21.15.3:6789/0] conn(0x7f9e3807de10 0x7f9e3807c2c0 unknown :-1 s=HELLO_CONNECTING pgs=0 cs=0 l=0 rev1=1 crypto rx=0 tx=0 comp rx=0 tx=0).handle_hello peer v2:172.21.15.3:3300/0 says I am v2:172.21.15.3:36068/0 (socket says 172.21.15.3:36068)
2024-05-09T07:47:25.284 INFO:teuthology.orchestra.run.smithi003.stdout:/usr/bin/ceph: stderr
2024-05-09T07:47:23.779+0000 7f9e36a00700 1 -- 172.21.15.3:0/2420451923 learned_addr learned my addr 172.21.15.3:0/2420451923 (peer_addr_for_me v2:172.21.15.3:0/0)
2024-05-09T07:47:25.285 INFO:teuthology.orchestra.run.smithi003.stdout:/usr/bin/ceph: stderr
2024-05-09T07:47:23.779+0000 7f9e36a00700 1 -- 172.21.15.3:0/2420451923 --> [v2:172.21.15.3:3300/0,v1:172.21.15.3:6789/0] -- mon_subscribe({config=0+,monmap=0+}) -- 0x7f9e3807c980 con 0x7f9e3807de10
2024-05-09T07:47:25.285 INFO:teuthology.orchestra.run.smithi003.stdout:/usr/bin/ceph: stderr
2024-05-09T07:47:23.779+0000 7f9e36a00700 1 --2- 172.21.15.3:0/2420451923 >> [v2:172.21.15.3:3300/0,v1:172.21.15.3:6789/0] conn(0x7f9e3807de10 0x7f9e3807c2c0 secure :-1 s=READY pgs=47 cs=0 l=1 rev1=1 crypto rx=0x7f9e280098a0 tx=0x7f9e28009bb0 comp rx=0 tx=0).ready entity=mon.0 client_cookie=b06e3edb6a0b401d server_cookie=0 in_seq=0 out_seq=0
2024-05-09T07:47:25.285 INFO:teuthology.orchestra.run.smithi003.stdout:/usr/bin/ceph: stderr
2024-05-09T07:47:23.780+0000 7f9e36000700 1 -- 172.21.15.3:0/2420451923 <== mon.0 v2:172.21.15.3:3300/0 1 ==== mon_map magic: 0 ==== 205+0+0 (secure 0 0 0) 0x7f9e28004160 con 0x7f9e3807de10
2024-05-09T07:47:25.285 INFO:teuthology.orchestra.run.smithi003.stdout:/usr/bin/ceph: stderr
2024-05-09T07:47:23.780+0000 7f9e36000700 1 -- 172.21.15.3:0/2420451923 <== mon.0 v2:172.21.15.3:3300/0 2 ==== config(27 keys) ==== 1109+0+0 (secure 0 0 0) 0x7f9e28004300 con 0x7f9e3807de10
2024-05-09T07:47:25.285 INFO:teuthology.orchestra.run.smithi003.stdout:/usr/bin/ceph: stderr
2024-05-09T07:47:23.780+0000 7f9e36000700 1 -- 172.21.15.3:0/2420451923 <== mon.0 v2:172.21.15.3:3300/0 3 ==== mon_map magic: 0 ==== 205+0+0 (secure 0 0 0) 0x7f9e28011b50 con 0x7f9e3807de10
2024-05-09T07:47:25.285 INFO:teuthology.orchestra.run.smithi003.stdout:/usr/bin/ceph: stderr
2024-05-09T07:47:23.780+0000 7f9e3dc00700 1 -- 172.21.15.3:0/2420451923 >> [v2:172.21.15.3:3300/0,v1:172.21.15.3:6789/0] conn(0x7f9e3807de10 msgr2=0x7f9e3807c2c0 secure :-1 s=STATE_CONNECTION_ESTABLISHED l=1).mark_down
2024-05-09T07:47:25.285 INFO:teuthology.orchestra.run.smithi003.stdout:/usr/bin/ceph: stderr
2024-05-09T07:47:23.780+0000 7f9e3dc00700 1 --2- 172.21.15.3:0/2420451923 >> [v2:172.21.15.3:3300/0,v1:172.21.15.3:6789/0] conn(0x7f9e3807de10 0x7f9e3807c2c0 secure :-1 s=READY pgs=47 cs=0 l=1 rev1=1 crypto rx=0x7f9e280098a0 tx=0x7f9e28009bb0 comp rx=0 tx=0).stop
2024-05-09T07:47:25.289 INFO:teuthology.orchestra.run.smithi003.stdout:/usr/bin/ceph: stderr
2024-05-09T07:47:23.780+0000 7f9e3dc00700 1 -- 172.21.15.3:0/2420451923 shutdown_connections
2024-05-09T07:47:25.289 INFO:teuthology.orchestra.run.smithi003.stdout:/usr/bin/ceph: stderr
2024-05-09T07:47:23.780+0000 7f9e3dc00700 1 --2- 172.21.15.3:0/2420451923 >> [v2:172.21.15.3:3300/0,v1:172.21.15.3:6789/0] conn(0x7f9e3807de10 0x7f9e3807c2c0 unknown :-1 s=CLOSED pgs=47 cs=0 l=1 rev1=1 crypto rx=0 tx=0 comp rx=0 tx=0).stop
2024-05-09T07:47:25.289 INFO:teuthology.orchestra.run.smithi003.stdout:/usr/bin/ceph: stderr
2024-05-09T07:47:23.780+0000 7f9e3dc00700 1 -- 172.21.15.3:0/2420451923 >> 172.21.15.3:0/2420451923 conn(0x7f9e381032e0 msgr2=0x7f9e38105720 unknown :-1 s=STATE_NONE l=0).mark_down
2024-05-09T07:47:25.289 INFO:teuthology.orchestra.run.smithi003.stdout:/usr/bin/ceph: stderr
2024-05-09T07:47:23.781+0000 7f9e3dc00700 1 -- 172.21.15.3:0/2420451923 shutdown_connections
2024-05-09T07:47:25.289 INFO:teuthology.orchestra.run.smithi003.stdout:/usr/bin/ceph: stderr
2024-05-09T07:47:23.781+0000 7f9e3dc00700 1 -- 172.21.15.3:0/2420451923 wait complete.
2024-05-09T07:47:25.289 INFO:teuthology.orchestra.run.smithi003.stdout:/usr/bin/ceph: stderr
2024-05-09T07:47:23.782+0000 7f9e3dc00700 1 Processor -- start
2024-05-09T07:47:25.289 INFO:teuthology.orchestra.run.smithi003.stdout:/usr/bin/ceph: stderr
2024-05-09T07:47:23.782+0000 7f9e3dc00700 1 -- start start
2024-05-09T07:47:25.290 INFO:teuthology.orchestra.run.smithi003.stdout:/usr/bin/ceph: stderr
2024-05-09T07:47:23.782+0000 7f9e3dc00700 1 --2- >> [v2:172.21.15.3:3300/0,v1:172.21.15.3:6789/0] conn(0x7f9e3807de10 0x7f9e3819de20 unknown :-1 s=NONE pgs=0 cs=0 l=1 rev1=0 crypto rx=0 tx=0 comp rx=0 tx=0).connect
2024-05-09T07:47:25.290 INFO:teuthology.orchestra.run.smithi003.stdout:/usr/bin/ceph: stderr
2024-05-09T07:47:23.782+0000 7f9e3dc00700 1 -- --> [v2:172.21.15.3:3300/0,v1:172.21.15.3:6789/0] -- mon_getmap magic: 0 -- 0x7f9e3810e330 con 0x7f9e3807de10
2024-05-09T07:47:25.290 INFO:teuthology.orchestra.run.smithi003.stdout:/usr/bin/ceph: stderr
2024-05-09T07:47:23.783+0000 7f9e36a00700 1 --2- >> [v2:172.21.15.3:3300/0,v1:172.21.15.3:6789/0] conn(0x7f9e3807de10 0x7f9e3819de20 unknown :-1 s=BANNER_CONNECTING pgs=0 cs=0 l=1 rev1=0 crypto rx=0 tx=0 comp rx=0 tx=0)._handle_peer_banner_payload supported=3 required=0
2024-05-09T07:47:25.290 INFO:teuthology.orchestra.run.smithi003.stdout:/usr/bin/ceph: stderr
2024-05-09T07:47:23.783+0000 7f9e36a00700 1 --2- >> [v2:172.21.15.3:3300/0,v1:172.21.15.3:6789/0] conn(0x7f9e3807de10 0x7f9e3819de20 unknown :-1 s=HELLO_CONNECTING pgs=0 cs=0 l=1 rev1=1 crypto rx=0 tx=0 comp rx=0 tx=0).handle_hello peer v2:172.21.15.3:3300/0 says I am v2:172.21.15.3:36070/0 (socket says 172.21.15.3:36070)
